2026-04-14 02:43:12.848 8 INFO neutron.plugins.ml2.drivers.ovn.mech_driver.mech_driver [None req-b278454a-0506-45e2-be6c-8b2d88cbb3cb - - - - - -] OVN reports status down for port: f9750dc8-e0c9-4d61-a8a1-f0c20e38f45c
2026-04-14 02:43:13.024 8 INFO neutron.db.ovn_revision_numbers_db [None req-2e134790-48de-4944-b6d7-3b8fd31f33bd - - - - - -] Successfully bumped revision number for resource 617be6c7-20f4-4f27-a700-5d5140ef3078 (type: ports) to 4
2026-04-14 02:43:13.066 7 INFO neutron.db.ovn_revision_numbers_db [None req-7d4c5cb9-5e0a-466c-8646-744f3ac3f10e - - - - - -] Successfully bumped revision number for resource 903a5fe6-7a03-4330-a7fe-2d2a95755094 (type: ports) to 4
2026-04-14 02:43:13.624 8 INFO neutron.db.ovn_revision_numbers_db [None req-2e134790-48de-4944-b6d7-3b8fd31f33bd - - - - - -] Successfully bumped revision number for resource 617be6c7-20f4-4f27-a700-5d5140ef3078 (type: ports) to 5
2026-04-14 02:43:13.765 7 INFO neutron.db.ovn_revision_numbers_db [None req-7d4c5cb9-5e0a-466c-8646-744f3ac3f10e - - - - - -] Successfully bumped revision number for resource 903a5fe6-7a03-4330-a7fe-2d2a95755094 (type: ports) to 5
2026-04-14 02:43:13.830 8 INFO neutron.plugins.ml2.drivers.ovn.mech_driver.ovsdb.commands [None req-83a43cbd-0715-496f-94e9-adf65b0338d0 - - - - - -] Schedule LRP lrp-258c245f-5608-494f-9929-705d95eead0f on gateway 57ba6b99-b460-4acf-884e-74f1f2f36dc8 with priority 1
2026-04-14 02:43:13.871 8 INFO neutron.plugins.ml2.drivers.ovn.mech_driver.mech_driver [None req-b278454a-0506-45e2-be6c-8b2d88cbb3cb - - - - - -] OVN reports status up for port: 258c245f-5608-494f-9929-705d95eead0f
2026-04-14 02:43:13.901 8 INFO neutron.plugins.ml2.plugin [None req-b278454a-0506-45e2-be6c-8b2d88cbb3cb - - - - - -] Attempt 1 to provision port 258c245f-5608-494f-9929-705d95eead0f
2026-04-14 02:43:13.935 8 INFO neutron.db.ovn_revision_numbers_db [None req-78c31bfc-32e7-48fc-b04c-efea8e5b1e6d 9d4b35b25255475a93eb5dbbb3a19134 703fa5f55aba4b90a2dd843e560bd577 - - default default] Successfully bumped revision number for resource 258c245f-5608-494f-9929-705d95eead0f (type: router_ports) to 1
2026-04-14 02:43:13.943 7 INFO neutron.plugins.ml2.drivers.ovn.mech_driver.ovsdb.ovsdb_monitor [None req-7d4c5cb9-5e0a-466c-8646-744f3ac3f10e - - - - - -] Router 10d13bf2-abe1-4819-9bbd-b16597ffef03 is bound to host instance
2026-04-14 02:43:13.957 7 INFO neutron.plugins.ml2.drivers.ovn.mech_driver.mech_driver [None req-f6289b51-12b6-4858-ad8f-9e9cef386c97 - - - - - -] OVN reports status up for port: 903a5fe6-7a03-4330-a7fe-2d2a95755094
2026-04-14 02:43:13.995 7 INFO neutron.plugins.ml2.plugin [None req-f6289b51-12b6-4858-ad8f-9e9cef386c97 - - - - - -] Attempt 1 to provision port 903a5fe6-7a03-4330-a7fe-2d2a95755094
2026-04-14 02:43:14.064 8 INFO neutron.db.ovn_revision_numbers_db [None req-78c31bfc-32e7-48fc-b04c-efea8e5b1e6d 9d4b35b25255475a93eb5dbbb3a19134 703fa5f55aba4b90a2dd843e560bd577 - - default default] Successfully bumped revision number for resource 10d13bf2-abe1-4819-9bbd-b16597ffef03 (type: routers) to 2 [pid: 8|app: 0|req: 172/343] 10.0.0.149 () {34 vars in 669 bytes} [Tue Apr 14 02:43:11 2026] POST /v2.0/routers => generated 974 bytes in 2732 msecs (HTTP/1.1 201) 4 headers in 162 bytes (1 switches on core 0)
2026-04-14 02:43:14.355 8 INFO neutron.db.ovn_revision_numbers_db [None req-4859c842-53e7-4044-9aa3-4ab0a174d915 9d4b35b25255475a93eb5dbbb3a19134 703fa5f55aba4b90a2dd843e560bd577 - - default default] Successfully bumped revision number for resource de5d5745-54bb-4f89-8de6-a8cd72c3503e (type: security_groups) to 1
2026-04-14 02:43:14.367 8 INFO neutron.db.ovn_revision_numbers_db [None req-4859c842-53e7-4044-9aa3-4ab0a174d915 9d4b35b25255475a93eb5dbbb3a19134 703fa5f55aba4b90a2dd843e560bd577 - - default default] Successfully bumped revision number for resource 2c86a7f3-787a-4e96-afbd-3c2a122bdaec (type: security_group_rules) to 0
2026-04-14 02:43:14.378 8 INFO neutron.db.ovn_revision_numbers_db [None req-4859c842-53e7-4044-9aa3-4ab0a174d915 9d4b35b25255475a93eb5dbbb3a19134 703fa5f55aba4b90a2dd843e560bd577 - - default default] Successfully bumped revision number for resource 3d790254-6776-43d9-9fca-5323383913a0 (type: security_group_rules) to 0
2026-04-14 02:43:14.389 8 INFO neutron.db.ovn_revision_numbers_db [None req-4859c842-53e7-4044-9aa3-4ab0a174d915 9d4b35b25255475a93eb5dbbb3a19134 703fa5f55aba4b90a2dd843e560bd577 - - default default] Successfully bumped revision number for resource 4622f115-d310-49c1-992b-54a5cea002cf (type: security_group_rules) to 0
2026-04-14 02:43:14.403 8 INFO neutron.db.ovn_revision_numbers_db [None req-4859c842-53e7-4044-9aa3-4ab0a174d915 9d4b35b25255475a93eb5dbbb3a19134 703fa5f55aba4b90a2dd843e560bd577 - - default default] Successfully bumped revision number for resource cc0b7ccc-7d63-40f1-b8da-54358483186d (type: security_group_rules) to 0
2026-04-14 02:43:14.413 7 WARNING neutron.scheduler.dhcp_agent_scheduler [None req-d9ca1498-96a8-4a04-8d2c-8c1ed571c60f 9d4b35b25255475a93eb5dbbb3a19134 703fa5f55aba4b90a2dd843e560bd577 - - default default] No more DHCP agents
2026-04-14 02:43:14.416 7 WARNING neutron.api.rpc.agentnotifiers.dhcp_rpc_agent_api [None req-d9ca1498-96a8-4a04-8d2c-8c1ed571c60f 9d4b35b25255475a93eb5dbbb3a19134 703fa5f55aba4b90a2dd843e560bd577 - - default default] Unable to schedule network 269382b6-84ce-4e9a-922b-b0cab67d31c4: no agents available; will retry on subsequent port and subnet creation events.
2026-04-14 02:43:14.482 8 INFO neutron.db.segments_db [None req-4859c842-53e7-4044-9aa3-4ab0a174d915 9d4b35b25255475a93eb5dbbb3a19134 703fa5f55aba4b90a2dd843e560bd577 - - default default] Added segment 91276186-d20f-45f2-ae64-2cff45f9be9c of type geneve for network 87648d3d-780a-4e95-bd3e-0179e469c3b8
2026-04-14 02:43:14.605 8 INFO neutron.db.ovn_revision_numbers_db [None req-4859c842-53e7-4044-9aa3-4ab0a174d915 9d4b35b25255475a93eb5dbbb3a19134 703fa5f55aba4b90a2dd843e560bd577 - - default default] Successfully bumped revision number for resource 87648d3d-780a-4e95-bd3e-0179e469c3b8 (type: networks) to 1
2026-04-14 02:43:14.773 8 WARNING neutron.scheduler.dhcp_agent_scheduler [None req-4859c842-53e7-4044-9aa3-4ab0a174d915 9d4b35b25255475a93eb5dbbb3a19134 703fa5f55aba4b90a2dd843e560bd577 - - default default] No more DHCP agents
2026-04-14 02:43:14.774 8 WARNING neutron.api.rpc.agentnotifiers.dhcp_rpc_agent_api [None req-4859c842-53e7-4044-9aa3-4ab0a174d915 9d4b35b25255475a93eb5dbbb3a19134 703fa5f55aba4b90a2dd843e560bd577 - - default default] Unable to schedule network 87648d3d-780a-4e95-bd3e-0179e469c3b8: no agents available; will retry on subsequent port and subnet creation events.
2026-04-14 02:43:14.854 7 INFO neutron.plugins.ml2.drivers.ovn.mech_driver.mech_driver [None req-f6289b51-12b6-4858-ad8f-9e9cef386c97 - - - - - -] OVN reports status down for port: 30d9bcef-bc20-43a7-970b-d2dccbfc729f
2026-04-14 02:43:14.870 8 INFO neutron.db.ovn_revision_numbers_db [None req-4859c842-53e7-4044-9aa3-4ab0a174d915 9d4b35b25255475a93eb5dbbb3a19134 703fa5f55aba4b90a2dd843e560bd577 - - default default] Successfully bumped revision number for resource 30d9bcef-bc20-43a7-970b-d2dccbfc729f (type: ports) to 1 [pid: 8|app: 0|req: 173/344] 10.0.0.149 () {34 vars in 671 bytes} [Tue Apr 14 02:43:14 2026] POST /v2.0/networks => generated 773 bytes in 813 msecs (HTTP/1.1 201) 4 headers in 162 bytes (1 switches on core 0)
2026-04-14 02:43:15.279 8 WARNING neutron.scheduler.dhcp_agent_scheduler [None req-3cb2348b-8606-48ab-a201-c659c89c5e0a 9d4b35b25255475a93eb5dbbb3a19134 703fa5f55aba4b90a2dd843e560bd577 - - default default] No more DHCP agents
2026-04-14 02:43:15.285 8 WARNING neutron.api.rpc.agentnotifiers.dhcp_rpc_agent_api [None req-3cb2348b-8606-48ab-a201-c659c89c5e0a 9d4b35b25255475a93eb5dbbb3a19134 703fa5f55aba4b90a2dd843e560bd577 - - default default] Unable to schedule network 2db1f04b-68a3-49e8-a677-2715b6e62943: no agents available; will retry on subsequent port and subnet creation events.
2026-04-14 02:43:15.370 7 INFO neutron.db.ovn_revision_numbers_db [None req-d9ca1498-96a8-4a04-8d2c-8c1ed571c60f 9d4b35b25255475a93eb5dbbb3a19134 703fa5f55aba4b90a2dd843e560bd577 - - default default] Successfully bumped revision number for resource f9750dc8-e0c9-4d61-a8a1-f0c20e38f45c (type: router_ports) to 1 [pid: 7|app: 0|req: 172/345] 10.0.0.149 () {34 vars in 783 bytes} [Tue Apr 14 02:43:11 2026] PUT /v2.0/routers/677631fb-ac87-455b-952b-9c91b32b527d/add_router_interface => generated 309 bytes in 3865 msecs (HTTP/1.1 200) 4 headers in 157 bytes (1 switches on core 0)
2026-04-14 02:43:15.469 8 INFO neutron.db.ovn_revision_numbers_db [None req-3cb2348b-8606-48ab-a201-c659c89c5e0a 9d4b35b25255475a93eb5dbbb3a19134 703fa5f55aba4b90a2dd843e560bd577 - - default default] Successfully bumped revision number for resource ef307589-bc04-4161-8d57-b7795f467e26 (type: ports) to 1
2026-04-14 02:43:15.610 7 INFO neutron.db.ovn_revision_numbers_db [None req-a704c383-0f02-4908-8d00-1f6f3778e48e - - - - - -] Successfully bumped revision number for resource 258c245f-5608-494f-9929-705d95eead0f (type: ports) to 4
2026-04-14 02:43:16.154 8 WARNING neutron.scheduler.dhcp_agent_scheduler [None req-3cb2348b-8606-48ab-a201-c659c89c5e0a 9d4b35b25255475a93eb5dbbb3a19134 703fa5f55aba4b90a2dd843e560bd577 - - default default] No more DHCP agents
2026-04-14 02:43:16.156 8 WARNING neutron.api.rpc.agentnotifiers.dhcp_rpc_agent_api [None req-3cb2348b-8606-48ab-a201-c659c89c5e0a 9d4b35b25255475a93eb5dbbb3a19134 703fa5f55aba4b90a2dd843e560bd577 - - default default] Unable to schedule network 2db1f04b-68a3-49e8-a677-2715b6e62943: no agents available; will retry on subsequent port and subnet creation events.
2026-04-14 02:43:16.213 7 INFO neutron.db.ovn_revision_numbers_db [None req-a704c383-0f02-4908-8d00-1f6f3778e48e - - - - - -] Successfully bumped revision number for resource 258c245f-5608-494f-9929-705d95eead0f (type: ports) to 5
2026-04-14 02:43:16.229 7 WARNING neutron.scheduler.dhcp_agent_scheduler [None req-f2775ec3-3b90-46e7-8926-07d172f19d73 9d4b35b25255475a93eb5dbbb3a19134 703fa5f55aba4b90a2dd843e560bd577 - - default default] No more DHCP agents
2026-04-14 02:43:16.233 7 WARNING neutron.api.rpc.agentnotifiers.dhcp_rpc_agent_api [None req-f2775ec3-3b90-46e7-8926-07d172f19d73 9d4b35b25255475a93eb5dbbb3a19134 703fa5f55aba4b90a2dd843e560bd577 - - default default] Unable to schedule network a14d8f07-59c6-4120-9c49-dc415fbf57e2: no agents available; will retry on subsequent port and subnet creation events.
2026-04-14 02:43:16.418 8 INFO neutron.plugins.ml2.drivers.ovn.mech_driver.mech_driver [None req-b278454a-0506-45e2-be6c-8b2d88cbb3cb - - - - - -] OVN reports status up for port: f9750dc8-e0c9-4d61-a8a1-f0c20e38f45c
2026-04-14 02:43:16.426 7 INFO neutron.db.ovn_revision_numbers_db [None req-f2775ec3-3b90-46e7-8926-07d172f19d73 9d4b35b25255475a93eb5dbbb3a19134 703fa5f55aba4b90a2dd843e560bd577 - - default default] Successfully bumped revision number for resource 0a10e511-d236-40b9-9fc6-f527d6f87e54 (type: ports) to 1
2026-04-14 02:43:16.455 8 INFO neutron.plugins.ml2.plugin [None req-b278454a-0506-45e2-be6c-8b2d88cbb3cb - - - - - -] Attempt 1 to provision port f9750dc8-e0c9-4d61-a8a1-f0c20e38f45c
2026-04-14 02:43:16.969 8 INFO neutron.db.ovn_revision_numbers_db [None req-3cb2348b-8606-48ab-a201-c659c89c5e0a 9d4b35b25255475a93eb5dbbb3a19134 703fa5f55aba4b90a2dd843e560bd577 - - default default] Successfully bumped revision number for resource ef307589-bc04-4161-8d57-b7795f467e26 (type: router_ports) to 1 [pid: 8|app: 0|req: 174/346] 10.0.0.149 () {34 vars in 783 bytes} [Tue Apr 14 02:43:14 2026] PUT /v2.0/routers/022a1eba-f11f-4485-86c5-0b4e69495c19/add_router_interface => generated 309 bytes in 2089 msecs (HTTP/1.1 200) 4 headers in 157 bytes (1 switches on core 0)
2026-04-14 02:43:17.039 7 WARNING neutron.scheduler.dhcp_agent_scheduler [None req-f2775ec3-3b90-46e7-8926-07d172f19d73 9d4b35b25255475a93eb5dbbb3a19134 703fa5f55aba4b90a2dd843e560bd577 - - default default] No more DHCP agents
2026-04-14 02:43:17.041 7 WARNING neutron.api.rpc.agentnotifiers.dhcp_rpc_agent_api [None req-f2775ec3-3b90-46e7-8926-07d172f19d73 9d4b35b25255475a93eb5dbbb3a19134 703fa5f55aba4b90a2dd843e560bd577 - - default default] Unable to schedule network a14d8f07-59c6-4120-9c49-dc415fbf57e2: no agents available; will retry on subsequent port and subnet creation events.
2026-04-14 02:43:17.246 8 INFO neutron.db.ovn_revision_numbers_db [None req-b278454a-0506-45e2-be6c-8b2d88cbb3cb - - - - - -] Successfully bumped revision number for resource f9750dc8-e0c9-4d61-a8a1-f0c20e38f45c (type: ports) to 2
2026-04-14 02:43:17.290 8 WARNING neutron.scheduler.dhcp_agent_scheduler [None req-86fa5096-0cd5-45ee-9213-88a275e3707a 9d4b35b25255475a93eb5dbbb3a19134 703fa5f55aba4b90a2dd843e560bd577 - - default default] No more DHCP agents
2026-04-14 02:43:17.293 8 WARNING neutron.api.rpc.agentnotifiers.dhcp_rpc_agent_api [None req-86fa5096-0cd5-45ee-9213-88a275e3707a 9d4b35b25255475a93eb5dbbb3a19134 703fa5f55aba4b90a2dd843e560bd577 - - default default] Unable to schedule network 87648d3d-780a-4e95-bd3e-0179e469c3b8: no agents available; will retry on subsequent port and subnet creation events.
2026-04-14 02:43:17.483 7 INFO neutron.db.ovn_revision_numbers_db [None req-f2775ec3-3b90-46e7-8926-07d172f19d73 9d4b35b25255475a93eb5dbbb3a19134 703fa5f55aba4b90a2dd843e560bd577 - - default default] Successfully bumped revision number for resource 0a10e511-d236-40b9-9fc6-f527d6f87e54 (type: router_ports) to 1 [pid: 7|app: 0|req: 173/347] 10.0.0.149 () {34 vars in 783 bytes} [Tue Apr 14 02:43:15 2026] PUT /v2.0/routers/10d13bf2-abe1-4819-9bbd-b16597ffef03/add_router_interface => generated 309 bytes in 2110 msecs (HTTP/1.1 200) 4 headers in 157 bytes (1 switches on core 0)
2026-04-14 02:43:17.649 7 INFO neutron.db.ovn_revision_numbers_db [req-ce5b47ee-8060-4460-91c8-239a48a04f21 req-8c977df1-3c93-49de-bdff-d0eae741d87b 55c9449a71d048d0a79731207ff447b0 b9518245fdad4e779b04d8cd27fd1ea6 - - default default] Successfully bumped revision number for resource d062a75b-318f-40cb-b4bd-a482c889f883 (type: security_groups) to 1
2026-04-14 02:43:17.659 7 INFO neutron.db.ovn_revision_numbers_db [req-ce5b47ee-8060-4460-91c8-239a48a04f21 req-8c977df1-3c93-49de-bdff-d0eae741d87b 55c9449a71d048d0a79731207ff447b0 b9518245fdad4e779b04d8cd27fd1ea6 - - default default] Successfully bumped revision number for resource 6bde057b-5947-47df-b0fc-18710de672e3 (type: security_group_rules) to 0
2026-04-14 02:43:17.669 7 INFO neutron.db.ovn_revision_numbers_db [req-ce5b47ee-8060-4460-91c8-239a48a04f21 req-8c977df1-3c93-49de-bdff-d0eae741d87b 55c9449a71d048d0a79731207ff447b0 b9518245fdad4e779b04d8cd27fd1ea6 - - default default] Successfully bumped revision number for resource 9dcdbdfa-bd60-4fce-97a2-f34edb649386 (type: security_group_rules) to 0 [pid: 7|app: 0|req: 174/348] 10.0.0.12 () {38 vars in 970 bytes} [Tue Apr 14 02:43:17 2026] POST /v2.0/security-groups => generated 1680 bytes in 231 msecs (HTTP/1.1 201) 4 headers in 163 bytes (1 switches on core 0)
2026-04-14 02:43:17.847 7 INFO neutron.db.ovn_revision_numbers_db [None req-116a55fc-3573-4ea2-839d-5a149dd329ba 70b309fc8dd5432a9f7369c055be31ae 25ff177fe75a49d6bea18a74c5f9fe76 - - default default] Successfully bumped revision number for resource 049e2b14-8f9e-4b9a-988d-ed04543a3630 (type: security_groups) to 1
2026-04-14 02:43:17.858 7 INFO neutron.db.ovn_revision_numbers_db [None req-116a55fc-3573-4ea2-839d-5a149dd329ba 70b309fc8dd5432a9f7369c055be31ae 25ff177fe75a49d6bea18a74c5f9fe76 - - default default] Successfully bumped revision number for resource 4a3eff9a-3ed2-4ad4-bff2-356df34d533b (type: security_group_rules) to 0
2026-04-14 02:43:17.877 7 INFO neutron.db.ovn_revision_numbers_db [None req-116a55fc-3573-4ea2-839d-5a149dd329ba 70b309fc8dd5432a9f7369c055be31ae 25ff177fe75a49d6bea18a74c5f9fe76 - - default default] Successfully bumped revision number for resource 6797b530-5aa6-461a-84e5-d0770f0f5af8 (type: security_group_rules) to 0
2026-04-14 02:43:17.910 8 INFO neutron.db.ovn_revision_numbers_db [None req-8c284254-8531-4127-b5c6-fd2b82a369b2 - - - - - -] Successfully bumped revision number for resource 30d9bcef-bc20-43a7-970b-d2dccbfc729f (type: ports) to 2 [pid: 7|app: 0|req: 175/349] 10.0.0.149 () {34 vars in 685 bytes} [Tue Apr 14 02:43:17 2026] POST /v2.0/security-groups => generated 1659 bytes in 231 msecs (HTTP/1.1 201) 4 headers in 163 bytes (1 switches on core 0)
2026-04-14 02:43:17.968 8 INFO neutron.db.ovn_revision_numbers_db [None req-8c284254-8531-4127-b5c6-fd2b82a369b2 - - - - - -] Successfully bumped revision number for resource 1510303d-e738-4acf-994a-4d849069e26e (type: subnets) to 0 [pid: 8|app: 0|req: 175/350] 10.0.0.149 () {34 vars in 669 bytes} [Tue Apr 14 02:43:16 2026] POST /v2.0/subnets => generated 698 bytes in 1001 msecs (HTTP/1.1 201) 4 headers in 162 bytes (1 switches on core 0)
2026-04-14 02:43:18.090 7 INFO neutron.db.ovn_revision_numbers_db [req-ae4d71f7-e238-4ee5-bbd4-b956ec13fead req-9371964b-624f-4dab-a943-7fd159552450 b0cf8aecce4d415080c05ce3c62a6aea 9805e8d2ba254686ba34c203af95230c - - default default] Successfully bumped revision number for resource 86d1feb7-4f63-4030-99b1-094f243f940a (type: security_groups) to 1
2026-04-14 02:43:18.100 7 INFO neutron.db.ovn_revision_numbers_db [req-ae4d71f7-e238-4ee5-bbd4-b956ec13fead req-9371964b-624f-4dab-a943-7fd159552450 b0cf8aecce4d415080c05ce3c62a6aea 9805e8d2ba254686ba34c203af95230c - - default default] Successfully bumped revision number for resource 006cb2d2-48cf-4ec1-b8b7-11917357945b (type: security_group_rules) to 0
2026-04-14 02:43:18.112 7 INFO neutron.db.ovn_revision_numbers_db [req-ae4d71f7-e238-4ee5-bbd4-b956ec13fead req-9371964b-624f-4dab-a943-7fd159552450 b0cf8aecce4d415080c05ce3c62a6aea 9805e8d2ba254686ba34c203af95230c - - default default] Successfully bumped revision number for resource 01586179-c607-4a86-bbb9-c8652c41fc94 (type: security_group_rules) to 0 [pid: 7|app: 0|req: 176/351] 10.0.0.12 () {38 vars in 970 bytes} [Tue Apr 14 02:43:17 2026] POST /v2.0/security-groups => generated 1685 bytes in 196 msecs (HTTP/1.1 201) 4 headers in 163 bytes (1 switches on core 0)
2026-04-14 02:43:18.151 8 INFO neutron.db.ovn_revision_numbers_db [None req-6936b447-636d-4f5b-814a-5504bad78107 70b309fc8dd5432a9f7369c055be31ae 25ff177fe75a49d6bea18a74c5f9fe76 - - default default] Successfully bumped revision number for resource 66a5e011-35d8-42a1-80c6-fa1c84c623be (type: security_group_rules) to 0 [pid: 8|app: 0|req: 176/352] 10.0.0.149 () {34 vars in 695 bytes} [Tue Apr 14 02:43:17 2026] POST /v2.0/security-group-rules => generated 597 bytes in 200 msecs (HTTP/1.1 201) 4 headers in 162 bytes (1 switches on core 0)
2026-04-14 02:43:18.356 8 INFO neutron.db.ovn_revision_numbers_db [req-622c0189-6909-400b-baff-6cf925df6893 req-fce57796-7a0a-4a83-b066-c43b077b97fb 55c9449a71d048d0a79731207ff447b0 b9518245fdad4e779b04d8cd27fd1ea6 - - default default] Successfully bumped revision number for resource 86949714-035e-4812-a455-1f2da28c7883 (type: security_groups) to 1
2026-04-14 02:43:18.371 8 INFO neutron.db.ovn_revision_numbers_db [req-622c0189-6909-400b-baff-6cf925df6893 req-fce57796-7a0a-4a83-b066-c43b077b97fb 55c9449a71d048d0a79731207ff447b0 b9518245fdad4e779b04d8cd27fd1ea6 - - default default] Successfully bumped revision number for resource 0cceb837-0656-4a68-ba61-19e415c96a8a (type: security_group_rules) to 0
2026-04-14 02:43:18.385 8 INFO neutron.db.ovn_revision_numbers_db [req-622c0189-6909-400b-baff-6cf925df6893 req-fce57796-7a0a-4a83-b066-c43b077b97fb 55c9449a71d048d0a79731207ff447b0 b9518245fdad4e779b04d8cd27fd1ea6 - - default default] Successfully bumped revision number for resource 4eca4698-16ea-464d-a1a5-b6b30cb75368 (type: security_group_rules) to 0 [pid: 8|app: 0|req: 177/353] 10.0.0.12 () {38 vars in 970 bytes} [Tue Apr 14 02:43:18 2026] POST /v2.0/security-groups => generated 1681 bytes in 242 msecs (HTTP/1.1 201) 4 headers in 163 bytes (1 switches on core 0) [pid: 8|app: 0|req: 178/354] 10.0.0.12 () {34 vars in 990 bytes} [Tue Apr 14 02:43:18 2026] GET /v2.0/security-groups/86d1feb7-4f63-4030-99b1-094f243f940a => generated 1685 bytes in 30 msecs (HTTP/1.1 200) 4 headers in 158 bytes (1 switches on core 0)
2026-04-14 02:43:18.567 7 WARNING neutron.scheduler.dhcp_agent_scheduler [None req-572a9887-c9ea-4bf7-a10d-f917d8e0b5e0 9d4b35b25255475a93eb5dbbb3a19134 703fa5f55aba4b90a2dd843e560bd577 - - default default] No more DHCP agents
2026-04-14 02:43:18.569 7 WARNING neutron.api.rpc.agentnotifiers.dhcp_rpc_agent_api [None req-572a9887-c9ea-4bf7-a10d-f917d8e0b5e0 9d4b35b25255475a93eb5dbbb3a19134 703fa5f55aba4b90a2dd843e560bd577 - - default default] Unable to schedule network 35d38a73-c6d0-45aa-a9b1-bb622811f114: no agents available; will retry on subsequent port and subnet creation events.
2026-04-14 02:43:18.594 8 INFO neutron.db.ovn_revision_numbers_db [None req-dea6e361-f636-4f31-bc73-9bfe73f0b7b6 70b309fc8dd5432a9f7369c055be31ae 25ff177fe75a49d6bea18a74c5f9fe76 - - default default] Successfully bumped revision number for resource 68ee2ef4-f558-4b7f-9e2e-205a88900a4d (type: security_group_rules) to 0 [pid: 8|app: 0|req: 179/355] 10.0.0.149 () {34 vars in 695 bytes} [Tue Apr 14 02:43:18 2026] POST /v2.0/security-group-rules => generated 602 bytes in 167 msecs (HTTP/1.1 201) 4 headers in 162 bytes (1 switches on core 0)
2026-04-14 02:43:18.672 7 INFO neutron.plugins.ml2.drivers.ovn.mech_driver.mech_driver [None req-f6289b51-12b6-4858-ad8f-9e9cef386c97 - - - - - -] OVN reports status down for port: 69cfac9a-5dfa-4ef1-b55a-1fc19ee7dd04
2026-04-14 02:43:18.737 7 INFO neutron.db.ovn_revision_numbers_db [None req-572a9887-c9ea-4bf7-a10d-f917d8e0b5e0 9d4b35b25255475a93eb5dbbb3a19134 703fa5f55aba4b90a2dd843e560bd577 - - default default] Successfully bumped revision number for resource 69cfac9a-5dfa-4ef1-b55a-1fc19ee7dd04 (type: ports) to 1
2026-04-14 02:43:18.768 8 INFO neutron.db.ovn_revision_numbers_db [req-175ba3dc-f377-4227-8fb8-0ccf056c25a4 req-0fca3d6d-3f72-44fd-a508-63587f097ab0 55c9449a71d048d0a79731207ff447b0 b9518245fdad4e779b04d8cd27fd1ea6 - - default default] Successfully bumped revision number for resource 9ffaaf54-266e-48a1-ac0f-ba95231f75a3 (type: security_groups) to 1
2026-04-14 02:43:18.778 8 INFO neutron.db.ovn_revision_numbers_db [req-175ba3dc-f377-4227-8fb8-0ccf056c25a4 req-0fca3d6d-3f72-44fd-a508-63587f097ab0 55c9449a71d048d0a79731207ff447b0 b9518245fdad4e779b04d8cd27fd1ea6 - - default default] Successfully bumped revision number for resource 06ae7212-2ce7-4797-8b23-5baf15fbbd79 (type: security_group_rules) to 0
2026-04-14 02:43:18.789 8 INFO neutron.db.ovn_revision_numbers_db [req-175ba3dc-f377-4227-8fb8-0ccf056c25a4 req-0fca3d6d-3f72-44fd-a508-63587f097ab0 55c9449a71d048d0a79731207ff447b0 b9518245fdad4e779b04d8cd27fd1ea6 - - default default] Successfully bumped revision number for resource f49aae64-6e50-47ca-9567-679398e36c22 (type: security_group_rules) to 0 [pid: 8|app: 0|req: 180/356] 10.0.0.12 () {38 vars in 970 bytes} [Tue Apr 14 02:43:18 2026] POST /v2.0/security-groups => generated 1682 bytes in 200 msecs (HTTP/1.1 201) 4 headers in 163 bytes (1 switches on core 0)
2026-04-14 02:43:18.963 8 INFO neutron.db.ovn_revision_numbers_db [req-f94bfc35-84b5-4b94-ac2e-688d32d367f9 req-5243092b-3d62-44b1-85a5-c8e0d8ea1a02 b0cf8aecce4d415080c05ce3c62a6aea 9805e8d2ba254686ba34c203af95230c - - default default] Successfully bumped revision number for resource c940f2b5-0d03-4ba2-a84c-7c49fb196bac (type: security_group_rules) to 0 [pid: 8|app: 0|req: 181/357] 10.0.0.12 () {38 vars in 980 bytes} [Tue Apr 14 02:43:18 2026] POST /v2.0/security-group-rules => generated 614 bytes in 170 msecs (HTTP/1.1 201) 4 headers in 162 bytes (1 switches on core 0)
2026-04-14 02:43:19.226 8 WARNING neutron.scheduler.dhcp_agent_scheduler [None req-bd62cb3b-c6ed-4a49-8f63-45f09f4f4748 70b309fc8dd5432a9f7369c055be31ae 25ff177fe75a49d6bea18a74c5f9fe76 - - default default] No more DHCP agents
2026-04-14 02:43:19.228 8 WARNING neutron.api.rpc.agentnotifiers.dhcp_rpc_agent_api [None req-bd62cb3b-c6ed-4a49-8f63-45f09f4f4748 70b309fc8dd5432a9f7369c055be31ae 25ff177fe75a49d6bea18a74c5f9fe76 - - default default] Unable to schedule network 35d38a73-c6d0-45aa-a9b1-bb622811f114: no agents available; will retry on subsequent port and subnet creation events.
2026-04-14 02:43:19.371 7 INFO neutron.plugins.ml2.drivers.ovn.mech_driver.ovsdb.commands [None req-43686e88-ac54-47d1-bd5a-a863d34aaff3 - - - - - -] Schedule LRP lrp-69cfac9a-5dfa-4ef1-b55a-1fc19ee7dd04 on gateway 57ba6b99-b460-4acf-884e-74f1f2f36dc8 with priority 1
2026-04-14 02:43:19.408 8 INFO neutron.plugins.ml2.drivers.ovn.mech_driver.ovsdb.ovsdb_monitor [None req-2e134790-48de-4944-b6d7-3b8fd31f33bd - - - - - -] Router 064bd51a-9800-41fb-88ce-b6b2c4757671 is bound to host instance
2026-04-14 02:43:19.419 7 INFO neutron.plugins.ml2.drivers.ovn.mech_driver.mech_driver [None req-f6289b51-12b6-4858-ad8f-9e9cef386c97 - - - - - -] OVN reports status up for port: 69cfac9a-5dfa-4ef1-b55a-1fc19ee7dd04
2026-04-14 02:43:19.454 7 INFO neutron.plugins.ml2.plugin [None req-f6289b51-12b6-4858-ad8f-9e9cef386c97 - - - - - -] Attempt 1 to provision port 69cfac9a-5dfa-4ef1-b55a-1fc19ee7dd04
2026-04-14 02:43:19.502 7 INFO neutron.db.ovn_revision_numbers_db [None req-572a9887-c9ea-4bf7-a10d-f917d8e0b5e0 9d4b35b25255475a93eb5dbbb3a19134 703fa5f55aba4b90a2dd843e560bd577 - - default default] Successfully bumped revision number for resource 69cfac9a-5dfa-4ef1-b55a-1fc19ee7dd04 (type: router_ports) to 1
2026-04-14 02:43:19.617 7 INFO neutron.db.ovn_revision_numbers_db [None req-572a9887-c9ea-4bf7-a10d-f917d8e0b5e0 9d4b35b25255475a93eb5dbbb3a19134 703fa5f55aba4b90a2dd843e560bd577 - - default default] Successfully bumped revision number for resource 064bd51a-9800-41fb-88ce-b6b2c4757671 (type: routers) to 2 [pid: 7|app: 0|req: 177/358] 10.0.0.149 () {34 vars in 669 bytes} [Tue Apr 14 02:43:18 2026] POST /v2.0/routers => generated 976 bytes in 1487 msecs (HTTP/1.1 201) 4 headers in 162 bytes (1 switches on core 0) [pid: 7|app: 0|req: 178/359] 10.0.0.12 () {34 vars in 1001 bytes} [Tue Apr 14 02:43:19 2026] GET /v2.0/security-groups?tenant_id=b9518245fdad4e779b04d8cd27fd1ea6 => generated 7904 bytes in 40 msecs (HTTP/1.1 200) 4 headers in 158 bytes (1 switches on core 0) [pid: 8|app: 0|req: 182/360] 10.0.0.149 () {34 vars in 676 bytes} [Tue Apr 14 02:43:18 2026] POST /v2.0/floatingips => generated 552 bytes in 679 msecs (HTTP/1.1 201) 4 headers in 162 bytes (1 switches on core 0)
2026-04-14 02:43:19.803 7 INFO neutron.db.ovn_revision_numbers_db [req-918e2c05-abd8-41fc-9737-1dff57965d99 req-a481427e-9c80-45f1-a2a0-cf1844bfb334 b0cf8aecce4d415080c05ce3c62a6aea 9805e8d2ba254686ba34c203af95230c - - default default] Successfully bumped revision number for resource 455eeb5f-fc1b-45d4-83a2-065440a7f079 (type: security_groups) to 1
2026-04-14 02:43:19.814 7 INFO neutron.db.ovn_revision_numbers_db [req-918e2c05-abd8-41fc-9737-1dff57965d99 req-a481427e-9c80-45f1-a2a0-cf1844bfb334 b0cf8aecce4d415080c05ce3c62a6aea 9805e8d2ba254686ba34c203af95230c - - default default] Successfully bumped revision number for resource 3b6e5331-2e18-48f6-94c5-f2c65516a8af (type: security_group_rules) to 0
2026-04-14 02:43:19.827 7 INFO neutron.db.ovn_revision_numbers_db [req-918e2c05-abd8-41fc-9737-1dff57965d99 req-a481427e-9c80-45f1-a2a0-cf1844bfb334 b0cf8aecce4d415080c05ce3c62a6aea 9805e8d2ba254686ba34c203af95230c - - default default] Successfully bumped revision number for resource 8d1f3652-c1bc-4e46-90cb-0a86bf19ca2f (type: security_group_rules) to 0 [pid: 7|app: 0|req: 179/361] 10.0.0.12 () {38 vars in 970 bytes} [Tue Apr 14 02:43:19 2026] POST /v2.0/security-groups => generated 1686 bytes in 184 msecs (HTTP/1.1 201) 4 headers in 163 bytes (1 switches on core 0) [pid: 7|app: 0|req: 180/362] 10.0.0.12 () {34 vars in 990 bytes} [Tue Apr 14 02:43:19 2026] GET /v2.0/security-groups/4dfbf56e-0133-423d-881a-d85bb2be5983 => generated 2918 bytes in 36 msecs (HTTP/1.1 200) 4 headers in 158 bytes (1 switches on core 0) [pid: 7|app: 0|req: 181/363] 10.0.0.12 () {34 vars in 990 bytes} [Tue Apr 14 02:43:19 2026] GET /v2.0/security-groups/455eeb5f-fc1b-45d4-83a2-065440a7f079 => generated 1686 bytes in 31 msecs (HTTP/1.1 200) 4 headers in 158 bytes (1 switches on core 0) [pid: 7|app: 0|req: 182/364] 10.0.0.12 () {34 vars in 990 bytes} [Tue Apr 14 02:43:19 2026] GET /v2.0/security-groups/4dfbf56e-0133-423d-881a-d85bb2be5983 => generated 2918 bytes in 31 msecs (HTTP/1.1 200) 4 headers in 158 bytes (1 switches on core 0)
2026-04-14 02:43:20.123 7 INFO neutron.db.ovn_revision_numbers_db [req-79bdc02f-e255-443e-ac7a-0383c415f993 req-86628ca1-aa70-4ee5-b1f6-461ac4191ec9 b0cf8aecce4d415080c05ce3c62a6aea 9805e8d2ba254686ba34c203af95230c - - default default] Successfully bumped revision number for resource 0d44ad0e-2ff1-4c06-acc5-b56b6c155bb5 (type: security_group_rules) to 0 [pid: 7|app: 0|req: 183/365] 10.0.0.12 () {38 vars in 980 bytes} [Tue Apr 14 02:43:19 2026] POST /v2.0/security-group-rules => generated 614 bytes in 190 msecs (HTTP/1.1 201) 4 headers in 162 bytes (1 switches on core 0) [pid: 7|app: 0|req: 184/366] 10.0.0.12 () {34 vars in 1097 bytes} [Tue Apr 14 02:43:20 2026] GET /v2.0/security-groups?name=tempest-securitygroup--572025997&fields=id&tenant_id=25ff177fe75a49d6bea18a74c5f9fe76 => generated 69 bytes in 41 msecs (HTTP/1.1 200) 4 headers in 156 bytes (1 switches on core 0) [pid: 7|app: 0|req: 185/367] 10.0.0.12 () {34 vars in 990 bytes} [Tue Apr 14 02:43:20 2026] GET /v2.0/security-groups/d062a75b-318f-40cb-b4bd-a482c889f883 => generated 1680 bytes in 24 msecs (HTTP/1.1 200) 4 headers in 158 bytes (1 switches on core 0) [pid: 7|app: 0|req: 186/368] 10.0.0.12 () {34 vars in 981 bytes} [Tue Apr 14 02:43:20 2026] GET /v2.0/networks?id=2db1f04b-68a3-49e8-a677-2715b6e62943 => generated 714 bytes in 66 msecs (HTTP/1.1 200) 4 headers in 157 bytes (1 switches on core 0)
2026-04-14 02:43:20.844 8 WARNING neutron.scheduler.dhcp_agent_scheduler [None req-05c18996-a7bb-418c-8086-eb85474537fd 9d4b35b25255475a93eb5dbbb3a19134 703fa5f55aba4b90a2dd843e560bd577 - - default default] No more DHCP agents
2026-04-14 02:43:20.847 8 WARNING neutron.api.rpc.agentnotifiers.dhcp_rpc_agent_api [None req-05c18996-a7bb-418c-8086-eb85474537fd 9d4b35b25255475a93eb5dbbb3a19134 703fa5f55aba4b90a2dd843e560bd577 - - default default] Unable to schedule network 87648d3d-780a-4e95-bd3e-0179e469c3b8: no agents available; will retry on subsequent port and subnet creation events. [pid: 7|app: 0|req: 187/369] 10.0.0.12 () {36 vars in 1012 bytes} [Tue Apr 14 02:43:20 2026] DELETE /v2.0/security-groups/d062a75b-318f-40cb-b4bd-a482c889f883 => generated 0 bytes in 738 msecs (HTTP/1.1 204) 2 headers in 112 bytes (1 switches on core 0) [pid: 7|app: 0|req: 188/370] 10.0.0.12 () {34 vars in 964 bytes} [Tue Apr 14 02:43:21 2026] GET /v2.0/quotas/25ff177fe75a49d6bea18a74c5f9fe76 => generated 292 bytes in 11 msecs (HTTP/1.1 200) 4 headers in 157 bytes (1 switches on core 0)
2026-04-14 02:43:21.101 8 INFO neutron.db.ovn_revision_numbers_db [None req-05c18996-a7bb-418c-8086-eb85474537fd 9d4b35b25255475a93eb5dbbb3a19134 703fa5f55aba4b90a2dd843e560bd577 - - default default] Successfully bumped revision number for resource 3a9d4fe7-a4ec-4a1a-a8e7-56baaabf0e77 (type: ports) to 1 [pid: 7|app: 0|req: 189/371] 10.0.0.12 () {34 vars in 1001 bytes} [Tue Apr 14 02:43:21 2026] GET /v2.0/ports?tenant_id=25ff177fe75a49d6bea18a74c5f9fe76&fields=id => generated 103 bytes in 111 msecs (HTTP/1.1 200) 4 headers in 157 bytes (1 switches on core 0) [pid: 7|app: 0|req: 190/372] 10.0.0.12 () {34 vars in 990 bytes} [Tue Apr 14 02:43:21 2026] GET /v2.0/security-groups/455eeb5f-fc1b-45d4-83a2-065440a7f079 => generated 2311 bytes in 23 msecs (HTTP/1.1 200) 4 headers in 158 bytes (1 switches on core 0)
2026-04-14 02:43:21.272 8 INFO neutron.db.ovn_revision_numbers_db [None req-d4914242-c2fc-48c3-9452-9fd48de962aa - - - - - -] Successfully bumped revision number for resource 69cfac9a-5dfa-4ef1-b55a-1fc19ee7dd04 (type: ports) to 4
2026-04-14 02:43:21.332 7 INFO neutron.db.ovn_revision_numbers_db [req-00924d08-de58-4e8a-b189-6516af7d58a7 req-bdbab638-b76d-4e12-992a-2b085aaec06b b0cf8aecce4d415080c05ce3c62a6aea 9805e8d2ba254686ba34c203af95230c - - default default] Successfully bumped revision number for resource 27d1985a-ffc9-4063-973f-f08e69209e86 (type: security_group_rules) to 0 [pid: 7|app: 0|req: 191/373] 10.0.0.12 () {38 vars in 980 bytes} [Tue Apr 14 02:43:21 2026] POST /v2.0/security-group-rules => generated 619 bytes in 171 msecs (HTTP/1.1 201) 4 headers in 162 bytes (1 switches on core 0)
2026-04-14 02:43:21.408 7 INFO neutron.api.v2.resource [req-9bcec7e5-b057-4160-bfe8-7febf79e7987 req-b04b8583-1a0c-4901-9f11-3fb3fe454343 55c9449a71d048d0a79731207ff447b0 b9518245fdad4e779b04d8cd27fd1ea6 - - default default] show failed (client error): The resource could not be found. [pid: 7|app: 0|req: 192/374] 10.0.0.12 () {34 vars in 990 bytes} [Tue Apr 14 02:43:21 2026] GET /v2.0/security-groups/d062a75b-318f-40cb-b4bd-a482c889f883 => generated 146 bytes in 16 msecs (HTTP/1.1 404) 4 headers in 164 bytes (1 switches on core 0) [pid: 7|app: 0|req: 193/375] 10.0.0.12 () {34 vars in 990 bytes} [Tue Apr 14 02:43:21 2026] GET /v2.0/security-groups/455eeb5f-fc1b-45d4-83a2-065440a7f079 => generated 2941 bytes in 30 msecs (HTTP/1.1 200) 4 headers in 158 bytes (1 switches on core 0) [pid: 7|app: 0|req: 194/376] 10.0.0.12 () {34 vars in 990 bytes} [Tue Apr 14 02:43:21 2026] GET /v2.0/security-groups/86949714-035e-4812-a455-1f2da28c7883 => generated 1681 bytes in 21 msecs (HTTP/1.1 200) 4 headers in 158 bytes (1 switches on core 0) [pid: 7|app: 0|req: 195/377] 10.0.0.12 () {36 vars in 1012 bytes} [Tue Apr 14 02:43:21 2026] DELETE /v2.0/security-groups/86949714-035e-4812-a455-1f2da28c7883 => generated 0 bytes in 94 msecs (HTTP/1.1 204) 2 headers in 112 bytes (1 switches on core 0) [pid: 7|app: 0|req: 196/378] 10.0.0.12 () {34 vars in 906 bytes} [Tue Apr 14 02:43:21 2026] GET /v2.0/extensions => generated 20541 bytes in 39 msecs (HTTP/1.1 200) 4 headers in 159 bytes (1 switches on core 0) [pid: 7|app: 0|req: 197/379] 10.0.0.12 () {34 vars in 1000 bytes} [Tue Apr 14 02:43:21 2026] GET /v2.0/security-group-rules/27d1985a-ffc9-4063-973f-f08e69209e86 => generated 616 bytes in 16 msecs (HTTP/1.1 200) 4 headers in 157 bytes (1 switches on core 0) [pid: 7|app: 0|req: 198/380] 10.0.0.12 () {34 vars in 1007 bytes} [Tue Apr 14 02:43:21 2026] GET /v2.0/networks/2db1f04b-68a3-49e8-a677-2715b6e62943?fields=segments => generated 14 bytes in 32 msecs (HTTP/1.1 200) 4 headers in 156 bytes (1 switches on core 0) [pid: 7|app: 0|req: 199/381] 10.0.0.12 () {34 vars in 990 bytes} [Tue Apr 14 02:43:21 2026] GET /v2.0/security-groups/455eeb5f-fc1b-45d4-83a2-065440a7f079 => generated 2941 bytes in 24 msecs (HTTP/1.1 200) 4 headers in 158 bytes (1 switches on core 0) [pid: 7|app: 0|req: 200/382] 10.0.0.12 () {34 vars in 1107 bytes} [Tue Apr 14 02:43:21 2026] GET /v2.0/networks/2db1f04b-68a3-49e8-a677-2715b6e62943?fields=provider%3Aphysical_network&fields=provider%3Anetwork_type => generated 79 bytes in 29 msecs (HTTP/1.1 200) 4 headers in 156 bytes (1 switches on core 0) [pid: 7|app: 0|req: 201/383] 10.0.0.12 () {36 vars in 1022 bytes} [Tue Apr 14 02:43:21 2026] DELETE /v2.0/security-group-rules/27d1985a-ffc9-4063-973f-f08e69209e86 => generated 0 bytes in 185 msecs (HTTP/1.1 204) 2 headers in 112 bytes (1 switches on core 0)
2026-04-14 02:43:21.933 7 INFO neutron.api.v2.resource [req-dfc14617-1665-41bc-8d66-bf185944be64 req-72d2d472-58b9-4451-a655-5f5ab1ec5cd7 55c9449a71d048d0a79731207ff447b0 b9518245fdad4e779b04d8cd27fd1ea6 - - default default] show failed (client error): The resource could not be found. [pid: 7|app: 0|req: 202/384] 10.0.0.12 () {34 vars in 990 bytes} [Tue Apr 14 02:43:21 2026] GET /v2.0/security-groups/86949714-035e-4812-a455-1f2da28c7883 => generated 146 bytes in 10 msecs (HTTP/1.1 404) 4 headers in 164 bytes (1 switches on core 0)
2026-04-14 02:43:21.935 8 INFO neutron.db.ovn_revision_numbers_db [None req-d4914242-c2fc-48c3-9452-9fd48de962aa - - - - - -] Successfully bumped revision number for resource 69cfac9a-5dfa-4ef1-b55a-1fc19ee7dd04 (type: ports) to 5 [pid: 7|app: 0|req: 203/385] 10.0.0.12 () {34 vars in 990 bytes} [Tue Apr 14 02:43:21 2026] GET /v2.0/security-groups/455eeb5f-fc1b-45d4-83a2-065440a7f079 => generated 2311 bytes in 27 msecs (HTTP/1.1 200) 4 headers in 158 bytes (1 switches on core 0) [pid: 7|app: 0|req: 204/386] 10.0.0.12 () {34 vars in 989 bytes} [Tue Apr 14 02:43:21 2026] GET /v2.0/ports?device_id=0f74698b-c6dc-48ba-ae6a-a389ee26934d => generated 12 bytes in 37 msecs (HTTP/1.1 200) 4 headers in 156 bytes (1 switches on core 0) [pid: 7|app: 0|req: 205/387] 10.0.0.12 () {36 vars in 1012 bytes} [Tue Apr 14 02:43:22 2026] DELETE /v2.0/security-groups/455eeb5f-fc1b-45d4-83a2-065440a7f079 => generated 0 bytes in 94 msecs (HTTP/1.1 204) 2 headers in 112 bytes (1 switches on core 0) [pid: 7|app: 0|req: 206/388] 10.0.0.12 () {34 vars in 990 bytes} [Tue Apr 14 02:43:22 2026] GET /v2.0/security-groups/9ffaaf54-266e-48a1-ac0f-ba95231f75a3 => generated 1682 bytes in 18 msecs (HTTP/1.1 200) 4 headers in 158 bytes (1 switches on core 0) [pid: 7|app: 0|req: 207/389] 10.0.0.12 () {34 vars in 990 bytes} [Tue Apr 14 02:43:22 2026] GET /v2.0/security-groups/86d1feb7-4f63-4030-99b1-094f243f940a => generated 2310 bytes in 18 msecs (HTTP/1.1 200) 4 headers in 158 bytes (1 switches on core 0)
2026-04-14 02:43:22.219 8 WARNING neutron.scheduler.dhcp_agent_scheduler [None req-05c18996-a7bb-418c-8086-eb85474537fd 9d4b35b25255475a93eb5dbbb3a19134 703fa5f55aba4b90a2dd843e560bd577 - - default default] No more DHCP agents
2026-04-14 02:43:22.220 8 WARNING neutron.api.rpc.agentnotifiers.dhcp_rpc_agent_api [None req-05c18996-a7bb-418c-8086-eb85474537fd 9d4b35b25255475a93eb5dbbb3a19134 703fa5f55aba4b90a2dd843e560bd577 - - default default] Unable to schedule network 87648d3d-780a-4e95-bd3e-0179e469c3b8: no agents available; will retry on subsequent port and subnet creation events. [pid: 7|app: 0|req: 208/390] 10.0.0.12 () {36 vars in 1012 bytes} [Tue Apr 14 02:43:22 2026] DELETE /v2.0/security-groups/9ffaaf54-266e-48a1-ac0f-ba95231f75a3 => generated 0 bytes in 94 msecs (HTTP/1.1 204) 2 headers in 112 bytes (1 switches on core 0) [pid: 7|app: 0|req: 209/391] 10.0.0.12 () {36 vars in 1012 bytes} [Tue Apr 14 02:43:22 2026] DELETE /v2.0/security-groups/86d1feb7-4f63-4030-99b1-094f243f940a => generated 0 bytes in 120 msecs (HTTP/1.1 204) 2 headers in 112 bytes (1 switches on core 0)
2026-04-14 02:43:22.373 7 INFO neutron.api.v2.resource [req-c9ad412f-aa18-4417-bce7-90d4b74ead63 req-77aee97c-d2ab-4559-8889-867d5456e866 55c9449a71d048d0a79731207ff447b0 b9518245fdad4e779b04d8cd27fd1ea6 - - default default] show failed (client error): The resource could not be found. [pid: 7|app: 0|req: 210/392] 10.0.0.12 () {34 vars in 990 bytes} [Tue Apr 14 02:43:22 2026] GET /v2.0/security-groups/9ffaaf54-266e-48a1-ac0f-ba95231f75a3 => generated 146 bytes in 10 msecs (HTTP/1.1 404) 4 headers in 164 bytes (1 switches on core 0)
2026-04-14 02:43:22.613 8 WARNING neutron.plugins.ml2.drivers.ovn.mech_driver.ovsdb.ovn_client [None req-f017848c-bf6a-4fb4-960b-5ffd7a999ddb - - - - - -] No hosting information found for port f9750dc8-e0c9-4d61-a8a1-f0c20e38f45c: RuntimeError: No hosting information found for port f9750dc8-e0c9-4d61-a8a1-f0c20e38f45c
2026-04-14 02:43:22.781 7 INFO neutron_taas.services.taas.taas_plugin [None req-83130223-467c-4ee8-b036-c5b43ec54a84 9d4b35b25255475a93eb5dbbb3a19134 703fa5f55aba4b90a2dd843e560bd577 - - default default] TaaS: Handle Delete Port: 0a10e511-d236-40b9-9fc6-f527d6f87e54
2026-04-14 02:43:22.787 7 INFO neutron_taas.services.taas.tap_mirror_plugin [None req-83130223-467c-4ee8-b036-c5b43ec54a84 9d4b35b25255475a93eb5dbbb3a19134 703fa5f55aba4b90a2dd843e560bd577 - - default default] Tap Mirror: Handle Delete Port: 0a10e511-d236-40b9-9fc6-f527d6f87e54
2026-04-14 02:43:22.879 8 INFO neutron.db.ovn_revision_numbers_db [None req-05c18996-a7bb-418c-8086-eb85474537fd 9d4b35b25255475a93eb5dbbb3a19134 703fa5f55aba4b90a2dd843e560bd577 - - default default] Successfully bumped revision number for resource 3a9d4fe7-a4ec-4a1a-a8e7-56baaabf0e77 (type: router_ports) to 1 [pid: 8|app: 0|req: 183/393] 10.0.0.149 () {34 vars in 783 bytes} [Tue Apr 14 02:43:19 2026] PUT /v2.0/routers/064bd51a-9800-41fb-88ce-b6b2c4757671/add_router_interface => generated 309 bytes in 3214 msecs (HTTP/1.1 200) 4 headers in 157 bytes (1 switches on core 0)
2026-04-14 02:43:22.905 8 INFO neutron.db.ovn_revision_numbers_db [None req-f017848c-bf6a-4fb4-960b-5ffd7a999ddb - - - - - -] Successfully bumped revision number for resource f9750dc8-e0c9-4d61-a8a1-f0c20e38f45c (type: router_ports) to 2
2026-04-14 02:43:22.906 8 INFO neutron.plugins.ml2.drivers.ovn.mech_driver.mech_driver [None req-f017848c-bf6a-4fb4-960b-5ffd7a999ddb - - - - - -] OVN reports status down for port: ef307589-bc04-4161-8d57-b7795f467e26 [pid: 8|app: 0|req: 184/394] 10.0.0.12 () {34 vars in 1001 bytes} [Tue Apr 14 02:43:22 2026] GET /v2.0/security-groups?tenant_id=b9518245fdad4e779b04d8cd27fd1ea6 => generated 2921 bytes in 75 msecs (HTTP/1.1 200) 4 headers in 158 bytes (1 switches on core 0)
2026-04-14 02:43:23.062 8 WARNING neutron.plugins.ml2.drivers.ovn.mech_driver.ovsdb.ovn_client [None req-f017848c-bf6a-4fb4-960b-5ffd7a999ddb - - - - - -] Logical_Switch_Port %s host information not removed, the port state is up
2026-04-14 02:43:23.063 8 INFO neutron.plugins.ml2.drivers.ovn.mech_driver.mech_driver [None req-f017848c-bf6a-4fb4-960b-5ffd7a999ddb - - - - - -] OVN reports status up for port: ef307589-bc04-4161-8d57-b7795f467e26 [pid: 8|app: 0|req: 185/395] 10.0.0.12 () {34 vars in 990 bytes} [Tue Apr 14 02:43:22 2026] GET /v2.0/security-groups/4dfbf56e-0133-423d-881a-d85bb2be5983 => generated 2918 bytes in 95 msecs (HTTP/1.1 200) 4 headers in 158 bytes (1 switches on core 0)
2026-04-14 02:43:23.109 8 INFO neutron.plugins.ml2.plugin [None req-f017848c-bf6a-4fb4-960b-5ffd7a999ddb - - - - - -] Attempt 1 to provision port ef307589-bc04-4161-8d57-b7795f467e26 [pid: 8|app: 0|req: 186/396] 10.0.0.12 () {34 vars in 990 bytes} [Tue Apr 14 02:43:23 2026] GET /v2.0/security-groups/4dfbf56e-0133-423d-881a-d85bb2be5983 => generated 2918 bytes in 72 msecs (HTTP/1.1 200) 4 headers in 158 bytes (1 switches on core 0) [pid: 8|app: 0|req: 187/397] 10.0.0.12 () {34 vars in 989 bytes} [Tue Apr 14 02:43:23 2026] GET /v2.0/ports?device_id=0f74698b-c6dc-48ba-ae6a-a389ee26934d => generated 12 bytes in 61 msecs (HTTP/1.1 200) 4 headers in 156 bytes (1 switches on core 0)
2026-04-14 02:43:23.245 8 INFO neutron.api.v2.resource [req-8d2369c4-76af-4ce1-a12f-bfa606c14fb4 req-23440516-2e18-48a2-ae1c-3e3278a072ac 55c9449a71d048d0a79731207ff447b0 b9518245fdad4e779b04d8cd27fd1ea6 - - default default] show failed (client error): The resource could not be found. [pid: 8|app: 0|req: 188/398] 10.0.0.12 () {34 vars in 990 bytes} [Tue Apr 14 02:43:23 2026] GET /v2.0/security-groups/9ffaaf54-266e-48a1-ac0f-ba95231f75a3 => generated 146 bytes in 29 msecs (HTTP/1.1 404) 4 headers in 164 bytes (1 switches on core 0)
2026-04-14 02:43:23.300 8 INFO neutron.api.v2.resource [req-426092db-7c7e-47a3-a46a-108fb9ce19dd req-ad37d6d6-7e05-42b8-b689-97c1e0871ced 55c9449a71d048d0a79731207ff447b0 b9518245fdad4e779b04d8cd27fd1ea6 - - default default] show failed (client error): The resource could not be found. [pid: 8|app: 0|req: 189/399] 10.0.0.12 () {34 vars in 990 bytes} [Tue Apr 14 02:43:23 2026] GET /v2.0/security-groups/86949714-035e-4812-a455-1f2da28c7883 => generated 146 bytes in 42 msecs (HTTP/1.1 404) 4 headers in 164 bytes (1 switches on core 0)
2026-04-14 02:43:23.349 8 INFO neutron.api.v2.resource [req-be3535cd-af38-4649-9d13-1260fdc9a632 req-38c6f6dd-c444-428f-a7f1-9685bf1fe4fc 55c9449a71d048d0a79731207ff447b0 b9518245fdad4e779b04d8cd27fd1ea6 - - default default] show failed (client error): The resource could not be found. [pid: 8|app: 0|req: 190/400] 10.0.0.12 () {34 vars in 990 bytes} [Tue Apr 14 02:43:23 2026] GET /v2.0/security-groups/d062a75b-318f-40cb-b4bd-a482c889f883 => generated 146 bytes in 30 msecs (HTTP/1.1 404) 4 headers in 164 bytes (1 switches on core 0) [pid: 7|app: 0|req: 211/401] 10.0.0.149 () {34 vars in 789 bytes} [Tue Apr 14 02:43:22 2026] PUT /v2.0/routers/10d13bf2-abe1-4819-9bbd-b16597ffef03/remove_router_interface => generated 309 bytes in 1074 msecs (HTTP/1.1 200) 4 headers in 157 bytes (1 switches on core 0) /var/lib/openstack/lib/python3.12/site-packages/pycadf/identifier.py:70: UserWarning: Invalid uuid: neutron. To ensure interoperability, identifiers should be a valid uuid. warnings.warn(('Invalid uuid: %s. To ensure interoperability, '
2026-04-14 02:43:23.569 8 INFO neutron.db.ovn_revision_numbers_db [None req-5a4b5dcb-871e-497f-97f1-266eb4b468d0 22fc39b4bb1b47f19266203922995888 6d870e65b5f24f6dbaca52571d3982f8 - - default default] Successfully bumped revision number for resource e2761a46-6d42-4be8-8670-3a2bf6838a5c (type: security_groups) to 1
2026-04-14 02:43:23.590 8 INFO neutron.db.ovn_revision_numbers_db [None req-5a4b5dcb-871e-497f-97f1-266eb4b468d0 22fc39b4bb1b47f19266203922995888 6d870e65b5f24f6dbaca52571d3982f8 - - default default] Successfully bumped revision number for resource e3ad5569-fe8a-424a-9457-41c27c08393b (type: security_group_rules) to 0
2026-04-14 02:43:23.606 8 INFO neutron.db.ovn_revision_numbers_db [None req-5a4b5dcb-871e-497f-97f1-266eb4b468d0 22fc39b4bb1b47f19266203922995888 6d870e65b5f24f6dbaca52571d3982f8 - - default default] Successfully bumped revision number for resource ffcd8710-6532-4cba-8baf-152dee1fb882 (type: security_group_rules) to 0 [pid: 8|app: 0|req: 191/402] 10.0.0.149 () {34 vars in 685 bytes} [Tue Apr 14 02:43:23 2026] POST /v2.0/security-groups => generated 1661 bytes in 375 msecs (HTTP/1.1 201) 4 headers in 163 bytes (1 switches on core 0)
2026-04-14 02:43:23.744 7 INFO neutron_taas.services.taas.taas_plugin [None req-091ea6dc-8af4-4136-bc76-348f92fc1405 9d4b35b25255475a93eb5dbbb3a19134 703fa5f55aba4b90a2dd843e560bd577 - - default default] TaaS: Handle Delete Port: f9750dc8-e0c9-4d61-a8a1-f0c20e38f45c
2026-04-14 02:43:23.747 7 INFO neutron_taas.services.taas.tap_mirror_plugin [None req-091ea6dc-8af4-4136-bc76-348f92fc1405 9d4b35b25255475a93eb5dbbb3a19134 703fa5f55aba4b90a2dd843e560bd577 - - default default] Tap Mirror: Handle Delete Port: f9750dc8-e0c9-4d61-a8a1-f0c20e38f45c
2026-04-14 02:43:23.822 8 INFO neutron.db.ovn_revision_numbers_db [None req-f017848c-bf6a-4fb4-960b-5ffd7a999ddb - - - - - -] Successfully bumped revision number for resource ef307589-bc04-4161-8d57-b7795f467e26 (type: ports) to 2
2026-04-14 02:43:24.215 8 INFO neutron_taas.services.taas.taas_plugin [None req-e5b93c02-3465-459b-9037-4be5788d0292 9d4b35b25255475a93eb5dbbb3a19134 703fa5f55aba4b90a2dd843e560bd577 - - default default] TaaS: Handle Delete Port: 258c245f-5608-494f-9929-705d95eead0f
2026-04-14 02:43:24.224 8 INFO neutron_taas.services.taas.tap_mirror_plugin [None req-e5b93c02-3465-459b-9037-4be5788d0292 9d4b35b25255475a93eb5dbbb3a19134 703fa5f55aba4b90a2dd843e560bd577 - - default default] Tap Mirror: Handle Delete Port: 258c245f-5608-494f-9929-705d95eead0f [pid: 7|app: 0|req: 212/403] 10.0.0.149 () {34 vars in 789 bytes} [Tue Apr 14 02:43:23 2026] PUT /v2.0/routers/677631fb-ac87-455b-952b-9c91b32b527d/remove_router_interface => generated 309 bytes in 959 msecs (HTTP/1.1 200) 4 headers in 157 bytes (1 switches on core 0) /var/lib/openstack/lib/python3.12/site-packages/pycadf/identifier.py:70: UserWarning: Invalid uuid: neutron. To ensure interoperability, identifiers should be a valid uuid. warnings.warn(('Invalid uuid: %s. To ensure interoperability, '
2026-04-14 02:43:24.561 7 INFO neutron.db.ovn_revision_numbers_db [None req-8d6d56d3-1095-4a8e-a49b-7781a8c89058 22fc39b4bb1b47f19266203922995888 6d870e65b5f24f6dbaca52571d3982f8 - - default default] Successfully bumped revision number for resource 284deb4d-ae9c-4684-b5ea-4c7831a99f8b (type: security_group_rules) to 0 [pid: 7|app: 0|req: 213/404] 10.0.0.149 () {34 vars in 695 bytes} [Tue Apr 14 02:43:24 2026] POST /v2.0/security-group-rules => generated 597 bytes in 182 msecs (HTTP/1.1 201) 4 headers in 162 bytes (1 switches on core 0) [pid: 7|app: 0|req: 214/405] 10.0.0.12 () {34 vars in 989 bytes} [Tue Apr 14 02:43:24 2026] GET /v2.0/ports?device_id=0f74698b-c6dc-48ba-ae6a-a389ee26934d => generated 12 bytes in 17 msecs (HTTP/1.1 200) 4 headers in 156 bytes (1 switches on core 0) [pid: 8|app: 0|req: 192/406] 10.0.0.149 () {32 vars in 724 bytes} [Tue Apr 14 02:43:23 2026] DELETE /v2.0/routers/10d13bf2-abe1-4819-9bbd-b16597ffef03 => generated 0 bytes in 949 msecs (HTTP/1.1 204) 2 headers in 112 bytes (1 switches on core 0)
2026-04-14 02:43:24.845 8 INFO neutron.db.ovn_revision_numbers_db [None req-c85110d7-f77b-4858-a50a-409ff62a4d32 22fc39b4bb1b47f19266203922995888 6d870e65b5f24f6dbaca52571d3982f8 - - default default] Successfully bumped revision number for resource 8494ab8c-9f1c-4f93-ae26-2c7e922f3f13 (type: security_group_rules) to 0 [pid: 8|app: 0|req: 193/407] 10.0.0.149 () {34 vars in 695 bytes} [Tue Apr 14 02:43:24 2026] POST /v2.0/security-group-rules => generated 602 bytes in 198 msecs (HTTP/1.1 201) 4 headers in 162 bytes (1 switches on core 0)
2026-04-14 02:43:24.965 7 INFO neutron_taas.services.taas.taas_plugin [None req-19ea54fb-3699-488b-9d36-c5f96ebdb9e0 9d4b35b25255475a93eb5dbbb3a19134 703fa5f55aba4b90a2dd843e560bd577 - - default default] TaaS: Handle Delete Port: 617be6c7-20f4-4f27-a700-5d5140ef3078
