Apr 02 14:48:11.444291 np0000163018 systemd[1]: Starting devstack@n-api-meta.service - Devstack devstack@n-api-meta.service...
Apr 02 14:48:11.452663 np0000163018 devstack@n-api-meta.service[107656]: [uWSGI] getting INI configuration from /etc/nova/nova-metadata-uwsgi.ini
Apr 02 14:48:11.453300 np0000163018 devstack@n-api-meta.service[107656]: open("./http_plugin.so"): No such file or directory [core/utils.c line 3709]
Apr 02 14:48:11.453300 np0000163018 devstack@n-api-meta.service[107656]: !!! UNABLE to load uWSGI plugin: ./http_plugin.so: cannot open shared object file: No such file or directory !!!
Apr 02 14:48:11.453300 np0000163018 devstack@n-api-meta.service[107656]: open("./python3_plugin.so"): No such file or directory [core/utils.c line 3709]
Apr 02 14:48:11.453300 np0000163018 devstack@n-api-meta.service[107656]: !!! UNABLE to load uWSGI plugin: ./python3_plugin.so: cannot open shared object file: No such file or directory !!!
Apr 02 14:48:11.453300 np0000163018 devstack@n-api-meta.service[107656]: *** Starting uWSGI 2.0.31 (64bit) on [Thu Apr 2 14:48:11 2026] ***
Apr 02 14:48:11.453300 np0000163018 devstack@n-api-meta.service[107656]: compiled with version: 13.3.0 on 02 April 2026 14:36:39
Apr 02 14:48:11.453300 np0000163018 devstack@n-api-meta.service[107656]: os: Linux-6.8.0-107-generic #107-Ubuntu SMP PREEMPT_DYNAMIC Fri Mar 13 19:51:50 UTC 2026
Apr 02 14:48:11.453300 np0000163018 devstack@n-api-meta.service[107656]: nodename: np0000163018
Apr 02 14:48:11.453300 np0000163018 devstack@n-api-meta.service[107656]: machine: x86_64
Apr 02 14:48:11.453300 np0000163018 devstack@n-api-meta.service[107656]: clock source: unix
Apr 02 14:48:11.453300 np0000163018 devstack@n-api-meta.service[107656]: pcre jit disabled
Apr 02 14:48:11.453300 np0000163018 devstack@n-api-meta.service[107656]: detected number of CPU cores: 16
Apr 02 14:48:11.453300 np0000163018 devstack@n-api-meta.service[107656]: current working directory: /
Apr 02 14:48:11.453300 np0000163018 devstack@n-api-meta.service[107656]: detected binary path: /opt/stack/data/venv/bin/uwsgi
Apr 02 14:48:11.453300 np0000163018 devstack@n-api-meta.service[107656]: your processes number limit is 256917
Apr 02 14:48:11.453300 np0000163018 devstack@n-api-meta.service[107656]: your memory page size is 4096 bytes
Apr 02 14:48:11.453300 np0000163018 devstack@n-api-meta.service[107656]: detected max file descriptor number: 2048
Apr 02 14:48:11.453300 np0000163018 devstack@n-api-meta.service[107656]: lock engine: pthread robust mutexes
Apr 02 14:48:11.453300 np0000163018 devstack@n-api-meta.service[107656]: thunder lock: enabled
Apr 02 14:48:11.454261 np0000163018 devstack@n-api-meta.service[107656]: uWSGI http bound on 0.0.0.0:8775 fd 5
Apr 02 14:48:11.454261 np0000163018 devstack@n-api-meta.service[107656]: uwsgi socket 0 bound to TCP address 127.0.0.1:37695 (port auto-assigned) fd 4
Apr 02 14:48:11.454261 np0000163018 devstack@n-api-meta.service[107656]: Python version: 3.12.3 (main, Mar 3 2026, 12:15:18) [GCC 13.3.0]
Apr 02 14:48:11.454261 np0000163018 devstack@n-api-meta.service[107656]: PEP 405 virtualenv detected: /opt/stack/data/venv
Apr 02 14:48:11.454261 np0000163018 devstack@n-api-meta.service[107656]: Set PythonHome to /opt/stack/data/venv
Apr 02 14:48:11.489099 np0000163018 devstack@n-api-meta.service[107656]: Python main interpreter initialized at 0x7d93060a3668
Apr 02 14:48:11.489099 np0000163018 devstack@n-api-meta.service[107656]: python threads support enabled
Apr 02 14:48:11.489099 np0000163018 devstack@n-api-meta.service[107656]: your server socket listen backlog is limited to 100 connections
Apr 02 14:48:11.489099 np0000163018 devstack@n-api-meta.service[107656]: your mercy for graceful operations on workers is 80 seconds
Apr 02 14:48:11.489594 np0000163018 devstack@n-api-meta.service[107656]: mapped 671795 bytes (656 KB) for 4 cores
Apr 02 14:48:11.489756 np0000163018 devstack@n-api-meta.service[107656]: *** Operational MODE: preforking ***
Apr 02 14:48:11.489986 np0000163018 devstack@n-api-meta.service[107656]: *** uWSGI is running in multiple interpreter mode ***
Apr 02 14:48:11.489986 np0000163018 devstack@n-api-meta.service[107656]: spawned uWSGI master process (pid: 107656)
Apr 02 14:48:11.490219 np0000163018 systemd[1]: Started devstack@n-api-meta.service - Devstack devstack@n-api-meta.service.
Apr 02 14:48:11.490686 np0000163018 devstack@n-api-meta.service[107656]: spawned uWSGI worker 1 (pid: 107657, cores: 1)
Apr 02 14:48:11.491372 np0000163018 devstack@n-api-meta.service[107656]: spawned uWSGI worker 2 (pid: 107658, cores: 1)
Apr 02 14:48:11.492012 np0000163018 devstack@n-api-meta.service[107656]: spawned uWSGI worker 3 (pid: 107659, cores: 1)
Apr 02 14:48:11.492546 np0000163018 devstack@n-api-meta.service[107656]: spawned uWSGI worker 4 (pid: 107660, cores: 1)
Apr 02 14:48:11.493008 np0000163018 devstack@n-api-meta.service[107656]: spawned uWSGI http 1 (pid: 107661)
Apr 02 14:48:11.493008 np0000163018 devstack@n-api-meta.service[107656]: running "unix_signal:15 gracefully_kill_them_all" (master-start)...
Apr 02 14:48:11.852196 np0000163018 devstack@n-api-meta.service[107660]: Service is starting with native threading. This is currently experimental. Do not use it in production without first testing it in pre-production.
Apr 02 14:48:11.859741 np0000163018 devstack@n-api-meta.service[107657]: Service is starting with native threading. This is currently experimental. Do not use it in production without first testing it in pre-production.
Apr 02 14:48:11.882931 np0000163018 devstack@n-api-meta.service[107658]: Service is starting with native threading. This is currently experimental. Do not use it in production without first testing it in pre-production.
Apr 02 14:48:11.901344 np0000163018 devstack@n-api-meta.service[107659]: Service is starting with native threading. This is currently experimental. Do not use it in production without first testing it in pre-production.
Apr 02 14:48:13.276423 np0000163018 devstack@n-api-meta.service[107660]: INFO dbcounter [None req-427f91e4-e962-4fd8-ac65-a1d90352069c None None] Registered counter for database nova_api
Apr 02 14:48:13.292649 np0000163018 devstack@n-api-meta.service[107660]: DEBUG oslo_db.sqlalchemy.engines [None req-427f91e4-e962-4fd8-ac65-a1d90352069c None None] MySQL server mode set to STRICT_TRANS_TABLES,STRICT_ALL_TABLES,NO_ZERO_IN_DATE,NO_ZERO_DATE,ERROR_FOR_DIVISION_BY_ZERO,TRADITIONAL,NO_ENGINE_SUBSTITUTION {{(pid=107660) _check_effective_sql_mode /opt/stack/data/venv/lib/python3.12/site-packages/oslo_db/sqlalchemy/engines.py:325}}
Apr 02 14:48:13.305266 np0000163018 devstack@n-api-meta.service[107657]: INFO dbcounter [None req-5b538dc4-4c30-4796-8a86-47a1ce06acc8 None None] Registered counter for database nova_api
Apr 02 14:48:13.322854 np0000163018 devstack@n-api-meta.service[107657]: DEBUG oslo_db.sqlalchemy.engines [None req-5b538dc4-4c30-4796-8a86-47a1ce06acc8 None None] MySQL server mode set to STRICT_TRANS_TABLES,STRICT_ALL_TABLES,NO_ZERO_IN_DATE,NO_ZERO_DATE,ERROR_FOR_DIVISION_BY_ZERO,TRADITIONAL,NO_ENGINE_SUBSTITUTION {{(pid=107657) _check_effective_sql_mode /opt/stack/data/venv/lib/python3.12/site-packages/oslo_db/sqlalchemy/engines.py:325}}
Apr 02 14:48:13.328974 np0000163018 devstack@n-api-meta.service[107660]: DEBUG dbcounter [-] [107660] Writer thread running {{(pid=107660) stat_writer /opt/stack/data/venv/lib/python3.12/site-packages/dbcounter.py:102}}
Apr 02 14:48:13.331837 np0000163018 devstack@n-api-meta.service[107660]: DEBUG nova.context [None req-427f91e4-e962-4fd8-ac65-a1d90352069c None None] Found 2 cells: 00000000-0000-0000-0000-000000000000(cell0),3907da7b-8c5f-4c9b-8909-a490264b998e(cell1) {{(pid=107660) load_cells /opt/stack/nova/nova/context.py:509}}
Apr 02 14:48:13.332070 np0000163018 devstack@n-api-meta.service[107660]: INFO nova.utils [None req-427f91e4-e962-4fd8-ac65-a1d90352069c None None] The cell worker thread pool MainProcess.cell_worker is initialized
Apr 02 14:48:13.333975 np0000163018 devstack@n-api-meta.service[107660]: DEBUG oslo_concurrency.lockutils [None req-427f91e4-e962-4fd8-ac65-a1d90352069c None None] Acquiring lock "00000000-0000-0000-0000-000000000000" by "nova.context.set_target_cell..get_or_set_cached_cell_and_set_connections" {{(pid=107660) inner /opt/stack/data/venv/lib/python3.12/site-packages/oslo_concurrency/lockutils.py:506}}
Apr 02 14:48:13.334127 np0000163018 devstack@n-api-meta.service[107660]: DEBUG oslo_concurrency.lockutils [None req-427f91e4-e962-4fd8-ac65-a1d90352069c None None] Lock "00000000-0000-0000-0000-000000000000" acquired by "nova.context.set_target_cell..get_or_set_cached_cell_and_set_connections" :: waited 0.000s {{(pid=107660) inner /opt/stack/data/venv/lib/python3.12/site-packages/oslo_concurrency/lockutils.py:519}}
Apr 02 14:48:13.334485 np0000163018 devstack@n-api-meta.service[107660]: DEBUG oslo_concurrency.lockutils [None req-427f91e4-e962-4fd8-ac65-a1d90352069c None None] Lock "00000000-0000-0000-0000-000000000000" "released" by "nova.context.set_target_cell..get_or_set_cached_cell_and_set_connections" :: held 0.000s {{(pid=107660) inner /opt/stack/data/venv/lib/python3.12/site-packages/oslo_concurrency/lockutils.py:538}}
Apr 02 14:48:13.335281 np0000163018 devstack@n-api-meta.service[107660]: DEBUG oslo_concurrency.lockutils [None req-427f91e4-e962-4fd8-ac65-a1d90352069c None None] Acquiring lock "3907da7b-8c5f-4c9b-8909-a490264b998e" by "nova.context.set_target_cell..get_or_set_cached_cell_and_set_connections" {{(pid=107660) inner /opt/stack/data/venv/lib/python3.12/site-packages/oslo_concurrency/lockutils.py:506}}
Apr 02 14:48:13.335420 np0000163018 devstack@n-api-meta.service[107660]: DEBUG oslo_concurrency.lockutils [None req-427f91e4-e962-4fd8-ac65-a1d90352069c None None] Lock "3907da7b-8c5f-4c9b-8909-a490264b998e" acquired by "nova.context.set_target_cell..get_or_set_cached_cell_and_set_connections" :: waited 0.000s {{(pid=107660) inner /opt/stack/data/venv/lib/python3.12/site-packages/oslo_concurrency/lockutils.py:519}}
Apr 02 14:48:13.336343 np0000163018 devstack@n-api-meta.service[107660]: DEBUG oslo_concurrency.lockutils [None req-427f91e4-e962-4fd8-ac65-a1d90352069c None None] Lock "3907da7b-8c5f-4c9b-8909-a490264b998e" "released" by "nova.context.set_target_cell..get_or_set_cached_cell_and_set_connections" :: held 0.001s {{(pid=107660) inner /opt/stack/data/venv/lib/python3.12/site-packages/oslo_concurrency/lockutils.py:538}}
Apr 02 14:48:13.338925 np0000163018 devstack@n-api-meta.service[107660]: INFO dbcounter [None req-427f91e4-e962-4fd8-ac65-a1d90352069c None None] Registered counter for database nova_cell0
Apr 02 14:48:13.344287 np0000163018 devstack@n-api-meta.service[107660]: INFO dbcounter [None req-427f91e4-e962-4fd8-ac65-a1d90352069c None None] Registered counter for database nova_cell1
Apr 02 14:48:13.355492 np0000163018 devstack@n-api-meta.service[107657]: DEBUG dbcounter [-] [107657] Writer thread running {{(pid=107657) stat_writer /opt/stack/data/venv/lib/python3.12/site-packages/dbcounter.py:102}}
Apr 02 14:48:13.358380 np0000163018 devstack@n-api-meta.service[107660]: DEBUG oslo_db.sqlalchemy.engines [None req-427f91e4-e962-4fd8-ac65-a1d90352069c None None] MySQL server mode set to STRICT_TRANS_TABLES,STRICT_ALL_TABLES,NO_ZERO_IN_DATE,NO_ZERO_DATE,ERROR_FOR_DIVISION_BY_ZERO,TRADITIONAL,NO_ENGINE_SUBSTITUTION {{(pid=107660) _check_effective_sql_mode /opt/stack/data/venv/lib/python3.12/site-packages/oslo_db/sqlalchemy/engines.py:325}}
Apr 02 14:48:13.358453 np0000163018 devstack@n-api-meta.service[107657]: DEBUG nova.context [None req-5b538dc4-4c30-4796-8a86-47a1ce06acc8 None None] Found 2 cells: 00000000-0000-0000-0000-000000000000(cell0),3907da7b-8c5f-4c9b-8909-a490264b998e(cell1) {{(pid=107657) load_cells /opt/stack/nova/nova/context.py:509}}
Apr 02 14:48:13.358453 np0000163018 devstack@n-api-meta.service[107657]: INFO nova.utils [None req-5b538dc4-4c30-4796-8a86-47a1ce06acc8 None None] The cell worker thread pool MainProcess.cell_worker is initialized
Apr 02 14:48:13.359522 np0000163018 devstack@n-api-meta.service[107657]: DEBUG oslo_concurrency.lockutils [None req-5b538dc4-4c30-4796-8a86-47a1ce06acc8 None None] Acquiring lock "00000000-0000-0000-0000-000000000000" by "nova.context.set_target_cell..get_or_set_cached_cell_and_set_connections" {{(pid=107657) inner /opt/stack/data/venv/lib/python3.12/site-packages/oslo_concurrency/lockutils.py:506}}
Apr 02 14:48:13.359730 np0000163018 devstack@n-api-meta.service[107657]: DEBUG oslo_concurrency.lockutils [None req-5b538dc4-4c30-4796-8a86-47a1ce06acc8 None None] Lock "00000000-0000-0000-0000-000000000000" acquired by "nova.context.set_target_cell..get_or_set_cached_cell_and_set_connections" :: waited 0.000s {{(pid=107657) inner /opt/stack/data/venv/lib/python3.12/site-packages/oslo_concurrency/lockutils.py:519}}
Apr 02 14:48:13.360095 np0000163018 devstack@n-api-meta.service[107660]: DEBUG oslo_db.sqlalchemy.engines [None req-427f91e4-e962-4fd8-ac65-a1d90352069c None None] MySQL server mode set to STRICT_TRANS_TABLES,STRICT_ALL_TABLES,NO_ZERO_IN_DATE,NO_ZERO_DATE,ERROR_FOR_DIVISION_BY_ZERO,TRADITIONAL,NO_ENGINE_SUBSTITUTION {{(pid=107660) _check_effective_sql_mode /opt/stack/data/venv/lib/python3.12/site-packages/oslo_db/sqlalchemy/engines.py:325}}
Apr 02 14:48:13.360141 np0000163018 devstack@n-api-meta.service[107657]: DEBUG oslo_concurrency.lockutils [None req-5b538dc4-4c30-4796-8a86-47a1ce06acc8 None None] Lock "00000000-0000-0000-0000-000000000000" "released" by "nova.context.set_target_cell..get_or_set_cached_cell_and_set_connections" :: held 0.000s {{(pid=107657) inner /opt/stack/data/venv/lib/python3.12/site-packages/oslo_concurrency/lockutils.py:538}}
Apr 02 14:48:13.361457 np0000163018 devstack@n-api-meta.service[107657]: DEBUG oslo_concurrency.lockutils [None req-5b538dc4-4c30-4796-8a86-47a1ce06acc8 None None] Acquiring lock "3907da7b-8c5f-4c9b-8909-a490264b998e" by "nova.context.set_target_cell..get_or_set_cached_cell_and_set_connections" {{(pid=107657) inner /opt/stack/data/venv/lib/python3.12/site-packages/oslo_concurrency/lockutils.py:506}}
Apr 02 14:48:13.361457 np0000163018 devstack@n-api-meta.service[107657]: DEBUG oslo_concurrency.lockutils [None req-5b538dc4-4c30-4796-8a86-47a1ce06acc8 None None] Lock "3907da7b-8c5f-4c9b-8909-a490264b998e" acquired by "nova.context.set_target_cell..get_or_set_cached_cell_and_set_connections" :: waited 0.000s {{(pid=107657) inner /opt/stack/data/venv/lib/python3.12/site-packages/oslo_concurrency/lockutils.py:519}}
Apr 02 14:48:13.362695 np0000163018 devstack@n-api-meta.service[107657]: DEBUG oslo_concurrency.lockutils [None req-5b538dc4-4c30-4796-8a86-47a1ce06acc8 None None] Lock "3907da7b-8c5f-4c9b-8909-a490264b998e" "released" by "nova.context.set_target_cell..get_or_set_cached_cell_and_set_connections" :: held 0.001s {{(pid=107657) inner /opt/stack/data/venv/lib/python3.12/site-packages/oslo_concurrency/lockutils.py:538}}
Apr 02 14:48:13.366353 np0000163018 devstack@n-api-meta.service[107657]: INFO dbcounter [None req-5b538dc4-4c30-4796-8a86-47a1ce06acc8 None None] Registered counter for database nova_cell0
Apr 02 14:48:13.372176 np0000163018 devstack@n-api-meta.service[107657]: INFO dbcounter [None req-5b538dc4-4c30-4796-8a86-47a1ce06acc8 None None] Registered counter for database nova_cell1
Apr 02 14:48:13.383469 np0000163018 devstack@n-api-meta.service[107658]: INFO dbcounter [None req-a08f3b6b-4692-49b6-bd65-73f72659ef7e None None] Registered counter for database nova_api
Apr 02 14:48:13.384999 np0000163018 devstack@n-api-meta.service[107659]: INFO dbcounter [None req-d7151249-70f7-4d91-bd51-80069aa1c3bd None None] Registered counter for database nova_api
Apr 02 14:48:13.385262 np0000163018 devstack@n-api-meta.service[107657]: DEBUG oslo_db.sqlalchemy.engines [None req-5b538dc4-4c30-4796-8a86-47a1ce06acc8 None None] MySQL server mode set to STRICT_TRANS_TABLES,STRICT_ALL_TABLES,NO_ZERO_IN_DATE,NO_ZERO_DATE,ERROR_FOR_DIVISION_BY_ZERO,TRADITIONAL,NO_ENGINE_SUBSTITUTION {{(pid=107657) _check_effective_sql_mode /opt/stack/data/venv/lib/python3.12/site-packages/oslo_db/sqlalchemy/engines.py:325}}
Apr 02 14:48:13.388652 np0000163018 devstack@n-api-meta.service[107657]: DEBUG oslo_db.sqlalchemy.engines [None req-5b538dc4-4c30-4796-8a86-47a1ce06acc8 None None] MySQL server mode set to STRICT_TRANS_TABLES,STRICT_ALL_TABLES,NO_ZERO_IN_DATE,NO_ZERO_DATE,ERROR_FOR_DIVISION_BY_ZERO,TRADITIONAL,NO_ENGINE_SUBSTITUTION {{(pid=107657) _check_effective_sql_mode /opt/stack/data/venv/lib/python3.12/site-packages/oslo_db/sqlalchemy/engines.py:325}}
Apr 02 14:48:13.402310 np0000163018 devstack@n-api-meta.service[107658]: DEBUG oslo_db.sqlalchemy.engines [None req-a08f3b6b-4692-49b6-bd65-73f72659ef7e None None] MySQL server mode set to STRICT_TRANS_TABLES,STRICT_ALL_TABLES,NO_ZERO_IN_DATE,NO_ZERO_DATE,ERROR_FOR_DIVISION_BY_ZERO,TRADITIONAL,NO_ENGINE_SUBSTITUTION {{(pid=107658) _check_effective_sql_mode /opt/stack/data/venv/lib/python3.12/site-packages/oslo_db/sqlalchemy/engines.py:325}}
Apr 02 14:48:13.406418 np0000163018 devstack@n-api-meta.service[107659]: DEBUG oslo_db.sqlalchemy.engines [None req-d7151249-70f7-4d91-bd51-80069aa1c3bd None None] MySQL server mode set to STRICT_TRANS_TABLES,STRICT_ALL_TABLES,NO_ZERO_IN_DATE,NO_ZERO_DATE,ERROR_FOR_DIVISION_BY_ZERO,TRADITIONAL,NO_ENGINE_SUBSTITUTION {{(pid=107659) _check_effective_sql_mode /opt/stack/data/venv/lib/python3.12/site-packages/oslo_db/sqlalchemy/engines.py:325}}
Apr 02 14:48:13.432563 np0000163018 devstack@n-api-meta.service[107658]: DEBUG dbcounter [-] [107658] Writer thread running {{(pid=107658) stat_writer /opt/stack/data/venv/lib/python3.12/site-packages/dbcounter.py:102}}
Apr 02 14:48:13.436693 np0000163018 devstack@n-api-meta.service[107658]: DEBUG nova.context [None req-a08f3b6b-4692-49b6-bd65-73f72659ef7e None None] Found 2 cells: 00000000-0000-0000-0000-000000000000(cell0),3907da7b-8c5f-4c9b-8909-a490264b998e(cell1) {{(pid=107658) load_cells /opt/stack/nova/nova/context.py:509}}
Apr 02 14:48:13.436693 np0000163018 devstack@n-api-meta.service[107658]: INFO nova.utils [None req-a08f3b6b-4692-49b6-bd65-73f72659ef7e None None] The cell worker thread pool MainProcess.cell_worker is initialized
Apr 02 14:48:13.438327 np0000163018 devstack@n-api-meta.service[107658]: DEBUG oslo_concurrency.lockutils [None req-a08f3b6b-4692-49b6-bd65-73f72659ef7e None None] Acquiring lock "00000000-0000-0000-0000-000000000000" by "nova.context.set_target_cell..get_or_set_cached_cell_and_set_connections" {{(pid=107658) inner /opt/stack/data/venv/lib/python3.12/site-packages/oslo_concurrency/lockutils.py:506}}
Apr 02 14:48:13.438504 np0000163018 devstack@n-api-meta.service[107658]: DEBUG oslo_concurrency.lockutils [None req-a08f3b6b-4692-49b6-bd65-73f72659ef7e None None] Lock "00000000-0000-0000-0000-000000000000" acquired by "nova.context.set_target_cell..get_or_set_cached_cell_and_set_connections" :: waited 0.000s {{(pid=107658) inner /opt/stack/data/venv/lib/python3.12/site-packages/oslo_concurrency/lockutils.py:519}}
Apr 02 14:48:13.438912 np0000163018 devstack@n-api-meta.service[107658]: DEBUG oslo_concurrency.lockutils [None req-a08f3b6b-4692-49b6-bd65-73f72659ef7e None None] Lock "00000000-0000-0000-0000-000000000000" "released" by "nova.context.set_target_cell..get_or_set_cached_cell_and_set_connections" :: held 0.000s {{(pid=107658) inner /opt/stack/data/venv/lib/python3.12/site-packages/oslo_concurrency/lockutils.py:538}}
Apr 02 14:48:13.439747 np0000163018 devstack@n-api-meta.service[107658]: DEBUG oslo_concurrency.lockutils [None req-a08f3b6b-4692-49b6-bd65-73f72659ef7e None None] Acquiring lock "3907da7b-8c5f-4c9b-8909-a490264b998e" by "nova.context.set_target_cell..get_or_set_cached_cell_and_set_connections" {{(pid=107658) inner /opt/stack/data/venv/lib/python3.12/site-packages/oslo_concurrency/lockutils.py:506}}
Apr 02 14:48:13.439917 np0000163018 devstack@n-api-meta.service[107658]: DEBUG oslo_concurrency.lockutils [None req-a08f3b6b-4692-49b6-bd65-73f72659ef7e None None] Lock "3907da7b-8c5f-4c9b-8909-a490264b998e" acquired by "nova.context.set_target_cell..get_or_set_cached_cell_and_set_connections" :: waited 0.000s {{(pid=107658) inner /opt/stack/data/venv/lib/python3.12/site-packages/oslo_concurrency/lockutils.py:519}}
Apr 02 14:48:13.440812 np0000163018 devstack@n-api-meta.service[107658]: DEBUG oslo_concurrency.lockutils [None req-a08f3b6b-4692-49b6-bd65-73f72659ef7e None None] Lock "3907da7b-8c5f-4c9b-8909-a490264b998e" "released" by "nova.context.set_target_cell..get_or_set_cached_cell_and_set_connections" :: held 0.001s {{(pid=107658) inner /opt/stack/data/venv/lib/python3.12/site-packages/oslo_concurrency/lockutils.py:538}}
Apr 02 14:48:13.442140 np0000163018 devstack@n-api-meta.service[107659]: DEBUG dbcounter [-] [107659] Writer thread running {{(pid=107659) stat_writer /opt/stack/data/venv/lib/python3.12/site-packages/dbcounter.py:102}}
Apr 02 14:48:13.443801 np0000163018 devstack@n-api-meta.service[107658]: INFO dbcounter [None req-a08f3b6b-4692-49b6-bd65-73f72659ef7e None None] Registered counter for database nova_cell0
Apr 02 14:48:13.445241 np0000163018 devstack@n-api-meta.service[107659]: DEBUG nova.context [None req-d7151249-70f7-4d91-bd51-80069aa1c3bd None None] Found 2 cells: 00000000-0000-0000-0000-000000000000(cell0),3907da7b-8c5f-4c9b-8909-a490264b998e(cell1) {{(pid=107659) load_cells /opt/stack/nova/nova/context.py:509}}
Apr 02 14:48:13.445573 np0000163018 devstack@n-api-meta.service[107659]: INFO nova.utils [None req-d7151249-70f7-4d91-bd51-80069aa1c3bd None None] The cell worker thread pool MainProcess.cell_worker is initialized
Apr 02 14:48:13.448232 np0000163018 devstack@n-api-meta.service[107659]: DEBUG oslo_concurrency.lockutils [None req-d7151249-70f7-4d91-bd51-80069aa1c3bd None None] Acquiring lock "00000000-0000-0000-0000-000000000000" by "nova.context.set_target_cell..get_or_set_cached_cell_and_set_connections" {{(pid=107659) inner /opt/stack/data/venv/lib/python3.12/site-packages/oslo_concurrency/lockutils.py:506}}
Apr 02 14:48:13.448447 np0000163018 devstack@n-api-meta.service[107659]: DEBUG oslo_concurrency.lockutils [None req-d7151249-70f7-4d91-bd51-80069aa1c3bd None None] Lock "00000000-0000-0000-0000-000000000000" acquired by "nova.context.set_target_cell..get_or_set_cached_cell_and_set_connections" :: waited 0.000s {{(pid=107659) inner /opt/stack/data/venv/lib/python3.12/site-packages/oslo_concurrency/lockutils.py:519}}
Apr 02 14:48:13.448978 np0000163018 devstack@n-api-meta.service[107659]: DEBUG oslo_concurrency.lockutils [None req-d7151249-70f7-4d91-bd51-80069aa1c3bd None None] Lock "00000000-0000-0000-0000-000000000000" "released" by "nova.context.set_target_cell..get_or_set_cached_cell_and_set_connections" :: held 0.001s {{(pid=107659) inner /opt/stack/data/venv/lib/python3.12/site-packages/oslo_concurrency/lockutils.py:538}}
Apr 02 14:48:13.449101 np0000163018 devstack@n-api-meta.service[107658]: INFO dbcounter [None req-a08f3b6b-4692-49b6-bd65-73f72659ef7e None None] Registered counter for database nova_cell1
Apr 02 14:48:13.449878 np0000163018 devstack@n-api-meta.service[107659]: DEBUG oslo_concurrency.lockutils [None req-d7151249-70f7-4d91-bd51-80069aa1c3bd None None] Acquiring lock "3907da7b-8c5f-4c9b-8909-a490264b998e" by "nova.context.set_target_cell..get_or_set_cached_cell_and_set_connections" {{(pid=107659) inner /opt/stack/data/venv/lib/python3.12/site-packages/oslo_concurrency/lockutils.py:506}}
Apr 02 14:48:13.450066 np0000163018 devstack@n-api-meta.service[107659]: DEBUG oslo_concurrency.lockutils [None req-d7151249-70f7-4d91-bd51-80069aa1c3bd None None] Lock "3907da7b-8c5f-4c9b-8909-a490264b998e" acquired by "nova.context.set_target_cell..get_or_set_cached_cell_and_set_connections" :: waited 0.000s {{(pid=107659) inner /opt/stack/data/venv/lib/python3.12/site-packages/oslo_concurrency/lockutils.py:519}}
Apr 02 14:48:13.451243 np0000163018 devstack@n-api-meta.service[107659]: DEBUG oslo_concurrency.lockutils [None req-d7151249-70f7-4d91-bd51-80069aa1c3bd None None] Lock "3907da7b-8c5f-4c9b-8909-a490264b998e" "released" by "nova.context.set_target_cell..get_or_set_cached_cell_and_set_connections" :: held 0.001s {{(pid=107659) inner /opt/stack/data/venv/lib/python3.12/site-packages/oslo_concurrency/lockutils.py:538}}
Apr 02 14:48:13.453836 np0000163018 devstack@n-api-meta.service[107659]: INFO dbcounter [None req-d7151249-70f7-4d91-bd51-80069aa1c3bd None None] Registered counter for database nova_cell0
Apr 02 14:48:13.458471 np0000163018 devstack@n-api-meta.service[107658]: DEBUG oslo_db.sqlalchemy.engines [None req-a08f3b6b-4692-49b6-bd65-73f72659ef7e None None] MySQL server mode set to STRICT_TRANS_TABLES,STRICT_ALL_TABLES,NO_ZERO_IN_DATE,NO_ZERO_DATE,ERROR_FOR_DIVISION_BY_ZERO,TRADITIONAL,NO_ENGINE_SUBSTITUTION {{(pid=107658) _check_effective_sql_mode /opt/stack/data/venv/lib/python3.12/site-packages/oslo_db/sqlalchemy/engines.py:325}}
Apr 02 14:48:13.459466 np0000163018 devstack@n-api-meta.service[107659]: INFO dbcounter [None req-d7151249-70f7-4d91-bd51-80069aa1c3bd None None] Registered counter for database nova_cell1
Apr 02 14:48:13.463404 np0000163018 devstack@n-api-meta.service[107658]: DEBUG oslo_db.sqlalchemy.engines [None req-a08f3b6b-4692-49b6-bd65-73f72659ef7e None None] MySQL server mode set to STRICT_TRANS_TABLES,STRICT_ALL_TABLES,NO_ZERO_IN_DATE,NO_ZERO_DATE,ERROR_FOR_DIVISION_BY_ZERO,TRADITIONAL,NO_ENGINE_SUBSTITUTION {{(pid=107658) _check_effective_sql_mode /opt/stack/data/venv/lib/python3.12/site-packages/oslo_db/sqlalchemy/engines.py:325}}
Apr 02 14:48:13.465126 np0000163018 devstack@n-api-meta.service[107660]: DEBUG dbcounter [-] [107660] Writer thread running {{(pid=107660) stat_writer /opt/stack/data/venv/lib/python3.12/site-packages/dbcounter.py:102}}
Apr 02 14:48:13.467795 np0000163018 devstack@n-api-meta.service[107660]: DEBUG dbcounter [-] [107660] Writer thread running {{(pid=107660) stat_writer /opt/stack/data/venv/lib/python3.12/site-packages/dbcounter.py:102}}
Apr 02 14:48:13.471014 np0000163018 devstack@n-api-meta.service[107659]: DEBUG oslo_db.sqlalchemy.engines [None req-d7151249-70f7-4d91-bd51-80069aa1c3bd None None] MySQL server mode set to STRICT_TRANS_TABLES,STRICT_ALL_TABLES,NO_ZERO_IN_DATE,NO_ZERO_DATE,ERROR_FOR_DIVISION_BY_ZERO,TRADITIONAL,NO_ENGINE_SUBSTITUTION {{(pid=107659) _check_effective_sql_mode /opt/stack/data/venv/lib/python3.12/site-packages/oslo_db/sqlalchemy/engines.py:325}}
Apr 02 14:48:13.473294 np0000163018 devstack@n-api-meta.service[107660]: INFO dbcounter [None req-427f91e4-e962-4fd8-ac65-a1d90352069c None None] Registered counter for database nova_cell0
Apr 02 14:48:13.474406 np0000163018 devstack@n-api-meta.service[107659]: DEBUG oslo_db.sqlalchemy.engines [None req-d7151249-70f7-4d91-bd51-80069aa1c3bd None None] MySQL server mode set to STRICT_TRANS_TABLES,STRICT_ALL_TABLES,NO_ZERO_IN_DATE,NO_ZERO_DATE,ERROR_FOR_DIVISION_BY_ZERO,TRADITIONAL,NO_ENGINE_SUBSTITUTION {{(pid=107659) _check_effective_sql_mode /opt/stack/data/venv/lib/python3.12/site-packages/oslo_db/sqlalchemy/engines.py:325}}
Apr 02 14:48:13.480148 np0000163018 devstack@n-api-meta.service[107660]: DEBUG oslo_db.sqlalchemy.engines [None req-427f91e4-e962-4fd8-ac65-a1d90352069c None None] MySQL server mode set to STRICT_TRANS_TABLES,STRICT_ALL_TABLES,NO_ZERO_IN_DATE,NO_ZERO_DATE,ERROR_FOR_DIVISION_BY_ZERO,TRADITIONAL,NO_ENGINE_SUBSTITUTION {{(pid=107660) _check_effective_sql_mode /opt/stack/data/venv/lib/python3.12/site-packages/oslo_db/sqlalchemy/engines.py:325}}
Apr 02 14:48:13.486535 np0000163018 devstack@n-api-meta.service[107660]: DEBUG dbcounter [-] [107660] Writer thread running {{(pid=107660) stat_writer /opt/stack/data/venv/lib/python3.12/site-packages/dbcounter.py:102}}
Apr 02 14:48:13.494494 np0000163018 devstack@n-api-meta.service[107657]: DEBUG dbcounter [-] [107657] Writer thread running {{(pid=107657) stat_writer /opt/stack/data/venv/lib/python3.12/site-packages/dbcounter.py:102}}
Apr 02 14:48:13.495129 np0000163018 devstack@n-api-meta.service[107657]: DEBUG dbcounter [-] [107657] Writer thread running {{(pid=107657) stat_writer /opt/stack/data/venv/lib/python3.12/site-packages/dbcounter.py:102}}
Apr 02 14:48:13.503633 np0000163018 devstack@n-api-meta.service[107657]: INFO dbcounter [None req-5b538dc4-4c30-4796-8a86-47a1ce06acc8 None None] Registered counter for database nova_cell0
Apr 02 14:48:13.512227 np0000163018 devstack@n-api-meta.service[107657]: DEBUG oslo_db.sqlalchemy.engines [None req-5b538dc4-4c30-4796-8a86-47a1ce06acc8 None None] MySQL server mode set to STRICT_TRANS_TABLES,STRICT_ALL_TABLES,NO_ZERO_IN_DATE,NO_ZERO_DATE,ERROR_FOR_DIVISION_BY_ZERO,TRADITIONAL,NO_ENGINE_SUBSTITUTION {{(pid=107657) _check_effective_sql_mode /opt/stack/data/venv/lib/python3.12/site-packages/oslo_db/sqlalchemy/engines.py:325}}
Apr 02 14:48:13.521509 np0000163018 devstack@n-api-meta.service[107657]: DEBUG dbcounter [-] [107657] Writer thread running {{(pid=107657) stat_writer /opt/stack/data/venv/lib/python3.12/site-packages/dbcounter.py:102}}
Apr 02 14:48:13.528904 np0000163018 devstack@n-api-meta.service[107660]: WARNING nova.api.metadata.handler [None req-427f91e4-e962-4fd8-ac65-a1d90352069c None None] metadata_proxy_shared_secret is not configured, the metadata information returned by the proxy cannot be trusted
Apr 02 14:48:13.531222 np0000163018 devstack@n-api-meta.service[107660]: DEBUG nova.api.openstack.wsgi_app [None req-427f91e4-e962-4fd8-ac65-a1d90352069c None None] ******************************************************************************** {{(pid=107660) log_opt_values /opt/stack/data/venv/lib/python3.12/site-packages/oslo_config/cfg.py:2979}}
Apr 02 14:48:13.531340 np0000163018 devstack@n-api-meta.service[107660]: DEBUG nova.api.openstack.wsgi_app [None req-427f91e4-e962-4fd8-ac65-a1d90352069c None None] Configuration options gathered from: {{(pid=107660) log_opt_values /opt/stack/data/venv/lib/python3.12/site-packages/oslo_config/cfg.py:2980}}
Apr 02 14:48:13.531439 np0000163018 devstack@n-api-meta.service[107660]: DEBUG nova.api.openstack.wsgi_app [None req-427f91e4-e962-4fd8-ac65-a1d90352069c None None] command line args: [] {{(pid=107660) log_opt_values /opt/stack/data/venv/lib/python3.12/site-packages/oslo_config/cfg.py:2981}}
Apr 02 14:48:13.531658 np0000163018 devstack@n-api-meta.service[107660]: DEBUG nova.api.openstack.wsgi_app [None req-427f91e4-e962-4fd8-ac65-a1d90352069c None None] config files: ['/etc/nova/api-paste.ini', '/etc/nova/nova.conf'] {{(pid=107660) log_opt_values /opt/stack/data/venv/lib/python3.12/site-packages/oslo_config/cfg.py:2982}}
Apr 02 14:48:13.531790 np0000163018 devstack@n-api-meta.service[107660]: DEBUG nova.api.openstack.wsgi_app [None req-427f91e4-e962-4fd8-ac65-a1d90352069c None None] ================================================================================ {{(pid=107660) log_opt_values /opt/stack/data/venv/lib/python3.12/site-packages/oslo_config/cfg.py:2987}}
Apr 02 14:48:13.531903 np0000163018 devstack@n-api-meta.service[107660]: DEBUG nova.api.openstack.wsgi_app [None req-427f91e4-e962-4fd8-ac65-a1d90352069c None None] allow_resize_to_same_host = True {{(pid=107660) log_opt_values /opt/stack/data/venv/lib/python3.12/site-packages/oslo_config/cfg.py:2995}}
Apr 02 14:48:13.532082 np0000163018 devstack@n-api-meta.service[107660]: DEBUG nova.api.openstack.wsgi_app [None req-427f91e4-e962-4fd8-ac65-a1d90352069c None None] arq_binding_timeout = 300 {{(pid=107660) log_opt_values /opt/stack/data/venv/lib/python3.12/site-packages/oslo_config/cfg.py:2995}}
Apr 02 14:48:13.532209 np0000163018 devstack@n-api-meta.service[107660]: DEBUG nova.api.openstack.wsgi_app [None req-427f91e4-e962-4fd8-ac65-a1d90352069c None None] block_device_allocate_retries = 60 {{(pid=107660) log_opt_values /opt/stack/data/venv/lib/python3.12/site-packages/oslo_config/cfg.py:2995}}
Apr 02 14:48:13.532351 np0000163018 devstack@n-api-meta.service[107660]: DEBUG nova.api.openstack.wsgi_app [None req-427f91e4-e962-4fd8-ac65-a1d90352069c None None] block_device_allocate_retries_interval = 3 {{(pid=107660) log_opt_values /opt/stack/data/venv/lib/python3.12/site-packages/oslo_config/cfg.py:2995}}
Apr 02 14:48:13.532473 np0000163018 devstack@n-api-meta.service[107660]: DEBUG nova.api.openstack.wsgi_app [None req-427f91e4-e962-4fd8-ac65-a1d90352069c None None] cell_worker_thread_pool_size = 5 {{(pid=107660) log_opt_values /opt/stack/data/venv/lib/python3.12/site-packages/oslo_config/cfg.py:2995}}
Apr 02 14:48:13.532631 np0000163018 devstack@n-api-meta.service[107660]: DEBUG nova.api.openstack.wsgi_app [None req-427f91e4-e962-4fd8-ac65-a1d90352069c None None] cert = self.pem {{(pid=107660) log_opt_values /opt/stack/data/venv/lib/python3.12/site-packages/oslo_config/cfg.py:2995}}
Apr 02 14:48:13.532817 np0000163018 devstack@n-api-meta.service[107660]: DEBUG nova.api.openstack.wsgi_app [None req-427f91e4-e962-4fd8-ac65-a1d90352069c None None] compute_driver = libvirt.LibvirtDriver {{(pid=107660) log_opt_values /opt/stack/data/venv/lib/python3.12/site-packages/oslo_config/cfg.py:2995}}
Apr 02 14:48:13.532941 np0000163018 devstack@n-api-meta.service[107660]: DEBUG nova.api.openstack.wsgi_app [None req-427f91e4-e962-4fd8-ac65-a1d90352069c None None] compute_monitors = [] {{(pid=107660) log_opt_values /opt/stack/data/venv/lib/python3.12/site-packages/oslo_config/cfg.py:2995}}
Apr 02 14:48:13.533072 np0000163018 devstack@n-api-meta.service[107660]: DEBUG nova.api.openstack.wsgi_app [None req-427f91e4-e962-4fd8-ac65-a1d90352069c None None] config_dir = [] {{(pid=107660) log_opt_values /opt/stack/data/venv/lib/python3.12/site-packages/oslo_config/cfg.py:2995}}
Apr 02 14:48:13.533209 np0000163018 devstack@n-api-meta.service[107660]: DEBUG nova.api.openstack.wsgi_app [None req-427f91e4-e962-4fd8-ac65-a1d90352069c None None] config_drive_format = iso9660 {{(pid=107660) log_opt_values /opt/stack/data/venv/lib/python3.12/site-packages/oslo_config/cfg.py:2995}}
Apr 02 14:48:13.533315 np0000163018 devstack@n-api-meta.service[107660]: DEBUG nova.api.openstack.wsgi_app [None req-427f91e4-e962-4fd8-ac65-a1d90352069c None None] config_file = ['/etc/nova/api-paste.ini', '/etc/nova/nova.conf'] {{(pid=107660) log_opt_values /opt/stack/data/venv/lib/python3.12/site-packages/oslo_config/cfg.py:2995}}
Apr 02 14:48:13.533444 np0000163018 devstack@n-api-meta.service[107660]: DEBUG nova.api.openstack.wsgi_app [None req-427f91e4-e962-4fd8-ac65-a1d90352069c None None] config_source = [] {{(pid=107660) log_opt_values /opt/stack/data/venv/lib/python3.12/site-packages/oslo_config/cfg.py:2995}}
Apr 02 14:48:13.533592 np0000163018 devstack@n-api-meta.service[107660]: DEBUG nova.api.openstack.wsgi_app [None req-427f91e4-e962-4fd8-ac65-a1d90352069c None None] console_host = np0000163018 {{(pid=107660) log_opt_values /opt/stack/data/venv/lib/python3.12/site-packages/oslo_config/cfg.py:2995}}
Apr 02 14:48:13.533747 np0000163018 devstack@n-api-meta.service[107660]: DEBUG nova.api.openstack.wsgi_app [None req-427f91e4-e962-4fd8-ac65-a1d90352069c None None] control_exchange = nova {{(pid=107660) log_opt_values /opt/stack/data/venv/lib/python3.12/site-packages/oslo_config/cfg.py:2995}}
Apr 02 14:48:13.533873 np0000163018 devstack@n-api-meta.service[107660]: DEBUG nova.api.openstack.wsgi_app [None req-427f91e4-e962-4fd8-ac65-a1d90352069c None None] cpu_allocation_ratio = None {{(pid=107660) log_opt_values /opt/stack/data/venv/lib/python3.12/site-packages/oslo_config/cfg.py:2995}}
Apr 02 14:48:13.534009 np0000163018 devstack@n-api-meta.service[107660]: DEBUG nova.api.openstack.wsgi_app [None req-427f91e4-e962-4fd8-ac65-a1d90352069c None None] daemon = False {{(pid=107660) log_opt_values /opt/stack/data/venv/lib/python3.12/site-packages/oslo_config/cfg.py:2995}}
Apr 02 14:48:13.534137 np0000163018 devstack@n-api-meta.service[107660]: DEBUG nova.api.openstack.wsgi_app [None req-427f91e4-e962-4fd8-ac65-a1d90352069c None None] debug = True {{(pid=107660) log_opt_values /opt/stack/data/venv/lib/python3.12/site-packages/oslo_config/cfg.py:2995}}
Apr 02 14:48:13.534267 np0000163018 devstack@n-api-meta.service[107660]: DEBUG nova.api.openstack.wsgi_app [None req-427f91e4-e962-4fd8-ac65-a1d90352069c None None] default_access_ip_network_name = None {{(pid=107660) log_opt_values /opt/stack/data/venv/lib/python3.12/site-packages/oslo_config/cfg.py:2995}}
Apr 02 14:48:13.534401 np0000163018 devstack@n-api-meta.service[107660]: DEBUG nova.api.openstack.wsgi_app [None req-427f91e4-e962-4fd8-ac65-a1d90352069c None None] default_availability_zone = nova {{(pid=107660) log_opt_values /opt/stack/data/venv/lib/python3.12/site-packages/oslo_config/cfg.py:2995}}
Apr 02 14:48:13.534532 np0000163018 devstack@n-api-meta.service[107660]: DEBUG nova.api.openstack.wsgi_app [None req-427f91e4-e962-4fd8-ac65-a1d90352069c None None] default_ephemeral_format = ext4 {{(pid=107660) log_opt_values /opt/stack/data/venv/lib/python3.12/site-packages/oslo_config/cfg.py:2995}}
Apr 02 14:48:13.534688 np0000163018 devstack@n-api-meta.service[107660]: DEBUG nova.api.openstack.wsgi_app [None req-427f91e4-e962-4fd8-ac65-a1d90352069c None None] default_green_pool_size = 1000 {{(pid=107660) log_opt_values /opt/stack/data/venv/lib/python3.12/site-packages/oslo_config/cfg.py:2995}}
Apr 02 14:48:13.534902 np0000163018 devstack@n-api-meta.service[107660]: DEBUG nova.api.openstack.wsgi_app [None req-427f91e4-e962-4fd8-ac65-a1d90352069c None None] default_log_levels = ['amqp=WARN', 'boto=WARN', 'sqlalchemy=WARN', 'suds=INFO', 'oslo.messaging=INFO', 'oslo_messaging=INFO', 'iso8601=WARN', 'requests.packages.urllib3.connectionpool=WARN', 'urllib3.connectionpool=WARN', 'websocket=WARN', 'requests.packages.urllib3.util.retry=WARN', 'urllib3.util.retry=WARN', 'keystonemiddleware=WARN', 'routes.middleware=WARN', 'stevedore=WARN', 'taskflow=WARN', 'keystoneauth=WARN', 'oslo.cache=INFO', 'oslo_policy=INFO', 'dogpile.core.dogpile=INFO', 'glanceclient=WARN', 'oslo.privsep.daemon=INFO'] {{(pid=107660) log_opt_values /opt/stack/data/venv/lib/python3.12/site-packages/oslo_config/cfg.py:2995}}
Apr 02 14:48:13.535063 np0000163018 devstack@n-api-meta.service[107660]: DEBUG nova.api.openstack.wsgi_app [None req-427f91e4-e962-4fd8-ac65-a1d90352069c None None] default_schedule_zone = None {{(pid=107660) log_opt_values /opt/stack/data/venv/lib/python3.12/site-packages/oslo_config/cfg.py:2995}}
Apr 02 14:48:13.535126 np0000163018 devstack@n-api-meta.service[107660]: DEBUG nova.api.openstack.wsgi_app [None req-427f91e4-e962-4fd8-ac65-a1d90352069c None None] default_thread_pool_size = 10 {{(pid=107660) log_opt_values /opt/stack/data/venv/lib/python3.12/site-packages/oslo_config/cfg.py:2995}}
Apr 02 14:48:13.535265 np0000163018 devstack@n-api-meta.service[107660]: DEBUG nova.api.openstack.wsgi_app [None req-427f91e4-e962-4fd8-ac65-a1d90352069c None None] disk_allocation_ratio = None {{(pid=107660) log_opt_values /opt/stack/data/venv/lib/python3.12/site-packages/oslo_config/cfg.py:2995}}
Apr 02 14:48:13.535390 np0000163018 devstack@n-api-meta.service[107660]: DEBUG nova.api.openstack.wsgi_app [None req-427f91e4-e962-4fd8-ac65-a1d90352069c None None] enable_new_services = True {{(pid=107660) log_opt_values /opt/stack/data/venv/lib/python3.12/site-packages/oslo_config/cfg.py:2995}}
Apr 02 14:48:13.535517 np0000163018 devstack@n-api-meta.service[107660]: DEBUG nova.api.openstack.wsgi_app [None req-427f91e4-e962-4fd8-ac65-a1d90352069c None None] flat_injected = False {{(pid=107660) log_opt_values /opt/stack/data/venv/lib/python3.12/site-packages/oslo_config/cfg.py:2995}}
Apr 02 14:48:13.535658 np0000163018 devstack@n-api-meta.service[107660]: DEBUG nova.api.openstack.wsgi_app [None req-427f91e4-e962-4fd8-ac65-a1d90352069c None None] force_config_drive = False {{(pid=107660) log_opt_values /opt/stack/data/venv/lib/python3.12/site-packages/oslo_config/cfg.py:2995}}
Apr 02 14:48:13.535789 np0000163018 devstack@n-api-meta.service[107660]: DEBUG nova.api.openstack.wsgi_app [None req-427f91e4-e962-4fd8-ac65-a1d90352069c None None] force_raw_images = True {{(pid=107660) log_opt_values /opt/stack/data/venv/lib/python3.12/site-packages/oslo_config/cfg.py:2995}}
Apr 02 14:48:13.535926 np0000163018 devstack@n-api-meta.service[107660]: DEBUG nova.api.openstack.wsgi_app [None req-427f91e4-e962-4fd8-ac65-a1d90352069c None None] graceful_shutdown_timeout = 5 {{(pid=107660) log_opt_values /opt/stack/data/venv/lib/python3.12/site-packages/oslo_config/cfg.py:2995}}
Apr 02 14:48:13.536080 np0000163018 devstack@n-api-meta.service[107660]: DEBUG nova.api.openstack.wsgi_app [None req-427f91e4-e962-4fd8-ac65-a1d90352069c None None] heal_instance_info_cache_interval = -1 {{(pid=107660) log_opt_values /opt/stack/data/venv/lib/python3.12/site-packages/oslo_config/cfg.py:2995}}
Apr 02 14:48:13.536258 np0000163018 devstack@n-api-meta.service[107660]: DEBUG nova.api.openstack.wsgi_app [None req-427f91e4-e962-4fd8-ac65-a1d90352069c None None] host = np0000163018 {{(pid=107660) log_opt_values /opt/stack/data/venv/lib/python3.12/site-packages/oslo_config/cfg.py:2995}}
Apr 02 14:48:13.536393 np0000163018 devstack@n-api-meta.service[107660]: DEBUG nova.api.openstack.wsgi_app [None req-427f91e4-e962-4fd8-ac65-a1d90352069c None None] initial_cpu_allocation_ratio = 4.0 {{(pid=107660) log_opt_values /opt/stack/data/venv/lib/python3.12/site-packages/oslo_config/cfg.py:2995}}
Apr 02 14:48:13.536522 np0000163018 devstack@n-api-meta.service[107660]: DEBUG nova.api.openstack.wsgi_app [None req-427f91e4-e962-4fd8-ac65-a1d90352069c None None] initial_disk_allocation_ratio = 1.0 {{(pid=107660) log_opt_values /opt/stack/data/venv/lib/python3.12/site-packages/oslo_config/cfg.py:2995}}
Apr 02 14:48:13.536668 np0000163018 devstack@n-api-meta.service[107660]: DEBUG nova.api.openstack.wsgi_app [None req-427f91e4-e962-4fd8-ac65-a1d90352069c None None] initial_ram_allocation_ratio = 1.0 {{(pid=107660) log_opt_values /opt/stack/data/venv/lib/python3.12/site-packages/oslo_config/cfg.py:2995}}
Apr 02 14:48:13.536837 np0000163018 devstack@n-api-meta.service[107660]: DEBUG nova.api.openstack.wsgi_app [None req-427f91e4-e962-4fd8-ac65-a1d90352069c None None] injected_network_template = /opt/stack/nova/nova/virt/interfaces.template {{(pid=107660) log_opt_values /opt/stack/data/venv/lib/python3.12/site-packages/oslo_config/cfg.py:2995}}
Apr 02 14:48:13.536964 np0000163018 devstack@n-api-meta.service[107660]: DEBUG nova.api.openstack.wsgi_app [None req-427f91e4-e962-4fd8-ac65-a1d90352069c None None] instance_build_timeout = 0 {{(pid=107660) log_opt_values /opt/stack/data/venv/lib/python3.12/site-packages/oslo_config/cfg.py:2995}}
Apr 02 14:48:13.537093 np0000163018 devstack@n-api-meta.service[107660]: DEBUG nova.api.openstack.wsgi_app [None req-427f91e4-e962-4fd8-ac65-a1d90352069c None None] instance_delete_interval = 300 {{(pid=107660) log_opt_values /opt/stack/data/venv/lib/python3.12/site-packages/oslo_config/cfg.py:2995}}
Apr 02 14:48:13.537224 np0000163018 devstack@n-api-meta.service[107660]: DEBUG nova.api.openstack.wsgi_app [None req-427f91e4-e962-4fd8-ac65-a1d90352069c None None] instance_format = [instance: %(uuid)s] {{(pid=107660) log_opt_values /opt/stack/data/venv/lib/python3.12/site-packages/oslo_config/cfg.py:2995}}
Apr 02 14:48:13.537356 np0000163018 devstack@n-api-meta.service[107660]: DEBUG nova.api.openstack.wsgi_app [None req-427f91e4-e962-4fd8-ac65-a1d90352069c None None] instance_name_template = instance-%08x {{(pid=107660) log_opt_values /opt/stack/data/venv/lib/python3.12/site-packages/oslo_config/cfg.py:2995}}
Apr 02 14:48:13.537521 np0000163018 devstack@n-api-meta.service[107660]: DEBUG nova.api.openstack.wsgi_app [None req-427f91e4-e962-4fd8-ac65-a1d90352069c None None] instance_usage_audit = False {{(pid=107660) log_opt_values /opt/stack/data/venv/lib/python3.12/site-packages/oslo_config/cfg.py:2995}}
Apr 02 14:48:13.537620 np0000163018 devstack@n-api-meta.service[107660]: DEBUG nova.api.openstack.wsgi_app [None req-427f91e4-e962-4fd8-ac65-a1d90352069c None None] instance_usage_audit_period = month {{(pid=107660) log_opt_values /opt/stack/data/venv/lib/python3.12/site-packages/oslo_config/cfg.py:2995}}
Apr 02 14:48:13.537770 np0000163018 devstack@n-api-meta.service[107660]: DEBUG nova.api.openstack.wsgi_app [None req-427f91e4-e962-4fd8-ac65-a1d90352069c None None] instance_uuid_format = [instance: %(uuid)s] {{(pid=107660) log_opt_values /opt/stack/data/venv/lib/python3.12/site-packages/oslo_config/cfg.py:2995}}
Apr 02 14:48:13.537902 np0000163018 devstack@n-api-meta.service[107660]: DEBUG nova.api.openstack.wsgi_app [None req-427f91e4-e962-4fd8-ac65-a1d90352069c None None] instances_path = /opt/stack/data/nova/instances {{(pid=107660) log_opt_values /opt/stack/data/venv/lib/python3.12/site-packages/oslo_config/cfg.py:2995}}
Apr 02 14:48:13.538035 np0000163018 devstack@n-api-meta.service[107660]: DEBUG nova.api.openstack.wsgi_app [None req-427f91e4-e962-4fd8-ac65-a1d90352069c None None] internal_service_availability_zone = internal {{(pid=107660) log_opt_values /opt/stack/data/venv/lib/python3.12/site-packages/oslo_config/cfg.py:2995}}
Apr 02 14:48:13.538161 np0000163018 devstack@n-api-meta.service[107660]: DEBUG nova.api.openstack.wsgi_app [None req-427f91e4-e962-4fd8-ac65-a1d90352069c None None] key = None {{(pid=107660) log_opt_values /opt/stack/data/venv/lib/python3.12/site-packages/oslo_config/cfg.py:2995}}
Apr 02 14:48:13.538288 np0000163018 devstack@n-api-meta.service[107660]: DEBUG nova.api.openstack.wsgi_app [None req-427f91e4-e962-4fd8-ac65-a1d90352069c None None] live_migration_retry_count = 30 {{(pid=107660) log_opt_values /opt/stack/data/venv/lib/python3.12/site-packages/oslo_config/cfg.py:2995}}
Apr 02 14:48:13.538421 np0000163018 devstack@n-api-meta.service[107660]: DEBUG nova.api.openstack.wsgi_app [None req-427f91e4-e962-4fd8-ac65-a1d90352069c None None] log_color = False {{(pid=107660) log_opt_values /opt/stack/data/venv/lib/python3.12/site-packages/oslo_config/cfg.py:2995}}
Apr 02 14:48:13.538559 np0000163018 devstack@n-api-meta.service[107660]: DEBUG nova.api.openstack.wsgi_app [None req-427f91e4-e962-4fd8-ac65-a1d90352069c None None] log_config_append = None {{(pid=107660) log_opt_values /opt/stack/data/venv/lib/python3.12/site-packages/oslo_config/cfg.py:2995}}
Apr 02 14:48:13.538712 np0000163018 devstack@n-api-meta.service[107660]: DEBUG nova.api.openstack.wsgi_app [None req-427f91e4-e962-4fd8-ac65-a1d90352069c None None] log_date_format = %Y-%m-%d %H:%M:%S {{(pid=107660) log_opt_values /opt/stack/data/venv/lib/python3.12/site-packages/oslo_config/cfg.py:2995}}
Apr 02 14:48:13.538841 np0000163018 devstack@n-api-meta.service[107660]: DEBUG nova.api.openstack.wsgi_app [None req-427f91e4-e962-4fd8-ac65-a1d90352069c None None] log_dir = None {{(pid=107660) log_opt_values /opt/stack/data/venv/lib/python3.12/site-packages/oslo_config/cfg.py:2995}}
Apr 02 14:48:13.538970 np0000163018 devstack@n-api-meta.service[107660]: DEBUG nova.api.openstack.wsgi_app [None req-427f91e4-e962-4fd8-ac65-a1d90352069c None None] log_file = None {{(pid=107660) log_opt_values /opt/stack/data/venv/lib/python3.12/site-packages/oslo_config/cfg.py:2995}}
Apr 02 14:48:13.539073 np0000163018 devstack@n-api-meta.service[107660]: DEBUG nova.api.openstack.wsgi_app [None req-427f91e4-e962-4fd8-ac65-a1d90352069c None None] log_options = True {{(pid=107660) log_opt_values /opt/stack/data/venv/lib/python3.12/site-packages/oslo_config/cfg.py:2995}}
Apr 02 14:48:13.539199 np0000163018 devstack@n-api-meta.service[107660]: DEBUG nova.api.openstack.wsgi_app [None req-427f91e4-e962-4fd8-ac65-a1d90352069c None None] log_rotate_interval = 1 {{(pid=107660) log_opt_values /opt/stack/data/venv/lib/python3.12/site-packages/oslo_config/cfg.py:2995}}
Apr 02 14:48:13.539333 np0000163018 devstack@n-api-meta.service[107660]: DEBUG nova.api.openstack.wsgi_app [None req-427f91e4-e962-4fd8-ac65-a1d90352069c None None] log_rotate_interval_type = days {{(pid=107660) log_opt_values /opt/stack/data/venv/lib/python3.12/site-packages/oslo_config/cfg.py:2995}}
Apr 02 14:48:13.539464 np0000163018 devstack@n-api-meta.service[107660]: DEBUG nova.api.openstack.wsgi_app [None req-427f91e4-e962-4fd8-ac65-a1d90352069c None None] log_rotation_type = none {{(pid=107660) log_opt_values /opt/stack/data/venv/lib/python3.12/site-packages/oslo_config/cfg.py:2995}}
Apr 02 14:48:13.539585 np0000163018 devstack@n-api-meta.service[107660]: DEBUG nova.api.openstack.wsgi_app [None req-427f91e4-e962-4fd8-ac65-a1d90352069c None None] logging_context_format_string = %(color)s%(levelname)s %(name)s [%(global_request_id)s %(request_id)s %(project_name)s %(user_name)s%(color)s] %(instance)s%(color)s%(message)s {{(pid=107660) log_opt_values /opt/stack/data/venv/lib/python3.12/site-packages/oslo_config/cfg.py:2995}}
Apr 02 14:48:13.539722 np0000163018 devstack@n-api-meta.service[107660]: DEBUG nova.api.openstack.wsgi_app [None req-427f91e4-e962-4fd8-ac65-a1d90352069c None None] logging_debug_format_suffix = {{(pid=%(process)d) %(funcName)s %(pathname)s:%(lineno)d}} {{(pid=107660) log_opt_values /opt/stack/data/venv/lib/python3.12/site-packages/oslo_config/cfg.py:2995}}
Apr 02 14:48:13.539855 np0000163018 devstack@n-api-meta.service[107660]: DEBUG nova.api.openstack.wsgi_app [None req-427f91e4-e962-4fd8-ac65-a1d90352069c None None] logging_default_format_string = %(color)s%(levelname)s %(name)s [-%(color)s] %(instance)s%(color)s%(message)s {{(pid=107660) log_opt_values /opt/stack/data/venv/lib/python3.12/site-packages/oslo_config/cfg.py:2995}}
Apr 02 14:48:13.539989 np0000163018 devstack@n-api-meta.service[107660]: DEBUG nova.api.openstack.wsgi_app [None req-427f91e4-e962-4fd8-ac65-a1d90352069c None None] logging_exception_prefix = ERROR %(name)s %(instance)s {{(pid=107660) log_opt_values /opt/stack/data/venv/lib/python3.12/site-packages/oslo_config/cfg.py:2995}}
