Feb 17 02:21:20.808435 np0000155916 neutron-periodic-workers[105400]: DEBUG cotyledon.oslo_config_glue [-] ml2.type_drivers = ['local', 'flat', 'vlan', 'geneve'] {{(pid=105400) log_opt_values /opt/stack/data/venv/lib/python3.12/site-packages/oslo_config/cfg.py:2824}}
Feb 17 02:21:20.808502 np0000155916 neutron-periodic-workers[105400]: DEBUG cotyledon.oslo_config_glue [-] ml2_type_flat.flat_networks = ['public'] {{(pid=105400) log_opt_values /opt/stack/data/venv/lib/python3.12/site-packages/oslo_config/cfg.py:2824}}
Feb 17 02:21:20.808571 np0000155916 neutron-periodic-workers[105400]: DEBUG cotyledon.oslo_config_glue [-] ml2_type_geneve.max_header_size = 38 {{(pid=105400) log_opt_values /opt/stack/data/venv/lib/python3.12/site-packages/oslo_config/cfg.py:2824}}
Feb 17 02:21:20.808619 np0000155916 neutron-periodic-workers[105400]: DEBUG cotyledon.oslo_config_glue [-] ml2_type_geneve.vni_ranges = ['1:65536'] {{(pid=105400) log_opt_values /opt/stack/data/venv/lib/python3.12/site-packages/oslo_config/cfg.py:2824}}
Feb 17 02:21:20.808674 np0000155916 neutron-periodic-workers[105400]: DEBUG cotyledon.oslo_config_glue [-] ml2_type_vlan.network_vlan_ranges = ['public'] {{(pid=105400) log_opt_values /opt/stack/data/venv/lib/python3.12/site-packages/oslo_config/cfg.py:2824}}
Feb 17 02:21:20.808749 np0000155916 neutron-periodic-workers[105400]: DEBUG cotyledon.oslo_config_glue [-] network_log.burst_limit = 25 {{(pid=105400) log_opt_values /opt/stack/data/venv/lib/python3.12/site-packages/oslo_config/cfg.py:2824}}
Feb 17 02:21:20.808801 np0000155916 neutron-periodic-workers[105400]: DEBUG cotyledon.oslo_config_glue [-] network_log.local_output_log_base = None {{(pid=105400) log_opt_values /opt/stack/data/venv/lib/python3.12/site-packages/oslo_config/cfg.py:2824}}
Feb 17 02:21:20.808841 np0000155916 neutron-periodic-workers[105400]: DEBUG cotyledon.oslo_config_glue [-] network_log.rate_limit = 100 {{(pid=105400) log_opt_values /opt/stack/data/venv/lib/python3.12/site-packages/oslo_config/cfg.py:2824}}
Feb 17 02:21:20.808913 np0000155916 neutron-periodic-workers[105400]: DEBUG cotyledon.oslo_config_glue [-] database.asyncio_connection = **** {{(pid=105400) log_opt_values /opt/stack/data/venv/lib/python3.12/site-packages/oslo_config/cfg.py:2824}}
Feb 17 02:21:20.808951 np0000155916 neutron-periodic-workers[105400]: DEBUG cotyledon.oslo_config_glue [-] database.asyncio_slave_connection = **** {{(pid=105400) log_opt_values /opt/stack/data/venv/lib/python3.12/site-packages/oslo_config/cfg.py:2824}}
Feb 17 02:21:20.809008 np0000155916 neutron-periodic-workers[105400]: DEBUG cotyledon.oslo_config_glue [-] database.backend = sqlalchemy {{(pid=105400) log_opt_values /opt/stack/data/venv/lib/python3.12/site-packages/oslo_config/cfg.py:2824}}
Feb 17 02:21:20.809069 np0000155916 neutron-periodic-workers[105400]: DEBUG cotyledon.oslo_config_glue [-] database.connection = **** {{(pid=105400) log_opt_values /opt/stack/data/venv/lib/python3.12/site-packages/oslo_config/cfg.py:2824}}
Feb 17 02:21:20.809108 np0000155916 neutron-periodic-workers[105400]: DEBUG cotyledon.oslo_config_glue [-] database.connection_debug = 0 {{(pid=105400) log_opt_values /opt/stack/data/venv/lib/python3.12/site-packages/oslo_config/cfg.py:2824}}
Feb 17 02:21:20.809161 np0000155916 neutron-periodic-workers[105400]: DEBUG cotyledon.oslo_config_glue [-] database.connection_parameters = {{(pid=105400) log_opt_values /opt/stack/data/venv/lib/python3.12/site-packages/oslo_config/cfg.py:2824}}
Feb 17 02:21:20.809221 np0000155916 neutron-periodic-workers[105400]: DEBUG cotyledon.oslo_config_glue [-] database.connection_recycle_time = 3600 {{(pid=105400) log_opt_values /opt/stack/data/venv/lib/python3.12/site-packages/oslo_config/cfg.py:2824}}
Feb 17 02:21:20.809257 np0000155916 neutron-periodic-workers[105400]: DEBUG cotyledon.oslo_config_glue [-] database.connection_trace = False {{(pid=105400) log_opt_values /opt/stack/data/venv/lib/python3.12/site-packages/oslo_config/cfg.py:2824}}
Feb 17 02:21:20.809308 np0000155916 neutron-periodic-workers[105400]: DEBUG cotyledon.oslo_config_glue [-] database.db_inc_retry_interval = True {{(pid=105400) log_opt_values /opt/stack/data/venv/lib/python3.12/site-packages/oslo_config/cfg.py:2824}}
Feb 17 02:21:20.809341 np0000155916 neutron-periodic-workers[105400]: DEBUG cotyledon.oslo_config_glue [-] database.db_max_retries = 20 {{(pid=105400) log_opt_values /opt/stack/data/venv/lib/python3.12/site-packages/oslo_config/cfg.py:2824}}
Feb 17 02:21:20.809397 np0000155916 neutron-periodic-workers[105400]: DEBUG cotyledon.oslo_config_glue [-] database.db_max_retry_interval = 10 {{(pid=105400) log_opt_values /opt/stack/data/venv/lib/python3.12/site-packages/oslo_config/cfg.py:2824}}
Feb 17 02:21:20.809428 np0000155916 neutron-periodic-workers[105400]: DEBUG cotyledon.oslo_config_glue [-] database.db_retry_interval = 1 {{(pid=105400) log_opt_values /opt/stack/data/venv/lib/python3.12/site-packages/oslo_config/cfg.py:2824}}
Feb 17 02:21:20.809485 np0000155916 neutron-periodic-workers[105400]: DEBUG cotyledon.oslo_config_glue [-] database.max_overflow = 50 {{(pid=105400) log_opt_values /opt/stack/data/venv/lib/python3.12/site-packages/oslo_config/cfg.py:2824}}
Feb 17 02:21:20.809524 np0000155916 neutron-periodic-workers[105400]: DEBUG cotyledon.oslo_config_glue [-] database.max_pool_size = 5 {{(pid=105400) log_opt_values /opt/stack/data/venv/lib/python3.12/site-packages/oslo_config/cfg.py:2824}}
Feb 17 02:21:20.809605 np0000155916 neutron-periodic-workers[105400]: DEBUG cotyledon.oslo_config_glue [-] database.max_retries = 10 {{(pid=105400) log_opt_values /opt/stack/data/venv/lib/python3.12/site-packages/oslo_config/cfg.py:2824}}
Feb 17 02:21:20.809659 np0000155916 neutron-periodic-workers[105400]: DEBUG cotyledon.oslo_config_glue [-] database.mysql_sql_mode = TRADITIONAL {{(pid=105400) log_opt_values /opt/stack/data/venv/lib/python3.12/site-packages/oslo_config/cfg.py:2824}}
Feb 17 02:21:20.809699 np0000155916 neutron-periodic-workers[105400]: DEBUG cotyledon.oslo_config_glue [-] database.mysql_wsrep_sync_wait = None {{(pid=105400) log_opt_values /opt/stack/data/venv/lib/python3.12/site-packages/oslo_config/cfg.py:2824}}
Feb 17 02:21:20.809749 np0000155916 neutron-periodic-workers[105400]: DEBUG cotyledon.oslo_config_glue [-] database.pool_timeout = None {{(pid=105400) log_opt_values /opt/stack/data/venv/lib/python3.12/site-packages/oslo_config/cfg.py:2824}}
Feb 17 02:21:20.809802 np0000155916 neutron-periodic-workers[105400]: DEBUG cotyledon.oslo_config_glue [-] database.retry_interval = 10 {{(pid=105400) log_opt_values /opt/stack/data/venv/lib/python3.12/site-packages/oslo_config/cfg.py:2824}}
Feb 17 02:21:20.809836 np0000155916 neutron-periodic-workers[105400]: DEBUG cotyledon.oslo_config_glue [-] database.slave_connection = **** {{(pid=105400) log_opt_values /opt/stack/data/venv/lib/python3.12/site-packages/oslo_config/cfg.py:2824}}
Feb 17 02:21:20.809900 np0000155916 neutron-periodic-workers[105400]: DEBUG cotyledon.oslo_config_glue [-] database.sqlite_synchronous = True {{(pid=105400) log_opt_values /opt/stack/data/venv/lib/python3.12/site-packages/oslo_config/cfg.py:2824}}
Feb 17 02:21:20.809956 np0000155916 neutron-periodic-workers[105400]: DEBUG cotyledon.oslo_config_glue [-] database.synchronous_reader = True {{(pid=105400) log_opt_values /opt/stack/data/venv/lib/python3.12/site-packages/oslo_config/cfg.py:2824}}
Feb 17 02:21:20.809989 np0000155916 neutron-periodic-workers[105400]: DEBUG cotyledon.oslo_config_glue [-] database.use_db_reconnect = False {{(pid=105400) log_opt_values /opt/stack/data/venv/lib/python3.12/site-packages/oslo_config/cfg.py:2824}}
Feb 17 02:21:20.810067 np0000155916 neutron-periodic-workers[105400]: DEBUG cotyledon.oslo_config_glue [-] ovn.broadcast_arps_to_all_routers = True {{(pid=105400) log_opt_values /opt/stack/data/venv/lib/python3.12/site-packages/oslo_config/cfg.py:2824}}
Feb 17 02:21:20.810316 np0000155916 neutron-periodic-workers[105400]: DEBUG cotyledon.oslo_config_glue [-] ovn.dhcp_default_lease_time = 43200 {{(pid=105400) log_opt_values /opt/stack/data/venv/lib/python3.12/site-packages/oslo_config/cfg.py:2824}}
Feb 17 02:21:20.810316 np0000155916 neutron-periodic-workers[105400]: DEBUG cotyledon.oslo_config_glue [-] ovn.disable_ovn_dhcp_for_baremetal_ports = False {{(pid=105400) log_opt_values /opt/stack/data/venv/lib/python3.12/site-packages/oslo_config/cfg.py:2824}}
Feb 17 02:21:20.810316 np0000155916 neutron-periodic-workers[105400]: DEBUG cotyledon.oslo_config_glue [-] ovn.dns_records_ovn_owned = False {{(pid=105400) log_opt_values /opt/stack/data/venv/lib/python3.12/site-packages/oslo_config/cfg.py:2824}}
Feb 17 02:21:20.810316 np0000155916 neutron-periodic-workers[105400]: DEBUG cotyledon.oslo_config_glue [-] ovn.dns_servers = [] {{(pid=105400) log_opt_values /opt/stack/data/venv/lib/python3.12/site-packages/oslo_config/cfg.py:2824}}
Feb 17 02:21:20.810316 np0000155916 neutron-periodic-workers[105400]: DEBUG cotyledon.oslo_config_glue [-] ovn.enable_distributed_floating_ip = False {{(pid=105400) log_opt_values /opt/stack/data/venv/lib/python3.12/site-packages/oslo_config/cfg.py:2824}}
Feb 17 02:21:20.810316 np0000155916 neutron-periodic-workers[105400]: DEBUG cotyledon.oslo_config_glue [-] ovn.fdb_age_threshold = 0 {{(pid=105400) log_opt_values /opt/stack/data/venv/lib/python3.12/site-packages/oslo_config/cfg.py:2824}}
Feb 17 02:21:20.810472 np0000155916 neutron-periodic-workers[105400]: DEBUG cotyledon.oslo_config_glue [-] ovn.live_migration_activation_strategy = rarp {{(pid=105400) log_opt_values /opt/stack/data/venv/lib/python3.12/site-packages/oslo_config/cfg.py:2824}}
Feb 17 02:21:20.810472 np0000155916 neutron-periodic-workers[105400]: DEBUG cotyledon.oslo_config_glue [-] ovn.localnet_learn_fdb = False {{(pid=105400) log_opt_values /opt/stack/data/venv/lib/python3.12/site-packages/oslo_config/cfg.py:2824}}
Feb 17 02:21:20.810472 np0000155916 neutron-periodic-workers[105400]: DEBUG cotyledon.oslo_config_glue [-] ovn.mac_binding_age_threshold = 0 {{(pid=105400) log_opt_values /opt/stack/data/venv/lib/python3.12/site-packages/oslo_config/cfg.py:2824}}
Feb 17 02:21:20.810472 np0000155916 neutron-periodic-workers[105400]: DEBUG cotyledon.oslo_config_glue [-] ovn.neutron_sync_mode = log {{(pid=105400) log_opt_values /opt/stack/data/venv/lib/python3.12/site-packages/oslo_config/cfg.py:2824}}
Feb 17 02:21:20.810623 np0000155916 neutron-periodic-workers[105400]: DEBUG cotyledon.oslo_config_glue [-] ovn.ovn_dhcp4_global_options = {} {{(pid=105400) log_opt_values /opt/stack/data/venv/lib/python3.12/site-packages/oslo_config/cfg.py:2824}}
Feb 17 02:21:20.810623 np0000155916 neutron-periodic-workers[105400]: DEBUG cotyledon.oslo_config_glue [-] ovn.ovn_dhcp6_global_options = {} {{(pid=105400) log_opt_values /opt/stack/data/venv/lib/python3.12/site-packages/oslo_config/cfg.py:2824}}
Feb 17 02:21:20.810672 np0000155916 neutron-periodic-workers[105400]: DEBUG cotyledon.oslo_config_glue [-] ovn.ovn_l3_scheduler = leastloaded {{(pid=105400) log_opt_values /opt/stack/data/venv/lib/python3.12/site-packages/oslo_config/cfg.py:2824}}
Feb 17 02:21:20.810708 np0000155916 neutron-periodic-workers[105400]: DEBUG cotyledon.oslo_config_glue [-] ovn.ovn_metadata_enabled = True {{(pid=105400) log_opt_values /opt/stack/data/venv/lib/python3.12/site-packages/oslo_config/cfg.py:2824}}
Feb 17 02:21:20.810741 np0000155916 neutron-periodic-workers[105400]: DEBUG cotyledon.oslo_config_glue [-] ovn.ovn_nb_ca_cert = /opt/stack/data/CA/int-ca/ca-chain.pem {{(pid=105400) log_opt_values /opt/stack/data/venv/lib/python3.12/site-packages/oslo_config/cfg.py:2824}}
Feb 17 02:21:20.810788 np0000155916 neutron-periodic-workers[105400]: DEBUG cotyledon.oslo_config_glue [-] ovn.ovn_nb_certificate = /opt/stack/data/CA/int-ca/devstack-cert.crt {{(pid=105400) log_opt_values /opt/stack/data/venv/lib/python3.12/site-packages/oslo_config/cfg.py:2824}}
Feb 17 02:21:20.810836 np0000155916 neutron-periodic-workers[105400]: DEBUG cotyledon.oslo_config_glue [-] ovn.ovn_nb_connection = ['ssl:199.204.45.235:6641'] {{(pid=105400) log_opt_values /opt/stack/data/venv/lib/python3.12/site-packages/oslo_config/cfg.py:2824}}
Feb 17 02:21:20.810866 np0000155916 neutron-periodic-workers[105400]: DEBUG cotyledon.oslo_config_glue [-] ovn.ovn_nb_private_key = /opt/stack/data/CA/int-ca/private/devstack-cert.key {{(pid=105400) log_opt_values /opt/stack/data/venv/lib/python3.12/site-packages/oslo_config/cfg.py:2824}}
Feb 17 02:21:20.810916 np0000155916 neutron-periodic-workers[105400]: DEBUG cotyledon.oslo_config_glue [-] ovn.ovn_router_indirect_snat = False {{(pid=105400) log_opt_values /opt/stack/data/venv/lib/python3.12/site-packages/oslo_config/cfg.py:2824}}
Feb 17 02:21:20.810957 np0000155916 neutron-periodic-workers[105400]: DEBUG cotyledon.oslo_config_glue [-] ovn.ovn_sb_ca_cert = /opt/stack/data/CA/int-ca/ca-chain.pem {{(pid=105400) log_opt_values /opt/stack/data/venv/lib/python3.12/site-packages/oslo_config/cfg.py:2824}}
Feb 17 02:21:20.810986 np0000155916 neutron-periodic-workers[105400]: DEBUG cotyledon.oslo_config_glue [-] ovn.ovn_sb_certificate = /opt/stack/data/CA/int-ca/devstack-cert.crt {{(pid=105400) log_opt_values /opt/stack/data/venv/lib/python3.12/site-packages/oslo_config/cfg.py:2824}}
Feb 17 02:21:20.811033 np0000155916 neutron-periodic-workers[105400]: DEBUG cotyledon.oslo_config_glue [-] ovn.ovn_sb_connection = ['ssl:199.204.45.235:6642'] {{(pid=105400) log_opt_values /opt/stack/data/venv/lib/python3.12/site-packages/oslo_config/cfg.py:2824}}
Feb 17 02:21:20.811069 np0000155916 neutron-periodic-workers[105400]: DEBUG cotyledon.oslo_config_glue [-] ovn.ovn_sb_private_key = /opt/stack/data/CA/int-ca/private/devstack-cert.key {{(pid=105400) log_opt_values /opt/stack/data/venv/lib/python3.12/site-packages/oslo_config/cfg.py:2824}}
Feb 17 02:21:20.811120 np0000155916 neutron-periodic-workers[105400]: DEBUG cotyledon.oslo_config_glue [-] ovn.ovs_create_tap = False {{(pid=105400) log_opt_values /opt/stack/data/venv/lib/python3.12/site-packages/oslo_config/cfg.py:2824}}
Feb 17 02:21:20.811149 np0000155916 neutron-periodic-workers[105400]: DEBUG cotyledon.oslo_config_glue [-] ovn.ovsdb_connection_timeout = 180 {{(pid=105400) log_opt_values /opt/stack/data/venv/lib/python3.12/site-packages/oslo_config/cfg.py:2824}}
Feb 17 02:21:20.811202 np0000155916 neutron-periodic-workers[105400]: DEBUG cotyledon.oslo_config_glue [-] ovn.ovsdb_log_level = INFO {{(pid=105400) log_opt_values /opt/stack/data/venv/lib/python3.12/site-packages/oslo_config/cfg.py:2824}}
Feb 17 02:21:20.811232 np0000155916 neutron-periodic-workers[105400]: DEBUG cotyledon.oslo_config_glue [-] ovn.ovsdb_probe_interval = 60000 {{(pid=105400) log_opt_values /opt/stack/data/venv/lib/python3.12/site-packages/oslo_config/cfg.py:2824}}
Feb 17 02:21:20.811271 np0000155916 neutron-periodic-workers[105400]: DEBUG cotyledon.oslo_config_glue [-] ovn.ovsdb_retry_max_interval = 180 {{(pid=105400) log_opt_values /opt/stack/data/venv/lib/python3.12/site-packages/oslo_config/cfg.py:2824}}
Feb 17 02:21:20.811301 np0000155916 neutron-periodic-workers[105400]: DEBUG cotyledon.oslo_config_glue [-] ovn.stateless_nat_enabled = False {{(pid=105400) log_opt_values /opt/stack/data/venv/lib/python3.12/site-packages/oslo_config/cfg.py:2824}}
Feb 17 02:21:20.811356 np0000155916 neutron-periodic-workers[105400]: DEBUG cotyledon.oslo_config_glue [-] ovn.vhost_sock_dir = /var/run/openvswitch {{(pid=105400) log_opt_values /opt/stack/data/venv/lib/python3.12/site-packages/oslo_config/cfg.py:2824}}
Feb 17 02:21:20.811411 np0000155916 neutron-periodic-workers[105400]: DEBUG cotyledon.oslo_config_glue [-] OVS.bridge_mac_table_size = 50000 {{(pid=105400) log_opt_values /opt/stack/data/venv/lib/python3.12/site-packages/oslo_config/cfg.py:2824}}
Feb 17 02:21:20.811449 np0000155916 neutron-periodic-workers[105400]: DEBUG cotyledon.oslo_config_glue [-] OVS.igmp_flood = False {{(pid=105400) log_opt_values /opt/stack/data/venv/lib/python3.12/site-packages/oslo_config/cfg.py:2824}}
Feb 17 02:21:20.811496 np0000155916 neutron-periodic-workers[105400]: DEBUG cotyledon.oslo_config_glue [-] OVS.igmp_flood_reports = True {{(pid=105400) log_opt_values /opt/stack/data/venv/lib/python3.12/site-packages/oslo_config/cfg.py:2824}}
Feb 17 02:21:20.811526 np0000155916 neutron-periodic-workers[105400]: DEBUG cotyledon.oslo_config_glue [-] OVS.igmp_flood_unregistered = False {{(pid=105400) log_opt_values /opt/stack/data/venv/lib/python3.12/site-packages/oslo_config/cfg.py:2824}}
Feb 17 02:21:20.811582 np0000155916 neutron-periodic-workers[105400]: DEBUG cotyledon.oslo_config_glue [-] OVS.igmp_snooping_enable = False {{(pid=105400) log_opt_values /opt/stack/data/venv/lib/python3.12/site-packages/oslo_config/cfg.py:2824}}
Feb 17 02:21:20.811610 np0000155916 neutron-periodic-workers[105400]: DEBUG cotyledon.oslo_config_glue [-] OVS.ovsdb_timeout = 10 {{(pid=105400) log_opt_values /opt/stack/data/venv/lib/python3.12/site-packages/oslo_config/cfg.py:2824}}
Feb 17 02:21:20.811675 np0000155916 neutron-periodic-workers[105400]: DEBUG cotyledon.oslo_config_glue [-] ovn_nb_global.fdb_removal_limit = 0 {{(pid=105400) log_opt_values /opt/stack/data/venv/lib/python3.12/site-packages/oslo_config/cfg.py:2824}}
Feb 17 02:21:20.811707 np0000155916 neutron-periodic-workers[105400]: DEBUG cotyledon.oslo_config_glue [-] ovn_nb_global.ignore_lsp_down = False {{(pid=105400) log_opt_values /opt/stack/data/venv/lib/python3.12/site-packages/oslo_config/cfg.py:2824}}
Feb 17 02:21:20.811761 np0000155916 neutron-periodic-workers[105400]: DEBUG cotyledon.oslo_config_glue [-] ovn_nb_global.mac_binding_removal_limit = 0 {{(pid=105400) log_opt_values /opt/stack/data/venv/lib/python3.12/site-packages/oslo_config/cfg.py:2824}}
Feb 17 02:21:20.811791 np0000155916 neutron-periodic-workers[105400]: DEBUG cotyledon.oslo_config_glue [-] ******************************************************************************** {{(pid=105400) log_opt_values /opt/stack/data/venv/lib/python3.12/site-packages/oslo_config/cfg.py:2828}}
Feb 17 02:21:20.811954 np0000155916 neutron-periodic-workers[105400]: DEBUG cotyledon._service_worker [-] Run service ServiceWrapper(0) [105400] {{(pid=105400) wait_forever /opt/stack/data/venv/lib/python3.12/site-packages/cotyledon/_service_worker.py:218}}
Feb 17 02:21:30.450436 np0000155916 neutron-periodic-workers[104649]: DEBUG dbcounter [-] [104649] Writing DB stats neutron:SELECT=4 {{(pid=104649) stat_writer /opt/stack/data/venv/lib/python3.12/site-packages/dbcounter.py:115}}
Feb 17 02:21:58.762223 np0000155916 neutron-periodic-workers[105367]: DEBUG oslo_db.sqlalchemy.engines [None req-f691e971-e76a-4922-a44d-844909688ba9 None None] Parent process 104649 forked (105367) with an open database connection, which is being discarded and recreated. {{(pid=105367) checkout /opt/stack/data/venv/lib/python3.12/site-packages/oslo_db/sqlalchemy/engines.py:402}}
Feb 17 02:21:58.773275 np0000155916 neutron-periodic-workers[105367]: DEBUG dbcounter [-] [105367] Writer thread running {{(pid=105367) stat_writer /opt/stack/data/venv/lib/python3.12/site-packages/dbcounter.py:102}}
Feb 17 02:21:58.782696 np0000155916 neutron-periodic-workers[105367]: DEBUG oslo.service.backend._threading.loopingcall [None req-f691e971-e76a-4922-a44d-844909688ba9 None None] Fixed interval looping call 'neutron.plugins.ml2.plugin.DhcpAgentSchedulerDbMixin.remove_networks_from_down_agents' sleeping for 36.97 seconds {{(pid=105367) _run_loop /opt/stack/data/venv/lib/python3.12/site-packages/oslo_service/backend/_threading/loopingcall.py:125}}
Feb 17 02:22:08.782057 np0000155916 neutron-periodic-workers[105367]: DEBUG dbcounter [-] [105367] Writing DB stats neutron:SELECT=3 {{(pid=105367) stat_writer /opt/stack/data/venv/lib/python3.12/site-packages/dbcounter.py:115}}
Feb 17 02:22:26.821982 np0000155916 neutron-periodic-workers[105376]: DEBUG dbcounter [-] [105376] Writer thread running {{(pid=105376) stat_writer /opt/stack/data/venv/lib/python3.12/site-packages/dbcounter.py:102}}
Feb 17 02:22:26.827293 np0000155916 neutron-periodic-workers[105376]: DEBUG neutron.db.agents_db [None req-12f6e3fc-810d-480f-95c4-02cc5d255625 None None] Agent healthcheck: found 0 active agents {{(pid=105376) agent_health_check /opt/stack/neutron/neutron/db/agents_db.py:317}}
Feb 17 02:22:26.827656 np0000155916 neutron-periodic-workers[105376]: DEBUG oslo.service.backend._threading.loopingcall [None req-12f6e3fc-810d-480f-95c4-02cc5d255625 None None] Fixed interval looping call 'neutron.plugins.ml2.plugin.AgentDbMixin.agent_health_check' sleeping for 36.97 seconds {{(pid=105376) _run_loop /opt/stack/data/venv/lib/python3.12/site-packages/oslo_service/backend/_threading/loopingcall.py:125}}
Feb 17 02:22:35.764010 np0000155916 neutron-periodic-workers[105367]: DEBUG oslo.service.backend._threading.loopingcall [None req-f691e971-e76a-4922-a44d-844909688ba9 None None] Fixed interval looping call 'neutron.plugins.ml2.plugin.DhcpAgentSchedulerDbMixin.remove_networks_from_down_agents' sleeping for 36.99 seconds {{(pid=105367) _run_loop /opt/stack/data/venv/lib/python3.12/site-packages/oslo_service/backend/_threading/loopingcall.py:125}}
Feb 17 02:22:36.822820 np0000155916 neutron-periodic-workers[105376]: DEBUG dbcounter [-] [105376] Writing DB stats neutron:SELECT=1 {{(pid=105376) stat_writer /opt/stack/data/venv/lib/python3.12/site-packages/dbcounter.py:115}}
Feb 17 02:22:45.762967 np0000155916 neutron-periodic-workers[105367]: DEBUG dbcounter [-] [105367] Writing DB stats neutron:SELECT=3 {{(pid=105367) stat_writer /opt/stack/data/venv/lib/python3.12/site-packages/dbcounter.py:115}}
Feb 17 02:23:03.805582 np0000155916 neutron-periodic-workers[105376]: DEBUG neutron.db.agents_db [None req-12f6e3fc-810d-480f-95c4-02cc5d255625 None None] Agent healthcheck: found 0 active agents {{(pid=105376) agent_health_check /opt/stack/neutron/neutron/db/agents_db.py:317}}
Feb 17 02:23:03.805582 np0000155916 neutron-periodic-workers[105376]: DEBUG oslo.service.backend._threading.loopingcall [None req-12f6e3fc-810d-480f-95c4-02cc5d255625 None None] Fixed interval looping call 'neutron.plugins.ml2.plugin.AgentDbMixin.agent_health_check' sleeping for 36.99 seconds {{(pid=105376) _run_loop /opt/stack/data/venv/lib/python3.12/site-packages/oslo_service/backend/_threading/loopingcall.py:125}}
Feb 17 02:23:12.768842 np0000155916 neutron-periodic-workers[105367]: DEBUG oslo.service.backend._threading.loopingcall [None req-f691e971-e76a-4922-a44d-844909688ba9 None None] Fixed interval looping call 'neutron.plugins.ml2.plugin.DhcpAgentSchedulerDbMixin.remove_networks_from_down_agents' sleeping for 36.99 seconds {{(pid=105367) _run_loop /opt/stack/data/venv/lib/python3.12/site-packages/oslo_service/backend/_threading/loopingcall.py:125}}
Feb 17 02:23:13.825560 np0000155916 neutron-periodic-workers[105376]: DEBUG dbcounter [-] [105376] Writing DB stats neutron:SELECT=1 {{(pid=105376) stat_writer /opt/stack/data/venv/lib/python3.12/site-packages/dbcounter.py:115}}
Feb 17 02:23:20.801204 np0000155916 neutron-periodic-workers[105387]: DEBUG dbcounter [-] [105387] Writer thread running {{(pid=105387) stat_writer /opt/stack/data/venv/lib/python3.12/site-packages/dbcounter.py:102}}
Feb 17 02:23:20.804108 np0000155916 neutron-periodic-workers[105387]: DEBUG oslo.service.backend._threading.loopingcall [None req-5d900a2a-6f31-475e-8337-699d347af0c7 None None] Fixed interval looping call 'neutron.db.quota.driver_nolock.DbQuotaNoLockDriver._remove_expired_reservations' sleeping for 119.98 seconds {{(pid=105387) _run_loop /opt/stack/data/venv/lib/python3.12/site-packages/oslo_service/backend/_threading/loopingcall.py:125}}
Feb 17 02:23:22.768425 np0000155916 neutron-periodic-workers[105367]: DEBUG dbcounter [-] [105367] Writing DB stats neutron:SELECT=3 {{(pid=105367) stat_writer /opt/stack/data/venv/lib/python3.12/site-packages/dbcounter.py:115}}
Feb 17 02:23:30.801906 np0000155916 neutron-periodic-workers[105387]: DEBUG dbcounter [-] [105387] Writing DB stats neutron:DELETE=1 {{(pid=105387) stat_writer /opt/stack/data/venv/lib/python3.12/site-packages/dbcounter.py:115}}
Feb 17 02:23:40.801920 np0000155916 neutron-periodic-workers[105376]: DEBUG neutron.db.agents_db [None req-12f6e3fc-810d-480f-95c4-02cc5d255625 None None] Agent healthcheck: found 0 active agents {{(pid=105376) agent_health_check /opt/stack/neutron/neutron/db/agents_db.py:317}}
Feb 17 02:23:40.802443 np0000155916 neutron-periodic-workers[105376]: DEBUG oslo.service.backend._threading.loopingcall [None req-12f6e3fc-810d-480f-95c4-02cc5d255625 None None] Fixed interval looping call 'neutron.plugins.ml2.plugin.AgentDbMixin.agent_health_check' sleeping for 36.99 seconds {{(pid=105376) _run_loop /opt/stack/data/venv/lib/python3.12/site-packages/oslo_service/backend/_threading/loopingcall.py:125}}
Feb 17 02:23:49.769109 np0000155916 neutron-periodic-workers[105367]: DEBUG oslo.service.backend._threading.loopingcall [None req-f691e971-e76a-4922-a44d-844909688ba9 None None] Fixed interval looping call 'neutron.plugins.ml2.plugin.DhcpAgentSchedulerDbMixin.remove_networks_from_down_agents' sleeping for 36.99 seconds {{(pid=105367) _run_loop /opt/stack/data/venv/lib/python3.12/site-packages/oslo_service/backend/_threading/loopingcall.py:125}}
Feb 17 02:23:50.800075 np0000155916 neutron-periodic-workers[105376]: DEBUG dbcounter [-] [105376] Writing DB stats neutron:SELECT=1 {{(pid=105376) stat_writer /opt/stack/data/venv/lib/python3.12/site-packages/dbcounter.py:115}}
Feb 17 02:23:59.768175 np0000155916 neutron-periodic-workers[105367]: DEBUG dbcounter [-] [105367] Writing DB stats neutron:SELECT=3 {{(pid=105367) stat_writer /opt/stack/data/venv/lib/python3.12/site-packages/dbcounter.py:115}}
Feb 17 02:24:17.797591 np0000155916 neutron-periodic-workers[105376]: DEBUG neutron.db.agents_db [None req-12f6e3fc-810d-480f-95c4-02cc5d255625 None None] Agent healthcheck: found 0 active agents {{(pid=105376) agent_health_check /opt/stack/neutron/neutron/db/agents_db.py:317}}
Feb 17 02:24:17.798705 np0000155916 neutron-periodic-workers[105376]: DEBUG oslo.service.backend._threading.loopingcall [None req-12f6e3fc-810d-480f-95c4-02cc5d255625 None None] Fixed interval looping call 'neutron.plugins.ml2.plugin.AgentDbMixin.agent_health_check' sleeping for 36.99 seconds {{(pid=105376) _run_loop /opt/stack/data/venv/lib/python3.12/site-packages/oslo_service/backend/_threading/loopingcall.py:125}}
Feb 17 02:24:26.767469 np0000155916 neutron-periodic-workers[105367]: DEBUG oslo.service.backend._threading.loopingcall [None req-f691e971-e76a-4922-a44d-844909688ba9 None None] Fixed interval looping call 'neutron.plugins.ml2.plugin.DhcpAgentSchedulerDbMixin.remove_networks_from_down_agents' sleeping for 36.99 seconds {{(pid=105367) _run_loop /opt/stack/data/venv/lib/python3.12/site-packages/oslo_service/backend/_threading/loopingcall.py:125}}
Feb 17 02:24:27.795713 np0000155916 neutron-periodic-workers[105376]: DEBUG dbcounter [-] [105376] Writing DB stats neutron:SELECT=1 {{(pid=105376) stat_writer /opt/stack/data/venv/lib/python3.12/site-packages/dbcounter.py:115}}
Feb 17 02:24:36.766674 np0000155916 neutron-periodic-workers[105367]: DEBUG dbcounter [-] [105367] Writing DB stats neutron:SELECT=3 {{(pid=105367) stat_writer /opt/stack/data/venv/lib/python3.12/site-packages/dbcounter.py:115}}
Feb 17 02:24:54.794839 np0000155916 neutron-periodic-workers[105376]: DEBUG neutron.db.agents_db [None req-12f6e3fc-810d-480f-95c4-02cc5d255625 None None] Agent healthcheck: found 0 active agents {{(pid=105376) agent_health_check /opt/stack/neutron/neutron/db/agents_db.py:317}}
Feb 17 02:24:54.795693 np0000155916 neutron-periodic-workers[105376]: DEBUG oslo.service.backend._threading.loopingcall [None req-12f6e3fc-810d-480f-95c4-02cc5d255625 None None] Fixed interval looping call 'neutron.plugins.ml2.plugin.AgentDbMixin.agent_health_check' sleeping for 36.99 seconds {{(pid=105376) _run_loop /opt/stack/data/venv/lib/python3.12/site-packages/oslo_service/backend/_threading/loopingcall.py:125}}
Feb 17 02:25:03.766336 np0000155916 neutron-periodic-workers[105367]: DEBUG oslo.service.backend._threading.loopingcall [None req-f691e971-e76a-4922-a44d-844909688ba9 None None] Fixed interval looping call 'neutron.plugins.ml2.plugin.DhcpAgentSchedulerDbMixin.remove_networks_from_down_agents' sleeping for 36.99 seconds {{(pid=105367) _run_loop /opt/stack/data/venv/lib/python3.12/site-packages/oslo_service/backend/_threading/loopingcall.py:125}}
Feb 17 02:25:04.792746 np0000155916 neutron-periodic-workers[105376]: DEBUG dbcounter [-] [105376] Writing DB stats neutron:SELECT=1 {{(pid=105376) stat_writer /opt/stack/data/venv/lib/python3.12/site-packages/dbcounter.py:115}}
Feb 17 02:25:13.765712 np0000155916 neutron-periodic-workers[105367]: DEBUG dbcounter [-] [105367] Writing DB stats neutron:SELECT=3 {{(pid=105367) stat_writer /opt/stack/data/venv/lib/python3.12/site-packages/dbcounter.py:115}}
Feb 17 02:25:20.788469 np0000155916 neutron-periodic-workers[105387]: DEBUG oslo.service.backend._threading.loopingcall [None req-5d900a2a-6f31-475e-8337-699d347af0c7 None None] Fixed interval looping call 'neutron.db.quota.driver_nolock.DbQuotaNoLockDriver._remove_expired_reservations' sleeping for 120.00 seconds {{(pid=105387) _run_loop /opt/stack/data/venv/lib/python3.12/site-packages/oslo_service/backend/_threading/loopingcall.py:125}}
Feb 17 02:25:30.787157 np0000155916 neutron-periodic-workers[105387]: DEBUG dbcounter [-] [105387] Writing DB stats neutron:DELETE=1 {{(pid=105387) stat_writer /opt/stack/data/venv/lib/python3.12/site-packages/dbcounter.py:115}}
Feb 17 02:25:31.791251 np0000155916 neutron-periodic-workers[105376]: DEBUG neutron.db.agents_db [None req-12f6e3fc-810d-480f-95c4-02cc5d255625 None None] Agent healthcheck: found 0 active agents {{(pid=105376) agent_health_check /opt/stack/neutron/neutron/db/agents_db.py:317}}
Feb 17 02:25:31.791923 np0000155916 neutron-periodic-workers[105376]: DEBUG oslo.service.backend._threading.loopingcall [None req-12f6e3fc-810d-480f-95c4-02cc5d255625 None None] Fixed interval looping call 'neutron.plugins.ml2.plugin.AgentDbMixin.agent_health_check' sleeping for 36.99 seconds {{(pid=105376) _run_loop /opt/stack/data/venv/lib/python3.12/site-packages/oslo_service/backend/_threading/loopingcall.py:125}}
Feb 17 02:25:40.769475 np0000155916 neutron-periodic-workers[105367]: DEBUG oslo.service.backend._threading.loopingcall [None req-f691e971-e76a-4922-a44d-844909688ba9 None None] Fixed interval looping call 'neutron.plugins.ml2.plugin.DhcpAgentSchedulerDbMixin.remove_networks_from_down_agents' sleeping for 36.99 seconds {{(pid=105367) _run_loop /opt/stack/data/venv/lib/python3.12/site-packages/oslo_service/backend/_threading/loopingcall.py:125}}
Feb 17 02:25:41.788978 np0000155916 neutron-periodic-workers[105376]: DEBUG dbcounter [-] [105376] Writing DB stats neutron:SELECT=1 {{(pid=105376) stat_writer /opt/stack/data/venv/lib/python3.12/site-packages/dbcounter.py:115}}
Feb 17 02:25:41.856849 np0000155916 neutron-periodic-workers[105400]: DEBUG dbcounter [-] [105400] Writer thread running {{(pid=105400) stat_writer /opt/stack/data/venv/lib/python3.12/site-packages/dbcounter.py:102}}
Feb 17 02:25:41.910587 np0000155916 neutron-periodic-workers[105400]: DEBUG oslo.service.backend._threading.loopingcall [None req-12737c37-9878-43f0-928d-8d6ecd522ef1 None None] Fixed interval looping call 'neutron.services.ovn_l3.plugin.L3_NAT_dbonly_mixin._clean_garbage' sleeping for 299.91 seconds {{(pid=105400) _run_loop /opt/stack/data/venv/lib/python3.12/site-packages/oslo_service/backend/_threading/loopingcall.py:125}}
Feb 17 02:25:50.765668 np0000155916 neutron-periodic-workers[105367]: DEBUG dbcounter [-] [105367] Writing DB stats neutron:SELECT=3 {{(pid=105367) stat_writer /opt/stack/data/venv/lib/python3.12/site-packages/dbcounter.py:115}}
Feb 17 02:25:51.858058 np0000155916 neutron-periodic-workers[105400]: DEBUG dbcounter [-] [105400] Writing DB stats neutron:SELECT=1 {{(pid=105400) stat_writer /opt/stack/data/venv/lib/python3.12/site-packages/dbcounter.py:115}}
Feb 17 02:26:08.787168 np0000155916 neutron-periodic-workers[105376]: DEBUG neutron.db.agents_db [None req-12f6e3fc-810d-480f-95c4-02cc5d255625 None None] Agent healthcheck: found 0 active agents {{(pid=105376) agent_health_check /opt/stack/neutron/neutron/db/agents_db.py:317}}
Feb 17 02:26:08.787961 np0000155916 neutron-periodic-workers[105376]: DEBUG oslo.service.backend._threading.loopingcall [None req-12f6e3fc-810d-480f-95c4-02cc5d255625 None None] Fixed interval looping call 'neutron.plugins.ml2.plugin.AgentDbMixin.agent_health_check' sleeping for 36.99 seconds {{(pid=105376) _run_loop /opt/stack/data/venv/lib/python3.12/site-packages/oslo_service/backend/_threading/loopingcall.py:125}}
Feb 17 02:26:17.769780 np0000155916 neutron-periodic-workers[105367]: DEBUG oslo.service.backend._threading.loopingcall [None req-f691e971-e76a-4922-a44d-844909688ba9 None None] Fixed interval looping call 'neutron.plugins.ml2.plugin.DhcpAgentSchedulerDbMixin.remove_networks_from_down_agents' sleeping for 36.99 seconds {{(pid=105367) _run_loop /opt/stack/data/venv/lib/python3.12/site-packages/oslo_service/backend/_threading/loopingcall.py:125}}
Feb 17 02:26:18.786056 np0000155916 neutron-periodic-workers[105376]: DEBUG dbcounter [-] [105376] Writing DB stats neutron:SELECT=1 {{(pid=105376) stat_writer /opt/stack/data/venv/lib/python3.12/site-packages/dbcounter.py:115}}
Feb 17 02:26:27.768142 np0000155916 neutron-periodic-workers[105367]: DEBUG dbcounter [-] [105367] Writing DB stats neutron:SELECT=3 {{(pid=105367) stat_writer /opt/stack/data/venv/lib/python3.12/site-packages/dbcounter.py:115}}
Feb 17 02:26:45.782685 np0000155916 neutron-periodic-workers[105376]: DEBUG neutron.db.agents_db [None req-12f6e3fc-810d-480f-95c4-02cc5d255625 None None] Agent healthcheck: found 0 active agents {{(pid=105376) agent_health_check /opt/stack/neutron/neutron/db/agents_db.py:317}}
Feb 17 02:26:45.783230 np0000155916 neutron-periodic-workers[105376]: DEBUG oslo.service.backend._threading.loopingcall [None req-12f6e3fc-810d-480f-95c4-02cc5d255625 None None] Fixed interval looping call 'neutron.plugins.ml2.plugin.AgentDbMixin.agent_health_check' sleeping for 36.99 seconds {{(pid=105376) _run_loop /opt/stack/data/venv/lib/python3.12/site-packages/oslo_service/backend/_threading/loopingcall.py:125}}
Feb 17 02:26:54.773979 np0000155916 neutron-periodic-workers[105367]: DEBUG oslo.service.backend._threading.loopingcall [None req-f691e971-e76a-4922-a44d-844909688ba9 None None] Fixed interval looping call 'neutron.plugins.ml2.plugin.DhcpAgentSchedulerDbMixin.remove_networks_from_down_agents' sleeping for 36.99 seconds {{(pid=105367) _run_loop /opt/stack/data/venv/lib/python3.12/site-packages/oslo_service/backend/_threading/loopingcall.py:125}}
Feb 17 02:26:55.781284 np0000155916 neutron-periodic-workers[105376]: DEBUG dbcounter [-] [105376] Writing DB stats neutron:SELECT=1 {{(pid=105376) stat_writer /opt/stack/data/venv/lib/python3.12/site-packages/dbcounter.py:115}}
Feb 17 02:27:04.771953 np0000155916 neutron-periodic-workers[105367]: DEBUG dbcounter [-] [105367] Writing DB stats neutron:SELECT=3 {{(pid=105367) stat_writer /opt/stack/data/venv/lib/python3.12/site-packages/dbcounter.py:115}}
Feb 17 02:27:20.792241 np0000155916 neutron-periodic-workers[105387]: DEBUG oslo.service.backend._threading.loopingcall [None req-5d900a2a-6f31-475e-8337-699d347af0c7 None None] Fixed interval looping call 'neutron.db.quota.driver_nolock.DbQuotaNoLockDriver._remove_expired_reservations' sleeping for 120.00 seconds {{(pid=105387) _run_loop /opt/stack/data/venv/lib/python3.12/site-packages/oslo_service/backend/_threading/loopingcall.py:125}}
Feb 17 02:27:22.776690 np0000155916 neutron-periodic-workers[105376]: DEBUG neutron.db.agents_db [None req-12f6e3fc-810d-480f-95c4-02cc5d255625 None None] Agent healthcheck: found 0 active agents {{(pid=105376) agent_health_check /opt/stack/neutron/neutron/db/agents_db.py:317}}
Feb 17 02:27:22.777178 np0000155916 neutron-periodic-workers[105376]: DEBUG oslo.service.backend._threading.loopingcall [None req-12f6e3fc-810d-480f-95c4-02cc5d255625 None None] Fixed interval looping call 'neutron.plugins.ml2.plugin.AgentDbMixin.agent_health_check' sleeping for 37.00 seconds {{(pid=105376) _run_loop /opt/stack/data/venv/lib/python3.12/site-packages/oslo_service/backend/_threading/loopingcall.py:125}}
Feb 17 02:27:30.791773 np0000155916 neutron-periodic-workers[105387]: DEBUG dbcounter [-] [105387] Writing DB stats neutron:DELETE=1 {{(pid=105387) stat_writer /opt/stack/data/venv/lib/python3.12/site-packages/dbcounter.py:115}}
Feb 17 02:27:31.773385 np0000155916 neutron-periodic-workers[105367]: DEBUG oslo.service.backend._threading.loopingcall [None req-f691e971-e76a-4922-a44d-844909688ba9 None None] Fixed interval looping call 'neutron.plugins.ml2.plugin.DhcpAgentSchedulerDbMixin.remove_networks_from_down_agents' sleeping for 36.99 seconds {{(pid=105367) _run_loop /opt/stack/data/venv/lib/python3.12/site-packages/oslo_service/backend/_threading/loopingcall.py:125}}
Feb 17 02:27:32.776456 np0000155916 neutron-periodic-workers[105376]: DEBUG dbcounter [-] [105376] Writing DB stats neutron:SELECT=1 {{(pid=105376) stat_writer /opt/stack/data/venv/lib/python3.12/site-packages/dbcounter.py:115}}
Feb 17 02:27:41.771934 np0000155916 neutron-periodic-workers[105367]: DEBUG dbcounter [-] [105367] Writing DB stats neutron:SELECT=3 {{(pid=105367) stat_writer /opt/stack/data/venv/lib/python3.12/site-packages/dbcounter.py:115}}
Feb 17 02:27:59.782951 np0000155916 neutron-periodic-workers[105376]: DEBUG neutron.db.agents_db [None req-12f6e3fc-810d-480f-95c4-02cc5d255625 None None] Agent healthcheck: found 0 active agents {{(pid=105376) agent_health_check /opt/stack/neutron/neutron/db/agents_db.py:317}}
Feb 17 02:27:59.783939 np0000155916 neutron-periodic-workers[105376]: DEBUG oslo.service.backend._threading.loopingcall [None req-12f6e3fc-810d-480f-95c4-02cc5d255625 None None] Fixed interval looping call 'neutron.plugins.ml2.plugin.AgentDbMixin.agent_health_check' sleeping for 36.99 seconds {{(pid=105376) _run_loop /opt/stack/data/venv/lib/python3.12/site-packages/oslo_service/backend/_threading/loopingcall.py:125}}
Feb 17 02:28:08.773776 np0000155916 neutron-periodic-workers[105367]: DEBUG oslo.service.backend._threading.loopingcall [None req-f691e971-e76a-4922-a44d-844909688ba9 None None] Fixed interval looping call 'neutron.plugins.ml2.plugin.DhcpAgentSchedulerDbMixin.remove_networks_from_down_agents' sleeping for 36.99 seconds {{(pid=105367) _run_loop /opt/stack/data/venv/lib/python3.12/site-packages/oslo_service/backend/_threading/loopingcall.py:125}}
Feb 17 02:28:09.781126 np0000155916 neutron-periodic-workers[105376]: DEBUG dbcounter [-] [105376] Writing DB stats neutron:SELECT=1 {{(pid=105376) stat_writer /opt/stack/data/venv/lib/python3.12/site-packages/dbcounter.py:115}}
Feb 17 02:28:18.771574 np0000155916 neutron-periodic-workers[105367]: DEBUG dbcounter [-] [105367] Writing DB stats neutron:SELECT=3 {{(pid=105367) stat_writer /opt/stack/data/venv/lib/python3.12/site-packages/dbcounter.py:115}}
Feb 17 02:28:36.778935 np0000155916 neutron-periodic-workers[105376]: DEBUG neutron.db.agents_db [None req-12f6e3fc-810d-480f-95c4-02cc5d255625 None None] Agent healthcheck: found 0 active agents {{(pid=105376) agent_health_check /opt/stack/neutron/neutron/db/agents_db.py:317}}
Feb 17 02:28:36.779680 np0000155916 neutron-periodic-workers[105376]: DEBUG oslo.service.backend._threading.loopingcall [None req-12f6e3fc-810d-480f-95c4-02cc5d255625 None None] Fixed interval looping call 'neutron.plugins.ml2.plugin.AgentDbMixin.agent_health_check' sleeping for 36.99 seconds {{(pid=105376) _run_loop /opt/stack/data/venv/lib/python3.12/site-packages/oslo_service/backend/_threading/loopingcall.py:125}}
Feb 17 02:28:45.770243 np0000155916 neutron-periodic-workers[105367]: DEBUG oslo.service.backend._threading.loopingcall [None req-f691e971-e76a-4922-a44d-844909688ba9 None None] Fixed interval looping call 'neutron.plugins.ml2.plugin.DhcpAgentSchedulerDbMixin.remove_networks_from_down_agents' sleeping for 36.99 seconds {{(pid=105367) _run_loop /opt/stack/data/venv/lib/python3.12/site-packages/oslo_service/backend/_threading/loopingcall.py:125}}
Feb 17 02:28:46.777251 np0000155916 neutron-periodic-workers[105376]: DEBUG dbcounter [-] [105376] Writing DB stats neutron:SELECT=1 {{(pid=105376) stat_writer /opt/stack/data/venv/lib/python3.12/site-packages/dbcounter.py:115}}
Feb 17 02:28:55.769514 np0000155916 neutron-periodic-workers[105367]: DEBUG dbcounter [-] [105367] Writing DB stats neutron:SELECT=3 {{(pid=105367) stat_writer /opt/stack/data/venv/lib/python3.12/site-packages/dbcounter.py:115}}
Feb 17 02:29:13.774245 np0000155916 neutron-periodic-workers[105376]: DEBUG neutron.db.agents_db [None req-12f6e3fc-810d-480f-95c4-02cc5d255625 None None] Agent healthcheck: found 0 active agents {{(pid=105376) agent_health_check /opt/stack/neutron/neutron/db/agents_db.py:317}}
Feb 17 02:29:13.774787 np0000155916 neutron-periodic-workers[105376]: DEBUG oslo.service.backend._threading.loopingcall [None req-12f6e3fc-810d-480f-95c4-02cc5d255625 None None] Fixed interval looping call 'neutron.plugins.ml2.plugin.AgentDbMixin.agent_health_check' sleeping for 36.99 seconds {{(pid=105376) _run_loop /opt/stack/data/venv/lib/python3.12/site-packages/oslo_service/backend/_threading/loopingcall.py:125}}
Feb 17 02:29:20.797475 np0000155916 neutron-periodic-workers[105387]: DEBUG oslo.service.backend._threading.loopingcall [None req-5d900a2a-6f31-475e-8337-699d347af0c7 None None] Fixed interval looping call 'neutron.db.quota.driver_nolock.DbQuotaNoLockDriver._remove_expired_reservations' sleeping for 120.00 seconds {{(pid=105387) _run_loop /opt/stack/data/venv/lib/python3.12/site-packages/oslo_service/backend/_threading/loopingcall.py:125}}
Feb 17 02:29:22.768454 np0000155916 neutron-periodic-workers[105367]: DEBUG oslo.service.backend._threading.loopingcall [None req-f691e971-e76a-4922-a44d-844909688ba9 None None] Fixed interval looping call 'neutron.plugins.ml2.plugin.DhcpAgentSchedulerDbMixin.remove_networks_from_down_agents' sleeping for 36.99 seconds {{(pid=105367) _run_loop /opt/stack/data/venv/lib/python3.12/site-packages/oslo_service/backend/_threading/loopingcall.py:125}}
Feb 17 02:29:23.772736 np0000155916 neutron-periodic-workers[105376]: DEBUG dbcounter [-] [105376] Writing DB stats neutron:SELECT=1 {{(pid=105376) stat_writer /opt/stack/data/venv/lib/python3.12/site-packages/dbcounter.py:115}}
Feb 17 02:29:30.796080 np0000155916 neutron-periodic-workers[105387]: DEBUG dbcounter [-] [105387] Writing DB stats neutron:DELETE=1 {{(pid=105387) stat_writer /opt/stack/data/venv/lib/python3.12/site-packages/dbcounter.py:115}}
Feb 17 02:29:32.767602 np0000155916 neutron-periodic-workers[105367]: DEBUG dbcounter [-] [105367] Writing DB stats neutron:SELECT=3 {{(pid=105367) stat_writer /opt/stack/data/venv/lib/python3.12/site-packages/dbcounter.py:115}}
Feb 17 02:29:50.769906 np0000155916 neutron-periodic-workers[105376]: DEBUG neutron.db.agents_db [None req-12f6e3fc-810d-480f-95c4-02cc5d255625 None None] Agent healthcheck: found 0 active agents {{(pid=105376) agent_health_check /opt/stack/neutron/neutron/db/agents_db.py:317}}
Feb 17 02:29:50.770581 np0000155916 neutron-periodic-workers[105376]: DEBUG oslo.service.backend._threading.loopingcall [None req-12f6e3fc-810d-480f-95c4-02cc5d255625 None None] Fixed interval looping call 'neutron.plugins.ml2.plugin.AgentDbMixin.agent_health_check' sleeping for 36.99 seconds {{(pid=105376) _run_loop /opt/stack/data/venv/lib/python3.12/site-packages/oslo_service/backend/_threading/loopingcall.py:125}}
Feb 17 02:29:59.768010 np0000155916 neutron-periodic-workers[105367]: DEBUG oslo.service.backend._threading.loopingcall [None req-f691e971-e76a-4922-a44d-844909688ba9 None None] Fixed interval looping call 'neutron.plugins.ml2.plugin.DhcpAgentSchedulerDbMixin.remove_networks_from_down_agents' sleeping for 36.99 seconds {{(pid=105367) _run_loop /opt/stack/data/venv/lib/python3.12/site-packages/oslo_service/backend/_threading/loopingcall.py:125}}
Feb 17 02:30:00.768365 np0000155916 neutron-periodic-workers[105376]: DEBUG dbcounter [-] [105376] Writing DB stats neutron:SELECT=1 {{(pid=105376) stat_writer /opt/stack/data/venv/lib/python3.12/site-packages/dbcounter.py:115}}
Feb 17 02:30:09.767030 np0000155916 neutron-periodic-workers[105367]: DEBUG dbcounter [-] [105367] Writing DB stats neutron:SELECT=3 {{(pid=105367) stat_writer /opt/stack/data/venv/lib/python3.12/site-packages/dbcounter.py:115}}
Feb 17 02:30:27.767596 np0000155916 neutron-periodic-workers[105376]: DEBUG neutron.db.agents_db [None req-12f6e3fc-810d-480f-95c4-02cc5d255625 None None] Agent healthcheck: found 0 active agents {{(pid=105376) agent_health_check /opt/stack/neutron/neutron/db/agents_db.py:317}}
Feb 17 02:30:27.768174 np0000155916 neutron-periodic-workers[105376]: DEBUG oslo.service.backend._threading.loopingcall [None req-12f6e3fc-810d-480f-95c4-02cc5d255625 None None] Fixed interval looping call 'neutron.plugins.ml2.plugin.AgentDbMixin.agent_health_check' sleeping for 36.99 seconds {{(pid=105376) _run_loop /opt/stack/data/venv/lib/python3.12/site-packages/oslo_service/backend/_threading/loopingcall.py:125}}
Feb 17 02:30:36.771266 np0000155916 neutron-periodic-workers[105367]: DEBUG oslo.service.backend._threading.loopingcall [None req-f691e971-e76a-4922-a44d-844909688ba9 None None] Fixed interval looping call 'neutron.plugins.ml2.plugin.DhcpAgentSchedulerDbMixin.remove_networks_from_down_agents' sleeping for 36.99 seconds {{(pid=105367) _run_loop /opt/stack/data/venv/lib/python3.12/site-packages/oslo_service/backend/_threading/loopingcall.py:125}}
Feb 17 02:30:37.765667 np0000155916 neutron-periodic-workers[105376]: DEBUG dbcounter [-] [105376] Writing DB stats neutron:SELECT=1 {{(pid=105376) stat_writer /opt/stack/data/venv/lib/python3.12/site-packages/dbcounter.py:115}}
Feb 17 02:30:41.836021 np0000155916 neutron-periodic-workers[105400]: DEBUG oslo.service.backend._threading.loopingcall [None req-12737c37-9878-43f0-928d-8d6ecd522ef1 None None] Fixed interval looping call 'neutron.services.ovn_l3.plugin.L3_NAT_dbonly_mixin._clean_garbage' sleeping for 299.99 seconds {{(pid=105400) _run_loop /opt/stack/data/venv/lib/python3.12/site-packages/oslo_service/backend/_threading/loopingcall.py:125}}
Feb 17 02:30:46.770121 np0000155916 neutron-periodic-workers[105367]: DEBUG dbcounter [-] [105367] Writing DB stats neutron:SELECT=3 {{(pid=105367) stat_writer /opt/stack/data/venv/lib/python3.12/site-packages/dbcounter.py:115}}
Feb 17 02:30:51.826649 np0000155916 neutron-periodic-workers[105400]: DEBUG dbcounter [-] [105400] Writing DB stats neutron:SELECT=1 {{(pid=105400) stat_writer /opt/stack/data/venv/lib/python3.12/site-packages/dbcounter.py:115}}
Feb 17 02:31:04.763850 np0000155916 neutron-periodic-workers[105376]: DEBUG neutron.db.agents_db [None req-12f6e3fc-810d-480f-95c4-02cc5d255625 None None] Agent healthcheck: found 0 active agents {{(pid=105376) agent_health_check /opt/stack/neutron/neutron/db/agents_db.py:317}}
Feb 17 02:31:04.764480 np0000155916 neutron-periodic-workers[105376]: DEBUG oslo.service.backend._threading.loopingcall [None req-12f6e3fc-810d-480f-95c4-02cc5d255625 None None] Fixed interval looping call 'neutron.plugins.ml2.plugin.AgentDbMixin.agent_health_check' sleeping for 36.99 seconds {{(pid=105376) _run_loop /opt/stack/data/venv/lib/python3.12/site-packages/oslo_service/backend/_threading/loopingcall.py:125}}
Feb 17 02:31:13.769642 np0000155916 neutron-periodic-workers[105367]: DEBUG oslo.service.backend._threading.loopingcall [None req-f691e971-e76a-4922-a44d-844909688ba9 None None] Fixed interval looping call 'neutron.plugins.ml2.plugin.DhcpAgentSchedulerDbMixin.remove_networks_from_down_agents' sleeping for 36.99 seconds {{(pid=105367) _run_loop /opt/stack/data/venv/lib/python3.12/site-packages/oslo_service/backend/_threading/loopingcall.py:125}}
Feb 17 02:31:14.761772 np0000155916 neutron-periodic-workers[105376]: DEBUG dbcounter [-] [105376] Writing DB stats neutron:SELECT=1 {{(pid=105376) stat_writer /opt/stack/data/venv/lib/python3.12/site-packages/dbcounter.py:115}}
Feb 17 02:31:20.802358 np0000155916 neutron-periodic-workers[105387]: DEBUG oslo.service.backend._threading.loopingcall [None req-5d900a2a-6f31-475e-8337-699d347af0c7 None None] Fixed interval looping call 'neutron.db.quota.driver_nolock.DbQuotaNoLockDriver._remove_expired_reservations' sleeping for 120.00 seconds {{(pid=105387) _run_loop /opt/stack/data/venv/lib/python3.12/site-packages/oslo_service/backend/_threading/loopingcall.py:125}}
Feb 17 02:31:23.768319 np0000155916 neutron-periodic-workers[105367]: DEBUG dbcounter [-] [105367] Writing DB stats neutron:SELECT=3 {{(pid=105367) stat_writer /opt/stack/data/venv/lib/python3.12/site-packages/dbcounter.py:115}}
Feb 17 02:31:30.801144 np0000155916 neutron-periodic-workers[105387]: DEBUG dbcounter [-] [105387] Writing DB stats neutron:DELETE=1 {{(pid=105387) stat_writer /opt/stack/data/venv/lib/python3.12/site-packages/dbcounter.py:115}}
Feb 17 02:31:41.758314 np0000155916 neutron-periodic-workers[105376]: DEBUG neutron.db.agents_db [None req-12f6e3fc-810d-480f-95c4-02cc5d255625 None None] Agent healthcheck: found 0 active agents {{(pid=105376) agent_health_check /opt/stack/neutron/neutron/db/agents_db.py:317}}
