Mar 30 14:17:19.146900 np0000161228 devstack@neutron-api.service[102296]: DEBUG neutron.api.extensions [None req-b5e5bdac-4d3f-4b3a-b4be-5ff076219b54 None None] Ext name="Details of QoS rule types" alias="qos-rule-type-details" description="Expose details about QoS rule types supported by loaded backend drivers" updated="2017-06-22T10:00:00-00:00" {{(pid=102296) _check_extension /opt/stack/neutron/neutron/api/extensions.py:415}}
Mar 30 14:17:19.147030 np0000161228 devstack@neutron-api.service[102296]: INFO neutron.api.extensions [None req-b5e5bdac-4d3f-4b3a-b4be-5ff076219b54 None None] Extension qos-rule-type-details not supported by any of loaded plugins
Mar 30 14:17:19.147135 np0000161228 devstack@neutron-api.service[102296]: DEBUG neutron.api.extensions [None req-b5e5bdac-4d3f-4b3a-b4be-5ff076219b54 None None] Loading extension file: qos_rule_type_filter.py {{(pid=102296) _load_all_extensions_from_path /opt/stack/neutron/neutron/api/extensions.py:449}}
Mar 30 14:17:19.147421 np0000161228 devstack@neutron-api.service[102296]: DEBUG neutron.api.extensions [None req-b5e5bdac-4d3f-4b3a-b4be-5ff076219b54 None None] Ext name="Allow to filter the list of QoS rule types" alias="qos-rule-type-filter" description="Allows to filter the QoS rule type list adding two new flags. "all_rules" prints all implemented QoS rule types."all_supported" prints all supported QoS rule types by the loaded mechanism drivers" updated="2022-02-02T10:00:00-00:00" {{(pid=102296) _check_extension /opt/stack/neutron/neutron/api/extensions.py:415}}
Mar 30 14:17:19.147534 np0000161228 devstack@neutron-api.service[102296]: INFO neutron.api.extensions [None req-b5e5bdac-4d3f-4b3a-b4be-5ff076219b54 None None] Extension qos-rule-type-filter not supported by any of loaded plugins
Mar 30 14:17:19.147626 np0000161228 devstack@neutron-api.service[102296]: DEBUG neutron.api.extensions [None req-b5e5bdac-4d3f-4b3a-b4be-5ff076219b54 None None] Loading extension file: qos_rules_alias.py {{(pid=102296) _load_all_extensions_from_path /opt/stack/neutron/neutron/api/extensions.py:449}}
Mar 30 14:17:19.147871 np0000161228 devstack@neutron-api.service[102296]: DEBUG neutron.api.extensions [None req-b5e5bdac-4d3f-4b3a-b4be-5ff076219b54 None None] Ext name="Quality of Service rules alias API" alias="qos-rules-alias" description="API to enable GET, PUT and DELETE operations on QoS policy rules without specifying policy ID" updated="2018-10-07T10:00:00-00:00" {{(pid=102296) _check_extension /opt/stack/neutron/neutron/api/extensions.py:415}}
Mar 30 14:17:19.148038 np0000161228 devstack@neutron-api.service[102296]: INFO neutron.api.extensions [None req-b5e5bdac-4d3f-4b3a-b4be-5ff076219b54 None None] Extension qos-rules-alias not supported by any of loaded plugins
Mar 30 14:17:19.148132 np0000161228 devstack@neutron-api.service[102295]: DEBUG neutron.services.provider_configuration [None req-74a219a7-f2ad-4c2e-94de-560251f65092 None None] Service providers = [] {{(pid=102295) parse_service_provider_opt /opt/stack/neutron/neutron/services/provider_configuration.py:170}}
Mar 30 14:17:19.148158 np0000161228 devstack@neutron-api.service[102296]: DEBUG neutron.api.extensions [None req-b5e5bdac-4d3f-4b3a-b4be-5ff076219b54 None None] Loading extension file: quota_check_limit.py {{(pid=102296) _load_all_extensions_from_path /opt/stack/neutron/neutron/api/extensions.py:449}}
Mar 30 14:17:19.148228 np0000161228 devstack@neutron-api.service[102295]: DEBUG neutron.db.servicetype_db [None req-74a219a7-f2ad-4c2e-94de-560251f65092 None None] Adding provider configuration for service L3_ROUTER_NAT {{(pid=102295) add_provider_configuration /opt/stack/neutron/neutron/db/servicetype_db.py:42}}
Mar 30 14:17:19.148365 np0000161228 devstack@neutron-api.service[102296]: DEBUG neutron.api.extensions [None req-b5e5bdac-4d3f-4b3a-b4be-5ff076219b54 None None] Ext name="Quota engine limit check" alias="quota-check-limit" description="Support for checking the resource usage before applying a new quota limit" updated="2021-09-08T16:00:00-00:00" {{(pid=102296) _check_extension /opt/stack/neutron/neutron/api/extensions.py:415}}
Mar 30 14:17:19.148551 np0000161228 devstack@neutron-api.service[102296]: INFO neutron.api.extensions [None req-b5e5bdac-4d3f-4b3a-b4be-5ff076219b54 None None] Loaded extension: quota-check-limit
Mar 30 14:17:19.148671 np0000161228 devstack@neutron-api.service[102296]: DEBUG neutron.api.extensions [None req-b5e5bdac-4d3f-4b3a-b4be-5ff076219b54 None None] Loading extension file: quota_check_limit_default.py {{(pid=102296) _load_all_extensions_from_path /opt/stack/neutron/neutron/api/extensions.py:449}}
Mar 30 14:17:19.148909 np0000161228 devstack@neutron-api.service[102296]: DEBUG neutron.api.extensions [None req-b5e5bdac-4d3f-4b3a-b4be-5ff076219b54 None None] Ext name="Quota engine limit check by default" alias="quota-check-limit-default" description="By default, the Neutron quota engine checks the resource usage before applying a new quota limit" updated="2024-08-21T16:00:00-00:00" {{(pid=102296) _check_extension /opt/stack/neutron/neutron/api/extensions.py:415}}
Mar 30 14:17:19.148990 np0000161228 devstack@neutron-api.service[102297]: INFO ovsdbapp.backend.ovs_idl.vlog [None req-4a35f1a3-a039-44d4-8fdb-049a28ac6e84 None None] ssl:199.19.213.21:6642: connected
Mar 30 14:17:19.149104 np0000161228 devstack@neutron-api.service[102296]: INFO neutron.api.extensions [None req-b5e5bdac-4d3f-4b3a-b4be-5ff076219b54 None None] Loaded extension: quota-check-limit-default
Mar 30 14:17:19.149196 np0000161228 devstack@neutron-api.service[102296]: DEBUG neutron.api.extensions [None req-b5e5bdac-4d3f-4b3a-b4be-5ff076219b54 None None] Loading extension file: quotasv2.py {{(pid=102296) _load_all_extensions_from_path /opt/stack/neutron/neutron/api/extensions.py:449}}
Mar 30 14:17:19.149567 np0000161228 devstack@neutron-api.service[102295]: DEBUG neutron_lib.callbacks.manager [None req-74a219a7-f2ad-4c2e-94de-560251f65092 None None] Subscribe: > router precommit_create 55549900, False {{(pid=102295) subscribe /opt/stack/data/venv/lib/python3.12/site-packages/neutron_lib/callbacks/manager.py:52}}
Mar 30 14:17:19.149707 np0000161228 devstack@neutron-api.service[102295]: DEBUG neutron_lib.callbacks.manager [None req-74a219a7-f2ad-4c2e-94de-560251f65092 None None] Subscribe: > router_interface after_create 55550000, False {{(pid=102295) subscribe /opt/stack/data/venv/lib/python3.12/site-packages/neutron_lib/callbacks/manager.py:52}}
Mar 30 14:17:19.149807 np0000161228 devstack@neutron-api.service[102295]: DEBUG neutron_lib.callbacks.manager [None req-74a219a7-f2ad-4c2e-94de-560251f65092 None None] Subscribe: > floatingip after_create 55550000, False {{(pid=102295) subscribe /opt/stack/data/venv/lib/python3.12/site-packages/neutron_lib/callbacks/manager.py:52}}
Mar 30 14:17:19.149837 np0000161228 devstack@neutron-api.service[102296]: DEBUG neutron.api.extensions [None req-b5e5bdac-4d3f-4b3a-b4be-5ff076219b54 None None] Ext name="Quota management support" alias="quotas" description="Expose functions for quotas management per project" updated="2012-07-29T10:00:00-00:00" {{(pid=102296) _check_extension /opt/stack/neutron/neutron/api/extensions.py:415}}
Mar 30 14:17:19.149923 np0000161228 devstack@neutron-api.service[102296]: INFO neutron.api.extensions [None req-b5e5bdac-4d3f-4b3a-b4be-5ff076219b54 None None] Loaded extension: quotas
Mar 30 14:17:19.149979 np0000161228 devstack@neutron-api.service[102295]: DEBUG neutron_lib.callbacks.manager [None req-74a219a7-f2ad-4c2e-94de-560251f65092 None None] Subscribe: > floatingip precommit_create 55550000, False {{(pid=102295) subscribe /opt/stack/data/venv/lib/python3.12/site-packages/neutron_lib/callbacks/manager.py:52}}
Mar 30 14:17:19.150028 np0000161228 devstack@neutron-api.service[102296]: DEBUG neutron.api.extensions [None req-b5e5bdac-4d3f-4b3a-b4be-5ff076219b54 None None] Loading extension file: quotasv2_detail.py {{(pid=102296) _load_all_extensions_from_path /opt/stack/neutron/neutron/api/extensions.py:449}}
Mar 30 14:17:19.150099 np0000161228 devstack@neutron-api.service[102295]: DEBUG neutron_lib.callbacks.manager [None req-74a219a7-f2ad-4c2e-94de-560251f65092 None None] Subscribe: > floatingip precommit_update 55550000, False {{(pid=102295) subscribe /opt/stack/data/venv/lib/python3.12/site-packages/neutron_lib/callbacks/manager.py:52}}
Mar 30 14:17:19.150166 np0000161228 devstack@neutron-api.service[102295]: DEBUG neutron_lib.callbacks.manager [None req-74a219a7-f2ad-4c2e-94de-560251f65092 None None] Subscribe: > floatingip after_delete 55550000, False {{(pid=102295) subscribe /opt/stack/data/venv/lib/python3.12/site-packages/neutron_lib/callbacks/manager.py:52}}
Mar 30 14:17:19.150280 np0000161228 devstack@neutron-api.service[102295]: DEBUG neutron_lib.callbacks.manager [None req-74a219a7-f2ad-4c2e-94de-560251f65092 None None] Subscribe: > floatingip after_status_update 55550000, False {{(pid=102295) subscribe /opt/stack/data/venv/lib/python3.12/site-packages/neutron_lib/callbacks/manager.py:52}}
Mar 30 14:17:19.150405 np0000161228 devstack@neutron-api.service[102296]: DEBUG neutron.api.extensions [None req-b5e5bdac-4d3f-4b3a-b4be-5ff076219b54 None None] Ext name="Quota details management support" alias="quota_details" description="Expose functions for quotas usage statistics per project" updated="2017-02-10T10:00:00-00:00" {{(pid=102296) _check_extension /opt/stack/neutron/neutron/api/extensions.py:415}}
Mar 30 14:17:19.150448 np0000161228 devstack@neutron-api.service[102295]: DEBUG neutron_lib.callbacks.manager [None req-74a219a7-f2ad-4c2e-94de-560251f65092 None None] Subscribe: > floatingip after_update 55550000, False {{(pid=102295) subscribe /opt/stack/data/venv/lib/python3.12/site-packages/neutron_lib/callbacks/manager.py:52}}
Mar 30 14:17:19.150520 np0000161228 devstack@neutron-api.service[102296]: INFO neutron.api.extensions [None req-b5e5bdac-4d3f-4b3a-b4be-5ff076219b54 None None] Loaded extension: quota_details
Mar 30 14:17:19.150569 np0000161228 devstack@neutron-api.service[102295]: DEBUG neutron_lib.callbacks.manager [None req-74a219a7-f2ad-4c2e-94de-560251f65092 None None] Subscribe: > port_forwarding after_create 55550000, False {{(pid=102295) subscribe /opt/stack/data/venv/lib/python3.12/site-packages/neutron_lib/callbacks/manager.py:52}}
Mar 30 14:17:19.150606 np0000161228 devstack@neutron-api.service[102296]: DEBUG neutron.api.extensions [None req-b5e5bdac-4d3f-4b3a-b4be-5ff076219b54 None None] Loading extension file: rbac.py {{(pid=102296) _load_all_extensions_from_path /opt/stack/neutron/neutron/api/extensions.py:449}}
Mar 30 14:17:19.150682 np0000161228 devstack@neutron-api.service[102295]: DEBUG neutron_lib.callbacks.manager [None req-74a219a7-f2ad-4c2e-94de-560251f65092 None None] Subscribe: > router_interface after_delete 55550000, False {{(pid=102295) subscribe /opt/stack/data/venv/lib/python3.12/site-packages/neutron_lib/callbacks/manager.py:52}}
Mar 30 14:17:19.150795 np0000161228 devstack@neutron-api.service[102295]: DEBUG neutron_lib.callbacks.manager [None req-74a219a7-f2ad-4c2e-94de-560251f65092 None None] Subscribe: > router after_create 55550000, False {{(pid=102295) subscribe /opt/stack/data/venv/lib/python3.12/site-packages/neutron_lib/callbacks/manager.py:52}}
Mar 30 14:17:19.150969 np0000161228 devstack@neutron-api.service[102295]: DEBUG neutron_lib.callbacks.manager [None req-74a219a7-f2ad-4c2e-94de-560251f65092 None None] Subscribe: > router precommit_create 55550000, False {{(pid=102295) subscribe /opt/stack/data/venv/lib/python3.12/site-packages/neutron_lib/callbacks/manager.py:52}}
Mar 30 14:17:19.151030 np0000161228 devstack@neutron-api.service[102295]: DEBUG neutron_lib.callbacks.manager [None req-74a219a7-f2ad-4c2e-94de-560251f65092 None None] Subscribe: > router after_delete 55550000, False {{(pid=102295) subscribe /opt/stack/data/venv/lib/python3.12/site-packages/neutron_lib/callbacks/manager.py:52}}
Mar 30 14:17:19.151113 np0000161228 devstack@neutron-api.service[102296]: DEBUG neutron.api.extensions [None req-b5e5bdac-4d3f-4b3a-b4be-5ff076219b54 None None] Ext name="RBAC Policies" alias="rbac-policies" description="Allows creation and modification of policies that control tenant access to resources." updated="2015-06-17T12:15:12-00:00" {{(pid=102296) _check_extension /opt/stack/neutron/neutron/api/extensions.py:415}}
Mar 30 14:17:19.151198 np0000161228 devstack@neutron-api.service[102295]: DEBUG neutron_lib.callbacks.manager [None req-74a219a7-f2ad-4c2e-94de-560251f65092 None None] Subscribe: > router after_update 55550000, False {{(pid=102295) subscribe /opt/stack/data/venv/lib/python3.12/site-packages/neutron_lib/callbacks/manager.py:52}}
Mar 30 14:17:19.151302 np0000161228 devstack@neutron-api.service[102295]: DEBUG neutron.services.service_base [None req-74a219a7-f2ad-4c2e-94de-560251f65092 None None] Loaded 'neutron.services.ovn_l3.service_providers.ovn.OvnDriver' provider for service L3_ROUTER_NAT {{(pid=102295) load_drivers /opt/stack/neutron/neutron/services/service_base.py:49}}
Mar 30 14:17:19.151327 np0000161228 devstack@neutron-api.service[102296]: INFO neutron.api.extensions [None req-b5e5bdac-4d3f-4b3a-b4be-5ff076219b54 None None] Loaded extension: rbac-policies
Mar 30 14:17:19.151370 np0000161228 devstack@neutron-api.service[102296]: DEBUG neutron.api.extensions [None req-b5e5bdac-4d3f-4b3a-b4be-5ff076219b54 None None] Loading extension file: rbac_address_group.py {{(pid=102296) _load_all_extensions_from_path /opt/stack/neutron/neutron/api/extensions.py:449}}
Mar 30 14:17:19.151433 np0000161228 devstack@neutron-api.service[102295]: DEBUG neutron_lib.callbacks.manager [None req-74a219a7-f2ad-4c2e-94de-560251f65092 None None] Subscribe: > process after_init 55550001, True {{(pid=102295) subscribe /opt/stack/data/venv/lib/python3.12/site-packages/neutron_lib/callbacks/manager.py:52}}
Mar 30 14:17:19.151537 np0000161228 devstack@neutron-api.service[102295]: DEBUG neutron.manager [None req-74a219a7-f2ad-4c2e-94de-560251f65092 None None] Successfully loaded L3_ROUTER_NAT plugin. Description: L3 Router Service Plugin for basic L3 forwarding using OVN {{(pid=102295) _create_and_add_service_plugin /opt/stack/neutron/neutron/manager.py:239}}
Mar 30 14:17:19.151635 np0000161228 devstack@neutron-api.service[102295]: INFO neutron.manager [None req-74a219a7-f2ad-4c2e-94de-560251f65092 None None] Loading Plugin: auto_allocate
Mar 30 14:17:19.151665 np0000161228 devstack@neutron-api.service[102296]: DEBUG neutron.api.extensions [None req-b5e5bdac-4d3f-4b3a-b4be-5ff076219b54 None None] Ext name="Add address_group type to RBAC" alias="rbac-address-group" description="Add address_group type to network RBAC" updated="2021-01-20T00:00:00-00:00" {{(pid=102296) _check_extension /opt/stack/neutron/neutron/api/extensions.py:415}}
Mar 30 14:17:19.151812 np0000161228 devstack@neutron-api.service[102296]: INFO neutron.api.extensions [None req-b5e5bdac-4d3f-4b3a-b4be-5ff076219b54 None None] Extension rbac-address-group not supported by any of loaded plugins
Mar 30 14:17:19.151903 np0000161228 devstack@neutron-api.service[102296]: DEBUG neutron.api.extensions [None req-b5e5bdac-4d3f-4b3a-b4be-5ff076219b54 None None] Loading extension file: rbac_address_scope.py {{(pid=102296) _load_all_extensions_from_path /opt/stack/neutron/neutron/api/extensions.py:449}}
Mar 30 14:17:19.152138 np0000161228 devstack@neutron-api.service[102296]: DEBUG neutron.api.extensions [None req-b5e5bdac-4d3f-4b3a-b4be-5ff076219b54 None None] Ext name="Add address_scope type to RBAC" alias="rbac-address-scope" description="Add address_scope type to RBAC" updated="2020-02-12T00:00:00-00:00" {{(pid=102296) _check_extension /opt/stack/neutron/neutron/api/extensions.py:415}}
Mar 30 14:17:19.152345 np0000161228 devstack@neutron-api.service[102296]: INFO neutron.api.extensions [None req-b5e5bdac-4d3f-4b3a-b4be-5ff076219b54 None None] Loaded extension: rbac-address-scope
Mar 30 14:17:19.152473 np0000161228 devstack@neutron-api.service[102296]: DEBUG neutron.api.extensions [None req-b5e5bdac-4d3f-4b3a-b4be-5ff076219b54 None None] Loading extension file: rbac_security_groups.py {{(pid=102296) _load_all_extensions_from_path /opt/stack/neutron/neutron/api/extensions.py:449}}
Mar 30 14:17:19.152593 np0000161228 devstack@neutron-api.service[102295]: DEBUG neutron_lib.callbacks.manager [None req-74a219a7-f2ad-4c2e-94de-560251f65092 None None] Subscribe: network precommit_update 55550000, False {{(pid=102295) subscribe /opt/stack/data/venv/lib/python3.12/site-packages/neutron_lib/callbacks/manager.py:52}}
Mar 30 14:17:19.152669 np0000161228 devstack@neutron-api.service[102296]: DEBUG neutron.api.extensions [None req-b5e5bdac-4d3f-4b3a-b4be-5ff076219b54 None None] Ext name="Add security_group type to network RBAC" alias="rbac-security-groups" description="Add security_group type to network RBAC" updated="2019-02-14T00:00:00-00:00" {{(pid=102296) _check_extension /opt/stack/neutron/neutron/api/extensions.py:415}}
Mar 30 14:17:19.152714 np0000161228 devstack@neutron-api.service[102295]: DEBUG neutron_lib.callbacks.manager [None req-74a219a7-f2ad-4c2e-94de-560251f65092 None None] Subscribe: network precommit_create 55550000, False {{(pid=102295) subscribe /opt/stack/data/venv/lib/python3.12/site-packages/neutron_lib/callbacks/manager.py:52}}
Mar 30 14:17:19.152847 np0000161228 devstack@neutron-api.service[102296]: INFO neutron.api.extensions [None req-b5e5bdac-4d3f-4b3a-b4be-5ff076219b54 None None] Loaded extension: rbac-security-groups
Mar 30 14:17:19.152939 np0000161228 devstack@neutron-api.service[102296]: DEBUG neutron.api.extensions [None req-b5e5bdac-4d3f-4b3a-b4be-5ff076219b54 None None] Loading extension file: rbac_subnetpool.py {{(pid=102296) _load_all_extensions_from_path /opt/stack/neutron/neutron/api/extensions.py:449}}
Mar 30 14:17:19.152975 np0000161228 devstack@neutron-api.service[102295]: DEBUG neutron.manager [None req-74a219a7-f2ad-4c2e-94de-560251f65092 None None] Successfully loaded auto-allocated-topology plugin. Description: Auto Allocated Topology - aka get me a network. {{(pid=102295) _create_and_add_service_plugin /opt/stack/neutron/neutron/manager.py:239}}
Mar 30 14:17:19.153065 np0000161228 devstack@neutron-api.service[102295]: INFO neutron.manager [None req-74a219a7-f2ad-4c2e-94de-560251f65092 None None] Loading Plugin: tag
Mar 30 14:17:19.153371 np0000161228 devstack@neutron-api.service[102296]: DEBUG neutron.api.extensions [None req-b5e5bdac-4d3f-4b3a-b4be-5ff076219b54 None None] Ext name="Add subnetpool type to RBAC" alias="rbac-subnetpool" description="Add subnetpool type to RBAC" updated="2020-02-05T00:00:00-00:00" {{(pid=102296) _check_extension /opt/stack/neutron/neutron/api/extensions.py:415}}
Mar 30 14:17:19.153542 np0000161228 devstack@neutron-api.service[102296]: INFO neutron.api.extensions [None req-b5e5bdac-4d3f-4b3a-b4be-5ff076219b54 None None] Extension rbac-subnetpool not supported by any of loaded plugins
Mar 30 14:17:19.153634 np0000161228 devstack@neutron-api.service[102296]: DEBUG neutron.api.extensions [None req-b5e5bdac-4d3f-4b3a-b4be-5ff076219b54 None None] Loading extension file: revisionifmatch.py {{(pid=102296) _load_all_extensions_from_path /opt/stack/neutron/neutron/api/extensions.py:449}}
Mar 30 14:17:19.153861 np0000161228 devstack@neutron-api.service[102296]: DEBUG neutron.api.extensions [None req-b5e5bdac-4d3f-4b3a-b4be-5ff076219b54 None None] Ext name="If-Match constraints based on revision_number" alias="revision-if-match" description="Extension indicating that If-Match based on revision_number is supported." updated="2016-12-11T00:00:00-00:00" {{(pid=102296) _check_extension /opt/stack/neutron/neutron/api/extensions.py:415}}
Mar 30 14:17:19.154034 np0000161228 devstack@neutron-api.service[102296]: INFO neutron.api.extensions [None req-b5e5bdac-4d3f-4b3a-b4be-5ff076219b54 None None] Loaded extension: revision-if-match
Mar 30 14:17:19.154144 np0000161228 devstack@neutron-api.service[102296]: DEBUG neutron.api.extensions [None req-b5e5bdac-4d3f-4b3a-b4be-5ff076219b54 None None] Loading extension file: revisions.py {{(pid=102296) _load_all_extensions_from_path /opt/stack/neutron/neutron/api/extensions.py:449}}
Mar 30 14:17:19.154393 np0000161228 devstack@neutron-api.service[102296]: DEBUG neutron.api.extensions [None req-b5e5bdac-4d3f-4b3a-b4be-5ff076219b54 None None] Ext name="Resource revision numbers" alias="standard-attr-revisions" description="This extension will display the revision number of neutron resources." updated="2016-04-11T10:00:00-00:00" {{(pid=102296) _check_extension /opt/stack/neutron/neutron/api/extensions.py:415}}
Mar 30 14:17:19.154562 np0000161228 devstack@neutron-api.service[102296]: INFO neutron.api.extensions [None req-b5e5bdac-4d3f-4b3a-b4be-5ff076219b54 None None] Loaded extension: standard-attr-revisions
Mar 30 14:17:19.154654 np0000161228 devstack@neutron-api.service[102296]: DEBUG neutron.api.extensions [None req-b5e5bdac-4d3f-4b3a-b4be-5ff076219b54 None None] Loading extension file: router_availability_zone.py {{(pid=102296) _load_all_extensions_from_path /opt/stack/neutron/neutron/api/extensions.py:449}}
Mar 30 14:17:19.154945 np0000161228 devstack@neutron-api.service[102296]: DEBUG neutron.api.extensions [None req-b5e5bdac-4d3f-4b3a-b4be-5ff076219b54 None None] Ext name="Router Availability Zone" alias="router_availability_zone" description="Availability zone support for router." updated="2015-01-01T10:00:00-00:00" {{(pid=102296) _check_extension /opt/stack/neutron/neutron/api/extensions.py:415}}
Mar 30 14:17:19.155131 np0000161228 devstack@neutron-api.service[102296]: INFO neutron.api.extensions [None req-b5e5bdac-4d3f-4b3a-b4be-5ff076219b54 None None] Loaded extension: router_availability_zone
Mar 30 14:17:19.155218 np0000161228 devstack@neutron-api.service[102296]: DEBUG neutron.api.extensions [None req-b5e5bdac-4d3f-4b3a-b4be-5ff076219b54 None None] Loading extension file: router_enable_snat.py {{(pid=102296) _load_all_extensions_from_path /opt/stack/neutron/neutron/api/extensions.py:449}}
Mar 30 14:17:19.155470 np0000161228 devstack@neutron-api.service[102296]: DEBUG neutron.api.extensions [None req-b5e5bdac-4d3f-4b3a-b4be-5ff076219b54 None None] Ext name="Exposes the router "enable_snat" read-only configuration flag" alias="router-enable-snat" description="Exposes the router "enable_snat" read-only configuration flag" updated="2025-09-18T18:00:00-00:00" {{(pid=102296) _check_extension /opt/stack/neutron/neutron/api/extensions.py:415}}
Mar 30 14:17:19.155627 np0000161228 devstack@neutron-api.service[102296]: INFO neutron.api.extensions [None req-b5e5bdac-4d3f-4b3a-b4be-5ff076219b54 None None] Loaded extension: router-enable-snat
Mar 30 14:17:19.155717 np0000161228 devstack@neutron-api.service[102296]: DEBUG neutron.api.extensions [None req-b5e5bdac-4d3f-4b3a-b4be-5ff076219b54 None None] Loading extension file: routerservicetype.py {{(pid=102296) _load_all_extensions_from_path /opt/stack/neutron/neutron/api/extensions.py:449}}
Mar 30 14:17:19.155924 np0000161228 devstack@neutron-api.service[102296]: DEBUG neutron.api.extensions [None req-b5e5bdac-4d3f-4b3a-b4be-5ff076219b54 None None] Ext name="Router Service Type" alias="router-service-type" description="Provides router service type" updated="2013-01-29T00:00:00-00:00" {{(pid=102296) _check_extension /opt/stack/neutron/neutron/api/extensions.py:415}}
Mar 30 14:17:19.156107 np0000161228 devstack@neutron-api.service[102296]: INFO neutron.api.extensions [None req-b5e5bdac-4d3f-4b3a-b4be-5ff076219b54 None None] Extension router-service-type not supported by any of loaded plugins
Mar 30 14:17:19.156218 np0000161228 devstack@neutron-api.service[102296]: DEBUG neutron.api.extensions [None req-b5e5bdac-4d3f-4b3a-b4be-5ff076219b54 None None] Loading extension file: security_groups_default_rules.py {{(pid=102296) _load_all_extensions_from_path /opt/stack/neutron/neutron/api/extensions.py:449}}
Mar 30 14:17:19.156419 np0000161228 devstack@neutron-api.service[102295]: DEBUG neutron.manager [None req-74a219a7-f2ad-4c2e-94de-560251f65092 None None] Successfully loaded TAG plugin. Description: Tag support {{(pid=102295) _create_and_add_service_plugin /opt/stack/neutron/neutron/manager.py:239}}
Mar 30 14:17:19.156550 np0000161228 devstack@neutron-api.service[102295]: INFO neutron.manager [None req-74a219a7-f2ad-4c2e-94de-560251f65092 None None] Loading Plugin: timestamp
Mar 30 14:17:19.156639 np0000161228 devstack@neutron-api.service[102296]: DEBUG neutron.api.extensions [None req-b5e5bdac-4d3f-4b3a-b4be-5ff076219b54 None None] Ext name="Default rules for security groups" alias="security-groups-default-rules" description="Configure set of security group rules used as default rules for every new security group" updated="2022-12-19T10:00:00-00:00" {{(pid=102296) _check_extension /opt/stack/neutron/neutron/api/extensions.py:415}}
Mar 30 14:17:19.156800 np0000161228 devstack@neutron-api.service[102296]: INFO neutron.api.extensions [None req-b5e5bdac-4d3f-4b3a-b4be-5ff076219b54 None None] Loaded extension: security-groups-default-rules
Mar 30 14:17:19.156883 np0000161228 devstack@neutron-api.service[102296]: DEBUG neutron.api.extensions [None req-b5e5bdac-4d3f-4b3a-b4be-5ff076219b54 None None] Loading extension file: security_groups_normalized_cidr.py {{(pid=102296) _load_all_extensions_from_path /opt/stack/neutron/neutron/api/extensions.py:449}}
Mar 30 14:17:19.157113 np0000161228 devstack@neutron-api.service[102296]: DEBUG neutron.api.extensions [None req-b5e5bdac-4d3f-4b3a-b4be-5ff076219b54 None None] Ext name="Normalized CIDR field for security group rules" alias="security-groups-normalized-cidr" description="Add new field with normalized remote_ip_prefix cidr in SG rule" updated="2020-07-28T10:00:00-00:00" {{(pid=102296) _check_extension /opt/stack/neutron/neutron/api/extensions.py:415}}
Mar 30 14:17:19.157312 np0000161228 devstack@neutron-api.service[102296]: INFO neutron.api.extensions [None req-b5e5bdac-4d3f-4b3a-b4be-5ff076219b54 None None] Loaded extension: security-groups-normalized-cidr
Mar 30 14:17:19.157401 np0000161228 devstack@neutron-api.service[102296]: DEBUG neutron.api.extensions [None req-b5e5bdac-4d3f-4b3a-b4be-5ff076219b54 None None] Loading extension file: security_groups_port_filtering.py {{(pid=102296) _load_all_extensions_from_path /opt/stack/neutron/neutron/api/extensions.py:449}}
Mar 30 14:17:19.157594 np0000161228 devstack@neutron-api.service[102296]: DEBUG neutron.api.extensions [None req-b5e5bdac-4d3f-4b3a-b4be-5ff076219b54 None None] Ext name="Port filtering on security groups" alias="port-security-groups-filtering" description="Provides security groups filtering when listing ports" updated="2018-01-09T09:00:00-00:00" {{(pid=102296) _check_extension /opt/stack/neutron/neutron/api/extensions.py:415}}
Mar 30 14:17:19.157763 np0000161228 devstack@neutron-api.service[102296]: INFO neutron.api.extensions [None req-b5e5bdac-4d3f-4b3a-b4be-5ff076219b54 None None] Extension port-security-groups-filtering not supported by any of loaded plugins
Mar 30 14:17:19.157797 np0000161228 devstack@neutron-api.service[102295]: DEBUG neutron.manager [None req-74a219a7-f2ad-4c2e-94de-560251f65092 None None] Successfully loaded timestamp plugin. Description: Adds timestamps to Neutron resources with standard attributes {{(pid=102295) _create_and_add_service_plugin /opt/stack/neutron/neutron/manager.py:239}}
Mar 30 14:17:19.157849 np0000161228 devstack@neutron-api.service[102296]: DEBUG neutron.api.extensions [None req-b5e5bdac-4d3f-4b3a-b4be-5ff076219b54 None None] Loading extension file: security_groups_remote_address_group.py {{(pid=102296) _load_all_extensions_from_path /opt/stack/neutron/neutron/api/extensions.py:449}}
Mar 30 14:17:19.157877 np0000161228 devstack@neutron-api.service[102295]: INFO neutron.manager [None req-74a219a7-f2ad-4c2e-94de-560251f65092 None None] Loading Plugin: network_ip_availability
Mar 30 14:17:19.158072 np0000161228 devstack@neutron-api.service[102296]: DEBUG neutron.api.extensions [None req-b5e5bdac-4d3f-4b3a-b4be-5ff076219b54 None None] Ext name="Remote address group id field for security group rules" alias="security-groups-remote-address-group" description="Add new field of remote address group id in SG rules" updated="2020-08-25T10:00:00-00:00" {{(pid=102296) _check_extension /opt/stack/neutron/neutron/api/extensions.py:415}}
Mar 30 14:17:19.158257 np0000161228 devstack@neutron-api.service[102296]: INFO neutron.api.extensions [None req-b5e5bdac-4d3f-4b3a-b4be-5ff076219b54 None None] Loaded extension: security-groups-remote-address-group
Mar 30 14:17:19.158348 np0000161228 devstack@neutron-api.service[102296]: DEBUG neutron.api.extensions [None req-b5e5bdac-4d3f-4b3a-b4be-5ff076219b54 None None] Loading extension file: security_groups_rules_belongs_to_default_sg.py {{(pid=102296) _load_all_extensions_from_path /opt/stack/neutron/neutron/api/extensions.py:449}}
Mar 30 14:17:19.158580 np0000161228 devstack@neutron-api.service[102296]: DEBUG neutron.api.extensions [None req-b5e5bdac-4d3f-4b3a-b4be-5ff076219b54 None None] Ext name="Security group rule belongs to the project's default security group" alias="security-groups-rules-belongs-to-default-sg" description="Flag to determine if the security group rule belongs to the project's default security group" updated="2023-05-23T10:00:00-00:00" {{(pid=102296) _check_extension /opt/stack/neutron/neutron/api/extensions.py:415}}
Mar 30 14:17:19.158743 np0000161228 devstack@neutron-api.service[102296]: INFO neutron.api.extensions [None req-b5e5bdac-4d3f-4b3a-b4be-5ff076219b54 None None] Loaded extension: security-groups-rules-belongs-to-default-sg
Mar 30 14:17:19.158851 np0000161228 devstack@neutron-api.service[102296]: DEBUG neutron.api.extensions [None req-b5e5bdac-4d3f-4b3a-b4be-5ff076219b54 None None] Loading extension file: security_groups_shared_filtering.py {{(pid=102296) _load_all_extensions_from_path /opt/stack/neutron/neutron/api/extensions.py:449}}
Mar 30 14:17:19.159098 np0000161228 devstack@neutron-api.service[102296]: DEBUG neutron.api.extensions [None req-b5e5bdac-4d3f-4b3a-b4be-5ff076219b54 None None] Ext name="Security group filtering on the shared field" alias="security-groups-shared-filtering" description="Support filtering security groups on the shared field" updated="2021-10-05T09:00:00-00:00" {{(pid=102296) _check_extension /opt/stack/neutron/neutron/api/extensions.py:415}}
Mar 30 14:17:19.159320 np0000161228 devstack@neutron-api.service[102296]: INFO neutron.api.extensions [None req-b5e5bdac-4d3f-4b3a-b4be-5ff076219b54 None None] Loaded extension: security-groups-shared-filtering
Mar 30 14:17:19.159611 np0000161228 devstack@neutron-api.service[102296]: DEBUG neutron.api.extensions [None req-b5e5bdac-4d3f-4b3a-b4be-5ff076219b54 None None] Loading extension file: securitygroup.py {{(pid=102296) _load_all_extensions_from_path /opt/stack/neutron/neutron/api/extensions.py:449}}
Mar 30 14:17:19.159692 np0000161228 devstack@neutron-api.service[102295]: DEBUG neutron.manager [None req-74a219a7-f2ad-4c2e-94de-560251f65092 None None] Successfully loaded network-ip-availability plugin. Description: Provides IP availability data for each network and subnet. {{(pid=102295) _create_and_add_service_plugin /opt/stack/neutron/neutron/manager.py:239}}
Mar 30 14:17:19.159692 np0000161228 devstack@neutron-api.service[102295]: INFO neutron.manager [None req-74a219a7-f2ad-4c2e-94de-560251f65092 None None] Loading Plugin: flavors
Mar 30 14:17:19.160623 np0000161228 devstack@neutron-api.service[102295]: DEBUG neutron.manager [None req-74a219a7-f2ad-4c2e-94de-560251f65092 None None] Successfully loaded FLAVORS plugin. Description: Neutron Flavors and Service Profiles manager plugin {{(pid=102295) _create_and_add_service_plugin /opt/stack/neutron/neutron/manager.py:239}}
Mar 30 14:17:19.160623 np0000161228 devstack@neutron-api.service[102295]: INFO neutron.manager [None req-74a219a7-f2ad-4c2e-94de-560251f65092 None None] Loading Plugin: revisions
Mar 30 14:17:19.161302 np0000161228 devstack@neutron-api.service[102296]: DEBUG neutron.api.extensions [None req-b5e5bdac-4d3f-4b3a-b4be-5ff076219b54 None None] Ext name="security-group" alias="security-group" description="The security groups extension." updated="2012-10-05T10:00:00-00:00" {{(pid=102296) _check_extension /opt/stack/neutron/neutron/api/extensions.py:415}}
Mar 30 14:17:19.161302 np0000161228 devstack@neutron-api.service[102296]: INFO neutron.api.extensions [None req-b5e5bdac-4d3f-4b3a-b4be-5ff076219b54 None None] Loaded extension: security-group
Mar 30 14:17:19.161733 np0000161228 devstack@neutron-api.service[102296]: DEBUG neutron.api.extensions [None req-b5e5bdac-4d3f-4b3a-b4be-5ff076219b54 None None] Loading extension file: segment.py {{(pid=102296) _load_all_extensions_from_path /opt/stack/neutron/neutron/api/extensions.py:449}}
Mar 30 14:17:19.162100 np0000161228 devstack@neutron-api.service[102295]: DEBUG neutron.manager [None req-74a219a7-f2ad-4c2e-94de-560251f65092 None None] Successfully loaded revision_plugin plugin. Description: Adds revision numbers to resources. {{(pid=102295) _create_and_add_service_plugin /opt/stack/neutron/neutron/manager.py:239}}
Mar 30 14:17:19.162100 np0000161228 devstack@neutron-api.service[102295]: DEBUG oslo_concurrency.lockutils [None req-74a219a7-f2ad-4c2e-94de-560251f65092 None None] Lock "manager" "released" by "neutron.manager.NeutronManager._create_instance" :: held 4.747s {{(pid=102295) inner /opt/stack/data/venv/lib/python3.12/site-packages/oslo_concurrency/lockutils.py:538}}
Mar 30 14:17:19.162559 np0000161228 devstack@neutron-api.service[102296]: DEBUG neutron.api.extensions [None req-b5e5bdac-4d3f-4b3a-b4be-5ff076219b54 None None] Ext name="Segment" alias="segment" description="Segments extension." updated="2016-02-24T17:00:00-00:00" {{(pid=102296) _check_extension /opt/stack/neutron/neutron/api/extensions.py:415}}
Mar 30 14:17:19.163015 np0000161228 devstack@neutron-api.service[102295]: DEBUG neutron.api.extensions [None req-74a219a7-f2ad-4c2e-94de-560251f65092 None None] get_extension_paths = OrderedDict({'/opt/stack/neutron/neutron/extensions': 1}) {{(pid=102295) get_extensions_path /opt/stack/neutron/neutron/api/extensions.py:640}}
Mar 30 14:17:19.163449 np0000161228 devstack@neutron-api.service[102296]: INFO neutron.api.extensions [None req-b5e5bdac-4d3f-4b3a-b4be-5ff076219b54 None None] Extension segment not supported by any of loaded plugins
Mar 30 14:17:19.163845 np0000161228 devstack@neutron-api.service[102295]: INFO neutron.api.extensions [None req-74a219a7-f2ad-4c2e-94de-560251f65092 None None] Initializing extension manager.
Mar 30 14:17:19.164217 np0000161228 devstack@neutron-api.service[102296]: DEBUG neutron.api.extensions [None req-b5e5bdac-4d3f-4b3a-b4be-5ff076219b54 None None] Loading extension file: segments_peer_subnet_host_routes.py {{(pid=102296) _load_all_extensions_from_path /opt/stack/neutron/neutron/api/extensions.py:449}}
Mar 30 14:17:19.164217 np0000161228 devstack@neutron-api.service[102296]: DEBUG neutron.api.extensions [None req-b5e5bdac-4d3f-4b3a-b4be-5ff076219b54 None None] Ext name="Segments peer-subnet host routes" alias="segments-peer-subnet-host-routes" description="Add host routes to subnets on a routed network (segments)" updated="2018-06-12T10:00:00-00:00" {{(pid=102296) _check_extension /opt/stack/neutron/neutron/api/extensions.py:415}}
Mar 30 14:17:19.164392 np0000161228 devstack@neutron-api.service[102295]: DEBUG neutron.api.extensions [None req-74a219a7-f2ad-4c2e-94de-560251f65092 None None] Loading extension file: __init__.py {{(pid=102295) _load_all_extensions_from_path /opt/stack/neutron/neutron/api/extensions.py:449}}
Mar 30 14:17:19.164392 np0000161228 devstack@neutron-api.service[102295]: DEBUG neutron.api.extensions [None req-74a219a7-f2ad-4c2e-94de-560251f65092 None None] Loading extension file: __pycache__ {{(pid=102295) _load_all_extensions_from_path /opt/stack/neutron/neutron/api/extensions.py:449}}
Mar 30 14:17:19.164571 np0000161228 devstack@neutron-api.service[102296]: INFO neutron.api.extensions [None req-b5e5bdac-4d3f-4b3a-b4be-5ff076219b54 None None] Extension segments-peer-subnet-host-routes not supported by any of loaded plugins
Mar 30 14:17:19.164682 np0000161228 devstack@neutron-api.service[102295]: DEBUG neutron.api.extensions [None req-74a219a7-f2ad-4c2e-94de-560251f65092 None None] Loading extension file: address_group.py {{(pid=102295) _load_all_extensions_from_path /opt/stack/neutron/neutron/api/extensions.py:449}}
Mar 30 14:17:19.164784 np0000161228 devstack@neutron-api.service[102296]: DEBUG neutron.api.extensions [None req-b5e5bdac-4d3f-4b3a-b4be-5ff076219b54 None None] Loading extension file: servicetype.py {{(pid=102296) _load_all_extensions_from_path /opt/stack/neutron/neutron/api/extensions.py:449}}
Mar 30 14:17:19.164784 np0000161228 devstack@neutron-api.service[102296]: DEBUG neutron.api.extensions [None req-b5e5bdac-4d3f-4b3a-b4be-5ff076219b54 None None] Ext name="Neutron Service Type Management" alias="service-type" description="API for retrieving service providers for Neutron advanced services" updated="2013-01-20T00:00:00-00:00" {{(pid=102296) _check_extension /opt/stack/neutron/neutron/api/extensions.py:415}}
Mar 30 14:17:19.164927 np0000161228 devstack@neutron-api.service[102295]: DEBUG neutron.api.extensions [None req-74a219a7-f2ad-4c2e-94de-560251f65092 None None] Ext name="Address group" alias="address-group" description="Support address group" updated="2020-07-15T10:00:00-00:00" {{(pid=102295) _check_extension /opt/stack/neutron/neutron/api/extensions.py:415}}
Mar 30 14:17:19.165262 np0000161228 devstack@neutron-api.service[102296]: INFO neutron.api.extensions [None req-b5e5bdac-4d3f-4b3a-b4be-5ff076219b54 None None] Loaded extension: service-type
Mar 30 14:17:19.165262 np0000161228 devstack@neutron-api.service[102296]: DEBUG neutron.api.extensions [None req-b5e5bdac-4d3f-4b3a-b4be-5ff076219b54 None None] Loading extension file: sorting.py {{(pid=102296) _load_all_extensions_from_path /opt/stack/neutron/neutron/api/extensions.py:449}}
Mar 30 14:17:19.165455 np0000161228 devstack@neutron-api.service[102295]: INFO neutron.api.extensions [None req-74a219a7-f2ad-4c2e-94de-560251f65092 None None] Loaded extension: address-group
Mar 30 14:17:19.165455 np0000161228 devstack@neutron-api.service[102295]: DEBUG neutron.api.extensions [None req-74a219a7-f2ad-4c2e-94de-560251f65092 None None] Loading extension file: address_scope.py {{(pid=102295) _load_all_extensions_from_path /opt/stack/neutron/neutron/api/extensions.py:449}}
Mar 30 14:17:19.165615 np0000161228 devstack@neutron-api.service[102296]: DEBUG neutron.api.extensions [None req-b5e5bdac-4d3f-4b3a-b4be-5ff076219b54 None None] Ext name="Sorting support" alias="sorting" description="Extension that indicates that sorting is enabled." updated="2016-06-12T00:00:00-00:00" {{(pid=102296) _check_extension /opt/stack/neutron/neutron/api/extensions.py:415}}
Mar 30 14:17:19.165615 np0000161228 devstack@neutron-api.service[102296]: INFO neutron.api.extensions [None req-b5e5bdac-4d3f-4b3a-b4be-5ff076219b54 None None] Loaded extension: sorting
Mar 30 14:17:19.165615 np0000161228 devstack@neutron-api.service[102296]: DEBUG neutron.api.extensions [None req-b5e5bdac-4d3f-4b3a-b4be-5ff076219b54 None None] Loading extension file: standard_attr_segment.py {{(pid=102296) _load_all_extensions_from_path /opt/stack/neutron/neutron/api/extensions.py:449}}
Mar 30 14:17:19.165783 np0000161228 devstack@neutron-api.service[102295]: DEBUG neutron.api.extensions [None req-74a219a7-f2ad-4c2e-94de-560251f65092 None None] Ext name="Address scope" alias="address-scope" description="Address scopes extension." updated="2015-07-26T10:00:00-00:00" {{(pid=102295) _check_extension /opt/stack/neutron/neutron/api/extensions.py:415}}
Mar 30 14:17:19.166032 np0000161228 devstack@neutron-api.service[102296]: DEBUG neutron.api.extensions [None req-b5e5bdac-4d3f-4b3a-b4be-5ff076219b54 None None] Ext name="Standard Attribute Segment Extension" alias="standard-attr-segment" description="Add standard attributes to Segment resource" updated="2018-04-09T10:00:00-00:00" {{(pid=102296) _check_extension /opt/stack/neutron/neutron/api/extensions.py:415}}
Mar 30 14:17:19.166172 np0000161228 devstack@neutron-api.service[102295]: INFO neutron.api.extensions [None req-74a219a7-f2ad-4c2e-94de-560251f65092 None None] Loaded extension: address-scope
Mar 30 14:17:19.166172 np0000161228 devstack@neutron-api.service[102295]: DEBUG neutron.api.extensions [None req-74a219a7-f2ad-4c2e-94de-560251f65092 None None] Loading extension file: admin_state_down_before_update.py {{(pid=102295) _load_all_extensions_from_path /opt/stack/neutron/neutron/api/extensions.py:449}}
Mar 30 14:17:19.166270 np0000161228 devstack@neutron-api.service[102296]: INFO neutron.api.extensions [None req-b5e5bdac-4d3f-4b3a-b4be-5ff076219b54 None None] Extension standard-attr-segment not supported by any of loaded plugins
Mar 30 14:17:19.166270 np0000161228 devstack@neutron-api.service[102296]: DEBUG neutron.api.extensions [None req-b5e5bdac-4d3f-4b3a-b4be-5ff076219b54 None None] Loading extension file: standardattrdescription.py {{(pid=102296) _load_all_extensions_from_path /opt/stack/neutron/neutron/api/extensions.py:449}}
Mar 30 14:17:19.166385 np0000161228 devstack@neutron-api.service[102295]: DEBUG neutron.api.extensions [None req-74a219a7-f2ad-4c2e-94de-560251f65092 None None] Ext name="Enforce Router's Admin State Down Before Update Extension" alias="router-admin-state-down-before-update" description="Ensure that the admin state of a router is DOWN (admin_state_up=False) before updating the distributed attribute" updated="2019-07-02T15:56:00" {{(pid=102295) _check_extension /opt/stack/neutron/neutron/api/extensions.py:415}}
Mar 30 14:17:19.166481 np0000161228 devstack@neutron-api.service[102296]: DEBUG neutron.api.extensions [None req-b5e5bdac-4d3f-4b3a-b4be-5ff076219b54 None None] Ext name="standard-attr-description" alias="standard-attr-description" description="Extension to add descriptions to standard attributes" updated="2016-02-10T10:00:00-00:00" {{(pid=102296) _check_extension /opt/stack/neutron/neutron/api/extensions.py:415}}
Mar 30 14:17:19.166609 np0000161228 devstack@neutron-api.service[102295]: INFO neutron.api.extensions [None req-74a219a7-f2ad-4c2e-94de-560251f65092 None None] Extension router-admin-state-down-before-update not supported by any of loaded plugins
Mar 30 14:17:19.166609 np0000161228 devstack@neutron-api.service[102295]: DEBUG neutron.api.extensions [None req-74a219a7-f2ad-4c2e-94de-560251f65092 None None] Loading extension file: agent.py {{(pid=102295) _load_all_extensions_from_path /opt/stack/neutron/neutron/api/extensions.py:449}}
Mar 30 14:17:19.166693 np0000161228 devstack@neutron-api.service[102296]: INFO neutron.api.extensions [None req-b5e5bdac-4d3f-4b3a-b4be-5ff076219b54 None None] Loaded extension: standard-attr-description
Mar 30 14:17:19.166693 np0000161228 devstack@neutron-api.service[102296]: DEBUG neutron.api.extensions [None req-b5e5bdac-4d3f-4b3a-b4be-5ff076219b54 None None] Loading extension file: stateful_security_group.py {{(pid=102296) _load_all_extensions_from_path /opt/stack/neutron/neutron/api/extensions.py:449}}
Mar 30 14:17:19.166891 np0000161228 devstack@neutron-api.service[102295]: DEBUG neutron.api.extensions [None req-74a219a7-f2ad-4c2e-94de-560251f65092 None None] Ext name="agent" alias="agent" description="The agent management extension." updated="2013-02-03T10:00:00-00:00" {{(pid=102295) _check_extension /opt/stack/neutron/neutron/api/extensions.py:415}}
Mar 30 14:17:19.166959 np0000161228 devstack@neutron-api.service[102296]: DEBUG neutron.api.extensions [None req-b5e5bdac-4d3f-4b3a-b4be-5ff076219b54 None None] Ext name="Stateful security group" alias="stateful-security-group" description="Indicates if the security group is stateful or not" updated="2019-11-26T09:00:00-00:00" {{(pid=102296) _check_extension /opt/stack/neutron/neutron/api/extensions.py:415}}
Mar 30 14:17:19.166991 np0000161228 devstack@neutron-api.service[102295]: INFO neutron.api.extensions [None req-74a219a7-f2ad-4c2e-94de-560251f65092 None None] Loaded extension: agent
Mar 30 14:17:19.167054 np0000161228 devstack@neutron-api.service[102296]: INFO neutron.api.extensions [None req-b5e5bdac-4d3f-4b3a-b4be-5ff076219b54 None None] Loaded extension: stateful-security-group
Mar 30 14:17:19.167099 np0000161228 devstack@neutron-api.service[102295]: DEBUG neutron.api.extensions [None req-74a219a7-f2ad-4c2e-94de-560251f65092 None None] Loading extension file: agent_resources_synced.py {{(pid=102295) _load_all_extensions_from_path /opt/stack/neutron/neutron/api/extensions.py:449}}
Mar 30 14:17:19.167139 np0000161228 devstack@neutron-api.service[102296]: DEBUG neutron.api.extensions [None req-b5e5bdac-4d3f-4b3a-b4be-5ff076219b54 None None] Loading extension file: stdattrs_common.py {{(pid=102296) _load_all_extensions_from_path /opt/stack/neutron/neutron/api/extensions.py:449}}
Mar 30 14:17:19.167197 np0000161228 devstack@neutron-api.service[102295]: DEBUG neutron.api.extensions [None req-74a219a7-f2ad-4c2e-94de-560251f65092 None None] Ext name="Agent's Resource View Synced to Placement" alias="agent-resources-synced" description="Stores success/failure of last sync to Placement" updated="2018-12-19T00:00:00-00:00" {{(pid=102295) _check_extension /opt/stack/neutron/neutron/api/extensions.py:415}}
Mar 30 14:17:19.167224 np0000161228 devstack@neutron-api.service[102296]: WARNING neutron.api.extensions [None req-b5e5bdac-4d3f-4b3a-b4be-5ff076219b54 None None] Did not find expected name "Stdattrs_common" in /opt/stack/neutron/neutron/extensions/stdattrs_common.py
Mar 30 14:17:19.167224 np0000161228 devstack@neutron-api.service[102296]: DEBUG neutron.api.extensions [None req-b5e5bdac-4d3f-4b3a-b4be-5ff076219b54 None None] Loading extension file: subnet_dns_publish_fixed_ip.py {{(pid=102296) _load_all_extensions_from_path /opt/stack/neutron/neutron/api/extensions.py:449}}
Mar 30 14:17:19.167274 np0000161228 devstack@neutron-api.service[102295]: INFO neutron.api.extensions [None req-74a219a7-f2ad-4c2e-94de-560251f65092 None None] Extension agent-resources-synced not supported by any of loaded plugins
Mar 30 14:17:19.167274 np0000161228 devstack@neutron-api.service[102295]: DEBUG neutron.api.extensions [None req-74a219a7-f2ad-4c2e-94de-560251f65092 None None] Loading extension file: allowedaddresspairs.py {{(pid=102295) _load_all_extensions_from_path /opt/stack/neutron/neutron/api/extensions.py:449}}
Mar 30 14:17:19.167353 np0000161228 devstack@neutron-api.service[102296]: DEBUG neutron.api.extensions [None req-b5e5bdac-4d3f-4b3a-b4be-5ff076219b54 None None] Ext name="Subnet DNS publish fixed IP" alias="subnet-dns-publish-fixed-ip" description="Support choosing to publish DNS records for IPs from a subnet" updated="2019-05-24T10:00:00-00:00" {{(pid=102296) _check_extension /opt/stack/neutron/neutron/api/extensions.py:415}}
Mar 30 14:17:19.167353 np0000161228 devstack@neutron-api.service[102296]: INFO neutron.api.extensions [None req-b5e5bdac-4d3f-4b3a-b4be-5ff076219b54 None None] Loaded extension: subnet-dns-publish-fixed-ip
Mar 30 14:17:19.167353 np0000161228 devstack@neutron-api.service[102296]: DEBUG neutron.api.extensions [None req-b5e5bdac-4d3f-4b3a-b4be-5ff076219b54 None None] Loading extension file: subnet_external_network.py {{(pid=102296) _load_all_extensions_from_path /opt/stack/neutron/neutron/api/extensions.py:449}}
Mar 30 14:17:19.167353 np0000161228 devstack@neutron-api.service[102296]: DEBUG neutron.api.extensions [None req-b5e5bdac-4d3f-4b3a-b4be-5ff076219b54 None None] Ext name="Subnet belongs to an external network" alias="subnet-external-network" description="Informs if the subnet belongs to an external network" updated="2024-02-05T18:00:00-00:00" {{(pid=102296) _check_extension /opt/stack/neutron/neutron/api/extensions.py:415}}
Mar 30 14:17:19.167492 np0000161228 devstack@neutron-api.service[102295]: DEBUG neutron.api.extensions [None req-74a219a7-f2ad-4c2e-94de-560251f65092 None None] Ext name="Allowed Address Pairs" alias="allowed-address-pairs" description="Provides allowed address pairs" updated="2013-07-23T10:00:00-00:00" {{(pid=102295) _check_extension /opt/stack/neutron/neutron/api/extensions.py:415}}
Mar 30 14:17:19.167521 np0000161228 devstack@neutron-api.service[102296]: INFO neutron.api.extensions [None req-b5e5bdac-4d3f-4b3a-b4be-5ff076219b54 None None] Loaded extension: subnet-external-network
Mar 30 14:17:19.167521 np0000161228 devstack@neutron-api.service[102296]: DEBUG neutron.api.extensions [None req-b5e5bdac-4d3f-4b3a-b4be-5ff076219b54 None None] Loading extension file: subnet_onboard.py {{(pid=102296) _load_all_extensions_from_path /opt/stack/neutron/neutron/api/extensions.py:449}}
Mar 30 14:17:19.167600 np0000161228 devstack@neutron-api.service[102295]: INFO neutron.api.extensions [None req-74a219a7-f2ad-4c2e-94de-560251f65092 None None] Loaded extension: allowed-address-pairs
Mar 30 14:17:19.167600 np0000161228 devstack@neutron-api.service[102295]: DEBUG neutron.api.extensions [None req-74a219a7-f2ad-4c2e-94de-560251f65092 None None] Loading extension file: auto_allocated_topology.py {{(pid=102295) _load_all_extensions_from_path /opt/stack/neutron/neutron/api/extensions.py:449}}
Mar 30 14:17:19.167681 np0000161228 devstack@neutron-api.service[102296]: DEBUG neutron.api.extensions [None req-b5e5bdac-4d3f-4b3a-b4be-5ff076219b54 None None] Ext name="Subnet Onboard" alias="subnet_onboard" description="Provides support for onboarding subnets into subnet pools" updated="2018-12-18T09:00:00-00:00" {{(pid=102296) _check_extension /opt/stack/neutron/neutron/api/extensions.py:415}}
