Apr 02 14:38:13.555670 np0000163001 devstack@neutron-api.service[102281]: DEBUG neutron_lib.callbacks.manager [None req-99033452-cc2b-42a1-ab85-020a35846885 None None] Subscribe: > process after_init 55550000, True {{(pid=102281) subscribe /opt/stack/data/venv/lib/python3.12/site-packages/neutron_lib/callbacks/manager.py:52}}
Apr 02 14:38:13.555846 np0000163001 devstack@neutron-api.service[102281]: DEBUG neutron_lib.callbacks.manager [None req-99033452-cc2b-42a1-ab85-020a35846885 None None] Subscribe: > segment after_create 55550000, False {{(pid=102281) subscribe /opt/stack/data/venv/lib/python3.12/site-packages/neutron_lib/callbacks/manager.py:52}}
Apr 02 14:38:13.555846 np0000163001 devstack@neutron-api.service[102281]: DEBUG neutron_lib.callbacks.manager [None req-99033452-cc2b-42a1-ab85-020a35846885 None None] Subscribe: > segment after_create 55550000, False {{(pid=102281) subscribe /opt/stack/data/venv/lib/python3.12/site-packages/neutron_lib/callbacks/manager.py:52}}
Apr 02 14:38:13.555931 np0000163001 devstack@neutron-api.service[102281]: DEBUG neutron_lib.callbacks.manager [None req-99033452-cc2b-42a1-ab85-020a35846885 None None] Subscribe: > segment after_delete 55550000, False {{(pid=102281) subscribe /opt/stack/data/venv/lib/python3.12/site-packages/neutron_lib/callbacks/manager.py:52}}
Apr 02 14:38:13.556032 np0000163001 devstack@neutron-api.service[102281]: DEBUG neutron_lib.callbacks.manager [None req-99033452-cc2b-42a1-ab85-020a35846885 None None] Subscribe: > allowed_address_pair before_create 55550000, False {{(pid=102281) subscribe /opt/stack/data/venv/lib/python3.12/site-packages/neutron_lib/callbacks/manager.py:52}}
Apr 02 14:38:13.556154 np0000163001 devstack@neutron-api.service[102281]: DEBUG neutron_lib.callbacks.manager [None req-99033452-cc2b-42a1-ab85-020a35846885 None None] Subscribe: > security_group precommit_create 55550000, False {{(pid=102281) subscribe /opt/stack/data/venv/lib/python3.12/site-packages/neutron_lib/callbacks/manager.py:52}}
Apr 02 14:38:13.556278 np0000163001 devstack@neutron-api.service[102281]: DEBUG neutron_lib.callbacks.manager [None req-99033452-cc2b-42a1-ab85-020a35846885 None None] Subscribe: > security_group after_update 55550000, False {{(pid=102281) subscribe /opt/stack/data/venv/lib/python3.12/site-packages/neutron_lib/callbacks/manager.py:52}}
Apr 02 14:38:13.556311 np0000163001 devstack@neutron-api.service[102279]: DEBUG neutron_lib.callbacks.manager [None req-97587ed7-3474-44cf-a364-e4456b3c16e7 None None] Subscribe: > process before_spawn 55550000, False {{(pid=102279) subscribe /opt/stack/data/venv/lib/python3.12/site-packages/neutron_lib/callbacks/manager.py:52}}
Apr 02 14:38:13.556585 np0000163001 devstack@neutron-api.service[102281]: DEBUG neutron_lib.callbacks.manager [None req-99033452-cc2b-42a1-ab85-020a35846885 None None] Subscribe: > security_group after_create 55550000, False {{(pid=102281) subscribe /opt/stack/data/venv/lib/python3.12/site-packages/neutron_lib/callbacks/manager.py:52}}
Apr 02 14:38:13.556736 np0000163001 devstack@neutron-api.service[102280]: DEBUG neutron.manager [None req-a3ed151c-5f61-40ec-8d8b-544c810b6bb0 None None] Successfully loaded TAG plugin. Description: Tag support {{(pid=102280) _create_and_add_service_plugin /opt/stack/neutron/neutron/manager.py:239}}
Apr 02 14:38:13.557007 np0000163001 devstack@neutron-api.service[102279]: DEBUG neutron_lib.callbacks.manager [None req-97587ed7-3474-44cf-a364-e4456b3c16e7 None None] Subscribe: > process after_init 55550000, True {{(pid=102279) subscribe /opt/stack/data/venv/lib/python3.12/site-packages/neutron_lib/callbacks/manager.py:52}}
Apr 02 14:38:13.557088 np0000163001 devstack@neutron-api.service[102281]: DEBUG neutron_lib.callbacks.manager [None req-99033452-cc2b-42a1-ab85-020a35846885 None None] Subscribe: > security_group precommit_delete 55550000, False {{(pid=102281) subscribe /opt/stack/data/venv/lib/python3.12/site-packages/neutron_lib/callbacks/manager.py:52}}
Apr 02 14:38:13.557088 np0000163001 devstack@neutron-api.service[102281]: DEBUG neutron_lib.callbacks.manager [None req-99033452-cc2b-42a1-ab85-020a35846885 None None] Subscribe: > security_group after_delete 55550000, False {{(pid=102281) subscribe /opt/stack/data/venv/lib/python3.12/site-packages/neutron_lib/callbacks/manager.py:52}}
Apr 02 14:38:13.557170 np0000163001 devstack@neutron-api.service[102280]: INFO neutron.manager [None req-a3ed151c-5f61-40ec-8d8b-544c810b6bb0 None None] Loading Plugin: timestamp
Apr 02 14:38:13.557263 np0000163001 devstack@neutron-api.service[102279]: DEBUG neutron_lib.callbacks.manager [None req-97587ed7-3474-44cf-a364-e4456b3c16e7 None None] Subscribe: > segment after_create 55550000, False {{(pid=102279) subscribe /opt/stack/data/venv/lib/python3.12/site-packages/neutron_lib/callbacks/manager.py:52}}
Apr 02 14:38:13.557294 np0000163001 devstack@neutron-api.service[102281]: DEBUG neutron_lib.callbacks.manager [None req-99033452-cc2b-42a1-ab85-020a35846885 None None] Subscribe: > security_group_rule precommit_create 55550000, False {{(pid=102281) subscribe /opt/stack/data/venv/lib/python3.12/site-packages/neutron_lib/callbacks/manager.py:52}}
Apr 02 14:38:13.557324 np0000163001 devstack@neutron-api.service[102279]: DEBUG neutron_lib.callbacks.manager [None req-97587ed7-3474-44cf-a364-e4456b3c16e7 None None] Subscribe: > segment after_create 55550000, False {{(pid=102279) subscribe /opt/stack/data/venv/lib/python3.12/site-packages/neutron_lib/callbacks/manager.py:52}}
Apr 02 14:38:13.557391 np0000163001 devstack@neutron-api.service[102281]: DEBUG neutron_lib.callbacks.manager [None req-99033452-cc2b-42a1-ab85-020a35846885 None None] Subscribe: > security_group_rule after_create 55550000, False {{(pid=102281) subscribe /opt/stack/data/venv/lib/python3.12/site-packages/neutron_lib/callbacks/manager.py:52}}
Apr 02 14:38:13.557449 np0000163001 devstack@neutron-api.service[102279]: DEBUG neutron_lib.callbacks.manager [None req-97587ed7-3474-44cf-a364-e4456b3c16e7 None None] Subscribe: > segment after_delete 55550000, False {{(pid=102279) subscribe /opt/stack/data/venv/lib/python3.12/site-packages/neutron_lib/callbacks/manager.py:52}}
Apr 02 14:38:13.557484 np0000163001 devstack@neutron-api.service[102281]: DEBUG neutron_lib.callbacks.manager [None req-99033452-cc2b-42a1-ab85-020a35846885 None None] Subscribe: > security_group_rule before_delete 55550000, False {{(pid=102281) subscribe /opt/stack/data/venv/lib/python3.12/site-packages/neutron_lib/callbacks/manager.py:52}}
Apr 02 14:38:13.557548 np0000163001 devstack@neutron-api.service[102279]: DEBUG neutron_lib.callbacks.manager [None req-97587ed7-3474-44cf-a364-e4456b3c16e7 None None] Subscribe: > allowed_address_pair before_create 55550000, False {{(pid=102279) subscribe /opt/stack/data/venv/lib/python3.12/site-packages/neutron_lib/callbacks/manager.py:52}}
Apr 02 14:38:13.557607 np0000163001 devstack@neutron-api.service[102281]: DEBUG neutron_lib.callbacks.manager [None req-99033452-cc2b-42a1-ab85-020a35846885 None None] Subscribe: > address_group after_create 55550000, False {{(pid=102281) subscribe /opt/stack/data/venv/lib/python3.12/site-packages/neutron_lib/callbacks/manager.py:52}}
Apr 02 14:38:13.557637 np0000163001 devstack@neutron-api.service[102279]: DEBUG neutron_lib.callbacks.manager [None req-97587ed7-3474-44cf-a364-e4456b3c16e7 None None] Subscribe: > security_group precommit_create 55550000, False {{(pid=102279) subscribe /opt/stack/data/venv/lib/python3.12/site-packages/neutron_lib/callbacks/manager.py:52}}
Apr 02 14:38:13.557699 np0000163001 devstack@neutron-api.service[102281]: DEBUG neutron_lib.callbacks.manager [None req-99033452-cc2b-42a1-ab85-020a35846885 None None] Subscribe: > address_group after_update 55550000, False {{(pid=102281) subscribe /opt/stack/data/venv/lib/python3.12/site-packages/neutron_lib/callbacks/manager.py:52}}
Apr 02 14:38:13.557728 np0000163001 devstack@neutron-api.service[102279]: DEBUG neutron_lib.callbacks.manager [None req-97587ed7-3474-44cf-a364-e4456b3c16e7 None None] Subscribe: > security_group after_update 55550000, False {{(pid=102279) subscribe /opt/stack/data/venv/lib/python3.12/site-packages/neutron_lib/callbacks/manager.py:52}}
Apr 02 14:38:13.557882 np0000163001 devstack@neutron-api.service[102281]: DEBUG neutron_lib.callbacks.manager [None req-99033452-cc2b-42a1-ab85-020a35846885 None None] Subscribe: > address_group after_delete 55550000, False {{(pid=102281) subscribe /opt/stack/data/venv/lib/python3.12/site-packages/neutron_lib/callbacks/manager.py:52}}
Apr 02 14:38:13.557945 np0000163001 devstack@neutron-api.service[102279]: DEBUG neutron_lib.callbacks.manager [None req-97587ed7-3474-44cf-a364-e4456b3c16e7 None None] Subscribe: > security_group after_create 55550000, False {{(pid=102279) subscribe /opt/stack/data/venv/lib/python3.12/site-packages/neutron_lib/callbacks/manager.py:52}}
Apr 02 14:38:13.557945 np0000163001 devstack@neutron-api.service[102279]: DEBUG neutron_lib.callbacks.manager [None req-97587ed7-3474-44cf-a364-e4456b3c16e7 None None] Subscribe: > security_group precommit_delete 55550000, False {{(pid=102279) subscribe /opt/stack/data/venv/lib/python3.12/site-packages/neutron_lib/callbacks/manager.py:52}}
Apr 02 14:38:13.558000 np0000163001 devstack@neutron-api.service[102281]: DEBUG neutron_lib.callbacks.manager [None req-99033452-cc2b-42a1-ab85-020a35846885 None None] Subscribe: > qos_plugin after_init 55550000, False {{(pid=102281) subscribe /opt/stack/data/venv/lib/python3.12/site-packages/neutron_lib/callbacks/manager.py:52}}
Apr 02 14:38:13.558059 np0000163001 devstack@neutron-api.service[102279]: DEBUG neutron_lib.callbacks.manager [None req-97587ed7-3474-44cf-a364-e4456b3c16e7 None None] Subscribe: > security_group after_delete 55550000, False {{(pid=102279) subscribe /opt/stack/data/venv/lib/python3.12/site-packages/neutron_lib/callbacks/manager.py:52}}
Apr 02 14:38:13.558059 np0000163001 devstack@neutron-api.service[102279]: DEBUG neutron_lib.callbacks.manager [None req-97587ed7-3474-44cf-a364-e4456b3c16e7 None None] Subscribe: > security_group_rule precommit_create 55550000, False {{(pid=102279) subscribe /opt/stack/data/venv/lib/python3.12/site-packages/neutron_lib/callbacks/manager.py:52}}
Apr 02 14:38:13.558141 np0000163001 devstack@neutron-api.service[102281]: DEBUG neutron_lib.callbacks.manager [None req-99033452-cc2b-42a1-ab85-020a35846885 None None] Subscribe: > trunk_plugin after_init 55550000, False {{(pid=102281) subscribe /opt/stack/data/venv/lib/python3.12/site-packages/neutron_lib/callbacks/manager.py:52}}
Apr 02 14:38:13.558227 np0000163001 devstack@neutron-api.service[102279]: DEBUG neutron_lib.callbacks.manager [None req-97587ed7-3474-44cf-a364-e4456b3c16e7 None None] Subscribe: > security_group_rule after_create 55550000, False {{(pid=102279) subscribe /opt/stack/data/venv/lib/python3.12/site-packages/neutron_lib/callbacks/manager.py:52}}
Apr 02 14:38:13.558227 np0000163001 devstack@neutron-api.service[102279]: DEBUG neutron_lib.callbacks.manager [None req-97587ed7-3474-44cf-a364-e4456b3c16e7 None None] Subscribe: > security_group_rule before_delete 55550000, False {{(pid=102279) subscribe /opt/stack/data/venv/lib/python3.12/site-packages/neutron_lib/callbacks/manager.py:52}}
Apr 02 14:38:13.558330 np0000163001 devstack@neutron-api.service[102281]: DEBUG neutron_lib.callbacks.manager [None req-99033452-cc2b-42a1-ab85-020a35846885 None None] Subscribe: > logging-plugin after_init 55550000, False {{(pid=102281) subscribe /opt/stack/data/venv/lib/python3.12/site-packages/neutron_lib/callbacks/manager.py:52}}
Apr 02 14:38:13.558389 np0000163001 devstack@neutron-api.service[102279]: DEBUG neutron_lib.callbacks.manager [None req-97587ed7-3474-44cf-a364-e4456b3c16e7 None None] Subscribe: > address_group after_create 55550000, False {{(pid=102279) subscribe /opt/stack/data/venv/lib/python3.12/site-packages/neutron_lib/callbacks/manager.py:52}}
Apr 02 14:38:13.558389 np0000163001 devstack@neutron-api.service[102279]: DEBUG neutron_lib.callbacks.manager [None req-97587ed7-3474-44cf-a364-e4456b3c16e7 None None] Subscribe: > address_group after_update 55550000, False {{(pid=102279) subscribe /opt/stack/data/venv/lib/python3.12/site-packages/neutron_lib/callbacks/manager.py:52}}
Apr 02 14:38:13.558389 np0000163001 devstack@neutron-api.service[102279]: DEBUG neutron_lib.callbacks.manager [None req-97587ed7-3474-44cf-a364-e4456b3c16e7 None None] Subscribe: > address_group after_delete 55550000, False {{(pid=102279) subscribe /opt/stack/data/venv/lib/python3.12/site-packages/neutron_lib/callbacks/manager.py:52}}
Apr 02 14:38:13.558468 np0000163001 devstack@neutron-api.service[102280]: DEBUG neutron.manager [None req-a3ed151c-5f61-40ec-8d8b-544c810b6bb0 None None] Successfully loaded timestamp plugin. Description: Adds timestamps to Neutron resources with standard attributes {{(pid=102280) _create_and_add_service_plugin /opt/stack/neutron/neutron/manager.py:239}}
Apr 02 14:38:13.558468 np0000163001 devstack@neutron-api.service[102280]: INFO neutron.manager [None req-a3ed151c-5f61-40ec-8d8b-544c810b6bb0 None None] Loading Plugin: network_ip_availability
Apr 02 14:38:13.558576 np0000163001 devstack@neutron-api.service[102279]: DEBUG neutron_lib.callbacks.manager [None req-97587ed7-3474-44cf-a364-e4456b3c16e7 None None] Subscribe: > qos_plugin after_init 55550000, False {{(pid=102279) subscribe /opt/stack/data/venv/lib/python3.12/site-packages/neutron_lib/callbacks/manager.py:52}}
Apr 02 14:38:13.558699 np0000163001 devstack@neutron-api.service[102281]: INFO neutron.services.logapi.drivers.ovn.driver [None req-99033452-cc2b-42a1-ab85-020a35846885 None None] OVN logging driver registered
Apr 02 14:38:13.558731 np0000163001 devstack@neutron-api.service[102279]: DEBUG neutron_lib.callbacks.manager [None req-97587ed7-3474-44cf-a364-e4456b3c16e7 None None] Subscribe: > trunk_plugin after_init 55550000, False {{(pid=102279) subscribe /opt/stack/data/venv/lib/python3.12/site-packages/neutron_lib/callbacks/manager.py:52}}
Apr 02 14:38:13.558792 np0000163001 devstack@neutron-api.service[102279]: DEBUG neutron_lib.callbacks.manager [None req-97587ed7-3474-44cf-a364-e4456b3c16e7 None None] Subscribe: > logging-plugin after_init 55550000, False {{(pid=102279) subscribe /opt/stack/data/venv/lib/python3.12/site-packages/neutron_lib/callbacks/manager.py:52}}
Apr 02 14:38:13.559322 np0000163001 devstack@neutron-api.service[102279]: INFO neutron.services.logapi.drivers.ovn.driver [None req-97587ed7-3474-44cf-a364-e4456b3c16e7 None None] OVN logging driver registered
Apr 02 14:38:13.559945 np0000163001 devstack@neutron-api.service[102281]: DEBUG neutron.plugins.ml2.plugin [None req-99033452-cc2b-42a1-ab85-020a35846885 None None] neutron.plugins.ml2.plugin.Ml2Plugin method _start_rpc_notifiers called with arguments () {} {{(pid=102281) wrapper /opt/stack/data/venv/lib/python3.12/site-packages/oslo_log/helpers.py:77}}
Apr 02 14:38:13.560129 np0000163001 devstack@neutron-api.service[102280]: DEBUG neutron.manager [None req-a3ed151c-5f61-40ec-8d8b-544c810b6bb0 None None] Successfully loaded network-ip-availability plugin. Description: Provides IP availability data for each network and subnet. {{(pid=102280) _create_and_add_service_plugin /opt/stack/neutron/neutron/manager.py:239}}
Apr 02 14:38:13.560243 np0000163001 devstack@neutron-api.service[102281]: DEBUG neutron_lib.callbacks.manager [None req-99033452-cc2b-42a1-ab85-020a35846885 None None] Subscribe: > port after_create 55550000, False {{(pid=102281) subscribe /opt/stack/data/venv/lib/python3.12/site-packages/neutron_lib/callbacks/manager.py:52}}
Apr 02 14:38:13.560273 np0000163001 devstack@neutron-api.service[102280]: INFO neutron.manager [None req-a3ed151c-5f61-40ec-8d8b-544c810b6bb0 None None] Loading Plugin: flavors
Apr 02 14:38:13.560370 np0000163001 devstack@neutron-api.service[102281]: DEBUG neutron_lib.callbacks.manager [None req-99033452-cc2b-42a1-ab85-020a35846885 None None] Subscribe: > port after_update 55550000, False {{(pid=102281) subscribe /opt/stack/data/venv/lib/python3.12/site-packages/neutron_lib/callbacks/manager.py:52}}
Apr 02 14:38:13.560486 np0000163001 devstack@neutron-api.service[102281]: DEBUG neutron_lib.callbacks.manager [None req-99033452-cc2b-42a1-ab85-020a35846885 None None] Subscribe: > port after_delete 55550000, False {{(pid=102281) subscribe /opt/stack/data/venv/lib/python3.12/site-packages/neutron_lib/callbacks/manager.py:52}}
Apr 02 14:38:13.560573 np0000163001 devstack@neutron-api.service[102281]: DEBUG neutron_lib.callbacks.manager [None req-99033452-cc2b-42a1-ab85-020a35846885 None None] Subscribe: > subnet after_create 55550000, False {{(pid=102281) subscribe /opt/stack/data/venv/lib/python3.12/site-packages/neutron_lib/callbacks/manager.py:52}}
Apr 02 14:38:13.560683 np0000163001 devstack@neutron-api.service[102281]: DEBUG neutron_lib.callbacks.manager [None req-99033452-cc2b-42a1-ab85-020a35846885 None None] Subscribe: > subnet after_update 55550000, False {{(pid=102281) subscribe /opt/stack/data/venv/lib/python3.12/site-packages/neutron_lib/callbacks/manager.py:52}}
Apr 02 14:38:13.560786 np0000163001 devstack@neutron-api.service[102281]: DEBUG neutron_lib.callbacks.manager [None req-99033452-cc2b-42a1-ab85-020a35846885 None None] Subscribe: > subnet after_delete 55550000, False {{(pid=102281) subscribe /opt/stack/data/venv/lib/python3.12/site-packages/neutron_lib/callbacks/manager.py:52}}
Apr 02 14:38:13.560898 np0000163001 devstack@neutron-api.service[102281]: DEBUG neutron_lib.callbacks.manager [None req-99033452-cc2b-42a1-ab85-020a35846885 None None] Subscribe: > network after_create 55550000, False {{(pid=102281) subscribe /opt/stack/data/venv/lib/python3.12/site-packages/neutron_lib/callbacks/manager.py:52}}
Apr 02 14:38:13.560981 np0000163001 devstack@neutron-api.service[102279]: DEBUG neutron.plugins.ml2.plugin [None req-97587ed7-3474-44cf-a364-e4456b3c16e7 None None] neutron.plugins.ml2.plugin.Ml2Plugin method _start_rpc_notifiers called with arguments () {} {{(pid=102279) wrapper /opt/stack/data/venv/lib/python3.12/site-packages/oslo_log/helpers.py:77}}
Apr 02 14:38:13.561010 np0000163001 devstack@neutron-api.service[102281]: DEBUG neutron_lib.callbacks.manager [None req-99033452-cc2b-42a1-ab85-020a35846885 None None] Subscribe: > network after_update 55550000, False {{(pid=102281) subscribe /opt/stack/data/venv/lib/python3.12/site-packages/neutron_lib/callbacks/manager.py:52}}
Apr 02 14:38:13.561078 np0000163001 devstack@neutron-api.service[102281]: DEBUG neutron_lib.callbacks.manager [None req-99033452-cc2b-42a1-ab85-020a35846885 None None] Subscribe: > network after_delete 55550000, False {{(pid=102281) subscribe /opt/stack/data/venv/lib/python3.12/site-packages/neutron_lib/callbacks/manager.py:52}}
Apr 02 14:38:13.561200 np0000163001 devstack@neutron-api.service[102281]: DEBUG neutron_lib.callbacks.manager [None req-99033452-cc2b-42a1-ab85-020a35846885 None None] Subscribe: > security_group after_create 55550000, False {{(pid=102281) subscribe /opt/stack/data/venv/lib/python3.12/site-packages/neutron_lib/callbacks/manager.py:52}}
Apr 02 14:38:13.561292 np0000163001 devstack@neutron-api.service[102279]: DEBUG neutron_lib.callbacks.manager [None req-97587ed7-3474-44cf-a364-e4456b3c16e7 None None] Subscribe: > port after_create 55550000, False {{(pid=102279) subscribe /opt/stack/data/venv/lib/python3.12/site-packages/neutron_lib/callbacks/manager.py:52}}
Apr 02 14:38:13.561328 np0000163001 devstack@neutron-api.service[102281]: DEBUG neutron_lib.callbacks.manager [None req-99033452-cc2b-42a1-ab85-020a35846885 None None] Subscribe: > security_group after_update 55550000, False {{(pid=102281) subscribe /opt/stack/data/venv/lib/python3.12/site-packages/neutron_lib/callbacks/manager.py:52}}
Apr 02 14:38:13.561423 np0000163001 devstack@neutron-api.service[102281]: DEBUG neutron_lib.callbacks.manager [None req-99033452-cc2b-42a1-ab85-020a35846885 None None] Subscribe: > security_group after_delete 55550000, False {{(pid=102281) subscribe /opt/stack/data/venv/lib/python3.12/site-packages/neutron_lib/callbacks/manager.py:52}}
Apr 02 14:38:13.561451 np0000163001 devstack@neutron-api.service[102280]: DEBUG neutron.manager [None req-a3ed151c-5f61-40ec-8d8b-544c810b6bb0 None None] Successfully loaded FLAVORS plugin. Description: Neutron Flavors and Service Profiles manager plugin {{(pid=102280) _create_and_add_service_plugin /opt/stack/neutron/neutron/manager.py:239}}
Apr 02 14:38:13.561480 np0000163001 devstack@neutron-api.service[102279]: DEBUG neutron_lib.callbacks.manager [None req-97587ed7-3474-44cf-a364-e4456b3c16e7 None None] Subscribe: > port after_update 55550000, False {{(pid=102279) subscribe /opt/stack/data/venv/lib/python3.12/site-packages/neutron_lib/callbacks/manager.py:52}}
Apr 02 14:38:13.561540 np0000163001 devstack@neutron-api.service[102281]: DEBUG neutron_lib.callbacks.manager [None req-99033452-cc2b-42a1-ab85-020a35846885 None None] Subscribe: > security_group_rule after_create 55550000, False {{(pid=102281) subscribe /opt/stack/data/venv/lib/python3.12/site-packages/neutron_lib/callbacks/manager.py:52}}
Apr 02 14:38:13.561605 np0000163001 devstack@neutron-api.service[102280]: INFO neutron.manager [None req-a3ed151c-5f61-40ec-8d8b-544c810b6bb0 None None] Loading Plugin: revisions
Apr 02 14:38:13.561638 np0000163001 devstack@neutron-api.service[102279]: DEBUG neutron_lib.callbacks.manager [None req-97587ed7-3474-44cf-a364-e4456b3c16e7 None None] Subscribe: > port after_delete 55550000, False {{(pid=102279) subscribe /opt/stack/data/venv/lib/python3.12/site-packages/neutron_lib/callbacks/manager.py:52}}
Apr 02 14:38:13.561711 np0000163001 devstack@neutron-api.service[102281]: DEBUG neutron_lib.callbacks.manager [None req-99033452-cc2b-42a1-ab85-020a35846885 None None] Subscribe: > security_group_rule after_update 55550000, False {{(pid=102281) subscribe /opt/stack/data/venv/lib/python3.12/site-packages/neutron_lib/callbacks/manager.py:52}}
Apr 02 14:38:13.561829 np0000163001 devstack@neutron-api.service[102279]: DEBUG neutron_lib.callbacks.manager [None req-97587ed7-3474-44cf-a364-e4456b3c16e7 None None] Subscribe: > subnet after_create 55550000, False {{(pid=102279) subscribe /opt/stack/data/venv/lib/python3.12/site-packages/neutron_lib/callbacks/manager.py:52}}
Apr 02 14:38:13.561872 np0000163001 devstack@neutron-api.service[102281]: DEBUG neutron_lib.callbacks.manager [None req-99033452-cc2b-42a1-ab85-020a35846885 None None] Subscribe: > security_group_rule after_delete 55550000, False {{(pid=102281) subscribe /opt/stack/data/venv/lib/python3.12/site-packages/neutron_lib/callbacks/manager.py:52}}
Apr 02 14:38:13.561935 np0000163001 devstack@neutron-api.service[102279]: DEBUG neutron_lib.callbacks.manager [None req-97587ed7-3474-44cf-a364-e4456b3c16e7 None None] Subscribe: > subnet after_update 55550000, False {{(pid=102279) subscribe /opt/stack/data/venv/lib/python3.12/site-packages/neutron_lib/callbacks/manager.py:52}}
Apr 02 14:38:13.562000 np0000163001 devstack@neutron-api.service[102281]: DEBUG neutron_lib.callbacks.manager [None req-99033452-cc2b-42a1-ab85-020a35846885 None None] Subscribe: > address_group after_create 55550000, False {{(pid=102281) subscribe /opt/stack/data/venv/lib/python3.12/site-packages/neutron_lib/callbacks/manager.py:52}}
Apr 02 14:38:13.562032 np0000163001 devstack@neutron-api.service[102279]: DEBUG neutron_lib.callbacks.manager [None req-97587ed7-3474-44cf-a364-e4456b3c16e7 None None] Subscribe: > subnet after_delete 55550000, False {{(pid=102279) subscribe /opt/stack/data/venv/lib/python3.12/site-packages/neutron_lib/callbacks/manager.py:52}}
Apr 02 14:38:13.562096 np0000163001 devstack@neutron-api.service[102281]: DEBUG neutron_lib.callbacks.manager [None req-99033452-cc2b-42a1-ab85-020a35846885 None None] Subscribe: > address_group after_update 55550000, False {{(pid=102281) subscribe /opt/stack/data/venv/lib/python3.12/site-packages/neutron_lib/callbacks/manager.py:52}}
Apr 02 14:38:13.562125 np0000163001 devstack@neutron-api.service[102279]: DEBUG neutron_lib.callbacks.manager [None req-97587ed7-3474-44cf-a364-e4456b3c16e7 None None] Subscribe: > network after_create 55550000, False {{(pid=102279) subscribe /opt/stack/data/venv/lib/python3.12/site-packages/neutron_lib/callbacks/manager.py:52}}
Apr 02 14:38:13.562207 np0000163001 devstack@neutron-api.service[102281]: DEBUG neutron_lib.callbacks.manager [None req-99033452-cc2b-42a1-ab85-020a35846885 None None] Subscribe: > address_group after_delete 55550000, False {{(pid=102281) subscribe /opt/stack/data/venv/lib/python3.12/site-packages/neutron_lib/callbacks/manager.py:52}}
Apr 02 14:38:13.562266 np0000163001 devstack@neutron-api.service[102279]: DEBUG neutron_lib.callbacks.manager [None req-97587ed7-3474-44cf-a364-e4456b3c16e7 None None] Subscribe: > network after_update 55550000, False {{(pid=102279) subscribe /opt/stack/data/venv/lib/python3.12/site-packages/neutron_lib/callbacks/manager.py:52}}
Apr 02 14:38:13.562301 np0000163001 devstack@neutron-api.service[102281]: DEBUG neutron.plugins.ml2.ovo_rpc [None req-99033452-cc2b-42a1-ab85-020a35846885 None None] ML2 OVO RPC backend initialized. {{(pid=102281) __init__ /opt/stack/neutron/neutron/plugins/ml2/ovo_rpc.py:117}}
Apr 02 14:38:13.562358 np0000163001 devstack@neutron-api.service[102279]: DEBUG neutron_lib.callbacks.manager [None req-97587ed7-3474-44cf-a364-e4456b3c16e7 None None] Subscribe: > network after_delete 55550000, False {{(pid=102279) subscribe /opt/stack/data/venv/lib/python3.12/site-packages/neutron_lib/callbacks/manager.py:52}}
Apr 02 14:38:13.562358 np0000163001 devstack@neutron-api.service[102279]: DEBUG neutron_lib.callbacks.manager [None req-97587ed7-3474-44cf-a364-e4456b3c16e7 None None] Subscribe: > security_group after_create 55550000, False {{(pid=102279) subscribe /opt/stack/data/venv/lib/python3.12/site-packages/neutron_lib/callbacks/manager.py:52}}
Apr 02 14:38:13.562358 np0000163001 devstack@neutron-api.service[102279]: DEBUG neutron_lib.callbacks.manager [None req-97587ed7-3474-44cf-a364-e4456b3c16e7 None None] Subscribe: > security_group after_update 55550000, False {{(pid=102279) subscribe /opt/stack/data/venv/lib/python3.12/site-packages/neutron_lib/callbacks/manager.py:52}}
Apr 02 14:38:13.562440 np0000163001 devstack@neutron-api.service[102279]: DEBUG neutron_lib.callbacks.manager [None req-97587ed7-3474-44cf-a364-e4456b3c16e7 None None] Subscribe: > security_group after_delete 55550000, False {{(pid=102279) subscribe /opt/stack/data/venv/lib/python3.12/site-packages/neutron_lib/callbacks/manager.py:52}}
Apr 02 14:38:13.562572 np0000163001 devstack@neutron-api.service[102279]: DEBUG neutron_lib.callbacks.manager [None req-97587ed7-3474-44cf-a364-e4456b3c16e7 None None] Subscribe: > security_group_rule after_create 55550000, False {{(pid=102279) subscribe /opt/stack/data/venv/lib/python3.12/site-packages/neutron_lib/callbacks/manager.py:52}}
Apr 02 14:38:13.562669 np0000163001 devstack@neutron-api.service[102279]: DEBUG neutron_lib.callbacks.manager [None req-97587ed7-3474-44cf-a364-e4456b3c16e7 None None] Subscribe: > security_group_rule after_update 55550000, False {{(pid=102279) subscribe /opt/stack/data/venv/lib/python3.12/site-packages/neutron_lib/callbacks/manager.py:52}}
Apr 02 14:38:13.562790 np0000163001 devstack@neutron-api.service[102280]: DEBUG neutron.manager [None req-a3ed151c-5f61-40ec-8d8b-544c810b6bb0 None None] Successfully loaded revision_plugin plugin. Description: Adds revision numbers to resources. {{(pid=102280) _create_and_add_service_plugin /opt/stack/neutron/neutron/manager.py:239}}
Apr 02 14:38:13.562827 np0000163001 devstack@neutron-api.service[102279]: DEBUG neutron_lib.callbacks.manager [None req-97587ed7-3474-44cf-a364-e4456b3c16e7 None None] Subscribe: > security_group_rule after_delete 55550000, False {{(pid=102279) subscribe /opt/stack/data/venv/lib/python3.12/site-packages/neutron_lib/callbacks/manager.py:52}}
Apr 02 14:38:13.562923 np0000163001 devstack@neutron-api.service[102279]: DEBUG neutron_lib.callbacks.manager [None req-97587ed7-3474-44cf-a364-e4456b3c16e7 None None] Subscribe: > address_group after_create 55550000, False {{(pid=102279) subscribe /opt/stack/data/venv/lib/python3.12/site-packages/neutron_lib/callbacks/manager.py:52}}
Apr 02 14:38:13.562955 np0000163001 devstack@neutron-api.service[102281]: INFO neutron.quota [None req-99033452-cc2b-42a1-ab85-020a35846885 None None] Loaded quota_driver: .
Apr 02 14:38:13.563010 np0000163001 devstack@neutron-api.service[102280]: DEBUG oslo_concurrency.lockutils [None req-a3ed151c-5f61-40ec-8d8b-544c810b6bb0 None None] Lock "manager" "released" by "neutron.manager.NeutronManager._create_instance" :: held 4.399s {{(pid=102280) inner /opt/stack/data/venv/lib/python3.12/site-packages/oslo_concurrency/lockutils.py:538}}
Apr 02 14:38:13.563044 np0000163001 devstack@neutron-api.service[102279]: DEBUG neutron_lib.callbacks.manager [None req-97587ed7-3474-44cf-a364-e4456b3c16e7 None None] Subscribe: > address_group after_update 55550000, False {{(pid=102279) subscribe /opt/stack/data/venv/lib/python3.12/site-packages/neutron_lib/callbacks/manager.py:52}}
Apr 02 14:38:13.563105 np0000163001 devstack@neutron-api.service[102281]: INFO neutron.plugins.ml2.plugin [None req-99033452-cc2b-42a1-ab85-020a35846885 None None] Modular L2 Plugin initialization complete
Apr 02 14:38:13.563137 np0000163001 devstack@neutron-api.service[102279]: DEBUG neutron_lib.callbacks.manager [None req-97587ed7-3474-44cf-a364-e4456b3c16e7 None None] Subscribe: > address_group after_delete 55550000, False {{(pid=102279) subscribe /opt/stack/data/venv/lib/python3.12/site-packages/neutron_lib/callbacks/manager.py:52}}
Apr 02 14:38:13.563243 np0000163001 devstack@neutron-api.service[102281]: DEBUG neutron.manager [None req-99033452-cc2b-42a1-ab85-020a35846885 None None] Loading services supported by the core plugin {{(pid=102281) _load_services_from_core_plugin /opt/stack/neutron/neutron/manager.py:170}}
Apr 02 14:38:13.563273 np0000163001 devstack@neutron-api.service[102279]: DEBUG neutron.plugins.ml2.ovo_rpc [None req-97587ed7-3474-44cf-a364-e4456b3c16e7 None None] ML2 OVO RPC backend initialized. {{(pid=102279) __init__ /opt/stack/neutron/neutron/plugins/ml2/ovo_rpc.py:117}}
Apr 02 14:38:13.563298 np0000163001 devstack@neutron-api.service[102280]: DEBUG neutron.api.extensions [None req-a3ed151c-5f61-40ec-8d8b-544c810b6bb0 None None] get_extension_paths = OrderedDict({'/opt/stack/neutron/neutron/extensions': 1}) {{(pid=102280) get_extensions_path /opt/stack/neutron/neutron/api/extensions.py:640}}
Apr 02 14:38:13.563359 np0000163001 devstack@neutron-api.service[102281]: INFO neutron.plugins.ml2.managers [None req-99033452-cc2b-42a1-ab85-020a35846885 None None] Got port-security extension from driver 'port_security'
Apr 02 14:38:13.563469 np0000163001 devstack@neutron-api.service[102280]: INFO neutron.api.extensions [None req-a3ed151c-5f61-40ec-8d8b-544c810b6bb0 None None] Initializing extension manager.
Apr 02 14:38:13.563614 np0000163001 devstack@neutron-api.service[102281]: DEBUG neutron.manager [None req-99033452-cc2b-42a1-ab85-020a35846885 None None] Loading service plugins: ['ovn-router', 'auto_allocate', 'tag', 'timestamp', 'network_ip_availability', 'flavors', 'revisions'] {{(pid=102281) _load_service_plugins /opt/stack/neutron/neutron/manager.py:195}}
Apr 02 14:38:13.563711 np0000163001 devstack@neutron-api.service[102281]: INFO neutron.manager [None req-99033452-cc2b-42a1-ab85-020a35846885 None None] Loading Plugin: ovn-router
Apr 02 14:38:13.563775 np0000163001 devstack@neutron-api.service[102280]: DEBUG neutron.api.extensions [None req-a3ed151c-5f61-40ec-8d8b-544c810b6bb0 None None] Loading extension file: __init__.py {{(pid=102280) _load_all_extensions_from_path /opt/stack/neutron/neutron/api/extensions.py:449}}
Apr 02 14:38:13.563899 np0000163001 devstack@neutron-api.service[102280]: DEBUG neutron.api.extensions [None req-a3ed151c-5f61-40ec-8d8b-544c810b6bb0 None None] Loading extension file: __pycache__ {{(pid=102280) _load_all_extensions_from_path /opt/stack/neutron/neutron/api/extensions.py:449}}
Apr 02 14:38:13.564028 np0000163001 devstack@neutron-api.service[102280]: DEBUG neutron.api.extensions [None req-a3ed151c-5f61-40ec-8d8b-544c810b6bb0 None None] Loading extension file: address_group.py {{(pid=102280) _load_all_extensions_from_path /opt/stack/neutron/neutron/api/extensions.py:449}}
Apr 02 14:38:13.564079 np0000163001 devstack@neutron-api.service[102279]: INFO neutron.quota [None req-97587ed7-3474-44cf-a364-e4456b3c16e7 None None] Loaded quota_driver: .
Apr 02 14:38:13.564230 np0000163001 devstack@neutron-api.service[102279]: INFO neutron.plugins.ml2.plugin [None req-97587ed7-3474-44cf-a364-e4456b3c16e7 None None] Modular L2 Plugin initialization complete
Apr 02 14:38:13.564368 np0000163001 devstack@neutron-api.service[102279]: DEBUG neutron.manager [None req-97587ed7-3474-44cf-a364-e4456b3c16e7 None None] Loading services supported by the core plugin {{(pid=102279) _load_services_from_core_plugin /opt/stack/neutron/neutron/manager.py:170}}
Apr 02 14:38:13.564410 np0000163001 devstack@neutron-api.service[102280]: DEBUG neutron.api.extensions [None req-a3ed151c-5f61-40ec-8d8b-544c810b6bb0 None None] Ext name="Address group" alias="address-group" description="Support address group" updated="2020-07-15T10:00:00-00:00" {{(pid=102280) _check_extension /opt/stack/neutron/neutron/api/extensions.py:415}}
Apr 02 14:38:13.564499 np0000163001 devstack@neutron-api.service[102279]: INFO neutron.plugins.ml2.managers [None req-97587ed7-3474-44cf-a364-e4456b3c16e7 None None] Got port-security extension from driver 'port_security'
Apr 02 14:38:13.564680 np0000163001 devstack@neutron-api.service[102280]: INFO neutron.api.extensions [None req-a3ed151c-5f61-40ec-8d8b-544c810b6bb0 None None] Loaded extension: address-group
Apr 02 14:38:13.564742 np0000163001 devstack@neutron-api.service[102279]: DEBUG neutron.manager [None req-97587ed7-3474-44cf-a364-e4456b3c16e7 None None] Loading service plugins: ['ovn-router', 'auto_allocate', 'tag', 'timestamp', 'network_ip_availability', 'flavors', 'revisions'] {{(pid=102279) _load_service_plugins /opt/stack/neutron/neutron/manager.py:195}}
Apr 02 14:38:13.564774 np0000163001 devstack@neutron-api.service[102280]: DEBUG neutron.api.extensions [None req-a3ed151c-5f61-40ec-8d8b-544c810b6bb0 None None] Loading extension file: address_scope.py {{(pid=102280) _load_all_extensions_from_path /opt/stack/neutron/neutron/api/extensions.py:449}}
Apr 02 14:38:13.564846 np0000163001 devstack@neutron-api.service[102279]: INFO neutron.manager [None req-97587ed7-3474-44cf-a364-e4456b3c16e7 None None] Loading Plugin: ovn-router
Apr 02 14:38:13.565107 np0000163001 devstack@neutron-api.service[102280]: DEBUG neutron.api.extensions [None req-a3ed151c-5f61-40ec-8d8b-544c810b6bb0 None None] Ext name="Address scope" alias="address-scope" description="Address scopes extension." updated="2015-07-26T10:00:00-00:00" {{(pid=102280) _check_extension /opt/stack/neutron/neutron/api/extensions.py:415}}
Apr 02 14:38:13.565400 np0000163001 devstack@neutron-api.service[102280]: INFO neutron.api.extensions [None req-a3ed151c-5f61-40ec-8d8b-544c810b6bb0 None None] Loaded extension: address-scope
Apr 02 14:38:13.565501 np0000163001 devstack@neutron-api.service[102280]: DEBUG neutron.api.extensions [None req-a3ed151c-5f61-40ec-8d8b-544c810b6bb0 None None] Loading extension file: admin_state_down_before_update.py {{(pid=102280) _load_all_extensions_from_path /opt/stack/neutron/neutron/api/extensions.py:449}}
Apr 02 14:38:13.565786 np0000163001 devstack@neutron-api.service[102280]: DEBUG neutron.api.extensions [None req-a3ed151c-5f61-40ec-8d8b-544c810b6bb0 None None] Ext name="Enforce Router's Admin State Down Before Update Extension" alias="router-admin-state-down-before-update" description="Ensure that the admin state of a router is DOWN (admin_state_up=False) before updating the distributed attribute" updated="2019-07-02T15:56:00" {{(pid=102280) _check_extension /opt/stack/neutron/neutron/api/extensions.py:415}}
Apr 02 14:38:13.566017 np0000163001 devstack@neutron-api.service[102280]: INFO neutron.api.extensions [None req-a3ed151c-5f61-40ec-8d8b-544c810b6bb0 None None] Extension router-admin-state-down-before-update not supported by any of loaded plugins
Apr 02 14:38:13.566100 np0000163001 devstack@neutron-api.service[102280]: DEBUG neutron.api.extensions [None req-a3ed151c-5f61-40ec-8d8b-544c810b6bb0 None None] Loading extension file: agent.py {{(pid=102280) _load_all_extensions_from_path /opt/stack/neutron/neutron/api/extensions.py:449}}
Apr 02 14:38:13.566495 np0000163001 devstack@neutron-api.service[102280]: DEBUG neutron.api.extensions [None req-a3ed151c-5f61-40ec-8d8b-544c810b6bb0 None None] Ext name="agent" alias="agent" description="The agent management extension." updated="2013-02-03T10:00:00-00:00" {{(pid=102280) _check_extension /opt/stack/neutron/neutron/api/extensions.py:415}}
Apr 02 14:38:13.566685 np0000163001 devstack@neutron-api.service[102280]: INFO neutron.api.extensions [None req-a3ed151c-5f61-40ec-8d8b-544c810b6bb0 None None] Loaded extension: agent
Apr 02 14:38:13.566806 np0000163001 devstack@neutron-api.service[102280]: DEBUG neutron.api.extensions [None req-a3ed151c-5f61-40ec-8d8b-544c810b6bb0 None None] Loading extension file: agent_resources_synced.py {{(pid=102280) _load_all_extensions_from_path /opt/stack/neutron/neutron/api/extensions.py:449}}
Apr 02 14:38:13.567061 np0000163001 devstack@neutron-api.service[102280]: DEBUG neutron.api.extensions [None req-a3ed151c-5f61-40ec-8d8b-544c810b6bb0 None None] Ext name="Agent's Resource View Synced to Placement" alias="agent-resources-synced" description="Stores success/failure of last sync to Placement" updated="2018-12-19T00:00:00-00:00" {{(pid=102280) _check_extension /opt/stack/neutron/neutron/api/extensions.py:415}}
Apr 02 14:38:13.567320 np0000163001 devstack@neutron-api.service[102280]: INFO neutron.api.extensions [None req-a3ed151c-5f61-40ec-8d8b-544c810b6bb0 None None] Extension agent-resources-synced not supported by any of loaded plugins
Apr 02 14:38:13.567394 np0000163001 devstack@neutron-api.service[102280]: DEBUG neutron.api.extensions [None req-a3ed151c-5f61-40ec-8d8b-544c810b6bb0 None None] Loading extension file: allowedaddresspairs.py {{(pid=102280) _load_all_extensions_from_path /opt/stack/neutron/neutron/api/extensions.py:449}}
Apr 02 14:38:13.568234 np0000163001 devstack@neutron-api.service[102280]: DEBUG neutron.api.extensions [None req-a3ed151c-5f61-40ec-8d8b-544c810b6bb0 None None] Ext name="Allowed Address Pairs" alias="allowed-address-pairs" description="Provides allowed address pairs" updated="2013-07-23T10:00:00-00:00" {{(pid=102280) _check_extension /opt/stack/neutron/neutron/api/extensions.py:415}}
Apr 02 14:38:13.568471 np0000163001 devstack@neutron-api.service[102280]: INFO neutron.api.extensions [None req-a3ed151c-5f61-40ec-8d8b-544c810b6bb0 None None] Loaded extension: allowed-address-pairs
Apr 02 14:38:13.568551 np0000163001 devstack@neutron-api.service[102280]: DEBUG neutron.api.extensions [None req-a3ed151c-5f61-40ec-8d8b-544c810b6bb0 None None] Loading extension file: auto_allocated_topology.py {{(pid=102280) _load_all_extensions_from_path /opt/stack/neutron/neutron/api/extensions.py:449}}
Apr 02 14:38:13.568825 np0000163001 devstack@neutron-api.service[102280]: DEBUG neutron.api.extensions [None req-a3ed151c-5f61-40ec-8d8b-544c810b6bb0 None None] Ext name="Auto Allocated Topology Services" alias="auto-allocated-topology" description="Auto Allocated Topology Services." updated="2016-01-01T00:00:00-00:00" {{(pid=102280) _check_extension /opt/stack/neutron/neutron/api/extensions.py:415}}
Apr 02 14:38:13.569014 np0000163001 devstack@neutron-api.service[102280]: INFO neutron.api.extensions [None req-a3ed151c-5f61-40ec-8d8b-544c810b6bb0 None None] Loaded extension: auto-allocated-topology
Apr 02 14:38:13.569159 np0000163001 devstack@neutron-api.service[102280]: DEBUG neutron.api.extensions [None req-a3ed151c-5f61-40ec-8d8b-544c810b6bb0 None None] Loading extension file: availability_zone.py {{(pid=102280) _load_all_extensions_from_path /opt/stack/neutron/neutron/api/extensions.py:449}}
Apr 02 14:38:13.569544 np0000163001 devstack@neutron-api.service[102280]: DEBUG neutron.api.extensions [None req-a3ed151c-5f61-40ec-8d8b-544c810b6bb0 None None] Ext name="Availability Zone" alias="availability_zone" description="The availability zone extension." updated="2015-01-01T10:00:00-00:00" {{(pid=102280) _check_extension /opt/stack/neutron/neutron/api/extensions.py:415}}
Apr 02 14:38:13.569793 np0000163001 devstack@neutron-api.service[102280]: INFO neutron.api.extensions [None req-a3ed151c-5f61-40ec-8d8b-544c810b6bb0 None None] Loaded extension: availability_zone
Apr 02 14:38:13.569933 np0000163001 devstack@neutron-api.service[102280]: DEBUG neutron.api.extensions [None req-a3ed151c-5f61-40ec-8d8b-544c810b6bb0 None None] Loading extension file: availability_zone_filter.py {{(pid=102280) _load_all_extensions_from_path /opt/stack/neutron/neutron/api/extensions.py:449}}
Apr 02 14:38:13.570268 np0000163001 devstack@neutron-api.service[102280]: DEBUG neutron.api.extensions [None req-a3ed151c-5f61-40ec-8d8b-544c810b6bb0 None None] Ext name="Availability Zone Filter Extension" alias="availability_zone_filter" description="Add filter parameters to AvailabilityZone resource" updated="2018-06-22T10:00:00-00:00" {{(pid=102280) _check_extension /opt/stack/neutron/neutron/api/extensions.py:415}}
Apr 02 14:38:13.570507 np0000163001 devstack@neutron-api.service[102280]: INFO neutron.api.extensions [None req-a3ed151c-5f61-40ec-8d8b-544c810b6bb0 None None] Extension availability_zone_filter not supported by any of loaded plugins
Apr 02 14:38:13.570634 np0000163001 devstack@neutron-api.service[102280]: DEBUG neutron.api.extensions [None req-a3ed151c-5f61-40ec-8d8b-544c810b6bb0 None None] Loading extension file: data_plane_status.py {{(pid=102280) _load_all_extensions_from_path /opt/stack/neutron/neutron/api/extensions.py:449}}
Apr 02 14:38:13.571009 np0000163001 devstack@neutron-api.service[102280]: DEBUG neutron.api.extensions [None req-a3ed151c-5f61-40ec-8d8b-544c810b6bb0 None None] Ext name="Port data plane status extension" alias="data-plane-status" description="Expose status of underlying data plane" updated="2017-01-24T10:00:00-00:00" {{(pid=102280) _check_extension /opt/stack/neutron/neutron/api/extensions.py:415}}
Apr 02 14:38:13.571210 np0000163001 devstack@neutron-api.service[102280]: INFO neutron.api.extensions [None req-a3ed151c-5f61-40ec-8d8b-544c810b6bb0 None None] Extension data-plane-status not supported by any of loaded plugins
Apr 02 14:38:13.571313 np0000163001 devstack@neutron-api.service[102280]: DEBUG neutron.api.extensions [None req-a3ed151c-5f61-40ec-8d8b-544c810b6bb0 None None] Loading extension file: default_subnetpools.py {{(pid=102280) _load_all_extensions_from_path /opt/stack/neutron/neutron/api/extensions.py:449}}
Apr 02 14:38:13.571603 np0000163001 devstack@neutron-api.service[102280]: DEBUG neutron.api.extensions [None req-a3ed151c-5f61-40ec-8d8b-544c810b6bb0 None None] Ext name="Default Subnetpools" alias="default-subnetpools" description="Provides ability to mark and use a subnetpool as the default." updated="2016-02-18T18:00:00-00:00" {{(pid=102280) _check_extension /opt/stack/neutron/neutron/api/extensions.py:415}}
Apr 02 14:38:13.571772 np0000163001 devstack@neutron-api.service[102280]: INFO neutron.api.extensions [None req-a3ed151c-5f61-40ec-8d8b-544c810b6bb0 None None] Loaded extension: default-subnetpools
Apr 02 14:38:13.571855 np0000163001 devstack@neutron-api.service[102280]: DEBUG neutron.api.extensions [None req-a3ed151c-5f61-40ec-8d8b-544c810b6bb0 None None] Loading extension file: dhcpagentscheduler.py {{(pid=102280) _load_all_extensions_from_path /opt/stack/neutron/neutron/api/extensions.py:449}}
Apr 02 14:38:13.572352 np0000163001 devstack@neutron-api.service[102280]: DEBUG neutron.api.extensions [None req-a3ed151c-5f61-40ec-8d8b-544c810b6bb0 None None] Ext name="DHCP Agent Scheduler" alias="dhcp_agent_scheduler" description="Schedule networks among dhcp agents" updated="2013-02-07T10:00:00-00:00" {{(pid=102280) _check_extension /opt/stack/neutron/neutron/api/extensions.py:415}}
Apr 02 14:38:13.572541 np0000163001 devstack@neutron-api.service[102280]: INFO neutron.api.extensions [None req-a3ed151c-5f61-40ec-8d8b-544c810b6bb0 None None] Loaded extension: dhcp_agent_scheduler
Apr 02 14:38:13.572661 np0000163001 devstack@neutron-api.service[102280]: DEBUG neutron.api.extensions [None req-a3ed151c-5f61-40ec-8d8b-544c810b6bb0 None None] Loading extension file: dns.py {{(pid=102280) _load_all_extensions_from_path /opt/stack/neutron/neutron/api/extensions.py:449}}
Apr 02 14:38:13.572914 np0000163001 devstack@neutron-api.service[102280]: DEBUG neutron.api.extensions [None req-a3ed151c-5f61-40ec-8d8b-544c810b6bb0 None None] Ext name="DNS Integration" alias="dns-integration" description="Provides integration with DNS." updated="2015-08-15T18:00:00-00:00" {{(pid=102280) _check_extension /opt/stack/neutron/neutron/api/extensions.py:415}}
Apr 02 14:38:13.573001 np0000163001 devstack@neutron-api.service[102281]: DEBUG neutron_lib.callbacks.manager [None req-99033452-cc2b-42a1-ab85-020a35846885 None None] Subscribe: > router before_delete 55550000, False {{(pid=102281) subscribe /opt/stack/data/venv/lib/python3.12/site-packages/neutron_lib/callbacks/manager.py:52}}
Apr 02 14:38:13.573123 np0000163001 devstack@neutron-api.service[102280]: INFO neutron.api.extensions [None req-a3ed151c-5f61-40ec-8d8b-544c810b6bb0 None None] Loaded extension: dns-integration
Apr 02 14:38:13.573164 np0000163001 devstack@neutron-api.service[102281]: DEBUG neutron_lib.callbacks.manager [None req-99033452-cc2b-42a1-ab85-020a35846885 None None] Subscribe: port after_update 55550000, False {{(pid=102281) subscribe /opt/stack/data/venv/lib/python3.12/site-packages/neutron_lib/callbacks/manager.py:52}}
Apr 02 14:38:13.573274 np0000163001 devstack@neutron-api.service[102281]: DEBUG neutron_lib.callbacks.manager [None req-99033452-cc2b-42a1-ab85-020a35846885 None None] Subscribe: port after_delete 55550000, False {{(pid=102281) subscribe /opt/stack/data/venv/lib/python3.12/site-packages/neutron_lib/callbacks/manager.py:52}}
Apr 02 14:38:13.573313 np0000163001 devstack@neutron-api.service[102280]: DEBUG neutron.api.extensions [None req-a3ed151c-5f61-40ec-8d8b-544c810b6bb0 None None] Loading extension file: dns_domain_ports.py {{(pid=102280) _load_all_extensions_from_path /opt/stack/neutron/neutron/api/extensions.py:449}}
Apr 02 14:38:13.573370 np0000163001 devstack@neutron-api.service[102281]: DEBUG neutron_lib.callbacks.manager [None req-99033452-cc2b-42a1-ab85-020a35846885 None None] Subscribe: subnet after_update 55550000, False {{(pid=102281) subscribe /opt/stack/data/venv/lib/python3.12/site-packages/neutron_lib/callbacks/manager.py:52}}
Apr 02 14:38:13.573468 np0000163001 devstack@neutron-api.service[102281]: DEBUG neutron_lib.callbacks.manager [None req-99033452-cc2b-42a1-ab85-020a35846885 None None] Subscribe: subnetpool_address_scope after_update 55550000, False {{(pid=102281) subscribe /opt/stack/data/venv/lib/python3.12/site-packages/neutron_lib/callbacks/manager.py:52}}
Apr 02 14:38:13.573559 np0000163001 devstack@neutron-api.service[102281]: DEBUG neutron_lib.callbacks.manager [None req-99033452-cc2b-42a1-ab85-020a35846885 None None] Subscribe: port before_update 55550000, False {{(pid=102281) subscribe /opt/stack/data/venv/lib/python3.12/site-packages/neutron_lib/callbacks/manager.py:52}}
Apr 02 14:38:13.573642 np0000163001 devstack@neutron-api.service[102280]: DEBUG neutron.api.extensions [None req-a3ed151c-5f61-40ec-8d8b-544c810b6bb0 None None] Ext name="dns_domain for ports" alias="dns-domain-ports" description="Allows the DNS domain to be specified for a network port." updated="2017-04-24T10:00:00-00:00" {{(pid=102280) _check_extension /opt/stack/neutron/neutron/api/extensions.py:415}}
Apr 02 14:38:13.573672 np0000163001 devstack@neutron-api.service[102281]: DEBUG neutron_lib.callbacks.manager [None req-99033452-cc2b-42a1-ab85-020a35846885 None None] Subscribe: port after_update 55550000, False {{(pid=102281) subscribe /opt/stack/data/venv/lib/python3.12/site-packages/neutron_lib/callbacks/manager.py:52}}
Apr 02 14:38:13.573764 np0000163001 devstack@neutron-api.service[102281]: DEBUG neutron_lib.callbacks.manager [None req-99033452-cc2b-42a1-ab85-020a35846885 None None] Subscribe: > port precommit_delete 55550000, False {{(pid=102281) subscribe /opt/stack/data/venv/lib/python3.12/site-packages/neutron_lib/callbacks/manager.py:52}}
Apr 02 14:38:13.573894 np0000163001 devstack@neutron-api.service[102280]: INFO neutron.api.extensions [None req-a3ed151c-5f61-40ec-8d8b-544c810b6bb0 None None] Loaded extension: dns-domain-ports
Apr 02 14:38:13.573923 np0000163001 devstack@neutron-api.service[102281]: DEBUG neutron_lib.callbacks.manager [None req-99033452-cc2b-42a1-ab85-020a35846885 None None] Subscribe: port before_update 55550000, False {{(pid=102281) subscribe /opt/stack/data/venv/lib/python3.12/site-packages/neutron_lib/callbacks/manager.py:52}}
Apr 02 14:38:13.573981 np0000163001 devstack@neutron-api.service[102281]: DEBUG neutron_lib.callbacks.manager [None req-99033452-cc2b-42a1-ab85-020a35846885 None None] Subscribe: port before_delete 55550000, False {{(pid=102281) subscribe /opt/stack/data/venv/lib/python3.12/site-packages/neutron_lib/callbacks/manager.py:52}}
