Feb 17 18:02:26.268797 np0000156072 devstack@neutron-api.service[103366]: DEBUG neutron.api.extensions [None req-9ecc51a3-9aee-4aa3-beae-24e932be90aa None None] Ext name="DNS Integration" alias="dns-integration" description="Provides integration with DNS." updated="2015-08-15T18:00:00-00:00" {{(pid=103366) _check_extension /opt/stack/neutron/neutron/api/extensions.py:415}}
Feb 17 18:02:26.268936 np0000156072 devstack@neutron-api.service[103366]: INFO neutron.api.extensions [None req-9ecc51a3-9aee-4aa3-beae-24e932be90aa None None] Loaded extension: dns-integration
Feb 17 18:02:26.269027 np0000156072 devstack@neutron-api.service[103366]: DEBUG neutron.api.extensions [None req-9ecc51a3-9aee-4aa3-beae-24e932be90aa None None] Loading extension file: dns_domain_ports.py {{(pid=103366) _load_all_extensions_from_path /opt/stack/neutron/neutron/api/extensions.py:449}}
Feb 17 18:02:26.269255 np0000156072 devstack@neutron-api.service[103366]: DEBUG neutron.api.extensions [None req-9ecc51a3-9aee-4aa3-beae-24e932be90aa None None] Ext name="dns_domain for ports" alias="dns-domain-ports" description="Allows the DNS domain to be specified for a network port." updated="2017-04-24T10:00:00-00:00" {{(pid=103366) _check_extension /opt/stack/neutron/neutron/api/extensions.py:415}}
Feb 17 18:02:26.269456 np0000156072 devstack@neutron-api.service[103366]: INFO neutron.api.extensions [None req-9ecc51a3-9aee-4aa3-beae-24e932be90aa None None] Loaded extension: dns-domain-ports
Feb 17 18:02:26.269535 np0000156072 devstack@neutron-api.service[103366]: DEBUG neutron.api.extensions [None req-9ecc51a3-9aee-4aa3-beae-24e932be90aa None None] Loading extension file: dns_integration_domain_keywords.py {{(pid=103366) _load_all_extensions_from_path /opt/stack/neutron/neutron/api/extensions.py:449}}
Feb 17 18:02:26.269576 np0000156072 devstack@neutron-api.service[103363]: DEBUG neutron_lib.callbacks.manager [None req-c8355e6b-9a55-4798-9202-053b7e8d836a None None] Subscribe: network precommit_update 55550000, False {{(pid=103363) subscribe /opt/stack/data/venv/lib/python3.12/site-packages/neutron_lib/callbacks/manager.py:52}}
Feb 17 18:02:26.269684 np0000156072 devstack@neutron-api.service[103363]: DEBUG neutron_lib.callbacks.manager [None req-c8355e6b-9a55-4798-9202-053b7e8d836a None None] Subscribe: network precommit_create 55550000, False {{(pid=103363) subscribe /opt/stack/data/venv/lib/python3.12/site-packages/neutron_lib/callbacks/manager.py:52}}
Feb 17 18:02:26.269764 np0000156072 devstack@neutron-api.service[103366]: DEBUG neutron.api.extensions [None req-9ecc51a3-9aee-4aa3-beae-24e932be90aa None None] Ext name="DNS domain names with keywords allowed" alias="dns-integration-domain-keywords" description="Allows to use keywords like , , and as DNS domain name" updated="2020-06-15T18:00:00-00:00" {{(pid=103366) _check_extension /opt/stack/neutron/neutron/api/extensions.py:415}}
Feb 17 18:02:26.269864 np0000156072 devstack@neutron-api.service[103363]: DEBUG neutron.manager [None req-c8355e6b-9a55-4798-9202-053b7e8d836a None None] Successfully loaded auto-allocated-topology plugin. Description: Auto Allocated Topology - aka get me a network. {{(pid=103363) _create_and_add_service_plugin /opt/stack/neutron/neutron/manager.py:229}}
Feb 17 18:02:26.269932 np0000156072 devstack@neutron-api.service[103366]: INFO neutron.api.extensions [None req-9ecc51a3-9aee-4aa3-beae-24e932be90aa None None] Loaded extension: dns-integration-domain-keywords
Feb 17 18:02:26.269964 np0000156072 devstack@neutron-api.service[103363]: INFO neutron.manager [None req-c8355e6b-9a55-4798-9202-053b7e8d836a None None] Loading Plugin: tag
Feb 17 18:02:26.270050 np0000156072 devstack@neutron-api.service[103366]: DEBUG neutron.api.extensions [None req-9ecc51a3-9aee-4aa3-beae-24e932be90aa None None] Loading extension file: dvr.py {{(pid=103366) _load_all_extensions_from_path /opt/stack/neutron/neutron/api/extensions.py:449}}
Feb 17 18:02:26.270276 np0000156072 devstack@neutron-api.service[103366]: DEBUG neutron.api.extensions [None req-9ecc51a3-9aee-4aa3-beae-24e932be90aa None None] Ext name="Distributed Virtual Router" alias="dvr" description="Enables configuration of Distributed Virtual Routers." updated="2014-06-1T10:00:00-00:00" {{(pid=103366) _check_extension /opt/stack/neutron/neutron/api/extensions.py:415}}
Feb 17 18:02:26.270475 np0000156072 devstack@neutron-api.service[103366]: INFO neutron.api.extensions [None req-9ecc51a3-9aee-4aa3-beae-24e932be90aa None None] Extension dvr not supported by any of loaded plugins
Feb 17 18:02:26.270550 np0000156072 devstack@neutron-api.service[103366]: DEBUG neutron.api.extensions [None req-9ecc51a3-9aee-4aa3-beae-24e932be90aa None None] Loading extension file: ecmp_routes.py {{(pid=103366) _load_all_extensions_from_path /opt/stack/neutron/neutron/api/extensions.py:449}}
Feb 17 18:02:26.270854 np0000156072 devstack@neutron-api.service[103366]: DEBUG neutron.api.extensions [None req-9ecc51a3-9aee-4aa3-beae-24e932be90aa None None] Ext name="Equal Cost Multipath Routing" alias="ecmp_routes" description="Allows traffic to reach thesame destination via multiple different links " updated="2020-11-26T18:00:00-00:00" {{(pid=103366) _check_extension /opt/stack/neutron/neutron/api/extensions.py:415}}
Feb 17 18:02:26.270952 np0000156072 devstack@neutron-api.service[103366]: INFO neutron.api.extensions [None req-9ecc51a3-9aee-4aa3-beae-24e932be90aa None None] Extension ecmp_routes not supported by any of loaded plugins
Feb 17 18:02:26.271035 np0000156072 devstack@neutron-api.service[103366]: DEBUG neutron.api.extensions [None req-9ecc51a3-9aee-4aa3-beae-24e932be90aa None None] Loading extension file: empty_string_filtering.py {{(pid=103366) _load_all_extensions_from_path /opt/stack/neutron/neutron/api/extensions.py:449}}
Feb 17 18:02:26.271408 np0000156072 devstack@neutron-api.service[103366]: DEBUG neutron.api.extensions [None req-9ecc51a3-9aee-4aa3-beae-24e932be90aa None None] Ext name="Empty String Filtering Extension" alias="empty-string-filtering" description="Allow filtering by attributes with empty string value" updated="2018-05-01T10:00:00-00:00" {{(pid=103366) _check_extension /opt/stack/neutron/neutron/api/extensions.py:415}}
Feb 17 18:02:26.271533 np0000156072 devstack@neutron-api.service[103366]: INFO neutron.api.extensions [None req-9ecc51a3-9aee-4aa3-beae-24e932be90aa None None] Loaded extension: empty-string-filtering
Feb 17 18:02:26.271598 np0000156072 devstack@neutron-api.service[103366]: DEBUG neutron.api.extensions [None req-9ecc51a3-9aee-4aa3-beae-24e932be90aa None None] Loading extension file: expose_l3_conntrack_helper.py {{(pid=103366) _load_all_extensions_from_path /opt/stack/neutron/neutron/api/extensions.py:449}}
Feb 17 18:02:26.271790 np0000156072 devstack@neutron-api.service[103366]: DEBUG neutron.api.extensions [None req-9ecc51a3-9aee-4aa3-beae-24e932be90aa None None] Ext name="Expose CT target rules for conntrack helper" alias="expose-l3-conntrack-helper" description="Expose allow adding CT target rules for conntrack helper" updated="2019-04-04T10:00:00-00:00" {{(pid=103366) _check_extension /opt/stack/neutron/neutron/api/extensions.py:415}}
Feb 17 18:02:26.272176 np0000156072 devstack@neutron-api.service[103366]: INFO neutron.api.extensions [None req-9ecc51a3-9aee-4aa3-beae-24e932be90aa None None] Extension expose-l3-conntrack-helper not supported by any of loaded plugins
Feb 17 18:02:26.272176 np0000156072 devstack@neutron-api.service[103366]: DEBUG neutron.api.extensions [None req-9ecc51a3-9aee-4aa3-beae-24e932be90aa None None] Loading extension file: expose_port_forwarding_in_fip.py {{(pid=103366) _load_all_extensions_from_path /opt/stack/neutron/neutron/api/extensions.py:449}}
Feb 17 18:02:26.272267 np0000156072 devstack@neutron-api.service[103366]: DEBUG neutron.api.extensions [None req-9ecc51a3-9aee-4aa3-beae-24e932be90aa None None] Ext name="Expose Floating IP port forwardings" alias="expose-port-forwarding-in-fip" description="Expose port forwarding fields in floating IP response" updated="2018-06-28T16:00:00-00:00" {{(pid=103366) _check_extension /opt/stack/neutron/neutron/api/extensions.py:415}}
Feb 17 18:02:26.272460 np0000156072 devstack@neutron-api.service[103366]: INFO neutron.api.extensions [None req-9ecc51a3-9aee-4aa3-beae-24e932be90aa None None] Extension expose-port-forwarding-in-fip not supported by any of loaded plugins
Feb 17 18:02:26.272524 np0000156072 devstack@neutron-api.service[103363]: DEBUG neutron.manager [None req-c8355e6b-9a55-4798-9202-053b7e8d836a None None] Successfully loaded TAG plugin. Description: Tag support {{(pid=103363) _create_and_add_service_plugin /opt/stack/neutron/neutron/manager.py:229}}
Feb 17 18:02:26.272567 np0000156072 devstack@neutron-api.service[103366]: DEBUG neutron.api.extensions [None req-9ecc51a3-9aee-4aa3-beae-24e932be90aa None None] Loading extension file: external_net.py {{(pid=103366) _load_all_extensions_from_path /opt/stack/neutron/neutron/api/extensions.py:449}}
Feb 17 18:02:26.272621 np0000156072 devstack@neutron-api.service[103363]: INFO neutron.manager [None req-c8355e6b-9a55-4798-9202-053b7e8d836a None None] Loading Plugin: timestamp
Feb 17 18:02:26.272770 np0000156072 devstack@neutron-api.service[103366]: DEBUG neutron.api.extensions [None req-9ecc51a3-9aee-4aa3-beae-24e932be90aa None None] Ext name="Neutron external network" alias="external-net" description="Adds external network attribute to network resource." updated="2013-01-14T10:00:00-00:00" {{(pid=103366) _check_extension /opt/stack/neutron/neutron/api/extensions.py:415}}
Feb 17 18:02:26.272941 np0000156072 devstack@neutron-api.service[103366]: INFO neutron.api.extensions [None req-9ecc51a3-9aee-4aa3-beae-24e932be90aa None None] Loaded extension: external-net
Feb 17 18:02:26.273030 np0000156072 devstack@neutron-api.service[103366]: DEBUG neutron.api.extensions [None req-9ecc51a3-9aee-4aa3-beae-24e932be90aa None None] Loading extension file: extra_dhcp_opt.py {{(pid=103366) _load_all_extensions_from_path /opt/stack/neutron/neutron/api/extensions.py:449}}
Feb 17 18:02:26.273259 np0000156072 devstack@neutron-api.service[103366]: DEBUG neutron.api.extensions [None req-9ecc51a3-9aee-4aa3-beae-24e932be90aa None None] Ext name="Neutron Extra DHCP options" alias="extra_dhcp_opt" description="Extra options configuration for DHCP. For example PXE boot options to DHCP clients can be specified (e.g. tftp-server, server-ip-address, bootfile-name)" updated="2013-03-17T12:00:00-00:00" {{(pid=103366) _check_extension /opt/stack/neutron/neutron/api/extensions.py:415}}
Feb 17 18:02:26.273444 np0000156072 devstack@neutron-api.service[103366]: INFO neutron.api.extensions [None req-9ecc51a3-9aee-4aa3-beae-24e932be90aa None None] Loaded extension: extra_dhcp_opt
Feb 17 18:02:26.273561 np0000156072 devstack@neutron-api.service[103366]: DEBUG neutron.api.extensions [None req-9ecc51a3-9aee-4aa3-beae-24e932be90aa None None] Loading extension file: extraroute.py {{(pid=103366) _load_all_extensions_from_path /opt/stack/neutron/neutron/api/extensions.py:449}}
Feb 17 18:02:26.273754 np0000156072 devstack@neutron-api.service[103366]: DEBUG neutron.api.extensions [None req-9ecc51a3-9aee-4aa3-beae-24e932be90aa None None] Ext name="Neutron Extra Route" alias="extraroute" description="Extra routes configuration for L3 router" updated="2013-02-01T10:00:00-00:00" {{(pid=103366) _check_extension /opt/stack/neutron/neutron/api/extensions.py:415}}
Feb 17 18:02:26.273792 np0000156072 devstack@neutron-api.service[103363]: DEBUG neutron.manager [None req-c8355e6b-9a55-4798-9202-053b7e8d836a None None] Successfully loaded timestamp plugin. Description: Adds timestamps to Neutron resources with standard attributes {{(pid=103363) _create_and_add_service_plugin /opt/stack/neutron/neutron/manager.py:229}}
Feb 17 18:02:26.273855 np0000156072 devstack@neutron-api.service[103363]: INFO neutron.manager [None req-c8355e6b-9a55-4798-9202-053b7e8d836a None None] Loading Plugin: network_ip_availability
Feb 17 18:02:26.273923 np0000156072 devstack@neutron-api.service[103366]: INFO neutron.api.extensions [None req-9ecc51a3-9aee-4aa3-beae-24e932be90aa None None] Loaded extension: extraroute
Feb 17 18:02:26.274011 np0000156072 devstack@neutron-api.service[103366]: DEBUG neutron.api.extensions [None req-9ecc51a3-9aee-4aa3-beae-24e932be90aa None None] Loading extension file: extraroute_atomic.py {{(pid=103366) _load_all_extensions_from_path /opt/stack/neutron/neutron/api/extensions.py:449}}
Feb 17 18:02:26.274309 np0000156072 devstack@neutron-api.service[103366]: DEBUG neutron.api.extensions [None req-9ecc51a3-9aee-4aa3-beae-24e932be90aa None None] Ext name="Atomically add/remove extra routes" alias="extraroute-atomic" description="Edit extra routes of a router on server side by atomically adding/removing extra routes" updated="2019-07-10T00:00:00+00:00" {{(pid=103366) _check_extension /opt/stack/neutron/neutron/api/extensions.py:415}}
Feb 17 18:02:26.274472 np0000156072 devstack@neutron-api.service[103366]: INFO neutron.api.extensions [None req-9ecc51a3-9aee-4aa3-beae-24e932be90aa None None] Loaded extension: extraroute-atomic
Feb 17 18:02:26.274543 np0000156072 devstack@neutron-api.service[103366]: DEBUG neutron.api.extensions [None req-9ecc51a3-9aee-4aa3-beae-24e932be90aa None None] Loading extension file: filter_validation.py {{(pid=103366) _load_all_extensions_from_path /opt/stack/neutron/neutron/api/extensions.py:449}}
Feb 17 18:02:26.274766 np0000156072 devstack@neutron-api.service[103366]: DEBUG neutron.api.extensions [None req-9ecc51a3-9aee-4aa3-beae-24e932be90aa None None] Ext name="Filter parameters validation" alias="filter-validation" description="Provides validation on filter parameters." updated="2018-07-04T10:00:00-00:00" {{(pid=103366) _check_extension /opt/stack/neutron/neutron/api/extensions.py:415}}
Feb 17 18:02:26.274927 np0000156072 devstack@neutron-api.service[103366]: INFO neutron.api.extensions [None req-9ecc51a3-9aee-4aa3-beae-24e932be90aa None None] Loaded extension: filter-validation
Feb 17 18:02:26.275024 np0000156072 devstack@neutron-api.service[103366]: DEBUG neutron.api.extensions [None req-9ecc51a3-9aee-4aa3-beae-24e932be90aa None None] Loading extension file: fip_pf_description.py {{(pid=103366) _load_all_extensions_from_path /opt/stack/neutron/neutron/api/extensions.py:449}}
Feb 17 18:02:26.275291 np0000156072 devstack@neutron-api.service[103366]: DEBUG neutron.api.extensions [None req-9ecc51a3-9aee-4aa3-beae-24e932be90aa None None] Ext name="Floating IP Port Forwarding new attribute description" alias="floating-ip-port-forwarding-description" description="Add a description field to Port Forwarding rules" updated="2019-11-01T10:00:00-00:00" {{(pid=103366) _check_extension /opt/stack/neutron/neutron/api/extensions.py:415}}
Feb 17 18:02:26.275500 np0000156072 devstack@neutron-api.service[103366]: INFO neutron.api.extensions [None req-9ecc51a3-9aee-4aa3-beae-24e932be90aa None None] Extension floating-ip-port-forwarding-description not supported by any of loaded plugins
Feb 17 18:02:26.275589 np0000156072 devstack@neutron-api.service[103366]: DEBUG neutron.api.extensions [None req-9ecc51a3-9aee-4aa3-beae-24e932be90aa None None] Loading extension file: fip_pf_detail.py {{(pid=103366) _load_all_extensions_from_path /opt/stack/neutron/neutron/api/extensions.py:449}}
Feb 17 18:02:26.275880 np0000156072 devstack@neutron-api.service[103366]: DEBUG neutron.api.extensions [None req-9ecc51a3-9aee-4aa3-beae-24e932be90aa None None] Ext name="Floating IP port forwarding detail" alias="floating-ip-port-forwarding-detail" description="Allow list floating ip return more port forwarding data, include'id' and 'internal_port_id'" updated="2022-05-06T10:00:00-00:00" {{(pid=103366) _check_extension /opt/stack/neutron/neutron/api/extensions.py:415}}
Feb 17 18:02:26.275921 np0000156072 devstack@neutron-api.service[103363]: DEBUG neutron_lib.callbacks.manager [None req-c8355e6b-9a55-4798-9202-053b7e8d836a None None] Subscribe: > rbac-policy before_create 55550000, False {{(pid=103363) subscribe /opt/stack/data/venv/lib/python3.12/site-packages/neutron_lib/callbacks/manager.py:52}}
Feb 17 18:02:26.275956 np0000156072 devstack@neutron-api.service[103363]: DEBUG neutron_lib.callbacks.manager [None req-c8355e6b-9a55-4798-9202-053b7e8d836a None None] Subscribe: > rbac-policy before_update 55550000, False {{(pid=103363) subscribe /opt/stack/data/venv/lib/python3.12/site-packages/neutron_lib/callbacks/manager.py:52}}
Feb 17 18:02:26.275994 np0000156072 devstack@neutron-api.service[103366]: INFO neutron.api.extensions [None req-9ecc51a3-9aee-4aa3-beae-24e932be90aa None None] Loaded extension: floating-ip-port-forwarding-detail
Feb 17 18:02:26.276065 np0000156072 devstack@neutron-api.service[103363]: DEBUG neutron_lib.callbacks.manager [None req-c8355e6b-9a55-4798-9202-053b7e8d836a None None] Subscribe: > rbac-policy before_delete 55550000, False {{(pid=103363) subscribe /opt/stack/data/venv/lib/python3.12/site-packages/neutron_lib/callbacks/manager.py:52}}
Feb 17 18:02:26.276099 np0000156072 devstack@neutron-api.service[103366]: DEBUG neutron.api.extensions [None req-9ecc51a3-9aee-4aa3-beae-24e932be90aa None None] Loading extension file: fip_pf_port_range.py {{(pid=103366) _load_all_extensions_from_path /opt/stack/neutron/neutron/api/extensions.py:449}}
Feb 17 18:02:26.276293 np0000156072 devstack@neutron-api.service[103366]: DEBUG neutron.api.extensions [None req-9ecc51a3-9aee-4aa3-beae-24e932be90aa None None] Ext name="Floating IP Port Forwarding support port ranges" alias="floating-ip-port-forwarding-port-ranges" description="Add support to port ranges" updated="2020-07-01T10:00:00-00:00" {{(pid=103366) _check_extension /opt/stack/neutron/neutron/api/extensions.py:415}}
Feb 17 18:02:26.276359 np0000156072 devstack@neutron-api.service[103363]: DEBUG neutron.manager [None req-c8355e6b-9a55-4798-9202-053b7e8d836a None None] Successfully loaded network-ip-availability plugin. Description: Provides IP availability data for each network and subnet. {{(pid=103363) _create_and_add_service_plugin /opt/stack/neutron/neutron/manager.py:229}}
Feb 17 18:02:26.276473 np0000156072 devstack@neutron-api.service[103363]: INFO neutron.manager [None req-c8355e6b-9a55-4798-9202-053b7e8d836a None None] Loading Plugin: flavors
Feb 17 18:02:26.276513 np0000156072 devstack@neutron-api.service[103366]: INFO neutron.api.extensions [None req-9ecc51a3-9aee-4aa3-beae-24e932be90aa None None] Extension floating-ip-port-forwarding-port-ranges not supported by any of loaded plugins
Feb 17 18:02:26.276571 np0000156072 devstack@neutron-api.service[103366]: DEBUG neutron.api.extensions [None req-9ecc51a3-9aee-4aa3-beae-24e932be90aa None None] Loading extension file: fip_port_details.py {{(pid=103366) _load_all_extensions_from_path /opt/stack/neutron/neutron/api/extensions.py:449}}
Feb 17 18:02:26.276972 np0000156072 devstack@neutron-api.service[103366]: DEBUG neutron.api.extensions [None req-9ecc51a3-9aee-4aa3-beae-24e932be90aa None None] Ext name="Floating IP Port Details Extension" alias="fip-port-details" description="Add port_details attribute to Floating IP resource" updated="2018-04-09T10:00:00-00:00" {{(pid=103366) _check_extension /opt/stack/neutron/neutron/api/extensions.py:415}}
Feb 17 18:02:26.277091 np0000156072 devstack@neutron-api.service[103366]: INFO neutron.api.extensions [None req-9ecc51a3-9aee-4aa3-beae-24e932be90aa None None] Loaded extension: fip-port-details
Feb 17 18:02:26.277158 np0000156072 devstack@neutron-api.service[103366]: DEBUG neutron.api.extensions [None req-9ecc51a3-9aee-4aa3-beae-24e932be90aa None None] Loading extension file: flavors.py {{(pid=103366) _load_all_extensions_from_path /opt/stack/neutron/neutron/api/extensions.py:449}}
Feb 17 18:02:26.277368 np0000156072 devstack@neutron-api.service[103363]: DEBUG neutron.manager [None req-c8355e6b-9a55-4798-9202-053b7e8d836a None None] Successfully loaded FLAVORS plugin. Description: Neutron Flavors and Service Profiles manager plugin {{(pid=103363) _create_and_add_service_plugin /opt/stack/neutron/neutron/manager.py:229}}
Feb 17 18:02:26.277430 np0000156072 devstack@neutron-api.service[103366]: DEBUG neutron.api.extensions [None req-9ecc51a3-9aee-4aa3-beae-24e932be90aa None None] Ext name="Neutron Service Flavors" alias="flavors" description="Flavor specification for Neutron advanced services." updated="2015-09-17T10:00:00-00:00" {{(pid=103366) _check_extension /opt/stack/neutron/neutron/api/extensions.py:415}}
Feb 17 18:02:26.277466 np0000156072 devstack@neutron-api.service[103363]: INFO neutron.manager [None req-c8355e6b-9a55-4798-9202-053b7e8d836a None None] Loading Plugin: revisions
Feb 17 18:02:26.277504 np0000156072 devstack@neutron-api.service[103364]: INFO neutron.plugins.ml2.drivers.type_vlan [None req-ebcc5ea6-a4ac-487f-b8d5-ecbf7cd1c69b None None] VlanTypeDriver initialization complete
Feb 17 18:02:26.277840 np0000156072 devstack@neutron-api.service[103366]: INFO neutron.api.extensions [None req-9ecc51a3-9aee-4aa3-beae-24e932be90aa None None] Loaded extension: flavors
Feb 17 18:02:26.277874 np0000156072 devstack@neutron-api.service[103364]: INFO neutron.plugins.ml2.managers [None req-ebcc5ea6-a4ac-487f-b8d5-ecbf7cd1c69b None None] Initializing extension driver 'port_security'
Feb 17 18:02:26.277941 np0000156072 devstack@neutron-api.service[103366]: DEBUG neutron.api.extensions [None req-9ecc51a3-9aee-4aa3-beae-24e932be90aa None None] Loading extension file: floating_ip_port_forwarding.py {{(pid=103366) _load_all_extensions_from_path /opt/stack/neutron/neutron/api/extensions.py:449}}
Feb 17 18:02:26.278021 np0000156072 devstack@neutron-api.service[103364]: INFO neutron.plugins.ml2.extensions.port_security [None req-ebcc5ea6-a4ac-487f-b8d5-ecbf7cd1c69b None None] PortSecurityExtensionDriver initialization complete
Feb 17 18:02:26.278021 np0000156072 devstack@neutron-api.service[103364]: INFO neutron.plugins.ml2.managers [None req-ebcc5ea6-a4ac-487f-b8d5-ecbf7cd1c69b None None] Initializing extension driver 'qos'
Feb 17 18:02:26.278115 np0000156072 devstack@neutron-api.service[103366]: DEBUG neutron.api.extensions [None req-9ecc51a3-9aee-4aa3-beae-24e932be90aa None None] Ext name="Floating IP Port Forwarding" alias="floating-ip-port-forwarding" description="Allow port forwarding from floating IP port to an internal port" updated="2018-01-19T10:00:00-00:00" {{(pid=103366) _check_extension /opt/stack/neutron/neutron/api/extensions.py:415}}
Feb 17 18:02:26.278217 np0000156072 devstack@neutron-api.service[103364]: DEBUG neutron.plugins.ml2.extensions.qos [None req-ebcc5ea6-a4ac-487f-b8d5-ecbf7cd1c69b None None] QosExtensionDriver initialization complete {{(pid=103364) initialize /opt/stack/neutron/neutron/plugins/ml2/extensions/qos.py:31}}
Feb 17 18:02:26.278217 np0000156072 devstack@neutron-api.service[103364]: INFO neutron.plugins.ml2.managers [None req-ebcc5ea6-a4ac-487f-b8d5-ecbf7cd1c69b None None] Initializing mechanism driver 'ovn'
Feb 17 18:02:26.278280 np0000156072 devstack@neutron-api.service[103366]: INFO neutron.api.extensions [None req-9ecc51a3-9aee-4aa3-beae-24e932be90aa None None] Extension floating-ip-port-forwarding not supported by any of loaded plugins
Feb 17 18:02:26.278598 np0000156072 devstack@neutron-api.service[103364]: INFO neutron.plugins.ml2.drivers.ovn.mech_driver.mech_driver [None req-ebcc5ea6-a4ac-487f-b8d5-ecbf7cd1c69b None None] Starting OVNMechanismDriver
Feb 17 18:02:26.278632 np0000156072 devstack@neutron-api.service[103366]: DEBUG neutron.api.extensions [None req-9ecc51a3-9aee-4aa3-beae-24e932be90aa None None] Loading extension file: floatingip_pools.py {{(pid=103366) _load_all_extensions_from_path /opt/stack/neutron/neutron/api/extensions.py:449}}
Feb 17 18:02:26.278677 np0000156072 devstack@neutron-api.service[103363]: DEBUG neutron.manager [None req-c8355e6b-9a55-4798-9202-053b7e8d836a None None] Successfully loaded revision_plugin plugin. Description: Adds revision numbers to resources. {{(pid=103363) _create_and_add_service_plugin /opt/stack/neutron/neutron/manager.py:229}}
Feb 17 18:02:26.278677 np0000156072 devstack@neutron-api.service[103363]: DEBUG oslo_concurrency.lockutils [None req-c8355e6b-9a55-4798-9202-053b7e8d836a None None] Lock "manager" "released" by "neutron.manager.NeutronManager._create_instance" :: held 4.640s {{(pid=103363) inner /opt/stack/data/venv/lib/python3.12/site-packages/oslo_concurrency/lockutils.py:538}}
Feb 17 18:02:26.278837 np0000156072 devstack@neutron-api.service[103366]: DEBUG neutron.api.extensions [None req-9ecc51a3-9aee-4aa3-beae-24e932be90aa None None] Ext name="Floating IP Pools Extension" alias="floatingip-pools" description="Provides a floating IP pools API." updated="2018-03-21T10:00:00-00:00" {{(pid=103366) _check_extension /opt/stack/neutron/neutron/api/extensions.py:415}}
Feb 17 18:02:26.278960 np0000156072 devstack@neutron-api.service[103366]: INFO neutron.api.extensions [None req-9ecc51a3-9aee-4aa3-beae-24e932be90aa None None] Loaded extension: floatingip-pools
Feb 17 18:02:26.279001 np0000156072 devstack@neutron-api.service[103363]: DEBUG neutron.api.extensions [None req-c8355e6b-9a55-4798-9202-053b7e8d836a None None] get_extension_paths = OrderedDict({'/opt/stack/neutron/neutron/extensions': 1}) {{(pid=103363) get_extensions_path /opt/stack/neutron/neutron/api/extensions.py:640}}
Feb 17 18:02:26.279065 np0000156072 devstack@neutron-api.service[103366]: DEBUG neutron.api.extensions [None req-9ecc51a3-9aee-4aa3-beae-24e932be90aa None None] Loading extension file: ip_allocation.py {{(pid=103366) _load_all_extensions_from_path /opt/stack/neutron/neutron/api/extensions.py:449}}
Feb 17 18:02:26.279156 np0000156072 devstack@neutron-api.service[103363]: INFO neutron.api.extensions [None req-c8355e6b-9a55-4798-9202-053b7e8d836a None None] Initializing extension manager.
Feb 17 18:02:26.279264 np0000156072 devstack@neutron-api.service[103363]: DEBUG neutron.api.extensions [None req-c8355e6b-9a55-4798-9202-053b7e8d836a None None] Loading extension file: __init__.py {{(pid=103363) _load_all_extensions_from_path /opt/stack/neutron/neutron/api/extensions.py:449}}
Feb 17 18:02:26.279307 np0000156072 devstack@neutron-api.service[103366]: DEBUG neutron.api.extensions [None req-9ecc51a3-9aee-4aa3-beae-24e932be90aa None None] Ext name="IP Allocation" alias="ip_allocation" description="IP allocation extension." updated="2016-06-10T23:00:00-00:00" {{(pid=103366) _check_extension /opt/stack/neutron/neutron/api/extensions.py:415}}
Feb 17 18:02:26.279342 np0000156072 devstack@neutron-api.service[103363]: DEBUG neutron.api.extensions [None req-c8355e6b-9a55-4798-9202-053b7e8d836a None None] Loading extension file: __pycache__ {{(pid=103363) _load_all_extensions_from_path /opt/stack/neutron/neutron/api/extensions.py:449}}
Feb 17 18:02:26.279509 np0000156072 devstack@neutron-api.service[103363]: DEBUG neutron.api.extensions [None req-c8355e6b-9a55-4798-9202-053b7e8d836a None None] Loading extension file: address_group.py {{(pid=103363) _load_all_extensions_from_path /opt/stack/neutron/neutron/api/extensions.py:449}}
Feb 17 18:02:26.279626 np0000156072 devstack@neutron-api.service[103366]: INFO neutron.api.extensions [None req-9ecc51a3-9aee-4aa3-beae-24e932be90aa None None] Extension ip_allocation not supported by any of loaded plugins
Feb 17 18:02:26.279626 np0000156072 devstack@neutron-api.service[103366]: DEBUG neutron.api.extensions [None req-9ecc51a3-9aee-4aa3-beae-24e932be90aa None None] Loading extension file: ip_substring_port_filtering.py {{(pid=103366) _load_all_extensions_from_path /opt/stack/neutron/neutron/api/extensions.py:449}}
Feb 17 18:02:26.279823 np0000156072 devstack@neutron-api.service[103363]: DEBUG neutron.api.extensions [None req-c8355e6b-9a55-4798-9202-053b7e8d836a None None] Ext name="Address group" alias="address-group" description="Support address group" updated="2020-07-15T10:00:00-00:00" {{(pid=103363) _check_extension /opt/stack/neutron/neutron/api/extensions.py:415}}
Feb 17 18:02:26.279871 np0000156072 devstack@neutron-api.service[103366]: DEBUG neutron.api.extensions [None req-9ecc51a3-9aee-4aa3-beae-24e932be90aa None None] Ext name="IP address substring filtering" alias="ip-substring-filtering" description="Provides IP address substring filtering when listing ports" updated="2017-11-28T09:00:00-00:00" {{(pid=103366) _check_extension /opt/stack/neutron/neutron/api/extensions.py:415}}
Feb 17 18:02:26.280022 np0000156072 devstack@neutron-api.service[103363]: INFO neutron.api.extensions [None req-c8355e6b-9a55-4798-9202-053b7e8d836a None None] Loaded extension: address-group
Feb 17 18:02:26.280068 np0000156072 devstack@neutron-api.service[103366]: INFO neutron.api.extensions [None req-9ecc51a3-9aee-4aa3-beae-24e932be90aa None None] Extension ip-substring-filtering not supported by any of loaded plugins
Feb 17 18:02:26.280099 np0000156072 devstack@neutron-api.service[103363]: DEBUG neutron.api.extensions [None req-c8355e6b-9a55-4798-9202-053b7e8d836a None None] Loading extension file: address_scope.py {{(pid=103363) _load_all_extensions_from_path /opt/stack/neutron/neutron/api/extensions.py:449}}
Feb 17 18:02:26.280131 np0000156072 devstack@neutron-api.service[103366]: DEBUG neutron.api.extensions [None req-9ecc51a3-9aee-4aa3-beae-24e932be90aa None None] Loading extension file: l2_adjacency.py {{(pid=103366) _load_all_extensions_from_path /opt/stack/neutron/neutron/api/extensions.py:449}}
Feb 17 18:02:26.280362 np0000156072 devstack@neutron-api.service[103364]: DEBUG neutron_lib.callbacks.manager [None req-ebcc5ea6-a4ac-487f-b8d5-ecbf7cd1c69b None None] Subscribe: > process before_spawn 55550000, False {{(pid=103364) subscribe /opt/stack/data/venv/lib/python3.12/site-packages/neutron_lib/callbacks/manager.py:52}}
Feb 17 18:02:26.280430 np0000156072 devstack@neutron-api.service[103366]: DEBUG neutron.api.extensions [None req-9ecc51a3-9aee-4aa3-beae-24e932be90aa None None] Ext name="L2 Adjacency" alias="l2_adjacency" description="Display L2 Adjacency for Neutron Networks." updated="2016-04-12T16:00:00-00:00" {{(pid=103366) _check_extension /opt/stack/neutron/neutron/api/extensions.py:415}}
Feb 17 18:02:26.280468 np0000156072 devstack@neutron-api.service[103363]: DEBUG neutron.api.extensions [None req-c8355e6b-9a55-4798-9202-053b7e8d836a None None] Ext name="Address scope" alias="address-scope" description="Address scopes extension." updated="2015-07-26T10:00:00-00:00" {{(pid=103363) _check_extension /opt/stack/neutron/neutron/api/extensions.py:415}}
Feb 17 18:02:26.280510 np0000156072 devstack@neutron-api.service[103364]: DEBUG neutron_lib.callbacks.manager [None req-ebcc5ea6-a4ac-487f-b8d5-ecbf7cd1c69b None None] Subscribe: > process after_init 55550000, True {{(pid=103364) subscribe /opt/stack/data/venv/lib/python3.12/site-packages/neutron_lib/callbacks/manager.py:52}}
Feb 17 18:02:26.280545 np0000156072 devstack@neutron-api.service[103366]: INFO neutron.api.extensions [None req-9ecc51a3-9aee-4aa3-beae-24e932be90aa None None] Extension l2_adjacency not supported by any of loaded plugins
Feb 17 18:02:26.280604 np0000156072 devstack@neutron-api.service[103363]: INFO neutron.api.extensions [None req-c8355e6b-9a55-4798-9202-053b7e8d836a None None] Loaded extension: address-scope
Feb 17 18:02:26.280637 np0000156072 devstack@neutron-api.service[103364]: DEBUG neutron_lib.callbacks.manager [None req-ebcc5ea6-a4ac-487f-b8d5-ecbf7cd1c69b None None] Subscribe: > segment after_create 55550000, False {{(pid=103364) subscribe /opt/stack/data/venv/lib/python3.12/site-packages/neutron_lib/callbacks/manager.py:52}}
Feb 17 18:02:26.280666 np0000156072 devstack@neutron-api.service[103366]: DEBUG neutron.api.extensions [None req-9ecc51a3-9aee-4aa3-beae-24e932be90aa None None] Loading extension file: l3.py {{(pid=103366) _load_all_extensions_from_path /opt/stack/neutron/neutron/api/extensions.py:449}}
Feb 17 18:02:26.280697 np0000156072 devstack@neutron-api.service[103363]: DEBUG neutron.api.extensions [None req-c8355e6b-9a55-4798-9202-053b7e8d836a None None] Loading extension file: admin_state_down_before_update.py {{(pid=103363) _load_all_extensions_from_path /opt/stack/neutron/neutron/api/extensions.py:449}}
Feb 17 18:02:26.280734 np0000156072 devstack@neutron-api.service[103364]: DEBUG neutron_lib.callbacks.manager [None req-ebcc5ea6-a4ac-487f-b8d5-ecbf7cd1c69b None None] Subscribe: > segment after_create 55550000, False {{(pid=103364) subscribe /opt/stack/data/venv/lib/python3.12/site-packages/neutron_lib/callbacks/manager.py:52}}
Feb 17 18:02:26.280848 np0000156072 devstack@neutron-api.service[103364]: DEBUG neutron_lib.callbacks.manager [None req-ebcc5ea6-a4ac-487f-b8d5-ecbf7cd1c69b None None] Subscribe: > segment after_delete 55550000, False {{(pid=103364) subscribe /opt/stack/data/venv/lib/python3.12/site-packages/neutron_lib/callbacks/manager.py:52}}
Feb 17 18:02:26.280921 np0000156072 devstack@neutron-api.service[103363]: DEBUG neutron.api.extensions [None req-c8355e6b-9a55-4798-9202-053b7e8d836a None None] Ext name="Enforce Router's Admin State Down Before Update Extension" alias="router-admin-state-down-before-update" description="Ensure that the admin state of a router is DOWN (admin_state_up=False) before updating the distributed attribute" updated="2019-07-02T15:56:00" {{(pid=103363) _check_extension /opt/stack/neutron/neutron/api/extensions.py:415}}
Feb 17 18:02:26.280956 np0000156072 devstack@neutron-api.service[103364]: DEBUG neutron_lib.callbacks.manager [None req-ebcc5ea6-a4ac-487f-b8d5-ecbf7cd1c69b None None] Subscribe: > allowed_address_pair before_create 55550000, False {{(pid=103364) subscribe /opt/stack/data/venv/lib/python3.12/site-packages/neutron_lib/callbacks/manager.py:52}}
Feb 17 18:02:26.281039 np0000156072 devstack@neutron-api.service[103366]: DEBUG neutron.api.extensions [None req-9ecc51a3-9aee-4aa3-beae-24e932be90aa None None] Ext name="Neutron L3 Router" alias="router" description="Router abstraction for basic L3 forwarding between L2 Neutron networks and access to external networks via a NAT gateway." updated="2012-07-20T10:00:00-00:00" {{(pid=103366) _check_extension /opt/stack/neutron/neutron/api/extensions.py:415}}
Feb 17 18:02:26.281083 np0000156072 devstack@neutron-api.service[103364]: DEBUG neutron_lib.callbacks.manager [None req-ebcc5ea6-a4ac-487f-b8d5-ecbf7cd1c69b None None] Subscribe: > security_group precommit_create 55550000, False {{(pid=103364) subscribe /opt/stack/data/venv/lib/python3.12/site-packages/neutron_lib/callbacks/manager.py:52}}
Feb 17 18:02:26.281113 np0000156072 devstack@neutron-api.service[103363]: INFO neutron.api.extensions [None req-c8355e6b-9a55-4798-9202-053b7e8d836a None None] Extension router-admin-state-down-before-update not supported by any of loaded plugins
Feb 17 18:02:26.281237 np0000156072 devstack@neutron-api.service[103364]: DEBUG neutron_lib.callbacks.manager [None req-ebcc5ea6-a4ac-487f-b8d5-ecbf7cd1c69b None None] Subscribe: > security_group after_update 55550000, False {{(pid=103364) subscribe /opt/stack/data/venv/lib/python3.12/site-packages/neutron_lib/callbacks/manager.py:52}}
Feb 17 18:02:26.281286 np0000156072 devstack@neutron-api.service[103363]: DEBUG neutron.api.extensions [None req-c8355e6b-9a55-4798-9202-053b7e8d836a None None] Loading extension file: agent.py {{(pid=103363) _load_all_extensions_from_path /opt/stack/neutron/neutron/api/extensions.py:449}}
Feb 17 18:02:26.281320 np0000156072 devstack@neutron-api.service[103366]: INFO neutron.api.extensions [None req-9ecc51a3-9aee-4aa3-beae-24e932be90aa None None] Loaded extension: router
Feb 17 18:02:26.281370 np0000156072 devstack@neutron-api.service[103364]: DEBUG neutron_lib.callbacks.manager [None req-ebcc5ea6-a4ac-487f-b8d5-ecbf7cd1c69b None None] Subscribe: > security_group after_create 55550000, False {{(pid=103364) subscribe /opt/stack/data/venv/lib/python3.12/site-packages/neutron_lib/callbacks/manager.py:52}}
Feb 17 18:02:26.281422 np0000156072 devstack@neutron-api.service[103366]: DEBUG neutron.api.extensions [None req-9ecc51a3-9aee-4aa3-beae-24e932be90aa None None] Loading extension file: l3_conntrack_helper.py {{(pid=103366) _load_all_extensions_from_path /opt/stack/neutron/neutron/api/extensions.py:449}}
Feb 17 18:02:26.281452 np0000156072 devstack@neutron-api.service[103364]: DEBUG neutron_lib.callbacks.manager [None req-ebcc5ea6-a4ac-487f-b8d5-ecbf7cd1c69b None None] Subscribe: > security_group precommit_delete 55550000, False {{(pid=103364) subscribe /opt/stack/data/venv/lib/python3.12/site-packages/neutron_lib/callbacks/manager.py:52}}
Feb 17 18:02:26.281478 np0000156072 devstack@neutron-api.service[103363]: DEBUG neutron.api.extensions [None req-c8355e6b-9a55-4798-9202-053b7e8d836a None None] Ext name="agent" alias="agent" description="The agent management extension." updated="2013-02-03T10:00:00-00:00" {{(pid=103363) _check_extension /opt/stack/neutron/neutron/api/extensions.py:415}}
Feb 17 18:02:26.281519 np0000156072 devstack@neutron-api.service[103364]: DEBUG neutron_lib.callbacks.manager [None req-ebcc5ea6-a4ac-487f-b8d5-ecbf7cd1c69b None None] Subscribe: > security_group after_delete 55550000, False {{(pid=103364) subscribe /opt/stack/data/venv/lib/python3.12/site-packages/neutron_lib/callbacks/manager.py:52}}
Feb 17 18:02:26.281628 np0000156072 devstack@neutron-api.service[103364]: DEBUG neutron_lib.callbacks.manager [None req-ebcc5ea6-a4ac-487f-b8d5-ecbf7cd1c69b None None] Subscribe: > security_group_rule precommit_create 55550000, False {{(pid=103364) subscribe /opt/stack/data/venv/lib/python3.12/site-packages/neutron_lib/callbacks/manager.py:52}}
Feb 17 18:02:26.281668 np0000156072 devstack@neutron-api.service[103363]: INFO neutron.api.extensions [None req-c8355e6b-9a55-4798-9202-053b7e8d836a None None] Loaded extension: agent
Feb 17 18:02:26.281735 np0000156072 devstack@neutron-api.service[103363]: DEBUG neutron.api.extensions [None req-c8355e6b-9a55-4798-9202-053b7e8d836a None None] Loading extension file: agent_resources_synced.py {{(pid=103363) _load_all_extensions_from_path /opt/stack/neutron/neutron/api/extensions.py:449}}
Feb 17 18:02:26.281767 np0000156072 devstack@neutron-api.service[103364]: DEBUG neutron_lib.callbacks.manager [None req-ebcc5ea6-a4ac-487f-b8d5-ecbf7cd1c69b None None] Subscribe: > security_group_rule after_create 55550000, False {{(pid=103364) subscribe /opt/stack/data/venv/lib/python3.12/site-packages/neutron_lib/callbacks/manager.py:52}}
Feb 17 18:02:26.281844 np0000156072 devstack@neutron-api.service[103364]: DEBUG neutron_lib.callbacks.manager [None req-ebcc5ea6-a4ac-487f-b8d5-ecbf7cd1c69b None None] Subscribe: > security_group_rule before_delete 55550000, False {{(pid=103364) subscribe /opt/stack/data/venv/lib/python3.12/site-packages/neutron_lib/callbacks/manager.py:52}}
Feb 17 18:02:26.281950 np0000156072 devstack@neutron-api.service[103364]: DEBUG neutron_lib.callbacks.manager [None req-ebcc5ea6-a4ac-487f-b8d5-ecbf7cd1c69b None None] Subscribe: > address_group after_create 55550000, False {{(pid=103364) subscribe /opt/stack/data/venv/lib/python3.12/site-packages/neutron_lib/callbacks/manager.py:52}}
Feb 17 18:02:26.281984 np0000156072 devstack@neutron-api.service[103366]: DEBUG neutron.api.extensions [None req-9ecc51a3-9aee-4aa3-beae-24e932be90aa None None] Ext name="L3 Conntrack helper" alias="l3-conntrack-helper" description="Allow adding CT target rules for conntrack helper" updated="2019-04-04T10:00:00-00:00" {{(pid=103366) _check_extension /opt/stack/neutron/neutron/api/extensions.py:415}}
Feb 17 18:02:26.282017 np0000156072 devstack@neutron-api.service[103363]: DEBUG neutron.api.extensions [None req-c8355e6b-9a55-4798-9202-053b7e8d836a None None] Ext name="Agent's Resource View Synced to Placement" alias="agent-resources-synced" description="Stores success/failure of last sync to Placement" updated="2018-12-19T00:00:00-00:00" {{(pid=103363) _check_extension /opt/stack/neutron/neutron/api/extensions.py:415}}
Feb 17 18:02:26.282050 np0000156072 devstack@neutron-api.service[103364]: DEBUG neutron_lib.callbacks.manager [None req-ebcc5ea6-a4ac-487f-b8d5-ecbf7cd1c69b None None] Subscribe: > address_group after_update 55550000, False {{(pid=103364) subscribe /opt/stack/data/venv/lib/python3.12/site-packages/neutron_lib/callbacks/manager.py:52}}
Feb 17 18:02:26.282278 np0000156072 devstack@neutron-api.service[103363]: INFO neutron.api.extensions [None req-c8355e6b-9a55-4798-9202-053b7e8d836a None None] Extension agent-resources-synced not supported by any of loaded plugins
Feb 17 18:02:26.282310 np0000156072 devstack@neutron-api.service[103366]: INFO neutron.api.extensions [None req-9ecc51a3-9aee-4aa3-beae-24e932be90aa None None] Extension l3-conntrack-helper not supported by any of loaded plugins
Feb 17 18:02:26.282379 np0000156072 devstack@neutron-api.service[103364]: DEBUG neutron_lib.callbacks.manager [None req-ebcc5ea6-a4ac-487f-b8d5-ecbf7cd1c69b None None] Subscribe: > address_group after_delete 55550000, False {{(pid=103364) subscribe /opt/stack/data/venv/lib/python3.12/site-packages/neutron_lib/callbacks/manager.py:52}}
Feb 17 18:02:26.282476 np0000156072 devstack@neutron-api.service[103363]: DEBUG neutron.api.extensions [None req-c8355e6b-9a55-4798-9202-053b7e8d836a None None] Loading extension file: allowedaddresspairs.py {{(pid=103363) _load_all_extensions_from_path /opt/stack/neutron/neutron/api/extensions.py:449}}
Feb 17 18:02:26.282546 np0000156072 devstack@neutron-api.service[103366]: DEBUG neutron.api.extensions [None req-9ecc51a3-9aee-4aa3-beae-24e932be90aa None None] Loading extension file: l3_enable_default_route_bfd.py {{(pid=103366) _load_all_extensions_from_path /opt/stack/neutron/neutron/api/extensions.py:449}}
Feb 17 18:02:26.282619 np0000156072 devstack@neutron-api.service[103364]: DEBUG neutron_lib.callbacks.manager [None req-ebcc5ea6-a4ac-487f-b8d5-ecbf7cd1c69b None None] Subscribe: > qos_plugin after_init 55550000, False {{(pid=103364) subscribe /opt/stack/data/venv/lib/python3.12/site-packages/neutron_lib/callbacks/manager.py:52}}
Feb 17 18:02:26.282719 np0000156072 devstack@neutron-api.service[103366]: DEBUG neutron.api.extensions [None req-9ecc51a3-9aee-4aa3-beae-24e932be90aa None None] Ext name="Enable Default Route BFD" alias="enable-default-route-bfd" description="Enables configurable BFD behavior for default routes" updated="2023-02-27T00:00:00-00:00" {{(pid=103366) _check_extension /opt/stack/neutron/neutron/api/extensions.py:415}}
Feb 17 18:02:26.282755 np0000156072 devstack@neutron-api.service[103364]: DEBUG neutron_lib.callbacks.manager [None req-ebcc5ea6-a4ac-487f-b8d5-ecbf7cd1c69b None None] Subscribe: > trunk_plugin after_init 55550000, False {{(pid=103364) subscribe /opt/stack/data/venv/lib/python3.12/site-packages/neutron_lib/callbacks/manager.py:52}}
Feb 17 18:02:26.282793 np0000156072 devstack@neutron-api.service[103366]: INFO neutron.api.extensions [None req-9ecc51a3-9aee-4aa3-beae-24e932be90aa None None] Loaded extension: enable-default-route-bfd
Feb 17 18:02:26.282793 np0000156072 devstack@neutron-api.service[103366]: DEBUG neutron.api.extensions [None req-9ecc51a3-9aee-4aa3-beae-24e932be90aa None None] Loading extension file: l3_enable_default_route_ecmp.py {{(pid=103366) _load_all_extensions_from_path /opt/stack/neutron/neutron/api/extensions.py:449}}
Feb 17 18:02:26.282880 np0000156072 devstack@neutron-api.service[103364]: DEBUG neutron_lib.callbacks.manager [None req-ebcc5ea6-a4ac-487f-b8d5-ecbf7cd1c69b None None] Subscribe: > logging-plugin after_init 55550000, False {{(pid=103364) subscribe /opt/stack/data/venv/lib/python3.12/site-packages/neutron_lib/callbacks/manager.py:52}}
Feb 17 18:02:26.282943 np0000156072 devstack@neutron-api.service[103363]: DEBUG neutron.api.extensions [None req-c8355e6b-9a55-4798-9202-053b7e8d836a None None] Ext name="Allowed Address Pairs" alias="allowed-address-pairs" description="Provides allowed address pairs" updated="2013-07-23T10:00:00-00:00" {{(pid=103363) _check_extension /opt/stack/neutron/neutron/api/extensions.py:415}}
Feb 17 18:02:26.283012 np0000156072 devstack@neutron-api.service[103366]: DEBUG neutron.api.extensions [None req-9ecc51a3-9aee-4aa3-beae-24e932be90aa None None] Ext name="Enable Default Route ECMP" alias="enable-default-route-ecmp" description="Enables configurable ECMP behavior for default routes" updated="2023-02-27T00:00:00-00:00" {{(pid=103366) _check_extension /opt/stack/neutron/neutron/api/extensions.py:415}}
Feb 17 18:02:26.283050 np0000156072 devstack@neutron-api.service[103363]: INFO neutron.api.extensions [None req-c8355e6b-9a55-4798-9202-053b7e8d836a None None] Loaded extension: allowed-address-pairs
Feb 17 18:02:26.283191 np0000156072 devstack@neutron-api.service[103363]: DEBUG neutron.api.extensions [None req-c8355e6b-9a55-4798-9202-053b7e8d836a None None] Loading extension file: auto_allocated_topology.py {{(pid=103363) _load_all_extensions_from_path /opt/stack/neutron/neutron/api/extensions.py:449}}
Feb 17 18:02:26.283262 np0000156072 devstack@neutron-api.service[103366]: INFO neutron.api.extensions [None req-9ecc51a3-9aee-4aa3-beae-24e932be90aa None None] Loaded extension: enable-default-route-ecmp
Feb 17 18:02:26.283324 np0000156072 devstack@neutron-api.service[103364]: INFO neutron.services.logapi.drivers.ovn.driver [None req-ebcc5ea6-a4ac-487f-b8d5-ecbf7cd1c69b None None] OVN logging driver registered
Feb 17 18:02:26.283355 np0000156072 devstack@neutron-api.service[103366]: DEBUG neutron.api.extensions [None req-9ecc51a3-9aee-4aa3-beae-24e932be90aa None None] Loading extension file: l3_ext_gw_mode.py {{(pid=103366) _load_all_extensions_from_path /opt/stack/neutron/neutron/api/extensions.py:449}}
Feb 17 18:02:26.283503 np0000156072 devstack@neutron-api.service[103363]: DEBUG neutron.api.extensions [None req-c8355e6b-9a55-4798-9202-053b7e8d836a None None] Ext name="Auto Allocated Topology Services" alias="auto-allocated-topology" description="Auto Allocated Topology Services." updated="2016-01-01T00:00:00-00:00" {{(pid=103363) _check_extension /opt/stack/neutron/neutron/api/extensions.py:415}}
Feb 17 18:02:26.283573 np0000156072 devstack@neutron-api.service[103366]: DEBUG neutron.api.extensions [None req-9ecc51a3-9aee-4aa3-beae-24e932be90aa None None] Ext name="Neutron L3 Configurable external gateway mode" alias="ext-gw-mode" description="Extension of the router abstraction for specifying whether SNAT should occur on the external gateway" updated="2013-03-28T10:00:00-00:00" {{(pid=103366) _check_extension /opt/stack/neutron/neutron/api/extensions.py:415}}
Feb 17 18:02:26.283637 np0000156072 devstack@neutron-api.service[103363]: INFO neutron.api.extensions [None req-c8355e6b-9a55-4798-9202-053b7e8d836a None None] Loaded extension: auto-allocated-topology
Feb 17 18:02:26.283668 np0000156072 devstack@neutron-api.service[103363]: DEBUG neutron.api.extensions [None req-c8355e6b-9a55-4798-9202-053b7e8d836a None None] Loading extension file: availability_zone.py {{(pid=103363) _load_all_extensions_from_path /opt/stack/neutron/neutron/api/extensions.py:449}}
Feb 17 18:02:26.283745 np0000156072 devstack@neutron-api.service[103366]: INFO neutron.api.extensions [None req-9ecc51a3-9aee-4aa3-beae-24e932be90aa None None] Loaded extension: ext-gw-mode
Feb 17 18:02:26.283815 np0000156072 devstack@neutron-api.service[103366]: DEBUG neutron.api.extensions [None req-9ecc51a3-9aee-4aa3-beae-24e932be90aa None None] Loading extension file: l3_ext_ha_mode.py {{(pid=103366) _load_all_extensions_from_path /opt/stack/neutron/neutron/api/extensions.py:449}}
Feb 17 18:02:26.283924 np0000156072 devstack@neutron-api.service[103363]: DEBUG neutron.api.extensions [None req-c8355e6b-9a55-4798-9202-053b7e8d836a None None] Ext name="Availability Zone" alias="availability_zone" description="The availability zone extension." updated="2015-01-01T10:00:00-00:00" {{(pid=103363) _check_extension /opt/stack/neutron/neutron/api/extensions.py:415}}
Feb 17 18:02:26.284035 np0000156072 devstack@neutron-api.service[103366]: DEBUG neutron.api.extensions [None req-9ecc51a3-9aee-4aa3-beae-24e932be90aa None None] Ext name="HA Router extension" alias="l3-ha" description="Adds HA capability to routers." updated="2014-04-26T00:00:00-00:00" {{(pid=103366) _check_extension /opt/stack/neutron/neutron/api/extensions.py:415}}
Feb 17 18:02:26.284100 np0000156072 devstack@neutron-api.service[103363]: INFO neutron.api.extensions [None req-c8355e6b-9a55-4798-9202-053b7e8d836a None None] Loaded extension: availability_zone
Feb 17 18:02:26.284195 np0000156072 devstack@neutron-api.service[103363]: DEBUG neutron.api.extensions [None req-c8355e6b-9a55-4798-9202-053b7e8d836a None None] Loading extension file: availability_zone_filter.py {{(pid=103363) _load_all_extensions_from_path /opt/stack/neutron/neutron/api/extensions.py:449}}
Feb 17 18:02:26.284225 np0000156072 devstack@neutron-api.service[103366]: INFO neutron.api.extensions [None req-9ecc51a3-9aee-4aa3-beae-24e932be90aa None None] Loaded extension: l3-ha
Feb 17 18:02:26.284296 np0000156072 devstack@neutron-api.service[103366]: DEBUG neutron.api.extensions [None req-9ecc51a3-9aee-4aa3-beae-24e932be90aa None None] Loading extension file: l3_ext_ndp_proxy.py {{(pid=103366) _load_all_extensions_from_path /opt/stack/neutron/neutron/api/extensions.py:449}}
Feb 17 18:02:26.284423 np0000156072 devstack@neutron-api.service[103363]: DEBUG neutron.api.extensions [None req-c8355e6b-9a55-4798-9202-053b7e8d836a None None] Ext name="Availability Zone Filter Extension" alias="availability_zone_filter" description="Add filter parameters to AvailabilityZone resource" updated="2018-06-22T10:00:00-00:00" {{(pid=103363) _check_extension /opt/stack/neutron/neutron/api/extensions.py:415}}
