Feb 17 18:02:25.683070 np0000156072 devstack@neutron-api.service[103365]: DEBUG neutron.plugins.ml2.drivers.ovn.mech_driver.mech_driver [None req-a82ee614-a28c-45bc-80be-8c323f33d94c None None] Hash Ring setup using WSGI start time 2026-02-17 18:02:19+00:00 {{(pid=103365) _init_hash_ring /opt/stack/neutron/neutron/plugins/ml2/drivers/ovn/mech_driver/mech_driver.py:401}}
Feb 17 18:02:25.689009 np0000156072 devstack@neutron-api.service[103365]: INFO neutron.db.ovn_hash_ring_db [None req-a82ee614-a28c-45bc-80be-8c323f33d94c None None] Nodes from host "np0000156072" and group "mechanism_driver" removed from the Hash Ring created at 2026-02-17 18:02:19+00:00
Feb 17 18:02:25.691335 np0000156072 devstack@neutron-api.service[103365]: INFO neutron.db.ovn_hash_ring_db [None req-a82ee614-a28c-45bc-80be-8c323f33d94c None None] Node 458d3dd9709b507090908a4a942ade8f from host "np0000156072" and group "mechanism_driver" added to the Hash Ring
Feb 17 18:02:25.695053 np0000156072 devstack@neutron-api.service[103365]: DEBUG neutron.plugins.ml2.drivers.ovn.mech_driver.mech_driver [None req-a82ee614-a28c-45bc-80be-8c323f33d94c None None] Hash Ring setup, this worker has detected 1 OVN hash ring registers in the database {{(pid=103365) _init_hash_ring /opt/stack/neutron/neutron/plugins/ml2/drivers/ovn/mech_driver/mech_driver.py:411}}
Feb 17 18:02:25.702353 np0000156072 devstack@neutron-api.service[103365]: DEBUG neutron.plugins.ml2.drivers.ovn.mech_driver.ovsdb.maintenance [None req-a82ee614-a28c-45bc-80be-8c323f33d94c None None] Periodic task found: HashRingHealthCheckPeriodics.touch_hash_ring_node {{(pid=103365) add_periodics /opt/stack/neutron/neutron/plugins/ml2/drivers/ovn/mech_driver/ovsdb/maintenance.py:97}}
Feb 17 18:02:25.703794 np0000156072 devstack@neutron-api.service[103365]: INFO neutron.plugins.ml2.drivers.ovn.mech_driver.mech_driver [None req-a82ee614-a28c-45bc-80be-8c323f33d94c None None] Hash Ring probing thread for node 458d3dd9709b507090908a4a942ade8f has started
Feb 17 18:02:25.704529 np0000156072 devstack@neutron-api.service[103365]: INFO neutron.plugins.ml2.drivers.ovn.mech_driver.ovsdb.impl_idl_ovn [None req-a82ee614-a28c-45bc-80be-8c323f33d94c None None] Getting OvsdbNbOvnIdl for WorkerService with retry
Feb 17 18:02:25.760842 np0000156072 devstack@neutron-api.service[103365]: DEBUG ovsdbapp.backend.ovs_idl [None req-a82ee614-a28c-45bc-80be-8c323f33d94c None None] Created lookup_table index Logical_Switch.name {{(pid=103365) autocreate_indices /opt/stack/data/venv/lib/python3.12/site-packages/ovsdbapp/backend/ovs_idl/__init__.py:87}}
Feb 17 18:02:25.760939 np0000156072 devstack@neutron-api.service[103365]: DEBUG ovsdbapp.backend.ovs_idl [None req-a82ee614-a28c-45bc-80be-8c323f33d94c None None] Created lookup_table index Logical_Router.name {{(pid=103365) autocreate_indices /opt/stack/data/venv/lib/python3.12/site-packages/ovsdbapp/backend/ovs_idl/__init__.py:87}}
Feb 17 18:02:25.761080 np0000156072 devstack@neutron-api.service[103365]: DEBUG ovsdbapp.backend.ovs_idl [None req-a82ee614-a28c-45bc-80be-8c323f33d94c None None] Created lookup_table index Load_Balancer.name {{(pid=103365) autocreate_indices /opt/stack/data/venv/lib/python3.12/site-packages/ovsdbapp/backend/ovs_idl/__init__.py:87}}
Feb 17 18:02:25.761255 np0000156072 devstack@neutron-api.service[103365]: DEBUG ovsdbapp.backend.ovs_idl [None req-a82ee614-a28c-45bc-80be-8c323f33d94c None None] Created schema index Copp.name {{(pid=103365) autocreate_indices /opt/stack/data/venv/lib/python3.12/site-packages/ovsdbapp/backend/ovs_idl/__init__.py:106}}
Feb 17 18:02:25.761385 np0000156072 devstack@neutron-api.service[103365]: DEBUG ovsdbapp.backend.ovs_idl [None req-a82ee614-a28c-45bc-80be-8c323f33d94c None None] Created schema index Meter.name {{(pid=103365) autocreate_indices /opt/stack/data/venv/lib/python3.12/site-packages/ovsdbapp/backend/ovs_idl/__init__.py:106}}
Feb 17 18:02:25.761534 np0000156072 devstack@neutron-api.service[103365]: DEBUG ovsdbapp.backend.ovs_idl [None req-a82ee614-a28c-45bc-80be-8c323f33d94c None None] Created schema index Load_Balancer_Group.name {{(pid=103365) autocreate_indices /opt/stack/data/venv/lib/python3.12/site-packages/ovsdbapp/backend/ovs_idl/__init__.py:106}}
Feb 17 18:02:25.761658 np0000156072 devstack@neutron-api.service[103365]: DEBUG ovsdbapp.backend.ovs_idl [None req-a82ee614-a28c-45bc-80be-8c323f33d94c None None] Created schema index HA_Chassis_Group.name {{(pid=103365) autocreate_indices /opt/stack/data/venv/lib/python3.12/site-packages/ovsdbapp/backend/ovs_idl/__init__.py:106}}
Feb 17 18:02:25.761779 np0000156072 devstack@neutron-api.service[103365]: DEBUG ovsdbapp.backend.ovs_idl [None req-a82ee614-a28c-45bc-80be-8c323f33d94c None None] Created schema index Address_Set.name {{(pid=103365) autocreate_indices /opt/stack/data/venv/lib/python3.12/site-packages/ovsdbapp/backend/ovs_idl/__init__.py:106}}
Feb 17 18:02:25.761908 np0000156072 devstack@neutron-api.service[103365]: DEBUG ovsdbapp.backend.ovs_idl [None req-a82ee614-a28c-45bc-80be-8c323f33d94c None None] Created schema index Connection.target {{(pid=103365) autocreate_indices /opt/stack/data/venv/lib/python3.12/site-packages/ovsdbapp/backend/ovs_idl/__init__.py:106}}
Feb 17 18:02:25.762030 np0000156072 devstack@neutron-api.service[103365]: DEBUG ovsdbapp.backend.ovs_idl [None req-a82ee614-a28c-45bc-80be-8c323f33d94c None None] Created schema index Gateway_Chassis.name {{(pid=103365) autocreate_indices /opt/stack/data/venv/lib/python3.12/site-packages/ovsdbapp/backend/ovs_idl/__init__.py:106}}
Feb 17 18:02:25.762152 np0000156072 devstack@neutron-api.service[103365]: DEBUG ovsdbapp.backend.ovs_idl [None req-a82ee614-a28c-45bc-80be-8c323f33d94c None None] Created schema index Mirror.name {{(pid=103365) autocreate_indices /opt/stack/data/venv/lib/python3.12/site-packages/ovsdbapp/backend/ovs_idl/__init__.py:106}}
Feb 17 18:02:25.762276 np0000156072 devstack@neutron-api.service[103365]: DEBUG ovsdbapp.backend.ovs_idl [None req-a82ee614-a28c-45bc-80be-8c323f33d94c None None] Created schema index Chassis_Template_Var.chassis {{(pid=103365) autocreate_indices /opt/stack/data/venv/lib/python3.12/site-packages/ovsdbapp/backend/ovs_idl/__init__.py:106}}
Feb 17 18:02:25.762420 np0000156072 devstack@neutron-api.service[103365]: DEBUG ovsdbapp.backend.ovs_idl [None req-a82ee614-a28c-45bc-80be-8c323f33d94c None None] Created schema index Logical_Router_Port.name {{(pid=103365) autocreate_indices /opt/stack/data/venv/lib/python3.12/site-packages/ovsdbapp/backend/ovs_idl/__init__.py:106}}
Feb 17 18:02:25.762547 np0000156072 devstack@neutron-api.service[103365]: DEBUG ovsdbapp.backend.ovs_idl [None req-a82ee614-a28c-45bc-80be-8c323f33d94c None None] Created schema index Port_Group.name {{(pid=103365) autocreate_indices /opt/stack/data/venv/lib/python3.12/site-packages/ovsdbapp/backend/ovs_idl/__init__.py:106}}
Feb 17 18:02:25.762665 np0000156072 devstack@neutron-api.service[103365]: DEBUG ovsdbapp.backend.ovs_idl [None req-a82ee614-a28c-45bc-80be-8c323f33d94c None None] Created schema index Logical_Switch_Port.name {{(pid=103365) autocreate_indices /opt/stack/data/venv/lib/python3.12/site-packages/ovsdbapp/backend/ovs_idl/__init__.py:106}}
Feb 17 18:02:25.765363 np0000156072 devstack@neutron-api.service[103365]: INFO ovsdbapp.backend.ovs_idl.vlog [None req-a82ee614-a28c-45bc-80be-8c323f33d94c None None] ssl:199.19.213.209:6641: connecting...
Feb 17 18:02:25.770424 np0000156072 devstack@neutron-api.service[103365]: INFO ovsdbapp.backend.ovs_idl.vlog [None req-a82ee614-a28c-45bc-80be-8c323f33d94c None None] ssl:199.19.213.209:6641: connected
Feb 17 18:02:25.805057 np0000156072 devstack@neutron-api.service[103365]: DEBUG neutron.common.ovn.hash_ring_manager [None req-a82ee614-a28c-45bc-80be-8c323f33d94c None None] Disallow caching, nodes 1<4 {{(pid=103365) _wait_startup_before_caching /opt/stack/neutron/neutron/common/ovn/hash_ring_manager.py:72}}
Feb 17 18:02:25.812013 np0000156072 devstack@neutron-api.service[103365]: DEBUG neutron.common.ovn.hash_ring_manager [None req-a82ee614-a28c-45bc-80be-8c323f33d94c None None] Hash Ring loaded. 1 active nodes. 0 offline nodes {{(pid=103365) _load_hash_ring /opt/stack/neutron/neutron/common/ovn/hash_ring_manager.py:102}}
Feb 17 18:02:25.812240 np0000156072 devstack@neutron-api.service[103365]: DEBUG neutron.plugins.ml2.drivers.ovn.mech_driver.ovsdb.ovsdb_monitor [None req-a82ee614-a28c-45bc-80be-8c323f33d94c None None] Hash Ring: Node 458d3dd9709b507090908a4a942ade8f (host: np0000156072) handling event "create" for row a595344b-1287-4df7-bfbc-f087da2a85a9 (table: ACL) {{(pid=103365) notify /opt/stack/neutron/neutron/plugins/ml2/drivers/ovn/mech_driver/ovsdb/ovsdb_monitor.py:920}}
Feb 17 18:02:25.817907 np0000156072 devstack@neutron-api.service[103365]: DEBUG neutron.common.ovn.hash_ring_manager [None req-a82ee614-a28c-45bc-80be-8c323f33d94c None None] Hash Ring loaded. 1 active nodes. 0 offline nodes {{(pid=103365) _load_hash_ring /opt/stack/neutron/neutron/common/ovn/hash_ring_manager.py:102}}
Feb 17 18:02:25.818138 np0000156072 devstack@neutron-api.service[103365]: DEBUG neutron.plugins.ml2.drivers.ovn.mech_driver.ovsdb.ovsdb_monitor [None req-a82ee614-a28c-45bc-80be-8c323f33d94c None None] Hash Ring: Node 458d3dd9709b507090908a4a942ade8f (host: np0000156072) handling event "create" for row f9003e36-ceec-4712-821a-c8d41c59c92b (table: ACL) {{(pid=103365) notify /opt/stack/neutron/neutron/plugins/ml2/drivers/ovn/mech_driver/ovsdb/ovsdb_monitor.py:920}}
Feb 17 18:02:25.824018 np0000156072 devstack@neutron-api.service[103365]: DEBUG neutron.common.ovn.hash_ring_manager [None req-a82ee614-a28c-45bc-80be-8c323f33d94c None None] Hash Ring loaded. 1 active nodes. 0 offline nodes {{(pid=103365) _load_hash_ring /opt/stack/neutron/neutron/common/ovn/hash_ring_manager.py:102}}
Feb 17 18:02:25.824325 np0000156072 devstack@neutron-api.service[103365]: DEBUG neutron.plugins.ml2.drivers.ovn.mech_driver.ovsdb.ovsdb_monitor [None req-a82ee614-a28c-45bc-80be-8c323f33d94c None None] Hash Ring: Node 458d3dd9709b507090908a4a942ade8f (host: np0000156072) handling event "create" for row 9d563b1f-9f8a-4830-9670-186be55fe044 (table: Connection) {{(pid=103365) notify /opt/stack/neutron/neutron/plugins/ml2/drivers/ovn/mech_driver/ovsdb/ovsdb_monitor.py:920}}
Feb 17 18:02:25.830121 np0000156072 devstack@neutron-api.service[103365]: DEBUG neutron.common.ovn.hash_ring_manager [None req-a82ee614-a28c-45bc-80be-8c323f33d94c None None] Hash Ring loaded. 1 active nodes. 0 offline nodes {{(pid=103365) _load_hash_ring /opt/stack/neutron/neutron/common/ovn/hash_ring_manager.py:102}}
Feb 17 18:02:25.830479 np0000156072 devstack@neutron-api.service[103365]: DEBUG neutron.plugins.ml2.drivers.ovn.mech_driver.ovsdb.ovsdb_monitor [None req-a82ee614-a28c-45bc-80be-8c323f33d94c None None] Hash Ring: Node 458d3dd9709b507090908a4a942ade8f (host: np0000156072) handling event "create" for row 8030ab9a-30b3-41f5-a743-c8773c1e2a90 (table: NB_Global) {{(pid=103365) notify /opt/stack/neutron/neutron/plugins/ml2/drivers/ovn/mech_driver/ovsdb/ovsdb_monitor.py:920}}
Feb 17 18:02:25.835280 np0000156072 devstack@neutron-api.service[103365]: DEBUG neutron.common.ovn.hash_ring_manager [None req-a82ee614-a28c-45bc-80be-8c323f33d94c None None] Hash Ring loaded. 1 active nodes. 0 offline nodes {{(pid=103365) _load_hash_ring /opt/stack/neutron/neutron/common/ovn/hash_ring_manager.py:102}}
Feb 17 18:02:25.835434 np0000156072 devstack@neutron-api.service[103365]: DEBUG neutron.plugins.ml2.drivers.ovn.mech_driver.ovsdb.ovsdb_monitor [None req-a82ee614-a28c-45bc-80be-8c323f33d94c None None] Hash Ring: Node 458d3dd9709b507090908a4a942ade8f (host: np0000156072) handling event "create" for row bd7cbc57-6efb-4359-949c-235b38b008dd (table: Port_Group) {{(pid=103365) notify /opt/stack/neutron/neutron/plugins/ml2/drivers/ovn/mech_driver/ovsdb/ovsdb_monitor.py:920}}
Feb 17 18:02:25.840084 np0000156072 devstack@neutron-api.service[103365]: DEBUG neutron.common.ovn.hash_ring_manager [None req-a82ee614-a28c-45bc-80be-8c323f33d94c None None] Hash Ring loaded. 1 active nodes. 0 offline nodes {{(pid=103365) _load_hash_ring /opt/stack/neutron/neutron/common/ovn/hash_ring_manager.py:102}}
Feb 17 18:02:25.840214 np0000156072 devstack@neutron-api.service[103365]: DEBUG neutron.plugins.ml2.drivers.ovn.mech_driver.ovsdb.ovsdb_monitor [None req-a82ee614-a28c-45bc-80be-8c323f33d94c None None] Hash Ring: Node 458d3dd9709b507090908a4a942ade8f (host: np0000156072) handling event "create" for row 8836c543-7085-45a8-b156-472274600cec (table: SSL) {{(pid=103365) notify /opt/stack/neutron/neutron/plugins/ml2/drivers/ovn/mech_driver/ovsdb/ovsdb_monitor.py:920}}
Feb 17 18:02:25.841317 np0000156072 devstack@neutron-api.service[103365]: INFO neutron.plugins.ml2.drivers.ovn.mech_driver.ovsdb.impl_idl_ovn [None req-a82ee614-a28c-45bc-80be-8c323f33d94c None None] Getting OvsdbSbOvnIdl for WorkerService with retry
Feb 17 18:02:25.871419 np0000156072 devstack@neutron-api.service[103365]: DEBUG ovsdbapp.backend.ovs_idl [None req-a82ee614-a28c-45bc-80be-8c323f33d94c None None] Created lookup_table index Chassis.name {{(pid=103365) autocreate_indices /opt/stack/data/venv/lib/python3.12/site-packages/ovsdbapp/backend/ovs_idl/__init__.py:87}}
Feb 17 18:02:25.871561 np0000156072 devstack@neutron-api.service[103365]: DEBUG ovsdbapp.backend.ovs_idl [None req-a82ee614-a28c-45bc-80be-8c323f33d94c None None] Created lookup_table index Port_Binding.logical_port {{(pid=103365) autocreate_indices /opt/stack/data/venv/lib/python3.12/site-packages/ovsdbapp/backend/ovs_idl/__init__.py:87}}
Feb 17 18:02:25.871711 np0000156072 devstack@neutron-api.service[103365]: DEBUG ovsdbapp.backend.ovs_idl [None req-a82ee614-a28c-45bc-80be-8c323f33d94c None None] Created schema index Chassis_Private.name {{(pid=103365) autocreate_indices /opt/stack/data/venv/lib/python3.12/site-packages/ovsdbapp/backend/ovs_idl/__init__.py:106}}
Feb 17 18:02:25.871711 np0000156072 devstack@neutron-api.service[103365]: DEBUG ovsdbapp.backend.ovs_idl [None req-a82ee614-a28c-45bc-80be-8c323f33d94c None None] Created schema index Datapath_Binding.tunnel_key {{(pid=103365) autocreate_indices /opt/stack/data/venv/lib/python3.12/site-packages/ovsdbapp/backend/ovs_idl/__init__.py:106}}
Feb 17 18:02:25.873645 np0000156072 devstack@neutron-api.service[103365]: INFO ovsdbapp.backend.ovs_idl.vlog [None req-a82ee614-a28c-45bc-80be-8c323f33d94c None None] ssl:199.19.213.209:6642: connecting...
Feb 17 18:02:25.878810 np0000156072 devstack@neutron-api.service[103365]: INFO ovsdbapp.backend.ovs_idl.vlog [None req-a82ee614-a28c-45bc-80be-8c323f33d94c None None] ssl:199.19.213.209:6642: connected
Feb 17 18:02:25.915063 np0000156072 devstack@neutron-api.service[103365]: DEBUG neutron.common.ovn.hash_ring_manager [None req-a82ee614-a28c-45bc-80be-8c323f33d94c None None] Disallow caching, nodes 1<4 {{(pid=103365) _wait_startup_before_caching /opt/stack/neutron/neutron/common/ovn/hash_ring_manager.py:72}}
Feb 17 18:02:25.919315 np0000156072 devstack@neutron-api.service[103365]: DEBUG neutron.common.ovn.hash_ring_manager [None req-a82ee614-a28c-45bc-80be-8c323f33d94c None None] Hash Ring loaded. 1 active nodes. 0 offline nodes {{(pid=103365) _load_hash_ring /opt/stack/neutron/neutron/common/ovn/hash_ring_manager.py:102}}
Feb 17 18:02:25.919723 np0000156072 devstack@neutron-api.service[103365]: DEBUG neutron.plugins.ml2.drivers.ovn.mech_driver.ovsdb.ovsdb_monitor [None req-a82ee614-a28c-45bc-80be-8c323f33d94c None None] Hash Ring: Node 458d3dd9709b507090908a4a942ade8f (host: np0000156072) handling event "create" for row 9fda79dc-949c-4721-8a87-4601fbcc41d7 (table: Chassis) {{(pid=103365) notify /opt/stack/neutron/neutron/plugins/ml2/drivers/ovn/mech_driver/ovsdb/ovsdb_monitor.py:920}}
Feb 17 18:02:25.920428 np0000156072 devstack@neutron-api.service[103365]: DEBUG ovsdbapp.backend.ovs_idl.event [None req-a82ee614-a28c-45bc-80be-8c323f33d94c None None] Matched CREATE: ChassisBandwidthConfigEvent(events=('create', 'update'), table='Chassis', conditions=None, old_conditions=None), priority=20 to row=Chassis(name=d7c5bfc9-b657-4a91-84b3-37c306194afd, nb_cfg=0, encaps=[], external_ids={}, other_config={'ct-commit-nat-v2': 'true', 'ct-commit-to-zone': 'true', 'ct-next-zone': 'true', 'ct-no-masked-label': 'true', 'ct-state-save': 'true', 'datapath-type': 'system', 'fdb-timestamp': 'true', 'iface-types': 'afxdp,afxdp-nonpmd,bareudp,erspan,geneve,gre,gtpu,internal,ip6erspan,ip6gre,lisp,patch,srv6,stt,system,tap,vxlan', 'is-interconn': 'false', 'ls-dpg-column': 'true', 'mac-binding-timestamp': 'true', 'ovn-bridge-mappings': 'public:br-ex', 'ovn-chassis-mac-mappings': '', 'ovn-cms-options': 'enable-chassis-as-gw', 'ovn-ct-lb-related': 'true', 'ovn-enable-lflow-cache': 'true', 'ovn-limit-lflow-cache': '', 'ovn-memlimit-lflow-cache-kb': '', 'ovn-monitor-all': 'false', 'ovn-trim-limit-lflow-cache': '', 'ovn-trim-timeout-ms': '', 'ovn-trim-wmark-perc-lflow-cache': '', 'port-up-notif': 'true'}, transport_zones=[], hostname=np0000156072, vtep_logical_switches=[]) old= {{(pid=103365) matches /opt/stack/data/venv/lib/python3.12/site-packages/ovsdbapp/backend/ovs_idl/event.py:55}}
Feb 17 18:02:25.921092 np0000156072 devstack@neutron-api.service[103365]: DEBUG neutron.plugins.ml2.drivers.ovn.mech_driver.ovsdb.ovsdb_monitor [None req-a82ee614-a28c-45bc-80be-8c323f33d94c None None] ChassisOVNAgentWriteEvent : Matched Chassis_Private, create, None None {{(pid=103365) matches /opt/stack/neutron/neutron/plugins/ml2/drivers/ovn/mech_driver/ovsdb/ovsdb_monitor.py:65}}
Feb 17 18:02:25.921242 np0000156072 devstack@neutron-api.service[103365]: DEBUG neutron.plugins.ml2.drivers.ovn.mech_driver.ovsdb.ovsdb_monitor [None req-a82ee614-a28c-45bc-80be-8c323f33d94c None None] ChassisAgentWriteEvent : Matched Chassis_Private, create, None None {{(pid=103365) matches /opt/stack/neutron/neutron/plugins/ml2/drivers/ovn/mech_driver/ovsdb/ovsdb_monitor.py:65}}
Feb 17 18:02:25.929216 np0000156072 devstack@neutron-api.service[103365]: DEBUG neutron.common.ovn.hash_ring_manager [None req-a82ee614-a28c-45bc-80be-8c323f33d94c None None] Hash Ring loaded. 1 active nodes. 0 offline nodes {{(pid=103365) _load_hash_ring /opt/stack/neutron/neutron/common/ovn/hash_ring_manager.py:102}}
Feb 17 18:02:25.929354 np0000156072 devstack@neutron-api.service[103365]: DEBUG neutron.plugins.ml2.drivers.ovn.mech_driver.ovsdb.ovsdb_monitor [None req-a82ee614-a28c-45bc-80be-8c323f33d94c None None] Hash Ring: Node 458d3dd9709b507090908a4a942ade8f (host: np0000156072) handling event "create" for row 88e1dff9-26fc-4c0a-b4a8-efd3ca6ae78e (table: Chassis_Private) {{(pid=103365) notify /opt/stack/neutron/neutron/plugins/ml2/drivers/ovn/mech_driver/ovsdb/ovsdb_monitor.py:920}}
Feb 17 18:02:25.934102 np0000156072 devstack@neutron-api.service[103365]: DEBUG neutron.common.ovn.hash_ring_manager [None req-a82ee614-a28c-45bc-80be-8c323f33d94c None None] Hash Ring loaded. 1 active nodes. 0 offline nodes {{(pid=103365) _load_hash_ring /opt/stack/neutron/neutron/common/ovn/hash_ring_manager.py:102}}
Feb 17 18:02:25.934278 np0000156072 devstack@neutron-api.service[103365]: DEBUG neutron.plugins.ml2.drivers.ovn.mech_driver.ovsdb.ovsdb_monitor [None req-a82ee614-a28c-45bc-80be-8c323f33d94c None None] Hash Ring: Node 458d3dd9709b507090908a4a942ade8f (host: np0000156072) handling event "create" for row 5a7f6fe1-441c-4f8b-8455-5a5201e1af47 (table: Encap) {{(pid=103365) notify /opt/stack/neutron/neutron/plugins/ml2/drivers/ovn/mech_driver/ovsdb/ovsdb_monitor.py:920}}
Feb 17 18:02:25.935669 np0000156072 devstack@neutron-api.service[103365]: INFO neutron.plugins.ml2.drivers.ovn.mech_driver.mech_driver [None req-a82ee614-a28c-45bc-80be-8c323f33d94c None None] WorkerService process has finished the post initialization
Feb 17 18:02:25.936761 np0000156072 devstack@neutron-api.service[103365]: INFO neutron.plugins.ml2.drivers.ovn.mech_driver.ovsdb.extensions.qos [-] Starting OVNClientQosExtension
Feb 17 18:02:25.937267 np0000156072 devstack@neutron-api.service[103365]: INFO neutron.plugins.ml2.drivers.ovn.mech_driver.ovsdb.extensions.placement [-] Starting OVNClientPlacementExtension
Feb 17 18:02:25.939000 np0000156072 devstack@neutron-api.service[103365]: WSGI app 0 (mountpoint='') ready in 6 seconds on interpreter 0x7e72252a3668 pid: 103365 (default app)
Feb 17 18:02:26.069899 np0000156072 devstack@neutron-api.service[103366]: INFO neutron.plugins.ml2.managers [None req-9ecc51a3-9aee-4aa3-beae-24e932be90aa None None] Initializing driver for type 'local'
Feb 17 18:02:26.070120 np0000156072 devstack@neutron-api.service[103366]: INFO neutron.plugins.ml2.managers [None req-9ecc51a3-9aee-4aa3-beae-24e932be90aa None None] Initializing driver for type 'vlan'
Feb 17 18:02:26.092037 np0000156072 devstack@neutron-api.service[103363]: INFO neutron.plugins.ml2.managers [None req-c8355e6b-9a55-4798-9202-053b7e8d836a None None] Initializing driver for type 'local'
Feb 17 18:02:26.092269 np0000156072 devstack@neutron-api.service[103363]: INFO neutron.plugins.ml2.managers [None req-c8355e6b-9a55-4798-9202-053b7e8d836a None None] Initializing driver for type 'vlan'
Feb 17 18:02:26.124333 np0000156072 devstack@neutron-api.service[103364]: INFO neutron.plugins.ml2.managers [None req-ebcc5ea6-a4ac-487f-b8d5-ecbf7cd1c69b None None] Initializing driver for type 'local'
Feb 17 18:02:26.124510 np0000156072 devstack@neutron-api.service[103364]: INFO neutron.plugins.ml2.managers [None req-ebcc5ea6-a4ac-487f-b8d5-ecbf7cd1c69b None None] Initializing driver for type 'vlan'
Feb 17 18:02:26.221607 np0000156072 devstack@neutron-api.service[103366]: INFO neutron.plugins.ml2.drivers.type_vlan [None req-9ecc51a3-9aee-4aa3-beae-24e932be90aa None None] VlanTypeDriver initialization complete
Feb 17 18:02:26.221743 np0000156072 devstack@neutron-api.service[103366]: INFO neutron.plugins.ml2.managers [None req-9ecc51a3-9aee-4aa3-beae-24e932be90aa None None] Initializing extension driver 'port_security'
Feb 17 18:02:26.221850 np0000156072 devstack@neutron-api.service[103366]: INFO neutron.plugins.ml2.extensions.port_security [None req-9ecc51a3-9aee-4aa3-beae-24e932be90aa None None] PortSecurityExtensionDriver initialization complete
Feb 17 18:02:26.221945 np0000156072 devstack@neutron-api.service[103366]: INFO neutron.plugins.ml2.managers [None req-9ecc51a3-9aee-4aa3-beae-24e932be90aa None None] Initializing extension driver 'qos'
Feb 17 18:02:26.222066 np0000156072 devstack@neutron-api.service[103366]: DEBUG neutron.plugins.ml2.extensions.qos [None req-9ecc51a3-9aee-4aa3-beae-24e932be90aa None None] QosExtensionDriver initialization complete {{(pid=103366) initialize /opt/stack/neutron/neutron/plugins/ml2/extensions/qos.py:31}}
Feb 17 18:02:26.222169 np0000156072 devstack@neutron-api.service[103366]: INFO neutron.plugins.ml2.managers [None req-9ecc51a3-9aee-4aa3-beae-24e932be90aa None None] Initializing mechanism driver 'ovn'
Feb 17 18:02:26.222303 np0000156072 devstack@neutron-api.service[103366]: INFO neutron.plugins.ml2.drivers.ovn.mech_driver.mech_driver [None req-9ecc51a3-9aee-4aa3-beae-24e932be90aa None None] Starting OVNMechanismDriver
Feb 17 18:02:26.223953 np0000156072 devstack@neutron-api.service[103366]: DEBUG neutron_lib.callbacks.manager [None req-9ecc51a3-9aee-4aa3-beae-24e932be90aa None None] Subscribe: > process before_spawn 55550000, False {{(pid=103366) subscribe /opt/stack/data/venv/lib/python3.12/site-packages/neutron_lib/callbacks/manager.py:52}}
Feb 17 18:02:26.224087 np0000156072 devstack@neutron-api.service[103366]: DEBUG neutron_lib.callbacks.manager [None req-9ecc51a3-9aee-4aa3-beae-24e932be90aa None None] Subscribe: > process after_init 55550000, True {{(pid=103366) subscribe /opt/stack/data/venv/lib/python3.12/site-packages/neutron_lib/callbacks/manager.py:52}}
Feb 17 18:02:26.224203 np0000156072 devstack@neutron-api.service[103366]: DEBUG neutron_lib.callbacks.manager [None req-9ecc51a3-9aee-4aa3-beae-24e932be90aa None None] Subscribe: > segment after_create 55550000, False {{(pid=103366) subscribe /opt/stack/data/venv/lib/python3.12/site-packages/neutron_lib/callbacks/manager.py:52}}
Feb 17 18:02:26.224313 np0000156072 devstack@neutron-api.service[103366]: DEBUG neutron_lib.callbacks.manager [None req-9ecc51a3-9aee-4aa3-beae-24e932be90aa None None] Subscribe: > segment after_create 55550000, False {{(pid=103366) subscribe /opt/stack/data/venv/lib/python3.12/site-packages/neutron_lib/callbacks/manager.py:52}}
Feb 17 18:02:26.224442 np0000156072 devstack@neutron-api.service[103366]: DEBUG neutron_lib.callbacks.manager [None req-9ecc51a3-9aee-4aa3-beae-24e932be90aa None None] Subscribe: > segment after_delete 55550000, False {{(pid=103366) subscribe /opt/stack/data/venv/lib/python3.12/site-packages/neutron_lib/callbacks/manager.py:52}}
Feb 17 18:02:26.224550 np0000156072 devstack@neutron-api.service[103366]: DEBUG neutron_lib.callbacks.manager [None req-9ecc51a3-9aee-4aa3-beae-24e932be90aa None None] Subscribe: > allowed_address_pair before_create 55550000, False {{(pid=103366) subscribe /opt/stack/data/venv/lib/python3.12/site-packages/neutron_lib/callbacks/manager.py:52}}
Feb 17 18:02:26.224661 np0000156072 devstack@neutron-api.service[103366]: DEBUG neutron_lib.callbacks.manager [None req-9ecc51a3-9aee-4aa3-beae-24e932be90aa None None] Subscribe: > security_group precommit_create 55550000, False {{(pid=103366) subscribe /opt/stack/data/venv/lib/python3.12/site-packages/neutron_lib/callbacks/manager.py:52}}
Feb 17 18:02:26.224770 np0000156072 devstack@neutron-api.service[103366]: DEBUG neutron_lib.callbacks.manager [None req-9ecc51a3-9aee-4aa3-beae-24e932be90aa None None] Subscribe: > security_group after_update 55550000, False {{(pid=103366) subscribe /opt/stack/data/venv/lib/python3.12/site-packages/neutron_lib/callbacks/manager.py:52}}
Feb 17 18:02:26.224900 np0000156072 devstack@neutron-api.service[103366]: DEBUG neutron_lib.callbacks.manager [None req-9ecc51a3-9aee-4aa3-beae-24e932be90aa None None] Subscribe: > security_group after_create 55550000, False {{(pid=103366) subscribe /opt/stack/data/venv/lib/python3.12/site-packages/neutron_lib/callbacks/manager.py:52}}
Feb 17 18:02:26.224984 np0000156072 devstack@neutron-api.service[103366]: DEBUG neutron_lib.callbacks.manager [None req-9ecc51a3-9aee-4aa3-beae-24e932be90aa None None] Subscribe: > security_group precommit_delete 55550000, False {{(pid=103366) subscribe /opt/stack/data/venv/lib/python3.12/site-packages/neutron_lib/callbacks/manager.py:52}}
Feb 17 18:02:26.225107 np0000156072 devstack@neutron-api.service[103366]: DEBUG neutron_lib.callbacks.manager [None req-9ecc51a3-9aee-4aa3-beae-24e932be90aa None None] Subscribe: > security_group after_delete 55550000, False {{(pid=103366) subscribe /opt/stack/data/venv/lib/python3.12/site-packages/neutron_lib/callbacks/manager.py:52}}
Feb 17 18:02:26.225199 np0000156072 devstack@neutron-api.service[103366]: DEBUG neutron_lib.callbacks.manager [None req-9ecc51a3-9aee-4aa3-beae-24e932be90aa None None] Subscribe: > security_group_rule precommit_create 55550000, False {{(pid=103366) subscribe /opt/stack/data/venv/lib/python3.12/site-packages/neutron_lib/callbacks/manager.py:52}}
Feb 17 18:02:26.225298 np0000156072 devstack@neutron-api.service[103366]: DEBUG neutron_lib.callbacks.manager [None req-9ecc51a3-9aee-4aa3-beae-24e932be90aa None None] Subscribe: > security_group_rule after_create 55550000, False {{(pid=103366) subscribe /opt/stack/data/venv/lib/python3.12/site-packages/neutron_lib/callbacks/manager.py:52}}
Feb 17 18:02:26.225467 np0000156072 devstack@neutron-api.service[103366]: DEBUG neutron_lib.callbacks.manager [None req-9ecc51a3-9aee-4aa3-beae-24e932be90aa None None] Subscribe: > security_group_rule before_delete 55550000, False {{(pid=103366) subscribe /opt/stack/data/venv/lib/python3.12/site-packages/neutron_lib/callbacks/manager.py:52}}
Feb 17 18:02:26.225525 np0000156072 devstack@neutron-api.service[103366]: DEBUG neutron_lib.callbacks.manager [None req-9ecc51a3-9aee-4aa3-beae-24e932be90aa None None] Subscribe: > address_group after_create 55550000, False {{(pid=103366) subscribe /opt/stack/data/venv/lib/python3.12/site-packages/neutron_lib/callbacks/manager.py:52}}
Feb 17 18:02:26.225638 np0000156072 devstack@neutron-api.service[103366]: DEBUG neutron_lib.callbacks.manager [None req-9ecc51a3-9aee-4aa3-beae-24e932be90aa None None] Subscribe: > address_group after_update 55550000, False {{(pid=103366) subscribe /opt/stack/data/venv/lib/python3.12/site-packages/neutron_lib/callbacks/manager.py:52}}
Feb 17 18:02:26.225732 np0000156072 devstack@neutron-api.service[103366]: DEBUG neutron_lib.callbacks.manager [None req-9ecc51a3-9aee-4aa3-beae-24e932be90aa None None] Subscribe: > address_group after_delete 55550000, False {{(pid=103366) subscribe /opt/stack/data/venv/lib/python3.12/site-packages/neutron_lib/callbacks/manager.py:52}}
Feb 17 18:02:26.225914 np0000156072 devstack@neutron-api.service[103366]: DEBUG neutron_lib.callbacks.manager [None req-9ecc51a3-9aee-4aa3-beae-24e932be90aa None None] Subscribe: > qos_plugin after_init 55550000, False {{(pid=103366) subscribe /opt/stack/data/venv/lib/python3.12/site-packages/neutron_lib/callbacks/manager.py:52}}
Feb 17 18:02:26.226140 np0000156072 devstack@neutron-api.service[103366]: DEBUG neutron_lib.callbacks.manager [None req-9ecc51a3-9aee-4aa3-beae-24e932be90aa None None] Subscribe: > trunk_plugin after_init 55550000, False {{(pid=103366) subscribe /opt/stack/data/venv/lib/python3.12/site-packages/neutron_lib/callbacks/manager.py:52}}
Feb 17 18:02:26.226303 np0000156072 devstack@neutron-api.service[103366]: DEBUG neutron_lib.callbacks.manager [None req-9ecc51a3-9aee-4aa3-beae-24e932be90aa None None] Subscribe: > logging-plugin after_init 55550000, False {{(pid=103366) subscribe /opt/stack/data/venv/lib/python3.12/site-packages/neutron_lib/callbacks/manager.py:52}}
Feb 17 18:02:26.226776 np0000156072 devstack@neutron-api.service[103366]: INFO neutron.services.logapi.drivers.ovn.driver [None req-9ecc51a3-9aee-4aa3-beae-24e932be90aa None None] OVN logging driver registered
Feb 17 18:02:26.228643 np0000156072 devstack@neutron-api.service[103366]: DEBUG neutron.plugins.ml2.plugin [None req-9ecc51a3-9aee-4aa3-beae-24e932be90aa None None] neutron.plugins.ml2.plugin.Ml2Plugin method _start_rpc_notifiers called with arguments () {} {{(pid=103366) wrapper /opt/stack/data/venv/lib/python3.12/site-packages/oslo_log/helpers.py:77}}
Feb 17 18:02:26.228643 np0000156072 devstack@neutron-api.service[103366]: DEBUG neutron_lib.callbacks.manager [None req-9ecc51a3-9aee-4aa3-beae-24e932be90aa None None] Subscribe: > port after_create 55550000, False {{(pid=103366) subscribe /opt/stack/data/venv/lib/python3.12/site-packages/neutron_lib/callbacks/manager.py:52}}
Feb 17 18:02:26.228643 np0000156072 devstack@neutron-api.service[103366]: DEBUG neutron_lib.callbacks.manager [None req-9ecc51a3-9aee-4aa3-beae-24e932be90aa None None] Subscribe: > port after_update 55550000, False {{(pid=103366) subscribe /opt/stack/data/venv/lib/python3.12/site-packages/neutron_lib/callbacks/manager.py:52}}
Feb 17 18:02:26.229073 np0000156072 devstack@neutron-api.service[103366]: DEBUG neutron_lib.callbacks.manager [None req-9ecc51a3-9aee-4aa3-beae-24e932be90aa None None] Subscribe: > port after_delete 55550000, False {{(pid=103366) subscribe /opt/stack/data/venv/lib/python3.12/site-packages/neutron_lib/callbacks/manager.py:52}}
Feb 17 18:02:26.229073 np0000156072 devstack@neutron-api.service[103366]: DEBUG neutron_lib.callbacks.manager [None req-9ecc51a3-9aee-4aa3-beae-24e932be90aa None None] Subscribe: > subnet after_create 55550000, False {{(pid=103366) subscribe /opt/stack/data/venv/lib/python3.12/site-packages/neutron_lib/callbacks/manager.py:52}}
Feb 17 18:02:26.229073 np0000156072 devstack@neutron-api.service[103366]: DEBUG neutron_lib.callbacks.manager [None req-9ecc51a3-9aee-4aa3-beae-24e932be90aa None None] Subscribe: > subnet after_update 55550000, False {{(pid=103366) subscribe /opt/stack/data/venv/lib/python3.12/site-packages/neutron_lib/callbacks/manager.py:52}}
Feb 17 18:02:26.229073 np0000156072 devstack@neutron-api.service[103366]: DEBUG neutron_lib.callbacks.manager [None req-9ecc51a3-9aee-4aa3-beae-24e932be90aa None None] Subscribe: > subnet after_delete 55550000, False {{(pid=103366) subscribe /opt/stack/data/venv/lib/python3.12/site-packages/neutron_lib/callbacks/manager.py:52}}
Feb 17 18:02:26.229241 np0000156072 devstack@neutron-api.service[103366]: DEBUG neutron_lib.callbacks.manager [None req-9ecc51a3-9aee-4aa3-beae-24e932be90aa None None] Subscribe: > network after_create 55550000, False {{(pid=103366) subscribe /opt/stack/data/venv/lib/python3.12/site-packages/neutron_lib/callbacks/manager.py:52}}
Feb 17 18:02:26.229241 np0000156072 devstack@neutron-api.service[103366]: DEBUG neutron_lib.callbacks.manager [None req-9ecc51a3-9aee-4aa3-beae-24e932be90aa None None] Subscribe: > network after_update 55550000, False {{(pid=103366) subscribe /opt/stack/data/venv/lib/python3.12/site-packages/neutron_lib/callbacks/manager.py:52}}
Feb 17 18:02:26.229401 np0000156072 devstack@neutron-api.service[103366]: DEBUG neutron_lib.callbacks.manager [None req-9ecc51a3-9aee-4aa3-beae-24e932be90aa None None] Subscribe: > network after_delete 55550000, False {{(pid=103366) subscribe /opt/stack/data/venv/lib/python3.12/site-packages/neutron_lib/callbacks/manager.py:52}}
Feb 17 18:02:26.229468 np0000156072 devstack@neutron-api.service[103366]: DEBUG neutron_lib.callbacks.manager [None req-9ecc51a3-9aee-4aa3-beae-24e932be90aa None None] Subscribe: > security_group after_create 55550000, False {{(pid=103366) subscribe /opt/stack/data/venv/lib/python3.12/site-packages/neutron_lib/callbacks/manager.py:52}}
Feb 17 18:02:26.229596 np0000156072 devstack@neutron-api.service[103366]: DEBUG neutron_lib.callbacks.manager [None req-9ecc51a3-9aee-4aa3-beae-24e932be90aa None None] Subscribe: > security_group after_update 55550000, False {{(pid=103366) subscribe /opt/stack/data/venv/lib/python3.12/site-packages/neutron_lib/callbacks/manager.py:52}}
Feb 17 18:02:26.229686 np0000156072 devstack@neutron-api.service[103366]: DEBUG neutron_lib.callbacks.manager [None req-9ecc51a3-9aee-4aa3-beae-24e932be90aa None None] Subscribe: > security_group after_delete 55550000, False {{(pid=103366) subscribe /opt/stack/data/venv/lib/python3.12/site-packages/neutron_lib/callbacks/manager.py:52}}
Feb 17 18:02:26.229756 np0000156072 devstack@neutron-api.service[103366]: DEBUG neutron_lib.callbacks.manager [None req-9ecc51a3-9aee-4aa3-beae-24e932be90aa None None] Subscribe: > security_group_rule after_create 55550000, False {{(pid=103366) subscribe /opt/stack/data/venv/lib/python3.12/site-packages/neutron_lib/callbacks/manager.py:52}}
Feb 17 18:02:26.229856 np0000156072 devstack@neutron-api.service[103366]: DEBUG neutron_lib.callbacks.manager [None req-9ecc51a3-9aee-4aa3-beae-24e932be90aa None None] Subscribe: > security_group_rule after_update 55550000, False {{(pid=103366) subscribe /opt/stack/data/venv/lib/python3.12/site-packages/neutron_lib/callbacks/manager.py:52}}
Feb 17 18:02:26.229962 np0000156072 devstack@neutron-api.service[103366]: DEBUG neutron_lib.callbacks.manager [None req-9ecc51a3-9aee-4aa3-beae-24e932be90aa None None] Subscribe: > security_group_rule after_delete 55550000, False {{(pid=103366) subscribe /opt/stack/data/venv/lib/python3.12/site-packages/neutron_lib/callbacks/manager.py:52}}
Feb 17 18:02:26.230760 np0000156072 devstack@neutron-api.service[103366]: DEBUG neutron_lib.callbacks.manager [None req-9ecc51a3-9aee-4aa3-beae-24e932be90aa None None] Subscribe: > address_group after_create 55550000, False {{(pid=103366) subscribe /opt/stack/data/venv/lib/python3.12/site-packages/neutron_lib/callbacks/manager.py:52}}
Feb 17 18:02:26.230760 np0000156072 devstack@neutron-api.service[103366]: DEBUG neutron_lib.callbacks.manager [None req-9ecc51a3-9aee-4aa3-beae-24e932be90aa None None] Subscribe: > address_group after_update 55550000, False {{(pid=103366) subscribe /opt/stack/data/venv/lib/python3.12/site-packages/neutron_lib/callbacks/manager.py:52}}
Feb 17 18:02:26.230760 np0000156072 devstack@neutron-api.service[103366]: DEBUG neutron_lib.callbacks.manager [None req-9ecc51a3-9aee-4aa3-beae-24e932be90aa None None] Subscribe: > address_group after_delete 55550000, False {{(pid=103366) subscribe /opt/stack/data/venv/lib/python3.12/site-packages/neutron_lib/callbacks/manager.py:52}}
Feb 17 18:02:26.230760 np0000156072 devstack@neutron-api.service[103366]: DEBUG neutron.plugins.ml2.ovo_rpc [None req-9ecc51a3-9aee-4aa3-beae-24e932be90aa None None] ML2 OVO RPC backend initialized. {{(pid=103366) __init__ /opt/stack/neutron/neutron/plugins/ml2/ovo_rpc.py:117}}
Feb 17 18:02:26.231124 np0000156072 devstack@neutron-api.service[103366]: INFO neutron.quota [None req-9ecc51a3-9aee-4aa3-beae-24e932be90aa None None] Loaded quota_driver: .
Feb 17 18:02:26.231232 np0000156072 devstack@neutron-api.service[103366]: INFO neutron.plugins.ml2.plugin [None req-9ecc51a3-9aee-4aa3-beae-24e932be90aa None None] Modular L2 Plugin initialization complete
Feb 17 18:02:26.231368 np0000156072 devstack@neutron-api.service[103366]: DEBUG neutron.manager [None req-9ecc51a3-9aee-4aa3-beae-24e932be90aa None None] Loading services supported by the core plugin {{(pid=103366) _load_services_from_core_plugin /opt/stack/neutron/neutron/manager.py:169}}
Feb 17 18:02:26.231500 np0000156072 devstack@neutron-api.service[103366]: INFO neutron.plugins.ml2.managers [None req-9ecc51a3-9aee-4aa3-beae-24e932be90aa None None] Got port-security extension from driver 'port_security'
Feb 17 18:02:26.231759 np0000156072 devstack@neutron-api.service[103366]: DEBUG neutron.manager [None req-9ecc51a3-9aee-4aa3-beae-24e932be90aa None None] Loading service plugins: ['ovn-router', 'auto_allocate', 'tag', 'timestamp', 'network_ip_availability', 'flavors', 'revisions'] {{(pid=103366) _load_service_plugins /opt/stack/neutron/neutron/manager.py:194}}
Feb 17 18:02:26.231851 np0000156072 devstack@neutron-api.service[103366]: INFO neutron.manager [None req-9ecc51a3-9aee-4aa3-beae-24e932be90aa None None] Loading Plugin: ovn-router
Feb 17 18:02:26.240589 np0000156072 devstack@neutron-api.service[103366]: DEBUG neutron_lib.callbacks.manager [None req-9ecc51a3-9aee-4aa3-beae-24e932be90aa None None] Subscribe: > router before_delete 55550000, False {{(pid=103366) subscribe /opt/stack/data/venv/lib/python3.12/site-packages/neutron_lib/callbacks/manager.py:52}}
Feb 17 18:02:26.240752 np0000156072 devstack@neutron-api.service[103366]: DEBUG neutron_lib.callbacks.manager [None req-9ecc51a3-9aee-4aa3-beae-24e932be90aa None None] Subscribe: port after_update 55550000, False {{(pid=103366) subscribe /opt/stack/data/venv/lib/python3.12/site-packages/neutron_lib/callbacks/manager.py:52}}
Feb 17 18:02:26.240784 np0000156072 devstack@neutron-api.service[103363]: INFO neutron.plugins.ml2.drivers.type_vlan [None req-c8355e6b-9a55-4798-9202-053b7e8d836a None None] VlanTypeDriver initialization complete
Feb 17 18:02:26.240979 np0000156072 devstack@neutron-api.service[103366]: DEBUG neutron_lib.callbacks.manager [None req-9ecc51a3-9aee-4aa3-beae-24e932be90aa None None] Subscribe: port after_delete 55550000, False {{(pid=103366) subscribe /opt/stack/data/venv/lib/python3.12/site-packages/neutron_lib/callbacks/manager.py:52}}
Feb 17 18:02:26.241055 np0000156072 devstack@neutron-api.service[103363]: INFO neutron.plugins.ml2.managers [None req-c8355e6b-9a55-4798-9202-053b7e8d836a None None] Initializing extension driver 'port_security'
Feb 17 18:02:26.241055 np0000156072 devstack@neutron-api.service[103363]: INFO neutron.plugins.ml2.extensions.port_security [None req-c8355e6b-9a55-4798-9202-053b7e8d836a None None] PortSecurityExtensionDriver initialization complete
Feb 17 18:02:26.241168 np0000156072 devstack@neutron-api.service[103366]: DEBUG neutron_lib.callbacks.manager [None req-9ecc51a3-9aee-4aa3-beae-24e932be90aa None None] Subscribe: subnet after_update 55550000, False {{(pid=103366) subscribe /opt/stack/data/venv/lib/python3.12/site-packages/neutron_lib/callbacks/manager.py:52}}
Feb 17 18:02:26.241205 np0000156072 devstack@neutron-api.service[103363]: INFO neutron.plugins.ml2.managers [None req-c8355e6b-9a55-4798-9202-053b7e8d836a None None] Initializing extension driver 'qos'
Feb 17 18:02:26.241236 np0000156072 devstack@neutron-api.service[103366]: DEBUG neutron_lib.callbacks.manager [None req-9ecc51a3-9aee-4aa3-beae-24e932be90aa None None] Subscribe: subnetpool_address_scope after_update 55550000, False {{(pid=103366) subscribe /opt/stack/data/venv/lib/python3.12/site-packages/neutron_lib/callbacks/manager.py:52}}
Feb 17 18:02:26.241265 np0000156072 devstack@neutron-api.service[103363]: DEBUG neutron.plugins.ml2.extensions.qos [None req-c8355e6b-9a55-4798-9202-053b7e8d836a None None] QosExtensionDriver initialization complete {{(pid=103363) initialize /opt/stack/neutron/neutron/plugins/ml2/extensions/qos.py:31}}
Feb 17 18:02:26.241304 np0000156072 devstack@neutron-api.service[103366]: DEBUG neutron_lib.callbacks.manager [None req-9ecc51a3-9aee-4aa3-beae-24e932be90aa None None] Subscribe: port before_update 55550000, False {{(pid=103366) subscribe /opt/stack/data/venv/lib/python3.12/site-packages/neutron_lib/callbacks/manager.py:52}}
Feb 17 18:02:26.241385 np0000156072 devstack@neutron-api.service[103363]: INFO neutron.plugins.ml2.managers [None req-c8355e6b-9a55-4798-9202-053b7e8d836a None None] Initializing mechanism driver 'ovn'
Feb 17 18:02:26.241438 np0000156072 devstack@neutron-api.service[103366]: DEBUG neutron_lib.callbacks.manager [None req-9ecc51a3-9aee-4aa3-beae-24e932be90aa None None] Subscribe: port after_update 55550000, False {{(pid=103366) subscribe /opt/stack/data/venv/lib/python3.12/site-packages/neutron_lib/callbacks/manager.py:52}}
Feb 17 18:02:26.241472 np0000156072 devstack@neutron-api.service[103363]: INFO neutron.plugins.ml2.drivers.ovn.mech_driver.mech_driver [None req-c8355e6b-9a55-4798-9202-053b7e8d836a None None] Starting OVNMechanismDriver
Feb 17 18:02:26.241531 np0000156072 devstack@neutron-api.service[103366]: DEBUG neutron_lib.callbacks.manager [None req-9ecc51a3-9aee-4aa3-beae-24e932be90aa None None] Subscribe: > port precommit_delete 55550000, False {{(pid=103366) subscribe /opt/stack/data/venv/lib/python3.12/site-packages/neutron_lib/callbacks/manager.py:52}}
Feb 17 18:02:26.241531 np0000156072 devstack@neutron-api.service[103366]: DEBUG neutron_lib.callbacks.manager [None req-9ecc51a3-9aee-4aa3-beae-24e932be90aa None None] Subscribe: port before_update 55550000, False {{(pid=103366) subscribe /opt/stack/data/venv/lib/python3.12/site-packages/neutron_lib/callbacks/manager.py:52}}
Feb 17 18:02:26.241633 np0000156072 devstack@neutron-api.service[103366]: DEBUG neutron_lib.callbacks.manager [None req-9ecc51a3-9aee-4aa3-beae-24e932be90aa None None] Subscribe: port before_delete 55550000, False {{(pid=103366) subscribe /opt/stack/data/venv/lib/python3.12/site-packages/neutron_lib/callbacks/manager.py:52}}
Feb 17 18:02:26.241731 np0000156072 devstack@neutron-api.service[103366]: DEBUG neutron_lib.callbacks.manager [None req-9ecc51a3-9aee-4aa3-beae-24e932be90aa None None] Subscribe: > router precommit_create 55550000, False {{(pid=103366) subscribe /opt/stack/data/venv/lib/python3.12/site-packages/neutron_lib/callbacks/manager.py:52}}
Feb 17 18:02:26.241833 np0000156072 devstack@neutron-api.service[103366]: DEBUG neutron_lib.callbacks.manager [None req-9ecc51a3-9aee-4aa3-beae-24e932be90aa None None] Subscribe: > router precommit_create 55550000, False {{(pid=103366) subscribe /opt/stack/data/venv/lib/python3.12/site-packages/neutron_lib/callbacks/manager.py:52}}
Feb 17 18:02:26.241933 np0000156072 devstack@neutron-api.service[103366]: DEBUG neutron_lib.callbacks.manager [None req-9ecc51a3-9aee-4aa3-beae-24e932be90aa None None] Subscribe: > router precommit_update 55550000, False {{(pid=103366) subscribe /opt/stack/data/venv/lib/python3.12/site-packages/neutron_lib/callbacks/manager.py:52}}
Feb 17 18:02:26.242042 np0000156072 devstack@neutron-api.service[103366]: DEBUG neutron_lib.callbacks.manager [None req-9ecc51a3-9aee-4aa3-beae-24e932be90aa None None] Subscribe: subnet after_update 55550000, False {{(pid=103366) subscribe /opt/stack/data/venv/lib/python3.12/site-packages/neutron_lib/callbacks/manager.py:52}}
Feb 17 18:02:26.243680 np0000156072 devstack@neutron-api.service[103366]: DEBUG neutron.quota.resource_registry [None req-9ecc51a3-9aee-4aa3-beae-24e932be90aa None None] Tracking information for resource: router configured {{(pid=103366) set_tracked_resource /opt/stack/neutron/neutron/quota/resource_registry.py:203}}
Feb 17 18:02:26.243680 np0000156072 devstack@neutron-api.service[103366]: DEBUG neutron.quota.resource_registry [None req-9ecc51a3-9aee-4aa3-beae-24e932be90aa None None] Tracking information for resource: floatingip configured {{(pid=103366) set_tracked_resource /opt/stack/neutron/neutron/quota/resource_registry.py:203}}
Feb 17 18:02:26.243680 np0000156072 devstack@neutron-api.service[103366]: INFO neutron.services.ovn_l3.plugin [None req-9ecc51a3-9aee-4aa3-beae-24e932be90aa None None] Starting OVNL3RouterPlugin
Feb 17 18:02:26.243905 np0000156072 devstack@neutron-api.service[103363]: DEBUG neutron_lib.callbacks.manager [None req-c8355e6b-9a55-4798-9202-053b7e8d836a None None] Subscribe: > process before_spawn 55550000, False {{(pid=103363) subscribe /opt/stack/data/venv/lib/python3.12/site-packages/neutron_lib/callbacks/manager.py:52}}
Feb 17 18:02:26.243905 np0000156072 devstack@neutron-api.service[103363]: DEBUG neutron_lib.callbacks.manager [None req-c8355e6b-9a55-4798-9202-053b7e8d836a None None] Subscribe: > process after_init 55550000, True {{(pid=103363) subscribe /opt/stack/data/venv/lib/python3.12/site-packages/neutron_lib/callbacks/manager.py:52}}
Feb 17 18:02:26.244067 np0000156072 devstack@neutron-api.service[103366]: DEBUG neutron_lib.callbacks.manager [None req-9ecc51a3-9aee-4aa3-beae-24e932be90aa None None] Subscribe: > port_forwarding_plugin after_init 55550000, False {{(pid=103366) subscribe /opt/stack/data/venv/lib/python3.12/site-packages/neutron_lib/callbacks/manager.py:52}}
Feb 17 18:02:26.244158 np0000156072 devstack@neutron-api.service[103363]: DEBUG neutron_lib.callbacks.manager [None req-c8355e6b-9a55-4798-9202-053b7e8d836a None None] Subscribe: > segment after_create 55550000, False {{(pid=103363) subscribe /opt/stack/data/venv/lib/python3.12/site-packages/neutron_lib/callbacks/manager.py:52}}
Feb 17 18:02:26.244158 np0000156072 devstack@neutron-api.service[103363]: DEBUG neutron_lib.callbacks.manager [None req-c8355e6b-9a55-4798-9202-053b7e8d836a None None] Subscribe: > segment after_create 55550000, False {{(pid=103363) subscribe /opt/stack/data/venv/lib/python3.12/site-packages/neutron_lib/callbacks/manager.py:52}}
Feb 17 18:02:26.244244 np0000156072 devstack@neutron-api.service[103366]: DEBUG neutron_lib.callbacks.manager [None req-9ecc51a3-9aee-4aa3-beae-24e932be90aa None None] Subscribe: > router before_create 55550100, False {{(pid=103366) subscribe /opt/stack/data/venv/lib/python3.12/site-packages/neutron_lib/callbacks/manager.py:52}}
Feb 17 18:02:26.244329 np0000156072 devstack@neutron-api.service[103363]: DEBUG neutron_lib.callbacks.manager [None req-c8355e6b-9a55-4798-9202-053b7e8d836a None None] Subscribe: > segment after_delete 55550000, False {{(pid=103363) subscribe /opt/stack/data/venv/lib/python3.12/site-packages/neutron_lib/callbacks/manager.py:52}}
Feb 17 18:02:26.244380 np0000156072 devstack@neutron-api.service[103366]: DEBUG neutron_lib.callbacks.manager [None req-9ecc51a3-9aee-4aa3-beae-24e932be90aa None None] Subscribe: > router precommit_delete 55550100, False {{(pid=103366) subscribe /opt/stack/data/venv/lib/python3.12/site-packages/neutron_lib/callbacks/manager.py:52}}
Feb 17 18:02:26.244532 np0000156072 devstack@neutron-api.service[103363]: DEBUG neutron_lib.callbacks.manager [None req-c8355e6b-9a55-4798-9202-053b7e8d836a None None] Subscribe: > allowed_address_pair before_create 55550000, False {{(pid=103363) subscribe /opt/stack/data/venv/lib/python3.12/site-packages/neutron_lib/callbacks/manager.py:52}}
Feb 17 18:02:26.244577 np0000156072 devstack@neutron-api.service[103366]: DEBUG neutron_lib.callbacks.manager [None req-9ecc51a3-9aee-4aa3-beae-24e932be90aa None None] Subscribe: > router precommit_create 55550100, False {{(pid=103366) subscribe /opt/stack/data/venv/lib/python3.12/site-packages/neutron_lib/callbacks/manager.py:52}}
Feb 17 18:02:26.244618 np0000156072 devstack@neutron-api.service[103363]: DEBUG neutron_lib.callbacks.manager [None req-c8355e6b-9a55-4798-9202-053b7e8d836a None None] Subscribe: > security_group precommit_create 55550000, False {{(pid=103363) subscribe /opt/stack/data/venv/lib/python3.12/site-packages/neutron_lib/callbacks/manager.py:52}}
Feb 17 18:02:26.244709 np0000156072 devstack@neutron-api.service[103366]: DEBUG neutron_lib.callbacks.manager [None req-9ecc51a3-9aee-4aa3-beae-24e932be90aa None None] Subscribe: > router precommit_update 55550100, False {{(pid=103366) subscribe /opt/stack/data/venv/lib/python3.12/site-packages/neutron_lib/callbacks/manager.py:52}}
Feb 17 18:02:26.244759 np0000156072 devstack@neutron-api.service[103363]: DEBUG neutron_lib.callbacks.manager [None req-c8355e6b-9a55-4798-9202-053b7e8d836a None None] Subscribe: > security_group after_update 55550000, False {{(pid=103363) subscribe /opt/stack/data/venv/lib/python3.12/site-packages/neutron_lib/callbacks/manager.py:52}}
Feb 17 18:02:26.244759 np0000156072 devstack@neutron-api.service[103363]: DEBUG neutron_lib.callbacks.manager [None req-c8355e6b-9a55-4798-9202-053b7e8d836a None None] Subscribe: > security_group after_create 55550000, False {{(pid=103363) subscribe /opt/stack/data/venv/lib/python3.12/site-packages/neutron_lib/callbacks/manager.py:52}}
