2026-03-03 21:22:23.361 8 INFO placement.requestlog [None req-3b620f9d-56f7-4f2d-a680-4c6fa7367ff7 395dc7a59c314bb79457bdbac65393db 02a046f4b6024fd3bcf47ec0e295fed5 - - ffc9904f461146ecaa6f6944e2635212 ffc9904f461146ecaa6f6944e2635212] 10.0.0.57 "DELETE /resource_providers/7aac86c2-b4ac-41de-8e7c-57508e92aba6" status: 404 len: 246 microversion: 1.1 [pid: 8|app: 0|req: 603/1208] 10.0.0.57 () {34 vars in 815 bytes} [Tue Mar 3 21:22:23 2026] DELETE /resource_providers/7aac86c2-b4ac-41de-8e7c-57508e92aba6 => generated 246 bytes in 9 msecs (HTTP/1.1 404) 6 headers in 231 bytes (1 switches on core 0)
2026-03-03 21:22:24.914 7 INFO placement.requestlog [None req-863aa743-d8a8-4e54-9f05-71fdf0fccdf6 - - - - - -] 10.0.0.241 "GET /" status: 200 len: 136 microversion: 1.0
2026-03-03 21:22:24.916 8 INFO placement.requestlog [None req-2b7257b7-c59d-45dd-bab9-ff5444ca3804 - - - - - -] 10.0.0.241 "GET /" status: 200 len: 136 microversion: 1.0
2026-03-03 21:22:27.125 8 INFO placement.requestlog [None req-97fdb350-2e47-43cb-90b1-7ae6acccc5df 395dc7a59c314bb79457bdbac65393db 02a046f4b6024fd3bcf47ec0e295fed5 - - ffc9904f461146ecaa6f6944e2635212 ffc9904f461146ecaa6f6944e2635212] 10.0.0.57 "GET /resource_providers/35e73550-64e8-4bcc-aafe-d7dc6324590c/aggregates" status: 404 len: 235 microversion: 1.1 [pid: 8|app: 0|req: 605/1211] 10.0.0.57 () {32 vars in 815 bytes} [Tue Mar 3 21:22:27 2026] GET /resource_providers/35e73550-64e8-4bcc-aafe-d7dc6324590c/aggregates => generated 235 bytes in 14 msecs (HTTP/1.1 404) 5 headers in 202 bytes (1 switches on core 0)
2026-03-03 21:22:27.127 7 INFO placement.requestlog [None req-61c40b9e-9e49-4df4-8028-dd2994ce1ab1 395dc7a59c314bb79457bdbac65393db 02a046f4b6024fd3bcf47ec0e295fed5 - - ffc9904f461146ecaa6f6944e2635212 ffc9904f461146ecaa6f6944e2635212] 10.0.0.57 "GET /resource_providers/35e73550-64e8-4bcc-aafe-d7dc6324590c/aggregates" status: 404 len: 235 microversion: 1.1 [pid: 7|app: 0|req: 607/1212] 10.0.0.57 () {32 vars in 815 bytes} [Tue Mar 3 21:22:27 2026] GET /resource_providers/35e73550-64e8-4bcc-aafe-d7dc6324590c/aggregates => generated 235 bytes in 14 msecs (HTTP/1.1 404) 5 headers in 202 bytes (1 switches on core 0)
2026-03-03 21:22:27.149 7 INFO placement.requestlog [None req-e6a555a6-f678-46a1-9f81-c215e1a07149 395dc7a59c314bb79457bdbac65393db 02a046f4b6024fd3bcf47ec0e295fed5 - - ffc9904f461146ecaa6f6944e2635212 ffc9904f461146ecaa6f6944e2635212] 10.0.0.57 "DELETE /resource_providers/35e73550-64e8-4bcc-aafe-d7dc6324590c" status: 404 len: 246 microversion: 1.1 [pid: 7|app: 0|req: 608/1213] 10.0.0.57 () {34 vars in 815 bytes} [Tue Mar 3 21:22:27 2026] DELETE /resource_providers/35e73550-64e8-4bcc-aafe-d7dc6324590c => generated 246 bytes in 8 msecs (HTTP/1.1 404) 6 headers in 231 bytes (1 switches on core 0)
2026-03-03 21:22:27.151 8 INFO placement.requestlog [None req-d10dcab1-6395-4bd7-8a5c-5e0f7745aa2b 395dc7a59c314bb79457bdbac65393db 02a046f4b6024fd3bcf47ec0e295fed5 - - ffc9904f461146ecaa6f6944e2635212 ffc9904f461146ecaa6f6944e2635212] 10.0.0.57 "DELETE /resource_providers/35e73550-64e8-4bcc-aafe-d7dc6324590c" status: 404 len: 246 microversion: 1.1 [pid: 8|app: 0|req: 606/1214] 10.0.0.57 () {34 vars in 815 bytes} [Tue Mar 3 21:22:27 2026] DELETE /resource_providers/35e73550-64e8-4bcc-aafe-d7dc6324590c => generated 246 bytes in 15 msecs (HTTP/1.1 404) 6 headers in 231 bytes (1 switches on core 0)
2026-03-03 21:22:33.559 7 INFO placement.requestlog [None req-496b7982-60a3-4ab8-a5b4-03970ea2ac82 395dc7a59c314bb79457bdbac65393db 02a046f4b6024fd3bcf47ec0e295fed5 - - ffc9904f461146ecaa6f6944e2635212 ffc9904f461146ecaa6f6944e2635212] 10.0.0.57 "GET /resource_providers/609e9281-05c5-4d29-af4f-0715ebffa679/aggregates" status: 404 len: 235 microversion: 1.1 [pid: 7|app: 0|req: 609/1215] 10.0.0.57 () {32 vars in 815 bytes} [Tue Mar 3 21:22:33 2026] GET /resource_providers/609e9281-05c5-4d29-af4f-0715ebffa679/aggregates => generated 235 bytes in 8 msecs (HTTP/1.1 404) 5 headers in 202 bytes (1 switches on core 0)
2026-03-03 21:22:33.574 7 INFO placement.requestlog [None req-a7a4992f-41c7-4607-be1a-dc57c452a9cf 395dc7a59c314bb79457bdbac65393db 02a046f4b6024fd3bcf47ec0e295fed5 - - ffc9904f461146ecaa6f6944e2635212 ffc9904f461146ecaa6f6944e2635212] 10.0.0.57 "DELETE /resource_providers/609e9281-05c5-4d29-af4f-0715ebffa679" status: 404 len: 246 microversion: 1.1 [pid: 7|app: 0|req: 610/1216] 10.0.0.57 () {34 vars in 815 bytes} [Tue Mar 3 21:22:33 2026] DELETE /resource_providers/609e9281-05c5-4d29-af4f-0715ebffa679 => generated 246 bytes in 7 msecs (HTTP/1.1 404) 6 headers in 231 bytes (1 switches on core 0)
2026-03-03 21:22:33.576 8 INFO placement.requestlog [None req-c477aa19-bf80-4a1f-b5e5-a00960dd5781 395dc7a59c314bb79457bdbac65393db 02a046f4b6024fd3bcf47ec0e295fed5 - - ffc9904f461146ecaa6f6944e2635212 ffc9904f461146ecaa6f6944e2635212] 10.0.0.57 "GET /resource_providers/609e9281-05c5-4d29-af4f-0715ebffa679/aggregates" status: 404 len: 235 microversion: 1.1 [pid: 8|app: 0|req: 607/1217] 10.0.0.57 () {32 vars in 815 bytes} [Tue Mar 3 21:22:33 2026] GET /resource_providers/609e9281-05c5-4d29-af4f-0715ebffa679/aggregates => generated 235 bytes in 19 msecs (HTTP/1.1 404) 5 headers in 202 bytes (1 switches on core 0)
2026-03-03 21:22:33.590 7 INFO placement.requestlog [None req-b4b4e234-cc34-45f2-b8fe-a180dba25451 395dc7a59c314bb79457bdbac65393db 02a046f4b6024fd3bcf47ec0e295fed5 - - ffc9904f461146ecaa6f6944e2635212 ffc9904f461146ecaa6f6944e2635212] 10.0.0.57 "DELETE /resource_providers/609e9281-05c5-4d29-af4f-0715ebffa679" status: 404 len: 246 microversion: 1.1 [pid: 7|app: 0|req: 611/1218] 10.0.0.57 () {34 vars in 815 bytes} [Tue Mar 3 21:22:33 2026] DELETE /resource_providers/609e9281-05c5-4d29-af4f-0715ebffa679 => generated 246 bytes in 6 msecs (HTTP/1.1 404) 6 headers in 231 bytes (1 switches on core 0)
2026-03-03 21:22:34.914 8 INFO placement.requestlog [None req-4a155856-6d61-4ee9-8bf6-368875ee03cb - - - - - -] 10.0.0.241 "GET /" status: 200 len: 136 microversion: 1.0
2026-03-03 21:22:34.915 7 INFO placement.requestlog [None req-29d7aa9b-cdd3-4cd5-bdeb-136a52ebe641 - - - - - -] 10.0.0.241 "GET /" status: 200 len: 136 microversion: 1.0
2026-03-03 21:22:41.850 8 INFO placement.requestlog [req-cb276a5a-1f37-483d-87cb-3c3d65da5fc7 req-9ec0f77d-6e55-4167-b002-f2874d601d05 9414461b579c4099bb7e3762d70dd7a8 02a046f4b6024fd3bcf47ec0e295fed5 - - ffc9904f461146ecaa6f6944e2635212 ffc9904f461146ecaa6f6944e2635212] 10.0.0.108 "GET /allocation_candidates?limit=1000&resources=DISK_GB%3A1%2CMEMORY_MB%3A512%2CVCPU%3A1&root_required=%21COMPUTE_STATUS_DISABLED" status: 200 len: 2781 microversion: 1.36 [pid: 8|app: 0|req: 609/1221] 10.0.0.108 () {34 vars in 1012 bytes} [Tue Mar 3 21:22:41 2026] GET /allocation_candidates?limit=1000&resources=DISK_GB%3A1%2CMEMORY_MB%3A512%2CVCPU%3A1&root_required=%21COMPUTE_STATUS_DISABLED => generated 2781 bytes in 43 msecs (HTTP/1.1 200) 8 headers in 297 bytes (1 switches on core 0)
2026-03-03 21:22:41.879 7 INFO placement.requestlog [req-cb276a5a-1f37-483d-87cb-3c3d65da5fc7 req-0d4aa84a-c5d6-4735-8bfe-18ecb2504ba5 9414461b579c4099bb7e3762d70dd7a8 02a046f4b6024fd3bcf47ec0e295fed5 - - ffc9904f461146ecaa6f6944e2635212 ffc9904f461146ecaa6f6944e2635212] 10.0.0.108 "GET /allocations/4dcb908e-6e1e-4dce-9709-e4d21d4a6b52" status: 200 len: 19 microversion: 1.28 [pid: 7|app: 0|req: 613/1222] 10.0.0.108 () {34 vars in 861 bytes} [Tue Mar 3 21:22:41 2026] GET /allocations/4dcb908e-6e1e-4dce-9709-e4d21d4a6b52 => generated 19 bytes in 13 msecs (HTTP/1.1 200) 8 headers in 295 bytes (1 switches on core 0)
2026-03-03 21:22:41.943 8 INFO placement.requestlog [req-cb276a5a-1f37-483d-87cb-3c3d65da5fc7 req-b186e770-f00d-480e-b5b1-52c9d74d9ab2 9414461b579c4099bb7e3762d70dd7a8 02a046f4b6024fd3bcf47ec0e295fed5 - - ffc9904f461146ecaa6f6944e2635212 ffc9904f461146ecaa6f6944e2635212] 10.0.0.108 "PUT /allocations/4dcb908e-6e1e-4dce-9709-e4d21d4a6b52" status: 204 len: 0 microversion: 1.36 [pid: 8|app: 0|req: 610/1223] 10.0.0.108 () {38 vars in 914 bytes} [Tue Mar 3 21:22:41 2026] PUT /allocations/4dcb908e-6e1e-4dce-9709-e4d21d4a6b52 => generated 0 bytes in 58 msecs (HTTP/1.1 204) 5 headers in 199 bytes (1 switches on core 0)
2026-03-03 21:22:43.465 7 INFO placement.requestlog [req-cb276a5a-1f37-483d-87cb-3c3d65da5fc7 req-cb0cf538-90bc-40eb-a37e-ff389aa49a1f 9414461b579c4099bb7e3762d70dd7a8 02a046f4b6024fd3bcf47ec0e295fed5 - - ffc9904f461146ecaa6f6944e2635212 ffc9904f461146ecaa6f6944e2635212] 162.253.55.195 "GET /allocations/4dcb908e-6e1e-4dce-9709-e4d21d4a6b52" status: 200 len: 258 microversion: 1.28 [pid: 7|app: 0|req: 614/1224] 162.253.55.195 () {34 vars in 863 bytes} [Tue Mar 3 21:22:43 2026] GET /allocations/4dcb908e-6e1e-4dce-9709-e4d21d4a6b52 => generated 258 bytes in 25 msecs (HTTP/1.1 200) 8 headers in 296 bytes (1 switches on core 0)
2026-03-03 21:22:44.511 8 INFO placement.requestlog [req-cb276a5a-1f37-483d-87cb-3c3d65da5fc7 req-85de0bce-23eb-4b03-a05f-a82cfa315b3a 9414461b579c4099bb7e3762d70dd7a8 02a046f4b6024fd3bcf47ec0e295fed5 - - ffc9904f461146ecaa6f6944e2635212 ffc9904f461146ecaa6f6944e2635212] 162.253.55.195 "GET /resource_providers/3489b571-9698-456f-84ac-70270fc76ee7/allocations" status: 200 len: 153 microversion: 1.0 [pid: 8|app: 0|req: 611/1225] 162.253.55.195 () {32 vars in 857 bytes} [Tue Mar 3 21:22:44 2026] GET /resource_providers/3489b571-9698-456f-84ac-70270fc76ee7/allocations => generated 153 bytes in 20 msecs (HTTP/1.1 200) 6 headers in 224 bytes (1 switches on core 0)
2026-03-03 21:22:44.531 7 INFO placement.requestlog [req-cb276a5a-1f37-483d-87cb-3c3d65da5fc7 req-033fb71a-f94a-4b33-9f16-5da509dbe8f1 9414461b579c4099bb7e3762d70dd7a8 02a046f4b6024fd3bcf47ec0e295fed5 - - ffc9904f461146ecaa6f6944e2635212 ffc9904f461146ecaa6f6944e2635212] 162.253.55.195 "GET /allocations/4dcb908e-6e1e-4dce-9709-e4d21d4a6b52" status: 200 len: 258 microversion: 1.28 [pid: 7|app: 0|req: 615/1226] 162.253.55.195 () {34 vars in 863 bytes} [Tue Mar 3 21:22:44 2026] GET /allocations/4dcb908e-6e1e-4dce-9709-e4d21d4a6b52 => generated 258 bytes in 15 msecs (HTTP/1.1 200) 8 headers in 296 bytes (1 switches on core 0)
2026-03-03 21:22:44.914 7 INFO placement.requestlog [None req-7803785f-5e38-4229-8279-245446f42e3c - - - - - -] 10.0.0.241 "GET /" status: 200 len: 136 microversion: 1.0
2026-03-03 21:22:44.914 8 INFO placement.requestlog [None req-dda31e46-5546-4f52-a77b-dbd368dd2b7c - - - - - -] 10.0.0.241 "GET /" status: 200 len: 136 microversion: 1.0
2026-03-03 21:22:53.704 8 INFO placement.requestlog [None req-a407d526-2412-47a3-826a-cb659fcbe173 18235b92a4f1410089d0ef5c0f8e72fe 367f2f17fb7d4e65be6852aa3ffe1669 - - default default] 10.0.0.172 "GET /resource_providers" status: 200 len: 406 microversion: 1.0 [pid: 8|app: 0|req: 613/1229] 10.0.0.172 () {28 vars in 593 bytes} [Tue Mar 3 21:22:53 2026] GET /resource_providers => generated 406 bytes in 159 msecs (HTTP/1.1 200) 6 headers in 224 bytes (1 switches on core 0)
2026-03-03 21:22:53.720 7 INFO placement.requestlog [None req-e2975d22-caed-4c3e-8a55-527fcbb1e37f 18235b92a4f1410089d0ef5c0f8e72fe 367f2f17fb7d4e65be6852aa3ffe1669 - - default default] 10.0.0.172 "GET /resource_providers/3489b571-9698-456f-84ac-70270fc76ee7/inventories" status: 200 len: 401 microversion: 1.0 [pid: 7|app: 0|req: 617/1230] 10.0.0.172 () {28 vars in 691 bytes} [Tue Mar 3 21:22:53 2026] GET /resource_providers/3489b571-9698-456f-84ac-70270fc76ee7/inventories => generated 401 bytes in 11 msecs (HTTP/1.1 200) 6 headers in 224 bytes (1 switches on core 0)
2026-03-03 21:22:53.747 8 INFO placement.requestlog [None req-d2f84424-f79f-44db-98b9-7ed420514701 18235b92a4f1410089d0ef5c0f8e72fe 367f2f17fb7d4e65be6852aa3ffe1669 - - default default] 10.0.0.172 "GET /resource_providers/3489b571-9698-456f-84ac-70270fc76ee7/usages" status: 200 len: 91 microversion: 1.0 [pid: 8|app: 0|req: 614/1231] 10.0.0.172 () {28 vars in 681 bytes} [Tue Mar 3 21:22:53 2026] GET /resource_providers/3489b571-9698-456f-84ac-70270fc76ee7/usages => generated 91 bytes in 21 msecs (HTTP/1.1 200) 6 headers in 223 bytes (1 switches on core 0)
2026-03-03 21:22:54.914 7 INFO placement.requestlog [None req-f535f382-f7c2-4707-91ad-a5272cf37af9 - - - - - -] 10.0.0.241 "GET /" status: 200 len: 136 microversion: 1.0
2026-03-03 21:22:54.915 8 INFO placement.requestlog [None req-6fd647ed-b539-483c-9777-c7f9f582a8c6 - - - - - -] 10.0.0.241 "GET /" status: 200 len: 136 microversion: 1.0
2026-03-03 21:22:59.237 7 INFO placement.requestlog [req-41a9dcc9-b818-4586-abfe-3e53fb9b9e28 req-50e58328-27f7-406f-9ab0-4c74986bc054 9414461b579c4099bb7e3762d70dd7a8 02a046f4b6024fd3bcf47ec0e295fed5 - - ffc9904f461146ecaa6f6944e2635212 ffc9904f461146ecaa6f6944e2635212] 10.0.0.108 "GET /allocation_candidates?limit=1000&resources=DISK_GB%3A1%2CMEMORY_MB%3A512%2CVCPU%3A1&root_required=%21COMPUTE_STATUS_DISABLED" status: 200 len: 2783 microversion: 1.36 [pid: 7|app: 0|req: 619/1234] 10.0.0.108 () {34 vars in 1012 bytes} [Tue Mar 3 21:22:59 2026] GET /allocation_candidates?limit=1000&resources=DISK_GB%3A1%2CMEMORY_MB%3A512%2CVCPU%3A1&root_required=%21COMPUTE_STATUS_DISABLED => generated 2783 bytes in 36 msecs (HTTP/1.1 200) 8 headers in 297 bytes (1 switches on core 0)
2026-03-03 21:22:59.270 8 INFO placement.requestlog [req-41a9dcc9-b818-4586-abfe-3e53fb9b9e28 req-ab015138-9f8a-4974-9ba7-230db59184f8 9414461b579c4099bb7e3762d70dd7a8 02a046f4b6024fd3bcf47ec0e295fed5 - - ffc9904f461146ecaa6f6944e2635212 ffc9904f461146ecaa6f6944e2635212] 10.0.0.108 "GET /allocations/c972a3a0-42ee-4f90-87b6-a56c1a2cebf9" status: 200 len: 19 microversion: 1.28 [pid: 8|app: 0|req: 616/1235] 10.0.0.108 () {34 vars in 861 bytes} [Tue Mar 3 21:22:59 2026] GET /allocations/c972a3a0-42ee-4f90-87b6-a56c1a2cebf9 => generated 19 bytes in 7 msecs (HTTP/1.1 200) 8 headers in 295 bytes (1 switches on core 0)
2026-03-03 21:22:59.323 7 INFO placement.requestlog [req-41a9dcc9-b818-4586-abfe-3e53fb9b9e28 req-dd18ebd6-ed3b-4b6b-8ace-50b903171c49 9414461b579c4099bb7e3762d70dd7a8 02a046f4b6024fd3bcf47ec0e295fed5 - - ffc9904f461146ecaa6f6944e2635212 ffc9904f461146ecaa6f6944e2635212] 10.0.0.108 "PUT /allocations/c972a3a0-42ee-4f90-87b6-a56c1a2cebf9" status: 204 len: 0 microversion: 1.36 [pid: 7|app: 0|req: 620/1236] 10.0.0.108 () {38 vars in 914 bytes} [Tue Mar 3 21:22:59 2026] PUT /allocations/c972a3a0-42ee-4f90-87b6-a56c1a2cebf9 => generated 0 bytes in 45 msecs (HTTP/1.1 204) 5 headers in 199 bytes (1 switches on core 0)
2026-03-03 21:23:00.874 8 INFO placement.requestlog [req-41a9dcc9-b818-4586-abfe-3e53fb9b9e28 req-bfeaa515-7ea8-4363-91cc-30cb64dc337d 9414461b579c4099bb7e3762d70dd7a8 02a046f4b6024fd3bcf47ec0e295fed5 - - ffc9904f461146ecaa6f6944e2635212 ffc9904f461146ecaa6f6944e2635212] 162.253.55.195 "GET /allocations/c972a3a0-42ee-4f90-87b6-a56c1a2cebf9" status: 200 len: 258 microversion: 1.28 [pid: 8|app: 0|req: 617/1237] 162.253.55.195 () {34 vars in 863 bytes} [Tue Mar 3 21:23:00 2026] GET /allocations/c972a3a0-42ee-4f90-87b6-a56c1a2cebf9 => generated 258 bytes in 13 msecs (HTTP/1.1 200) 8 headers in 296 bytes (1 switches on core 0)
2026-03-03 21:23:01.913 7 INFO placement.requestlog [req-41a9dcc9-b818-4586-abfe-3e53fb9b9e28 req-774f14ed-e204-48e0-b0f1-12790b4c3da7 9414461b579c4099bb7e3762d70dd7a8 02a046f4b6024fd3bcf47ec0e295fed5 - - ffc9904f461146ecaa6f6944e2635212 ffc9904f461146ecaa6f6944e2635212] 162.253.55.195 "GET /resource_providers/3489b571-9698-456f-84ac-70270fc76ee7/allocations" status: 200 len: 253 microversion: 1.0 [pid: 7|app: 0|req: 621/1238] 162.253.55.195 () {32 vars in 857 bytes} [Tue Mar 3 21:23:01 2026] GET /resource_providers/3489b571-9698-456f-84ac-70270fc76ee7/allocations => generated 253 bytes in 15 msecs (HTTP/1.1 200) 6 headers in 224 bytes (1 switches on core 0)
2026-03-03 21:23:01.935 8 INFO placement.requestlog [req-41a9dcc9-b818-4586-abfe-3e53fb9b9e28 req-49eafef0-56e3-4593-a4df-3d0098d28b04 9414461b579c4099bb7e3762d70dd7a8 02a046f4b6024fd3bcf47ec0e295fed5 - - ffc9904f461146ecaa6f6944e2635212 ffc9904f461146ecaa6f6944e2635212] 162.253.55.195 "GET /allocations/4dcb908e-6e1e-4dce-9709-e4d21d4a6b52" status: 200 len: 258 microversion: 1.28 [pid: 8|app: 0|req: 618/1239] 162.253.55.195 () {34 vars in 863 bytes} [Tue Mar 3 21:23:01 2026] GET /allocations/4dcb908e-6e1e-4dce-9709-e4d21d4a6b52 => generated 258 bytes in 13 msecs (HTTP/1.1 200) 8 headers in 296 bytes (1 switches on core 0)
2026-03-03 21:23:01.959 7 INFO placement.requestlog [req-41a9dcc9-b818-4586-abfe-3e53fb9b9e28 req-d6e59cfc-7ebc-4b15-9511-b2c19db3d105 9414461b579c4099bb7e3762d70dd7a8 02a046f4b6024fd3bcf47ec0e295fed5 - - ffc9904f461146ecaa6f6944e2635212 ffc9904f461146ecaa6f6944e2635212] 162.253.55.195 "GET /allocations/c972a3a0-42ee-4f90-87b6-a56c1a2cebf9" status: 200 len: 258 microversion: 1.28 [pid: 7|app: 0|req: 622/1240] 162.253.55.195 () {34 vars in 863 bytes} [Tue Mar 3 21:23:01 2026] GET /allocations/c972a3a0-42ee-4f90-87b6-a56c1a2cebf9 => generated 258 bytes in 16 msecs (HTTP/1.1 200) 8 headers in 296 bytes (1 switches on core 0)
2026-03-03 21:23:04.914 7 INFO placement.requestlog [None req-e7f0c650-8158-4e25-a906-0da9aba9e016 - - - - - -] 10.0.0.241 "GET /" status: 200 len: 136 microversion: 1.0
2026-03-03 21:23:04.914 8 INFO placement.requestlog [None req-11384dcf-893f-41bb-9553-b5762487301e - - - - - -] 10.0.0.241 "GET /" status: 200 len: 136 microversion: 1.0
2026-03-03 21:23:14.914 8 INFO placement.requestlog [None req-1d4f1597-3635-4da8-afce-4d30978ac26d - - - - - -] 10.0.0.241 "GET /" status: 200 len: 136 microversion: 1.0
2026-03-03 21:23:14.915 7 INFO placement.requestlog [None req-bc0ceaf6-995b-4117-9c3c-a69af31d43bf - - - - - -] 10.0.0.241 "GET /" status: 200 len: 136 microversion: 1.0
2026-03-03 21:23:17.722 8 INFO placement.requestlog [req-13cc1c1c-db8f-4315-b7e2-0bad307df40f req-01c8a0bf-2e0c-4109-8a36-32298c184d70 9414461b579c4099bb7e3762d70dd7a8 02a046f4b6024fd3bcf47ec0e295fed5 - - ffc9904f461146ecaa6f6944e2635212 ffc9904f461146ecaa6f6944e2635212] 162.253.55.195 "GET /resource_providers/3489b571-9698-456f-84ac-70270fc76ee7/allocations" status: 200 len: 253 microversion: 1.0 [pid: 8|app: 0|req: 621/1245] 162.253.55.195 () {32 vars in 857 bytes} [Tue Mar 3 21:23:17 2026] GET /resource_providers/3489b571-9698-456f-84ac-70270fc76ee7/allocations => generated 253 bytes in 21 msecs (HTTP/1.1 200) 6 headers in 224 bytes (1 switches on core 0)
2026-03-03 21:23:17.743 7 INFO placement.requestlog [req-13cc1c1c-db8f-4315-b7e2-0bad307df40f req-e595b1a7-ec98-4731-928b-e2e5f4884a62 9414461b579c4099bb7e3762d70dd7a8 02a046f4b6024fd3bcf47ec0e295fed5 - - ffc9904f461146ecaa6f6944e2635212 ffc9904f461146ecaa6f6944e2635212] 162.253.55.195 "GET /resource_providers/3489b571-9698-456f-84ac-70270fc76ee7/allocations" status: 200 len: 253 microversion: 1.0 [pid: 7|app: 0|req: 625/1246] 162.253.55.195 () {32 vars in 857 bytes} [Tue Mar 3 21:23:17 2026] GET /resource_providers/3489b571-9698-456f-84ac-70270fc76ee7/allocations => generated 253 bytes in 15 msecs (HTTP/1.1 200) 6 headers in 224 bytes (1 switches on core 0)
2026-03-03 21:23:17.761 8 INFO placement.requestlog [req-13cc1c1c-db8f-4315-b7e2-0bad307df40f req-280eddef-9cb5-498e-a56c-9a4de257bd6c 9414461b579c4099bb7e3762d70dd7a8 02a046f4b6024fd3bcf47ec0e295fed5 - - ffc9904f461146ecaa6f6944e2635212 ffc9904f461146ecaa6f6944e2635212] 162.253.55.195 "GET /allocations/4dcb908e-6e1e-4dce-9709-e4d21d4a6b52" status: 200 len: 258 microversion: 1.28 [pid: 8|app: 0|req: 622/1247] 162.253.55.195 () {34 vars in 863 bytes} [Tue Mar 3 21:23:17 2026] GET /allocations/4dcb908e-6e1e-4dce-9709-e4d21d4a6b52 => generated 258 bytes in 12 msecs (HTTP/1.1 200) 8 headers in 296 bytes (1 switches on core 0)
2026-03-03 21:23:17.778 7 INFO placement.requestlog [req-13cc1c1c-db8f-4315-b7e2-0bad307df40f req-bdfc8abb-f855-497f-9298-8424e4191d1d 9414461b579c4099bb7e3762d70dd7a8 02a046f4b6024fd3bcf47ec0e295fed5 - - ffc9904f461146ecaa6f6944e2635212 ffc9904f461146ecaa6f6944e2635212] 162.253.55.195 "GET /allocations/c972a3a0-42ee-4f90-87b6-a56c1a2cebf9" status: 200 len: 258 microversion: 1.28 [pid: 7|app: 0|req: 626/1248] 162.253.55.195 () {34 vars in 863 bytes} [Tue Mar 3 21:23:17 2026] GET /allocations/c972a3a0-42ee-4f90-87b6-a56c1a2cebf9 => generated 258 bytes in 11 msecs (HTTP/1.1 200) 8 headers in 296 bytes (1 switches on core 0)
2026-03-03 21:23:24.914 8 INFO placement.requestlog [None req-924509c1-3894-44d5-8866-39e9c7e66d96 - - - - - -] 10.0.0.241 "GET /" status: 200 len: 136 microversion: 1.0
2026-03-03 21:23:24.914 7 INFO placement.requestlog [None req-ac0e707e-4164-4515-85bb-8aceba52771b - - - - - -] 10.0.0.241 "GET /" status: 200 len: 136 microversion: 1.0
2026-03-03 21:23:34.913 8 INFO placement.requestlog [None req-bfd06539-c094-482a-aa62-340c33b17f54 - - - - - -] 10.0.0.241 "GET /" status: 200 len: 136 microversion: 1.0
2026-03-03 21:23:34.914 7 INFO placement.requestlog [None req-dbf71f92-70b1-4f49-9529-7c061c312eec - - - - - -] 10.0.0.241 "GET /" status: 200 len: 136 microversion: 1.0
2026-03-03 21:23:44.914 8 INFO placement.requestlog [None req-c3554b42-2d24-43ac-b1db-2bcfec07a25b - - - - - -] 10.0.0.241 "GET /" status: 200 len: 136 microversion: 1.0
2026-03-03 21:23:44.914 7 INFO placement.requestlog [None req-f0c6c841-7c2e-499e-b264-b394a0c44d93 - - - - - -] 10.0.0.241 "GET /" status: 200 len: 136 microversion: 1.0
2026-03-03 21:23:46.739 8 INFO placement.requestlog [req-14eb229d-242b-4175-a82f-53eeaeff2a9e req-af6f54ba-3017-4c80-bdb8-741e6142fd91 9414461b579c4099bb7e3762d70dd7a8 02a046f4b6024fd3bcf47ec0e295fed5 - - ffc9904f461146ecaa6f6944e2635212 ffc9904f461146ecaa6f6944e2635212] 10.0.0.108 "GET /allocation_candidates?limit=1000&resources=MEMORY_MB%3A2048%2CVCPU%3A2&root_required=%21COMPUTE_STATUS_DISABLED" status: 200 len: 2771 microversion: 1.36 [pid: 8|app: 0|req: 626/1255] 10.0.0.108 () {34 vars in 986 bytes} [Tue Mar 3 21:23:46 2026] GET /allocation_candidates?limit=1000&resources=MEMORY_MB%3A2048%2CVCPU%3A2&root_required=%21COMPUTE_STATUS_DISABLED => generated 2771 bytes in 77 msecs (HTTP/1.1 200) 8 headers in 297 bytes (1 switches on core 0)
2026-03-03 21:23:46.770 7 INFO placement.requestlog [req-14eb229d-242b-4175-a82f-53eeaeff2a9e req-d33a2d7f-0ccd-457b-82d4-7885d78242ac 9414461b579c4099bb7e3762d70dd7a8 02a046f4b6024fd3bcf47ec0e295fed5 - - ffc9904f461146ecaa6f6944e2635212 ffc9904f461146ecaa6f6944e2635212] 10.0.0.108 "GET /allocations/9cbf890d-dbbb-4b8a-a5fb-255a29829621" status: 200 len: 19 microversion: 1.28 [pid: 7|app: 0|req: 630/1256] 10.0.0.108 () {34 vars in 861 bytes} [Tue Mar 3 21:23:46 2026] GET /allocations/9cbf890d-dbbb-4b8a-a5fb-255a29829621 => generated 19 bytes in 8 msecs (HTTP/1.1 200) 8 headers in 295 bytes (1 switches on core 0)
2026-03-03 21:23:46.830 8 INFO placement.requestlog [req-14eb229d-242b-4175-a82f-53eeaeff2a9e req-c944a5e5-5373-4c9f-a2c6-bdd913372f35 9414461b579c4099bb7e3762d70dd7a8 02a046f4b6024fd3bcf47ec0e295fed5 - - ffc9904f461146ecaa6f6944e2635212 ffc9904f461146ecaa6f6944e2635212] 10.0.0.108 "PUT /allocations/9cbf890d-dbbb-4b8a-a5fb-255a29829621" status: 204 len: 0 microversion: 1.36 [pid: 8|app: 0|req: 627/1257] 10.0.0.108 () {38 vars in 914 bytes} [Tue Mar 3 21:23:46 2026] PUT /allocations/9cbf890d-dbbb-4b8a-a5fb-255a29829621 => generated 0 bytes in 50 msecs (HTTP/1.1 204) 5 headers in 199 bytes (1 switches on core 0)
2026-03-03 21:23:48.318 7 INFO placement.requestlog [req-14eb229d-242b-4175-a82f-53eeaeff2a9e req-86b55b42-4cbb-4244-8831-07642cb701c3 9414461b579c4099bb7e3762d70dd7a8 02a046f4b6024fd3bcf47ec0e295fed5 - - ffc9904f461146ecaa6f6944e2635212 ffc9904f461146ecaa6f6944e2635212] 162.253.55.195 "GET /allocations/9cbf890d-dbbb-4b8a-a5fb-255a29829621" status: 200 len: 245 microversion: 1.28 [pid: 7|app: 0|req: 631/1258] 162.253.55.195 () {34 vars in 863 bytes} [Tue Mar 3 21:23:48 2026] GET /allocations/9cbf890d-dbbb-4b8a-a5fb-255a29829621 => generated 245 bytes in 11 msecs (HTTP/1.1 200) 8 headers in 296 bytes (1 switches on core 0)
2026-03-03 21:23:49.357 8 INFO placement.requestlog [req-14eb229d-242b-4175-a82f-53eeaeff2a9e req-276237d5-c217-4472-afab-9834da8b5df5 9414461b579c4099bb7e3762d70dd7a8 02a046f4b6024fd3bcf47ec0e295fed5 - - ffc9904f461146ecaa6f6944e2635212 ffc9904f461146ecaa6f6944e2635212] 162.253.55.195 "GET /resource_providers/3489b571-9698-456f-84ac-70270fc76ee7/allocations" status: 200 len: 340 microversion: 1.0 [pid: 8|app: 0|req: 628/1259] 162.253.55.195 () {32 vars in 857 bytes} [Tue Mar 3 21:23:49 2026] GET /resource_providers/3489b571-9698-456f-84ac-70270fc76ee7/allocations => generated 340 bytes in 16 msecs (HTTP/1.1 200) 6 headers in 224 bytes (1 switches on core 0)
2026-03-03 21:23:49.375 7 INFO placement.requestlog [req-14eb229d-242b-4175-a82f-53eeaeff2a9e req-e52fb722-9493-42cc-a529-1c70bc71ebac 9414461b579c4099bb7e3762d70dd7a8 02a046f4b6024fd3bcf47ec0e295fed5 - - ffc9904f461146ecaa6f6944e2635212 ffc9904f461146ecaa6f6944e2635212] 162.253.55.195 "GET /allocations/4dcb908e-6e1e-4dce-9709-e4d21d4a6b52" status: 200 len: 258 microversion: 1.28 [pid: 7|app: 0|req: 632/1260] 162.253.55.195 () {34 vars in 863 bytes} [Tue Mar 3 21:23:49 2026] GET /allocations/4dcb908e-6e1e-4dce-9709-e4d21d4a6b52 => generated 258 bytes in 11 msecs (HTTP/1.1 200) 8 headers in 296 bytes (1 switches on core 0)
2026-03-03 21:23:49.394 8 INFO placement.requestlog [req-14eb229d-242b-4175-a82f-53eeaeff2a9e req-3dd91435-beb6-4fb2-892d-43e77fe27cf3 9414461b579c4099bb7e3762d70dd7a8 02a046f4b6024fd3bcf47ec0e295fed5 - - ffc9904f461146ecaa6f6944e2635212 ffc9904f461146ecaa6f6944e2635212] 162.253.55.195 "GET /allocations/9cbf890d-dbbb-4b8a-a5fb-255a29829621" status: 200 len: 245 microversion: 1.28 [pid: 8|app: 0|req: 629/1261] 162.253.55.195 () {34 vars in 863 bytes} [Tue Mar 3 21:23:49 2026] GET /allocations/9cbf890d-dbbb-4b8a-a5fb-255a29829621 => generated 245 bytes in 13 msecs (HTTP/1.1 200) 8 headers in 296 bytes (1 switches on core 0)
2026-03-03 21:23:49.413 7 INFO placement.requestlog [req-14eb229d-242b-4175-a82f-53eeaeff2a9e req-5f504973-edaa-4bbc-bfe5-a9bbb6dead67 9414461b579c4099bb7e3762d70dd7a8 02a046f4b6024fd3bcf47ec0e295fed5 - - ffc9904f461146ecaa6f6944e2635212 ffc9904f461146ecaa6f6944e2635212] 162.253.55.195 "GET /allocations/c972a3a0-42ee-4f90-87b6-a56c1a2cebf9" status: 200 len: 258 microversion: 1.28 [pid: 7|app: 0|req: 633/1262] 162.253.55.195 () {34 vars in 863 bytes} [Tue Mar 3 21:23:49 2026] GET /allocations/c972a3a0-42ee-4f90-87b6-a56c1a2cebf9 => generated 258 bytes in 13 msecs (HTTP/1.1 200) 8 headers in 296 bytes (1 switches on core 0)
2026-03-03 21:23:53.496 8 INFO placement.requestlog [None req-50cc4808-1cd9-482c-a2b1-88544c90fb02 18235b92a4f1410089d0ef5c0f8e72fe 367f2f17fb7d4e65be6852aa3ffe1669 - - default default] 10.0.0.172 "GET /resource_providers" status: 200 len: 406 microversion: 1.0 [pid: 8|app: 0|req: 630/1263] 10.0.0.172 () {28 vars in 593 bytes} [Tue Mar 3 21:23:53 2026] GET /resource_providers => generated 406 bytes in 86 msecs (HTTP/1.1 200) 6 headers in 224 bytes (1 switches on core 0)
2026-03-03 21:23:53.514 7 INFO placement.requestlog [None req-218469a2-27b0-47ff-89ef-a061264a0d11 18235b92a4f1410089d0ef5c0f8e72fe 367f2f17fb7d4e65be6852aa3ffe1669 - - default default] 10.0.0.172 "GET /resource_providers/3489b571-9698-456f-84ac-70270fc76ee7/inventories" status: 200 len: 401 microversion: 1.0 [pid: 7|app: 0|req: 634/1264] 10.0.0.172 () {28 vars in 691 bytes} [Tue Mar 3 21:23:53 2026] GET /resource_providers/3489b571-9698-456f-84ac-70270fc76ee7/inventories => generated 401 bytes in 14 msecs (HTTP/1.1 200) 6 headers in 224 bytes (1 switches on core 0)
2026-03-03 21:23:53.531 8 INFO placement.requestlog [None req-6ba52762-3a77-4f17-bec1-ca04c4ee1e38 18235b92a4f1410089d0ef5c0f8e72fe 367f2f17fb7d4e65be6852aa3ffe1669 - - default default] 10.0.0.172 "GET /resource_providers/3489b571-9698-456f-84ac-70270fc76ee7/usages" status: 200 len: 92 microversion: 1.0 [pid: 8|app: 0|req: 631/1265] 10.0.0.172 () {28 vars in 681 bytes} [Tue Mar 3 21:23:53 2026] GET /resource_providers/3489b571-9698-456f-84ac-70270fc76ee7/usages => generated 92 bytes in 13 msecs (HTTP/1.1 200) 6 headers in 223 bytes (1 switches on core 0)
2026-03-03 21:23:54.914 7 INFO placement.requestlog [None req-9ae899a2-ce5d-4cbe-8420-ef357a9075da - - - - - -] 10.0.0.241 "GET /" status: 200 len: 136 microversion: 1.0
2026-03-03 21:23:54.914 8 INFO placement.requestlog [None req-092a8724-73c4-4ba9-b60e-231297565435 - - - - - -] 10.0.0.241 "GET /" status: 200 len: 136 microversion: 1.0
2026-03-03 21:24:04.914 8 INFO placement.requestlog [None req-263410f8-b64b-47f1-ab24-5cb0385fa494 - - - - - -] 10.0.0.241 "GET /" status: 200 len: 136 microversion: 1.0
2026-03-03 21:24:04.915 7 INFO placement.requestlog [None req-b44d2db6-cd7e-432f-ae01-f258a584849b - - - - - -] 10.0.0.241 "GET /" status: 200 len: 136 microversion: 1.0
2026-03-03 21:24:14.914 8 INFO placement.requestlog [None req-13f04f74-cc4f-4a98-82d4-6fc6ea123387 - - - - - -] 10.0.0.241 "GET /" status: 200 len: 136 microversion: 1.0
2026-03-03 21:24:14.915 7 INFO placement.requestlog [None req-5895abb0-7d30-4f59-bf56-7d86019393d4 - - - - - -] 10.0.0.241 "GET /" status: 200 len: 136 microversion: 1.0
2026-03-03 21:24:19.941 8 INFO placement.requestlog [req-8541f8d2-432f-4b17-969e-957ddd269702 req-5e7225fa-4f9f-48d5-8ff8-c3e1e950a05e 9414461b579c4099bb7e3762d70dd7a8 02a046f4b6024fd3bcf47ec0e295fed5 - - ffc9904f461146ecaa6f6944e2635212 ffc9904f461146ecaa6f6944e2635212] 162.253.55.195 "GET /resource_providers/3489b571-9698-456f-84ac-70270fc76ee7/allocations" status: 200 len: 340 microversion: 1.0 [pid: 8|app: 0|req: 635/1272] 162.253.55.195 () {32 vars in 857 bytes} [Tue Mar 3 21:24:19 2026] GET /resource_providers/3489b571-9698-456f-84ac-70270fc76ee7/allocations => generated 340 bytes in 17 msecs (HTTP/1.1 200) 6 headers in 224 bytes (1 switches on core 0)
2026-03-03 21:24:19.970 7 INFO placement.requestlog [req-8541f8d2-432f-4b17-969e-957ddd269702 req-33b54109-dc85-4d05-89e8-d01e9b91647d 9414461b579c4099bb7e3762d70dd7a8 02a046f4b6024fd3bcf47ec0e295fed5 - - ffc9904f461146ecaa6f6944e2635212 ffc9904f461146ecaa6f6944e2635212] 162.253.55.195 "GET /resource_providers/3489b571-9698-456f-84ac-70270fc76ee7/allocations" status: 200 len: 340 microversion: 1.0 [pid: 7|app: 0|req: 638/1273] 162.253.55.195 () {32 vars in 857 bytes} [Tue Mar 3 21:24:19 2026] GET /resource_providers/3489b571-9698-456f-84ac-70270fc76ee7/allocations => generated 340 bytes in 21 msecs (HTTP/1.1 200) 6 headers in 224 bytes (1 switches on core 0)
2026-03-03 21:24:19.991 8 INFO placement.requestlog [req-8541f8d2-432f-4b17-969e-957ddd269702 req-41b7b794-179a-4d33-b691-322eb9692fac 9414461b579c4099bb7e3762d70dd7a8 02a046f4b6024fd3bcf47ec0e295fed5 - - ffc9904f461146ecaa6f6944e2635212 ffc9904f461146ecaa6f6944e2635212] 162.253.55.195 "GET /allocations/4dcb908e-6e1e-4dce-9709-e4d21d4a6b52" status: 200 len: 258 microversion: 1.28 [pid: 8|app: 0|req: 636/1274] 162.253.55.195 () {34 vars in 863 bytes} [Tue Mar 3 21:24:19 2026] GET /allocations/4dcb908e-6e1e-4dce-9709-e4d21d4a6b52 => generated 258 bytes in 12 msecs (HTTP/1.1 200) 8 headers in 296 bytes (1 switches on core 0)
2026-03-03 21:24:20.012 7 INFO placement.requestlog [req-8541f8d2-432f-4b17-969e-957ddd269702 req-a9241766-29e2-463f-befc-6002ed29c577 9414461b579c4099bb7e3762d70dd7a8 02a046f4b6024fd3bcf47ec0e295fed5 - - ffc9904f461146ecaa6f6944e2635212 ffc9904f461146ecaa6f6944e2635212] 162.253.55.195 "GET /allocations/9cbf890d-dbbb-4b8a-a5fb-255a29829621" status: 200 len: 245 microversion: 1.28 [pid: 7|app: 0|req: 639/1275] 162.253.55.195 () {34 vars in 863 bytes} [Tue Mar 3 21:24:19 2026] GET /allocations/9cbf890d-dbbb-4b8a-a5fb-255a29829621 => generated 245 bytes in 17 msecs (HTTP/1.1 200) 8 headers in 296 bytes (1 switches on core 0)
2026-03-03 21:24:20.030 8 INFO placement.requestlog [req-8541f8d2-432f-4b17-969e-957ddd269702 req-eab3bc45-7f47-47db-a0df-83383d668815 9414461b579c4099bb7e3762d70dd7a8 02a046f4b6024fd3bcf47ec0e295fed5 - - ffc9904f461146ecaa6f6944e2635212 ffc9904f461146ecaa6f6944e2635212] 162.253.55.195 "GET /allocations/c972a3a0-42ee-4f90-87b6-a56c1a2cebf9" status: 200 len: 258 microversion: 1.28 [pid: 8|app: 0|req: 637/1276] 162.253.55.195 () {34 vars in 863 bytes} [Tue Mar 3 21:24:20 2026] GET /allocations/c972a3a0-42ee-4f90-87b6-a56c1a2cebf9 => generated 258 bytes in 12 msecs (HTTP/1.1 200) 8 headers in 296 bytes (1 switches on core 0)
2026-03-03 21:24:24.914 8 INFO placement.requestlog [None req-7cc0cb46-39d3-43e9-9423-0b4a03a3c939 - - - - - -] 10.0.0.241 "GET /" status: 200 len: 136 microversion: 1.0
2026-03-03 21:24:24.915 7 INFO placement.requestlog [None req-590070bc-04e9-483d-87fe-c8884bdd7fcc - - - - - -] 10.0.0.241 "GET /" status: 200 len: 136 microversion: 1.0
2026-03-03 21:24:34.915 7 INFO placement.requestlog [None req-5c31b16b-5342-4571-acba-579f3638655f - - - - - -] 10.0.0.241 "GET /" status: 200 len: 136 microversion: 1.0
2026-03-03 21:24:34.915 8 INFO placement.requestlog [None req-aad12b9b-5c95-479a-be86-73265dc91ddf - - - - - -] 10.0.0.241 "GET /" status: 200 len: 136 microversion: 1.0
2026-03-03 21:24:44.914 7 INFO placement.requestlog [None req-8efed359-6078-4e33-813f-3aa8fa773a87 - - - - - -] 10.0.0.241 "GET /" status: 200 len: 136 microversion: 1.0
2026-03-03 21:24:44.914 8 INFO placement.requestlog [None req-02488526-2549-4d24-b655-3cfe26b11be4 - - - - - -] 10.0.0.241 "GET /" status: 200 len: 136 microversion: 1.0
2026-03-03 21:24:53.512 8 INFO placement.requestlog [None req-1bab18d0-f7b7-4b38-bc59-bd241a4d8140 18235b92a4f1410089d0ef5c0f8e72fe 367f2f17fb7d4e65be6852aa3ffe1669 - - default default] 10.0.0.172 "GET /resource_providers" status: 200 len: 406 microversion: 1.0 [pid: 8|app: 0|req: 641/1283] 10.0.0.172 () {28 vars in 593 bytes} [Tue Mar 3 21:24:53 2026] GET /resource_providers => generated 406 bytes in 82 msecs (HTTP/1.1 200) 6 headers in 224 bytes (1 switches on core 0)
2026-03-03 21:24:53.542 7 INFO placement.requestlog [None req-375a0dc5-4f07-4cc0-85dd-2a5280cf06ad 18235b92a4f1410089d0ef5c0f8e72fe 367f2f17fb7d4e65be6852aa3ffe1669 - - default default] 10.0.0.172 "GET /resource_providers/3489b571-9698-456f-84ac-70270fc76ee7/inventories" status: 200 len: 401 microversion: 1.0 [pid: 7|app: 0|req: 643/1284] 10.0.0.172 () {28 vars in 691 bytes} [Tue Mar 3 21:24:53 2026] GET /resource_providers/3489b571-9698-456f-84ac-70270fc76ee7/inventories => generated 401 bytes in 25 msecs (HTTP/1.1 200) 6 headers in 224 bytes (1 switches on core 0)
2026-03-03 21:24:53.576 8 INFO placement.requestlog [None req-ef0846a6-89fd-4160-8fc6-6f73dba4535e 18235b92a4f1410089d0ef5c0f8e72fe 367f2f17fb7d4e65be6852aa3ffe1669 - - default default] 10.0.0.172 "GET /resource_providers/3489b571-9698-456f-84ac-70270fc76ee7/usages" status: 200 len: 92 microversion: 1.0 [pid: 8|app: 0|req: 642/1285] 10.0.0.172 () {28 vars in 681 bytes} [Tue Mar 3 21:24:53 2026] GET /resource_providers/3489b571-9698-456f-84ac-70270fc76ee7/usages => generated 92 bytes in 26 msecs (HTTP/1.1 200) 6 headers in 223 bytes (1 switches on core 0)
2026-03-03 21:24:54.914 7 INFO placement.requestlog [None req-d8daee33-93f4-4928-b543-709c5d522fb0 - - - - - -] 10.0.0.241 "GET /" status: 200 len: 136 microversion: 1.0
2026-03-03 21:24:54.914 8 INFO placement.requestlog [None req-ec70af27-ffda-46da-85fe-2e63061a6100 - - - - - -] 10.0.0.241 "GET /" status: 200 len: 136 microversion: 1.0
2026-03-03 21:25:04.915 7 INFO placement.requestlog [None req-9c1ad1e5-c122-425c-b07d-0e0a88c2379e - - - - - -] 10.0.0.241 "GET /" status: 200 len: 136 microversion: 1.0
2026-03-03 21:25:04.915 8 INFO placement.requestlog [None req-8c8f6279-1ec3-4644-9c12-27a3141a3cf5 - - - - - -] 10.0.0.241 "GET /" status: 200 len: 136 microversion: 1.0
2026-03-03 21:25:14.914 8 INFO placement.requestlog [None req-48264021-b860-4071-bf5c-9a0ea70c4ef7 - - - - - -] 10.0.0.241 "GET /" status: 200 len: 136 microversion: 1.0
2026-03-03 21:25:14.914 7 INFO placement.requestlog [None req-4cd30590-e1d3-4dc3-9180-6556a749a7e0 - - - - - -] 10.0.0.241 "GET /" status: 200 len: 136 microversion: 1.0
2026-03-03 21:25:19.789 8 INFO placement.requestlog [req-b9d3f5ad-0eb8-4105-9a40-b22008c1a902 req-9aadd996-9022-4e52-a8ce-8b042de4662c 9414461b579c4099bb7e3762d70dd7a8 02a046f4b6024fd3bcf47ec0e295fed5 - - ffc9904f461146ecaa6f6944e2635212 ffc9904f461146ecaa6f6944e2635212] 162.253.55.195 "GET /resource_providers/3489b571-9698-456f-84ac-70270fc76ee7/allocations" status: 200 len: 340 microversion: 1.0 [pid: 8|app: 0|req: 646/1292] 162.253.55.195 () {32 vars in 857 bytes} [Tue Mar 3 21:25:19 2026] GET /resource_providers/3489b571-9698-456f-84ac-70270fc76ee7/allocations => generated 340 bytes in 16 msecs (HTTP/1.1 200) 6 headers in 224 bytes (1 switches on core 0)
2026-03-03 21:25:19.810 7 INFO placement.requestlog [req-b9d3f5ad-0eb8-4105-9a40-b22008c1a902 req-6253b72a-91d4-4ec8-a2ab-f419e450aea6 9414461b579c4099bb7e3762d70dd7a8 02a046f4b6024fd3bcf47ec0e295fed5 - - ffc9904f461146ecaa6f6944e2635212 ffc9904f461146ecaa6f6944e2635212] 162.253.55.195 "GET /resource_providers/3489b571-9698-456f-84ac-70270fc76ee7/allocations" status: 200 len: 340 microversion: 1.0 [pid: 7|app: 0|req: 647/1293] 162.253.55.195 () {32 vars in 857 bytes} [Tue Mar 3 21:25:19 2026] GET /resource_providers/3489b571-9698-456f-84ac-70270fc76ee7/allocations => generated 340 bytes in 14 msecs (HTTP/1.1 200) 6 headers in 224 bytes (1 switches on core 0)
2026-03-03 21:25:19.827 8 INFO placement.requestlog [req-b9d3f5ad-0eb8-4105-9a40-b22008c1a902 req-d7c03e65-c307-4763-bfca-1aa9245612e9 9414461b579c4099bb7e3762d70dd7a8 02a046f4b6024fd3bcf47ec0e295fed5 - - ffc9904f461146ecaa6f6944e2635212 ffc9904f461146ecaa6f6944e2635212] 162.253.55.195 "GET /allocations/4dcb908e-6e1e-4dce-9709-e4d21d4a6b52" status: 200 len: 258 microversion: 1.28 [pid: 8|app: 0|req: 647/1294] 162.253.55.195 () {34 vars in 863 bytes} [Tue Mar 3 21:25:19 2026] GET /allocations/4dcb908e-6e1e-4dce-9709-e4d21d4a6b52 => generated 258 bytes in 13 msecs (HTTP/1.1 200) 8 headers in 296 bytes (1 switches on core 0)
2026-03-03 21:25:19.845 7 INFO placement.requestlog [req-b9d3f5ad-0eb8-4105-9a40-b22008c1a902 req-bbaec65f-9f4d-4919-9e16-4acfb092ec0c 9414461b579c4099bb7e3762d70dd7a8 02a046f4b6024fd3bcf47ec0e295fed5 - - ffc9904f461146ecaa6f6944e2635212 ffc9904f461146ecaa6f6944e2635212] 162.253.55.195 "GET /allocations/9cbf890d-dbbb-4b8a-a5fb-255a29829621" status: 200 len: 245 microversion: 1.28 [pid: 7|app: 0|req: 648/1295] 162.253.55.195 () {34 vars in 863 bytes} [Tue Mar 3 21:25:19 2026] GET /allocations/9cbf890d-dbbb-4b8a-a5fb-255a29829621 => generated 245 bytes in 9 msecs (HTTP/1.1 200) 8 headers in 296 bytes (1 switches on core 0)
2026-03-03 21:25:19.860 8 INFO placement.requestlog [req-b9d3f5ad-0eb8-4105-9a40-b22008c1a902 req-bfd8ad5c-b6fb-4ec7-8563-921a6287bcf9 9414461b579c4099bb7e3762d70dd7a8 02a046f4b6024fd3bcf47ec0e295fed5 - - ffc9904f461146ecaa6f6944e2635212 ffc9904f461146ecaa6f6944e2635212] 162.253.55.195 "GET /allocations/c972a3a0-42ee-4f90-87b6-a56c1a2cebf9" status: 200 len: 258 microversion: 1.28 [pid: 8|app: 0|req: 648/1296] 162.253.55.195 () {34 vars in 863 bytes} [Tue Mar 3 21:25:19 2026] GET /allocations/c972a3a0-42ee-4f90-87b6-a56c1a2cebf9 => generated 258 bytes in 11 msecs (HTTP/1.1 200) 8 headers in 296 bytes (1 switches on core 0)
2026-03-03 21:25:24.914 8 INFO placement.requestlog [None req-89b03a70-0875-40b1-93b2-8e24bd64de1b - - - - - -] 10.0.0.241 "GET /" status: 200 len: 136 microversion: 1.0
2026-03-03 21:25:24.915 7 INFO placement.requestlog [None req-6d545d66-cc92-48fd-a088-bc89c82d3b48 - - - - - -] 10.0.0.241 "GET /" status: 200 len: 136 microversion: 1.0
2026-03-03 21:25:34.914 7 INFO placement.requestlog [None req-0ab431cd-3c9c-4fd6-9646-7f18795fcd93 - - - - - -] 10.0.0.241 "GET /" status: 200 len: 136 microversion: 1.0
2026-03-03 21:25:34.916 8 INFO placement.requestlog [None req-87e45537-753b-44f1-9211-391b51b6602c - - - - - -] 10.0.0.241 "GET /" status: 200 len: 136 microversion: 1.0
2026-03-03 21:25:44.915 7 INFO placement.requestlog [None req-55cfe86a-7ced-429d-9567-f305a68a1ac9 - - - - - -] 10.0.0.241 "GET /" status: 200 len: 136 microversion: 1.0
2026-03-03 21:25:44.915 8 INFO placement.requestlog [None req-decfde01-e8b7-4979-887b-6597e8056012 - - - - - -] 10.0.0.241 "GET /" status: 200 len: 136 microversion: 1.0
2026-03-03 21:25:53.500 7 INFO placement.requestlog [None req-827db094-f58c-4eb0-8a63-a1b3eaec1fec 18235b92a4f1410089d0ef5c0f8e72fe 367f2f17fb7d4e65be6852aa3ffe1669 - - default default] 10.0.0.172 "GET /resource_providers" status: 200 len: 406 microversion: 1.0 [pid: 7|app: 0|req: 652/1303] 10.0.0.172 () {28 vars in 593 bytes} [Tue Mar 3 21:25:53 2026] GET /resource_providers => generated 406 bytes in 70 msecs (HTTP/1.1 200) 6 headers in 224 bytes (1 switches on core 0)
2026-03-03 21:25:53.524 8 INFO placement.requestlog [None req-0988f4cd-bc1a-439c-9cf3-e49bef4295ca 18235b92a4f1410089d0ef5c0f8e72fe 367f2f17fb7d4e65be6852aa3ffe1669 - - default default] 10.0.0.172 "GET /resource_providers/3489b571-9698-456f-84ac-70270fc76ee7/inventories" status: 200 len: 401 microversion: 1.0 [pid: 8|app: 0|req: 652/1304] 10.0.0.172 () {28 vars in 691 bytes} [Tue Mar 3 21:25:53 2026] GET /resource_providers/3489b571-9698-456f-84ac-70270fc76ee7/inventories => generated 401 bytes in 15 msecs (HTTP/1.1 200) 6 headers in 224 bytes (1 switches on core 0)
2026-03-03 21:25:53.547 7 INFO placement.requestlog [None req-f4a231c8-b9a9-44eb-809e-85a1ae4c2696 18235b92a4f1410089d0ef5c0f8e72fe 367f2f17fb7d4e65be6852aa3ffe1669 - - default default] 10.0.0.172 "GET /resource_providers/3489b571-9698-456f-84ac-70270fc76ee7/usages" status: 200 len: 92 microversion: 1.0 [pid: 7|app: 0|req: 653/1305] 10.0.0.172 () {28 vars in 681 bytes} [Tue Mar 3 21:25:53 2026] GET /resource_providers/3489b571-9698-456f-84ac-70270fc76ee7/usages => generated 92 bytes in 19 msecs (HTTP/1.1 200) 6 headers in 223 bytes (1 switches on core 0)
2026-03-03 21:25:54.914 8 INFO placement.requestlog [None req-bd392a49-4f42-450b-b55e-c89bd104c7e1 - - - - - -] 10.0.0.241 "GET /" status: 200 len: 136 microversion: 1.0
2026-03-03 21:25:54.917 7 INFO placement.requestlog [None req-181dbaee-cef7-4b42-86c1-bbeff29fc924 - - - - - -] 10.0.0.241 "GET /" status: 200 len: 136 microversion: 1.0
2026-03-03 21:26:04.914 8 INFO placement.requestlog [None req-0007450e-71de-42a8-8bf0-dce04b45a425 - - - - - -] 10.0.0.241 "GET /" status: 200 len: 136 microversion: 1.0
2026-03-03 21:26:04.916 7 INFO placement.requestlog [None req-0acd7027-ea23-4614-b6cd-29ca731513e1 - - - - - -] 10.0.0.241 "GET /" status: 200 len: 136 microversion: 1.0
2026-03-03 21:26:14.914 7 INFO placement.requestlog [None req-2bf7de6e-8867-42e8-8b97-7a5e54e2dc42 - - - - - -] 10.0.0.241 "GET /" status: 200 len: 136 microversion: 1.0
2026-03-03 21:26:14.914 8 INFO placement.requestlog [None req-dcdfaa1e-f81b-4a5a-9828-1f6baf04c781 - - - - - -] 10.0.0.241 "GET /" status: 200 len: 136 microversion: 1.0
2026-03-03 21:26:19.781 7 INFO placement.requestlog [req-380f8816-6f7c-4fe1-88e1-45657c155166 req-b6df6aa1-1bb9-4d2e-a899-af37ca95edb3 9414461b579c4099bb7e3762d70dd7a8 02a046f4b6024fd3bcf47ec0e295fed5 - - ffc9904f461146ecaa6f6944e2635212 ffc9904f461146ecaa6f6944e2635212] 162.253.55.195 "GET /resource_providers/3489b571-9698-456f-84ac-70270fc76ee7/allocations" status: 200 len: 340 microversion: 1.0 [pid: 7|app: 0|req: 657/1312] 162.253.55.195 () {32 vars in 857 bytes} [Tue Mar 3 21:26:19 2026] GET /resource_providers/3489b571-9698-456f-84ac-70270fc76ee7/allocations => generated 340 bytes in 60 msecs (HTTP/1.1 200) 6 headers in 224 bytes (1 switches on core 0)
2026-03-03 21:26:19.812 8 INFO placement.requestlog [req-380f8816-6f7c-4fe1-88e1-45657c155166 req-be72713b-5c35-4fbd-b0af-d47de370daa3 9414461b579c4099bb7e3762d70dd7a8 02a046f4b6024fd3bcf47ec0e295fed5 - - ffc9904f461146ecaa6f6944e2635212 ffc9904f461146ecaa6f6944e2635212] 162.253.55.195 "GET /resource_providers?in_tree=3489b571-9698-456f-84ac-70270fc76ee7" status: 200 len: 798 microversion: 1.14 [pid: 8|app: 0|req: 656/1313] 162.253.55.195 () {34 vars in 892 bytes} [Tue Mar 3 21:26:19 2026] GET /resource_providers?in_tree=3489b571-9698-456f-84ac-70270fc76ee7 => generated 798 bytes in 22 msecs (HTTP/1.1 200) 6 headers in 225 bytes (1 switches on core 0)
2026-03-03 21:26:19.831 7 INFO placement.requestlog [req-380f8816-6f7c-4fe1-88e1-45657c155166 req-9cff0859-c928-4969-89b0-be547501a48b 9414461b579c4099bb7e3762d70dd7a8 02a046f4b6024fd3bcf47ec0e295fed5 - - ffc9904f461146ecaa6f6944e2635212 ffc9904f461146ecaa6f6944e2635212] 162.253.55.195 "GET /resource_providers/3489b571-9698-456f-84ac-70270fc76ee7/inventories" status: 200 len: 401 microversion: 1.0 [pid: 7|app: 0|req: 658/1314] 162.253.55.195 () {32 vars in 857 bytes} [Tue Mar 3 21:26:19 2026] GET /resource_providers/3489b571-9698-456f-84ac-70270fc76ee7/inventories => generated 401 bytes in 13 msecs (HTTP/1.1 200) 6 headers in 224 bytes (1 switches on core 0)
2026-03-03 21:26:19.850 8 INFO placement.requestlog [req-380f8816-6f7c-4fe1-88e1-45657c155166 req-0a6e19a9-e114-4126-bf84-4adcfddccac6 9414461b579c4099bb7e3762d70dd7a8 02a046f4b6024fd3bcf47ec0e295fed5 - - ffc9904f461146ecaa6f6944e2635212 ffc9904f461146ecaa6f6944e2635212] 162.253.55.195 "GET /resource_providers/3489b571-9698-456f-84ac-70270fc76ee7/aggregates" status: 200 len: 54 microversion: 1.19 [pid: 8|app: 0|req: 657/1315] 162.253.55.195 () {34 vars in 899 bytes} [Tue Mar 3 21:26:19 2026] GET /resource_providers/3489b571-9698-456f-84ac-70270fc76ee7/aggregates => generated 54 bytes in 13 msecs (HTTP/1.1 200) 8 headers in 295 bytes (1 switches on core 0)
2026-03-03 21:26:19.873 7 INFO placement.requestlog [req-380f8816-6f7c-4fe1-88e1-45657c155166 req-8d402b3c-318a-4562-a07d-029c2b7b2cff 9414461b579c4099bb7e3762d70dd7a8 02a046f4b6024fd3bcf47ec0e295fed5 - - ffc9904f461146ecaa6f6944e2635212 ffc9904f461146ecaa6f6944e2635212] 162.253.55.195 "GET /resource_providers/3489b571-9698-456f-84ac-70270fc76ee7/traits" status: 200 len: 2317 microversion: 1.6 [pid: 7|app: 0|req: 659/1316] 162.253.55.195 () {34 vars in 890 bytes} [Tue Mar 3 21:26:19 2026] GET /resource_providers/3489b571-9698-456f-84ac-70270fc76ee7/traits => generated 2317 bytes in 17 msecs (HTTP/1.1 200) 6 headers in 225 bytes (1 switches on core 0)
2026-03-03 21:26:19.893 8 INFO placement.requestlog [req-380f8816-6f7c-4fe1-88e1-45657c155166 req-f944e881-a0dc-48c7-b386-d7f7cd4c1882 9414461b579c4099bb7e3762d70dd7a8 02a046f4b6024fd3bcf47ec0e295fed5 - - ffc9904f461146ecaa6f6944e2635212 ffc9904f461146ecaa6f6944e2635212] 162.253.55.195 "GET /resource_providers/3489b571-9698-456f-84ac-70270fc76ee7/allocations" status: 200 len: 340 microversion: 1.0 [pid: 8|app: 0|req: 658/1317] 162.253.55.195 () {32 vars in 857 bytes} [Tue Mar 3 21:26:19 2026] GET /resource_providers/3489b571-9698-456f-84ac-70270fc76ee7/allocations => generated 340 bytes in 14 msecs (HTTP/1.1 200) 6 headers in 224 bytes (1 switches on core 0)
2026-03-03 21:26:19.911 7 INFO placement.requestlog [req-380f8816-6f7c-4fe1-88e1-45657c155166 req-ab90f7a9-1abc-4eed-9486-24516d5b3878 9414461b579c4099bb7e3762d70dd7a8 02a046f4b6024fd3bcf47ec0e295fed5 - - ffc9904f461146ecaa6f6944e2635212 ffc9904f461146ecaa6f6944e2635212] 162.253.55.195 "GET /allocations/4dcb908e-6e1e-4dce-9709-e4d21d4a6b52" status: 200 len: 258 microversion: 1.28 [pid: 7|app: 0|req: 660/1318] 162.253.55.195 () {34 vars in 863 bytes} [Tue Mar 3 21:26:19 2026] GET /allocations/4dcb908e-6e1e-4dce-9709-e4d21d4a6b52 => generated 258 bytes in 11 msecs (HTTP/1.1 200) 8 headers in 296 bytes (1 switches on core 0)
2026-03-03 21:26:19.932 8 INFO placement.requestlog [req-380f8816-6f7c-4fe1-88e1-45657c155166 req-c1d14801-4324-4762-a340-9cc84bc67197 9414461b579c4099bb7e3762d70dd7a8 02a046f4b6024fd3bcf47ec0e295fed5 - - ffc9904f461146ecaa6f6944e2635212 ffc9904f461146ecaa6f6944e2635212] 162.253.55.195 "GET /allocations/9cbf890d-dbbb-4b8a-a5fb-255a29829621" status: 200 len: 245 microversion: 1.28 [pid: 8|app: 0|req: 659/1319] 162.253.55.195 () {34 vars in 863 bytes} [Tue Mar 3 21:26:19 2026] GET /allocations/9cbf890d-dbbb-4b8a-a5fb-255a29829621 => generated 245 bytes in 15 msecs (HTTP/1.1 200) 8 headers in 296 bytes (1 switches on core 0)
2026-03-03 21:26:19.949 7 INFO placement.requestlog [req-380f8816-6f7c-4fe1-88e1-45657c155166 req-541cd74f-b2b9-4331-bc6c-587b1edf624f 9414461b579c4099bb7e3762d70dd7a8 02a046f4b6024fd3bcf47ec0e295fed5 - - ffc9904f461146ecaa6f6944e2635212 ffc9904f461146ecaa6f6944e2635212] 162.253.55.195 "GET /allocations/c972a3a0-42ee-4f90-87b6-a56c1a2cebf9" status: 200 len: 258 microversion: 1.28 [pid: 7|app: 0|req: 661/1320] 162.253.55.195 () {34 vars in 863 bytes} [Tue Mar 3 21:26:19 2026] GET /allocations/c972a3a0-42ee-4f90-87b6-a56c1a2cebf9 => generated 258 bytes in 11 msecs (HTTP/1.1 200) 8 headers in 296 bytes (1 switches on core 0)
2026-03-03 21:26:24.914 7 INFO placement.requestlog [None req-79e76d95-6d37-4155-9711-b67babef7d46 - - - - - -] 10.0.0.241 "GET /" status: 200 len: 136 microversion: 1.0
2026-03-03 21:26:24.915 8 INFO placement.requestlog [None req-3165ad44-e523-426b-a49c-f7b672334a70 - - - - - -] 10.0.0.241 "GET /" status: 200 len: 136 microversion: 1.0
2026-03-03 21:26:34.914 8 INFO placement.requestlog [None req-d99876d9-2282-4f16-91ca-819353f0a12a - - - - - -] 10.0.0.241 "GET /" status: 200 len: 136 microversion: 1.0
2026-03-03 21:26:34.914 7 INFO placement.requestlog [None req-6355c25c-36f0-4f1c-a743-db3b52a4755b - - - - - -] 10.0.0.241 "GET /" status: 200 len: 136 microversion: 1.0
