2026-06-27 06:54:12.901 8 INFO cinder.api.openstack.wsgi [None req-f395626d-c4ae-4d4a-bf63-b99d72451e42 ec07357867834f23a0c3a96c22c15d37 90fd01646c6b4689bd3735c404d725c1 - - default default] GET http://cinder-api.openstack.svc.cluster.local:8776/v3/90fd01646c6b4689bd3735c404d725c1/volumes/b867d1ea-7f5c-44f2-9ff3-b00abe189490 /var/lib/openstack/lib/python3.10/site-packages/oslo_context/context.py:100: DeprecationWarning: Policy enforcement is depending on the value of is_admin. This key is deprecated. Please update your policy file to use the standard policy values. warnings.warn('Policy enforcement is depending on the value of '
2026-06-27 06:54:12.916 8 INFO cinder.volume.api [None req-f395626d-c4ae-4d4a-bf63-b99d72451e42 ec07357867834f23a0c3a96c22c15d37 90fd01646c6b4689bd3735c404d725c1 - - default default] Volume info retrieved successfully.
2026-06-27 06:54:12.922 8 INFO cinder.api.openstack.wsgi [None req-f395626d-c4ae-4d4a-bf63-b99d72451e42 ec07357867834f23a0c3a96c22c15d37 90fd01646c6b4689bd3735c404d725c1 - - default default] http://cinder-api.openstack.svc.cluster.local:8776/v3/90fd01646c6b4689bd3735c404d725c1/volumes/b867d1ea-7f5c-44f2-9ff3-b00abe189490 returned with HTTP 200 [pid: 8|app: 0|req: 425/849] 10.0.0.115 () {32 vars in 774 bytes} [Sat Jun 27 06:54:12 2026] GET /v3/90fd01646c6b4689bd3735c404d725c1/volumes/b867d1ea-7f5c-44f2-9ff3-b00abe189490 => generated 948 bytes in 29 msecs (HTTP/1.1 200) 7 headers in 285 bytes (1 switches on core 0) /var/lib/openstack/lib/python3.10/site-packages/pycadf/identifier.py:71: UserWarning: Invalid uuid: cinderv3. To ensure interoperability, identifiers should be a valid uuid. warnings.warn(('Invalid uuid: %s. To ensure interoperability, '
2026-06-27 06:54:13.941 7 INFO cinder.api.openstack.wsgi [None req-b6221621-0bb4-428c-93ea-2fbb3458f661 ec07357867834f23a0c3a96c22c15d37 90fd01646c6b4689bd3735c404d725c1 - - default default] GET http://cinder-api.openstack.svc.cluster.local:8776/v3/90fd01646c6b4689bd3735c404d725c1/volumes/b867d1ea-7f5c-44f2-9ff3-b00abe189490
2026-06-27 06:54:13.952 7 INFO cinder.api.openstack.wsgi [None req-b6221621-0bb4-428c-93ea-2fbb3458f661 ec07357867834f23a0c3a96c22c15d37 90fd01646c6b4689bd3735c404d725c1 - - default default] http://cinder-api.openstack.svc.cluster.local:8776/v3/90fd01646c6b4689bd3735c404d725c1/volumes/b867d1ea-7f5c-44f2-9ff3-b00abe189490 returned with HTTP 404 [pid: 7|app: 0|req: 425/850] 10.0.0.115 () {32 vars in 774 bytes} [Sat Jun 27 06:54:13 2026] GET /v3/90fd01646c6b4689bd3735c404d725c1/volumes/b867d1ea-7f5c-44f2-9ff3-b00abe189490 => generated 109 bytes in 18 msecs (HTTP/1.1 404) 7 headers in 292 bytes (1 switches on core 0) /var/lib/openstack/lib/python3.10/site-packages/pycadf/identifier.py:71: UserWarning: Invalid uuid: cinderv3. To ensure interoperability, identifiers should be a valid uuid. warnings.warn(('Invalid uuid: %s. To ensure interoperability, '
2026-06-27 06:54:13.964 8 INFO cinder.api.openstack.wsgi [None req-e28c97b3-a515-4671-b521-fb18348c71ec ec07357867834f23a0c3a96c22c15d37 90fd01646c6b4689bd3735c404d725c1 - - default default] GET http://cinder-api.openstack.svc.cluster.local:8776/v3/90fd01646c6b4689bd3735c404d725c1/volumes/dfada666-7ee8-4c67-b7c6-f801bba0dc43 /var/lib/openstack/lib/python3.10/site-packages/oslo_context/context.py:100: DeprecationWarning: Policy enforcement is depending on the value of is_admin. This key is deprecated. Please update your policy file to use the standard policy values. warnings.warn('Policy enforcement is depending on the value of '
2026-06-27 06:54:13.980 8 INFO cinder.volume.api [None req-e28c97b3-a515-4671-b521-fb18348c71ec ec07357867834f23a0c3a96c22c15d37 90fd01646c6b4689bd3735c404d725c1 - - default default] Volume info retrieved successfully.
2026-06-27 06:54:13.986 8 INFO cinder.api.openstack.wsgi [None req-e28c97b3-a515-4671-b521-fb18348c71ec ec07357867834f23a0c3a96c22c15d37 90fd01646c6b4689bd3735c404d725c1 - - default default] http://cinder-api.openstack.svc.cluster.local:8776/v3/90fd01646c6b4689bd3735c404d725c1/volumes/dfada666-7ee8-4c67-b7c6-f801bba0dc43 returned with HTTP 200 [pid: 8|app: 0|req: 426/851] 10.0.0.115 () {32 vars in 774 bytes} [Sat Jun 27 06:54:13 2026] GET /v3/90fd01646c6b4689bd3735c404d725c1/volumes/dfada666-7ee8-4c67-b7c6-f801bba0dc43 => generated 1387 bytes in 28 msecs (HTTP/1.1 200) 7 headers in 286 bytes (1 switches on core 0)
2026-06-27 06:54:14.011 7 INFO cinder.api.openstack.wsgi [None req-c753f319-fdd6-4466-b397-7582f103c8ab ec07357867834f23a0c3a96c22c15d37 90fd01646c6b4689bd3735c404d725c1 - - default default] DELETE http://cinder-api.openstack.svc.cluster.local:8776/v3/90fd01646c6b4689bd3735c404d725c1/volumes/dfada666-7ee8-4c67-b7c6-f801bba0dc43
2026-06-27 06:54:14.011 7 INFO cinder.api.v3.volumes [None req-c753f319-fdd6-4466-b397-7582f103c8ab ec07357867834f23a0c3a96c22c15d37 90fd01646c6b4689bd3735c404d725c1 - - default default] Delete volume with id: dfada666-7ee8-4c67-b7c6-f801bba0dc43  /var/lib/openstack/lib/python3.10/site-packages/oslo_context/context.py:100: DeprecationWarning: Policy enforcement is depending on the value of is_admin. This key is deprecated. Please update your policy file to use the standard policy values. warnings.warn('Policy enforcement is depending on the value of '
2026-06-27 06:54:14.023 7 INFO cinder.volume.api [None req-c753f319-fdd6-4466-b397-7582f103c8ab ec07357867834f23a0c3a96c22c15d37 90fd01646c6b4689bd3735c404d725c1 - - default default] Volume info retrieved successfully.
2026-06-27 06:54:14.048 7 INFO cinder.volume.api [None req-c753f319-fdd6-4466-b397-7582f103c8ab ec07357867834f23a0c3a96c22c15d37 90fd01646c6b4689bd3735c404d725c1 - - default default] Delete volume request issued successfully.
2026-06-27 06:54:14.048 7 INFO cinder.api.openstack.wsgi [None req-c753f319-fdd6-4466-b397-7582f103c8ab ec07357867834f23a0c3a96c22c15d37 90fd01646c6b4689bd3735c404d725c1 - - default default] http://cinder-api.openstack.svc.cluster.local:8776/v3/90fd01646c6b4689bd3735c404d725c1/volumes/dfada666-7ee8-4c67-b7c6-f801bba0dc43 returned with HTTP 202 [pid: 7|app: 0|req: 426/852] 10.0.0.115 () {32 vars in 777 bytes} [Sat Jun 27 06:54:14 2026] DELETE /v3/90fd01646c6b4689bd3735c404d725c1/volumes/dfada666-7ee8-4c67-b7c6-f801bba0dc43 => generated 0 bytes in 45 msecs (HTTP/1.1 202) 6 headers in 233 bytes (1 switches on core 0) /var/lib/openstack/lib/python3.10/site-packages/pycadf/identifier.py:71: UserWarning: Invalid uuid: cinderv3. To ensure interoperability, identifiers should be a valid uuid. warnings.warn(('Invalid uuid: %s. To ensure interoperability, '
2026-06-27 06:54:14.064 8 INFO cinder.api.openstack.wsgi [None req-0d582dc6-e4d1-4f04-b17a-3314b43895c3 ec07357867834f23a0c3a96c22c15d37 90fd01646c6b4689bd3735c404d725c1 - - default default] GET http://cinder-api.openstack.svc.cluster.local:8776/v3/90fd01646c6b4689bd3735c404d725c1/volumes/dfada666-7ee8-4c67-b7c6-f801bba0dc43 /var/lib/openstack/lib/python3.10/site-packages/oslo_context/context.py:100: DeprecationWarning: Policy enforcement is depending on the value of is_admin. This key is deprecated. Please update your policy file to use the standard policy values. warnings.warn('Policy enforcement is depending on the value of '
2026-06-27 06:54:14.082 8 INFO cinder.volume.api [None req-0d582dc6-e4d1-4f04-b17a-3314b43895c3 ec07357867834f23a0c3a96c22c15d37 90fd01646c6b4689bd3735c404d725c1 - - default default] Volume info retrieved successfully.
2026-06-27 06:54:14.089 8 INFO cinder.api.openstack.wsgi [None req-0d582dc6-e4d1-4f04-b17a-3314b43895c3 ec07357867834f23a0c3a96c22c15d37 90fd01646c6b4689bd3735c404d725c1 - - default default] http://cinder-api.openstack.svc.cluster.local:8776/v3/90fd01646c6b4689bd3735c404d725c1/volumes/dfada666-7ee8-4c67-b7c6-f801bba0dc43 returned with HTTP 200 [pid: 8|app: 0|req: 427/853] 10.0.0.115 () {32 vars in 774 bytes} [Sat Jun 27 06:54:14 2026] GET /v3/90fd01646c6b4689bd3735c404d725c1/volumes/dfada666-7ee8-4c67-b7c6-f801bba0dc43 => generated 1386 bytes in 35 msecs (HTTP/1.1 200) 7 headers in 286 bytes (1 switches on core 0) /var/lib/openstack/lib/python3.10/site-packages/pycadf/identifier.py:71: UserWarning: Invalid uuid: cinderv3. To ensure interoperability, identifiers should be a valid uuid. warnings.warn(('Invalid uuid: %s. To ensure interoperability, '
2026-06-27 06:54:15.114 7 INFO cinder.api.openstack.wsgi [None req-53e13236-a3a1-458a-bc56-69e853dc7e23 ec07357867834f23a0c3a96c22c15d37 90fd01646c6b4689bd3735c404d725c1 - - default default] GET http://cinder-api.openstack.svc.cluster.local:8776/v3/90fd01646c6b4689bd3735c404d725c1/volumes/dfada666-7ee8-4c67-b7c6-f801bba0dc43
2026-06-27 06:54:15.130 7 INFO cinder.api.openstack.wsgi [None req-53e13236-a3a1-458a-bc56-69e853dc7e23 ec07357867834f23a0c3a96c22c15d37 90fd01646c6b4689bd3735c404d725c1 - - default default] http://cinder-api.openstack.svc.cluster.local:8776/v3/90fd01646c6b4689bd3735c404d725c1/volumes/dfada666-7ee8-4c67-b7c6-f801bba0dc43 returned with HTTP 404 [pid: 7|app: 0|req: 427/854] 10.0.0.115 () {32 vars in 774 bytes} [Sat Jun 27 06:54:15 2026] GET /v3/90fd01646c6b4689bd3735c404d725c1/volumes/dfada666-7ee8-4c67-b7c6-f801bba0dc43 => generated 109 bytes in 26 msecs (HTTP/1.1 404) 7 headers in 292 bytes (1 switches on core 0)
2026-06-27 06:54:17.922 8 INFO cinder.api.openstack.wsgi [None req-0d582dc6-e4d1-4f04-b17a-3314b43895c3 ec07357867834f23a0c3a96c22c15d37 90fd01646c6b4689bd3735c404d725c1 - - default default] GET http://10.0.0.178:8776/
2026-06-27 06:54:17.923 8 INFO cinder.api.openstack.wsgi [None req-0d582dc6-e4d1-4f04-b17a-3314b43895c3 ec07357867834f23a0c3a96c22c15d37 90fd01646c6b4689bd3735c404d725c1 - - default default] http://10.0.0.178:8776/ returned with HTTP 300
2026-06-27 06:54:17.923 7 INFO cinder.api.openstack.wsgi [None req-53e13236-a3a1-458a-bc56-69e853dc7e23 ec07357867834f23a0c3a96c22c15d37 90fd01646c6b4689bd3735c404d725c1 - - default default] GET http://10.0.0.178:8776/
2026-06-27 06:54:17.924 7 INFO cinder.api.openstack.wsgi [None req-53e13236-a3a1-458a-bc56-69e853dc7e23 ec07357867834f23a0c3a96c22c15d37 90fd01646c6b4689bd3735c404d725c1 - - default default] http://10.0.0.178:8776/ returned with HTTP 300
2026-06-27 06:54:18.660 8 INFO cinder.api.openstack.wsgi [None req-0d582dc6-e4d1-4f04-b17a-3314b43895c3 ec07357867834f23a0c3a96c22c15d37 90fd01646c6b4689bd3735c404d725c1 - - default default] GET http://cinder-api.openstack.svc.cluster.local:8776/
2026-06-27 06:54:18.661 8 INFO cinder.api.openstack.wsgi [None req-0d582dc6-e4d1-4f04-b17a-3314b43895c3 ec07357867834f23a0c3a96c22c15d37 90fd01646c6b4689bd3735c404d725c1 - - default default] http://cinder-api.openstack.svc.cluster.local:8776/ returned with HTTP 300 [pid: 8|app: 0|req: 429/857] 10.0.0.115 () {30 vars in 410 bytes} [Sat Jun 27 06:54:18 2026] GET / => generated 411 bytes in 3 msecs (HTTP/1.1 300) 5 headers in 169 bytes (1 switches on core 0)
2026-06-27 06:54:27.922 8 INFO cinder.api.openstack.wsgi [None req-0d582dc6-e4d1-4f04-b17a-3314b43895c3 ec07357867834f23a0c3a96c22c15d37 90fd01646c6b4689bd3735c404d725c1 - - default default] GET http://10.0.0.178:8776/
2026-06-27 06:54:27.922 7 INFO cinder.api.openstack.wsgi [None req-53e13236-a3a1-458a-bc56-69e853dc7e23 ec07357867834f23a0c3a96c22c15d37 90fd01646c6b4689bd3735c404d725c1 - - default default] GET http://10.0.0.178:8776/
2026-06-27 06:54:27.923 8 INFO cinder.api.openstack.wsgi [None req-0d582dc6-e4d1-4f04-b17a-3314b43895c3 ec07357867834f23a0c3a96c22c15d37 90fd01646c6b4689bd3735c404d725c1 - - default default] http://10.0.0.178:8776/ returned with HTTP 300
2026-06-27 06:54:27.923 7 INFO cinder.api.openstack.wsgi [None req-53e13236-a3a1-458a-bc56-69e853dc7e23 ec07357867834f23a0c3a96c22c15d37 90fd01646c6b4689bd3735c404d725c1 - - default default] http://10.0.0.178:8776/ returned with HTTP 300
2026-06-27 06:54:37.922 7 INFO cinder.api.openstack.wsgi [None req-53e13236-a3a1-458a-bc56-69e853dc7e23 ec07357867834f23a0c3a96c22c15d37 90fd01646c6b4689bd3735c404d725c1 - - default default] GET http://10.0.0.178:8776/
2026-06-27 06:54:37.922 8 INFO cinder.api.openstack.wsgi [None req-0d582dc6-e4d1-4f04-b17a-3314b43895c3 ec07357867834f23a0c3a96c22c15d37 90fd01646c6b4689bd3735c404d725c1 - - default default] GET http://10.0.0.178:8776/
2026-06-27 06:54:37.923 7 INFO cinder.api.openstack.wsgi [None req-53e13236-a3a1-458a-bc56-69e853dc7e23 ec07357867834f23a0c3a96c22c15d37 90fd01646c6b4689bd3735c404d725c1 - - default default] http://10.0.0.178:8776/ returned with HTTP 300
2026-06-27 06:54:37.924 8 INFO cinder.api.openstack.wsgi [None req-0d582dc6-e4d1-4f04-b17a-3314b43895c3 ec07357867834f23a0c3a96c22c15d37 90fd01646c6b4689bd3735c404d725c1 - - default default] http://10.0.0.178:8776/ returned with HTTP 300
2026-06-27 06:54:47.922 8 INFO cinder.api.openstack.wsgi [None req-0d582dc6-e4d1-4f04-b17a-3314b43895c3 ec07357867834f23a0c3a96c22c15d37 90fd01646c6b4689bd3735c404d725c1 - - default default] GET http://10.0.0.178:8776/
2026-06-27 06:54:47.923 7 INFO cinder.api.openstack.wsgi [None req-53e13236-a3a1-458a-bc56-69e853dc7e23 ec07357867834f23a0c3a96c22c15d37 90fd01646c6b4689bd3735c404d725c1 - - default default] GET http://10.0.0.178:8776/
2026-06-27 06:54:47.923 8 INFO cinder.api.openstack.wsgi [None req-0d582dc6-e4d1-4f04-b17a-3314b43895c3 ec07357867834f23a0c3a96c22c15d37 90fd01646c6b4689bd3735c404d725c1 - - default default] http://10.0.0.178:8776/ returned with HTTP 300
2026-06-27 06:54:47.924 7 INFO cinder.api.openstack.wsgi [None req-53e13236-a3a1-458a-bc56-69e853dc7e23 ec07357867834f23a0c3a96c22c15d37 90fd01646c6b4689bd3735c404d725c1 - - default default] http://10.0.0.178:8776/ returned with HTTP 300 /var/lib/openstack/lib/python3.10/site-packages/pycadf/identifier.py:71: UserWarning: Invalid uuid: cinderv3. To ensure interoperability, identifiers should be a valid uuid. warnings.warn(('Invalid uuid: %s. To ensure interoperability, '
2026-06-27 06:54:57.382 8 INFO cinder.api.openstack.wsgi [None req-9f4aa524-ef16-4ba1-ad41-5bfa08347a7a abd9cc57a86b48d7a15f5f86c76bbf1d 861a604e7d104a3eaa50393b7c704dc6 - - default default] GET http://cinder-api.openstack.svc.cluster.local:8776/v3/861a604e7d104a3eaa50393b7c704dc6/volumes/detail?all_tenants=true
2026-06-27 06:54:57.393 8 INFO cinder.volume.api [None req-9f4aa524-ef16-4ba1-ad41-5bfa08347a7a abd9cc57a86b48d7a15f5f86c76bbf1d 861a604e7d104a3eaa50393b7c704dc6 - - default default] Get all volumes completed successfully.
2026-06-27 06:54:57.395 8 INFO cinder.api.openstack.wsgi [None req-9f4aa524-ef16-4ba1-ad41-5bfa08347a7a abd9cc57a86b48d7a15f5f86c76bbf1d 861a604e7d104a3eaa50393b7c704dc6 - - default default] http://cinder-api.openstack.svc.cluster.local:8776/v3/861a604e7d104a3eaa50393b7c704dc6/volumes/detail?all_tenants=true returned with HTTP 200 [pid: 8|app: 0|req: 433/864] 10.0.0.35 () {28 vars in 682 bytes} [Sat Jun 27 06:54:57 2026] GET /v3/861a604e7d104a3eaa50393b7c704dc6/volumes/detail?all_tenants=true => generated 15 bytes in 124 msecs (HTTP/1.1 200) 7 headers in 284 bytes (1 switches on core 0)
2026-06-27 06:54:57.407 7 INFO cinder.api.openstack.wsgi [None req-f1281ee8-59c7-4e88-88a0-eb1aaca80801 abd9cc57a86b48d7a15f5f86c76bbf1d 861a604e7d104a3eaa50393b7c704dc6 - - default default] GET http://cinder-api.openstack.svc.cluster.local:8776/v3/861a604e7d104a3eaa50393b7c704dc6/os-services
2026-06-27 06:54:57.412 7 INFO cinder.api.openstack.wsgi [None req-f1281ee8-59c7-4e88-88a0-eb1aaca80801 abd9cc57a86b48d7a15f5f86c76bbf1d 861a604e7d104a3eaa50393b7c704dc6 - - default default] http://cinder-api.openstack.svc.cluster.local:8776/v3/861a604e7d104a3eaa50393b7c704dc6/os-services returned with HTTP 200 [pid: 7|app: 0|req: 432/865] 10.0.0.35 () {28 vars in 643 bytes} [Sat Jun 27 06:54:57 2026] GET /v3/861a604e7d104a3eaa50393b7c704dc6/os-services => generated 646 bytes in 14 msecs (HTTP/1.1 200) 7 headers in 285 bytes (1 switches on core 0)
2026-06-27 06:54:57.452 8 INFO cinder.api.openstack.wsgi [None req-63033e77-1191-44b3-a2f3-854f10a53f8e abd9cc57a86b48d7a15f5f86c76bbf1d 861a604e7d104a3eaa50393b7c704dc6 - - default default] GET http://cinder-api.openstack.svc.cluster.local:8776/v3/861a604e7d104a3eaa50393b7c704dc6/os-quota-sets/0fc5cf2701324ef380d1874580cc7c87?usage=true
2026-06-27 06:54:57.475 8 INFO cinder.api.openstack.wsgi [None req-63033e77-1191-44b3-a2f3-854f10a53f8e abd9cc57a86b48d7a15f5f86c76bbf1d 861a604e7d104a3eaa50393b7c704dc6 - - default default] http://cinder-api.openstack.svc.cluster.local:8776/v3/861a604e7d104a3eaa50393b7c704dc6/os-quota-sets/0fc5cf2701324ef380d1874580cc7c87?usage=true returned with HTTP 200 [pid: 8|app: 0|req: 434/866] 10.0.0.35 () {28 vars in 734 bytes} [Sat Jun 27 06:54:57 2026] GET /v3/861a604e7d104a3eaa50393b7c704dc6/os-quota-sets/0fc5cf2701324ef380d1874580cc7c87?usage=true => generated 847 bytes in 28 msecs (HTTP/1.1 200) 7 headers in 285 bytes (1 switches on core 0)
2026-06-27 06:54:57.488 7 INFO cinder.api.openstack.wsgi [None req-969fad45-77ae-49bf-8828-efc6a6ba8ab1 abd9cc57a86b48d7a15f5f86c76bbf1d 861a604e7d104a3eaa50393b7c704dc6 - - default default] GET http://cinder-api.openstack.svc.cluster.local:8776/v3/861a604e7d104a3eaa50393b7c704dc6/os-quota-sets/2dd9d89c724a481e860668c741be44ad?usage=true
2026-06-27 06:54:57.509 7 INFO cinder.api.openstack.wsgi [None req-969fad45-77ae-49bf-8828-efc6a6ba8ab1 abd9cc57a86b48d7a15f5f86c76bbf1d 861a604e7d104a3eaa50393b7c704dc6 - - default default] http://cinder-api.openstack.svc.cluster.local:8776/v3/861a604e7d104a3eaa50393b7c704dc6/os-quota-sets/2dd9d89c724a481e860668c741be44ad?usage=true returned with HTTP 200 [pid: 7|app: 0|req: 433/867] 10.0.0.35 () {28 vars in 734 bytes} [Sat Jun 27 06:54:57 2026] GET /v3/861a604e7d104a3eaa50393b7c704dc6/os-quota-sets/2dd9d89c724a481e860668c741be44ad?usage=true => generated 847 bytes in 31 msecs (HTTP/1.1 200) 7 headers in 285 bytes (1 switches on core 0)
2026-06-27 06:54:57.520 8 INFO cinder.api.openstack.wsgi [None req-694d1ec5-4c71-4af5-94a4-76063943d33e abd9cc57a86b48d7a15f5f86c76bbf1d 861a604e7d104a3eaa50393b7c704dc6 - - default default] GET http://cinder-api.openstack.svc.cluster.local:8776/v3/861a604e7d104a3eaa50393b7c704dc6/os-quota-sets/3410c613a2474f929176bc8cc6a66202?usage=true
2026-06-27 06:54:57.546 8 INFO cinder.api.openstack.wsgi [None req-694d1ec5-4c71-4af5-94a4-76063943d33e abd9cc57a86b48d7a15f5f86c76bbf1d 861a604e7d104a3eaa50393b7c704dc6 - - default default] http://cinder-api.openstack.svc.cluster.local:8776/v3/861a604e7d104a3eaa50393b7c704dc6/os-quota-sets/3410c613a2474f929176bc8cc6a66202?usage=true returned with HTTP 200 [pid: 8|app: 0|req: 435/868] 10.0.0.35 () {28 vars in 734 bytes} [Sat Jun 27 06:54:57 2026] GET /v3/861a604e7d104a3eaa50393b7c704dc6/os-quota-sets/3410c613a2474f929176bc8cc6a66202?usage=true => generated 847 bytes in 34 msecs (HTTP/1.1 200) 7 headers in 285 bytes (1 switches on core 0)
2026-06-27 06:54:57.561 7 INFO cinder.api.openstack.wsgi [None req-357e41b6-08ad-4019-bde9-bebffb35e944 abd9cc57a86b48d7a15f5f86c76bbf1d 861a604e7d104a3eaa50393b7c704dc6 - - default default] GET http://cinder-api.openstack.svc.cluster.local:8776/v3/861a604e7d104a3eaa50393b7c704dc6/os-quota-sets/4958974eaaeb49048b1a6f36970f5886?usage=true
2026-06-27 06:54:57.583 7 INFO cinder.api.openstack.wsgi [None req-357e41b6-08ad-4019-bde9-bebffb35e944 abd9cc57a86b48d7a15f5f86c76bbf1d 861a604e7d104a3eaa50393b7c704dc6 - - default default] http://cinder-api.openstack.svc.cluster.local:8776/v3/861a604e7d104a3eaa50393b7c704dc6/os-quota-sets/4958974eaaeb49048b1a6f36970f5886?usage=true returned with HTTP 200 [pid: 7|app: 0|req: 434/869] 10.0.0.35 () {28 vars in 734 bytes} [Sat Jun 27 06:54:57 2026] GET /v3/861a604e7d104a3eaa50393b7c704dc6/os-quota-sets/4958974eaaeb49048b1a6f36970f5886?usage=true => generated 845 bytes in 33 msecs (HTTP/1.1 200) 7 headers in 285 bytes (1 switches on core 0)
2026-06-27 06:54:57.601 8 INFO cinder.api.openstack.wsgi [None req-75906523-82ba-4d77-b72a-fd08657e2b7d abd9cc57a86b48d7a15f5f86c76bbf1d 861a604e7d104a3eaa50393b7c704dc6 - - default default] GET http://cinder-api.openstack.svc.cluster.local:8776/v3/861a604e7d104a3eaa50393b7c704dc6/os-quota-sets/6f60146a6fad437e8b0179d408a650eb?usage=true
2026-06-27 06:54:57.630 8 INFO cinder.api.openstack.wsgi [None req-75906523-82ba-4d77-b72a-fd08657e2b7d abd9cc57a86b48d7a15f5f86c76bbf1d 861a604e7d104a3eaa50393b7c704dc6 - - default default] http://cinder-api.openstack.svc.cluster.local:8776/v3/861a604e7d104a3eaa50393b7c704dc6/os-quota-sets/6f60146a6fad437e8b0179d408a650eb?usage=true returned with HTTP 200 [pid: 8|app: 0|req: 436/870] 10.0.0.35 () {28 vars in 734 bytes} [Sat Jun 27 06:54:57 2026] GET /v3/861a604e7d104a3eaa50393b7c704dc6/os-quota-sets/6f60146a6fad437e8b0179d408a650eb?usage=true => generated 847 bytes in 41 msecs (HTTP/1.1 200) 7 headers in 285 bytes (1 switches on core 0)
2026-06-27 06:54:57.645 7 INFO cinder.api.openstack.wsgi [None req-cad988d5-46f8-48a5-97f6-d57a26c985e9 abd9cc57a86b48d7a15f5f86c76bbf1d 861a604e7d104a3eaa50393b7c704dc6 - - default default] GET http://cinder-api.openstack.svc.cluster.local:8776/v3/861a604e7d104a3eaa50393b7c704dc6/os-quota-sets/7a3f63ca642545cf803d5dd49051c00d?usage=true
2026-06-27 06:54:57.683 7 INFO cinder.api.openstack.wsgi [None req-cad988d5-46f8-48a5-97f6-d57a26c985e9 abd9cc57a86b48d7a15f5f86c76bbf1d 861a604e7d104a3eaa50393b7c704dc6 - - default default] http://cinder-api.openstack.svc.cluster.local:8776/v3/861a604e7d104a3eaa50393b7c704dc6/os-quota-sets/7a3f63ca642545cf803d5dd49051c00d?usage=true returned with HTTP 200 [pid: 7|app: 0|req: 435/871] 10.0.0.35 () {28 vars in 734 bytes} [Sat Jun 27 06:54:57 2026] GET /v3/861a604e7d104a3eaa50393b7c704dc6/os-quota-sets/7a3f63ca642545cf803d5dd49051c00d?usage=true => generated 847 bytes in 50 msecs (HTTP/1.1 200) 7 headers in 285 bytes (1 switches on core 0)
2026-06-27 06:54:57.696 8 INFO cinder.api.openstack.wsgi [None req-05cdcfca-d6a8-4849-b321-f30e0cfbf477 abd9cc57a86b48d7a15f5f86c76bbf1d 861a604e7d104a3eaa50393b7c704dc6 - - default default] GET http://cinder-api.openstack.svc.cluster.local:8776/v3/861a604e7d104a3eaa50393b7c704dc6/os-quota-sets/7ad73db921e24bd2a0792d4d7f684db5?usage=true
2026-06-27 06:54:57.722 8 INFO cinder.api.openstack.wsgi [None req-05cdcfca-d6a8-4849-b321-f30e0cfbf477 abd9cc57a86b48d7a15f5f86c76bbf1d 861a604e7d104a3eaa50393b7c704dc6 - - default default] http://cinder-api.openstack.svc.cluster.local:8776/v3/861a604e7d104a3eaa50393b7c704dc6/os-quota-sets/7ad73db921e24bd2a0792d4d7f684db5?usage=true returned with HTTP 200 [pid: 8|app: 0|req: 437/872] 10.0.0.35 () {28 vars in 734 bytes} [Sat Jun 27 06:54:57 2026] GET /v3/861a604e7d104a3eaa50393b7c704dc6/os-quota-sets/7ad73db921e24bd2a0792d4d7f684db5?usage=true => generated 847 bytes in 34 msecs (HTTP/1.1 200) 7 headers in 285 bytes (1 switches on core 0)
2026-06-27 06:54:57.735 7 INFO cinder.api.openstack.wsgi [None req-fd8c7464-0e06-47ed-8815-792114a046ae abd9cc57a86b48d7a15f5f86c76bbf1d 861a604e7d104a3eaa50393b7c704dc6 - - default default] GET http://cinder-api.openstack.svc.cluster.local:8776/v3/861a604e7d104a3eaa50393b7c704dc6/os-quota-sets/861a604e7d104a3eaa50393b7c704dc6?usage=true
2026-06-27 06:54:57.768 7 INFO cinder.api.openstack.wsgi [None req-fd8c7464-0e06-47ed-8815-792114a046ae abd9cc57a86b48d7a15f5f86c76bbf1d 861a604e7d104a3eaa50393b7c704dc6 - - default default] http://cinder-api.openstack.svc.cluster.local:8776/v3/861a604e7d104a3eaa50393b7c704dc6/os-quota-sets/861a604e7d104a3eaa50393b7c704dc6?usage=true returned with HTTP 200 [pid: 7|app: 0|req: 436/873] 10.0.0.35 () {28 vars in 734 bytes} [Sat Jun 27 06:54:57 2026] GET /v3/861a604e7d104a3eaa50393b7c704dc6/os-quota-sets/861a604e7d104a3eaa50393b7c704dc6?usage=true => generated 845 bytes in 42 msecs (HTTP/1.1 200) 7 headers in 285 bytes (1 switches on core 0)
2026-06-27 06:54:57.784 8 INFO cinder.api.openstack.wsgi [None req-36a2d168-0479-4b0c-9f1e-46522c7ea5ac abd9cc57a86b48d7a15f5f86c76bbf1d 861a604e7d104a3eaa50393b7c704dc6 - - default default] GET http://cinder-api.openstack.svc.cluster.local:8776/v3/861a604e7d104a3eaa50393b7c704dc6/os-quota-sets/8e82f2d195c548e4b1ce43f892670aaa?usage=true
2026-06-27 06:54:57.820 8 INFO cinder.api.openstack.wsgi [None req-36a2d168-0479-4b0c-9f1e-46522c7ea5ac abd9cc57a86b48d7a15f5f86c76bbf1d 861a604e7d104a3eaa50393b7c704dc6 - - default default] http://cinder-api.openstack.svc.cluster.local:8776/v3/861a604e7d104a3eaa50393b7c704dc6/os-quota-sets/8e82f2d195c548e4b1ce43f892670aaa?usage=true returned with HTTP 200 [pid: 8|app: 0|req: 438/874] 10.0.0.35 () {28 vars in 734 bytes} [Sat Jun 27 06:54:57 2026] GET /v3/861a604e7d104a3eaa50393b7c704dc6/os-quota-sets/8e82f2d195c548e4b1ce43f892670aaa?usage=true => generated 847 bytes in 49 msecs (HTTP/1.1 200) 7 headers in 285 bytes (1 switches on core 0)
2026-06-27 06:54:57.836 7 INFO cinder.api.openstack.wsgi [None req-748677f8-d96d-4b91-a431-504dce63a66c abd9cc57a86b48d7a15f5f86c76bbf1d 861a604e7d104a3eaa50393b7c704dc6 - - default default] GET http://cinder-api.openstack.svc.cluster.local:8776/v3/861a604e7d104a3eaa50393b7c704dc6/os-quota-sets/98eb9227f2e04be0adcd6b7fae8aaa0c?usage=true
2026-06-27 06:54:57.860 7 INFO cinder.api.openstack.wsgi [None req-748677f8-d96d-4b91-a431-504dce63a66c abd9cc57a86b48d7a15f5f86c76bbf1d 861a604e7d104a3eaa50393b7c704dc6 - - default default] http://cinder-api.openstack.svc.cluster.local:8776/v3/861a604e7d104a3eaa50393b7c704dc6/os-quota-sets/98eb9227f2e04be0adcd6b7fae8aaa0c?usage=true returned with HTTP 200 [pid: 7|app: 0|req: 437/875] 10.0.0.35 () {28 vars in 734 bytes} [Sat Jun 27 06:54:57 2026] GET /v3/861a604e7d104a3eaa50393b7c704dc6/os-quota-sets/98eb9227f2e04be0adcd6b7fae8aaa0c?usage=true => generated 847 bytes in 34 msecs (HTTP/1.1 200) 7 headers in 285 bytes (1 switches on core 0)
2026-06-27 06:54:57.877 8 INFO cinder.api.openstack.wsgi [None req-7c232a4c-2169-4ad3-a3ef-298454e03db1 abd9cc57a86b48d7a15f5f86c76bbf1d 861a604e7d104a3eaa50393b7c704dc6 - - default default] GET http://cinder-api.openstack.svc.cluster.local:8776/v3/861a604e7d104a3eaa50393b7c704dc6/os-quota-sets/9efe69cee6c546bf8db96baaf1b1186b?usage=true
2026-06-27 06:54:57.902 8 INFO cinder.api.openstack.wsgi [None req-7c232a4c-2169-4ad3-a3ef-298454e03db1 abd9cc57a86b48d7a15f5f86c76bbf1d 861a604e7d104a3eaa50393b7c704dc6 - - default default] http://cinder-api.openstack.svc.cluster.local:8776/v3/861a604e7d104a3eaa50393b7c704dc6/os-quota-sets/9efe69cee6c546bf8db96baaf1b1186b?usage=true returned with HTTP 200 [pid: 8|app: 0|req: 439/876] 10.0.0.35 () {28 vars in 734 bytes} [Sat Jun 27 06:54:57 2026] GET /v3/861a604e7d104a3eaa50393b7c704dc6/os-quota-sets/9efe69cee6c546bf8db96baaf1b1186b?usage=true => generated 847 bytes in 36 msecs (HTTP/1.1 200) 7 headers in 285 bytes (1 switches on core 0)
2026-06-27 06:54:57.919 7 INFO cinder.api.openstack.wsgi [None req-07044617-49fd-4882-9f92-67012d7ae409 abd9cc57a86b48d7a15f5f86c76bbf1d 861a604e7d104a3eaa50393b7c704dc6 - - default default] GET http://cinder-api.openstack.svc.cluster.local:8776/v3/861a604e7d104a3eaa50393b7c704dc6/os-quota-sets/bc3662944b5a4438abe56c78ea78e0f5?usage=true
2026-06-27 06:54:57.923 8 INFO cinder.api.openstack.wsgi [None req-7c232a4c-2169-4ad3-a3ef-298454e03db1 abd9cc57a86b48d7a15f5f86c76bbf1d 861a604e7d104a3eaa50393b7c704dc6 - - default default] GET http://10.0.0.178:8776/
2026-06-27 06:54:57.924 8 INFO cinder.api.openstack.wsgi [None req-7c232a4c-2169-4ad3-a3ef-298454e03db1 abd9cc57a86b48d7a15f5f86c76bbf1d 861a604e7d104a3eaa50393b7c704dc6 - - default default] http://10.0.0.178:8776/ returned with HTTP 300
2026-06-27 06:54:57.927 8 INFO cinder.api.openstack.wsgi [None req-7c232a4c-2169-4ad3-a3ef-298454e03db1 abd9cc57a86b48d7a15f5f86c76bbf1d 861a604e7d104a3eaa50393b7c704dc6 - - default default] GET http://10.0.0.178:8776/
2026-06-27 06:54:57.927 8 INFO cinder.api.openstack.wsgi [None req-7c232a4c-2169-4ad3-a3ef-298454e03db1 abd9cc57a86b48d7a15f5f86c76bbf1d 861a604e7d104a3eaa50393b7c704dc6 - - default default] http://10.0.0.178:8776/ returned with HTTP 300
2026-06-27 06:54:57.943 7 INFO cinder.api.openstack.wsgi [None req-07044617-49fd-4882-9f92-67012d7ae409 abd9cc57a86b48d7a15f5f86c76bbf1d 861a604e7d104a3eaa50393b7c704dc6 - - default default] http://cinder-api.openstack.svc.cluster.local:8776/v3/861a604e7d104a3eaa50393b7c704dc6/os-quota-sets/bc3662944b5a4438abe56c78ea78e0f5?usage=true returned with HTTP 200 [pid: 7|app: 0|req: 438/879] 10.0.0.35 () {28 vars in 734 bytes} [Sat Jun 27 06:54:57 2026] GET /v3/861a604e7d104a3eaa50393b7c704dc6/os-quota-sets/bc3662944b5a4438abe56c78ea78e0f5?usage=true => generated 847 bytes in 34 msecs (HTTP/1.1 200) 7 headers in 285 bytes (1 switches on core 0)
2026-06-27 06:54:57.956 8 INFO cinder.api.openstack.wsgi [None req-2e11f4a6-0ca8-4de6-ad8a-32689d5ed25e abd9cc57a86b48d7a15f5f86c76bbf1d 861a604e7d104a3eaa50393b7c704dc6 - - default default] GET http://cinder-api.openstack.svc.cluster.local:8776/v3/861a604e7d104a3eaa50393b7c704dc6/os-quota-sets/beaa1a10d23f465099093ba016fad16c?usage=true
2026-06-27 06:54:57.977 8 INFO cinder.api.openstack.wsgi [None req-2e11f4a6-0ca8-4de6-ad8a-32689d5ed25e abd9cc57a86b48d7a15f5f86c76bbf1d 861a604e7d104a3eaa50393b7c704dc6 - - default default] http://cinder-api.openstack.svc.cluster.local:8776/v3/861a604e7d104a3eaa50393b7c704dc6/os-quota-sets/beaa1a10d23f465099093ba016fad16c?usage=true returned with HTTP 200 [pid: 8|app: 0|req: 442/880] 10.0.0.35 () {28 vars in 734 bytes} [Sat Jun 27 06:54:57 2026] GET /v3/861a604e7d104a3eaa50393b7c704dc6/os-quota-sets/beaa1a10d23f465099093ba016fad16c?usage=true => generated 847 bytes in 30 msecs (HTTP/1.1 200) 7 headers in 285 bytes (1 switches on core 0)
2026-06-27 06:54:57.990 7 INFO cinder.api.openstack.wsgi [None req-7f5585ec-d3d7-4484-83a5-ec2a874d7386 abd9cc57a86b48d7a15f5f86c76bbf1d 861a604e7d104a3eaa50393b7c704dc6 - - default default] GET http://cinder-api.openstack.svc.cluster.local:8776/v3/861a604e7d104a3eaa50393b7c704dc6/os-quota-sets/d2640eb52a2946a8b72edf489b819fe1?usage=true
2026-06-27 06:54:58.013 7 INFO cinder.api.openstack.wsgi [None req-7f5585ec-d3d7-4484-83a5-ec2a874d7386 abd9cc57a86b48d7a15f5f86c76bbf1d 861a604e7d104a3eaa50393b7c704dc6 - - default default] http://cinder-api.openstack.svc.cluster.local:8776/v3/861a604e7d104a3eaa50393b7c704dc6/os-quota-sets/d2640eb52a2946a8b72edf489b819fe1?usage=true returned with HTTP 200 [pid: 7|app: 0|req: 439/881] 10.0.0.35 () {28 vars in 734 bytes} [Sat Jun 27 06:54:57 2026] GET /v3/861a604e7d104a3eaa50393b7c704dc6/os-quota-sets/d2640eb52a2946a8b72edf489b819fe1?usage=true => generated 847 bytes in 33 msecs (HTTP/1.1 200) 7 headers in 285 bytes (1 switches on core 0)
2026-06-27 06:54:58.026 8 INFO cinder.api.openstack.wsgi [None req-6c6fcee0-c57c-4225-b78a-a0902ba73b81 abd9cc57a86b48d7a15f5f86c76bbf1d 861a604e7d104a3eaa50393b7c704dc6 - - default default] GET http://cinder-api.openstack.svc.cluster.local:8776/v3/861a604e7d104a3eaa50393b7c704dc6/os-quota-sets/e9c7c3276ebf426799b3a33f3cf9268c?usage=true
2026-06-27 06:54:58.051 8 INFO cinder.api.openstack.wsgi [None req-6c6fcee0-c57c-4225-b78a-a0902ba73b81 abd9cc57a86b48d7a15f5f86c76bbf1d 861a604e7d104a3eaa50393b7c704dc6 - - default default] http://cinder-api.openstack.svc.cluster.local:8776/v3/861a604e7d104a3eaa50393b7c704dc6/os-quota-sets/e9c7c3276ebf426799b3a33f3cf9268c?usage=true returned with HTTP 200 [pid: 8|app: 0|req: 443/882] 10.0.0.35 () {28 vars in 734 bytes} [Sat Jun 27 06:54:58 2026] GET /v3/861a604e7d104a3eaa50393b7c704dc6/os-quota-sets/e9c7c3276ebf426799b3a33f3cf9268c?usage=true => generated 847 bytes in 34 msecs (HTTP/1.1 200) 7 headers in 285 bytes (1 switches on core 0)
2026-06-27 06:54:58.061 7 INFO cinder.api.openstack.wsgi [None req-b18ca4ce-1cae-4fd6-9b04-ed7a801f0ebd abd9cc57a86b48d7a15f5f86c76bbf1d 861a604e7d104a3eaa50393b7c704dc6 - - default default] GET http://cinder-api.openstack.svc.cluster.local:8776/v3/861a604e7d104a3eaa50393b7c704dc6/os-quota-sets/f10f6cb002994b8882d9136037b2cbc4?usage=true
2026-06-27 06:54:58.082 7 INFO cinder.api.openstack.wsgi [None req-b18ca4ce-1cae-4fd6-9b04-ed7a801f0ebd abd9cc57a86b48d7a15f5f86c76bbf1d 861a604e7d104a3eaa50393b7c704dc6 - - default default] http://cinder-api.openstack.svc.cluster.local:8776/v3/861a604e7d104a3eaa50393b7c704dc6/os-quota-sets/f10f6cb002994b8882d9136037b2cbc4?usage=true returned with HTTP 200 [pid: 7|app: 0|req: 440/883] 10.0.0.35 () {28 vars in 734 bytes} [Sat Jun 27 06:54:58 2026] GET /v3/861a604e7d104a3eaa50393b7c704dc6/os-quota-sets/f10f6cb002994b8882d9136037b2cbc4?usage=true => generated 847 bytes in 26 msecs (HTTP/1.1 200) 7 headers in 285 bytes (1 switches on core 0)
2026-06-27 06:54:58.096 8 INFO cinder.api.openstack.wsgi [None req-61e3af9c-ab1a-4168-b65d-0fadb2a87955 abd9cc57a86b48d7a15f5f86c76bbf1d 861a604e7d104a3eaa50393b7c704dc6 - - default default] GET http://cinder-api.openstack.svc.cluster.local:8776/v3/861a604e7d104a3eaa50393b7c704dc6/snapshots?all_tenants=true
2026-06-27 06:54:58.103 8 INFO cinder.volume.api [None req-61e3af9c-ab1a-4168-b65d-0fadb2a87955 abd9cc57a86b48d7a15f5f86c76bbf1d 861a604e7d104a3eaa50393b7c704dc6 - - default default] Get all snapshots completed successfully.
2026-06-27 06:54:58.103 8 INFO cinder.api.openstack.wsgi [None req-61e3af9c-ab1a-4168-b65d-0fadb2a87955 abd9cc57a86b48d7a15f5f86c76bbf1d 861a604e7d104a3eaa50393b7c704dc6 - - default default] http://cinder-api.openstack.svc.cluster.local:8776/v3/861a604e7d104a3eaa50393b7c704dc6/snapshots?all_tenants=true returned with HTTP 200 [pid: 8|app: 0|req: 444/884] 10.0.0.35 () {28 vars in 672 bytes} [Sat Jun 27 06:54:58 2026] GET /v3/861a604e7d104a3eaa50393b7c704dc6/snapshots?all_tenants=true => generated 17 bytes in 17 msecs (HTTP/1.1 200) 7 headers in 284 bytes (1 switches on core 0)
2026-06-27 06:54:58.115 7 INFO cinder.api.openstack.wsgi [None req-c9ab58f6-b397-4653-9d50-26df5b357229 abd9cc57a86b48d7a15f5f86c76bbf1d 861a604e7d104a3eaa50393b7c704dc6 - - default default] GET http://cinder-api.openstack.svc.cluster.local:8776/v3/861a604e7d104a3eaa50393b7c704dc6/volumes/detail?all_tenants=true
2026-06-27 06:54:58.125 7 INFO cinder.volume.api [None req-c9ab58f6-b397-4653-9d50-26df5b357229 abd9cc57a86b48d7a15f5f86c76bbf1d 861a604e7d104a3eaa50393b7c704dc6 - - default default] Get all volumes completed successfully.
2026-06-27 06:54:58.127 7 INFO cinder.api.openstack.wsgi [None req-c9ab58f6-b397-4653-9d50-26df5b357229 abd9cc57a86b48d7a15f5f86c76bbf1d 861a604e7d104a3eaa50393b7c704dc6 - - default default] http://cinder-api.openstack.svc.cluster.local:8776/v3/861a604e7d104a3eaa50393b7c704dc6/volumes/detail?all_tenants=true returned with HTTP 200 [pid: 7|app: 0|req: 441/885] 10.0.0.35 () {28 vars in 682 bytes} [Sat Jun 27 06:54:58 2026] GET /v3/861a604e7d104a3eaa50393b7c704dc6/volumes/detail?all_tenants=true => generated 15 bytes in 21 msecs (HTTP/1.1 200) 7 headers in 284 bytes (1 switches on core 0)
2026-06-27 06:54:58.142 8 INFO cinder.api.openstack.wsgi [None req-334d268d-8583-43ee-b41b-1773e3fcc715 abd9cc57a86b48d7a15f5f86c76bbf1d 861a604e7d104a3eaa50393b7c704dc6 - - default default] GET http://cinder-api.openstack.svc.cluster.local:8776/v3/861a604e7d104a3eaa50393b7c704dc6/scheduler-stats/get_pools?detail=true
2026-06-27 06:54:58.157 8 INFO cinder.api.openstack.wsgi [None req-334d268d-8583-43ee-b41b-1773e3fcc715 abd9cc57a86b48d7a15f5f86c76bbf1d 861a604e7d104a3eaa50393b7c704dc6 - - default default] http://cinder-api.openstack.svc.cluster.local:8776/v3/861a604e7d104a3eaa50393b7c704dc6/scheduler-stats/get_pools?detail=true returned with HTTP 200 [pid: 8|app: 0|req: 445/886] 10.0.0.35 () {28 vars in 694 bytes} [Sat Jun 27 06:54:58 2026] GET /v3/861a604e7d104a3eaa50393b7c704dc6/scheduler-stats/get_pools?detail=true => generated 670 bytes in 27 msecs (HTTP/1.1 200) 7 headers in 285 bytes (1 switches on core 0)
2026-06-27 06:55:07.922 7 INFO cinder.api.openstack.wsgi [None req-c9ab58f6-b397-4653-9d50-26df5b357229 abd9cc57a86b48d7a15f5f86c76bbf1d 861a604e7d104a3eaa50393b7c704dc6 - - default default] GET http://10.0.0.178:8776/
2026-06-27 06:55:07.922 8 INFO cinder.api.openstack.wsgi [None req-334d268d-8583-43ee-b41b-1773e3fcc715 abd9cc57a86b48d7a15f5f86c76bbf1d 861a604e7d104a3eaa50393b7c704dc6 - - default default] GET http://10.0.0.178:8776/
2026-06-27 06:55:07.923 7 INFO cinder.api.openstack.wsgi [None req-c9ab58f6-b397-4653-9d50-26df5b357229 abd9cc57a86b48d7a15f5f86c76bbf1d 861a604e7d104a3eaa50393b7c704dc6 - - default default] http://10.0.0.178:8776/ returned with HTTP 300
2026-06-27 06:55:07.923 8 INFO cinder.api.openstack.wsgi [None req-334d268d-8583-43ee-b41b-1773e3fcc715 abd9cc57a86b48d7a15f5f86c76bbf1d 861a604e7d104a3eaa50393b7c704dc6 - - default default] http://10.0.0.178:8776/ returned with HTTP 300
2026-06-27 06:55:17.922 8 INFO cinder.api.openstack.wsgi [None req-334d268d-8583-43ee-b41b-1773e3fcc715 abd9cc57a86b48d7a15f5f86c76bbf1d 861a604e7d104a3eaa50393b7c704dc6 - - default default] GET http://10.0.0.178:8776/
2026-06-27 06:55:17.922 7 INFO cinder.api.openstack.wsgi [None req-c9ab58f6-b397-4653-9d50-26df5b357229 abd9cc57a86b48d7a15f5f86c76bbf1d 861a604e7d104a3eaa50393b7c704dc6 - - default default] GET http://10.0.0.178:8776/
2026-06-27 06:55:17.923 8 INFO cinder.api.openstack.wsgi [None req-334d268d-8583-43ee-b41b-1773e3fcc715 abd9cc57a86b48d7a15f5f86c76bbf1d 861a604e7d104a3eaa50393b7c704dc6 - - default default] http://10.0.0.178:8776/ returned with HTTP 300
2026-06-27 06:55:17.924 7 INFO cinder.api.openstack.wsgi [None req-c9ab58f6-b397-4653-9d50-26df5b357229 abd9cc57a86b48d7a15f5f86c76bbf1d 861a604e7d104a3eaa50393b7c704dc6 - - default default] http://10.0.0.178:8776/ returned with HTTP 300
2026-06-27 06:55:22.381 8 INFO cinder.api.openstack.wsgi [None req-499d5150-27f7-46f6-baea-ac3527ead9bd abd9cc57a86b48d7a15f5f86c76bbf1d 861a604e7d104a3eaa50393b7c704dc6 - - default default] POST http://cinder-api.openstack.svc.cluster.local:8776/v3/861a604e7d104a3eaa50393b7c704dc6/volumes
2026-06-27 06:55:22.494 8 INFO cinder.api.v3.volumes [None req-499d5150-27f7-46f6-baea-ac3527ead9bd abd9cc57a86b48d7a15f5f86c76bbf1d 861a604e7d104a3eaa50393b7c704dc6 - - default default] Create volume of 16 GB
2026-06-27 06:55:22.506 8 INFO cinder.volume.api [None req-499d5150-27f7-46f6-baea-ac3527ead9bd abd9cc57a86b48d7a15f5f86c76bbf1d 861a604e7d104a3eaa50393b7c704dc6 - - default default] Availability Zones retrieved successfully.
2026-06-27 06:55:22.743 8 INFO cinder.volume.api [None req-499d5150-27f7-46f6-baea-ac3527ead9bd abd9cc57a86b48d7a15f5f86c76bbf1d 861a604e7d104a3eaa50393b7c704dc6 - - default default] Create volume request issued successfully.
2026-06-27 06:55:22.744 8 INFO cinder.api.openstack.wsgi [None req-499d5150-27f7-46f6-baea-ac3527ead9bd abd9cc57a86b48d7a15f5f86c76bbf1d 861a604e7d104a3eaa50393b7c704dc6 - - default default] http://cinder-api.openstack.svc.cluster.local:8776/v3/861a604e7d104a3eaa50393b7c704dc6/volumes returned with HTTP 202 [pid: 8|app: 0|req: 448/891] 199.204.45.229 () {34 vars in 733 bytes} [Sat Jun 27 06:55:22 2026] POST /v3/861a604e7d104a3eaa50393b7c704dc6/volumes => generated 846 bytes in 600 msecs (HTTP/1.1 202) 7 headers in 291 bytes (1 switches on core 0)
2026-06-27 06:55:22.762 7 INFO cinder.api.openstack.wsgi [req-499d5150-27f7-46f6-baea-ac3527ead9bd req-67492e09-3f04-462b-96ca-3b81ed975fa2 abd9cc57a86b48d7a15f5f86c76bbf1d 861a604e7d104a3eaa50393b7c704dc6 - - default default] GET http://cinder-api.openstack.svc.cluster.local:8776/v3/861a604e7d104a3eaa50393b7c704dc6/volumes/3aa45d7c-a3e8-47fd-ad48-7e09b8e15bb2 /var/lib/openstack/lib/python3.10/site-packages/oslo_context/context.py:100: DeprecationWarning: Policy enforcement is depending on the value of is_admin. This key is deprecated. Please update your policy file to use the standard policy values. warnings.warn('Policy enforcement is depending on the value of '
2026-06-27 06:55:22.798 7 INFO cinder.volume.api [req-499d5150-27f7-46f6-baea-ac3527ead9bd req-67492e09-3f04-462b-96ca-3b81ed975fa2 abd9cc57a86b48d7a15f5f86c76bbf1d 861a604e7d104a3eaa50393b7c704dc6 - - default default] Volume info retrieved successfully.
2026-06-27 06:55:22.803 7 INFO cinder.api.openstack.wsgi [req-499d5150-27f7-46f6-baea-ac3527ead9bd req-67492e09-3f04-462b-96ca-3b81ed975fa2 abd9cc57a86b48d7a15f5f86c76bbf1d 861a604e7d104a3eaa50393b7c704dc6 - - default default] http://cinder-api.openstack.svc.cluster.local:8776/v3/861a604e7d104a3eaa50393b7c704dc6/volumes/3aa45d7c-a3e8-47fd-ad48-7e09b8e15bb2 returned with HTTP 200 [pid: 7|app: 0|req: 444/892] 199.204.45.229 () {32 vars in 824 bytes} [Sat Jun 27 06:55:22 2026] GET /v3/861a604e7d104a3eaa50393b7c704dc6/volumes/3aa45d7c-a3e8-47fd-ad48-7e09b8e15bb2 => generated 1025 bytes in 51 msecs (HTTP/1.1 200) 7 headers in 286 bytes (1 switches on core 0) /var/lib/openstack/lib/python3.10/site-packages/pycadf/identifier.py:71: UserWarning: Invalid uuid: cinderv3. To ensure interoperability, identifiers should be a valid uuid. warnings.warn(('Invalid uuid: %s. To ensure interoperability, '
2026-06-27 06:55:27.827 8 INFO cinder.api.openstack.wsgi [req-499d5150-27f7-46f6-baea-ac3527ead9bd req-8fb70a6d-b310-4662-a879-3e8e97a68874 abd9cc57a86b48d7a15f5f86c76bbf1d 861a604e7d104a3eaa50393b7c704dc6 - - default default] GET http://cinder-api.openstack.svc.cluster.local:8776/v3/861a604e7d104a3eaa50393b7c704dc6/volumes/3aa45d7c-a3e8-47fd-ad48-7e09b8e15bb2 /var/lib/openstack/lib/python3.10/site-packages/oslo_context/context.py:100: DeprecationWarning: Policy enforcement is depending on the value of is_admin. This key is deprecated. Please update your policy file to use the standard policy values. warnings.warn('Policy enforcement is depending on the value of '
2026-06-27 06:55:27.848 8 INFO cinder.volume.api [req-499d5150-27f7-46f6-baea-ac3527ead9bd req-8fb70a6d-b310-4662-a879-3e8e97a68874 abd9cc57a86b48d7a15f5f86c76bbf1d 861a604e7d104a3eaa50393b7c704dc6 - - default default] Volume info retrieved successfully.
2026-06-27 06:55:27.858 8 INFO cinder.api.openstack.wsgi [req-499d5150-27f7-46f6-baea-ac3527ead9bd req-8fb70a6d-b310-4662-a879-3e8e97a68874 abd9cc57a86b48d7a15f5f86c76bbf1d 861a604e7d104a3eaa50393b7c704dc6 - - default default] http://cinder-api.openstack.svc.cluster.local:8776/v3/861a604e7d104a3eaa50393b7c704dc6/volumes/3aa45d7c-a3e8-47fd-ad48-7e09b8e15bb2 returned with HTTP 200 [pid: 8|app: 0|req: 449/893] 199.204.45.229 () {32 vars in 824 bytes} [Sat Jun 27 06:55:27 2026] GET /v3/861a604e7d104a3eaa50393b7c704dc6/volumes/3aa45d7c-a3e8-47fd-ad48-7e09b8e15bb2 => generated 1489 bytes in 38 msecs (HTTP/1.1 200) 7 headers in 286 bytes (1 switches on core 0)
2026-06-27 06:55:27.921 7 INFO cinder.api.openstack.wsgi [req-499d5150-27f7-46f6-baea-ac3527ead9bd req-67492e09-3f04-462b-96ca-3b81ed975fa2 abd9cc57a86b48d7a15f5f86c76bbf1d 861a604e7d104a3eaa50393b7c704dc6 - - default default] GET http://10.0.0.178:8776/
2026-06-27 06:55:27.922 8 INFO cinder.api.openstack.wsgi [req-499d5150-27f7-46f6-baea-ac3527ead9bd req-8fb70a6d-b310-4662-a879-3e8e97a68874 abd9cc57a86b48d7a15f5f86c76bbf1d 861a604e7d104a3eaa50393b7c704dc6 - - default default] GET http://10.0.0.178:8776/
2026-06-27 06:55:27.922 7 INFO cinder.api.openstack.wsgi [req-499d5150-27f7-46f6-baea-ac3527ead9bd req-67492e09-3f04-462b-96ca-3b81ed975fa2 abd9cc57a86b48d7a15f5f86c76bbf1d 861a604e7d104a3eaa50393b7c704dc6 - - default default] http://10.0.0.178:8776/ returned with HTTP 300
2026-06-27 06:55:27.923 8 INFO cinder.api.openstack.wsgi [req-499d5150-27f7-46f6-baea-ac3527ead9bd req-8fb70a6d-b310-4662-a879-3e8e97a68874 abd9cc57a86b48d7a15f5f86c76bbf1d 861a604e7d104a3eaa50393b7c704dc6 - - default default] http://10.0.0.178:8776/ returned with HTTP 300 /var/lib/openstack/lib/python3.10/site-packages/pycadf/identifier.py:71: UserWarning: Invalid uuid: cinderv3. To ensure interoperability, identifiers should be a valid uuid. warnings.warn(('Invalid uuid: %s. To ensure interoperability, '
2026-06-27 06:55:28.568 7 INFO cinder.api.openstack.wsgi [req-f8d6f171-2ee3-4434-b1c8-5bc6debc722f req-fea0bee5-daa4-4e09-ac9a-2683066cc5fc abd9cc57a86b48d7a15f5f86c76bbf1d 861a604e7d104a3eaa50393b7c704dc6 - - default default] GET http://cinder-api.openstack.svc.cluster.local:8776/v3/861a604e7d104a3eaa50393b7c704dc6/volumes/3aa45d7c-a3e8-47fd-ad48-7e09b8e15bb2 /var/lib/openstack/lib/python3.10/site-packages/oslo_context/context.py:100: DeprecationWarning: Policy enforcement is depending on the value of is_admin. This key is deprecated. Please update your policy file to use the standard policy values. warnings.warn('Policy enforcement is depending on the value of '
2026-06-27 06:55:28.582 7 INFO cinder.volume.api [req-f8d6f171-2ee3-4434-b1c8-5bc6debc722f req-fea0bee5-daa4-4e09-ac9a-2683066cc5fc abd9cc57a86b48d7a15f5f86c76bbf1d 861a604e7d104a3eaa50393b7c704dc6 - - default default] Volume info retrieved successfully.
2026-06-27 06:55:28.590 7 INFO cinder.api.openstack.wsgi [req-f8d6f171-2ee3-4434-b1c8-5bc6debc722f req-fea0bee5-daa4-4e09-ac9a-2683066cc5fc abd9cc57a86b48d7a15f5f86c76bbf1d 861a604e7d104a3eaa50393b7c704dc6 - - default default] http://cinder-api.openstack.svc.cluster.local:8776/v3/861a604e7d104a3eaa50393b7c704dc6/volumes/3aa45d7c-a3e8-47fd-ad48-7e09b8e15bb2 returned with HTTP 200 [pid: 7|app: 0|req: 446/896] 10.0.0.42 () {34 vars in 1026 bytes} [Sat Jun 27 06:55:28 2026] GET /v3/861a604e7d104a3eaa50393b7c704dc6/volumes/3aa45d7c-a3e8-47fd-ad48-7e09b8e15bb2 => generated 1489 bytes in 32 msecs (HTTP/1.1 200) 7 headers in 286 bytes (1 switches on core 0) /var/lib/openstack/lib/python3.10/site-packages/pycadf/identifier.py:71: UserWarning: Invalid uuid: cinderv3. To ensure interoperability, identifiers should be a valid uuid. warnings.warn(('Invalid uuid: %s. To ensure interoperability, '
2026-06-27 06:55:29.155 8 INFO cinder.api.openstack.wsgi [req-f8d6f171-2ee3-4434-b1c8-5bc6debc722f req-0c871841-8a7b-403f-924d-045557303e5b abd9cc57a86b48d7a15f5f86c76bbf1d 861a604e7d104a3eaa50393b7c704dc6 - - default default] GET http://cinder-api.openstack.svc.cluster.local:8776/v3/861a604e7d104a3eaa50393b7c704dc6/volumes/3aa45d7c-a3e8-47fd-ad48-7e09b8e15bb2 /var/lib/openstack/lib/python3.10/site-packages/oslo_context/context.py:100: DeprecationWarning: Policy enforcement is depending on the value of is_admin. This key is deprecated. Please update your policy file to use the standard policy values. warnings.warn('Policy enforcement is depending on the value of '
2026-06-27 06:55:29.176 8 INFO cinder.volume.api [req-f8d6f171-2ee3-4434-b1c8-5bc6debc722f req-0c871841-8a7b-403f-924d-045557303e5b abd9cc57a86b48d7a15f5f86c76bbf1d 861a604e7d104a3eaa50393b7c704dc6 - - default default] Volume info retrieved successfully.
2026-06-27 06:55:29.186 8 INFO cinder.api.openstack.wsgi [req-f8d6f171-2ee3-4434-b1c8-5bc6debc722f req-0c871841-8a7b-403f-924d-045557303e5b abd9cc57a86b48d7a15f5f86c76bbf1d 861a604e7d104a3eaa50393b7c704dc6 - - default default] http://cinder-api.openstack.svc.cluster.local:8776/v3/861a604e7d104a3eaa50393b7c704dc6/volumes/3aa45d7c-a3e8-47fd-ad48-7e09b8e15bb2 returned with HTTP 200 [pid: 8|app: 0|req: 451/897] 10.0.0.42 () {34 vars in 1026 bytes} [Sat Jun 27 06:55:29 2026] GET /v3/861a604e7d104a3eaa50393b7c704dc6/volumes/3aa45d7c-a3e8-47fd-ad48-7e09b8e15bb2 => generated 1489 bytes in 41 msecs (HTTP/1.1 200) 7 headers in 286 bytes (1 switches on core 0)
2026-06-27 06:55:29.206 7 INFO cinder.api.openstack.wsgi [req-f8d6f171-2ee3-4434-b1c8-5bc6debc722f req-fea0bee5-daa4-4e09-ac9a-2683066cc5fc abd9cc57a86b48d7a15f5f86c76bbf1d 861a604e7d104a3eaa50393b7c704dc6 - - default default] GET http://cinder-api.openstack.svc.cluster.local:8776/
2026-06-27 06:55:29.209 7 INFO cinder.api.openstack.wsgi [req-f8d6f171-2ee3-4434-b1c8-5bc6debc722f req-fea0bee5-daa4-4e09-ac9a-2683066cc5fc abd9cc57a86b48d7a15f5f86c76bbf1d 861a604e7d104a3eaa50393b7c704dc6 - - default default] http://cinder-api.openstack.svc.cluster.local:8776/ returned with HTTP 300 [pid: 7|app: 0|req: 447/898] 10.0.0.42 () {32 vars in 827 bytes} [Sat Jun 27 06:55:29 2026] GET / => generated 411 bytes in 5 msecs (HTTP/1.1 300) 5 headers in 169 bytes (1 switches on core 0) /var/lib/openstack/lib/python3.10/site-packages/pycadf/identifier.py:71: UserWarning: Invalid uuid: cinderv3. To ensure interoperability, identifiers should be a valid uuid. warnings.warn(('Invalid uuid: %s. To ensure interoperability, '
2026-06-27 06:55:29.228 8 INFO cinder.api.openstack.wsgi [req-f8d6f171-2ee3-4434-b1c8-5bc6debc722f req-75a326f6-e8c1-4a74-b63b-7a677f21974a abd9cc57a86b48d7a15f5f86c76bbf1d 861a604e7d104a3eaa50393b7c704dc6 - - default default] POST http://cinder-api.openstack.svc.cluster.local:8776/v3/861a604e7d104a3eaa50393b7c704dc6/attachments /var/lib/openstack/lib/python3.10/site-packages/oslo_context/context.py:100: DeprecationWarning: Policy enforcement is depending on the value of is_admin. This key is deprecated. Please update your policy file to use the standard policy values. warnings.warn('Policy enforcement is depending on the value of '
2026-06-27 06:55:29.296 8 INFO cinder.api.openstack.wsgi [req-f8d6f171-2ee3-4434-b1c8-5bc6debc722f req-75a326f6-e8c1-4a74-b63b-7a677f21974a abd9cc57a86b48d7a15f5f86c76bbf1d 861a604e7d104a3eaa50393b7c704dc6 - - default default] http://cinder-api.openstack.svc.cluster.local:8776/v3/861a604e7d104a3eaa50393b7c704dc6/attachments returned with HTTP 200 [pid: 8|app: 0|req: 452/899] 10.0.0.42 () {40 vars in 1055 bytes} [Sat Jun 27 06:55:29 2026] POST /v3/861a604e7d104a3eaa50393b7c704dc6/attachments => generated 273 bytes in 81 msecs (HTTP/1.1 200) 7 headers in 286 bytes (1 switches on core 0)
2026-06-27 06:55:30.303 7 INFO cinder.api.openstack.wsgi [req-f8d6f171-2ee3-4434-b1c8-5bc6debc722f req-fea0bee5-daa4-4e09-ac9a-2683066cc5fc abd9cc57a86b48d7a15f5f86c76bbf1d 861a604e7d104a3eaa50393b7c704dc6 - - default default] GET http://cinder-api.openstack.svc.cluster.local:8776/
