2026-04-02 04:41:58.346 7 INFO placement.requestlog [None req-620f397f-5e86-4e17-a254-11fb8f047deb - - - - - -] 10.0.0.176 "GET /" status: 200 len: 136 microversion: 1.0
2026-04-02 04:42:08.345 8 INFO placement.requestlog [None req-b5b62a07-fcac-4db7-95d2-203ed4e6daa3 - - - - - -] 10.0.0.176 "GET /" status: 200 len: 136 microversion: 1.0
2026-04-02 04:42:08.346 7 INFO placement.requestlog [None req-721e5d29-3dd9-4d92-bb88-5a788d7e9021 - - - - - -] 10.0.0.176 "GET /" status: 200 len: 136 microversion: 1.0
2026-04-02 04:42:13.321 8 INFO placement.requestlog [req-cf845797-a47e-4bad-a68d-ab13e96e449e req-54f67f5e-4501-4e92-8b9c-19c424d8def7 2e564897be294311bafb8d169a8d8151 5a7b35f3262d44afb3a9a3e2aff4554a - - 2b362c42b3a94487a3df783e0f6fc845 2b362c42b3a94487a3df783e0f6fc845] 162.253.55.36 "GET /resource_providers/12d32111-9a07-4b64-8810-6d1473536136/allocations" status: 200 len: 54 microversion: 1.0 [pid: 8|app: 0|req: 292/585] 162.253.55.36 () {32 vars in 856 bytes} [Thu Apr 2 04:42:13 2026] GET /resource_providers/12d32111-9a07-4b64-8810-6d1473536136/allocations => generated 54 bytes in 148 msecs (HTTP/1.1 200) 6 headers in 223 bytes (1 switches on core 0)
2026-04-02 04:42:13.348 7 INFO placement.requestlog [req-cf845797-a47e-4bad-a68d-ab13e96e449e req-91da68fd-0bb0-47c9-a790-e9a0be7b3230 2e564897be294311bafb8d169a8d8151 5a7b35f3262d44afb3a9a3e2aff4554a - - 2b362c42b3a94487a3df783e0f6fc845 2b362c42b3a94487a3df783e0f6fc845] 162.253.55.36 "GET /resource_providers?in_tree=12d32111-9a07-4b64-8810-6d1473536136" status: 200 len: 797 microversion: 1.14 [pid: 7|app: 0|req: 294/586] 162.253.55.36 () {34 vars in 891 bytes} [Thu Apr 2 04:42:13 2026] GET /resource_providers?in_tree=12d32111-9a07-4b64-8810-6d1473536136 => generated 797 bytes in 19 msecs (HTTP/1.1 200) 6 headers in 225 bytes (1 switches on core 0)
2026-04-02 04:42:13.366 8 INFO placement.requestlog [req-cf845797-a47e-4bad-a68d-ab13e96e449e req-9f63c5eb-841b-4192-8ee6-18688333a1e1 2e564897be294311bafb8d169a8d8151 5a7b35f3262d44afb3a9a3e2aff4554a - - 2b362c42b3a94487a3df783e0f6fc845 2b362c42b3a94487a3df783e0f6fc845] 162.253.55.36 "GET /resource_providers/12d32111-9a07-4b64-8810-6d1473536136/inventories" status: 200 len: 400 microversion: 1.0 [pid: 8|app: 0|req: 293/587] 162.253.55.36 () {32 vars in 856 bytes} [Thu Apr 2 04:42:13 2026] GET /resource_providers/12d32111-9a07-4b64-8810-6d1473536136/inventories => generated 400 bytes in 11 msecs (HTTP/1.1 200) 6 headers in 224 bytes (1 switches on core 0)
2026-04-02 04:42:13.383 7 INFO placement.requestlog [req-cf845797-a47e-4bad-a68d-ab13e96e449e req-e4da263d-8249-4311-941a-e1e9a390373c 2e564897be294311bafb8d169a8d8151 5a7b35f3262d44afb3a9a3e2aff4554a - - 2b362c42b3a94487a3df783e0f6fc845 2b362c42b3a94487a3df783e0f6fc845] 162.253.55.36 "GET /resource_providers/12d32111-9a07-4b64-8810-6d1473536136/aggregates" status: 200 len: 53 microversion: 1.19 [pid: 7|app: 0|req: 295/588] 162.253.55.36 () {34 vars in 898 bytes} [Thu Apr 2 04:42:13 2026] GET /resource_providers/12d32111-9a07-4b64-8810-6d1473536136/aggregates => generated 53 bytes in 11 msecs (HTTP/1.1 200) 8 headers in 295 bytes (1 switches on core 0)
2026-04-02 04:42:13.405 8 INFO placement.requestlog [req-cf845797-a47e-4bad-a68d-ab13e96e449e req-cec24638-2f87-4dac-acce-6da9edf4cff0 2e564897be294311bafb8d169a8d8151 5a7b35f3262d44afb3a9a3e2aff4554a - - 2b362c42b3a94487a3df783e0f6fc845 2b362c42b3a94487a3df783e0f6fc845] 162.253.55.36 "GET /resource_providers/12d32111-9a07-4b64-8810-6d1473536136/traits" status: 200 len: 2316 microversion: 1.6 [pid: 8|app: 0|req: 294/589] 162.253.55.36 () {34 vars in 889 bytes} [Thu Apr 2 04:42:13 2026] GET /resource_providers/12d32111-9a07-4b64-8810-6d1473536136/traits => generated 2316 bytes in 17 msecs (HTTP/1.1 200) 6 headers in 225 bytes (1 switches on core 0)
2026-04-02 04:42:13.425 7 INFO placement.requestlog [req-cf845797-a47e-4bad-a68d-ab13e96e449e req-5eb7f8d1-13fd-44b5-963a-64aada7bec47 2e564897be294311bafb8d169a8d8151 5a7b35f3262d44afb3a9a3e2aff4554a - - 2b362c42b3a94487a3df783e0f6fc845 2b362c42b3a94487a3df783e0f6fc845] 162.253.55.36 "GET /resource_providers/12d32111-9a07-4b64-8810-6d1473536136/allocations" status: 200 len: 54 microversion: 1.0 [pid: 7|app: 0|req: 296/590] 162.253.55.36 () {32 vars in 856 bytes} [Thu Apr 2 04:42:13 2026] GET /resource_providers/12d32111-9a07-4b64-8810-6d1473536136/allocations => generated 54 bytes in 13 msecs (HTTP/1.1 200) 6 headers in 223 bytes (1 switches on core 0)
2026-04-02 04:42:18.345 8 INFO placement.requestlog [None req-5bdc482f-bf9a-4d65-87e7-d184a75710a5 - - - - - -] 10.0.0.176 "GET /" status: 200 len: 136 microversion: 1.0
2026-04-02 04:42:18.346 7 INFO placement.requestlog [None req-7499f5c8-c2b8-46cc-9f2f-84a0f31c8963 - - - - - -] 10.0.0.176 "GET /" status: 200 len: 136 microversion: 1.0
2026-04-02 04:42:28.345 8 INFO placement.requestlog [None req-80ebd6ed-785a-485c-b1c4-0b0475878203 - - - - - -] 10.0.0.176 "GET /" status: 200 len: 136 microversion: 1.0
2026-04-02 04:42:28.345 7 INFO placement.requestlog [None req-24f8bcfe-6bbd-48fe-ac54-9be2fcf7deb6 - - - - - -] 10.0.0.176 "GET /" status: 200 len: 136 microversion: 1.0
2026-04-02 04:42:38.346 8 INFO placement.requestlog [None req-84d40fc1-5a09-4eed-a5ca-ed7cdcf81a35 - - - - - -] 10.0.0.176 "GET /" status: 200 len: 136 microversion: 1.0
2026-04-02 04:42:38.346 7 INFO placement.requestlog [None req-d2c20332-0b7a-45f8-94aa-7efc61083ca5 - - - - - -] 10.0.0.176 "GET /" status: 200 len: 136 microversion: 1.0
2026-04-02 04:42:48.346 7 INFO placement.requestlog [None req-bed4a8eb-56a4-4677-9540-3719fa220846 - - - - - -] 10.0.0.176 "GET /" status: 200 len: 136 microversion: 1.0
2026-04-02 04:42:48.347 8 INFO placement.requestlog [None req-b2d4b303-d650-4351-b425-95558ab06c7f - - - - - -] 10.0.0.176 "GET /" status: 200 len: 136 microversion: 1.0
2026-04-02 04:42:58.345 7 INFO placement.requestlog [None req-37ab7ca5-1c13-4c83-a41b-c49827f5863a - - - - - -] 10.0.0.176 "GET /" status: 200 len: 136 microversion: 1.0
2026-04-02 04:42:58.346 8 INFO placement.requestlog [None req-655c6914-de56-4e6f-b59a-8217262bfe7c - - - - - -] 10.0.0.176 "GET /" status: 200 len: 136 microversion: 1.0
2026-04-02 04:43:08.346 7 INFO placement.requestlog [None req-f456c002-262a-4a13-9e06-484069c9b509 - - - - - -] 10.0.0.176 "GET /" status: 200 len: 136 microversion: 1.0
2026-04-02 04:43:08.346 8 INFO placement.requestlog [None req-29d1f634-d6a7-4fb9-93e1-4a0b529db2e8 - - - - - -] 10.0.0.176 "GET /" status: 200 len: 136 microversion: 1.0
2026-04-02 04:43:14.410 8 INFO placement.requestlog [req-348880fa-57b7-49c1-afc6-2c40fde8fd0b req-eab7c81f-1b1e-496e-b8b7-7410dad1b6bc 2e564897be294311bafb8d169a8d8151 5a7b35f3262d44afb3a9a3e2aff4554a - - 2b362c42b3a94487a3df783e0f6fc845 2b362c42b3a94487a3df783e0f6fc845] 162.253.55.36 "GET /resource_providers/12d32111-9a07-4b64-8810-6d1473536136/allocations" status: 200 len: 54 microversion: 1.0 [pid: 8|app: 0|req: 301/603] 162.253.55.36 () {32 vars in 856 bytes} [Thu Apr 2 04:43:14 2026] GET /resource_providers/12d32111-9a07-4b64-8810-6d1473536136/allocations => generated 54 bytes in 23 msecs (HTTP/1.1 200) 6 headers in 223 bytes (1 switches on core 0)
2026-04-02 04:43:14.444 7 INFO placement.requestlog [req-348880fa-57b7-49c1-afc6-2c40fde8fd0b req-e6a9a41d-eba3-42c6-b56a-fe2497e6b20a 2e564897be294311bafb8d169a8d8151 5a7b35f3262d44afb3a9a3e2aff4554a - - 2b362c42b3a94487a3df783e0f6fc845 2b362c42b3a94487a3df783e0f6fc845] 162.253.55.36 "GET /resource_providers/12d32111-9a07-4b64-8810-6d1473536136/allocations" status: 200 len: 54 microversion: 1.0 [pid: 7|app: 0|req: 303/604] 162.253.55.36 () {32 vars in 856 bytes} [Thu Apr 2 04:43:14 2026] GET /resource_providers/12d32111-9a07-4b64-8810-6d1473536136/allocations => generated 54 bytes in 29 msecs (HTTP/1.1 200) 6 headers in 223 bytes (1 switches on core 0)
2026-04-02 04:43:18.346 8 INFO placement.requestlog [None req-a78ead03-8727-4a06-b828-46dd7838dc22 - - - - - -] 10.0.0.176 "GET /" status: 200 len: 136 microversion: 1.0
2026-04-02 04:43:18.346 7 INFO placement.requestlog [None req-5d19fb7b-df64-41d2-b7a8-3c55e2112f99 - - - - - -] 10.0.0.176 "GET /" status: 200 len: 136 microversion: 1.0
2026-04-02 04:43:28.345 8 INFO placement.requestlog [None req-f01ceb1e-8b5f-4ab2-b465-a8ce6e015bea - - - - - -] 10.0.0.176 "GET /" status: 200 len: 136 microversion: 1.0
2026-04-02 04:43:28.345 7 INFO placement.requestlog [None req-f1e45801-89f0-4649-8392-74ff9a84525e - - - - - -] 10.0.0.176 "GET /" status: 200 len: 136 microversion: 1.0
2026-04-02 04:43:38.345 7 INFO placement.requestlog [None req-562f0d9d-a2ab-41be-ab5b-e9339815af5a - - - - - -] 10.0.0.176 "GET /" status: 200 len: 136 microversion: 1.0
2026-04-02 04:43:38.345 8 INFO placement.requestlog [None req-b13c3577-4043-4871-b07f-4559989c58be - - - - - -] 10.0.0.176 "GET /" status: 200 len: 136 microversion: 1.0
2026-04-02 04:43:48.346 8 INFO placement.requestlog [None req-0b1418bc-9b70-4947-a7f2-35ca03d93243 - - - - - -] 10.0.0.176 "GET /" status: 200 len: 136 microversion: 1.0
2026-04-02 04:43:48.346 7 INFO placement.requestlog [None req-1ade3d55-cfc4-476f-a1e0-6b46cd81de3e - - - - - -] 10.0.0.176 "GET /" status: 200 len: 136 microversion: 1.0
2026-04-02 04:43:58.345 7 INFO placement.requestlog [None req-f937058f-9b0b-49c1-bbf5-d4bb899ef522 - - - - - -] 10.0.0.176 "GET /" status: 200 len: 136 microversion: 1.0
2026-04-02 04:43:58.347 8 INFO placement.requestlog [None req-cee23423-dc19-4cf8-a047-c7032875825a - - - - - -] 10.0.0.176 "GET /" status: 200 len: 136 microversion: 1.0
2026-04-02 04:44:08.345 7 INFO placement.requestlog [None req-cf57488d-2e47-422a-b107-73055ffb41d5 - - - - - -] 10.0.0.176 "GET /" status: 200 len: 136 microversion: 1.0
2026-04-02 04:44:08.346 8 INFO placement.requestlog [None req-8766a2eb-12eb-4b0b-811a-92fe44bba7f6 - - - - - -] 10.0.0.176 "GET /" status: 200 len: 136 microversion: 1.0
2026-04-02 04:44:16.215 7 INFO placement.requestlog [req-02c8967e-ed6f-4a85-a9a0-a97ade21bed4 req-69c7584c-2f28-4350-a767-f099911e1e72 2e564897be294311bafb8d169a8d8151 5a7b35f3262d44afb3a9a3e2aff4554a - - 2b362c42b3a94487a3df783e0f6fc845 2b362c42b3a94487a3df783e0f6fc845] 162.253.55.36 "GET /resource_providers/12d32111-9a07-4b64-8810-6d1473536136/allocations" status: 200 len: 54 microversion: 1.0 [pid: 7|app: 0|req: 310/617] 162.253.55.36 () {32 vars in 856 bytes} [Thu Apr 2 04:44:16 2026] GET /resource_providers/12d32111-9a07-4b64-8810-6d1473536136/allocations => generated 54 bytes in 15 msecs (HTTP/1.1 200) 6 headers in 223 bytes (1 switches on core 0)
2026-04-02 04:44:16.237 8 INFO placement.requestlog [req-02c8967e-ed6f-4a85-a9a0-a97ade21bed4 req-94bde976-33a1-41f4-90ce-42068a601ee5 2e564897be294311bafb8d169a8d8151 5a7b35f3262d44afb3a9a3e2aff4554a - - 2b362c42b3a94487a3df783e0f6fc845 2b362c42b3a94487a3df783e0f6fc845] 162.253.55.36 "GET /resource_providers/12d32111-9a07-4b64-8810-6d1473536136/allocations" status: 200 len: 54 microversion: 1.0 [pid: 8|app: 0|req: 308/618] 162.253.55.36 () {32 vars in 856 bytes} [Thu Apr 2 04:44:16 2026] GET /resource_providers/12d32111-9a07-4b64-8810-6d1473536136/allocations => generated 54 bytes in 14 msecs (HTTP/1.1 200) 6 headers in 223 bytes (1 switches on core 0)
2026-04-02 04:44:18.345 8 INFO placement.requestlog [None req-f5272f57-5d1c-412b-b4f8-51f869730573 - - - - - -] 10.0.0.176 "GET /" status: 200 len: 136 microversion: 1.0
2026-04-02 04:44:18.346 7 INFO placement.requestlog [None req-1babcb47-ef7c-4ab5-98ab-6a9b6d70e992 - - - - - -] 10.0.0.176 "GET /" status: 200 len: 136 microversion: 1.0
2026-04-02 04:44:28.346 8 INFO placement.requestlog [None req-20d2ef44-33a5-42ec-a36d-95b42b59470d - - - - - -] 10.0.0.176 "GET /" status: 200 len: 136 microversion: 1.0
2026-04-02 04:44:28.347 7 INFO placement.requestlog [None req-5c531e3f-f31d-42ac-ae17-ecc9669feba9 - - - - - -] 10.0.0.176 "GET /" status: 200 len: 136 microversion: 1.0
2026-04-02 04:44:38.346 8 INFO placement.requestlog [None req-55c0d7b3-1f51-4ea7-aebb-3c2a372d9ae7 - - - - - -] 10.0.0.176 "GET /" status: 200 len: 136 microversion: 1.0
2026-04-02 04:44:38.346 7 INFO placement.requestlog [None req-913ed248-246c-465b-b185-416be1edf234 - - - - - -] 10.0.0.176 "GET /" status: 200 len: 136 microversion: 1.0
2026-04-02 04:44:48.346 7 INFO placement.requestlog [None req-19a646d7-9846-4235-9835-16a5482e9b6c - - - - - -] 10.0.0.176 "GET /" status: 200 len: 136 microversion: 1.0
2026-04-02 04:44:48.346 8 INFO placement.requestlog [None req-b4a88a6e-4fa9-413c-bce7-9c57482b5042 - - - - - -] 10.0.0.176 "GET /" status: 200 len: 136 microversion: 1.0
2026-04-02 04:44:58.344 7 INFO placement.requestlog [None req-27ec026b-1a99-4993-a457-dc3e8850cec5 - - - - - -] 10.0.0.176 "GET /" status: 200 len: 136 microversion: 1.0
2026-04-02 04:44:58.345 8 INFO placement.requestlog [None req-ade566eb-5b3b-41d4-af7e-9417c31c5c13 - - - - - -] 10.0.0.176 "GET /" status: 200 len: 136 microversion: 1.0
2026-04-02 04:45:02.113 8 INFO placement.requestlog [None req-070c7752-b15e-48a4-b320-fed8d388cecc 3bb036e59f8447c0ba1bebe5304f6bd7 5a7b35f3262d44afb3a9a3e2aff4554a - - 2b362c42b3a94487a3df783e0f6fc845 2b362c42b3a94487a3df783e0f6fc845] 10.0.0.118 "GET /resource_providers/b633ca9e-32ba-42e3-9c8a-5cd18a4a997e/aggregates" status: 404 len: 235 microversion: 1.1 [pid: 8|app: 0|req: 314/629] 10.0.0.118 () {32 vars in 816 bytes} [Thu Apr 2 04:45:01 2026] GET /resource_providers/b633ca9e-32ba-42e3-9c8a-5cd18a4a997e/aggregates => generated 235 bytes in 182 msecs (HTTP/1.1 404) 5 headers in 202 bytes (1 switches on core 0)
2026-04-02 04:45:02.141 8 INFO placement.requestlog [None req-af7e9fcd-324a-41b4-b009-b435a60be520 3bb036e59f8447c0ba1bebe5304f6bd7 5a7b35f3262d44afb3a9a3e2aff4554a - - 2b362c42b3a94487a3df783e0f6fc845 2b362c42b3a94487a3df783e0f6fc845] 10.0.0.118 "DELETE /resource_providers/b633ca9e-32ba-42e3-9c8a-5cd18a4a997e" status: 404 len: 246 microversion: 1.1 [pid: 8|app: 0|req: 315/630] 10.0.0.118 () {34 vars in 816 bytes} [Thu Apr 2 04:45:02 2026] DELETE /resource_providers/b633ca9e-32ba-42e3-9c8a-5cd18a4a997e => generated 246 bytes in 12 msecs (HTTP/1.1 404) 6 headers in 231 bytes (1 switches on core 0)
2026-04-02 04:45:02.149 7 INFO placement.requestlog [None req-6bd68986-282d-422c-9efd-9297bcd0176f 3bb036e59f8447c0ba1bebe5304f6bd7 5a7b35f3262d44afb3a9a3e2aff4554a - - 2b362c42b3a94487a3df783e0f6fc845 2b362c42b3a94487a3df783e0f6fc845] 10.0.0.118 "GET /resource_providers/b633ca9e-32ba-42e3-9c8a-5cd18a4a997e/aggregates" status: 404 len: 235 microversion: 1.1 [pid: 7|app: 0|req: 316/631] 10.0.0.118 () {32 vars in 816 bytes} [Thu Apr 2 04:45:01 2026] GET /resource_providers/b633ca9e-32ba-42e3-9c8a-5cd18a4a997e/aggregates => generated 235 bytes in 161 msecs (HTTP/1.1 404) 5 headers in 202 bytes (1 switches on core 0)
2026-04-02 04:45:02.168 8 INFO placement.requestlog [None req-84f3febc-6321-4f20-a5bb-d404f705e4fb 3bb036e59f8447c0ba1bebe5304f6bd7 5a7b35f3262d44afb3a9a3e2aff4554a - - 2b362c42b3a94487a3df783e0f6fc845 2b362c42b3a94487a3df783e0f6fc845] 10.0.0.118 "DELETE /resource_providers/b633ca9e-32ba-42e3-9c8a-5cd18a4a997e" status: 404 len: 246 microversion: 1.1 [pid: 8|app: 0|req: 316/632] 10.0.0.118 () {34 vars in 816 bytes} [Thu Apr 2 04:45:02 2026] DELETE /resource_providers/b633ca9e-32ba-42e3-9c8a-5cd18a4a997e => generated 246 bytes in 10 msecs (HTTP/1.1 404) 6 headers in 231 bytes (1 switches on core 0)
2026-04-02 04:45:02.803 7 INFO placement.requestlog [None req-85e046fa-d645-46d8-93c2-f33cd955b084 3bb036e59f8447c0ba1bebe5304f6bd7 5a7b35f3262d44afb3a9a3e2aff4554a - - 2b362c42b3a94487a3df783e0f6fc845 2b362c42b3a94487a3df783e0f6fc845] 10.0.0.118 "GET /resource_providers/bef46eee-d044-45a2-890d-279eee9ffdd5/aggregates" status: 404 len: 235 microversion: 1.1 [pid: 7|app: 0|req: 317/633] 10.0.0.118 () {32 vars in 816 bytes} [Thu Apr 2 04:45:02 2026] GET /resource_providers/bef46eee-d044-45a2-890d-279eee9ffdd5/aggregates => generated 235 bytes in 186 msecs (HTTP/1.1 404) 5 headers in 202 bytes (1 switches on core 0)
2026-04-02 04:45:02.816 7 INFO placement.requestlog [None req-c3e1ca50-a2eb-4237-915b-796da40e4883 3bb036e59f8447c0ba1bebe5304f6bd7 5a7b35f3262d44afb3a9a3e2aff4554a - - 2b362c42b3a94487a3df783e0f6fc845 2b362c42b3a94487a3df783e0f6fc845] 10.0.0.118 "DELETE /resource_providers/bef46eee-d044-45a2-890d-279eee9ffdd5" status: 404 len: 246 microversion: 1.1 [pid: 7|app: 0|req: 318/634] 10.0.0.118 () {34 vars in 816 bytes} [Thu Apr 2 04:45:02 2026] DELETE /resource_providers/bef46eee-d044-45a2-890d-279eee9ffdd5 => generated 246 bytes in 7 msecs (HTTP/1.1 404) 6 headers in 231 bytes (1 switches on core 0)
2026-04-02 04:45:02.839 8 INFO placement.requestlog [None req-091f6968-4f61-45aa-94b7-b0b73370f6ab 3bb036e59f8447c0ba1bebe5304f6bd7 5a7b35f3262d44afb3a9a3e2aff4554a - - 2b362c42b3a94487a3df783e0f6fc845 2b362c42b3a94487a3df783e0f6fc845] 10.0.0.118 "GET /resource_providers/bef46eee-d044-45a2-890d-279eee9ffdd5/aggregates" status: 404 len: 235 microversion: 1.1 [pid: 8|app: 0|req: 317/635] 10.0.0.118 () {32 vars in 816 bytes} [Thu Apr 2 04:45:02 2026] GET /resource_providers/bef46eee-d044-45a2-890d-279eee9ffdd5/aggregates => generated 235 bytes in 157 msecs (HTTP/1.1 404) 5 headers in 202 bytes (1 switches on core 0)
2026-04-02 04:45:02.869 7 INFO placement.requestlog [None req-f7a7bb93-eb22-4d7c-9f56-212ab79d8151 3bb036e59f8447c0ba1bebe5304f6bd7 5a7b35f3262d44afb3a9a3e2aff4554a - - 2b362c42b3a94487a3df783e0f6fc845 2b362c42b3a94487a3df783e0f6fc845] 10.0.0.118 "DELETE /resource_providers/bef46eee-d044-45a2-890d-279eee9ffdd5" status: 404 len: 246 microversion: 1.1 [pid: 7|app: 0|req: 319/636] 10.0.0.118 () {34 vars in 816 bytes} [Thu Apr 2 04:45:02 2026] DELETE /resource_providers/bef46eee-d044-45a2-890d-279eee9ffdd5 => generated 246 bytes in 15 msecs (HTTP/1.1 404) 6 headers in 231 bytes (1 switches on core 0)
2026-04-02 04:45:03.353 8 INFO placement.requestlog [req-38cc5962-c1a8-4f82-ab75-e106accbc5f3 req-be72998b-b9ab-4c6b-a623-0725287a3cb8 2e564897be294311bafb8d169a8d8151 5a7b35f3262d44afb3a9a3e2aff4554a - - 2b362c42b3a94487a3df783e0f6fc845 2b362c42b3a94487a3df783e0f6fc845] 10.0.0.233 "GET /allocation_candidates?limit=1000&resources=DISK_GB%3A1%2CMEMORY_MB%3A512%2CVCPU%3A1&root_required=%21COMPUTE_STATUS_DISABLED" status: 200 len: 2781 microversion: 1.36 [pid: 8|app: 0|req: 318/637] 10.0.0.233 () {34 vars in 1012 bytes} [Thu Apr 2 04:45:03 2026] GET /allocation_candidates?limit=1000&resources=DISK_GB%3A1%2CMEMORY_MB%3A512%2CVCPU%3A1&root_required=%21COMPUTE_STATUS_DISABLED => generated 2781 bytes in 128 msecs (HTTP/1.1 200) 8 headers in 297 bytes (1 switches on core 0)
2026-04-02 04:45:03.398 7 INFO placement.requestlog [req-38cc5962-c1a8-4f82-ab75-e106accbc5f3 req-0f21106d-0b49-4086-bb51-747462680e91 2e564897be294311bafb8d169a8d8151 5a7b35f3262d44afb3a9a3e2aff4554a - - 2b362c42b3a94487a3df783e0f6fc845 2b362c42b3a94487a3df783e0f6fc845] 10.0.0.233 "GET /allocations/3714ba1f-0cb0-4df6-9c09-6fedc40ea890" status: 200 len: 19 microversion: 1.28 [pid: 7|app: 0|req: 320/638] 10.0.0.233 () {34 vars in 861 bytes} [Thu Apr 2 04:45:03 2026] GET /allocations/3714ba1f-0cb0-4df6-9c09-6fedc40ea890 => generated 19 bytes in 14 msecs (HTTP/1.1 200) 8 headers in 295 bytes (1 switches on core 0)
2026-04-02 04:45:03.471 8 INFO placement.requestlog [req-38cc5962-c1a8-4f82-ab75-e106accbc5f3 req-1eeaaf96-d940-43d7-97f7-0a4102891db2 2e564897be294311bafb8d169a8d8151 5a7b35f3262d44afb3a9a3e2aff4554a - - 2b362c42b3a94487a3df783e0f6fc845 2b362c42b3a94487a3df783e0f6fc845] 10.0.0.233 "PUT /allocations/3714ba1f-0cb0-4df6-9c09-6fedc40ea890" status: 204 len: 0 microversion: 1.36 [pid: 8|app: 0|req: 319/639] 10.0.0.233 () {38 vars in 914 bytes} [Thu Apr 2 04:45:03 2026] PUT /allocations/3714ba1f-0cb0-4df6-9c09-6fedc40ea890 => generated 0 bytes in 68 msecs (HTTP/1.1 204) 5 headers in 199 bytes (1 switches on core 0)
2026-04-02 04:45:05.095 7 INFO placement.requestlog [req-38cc5962-c1a8-4f82-ab75-e106accbc5f3 req-8c84acf9-0ea2-4f6c-ac1f-96bbb81bdedc 2e564897be294311bafb8d169a8d8151 5a7b35f3262d44afb3a9a3e2aff4554a - - 2b362c42b3a94487a3df783e0f6fc845 2b362c42b3a94487a3df783e0f6fc845] 162.253.55.36 "GET /allocations/3714ba1f-0cb0-4df6-9c09-6fedc40ea890" status: 200 len: 257 microversion: 1.28 [pid: 7|app: 0|req: 321/640] 162.253.55.36 () {34 vars in 862 bytes} [Thu Apr 2 04:45:05 2026] GET /allocations/3714ba1f-0cb0-4df6-9c09-6fedc40ea890 => generated 257 bytes in 15 msecs (HTTP/1.1 200) 8 headers in 296 bytes (1 switches on core 0)
2026-04-02 04:45:05.141 8 INFO placement.requestlog [None req-8665d4ce-1505-48a1-b86f-dd17119a35b4 3bb036e59f8447c0ba1bebe5304f6bd7 5a7b35f3262d44afb3a9a3e2aff4554a - - 2b362c42b3a94487a3df783e0f6fc845 2b362c42b3a94487a3df783e0f6fc845] 10.0.0.118 "GET /resource_providers/070d2182-8f60-4847-a33a-4ee8718469d8/aggregates" status: 404 len: 235 microversion: 1.1 [pid: 8|app: 0|req: 320/641] 10.0.0.118 () {32 vars in 816 bytes} [Thu Apr 2 04:45:05 2026] GET /resource_providers/070d2182-8f60-4847-a33a-4ee8718469d8/aggregates => generated 235 bytes in 10 msecs (HTTP/1.1 404) 5 headers in 202 bytes (1 switches on core 0)
2026-04-02 04:45:05.148 7 INFO placement.requestlog [None req-225a2760-288a-4360-bcaf-c611a058d52d 3bb036e59f8447c0ba1bebe5304f6bd7 5a7b35f3262d44afb3a9a3e2aff4554a - - 2b362c42b3a94487a3df783e0f6fc845 2b362c42b3a94487a3df783e0f6fc845] 10.0.0.118 "GET /resource_providers/070d2182-8f60-4847-a33a-4ee8718469d8/aggregates" status: 404 len: 235 microversion: 1.1 [pid: 7|app: 0|req: 322/642] 10.0.0.118 () {32 vars in 816 bytes} [Thu Apr 2 04:45:05 2026] GET /resource_providers/070d2182-8f60-4847-a33a-4ee8718469d8/aggregates => generated 235 bytes in 17 msecs (HTTP/1.1 404) 5 headers in 202 bytes (1 switches on core 0)
2026-04-02 04:45:05.164 7 INFO placement.requestlog [None req-597151b4-85f6-4ab1-8319-ce81ec79e04e 3bb036e59f8447c0ba1bebe5304f6bd7 5a7b35f3262d44afb3a9a3e2aff4554a - - 2b362c42b3a94487a3df783e0f6fc845 2b362c42b3a94487a3df783e0f6fc845] 10.0.0.118 "DELETE /resource_providers/070d2182-8f60-4847-a33a-4ee8718469d8" status: 404 len: 246 microversion: 1.1 [pid: 7|app: 0|req: 323/643] 10.0.0.118 () {34 vars in 816 bytes} [Thu Apr 2 04:45:05 2026] DELETE /resource_providers/070d2182-8f60-4847-a33a-4ee8718469d8 => generated 246 bytes in 7 msecs (HTTP/1.1 404) 6 headers in 231 bytes (1 switches on core 0)
2026-04-02 04:45:05.166 8 INFO placement.requestlog [None req-85fe8300-8573-4d3f-8f6c-83c3402665b6 3bb036e59f8447c0ba1bebe5304f6bd7 5a7b35f3262d44afb3a9a3e2aff4554a - - 2b362c42b3a94487a3df783e0f6fc845 2b362c42b3a94487a3df783e0f6fc845] 10.0.0.118 "DELETE /resource_providers/070d2182-8f60-4847-a33a-4ee8718469d8" status: 404 len: 246 microversion: 1.1 [pid: 8|app: 0|req: 321/644] 10.0.0.118 () {34 vars in 816 bytes} [Thu Apr 2 04:45:05 2026] DELETE /resource_providers/070d2182-8f60-4847-a33a-4ee8718469d8 => generated 246 bytes in 11 msecs (HTTP/1.1 404) 6 headers in 231 bytes (1 switches on core 0)
2026-04-02 04:45:06.143 7 INFO placement.requestlog [req-38cc5962-c1a8-4f82-ab75-e106accbc5f3 req-2d212a10-bfc2-4069-b4ba-213d97172ef7 2e564897be294311bafb8d169a8d8151 5a7b35f3262d44afb3a9a3e2aff4554a - - 2b362c42b3a94487a3df783e0f6fc845 2b362c42b3a94487a3df783e0f6fc845] 162.253.55.36 "GET /resource_providers/12d32111-9a07-4b64-8810-6d1473536136/allocations" status: 200 len: 152 microversion: 1.0 [pid: 7|app: 0|req: 324/645] 162.253.55.36 () {32 vars in 856 bytes} [Thu Apr 2 04:45:06 2026] GET /resource_providers/12d32111-9a07-4b64-8810-6d1473536136/allocations => generated 152 bytes in 26 msecs (HTTP/1.1 200) 6 headers in 224 bytes (1 switches on core 0)
2026-04-02 04:45:06.161 8 INFO placement.requestlog [req-38cc5962-c1a8-4f82-ab75-e106accbc5f3 req-5208391c-7d37-4cfa-b861-60f9ddbc4055 2e564897be294311bafb8d169a8d8151 5a7b35f3262d44afb3a9a3e2aff4554a - - 2b362c42b3a94487a3df783e0f6fc845 2b362c42b3a94487a3df783e0f6fc845] 162.253.55.36 "GET /allocations/3714ba1f-0cb0-4df6-9c09-6fedc40ea890" status: 200 len: 257 microversion: 1.28 [pid: 8|app: 0|req: 322/646] 162.253.55.36 () {34 vars in 862 bytes} [Thu Apr 2 04:45:06 2026] GET /allocations/3714ba1f-0cb0-4df6-9c09-6fedc40ea890 => generated 257 bytes in 10 msecs (HTTP/1.1 200) 8 headers in 296 bytes (1 switches on core 0)
2026-04-02 04:45:07.188 7 INFO placement.requestlog [None req-5ea76151-b713-4f17-8a47-154e1e35dffe 3bb036e59f8447c0ba1bebe5304f6bd7 5a7b35f3262d44afb3a9a3e2aff4554a - - 2b362c42b3a94487a3df783e0f6fc845 2b362c42b3a94487a3df783e0f6fc845] 10.0.0.118 "GET /resource_providers/f064aae5-a280-4bf7-bcd4-dd62ee25e556/aggregates" status: 404 len: 235 microversion: 1.1 [pid: 7|app: 0|req: 325/647] 10.0.0.118 () {32 vars in 816 bytes} [Thu Apr 2 04:45:07 2026] GET /resource_providers/f064aae5-a280-4bf7-bcd4-dd62ee25e556/aggregates => generated 235 bytes in 12 msecs (HTTP/1.1 404) 5 headers in 202 bytes (1 switches on core 0)
2026-04-02 04:45:07.193 8 INFO placement.requestlog [None req-89c335ee-09ff-47e7-8cb3-f278f63fd087 3bb036e59f8447c0ba1bebe5304f6bd7 5a7b35f3262d44afb3a9a3e2aff4554a - - 2b362c42b3a94487a3df783e0f6fc845 2b362c42b3a94487a3df783e0f6fc845] 10.0.0.118 "GET /resource_providers/f064aae5-a280-4bf7-bcd4-dd62ee25e556/aggregates" status: 404 len: 235 microversion: 1.1 [pid: 8|app: 0|req: 323/648] 10.0.0.118 () {32 vars in 816 bytes} [Thu Apr 2 04:45:07 2026] GET /resource_providers/f064aae5-a280-4bf7-bcd4-dd62ee25e556/aggregates => generated 235 bytes in 15 msecs (HTTP/1.1 404) 5 headers in 202 bytes (1 switches on core 0)
2026-04-02 04:45:07.211 7 INFO placement.requestlog [None req-d7d59d0e-55b9-4c3d-9478-a997d694ed7d 3bb036e59f8447c0ba1bebe5304f6bd7 5a7b35f3262d44afb3a9a3e2aff4554a - - 2b362c42b3a94487a3df783e0f6fc845 2b362c42b3a94487a3df783e0f6fc845] 10.0.0.118 "DELETE /resource_providers/f064aae5-a280-4bf7-bcd4-dd62ee25e556" status: 404 len: 246 microversion: 1.1 [pid: 7|app: 0|req: 326/649] 10.0.0.118 () {34 vars in 816 bytes} [Thu Apr 2 04:45:07 2026] DELETE /resource_providers/f064aae5-a280-4bf7-bcd4-dd62ee25e556 => generated 246 bytes in 9 msecs (HTTP/1.1 404) 6 headers in 231 bytes (1 switches on core 0)
2026-04-02 04:45:07.222 8 INFO placement.requestlog [None req-a84309e0-8b86-4f2f-bd90-774b7dccacc7 3bb036e59f8447c0ba1bebe5304f6bd7 5a7b35f3262d44afb3a9a3e2aff4554a - - 2b362c42b3a94487a3df783e0f6fc845 2b362c42b3a94487a3df783e0f6fc845] 10.0.0.118 "DELETE /resource_providers/f064aae5-a280-4bf7-bcd4-dd62ee25e556" status: 404 len: 246 microversion: 1.1 [pid: 8|app: 0|req: 324/650] 10.0.0.118 () {34 vars in 816 bytes} [Thu Apr 2 04:45:07 2026] DELETE /resource_providers/f064aae5-a280-4bf7-bcd4-dd62ee25e556 => generated 246 bytes in 13 msecs (HTTP/1.1 404) 6 headers in 231 bytes (1 switches on core 0)
2026-04-02 04:45:08.346 7 INFO placement.requestlog [None req-0348b606-d227-44ce-a50c-c13bcf63b853 - - - - - -] 10.0.0.176 "GET /" status: 200 len: 136 microversion: 1.0
2026-04-02 04:45:08.347 8 INFO placement.requestlog [None req-fa5ddae4-651f-433d-a5ef-029c9e2cc6cb - - - - - -] 10.0.0.176 "GET /" status: 200 len: 136 microversion: 1.0
2026-04-02 04:45:11.437 7 INFO placement.requestlog [req-1fb94412-fb00-4def-a004-0ead83c9cca1 req-d540cc62-2827-4071-91b5-4de30a6aeafe 2e564897be294311bafb8d169a8d8151 5a7b35f3262d44afb3a9a3e2aff4554a - - 2b362c42b3a94487a3df783e0f6fc845 2b362c42b3a94487a3df783e0f6fc845] 10.0.0.233 "GET /allocation_candidates?limit=1000&resources=MEMORY_MB%3A512%2CVCPU%3A1&root_required=%21COMPUTE_STATUS_DISABLED" status: 200 len: 2769 microversion: 1.36 [pid: 7|app: 0|req: 328/653] 10.0.0.233 () {34 vars in 984 bytes} [Thu Apr 2 04:45:11 2026] GET /allocation_candidates?limit=1000&resources=MEMORY_MB%3A512%2CVCPU%3A1&root_required=%21COMPUTE_STATUS_DISABLED => generated 2769 bytes in 55 msecs (HTTP/1.1 200) 8 headers in 297 bytes (1 switches on core 0)
2026-04-02 04:45:11.479 8 INFO placement.requestlog [req-1fb94412-fb00-4def-a004-0ead83c9cca1 req-6440dabd-9f78-4d46-bbdf-2df1f39d9369 2e564897be294311bafb8d169a8d8151 5a7b35f3262d44afb3a9a3e2aff4554a - - 2b362c42b3a94487a3df783e0f6fc845 2b362c42b3a94487a3df783e0f6fc845] 10.0.0.233 "GET /allocations/e3db8301-b942-4d03-b8da-a2e6316406e3" status: 200 len: 19 microversion: 1.28 [pid: 8|app: 0|req: 326/654] 10.0.0.233 () {34 vars in 861 bytes} [Thu Apr 2 04:45:11 2026] GET /allocations/e3db8301-b942-4d03-b8da-a2e6316406e3 => generated 19 bytes in 8 msecs (HTTP/1.1 200) 8 headers in 295 bytes (1 switches on core 0)
2026-04-02 04:45:11.576 7 INFO placement.requestlog [req-1fb94412-fb00-4def-a004-0ead83c9cca1 req-88fc43aa-8da7-4e85-8eec-332bab4fb8f3 2e564897be294311bafb8d169a8d8151 5a7b35f3262d44afb3a9a3e2aff4554a - - 2b362c42b3a94487a3df783e0f6fc845 2b362c42b3a94487a3df783e0f6fc845] 10.0.0.233 "PUT /allocations/e3db8301-b942-4d03-b8da-a2e6316406e3" status: 204 len: 0 microversion: 1.36 [pid: 7|app: 0|req: 329/655] 10.0.0.233 () {38 vars in 914 bytes} [Thu Apr 2 04:45:11 2026] PUT /allocations/e3db8301-b942-4d03-b8da-a2e6316406e3 => generated 0 bytes in 93 msecs (HTTP/1.1 204) 5 headers in 199 bytes (1 switches on core 0)
2026-04-02 04:45:12.051 8 INFO placement.requestlog [req-06c6df94-155b-4387-ab22-55e259ca9389 req-0dbd774d-47fe-4c45-8ab6-f6ae64103efb 2e564897be294311bafb8d169a8d8151 5a7b35f3262d44afb3a9a3e2aff4554a - - 2b362c42b3a94487a3df783e0f6fc845 2b362c42b3a94487a3df783e0f6fc845] 10.0.0.233 "GET /allocation_candidates?limit=1000&resources=DISK_GB%3A1%2CMEMORY_MB%3A512%2CVCPU%3A1&root_required=%21COMPUTE_STATUS_DISABLED" status: 200 len: 2784 microversion: 1.36 [pid: 8|app: 0|req: 327/656] 10.0.0.233 () {34 vars in 1012 bytes} [Thu Apr 2 04:45:12 2026] GET /allocation_candidates?limit=1000&resources=DISK_GB%3A1%2CMEMORY_MB%3A512%2CVCPU%3A1&root_required=%21COMPUTE_STATUS_DISABLED => generated 2784 bytes in 38 msecs (HTTP/1.1 200) 8 headers in 297 bytes (1 switches on core 0)
2026-04-02 04:45:12.088 7 INFO placement.requestlog [req-06c6df94-155b-4387-ab22-55e259ca9389 req-9a38e848-23d4-46e4-ab8f-1f343cc025c5 2e564897be294311bafb8d169a8d8151 5a7b35f3262d44afb3a9a3e2aff4554a - - 2b362c42b3a94487a3df783e0f6fc845 2b362c42b3a94487a3df783e0f6fc845] 10.0.0.233 "GET /allocations/bf7cb0c5-d811-4b22-bfe6-8f8d9ca3672f" status: 200 len: 19 microversion: 1.28 [pid: 7|app: 0|req: 330/657] 10.0.0.233 () {34 vars in 861 bytes} [Thu Apr 2 04:45:12 2026] GET /allocations/bf7cb0c5-d811-4b22-bfe6-8f8d9ca3672f => generated 19 bytes in 11 msecs (HTTP/1.1 200) 8 headers in 295 bytes (1 switches on core 0)
2026-04-02 04:45:12.153 8 INFO placement.requestlog [req-06c6df94-155b-4387-ab22-55e259ca9389 req-33fce68f-dfb8-4eb4-ada8-224f3e4694a6 2e564897be294311bafb8d169a8d8151 5a7b35f3262d44afb3a9a3e2aff4554a - - 2b362c42b3a94487a3df783e0f6fc845 2b362c42b3a94487a3df783e0f6fc845] 10.0.0.233 "PUT /allocations/bf7cb0c5-d811-4b22-bfe6-8f8d9ca3672f" status: 204 len: 0 microversion: 1.36 [pid: 8|app: 0|req: 328/658] 10.0.0.233 () {38 vars in 914 bytes} [Thu Apr 2 04:45:12 2026] PUT /allocations/bf7cb0c5-d811-4b22-bfe6-8f8d9ca3672f => generated 0 bytes in 58 msecs (HTTP/1.1 204) 5 headers in 199 bytes (1 switches on core 0)
2026-04-02 04:45:13.214 7 INFO placement.requestlog [req-1fb94412-fb00-4def-a004-0ead83c9cca1 req-be647fbe-5cdf-4d15-b193-575c1042377c 2e564897be294311bafb8d169a8d8151 5a7b35f3262d44afb3a9a3e2aff4554a - - 2b362c42b3a94487a3df783e0f6fc845 2b362c42b3a94487a3df783e0f6fc845] 162.253.55.36 "GET /allocations/e3db8301-b942-4d03-b8da-a2e6316406e3" status: 200 len: 243 microversion: 1.28 [pid: 7|app: 0|req: 331/659] 162.253.55.36 () {34 vars in 862 bytes} [Thu Apr 2 04:45:13 2026] GET /allocations/e3db8301-b942-4d03-b8da-a2e6316406e3 => generated 243 bytes in 14 msecs (HTTP/1.1 200) 8 headers in 296 bytes (1 switches on core 0)
2026-04-02 04:45:13.667 8 INFO placement.requestlog [req-06c6df94-155b-4387-ab22-55e259ca9389 req-184fd356-ddb3-4eda-98c0-9c954a94fcee 2e564897be294311bafb8d169a8d8151 5a7b35f3262d44afb3a9a3e2aff4554a - - 2b362c42b3a94487a3df783e0f6fc845 2b362c42b3a94487a3df783e0f6fc845] 162.253.55.36 "GET /allocations/bf7cb0c5-d811-4b22-bfe6-8f8d9ca3672f" status: 200 len: 257 microversion: 1.28 [pid: 8|app: 0|req: 329/660] 162.253.55.36 () {34 vars in 862 bytes} [Thu Apr 2 04:45:13 2026] GET /allocations/bf7cb0c5-d811-4b22-bfe6-8f8d9ca3672f => generated 257 bytes in 15 msecs (HTTP/1.1 200) 8 headers in 296 bytes (1 switches on core 0)
2026-04-02 04:45:14.089 7 INFO placement.requestlog [req-506f1466-9a39-41f6-89b8-2c12838cfc2e req-800646c0-2b66-4eb4-b9b2-46b1f1b54278 2e564897be294311bafb8d169a8d8151 5a7b35f3262d44afb3a9a3e2aff4554a - - 2b362c42b3a94487a3df783e0f6fc845 2b362c42b3a94487a3df783e0f6fc845] 10.0.0.233 "GET /allocation_candidates?limit=1000&resources=DISK_GB%3A1%2CMEMORY_MB%3A512%2CVCPU%3A1&root_required=%21COMPUTE_STATUS_DISABLED" status: 200 len: 2784 microversion: 1.36 [pid: 7|app: 0|req: 332/661] 10.0.0.233 () {34 vars in 1012 bytes} [Thu Apr 2 04:45:14 2026] GET /allocation_candidates?limit=1000&resources=DISK_GB%3A1%2CMEMORY_MB%3A512%2CVCPU%3A1&root_required=%21COMPUTE_STATUS_DISABLED => generated 2784 bytes in 43 msecs (HTTP/1.1 200) 8 headers in 297 bytes (1 switches on core 0)
2026-04-02 04:45:14.138 8 INFO placement.requestlog [req-506f1466-9a39-41f6-89b8-2c12838cfc2e req-646c01cd-3b48-4c64-8675-3dad0b4f7fb0 2e564897be294311bafb8d169a8d8151 5a7b35f3262d44afb3a9a3e2aff4554a - - 2b362c42b3a94487a3df783e0f6fc845 2b362c42b3a94487a3df783e0f6fc845] 10.0.0.233 "GET /allocations/e2abe139-75d7-40c9-abe3-9d13b4b89d9a" status: 200 len: 19 microversion: 1.28 [pid: 8|app: 0|req: 330/662] 10.0.0.233 () {34 vars in 861 bytes} [Thu Apr 2 04:45:14 2026] GET /allocations/e2abe139-75d7-40c9-abe3-9d13b4b89d9a => generated 19 bytes in 11 msecs (HTTP/1.1 200) 8 headers in 295 bytes (1 switches on core 0)
2026-04-02 04:45:14.201 7 INFO placement.requestlog [req-506f1466-9a39-41f6-89b8-2c12838cfc2e req-f06ad678-72cf-41c2-aecd-b3fd93af8144 2e564897be294311bafb8d169a8d8151 5a7b35f3262d44afb3a9a3e2aff4554a - - 2b362c42b3a94487a3df783e0f6fc845 2b362c42b3a94487a3df783e0f6fc845] 10.0.0.233 "PUT /allocations/e2abe139-75d7-40c9-abe3-9d13b4b89d9a" status: 204 len: 0 microversion: 1.36 [pid: 7|app: 0|req: 333/663] 10.0.0.233 () {38 vars in 914 bytes} [Thu Apr 2 04:45:14 2026] PUT /allocations/e2abe139-75d7-40c9-abe3-9d13b4b89d9a => generated 0 bytes in 54 msecs (HTTP/1.1 204) 5 headers in 199 bytes (1 switches on core 0)
2026-04-02 04:45:14.254 8 INFO placement.requestlog [req-1fb94412-fb00-4def-a004-0ead83c9cca1 req-dcb4005b-a8c9-4eef-87dd-7e7537086add 2e564897be294311bafb8d169a8d8151 5a7b35f3262d44afb3a9a3e2aff4554a - - 2b362c42b3a94487a3df783e0f6fc845 2b362c42b3a94487a3df783e0f6fc845] 162.253.55.36 "GET /resource_providers/12d32111-9a07-4b64-8810-6d1473536136/allocations" status: 200 len: 438 microversion: 1.0 [pid: 8|app: 0|req: 331/664] 162.253.55.36 () {32 vars in 856 bytes} [Thu Apr 2 04:45:14 2026] GET /resource_providers/12d32111-9a07-4b64-8810-6d1473536136/allocations => generated 438 bytes in 17 msecs (HTTP/1.1 200) 6 headers in 224 bytes (1 switches on core 0)
2026-04-02 04:45:14.266 7 INFO placement.requestlog [req-1fb94412-fb00-4def-a004-0ead83c9cca1 req-29003866-96f6-41f2-8341-0a5c51d67e80 2e564897be294311bafb8d169a8d8151 5a7b35f3262d44afb3a9a3e2aff4554a - - 2b362c42b3a94487a3df783e0f6fc845 2b362c42b3a94487a3df783e0f6fc845] 162.253.55.36 "GET /allocations/e3db8301-b942-4d03-b8da-a2e6316406e3" status: 200 len: 243 microversion: 1.28 [pid: 7|app: 0|req: 334/665] 162.253.55.36 () {34 vars in 862 bytes} [Thu Apr 2 04:45:14 2026] GET /allocations/e3db8301-b942-4d03-b8da-a2e6316406e3 => generated 243 bytes in 8 msecs (HTTP/1.1 200) 8 headers in 296 bytes (1 switches on core 0)
2026-04-02 04:45:14.287 8 INFO placement.requestlog [req-1fb94412-fb00-4def-a004-0ead83c9cca1 req-0b781cf6-f1b8-4e88-895b-2e0c6771a916 2e564897be294311bafb8d169a8d8151 5a7b35f3262d44afb3a9a3e2aff4554a - - 2b362c42b3a94487a3df783e0f6fc845 2b362c42b3a94487a3df783e0f6fc845] 162.253.55.36 "GET /allocations/3714ba1f-0cb0-4df6-9c09-6fedc40ea890" status: 200 len: 257 microversion: 1.28 [pid: 8|app: 0|req: 332/666] 162.253.55.36 () {34 vars in 862 bytes} [Thu Apr 2 04:45:14 2026] GET /allocations/3714ba1f-0cb0-4df6-9c09-6fedc40ea890 => generated 257 bytes in 17 msecs (HTTP/1.1 200) 8 headers in 296 bytes (1 switches on core 0)
2026-04-02 04:45:14.300 7 INFO placement.requestlog [req-1fb94412-fb00-4def-a004-0ead83c9cca1 req-89bfacb8-85df-4499-86f6-2623143229d3 2e564897be294311bafb8d169a8d8151 5a7b35f3262d44afb3a9a3e2aff4554a - - 2b362c42b3a94487a3df783e0f6fc845 2b362c42b3a94487a3df783e0f6fc845] 162.253.55.36 "GET /allocations/e2abe139-75d7-40c9-abe3-9d13b4b89d9a" status: 200 len: 257 microversion: 1.28 [pid: 7|app: 0|req: 335/667] 162.253.55.36 () {34 vars in 862 bytes} [Thu Apr 2 04:45:14 2026] GET /allocations/e2abe139-75d7-40c9-abe3-9d13b4b89d9a => generated 257 bytes in 9 msecs (HTTP/1.1 200) 8 headers in 296 bytes (1 switches on core 0)
2026-04-02 04:45:14.321 8 INFO placement.requestlog [req-1fb94412-fb00-4def-a004-0ead83c9cca1 req-05620d02-187b-41a4-9ac0-1147a154ca1c 2e564897be294311bafb8d169a8d8151 5a7b35f3262d44afb3a9a3e2aff4554a - - 2b362c42b3a94487a3df783e0f6fc845 2b362c42b3a94487a3df783e0f6fc845] 162.253.55.36 "GET /allocations/bf7cb0c5-d811-4b22-bfe6-8f8d9ca3672f" status: 200 len: 257 microversion: 1.28 [pid: 8|app: 0|req: 333/668] 162.253.55.36 () {34 vars in 862 bytes} [Thu Apr 2 04:45:14 2026] GET /allocations/bf7cb0c5-d811-4b22-bfe6-8f8d9ca3672f => generated 257 bytes in 14 msecs (HTTP/1.1 200) 8 headers in 296 bytes (1 switches on core 0)
2026-04-02 04:45:15.705 7 INFO placement.requestlog [req-506f1466-9a39-41f6-89b8-2c12838cfc2e req-7d47dea1-a430-4d16-8d0e-02175d230ef3 2e564897be294311bafb8d169a8d8151 5a7b35f3262d44afb3a9a3e2aff4554a - - 2b362c42b3a94487a3df783e0f6fc845 2b362c42b3a94487a3df783e0f6fc845] 162.253.55.36 "GET /allocations/e2abe139-75d7-40c9-abe3-9d13b4b89d9a" status: 200 len: 257 microversion: 1.28 [pid: 7|app: 0|req: 336/669] 162.253.55.36 () {34 vars in 862 bytes} [Thu Apr 2 04:45:15 2026] GET /allocations/e2abe139-75d7-40c9-abe3-9d13b4b89d9a => generated 257 bytes in 11 msecs (HTTP/1.1 200) 8 headers in 296 bytes (1 switches on core 0)
2026-04-02 04:45:16.495 8 INFO placement.requestlog [req-06c6df94-155b-4387-ab22-55e259ca9389 req-875f9c89-7453-482c-855a-b3d64ad7f795 2e564897be294311bafb8d169a8d8151 5a7b35f3262d44afb3a9a3e2aff4554a - - 2b362c42b3a94487a3df783e0f6fc845 2b362c42b3a94487a3df783e0f6fc845] 162.253.55.36 "GET /resource_providers/12d32111-9a07-4b64-8810-6d1473536136/allocations" status: 200 len: 438 microversion: 1.0 [pid: 8|app: 0|req: 334/670] 162.253.55.36 () {32 vars in 856 bytes} [Thu Apr 2 04:45:16 2026] GET /resource_providers/12d32111-9a07-4b64-8810-6d1473536136/allocations => generated 438 bytes in 18 msecs (HTTP/1.1 200) 6 headers in 224 bytes (1 switches on core 0)
2026-04-02 04:45:16.521 7 INFO placement.requestlog [req-06c6df94-155b-4387-ab22-55e259ca9389 req-658538c2-4473-4850-9c81-6a38c5923694 2e564897be294311bafb8d169a8d8151 5a7b35f3262d44afb3a9a3e2aff4554a - - 2b362c42b3a94487a3df783e0f6fc845 2b362c42b3a94487a3df783e0f6fc845] 162.253.55.36 "GET /allocations/e3db8301-b942-4d03-b8da-a2e6316406e3" status: 200 len: 243 microversion: 1.28 [pid: 7|app: 0|req: 337/671] 162.253.55.36 () {34 vars in 862 bytes} [Thu Apr 2 04:45:16 2026] GET /allocations/e3db8301-b942-4d03-b8da-a2e6316406e3 => generated 243 bytes in 13 msecs (HTTP/1.1 200) 8 headers in 296 bytes (1 switches on core 0)
2026-04-02 04:45:16.559 8 INFO placement.requestlog [req-06c6df94-155b-4387-ab22-55e259ca9389 req-2b44d319-0a7a-4890-96fe-db2b150496b7 2e564897be294311bafb8d169a8d8151 5a7b35f3262d44afb3a9a3e2aff4554a - - 2b362c42b3a94487a3df783e0f6fc845 2b362c42b3a94487a3df783e0f6fc845] 162.253.55.36 "GET /allocations/3714ba1f-0cb0-4df6-9c09-6fedc40ea890" status: 200 len: 257 microversion: 1.28 [pid: 8|app: 0|req: 335/672] 162.253.55.36 () {34 vars in 862 bytes} [Thu Apr 2 04:45:16 2026] GET /allocations/3714ba1f-0cb0-4df6-9c09-6fedc40ea890 => generated 257 bytes in 26 msecs (HTTP/1.1 200) 8 headers in 296 bytes (1 switches on core 0)
2026-04-02 04:45:16.576 7 INFO placement.requestlog [req-06c6df94-155b-4387-ab22-55e259ca9389 req-06642c4d-4d1d-4163-a95b-398da5eb914e 2e564897be294311bafb8d169a8d8151 5a7b35f3262d44afb3a9a3e2aff4554a - - 2b362c42b3a94487a3df783e0f6fc845 2b362c42b3a94487a3df783e0f6fc845] 162.253.55.36 "GET /allocations/e2abe139-75d7-40c9-abe3-9d13b4b89d9a" status: 200 len: 257 microversion: 1.28 [pid: 7|app: 0|req: 338/673] 162.253.55.36 () {34 vars in 862 bytes} [Thu Apr 2 04:45:16 2026] GET /allocations/e2abe139-75d7-40c9-abe3-9d13b4b89d9a => generated 257 bytes in 12 msecs (HTTP/1.1 200) 8 headers in 296 bytes (1 switches on core 0)
2026-04-02 04:45:16.611 8 INFO placement.requestlog [req-06c6df94-155b-4387-ab22-55e259ca9389 req-9151d7bf-52bd-4035-b3e1-820d5735d79e 2e564897be294311bafb8d169a8d8151 5a7b35f3262d44afb3a9a3e2aff4554a - - 2b362c42b3a94487a3df783e0f6fc845 2b362c42b3a94487a3df783e0f6fc845] 162.253.55.36 "GET /allocations/bf7cb0c5-d811-4b22-bfe6-8f8d9ca3672f" status: 200 len: 257 microversion: 1.28 [pid: 8|app: 0|req: 336/674] 162.253.55.36 () {34 vars in 862 bytes} [Thu Apr 2 04:45:16 2026] GET /allocations/bf7cb0c5-d811-4b22-bfe6-8f8d9ca3672f => generated 257 bytes in 28 msecs (HTTP/1.1 200) 8 headers in 296 bytes (1 switches on core 0)
2026-04-02 04:45:18.345 7 INFO placement.requestlog [None req-be1949cd-204a-4455-adda-aae04f960462 - - - - - -] 10.0.0.176 "GET /" status: 200 len: 136 microversion: 1.0
2026-04-02 04:45:18.345 8 INFO placement.requestlog [None req-869cd325-3794-4262-ab09-deefb180bd64 - - - - - -] 10.0.0.176 "GET /" status: 200 len: 136 microversion: 1.0
2026-04-02 04:45:18.668 7 INFO placement.requestlog [req-506f1466-9a39-41f6-89b8-2c12838cfc2e req-1fb1810d-c3e6-4517-a89c-dab9ed96063f 2e564897be294311bafb8d169a8d8151 5a7b35f3262d44afb3a9a3e2aff4554a - - 2b362c42b3a94487a3df783e0f6fc845 2b362c42b3a94487a3df783e0f6fc845] 162.253.55.36 "GET /resource_providers/12d32111-9a07-4b64-8810-6d1473536136/allocations" status: 200 len: 438 microversion: 1.0 [pid: 7|app: 0|req: 340/677] 162.253.55.36 () {32 vars in 856 bytes} [Thu Apr 2 04:45:18 2026] GET /resource_providers/12d32111-9a07-4b64-8810-6d1473536136/allocations => generated 438 bytes in 14 msecs (HTTP/1.1 200) 6 headers in 224 bytes (1 switches on core 0)
2026-04-02 04:45:18.687 8 INFO placement.requestlog [req-506f1466-9a39-41f6-89b8-2c12838cfc2e req-5329e473-b6b5-421d-a6ba-889d6521d27e 2e564897be294311bafb8d169a8d8151 5a7b35f3262d44afb3a9a3e2aff4554a - - 2b362c42b3a94487a3df783e0f6fc845 2b362c42b3a94487a3df783e0f6fc845] 162.253.55.36 "GET /allocations/e3db8301-b942-4d03-b8da-a2e6316406e3" status: 200 len: 243 microversion: 1.28 [pid: 8|app: 0|req: 338/678] 162.253.55.36 () {34 vars in 862 bytes} [Thu Apr 2 04:45:18 2026] GET /allocations/e3db8301-b942-4d03-b8da-a2e6316406e3 => generated 243 bytes in 11 msecs (HTTP/1.1 200) 8 headers in 296 bytes (1 switches on core 0)
2026-04-02 04:45:18.702 7 INFO placement.requestlog [req-506f1466-9a39-41f6-89b8-2c12838cfc2e req-5329a3a1-3b76-409d-ae01-80abebe9c7c3 2e564897be294311bafb8d169a8d8151 5a7b35f3262d44afb3a9a3e2aff4554a - - 2b362c42b3a94487a3df783e0f6fc845 2b362c42b3a94487a3df783e0f6fc845] 162.253.55.36 "GET /allocations/3714ba1f-0cb0-4df6-9c09-6fedc40ea890" status: 200 len: 257 microversion: 1.28 [pid: 7|app: 0|req: 341/679] 162.253.55.36 () {34 vars in 862 bytes} [Thu Apr 2 04:45:18 2026] GET /allocations/3714ba1f-0cb0-4df6-9c09-6fedc40ea890 => generated 257 bytes in 10 msecs (HTTP/1.1 200) 8 headers in 296 bytes (1 switches on core 0)
2026-04-02 04:45:18.737 8 INFO placement.requestlog [req-506f1466-9a39-41f6-89b8-2c12838cfc2e req-0944d0d3-6090-46ff-b42c-06a4be2bc5b4 2e564897be294311bafb8d169a8d8151 5a7b35f3262d44afb3a9a3e2aff4554a - - 2b362c42b3a94487a3df783e0f6fc845 2b362c42b3a94487a3df783e0f6fc845] 162.253.55.36 "GET /allocations/e2abe139-75d7-40c9-abe3-9d13b4b89d9a" status: 200 len: 257 microversion: 1.28 [pid: 8|app: 0|req: 339/680] 162.253.55.36 () {34 vars in 862 bytes} [Thu Apr 2 04:45:18 2026] GET /allocations/e2abe139-75d7-40c9-abe3-9d13b4b89d9a => generated 257 bytes in 12 msecs (HTTP/1.1 200) 8 headers in 296 bytes (1 switches on core 0)
2026-04-02 04:45:18.755 7 INFO placement.requestlog [req-506f1466-9a39-41f6-89b8-2c12838cfc2e req-cf52e5e6-303c-48fd-9d5a-4b9521705ddf 2e564897be294311bafb8d169a8d8151 5a7b35f3262d44afb3a9a3e2aff4554a - - 2b362c42b3a94487a3df783e0f6fc845 2b362c42b3a94487a3df783e0f6fc845] 162.253.55.36 "GET /allocations/bf7cb0c5-d811-4b22-bfe6-8f8d9ca3672f" status: 200 len: 257 microversion: 1.28 [pid: 7|app: 0|req: 342/681] 162.253.55.36 () {34 vars in 862 bytes} [Thu Apr 2 04:45:18 2026] GET /allocations/bf7cb0c5-d811-4b22-bfe6-8f8d9ca3672f => generated 257 bytes in 11 msecs (HTTP/1.1 200) 8 headers in 296 bytes (1 switches on core 0)
2026-04-02 04:45:23.063 8 INFO placement.requestlog [req-39f0b3e4-8f2b-4ac3-8691-0a4542ef44de req-d5a91833-0b8f-48f1-b0b1-95a58387fbdb 2e564897be294311bafb8d169a8d8151 5a7b35f3262d44afb3a9a3e2aff4554a - - 2b362c42b3a94487a3df783e0f6fc845 2b362c42b3a94487a3df783e0f6fc845] 162.253.55.36 "GET /resource_providers/12d32111-9a07-4b64-8810-6d1473536136/allocations" status: 200 len: 438 microversion: 1.0 [pid: 8|app: 0|req: 340/682] 162.253.55.36 () {32 vars in 856 bytes} [Thu Apr 2 04:45:23 2026] GET /resource_providers/12d32111-9a07-4b64-8810-6d1473536136/allocations => generated 438 bytes in 30 msecs (HTTP/1.1 200) 6 headers in 224 bytes (1 switches on core 0)
2026-04-02 04:45:23.080 7 INFO placement.requestlog [req-39f0b3e4-8f2b-4ac3-8691-0a4542ef44de req-bee4ae97-a460-4538-bc14-3a5f1725b9ed 2e564897be294311bafb8d169a8d8151 5a7b35f3262d44afb3a9a3e2aff4554a - - 2b362c42b3a94487a3df783e0f6fc845 2b362c42b3a94487a3df783e0f6fc845] 162.253.55.36 "GET /resource_providers/12d32111-9a07-4b64-8810-6d1473536136/allocations" status: 200 len: 438 microversion: 1.0 [pid: 7|app: 0|req: 343/683] 162.253.55.36 () {32 vars in 856 bytes} [Thu Apr 2 04:45:23 2026] GET /resource_providers/12d32111-9a07-4b64-8810-6d1473536136/allocations => generated 438 bytes in 12 msecs (HTTP/1.1 200) 6 headers in 224 bytes (1 switches on core 0)
2026-04-02 04:45:23.097 8 INFO placement.requestlog [req-39f0b3e4-8f2b-4ac3-8691-0a4542ef44de req-4581285b-d652-4538-919e-c4f72bc69d83 2e564897be294311bafb8d169a8d8151 5a7b35f3262d44afb3a9a3e2aff4554a - - 2b362c42b3a94487a3df783e0f6fc845 2b362c42b3a94487a3df783e0f6fc845] 162.253.55.36 "GET /allocations/e3db8301-b942-4d03-b8da-a2e6316406e3" status: 200 len: 243 microversion: 1.28 [pid: 8|app: 0|req: 341/684] 162.253.55.36 () {34 vars in 862 bytes} [Thu Apr 2 04:45:23 2026] GET /allocations/e3db8301-b942-4d03-b8da-a2e6316406e3 => generated 243 bytes in 13 msecs (HTTP/1.1 200) 8 headers in 296 bytes (1 switches on core 0)
2026-04-02 04:45:23.117 7 INFO placement.requestlog [req-39f0b3e4-8f2b-4ac3-8691-0a4542ef44de req-ee7cd6b0-744f-4d5b-9f69-98287f55ba7a 2e564897be294311bafb8d169a8d8151 5a7b35f3262d44afb3a9a3e2aff4554a - - 2b362c42b3a94487a3df783e0f6fc845 2b362c42b3a94487a3df783e0f6fc845] 162.253.55.36 "GET /allocations/3714ba1f-0cb0-4df6-9c09-6fedc40ea890" status: 200 len: 257 microversion: 1.28 [pid: 7|app: 0|req: 344/685] 162.253.55.36 () {34 vars in 862 bytes} [Thu Apr 2 04:45:23 2026] GET /allocations/3714ba1f-0cb0-4df6-9c09-6fedc40ea890 => generated 257 bytes in 13 msecs (HTTP/1.1 200) 8 headers in 296 bytes (1 switches on core 0)
2026-04-02 04:45:23.133 8 INFO placement.requestlog [req-39f0b3e4-8f2b-4ac3-8691-0a4542ef44de req-0c5d4374-90bc-4299-89f0-80f47d5f57c2 2e564897be294311bafb8d169a8d8151 5a7b35f3262d44afb3a9a3e2aff4554a - - 2b362c42b3a94487a3df783e0f6fc845 2b362c42b3a94487a3df783e0f6fc845] 162.253.55.36 "GET /allocations/e2abe139-75d7-40c9-abe3-9d13b4b89d9a" status: 200 len: 257 microversion: 1.28 [pid: 8|app: 0|req: 342/686] 162.253.55.36 () {34 vars in 862 bytes} [Thu Apr 2 04:45:23 2026] GET /allocations/e2abe139-75d7-40c9-abe3-9d13b4b89d9a => generated 257 bytes in 12 msecs (HTTP/1.1 200) 8 headers in 296 bytes (1 switches on core 0)
2026-04-02 04:45:23.148 7 INFO placement.requestlog [req-39f0b3e4-8f2b-4ac3-8691-0a4542ef44de req-50c13398-d454-4ed0-80fe-801914874624 2e564897be294311bafb8d169a8d8151 5a7b35f3262d44afb3a9a3e2aff4554a - - 2b362c42b3a94487a3df783e0f6fc845 2b362c42b3a94487a3df783e0f6fc845] 162.253.55.36 "GET /allocations/bf7cb0c5-d811-4b22-bfe6-8f8d9ca3672f" status: 200 len: 257 microversion: 1.28 [pid: 7|app: 0|req: 345/687] 162.253.55.36 () {34 vars in 862 bytes} [Thu Apr 2 04:45:23 2026] GET /allocations/bf7cb0c5-d811-4b22-bfe6-8f8d9ca3672f => generated 257 bytes in 11 msecs (HTTP/1.1 200) 8 headers in 296 bytes (1 switches on core 0)
2026-04-02 04:45:28.254 8 INFO placement.requestlog [req-d484b359-6565-4e8e-a2a9-dff20d86b606 req-3f7f27cb-0013-484b-9fc1-8e798f2e8b18 2e564897be294311bafb8d169a8d8151 5a7b35f3262d44afb3a9a3e2aff4554a - - 2b362c42b3a94487a3df783e0f6fc845 2b362c42b3a94487a3df783e0f6fc845] 162.253.55.36 "GET /resource_providers/12d32111-9a07-4b64-8810-6d1473536136/allocations" status: 200 len: 438 microversion: 1.0 [pid: 8|app: 0|req: 343/688] 162.253.55.36 () {32 vars in 856 bytes} [Thu Apr 2 04:45:28 2026] GET /resource_providers/12d32111-9a07-4b64-8810-6d1473536136/allocations => generated 438 bytes in 34 msecs (HTTP/1.1 200) 6 headers in 224 bytes (1 switches on core 0)
2026-04-02 04:45:28.275 7 INFO placement.requestlog [req-d484b359-6565-4e8e-a2a9-dff20d86b606 req-1aa5b23a-2638-458a-9c38-9d20c7e5c06d 2e564897be294311bafb8d169a8d8151 5a7b35f3262d44afb3a9a3e2aff4554a - - 2b362c42b3a94487a3df783e0f6fc845 2b362c42b3a94487a3df783e0f6fc845] 162.253.55.36 "GET /allocations/e3db8301-b942-4d03-b8da-a2e6316406e3" status: 200 len: 243 microversion: 1.28 [pid: 7|app: 0|req: 346/689] 162.253.55.36 () {34 vars in 862 bytes} [Thu Apr 2 04:45:28 2026] GET /allocations/e3db8301-b942-4d03-b8da-a2e6316406e3 => generated 243 bytes in 16 msecs (HTTP/1.1 200) 8 headers in 296 bytes (1 switches on core 0)
