2026-06-25 23:34:35.932 10 INFO neutron.api.wsgi [req-c75bdf80-7696-491c-ba5f-5ceeadc33392 req-288c3a3e-b7e3-4cbf-8449-66d50040cbfd 6a6bd2b6722f46c9aaa589227c28e6fb f8851a35c6644d4aa71262178e3de145 - - default default] 10.0.0.157 "GET /v2.0/networks?id=587e7bc1-3884-42e9-9001-27a0a9d94e8e HTTP/1.1" status: 200 len: 859 time: 0.0416486
2026-06-25 23:34:35.949 10 INFO neutron.api.wsgi [req-c75bdf80-7696-491c-ba5f-5ceeadc33392 req-de2415fe-e232-479c-9c90-df8d70dad82b 6a6bd2b6722f46c9aaa589227c28e6fb f8851a35c6644d4aa71262178e3de145 - - default default] 10.0.0.157 "GET /v2.0/quotas/f8851a35c6644d4aa71262178e3de145 HTTP/1.1" status: 200 len: 491 time: 0.0105932
2026-06-25 23:34:36.013 10 INFO neutron.api.wsgi [req-c75bdf80-7696-491c-ba5f-5ceeadc33392 req-84ec2375-3544-40e7-9176-808f3acbb852 6a6bd2b6722f46c9aaa589227c28e6fb f8851a35c6644d4aa71262178e3de145 - - default default] 10.0.0.157 "GET /v2.0/ports?tenant_id=f8851a35c6644d4aa71262178e3de145&fields=id HTTP/1.1" status: 200 len: 302 time: 0.0584233
2026-06-25 23:34:36.066 10 INFO neutron.api.wsgi [req-c75bdf80-7696-491c-ba5f-5ceeadc33392 req-748e08c4-3c1a-4e3f-bc4c-04f8e3809e78 2c7701c85ab94603a734325966eae3c2 dab50b7c660a45cf853e75fd56ba3911 - - 270885a2bed64546875c9241f5473fdb 270885a2bed64546875c9241f5473fdb] 10.0.0.157 "GET /v2.0/networks/587e7bc1-3884-42e9-9001-27a0a9d94e8e?fields=segments HTTP/1.1" status: 200 len: 212 time: 0.0393927
2026-06-25 23:34:36.109 10 INFO neutron.api.wsgi [req-c75bdf80-7696-491c-ba5f-5ceeadc33392 req-81ed083f-711a-4a13-a8f2-63081ea1d6ec 2c7701c85ab94603a734325966eae3c2 dab50b7c660a45cf853e75fd56ba3911 - - 270885a2bed64546875c9241f5473fdb 270885a2bed64546875c9241f5473fdb] 10.0.0.157 "GET /v2.0/networks/587e7bc1-3884-42e9-9001-27a0a9d94e8e?fields=provider%3Aphysical_network&fields=provider%3Anetwork_type HTTP/1.1" status: 200 len: 277 time: 0.0368705
2026-06-25 23:34:36.228 10 INFO neutron.api.wsgi [req-b402a2e9-f2c7-41be-b936-5e5c166e7704 req-70d32384-db38-4c44-850e-e61ff70a55cf 6a6bd2b6722f46c9aaa589227c28e6fb f8851a35c6644d4aa71262178e3de145 - - default default] 10.0.0.157 "GET /v2.0/ports?device_id=fd66d736-1e16-45b3-91e6-88c64825f552 HTTP/1.1" status: 200 len: 210 time: 0.0162899
2026-06-25 23:34:36.351 10 INFO neutron.api.wsgi [req-75e5f8d2-399b-4c90-8d2d-65547fc9bfff req-ce61e739-7501-4a66-8a5e-bea32b4c371e a179cb63121e4215848206d8e0d98942 799f3fd3a6cf422b9968646ae2e08fae - - default default] 10.0.0.157 "GET /v2.0/ports?device_id=241d8a44-56e8-431d-bb18-f55d0de34764 HTTP/1.1" status: 200 len: 210 time: 0.0253847
2026-06-25 23:34:37.112 9 INFO neutron.api.wsgi [req-cf899754-a221-4f82-b5b9-a9283388f0c6 req-e45e29c7-4669-447a-971f-ac5207f9be21 2c7701c85ab94603a734325966eae3c2 dab50b7c660a45cf853e75fd56ba3911 - - 270885a2bed64546875c9241f5473fdb 270885a2bed64546875c9241f5473fdb] 10.0.0.57 "GET /v2.0/ports?device_id=f781a11f-b01c-465e-87ff-0e3452550cd4 HTTP/1.1" status: 200 len: 1634 time: 0.0297534
2026-06-25 23:34:37.169 9 INFO neutron.api.wsgi [req-cf899754-a221-4f82-b5b9-a9283388f0c6 req-fd98252f-78b2-42cd-8856-63113b382c85 2c7701c85ab94603a734325966eae3c2 dab50b7c660a45cf853e75fd56ba3911 - - 270885a2bed64546875c9241f5473fdb 270885a2bed64546875c9241f5473fdb] 10.0.0.57 "GET /v2.0/security-groups?id=6e0c5ef4-ff43-45dd-af0f-e0a9f6e14de1&fields=id&fields=name HTTP/1.1" status: 200 len: 310 time: 0.0510411
2026-06-25 23:34:37.178 10 INFO neutron.api.wsgi [req-86783240-1dc6-4539-8ba9-b6e510026573 req-9e93f896-882d-45c6-844f-ae332fe99b02 029b017bc5964118a9579933ad408828 bfeaca3d1e174d77bb39765515f81eb6 - - default default] 199.19.213.228 "GET /v2.0/networks?id=30669794-b85e-4417-9d18-d99c4f779711 HTTP/1.1" status: 200 len: 904 time: 0.0508916
2026-06-25 23:34:37.226 10 INFO neutron.api.wsgi [req-86783240-1dc6-4539-8ba9-b6e510026573 req-42cc3cd1-3682-4894-a5e3-1959802eaae3 029b017bc5964118a9579933ad408828 bfeaca3d1e174d77bb39765515f81eb6 - - default default] 199.19.213.228 "GET /v2.0/security-groups?fields=id&fields=name&tenant_id=bfeaca3d1e174d77bb39765515f81eb6 HTTP/1.1" status: 200 len: 377 time: 0.0439720
2026-06-25 23:34:37.236 10 WARNING neutron_lib.context [req-86783240-1dc6-4539-8ba9-b6e510026573 req-e728b237-676f-4f0b-b209-58b43ec7202b 029b017bc5964118a9579933ad408828 bfeaca3d1e174d77bb39765515f81eb6 - - default default] Method 'is_advsvc' is deprecated since 2023.2 release (neutron-lib 3.8.0) and will be removed once support for the old RBAC API policies will be removed from Neutron. Please use method 'is_service_role' instead.
2026-06-25 23:34:37.322 10 INFO neutron.api.wsgi [req-98f1cd73-c4ed-4b40-86e8-b03a1ee59857 req-2042b390-2d53-467a-963b-536a58d48efe 6a6bd2b6722f46c9aaa589227c28e6fb f8851a35c6644d4aa71262178e3de145 - - default default] 10.0.0.157 "GET /v2.0/ports?device_id=fd66d736-1e16-45b3-91e6-88c64825f552 HTTP/1.1" status: 200 len: 210 time: 0.0157299
2026-06-25 23:34:37.437 10 INFO neutron.api.wsgi [req-500002da-bc56-4ab8-84ab-d225f2db0132 req-77632a30-1f3d-451d-b2cf-e7cc8b7bc610 a179cb63121e4215848206d8e0d98942 799f3fd3a6cf422b9968646ae2e08fae - - default default] 10.0.0.157 "GET /v2.0/ports?device_id=241d8a44-56e8-431d-bb18-f55d0de34764 HTTP/1.1" status: 200 len: 210 time: 0.0197034
2026-06-25 23:34:37.687 10 WARNING neutron.scheduler.dhcp_agent_scheduler [req-86783240-1dc6-4539-8ba9-b6e510026573 req-e728b237-676f-4f0b-b209-58b43ec7202b 029b017bc5964118a9579933ad408828 bfeaca3d1e174d77bb39765515f81eb6 - - default default] No more DHCP agents
2026-06-25 23:34:37.689 10 WARNING neutron.api.rpc.agentnotifiers.dhcp_rpc_agent_api [req-86783240-1dc6-4539-8ba9-b6e510026573 req-e728b237-676f-4f0b-b209-58b43ec7202b 029b017bc5964118a9579933ad408828 bfeaca3d1e174d77bb39765515f81eb6 - - default default] Unable to schedule network 30669794-b85e-4417-9d18-d99c4f779711: no agents available; will retry on subsequent port and subnet creation events.
2026-06-25 23:34:37.825 10 INFO neutron.db.ovn_revision_numbers_db [req-86783240-1dc6-4539-8ba9-b6e510026573 req-e728b237-676f-4f0b-b209-58b43ec7202b 029b017bc5964118a9579933ad408828 bfeaca3d1e174d77bb39765515f81eb6 - - default default] Successfully bumped revision number for resource 4278995b-44c4-48b1-8765-3ace3b7410ea (type: ports) to 1
2026-06-25 23:34:37.853 10 INFO neutron.api.wsgi [req-86783240-1dc6-4539-8ba9-b6e510026573 req-e728b237-676f-4f0b-b209-58b43ec7202b 029b017bc5964118a9579933ad408828 bfeaca3d1e174d77bb39765515f81eb6 - - default default] 199.19.213.228 "POST /v2.0/ports HTTP/1.1" status: 201 len: 1392 time: 0.6231148 /var/lib/openstack/lib/python3.12/site-packages/pycadf/identifier.py:71: UserWarning: Invalid uuid: neutron. To ensure interoperability, identifiers should be a valid uuid. warnings.warn(('Invalid uuid: %s. To ensure interoperability, '
2026-06-25 23:34:38.007 10 INFO neutron.api.wsgi [req-39497310-d370-4528-8ebe-1be1afb7eae1 req-c1880413-c3a2-474c-8dcb-7a143de79083 029b017bc5964118a9579933ad408828 bfeaca3d1e174d77bb39765515f81eb6 - - default default] 10.0.0.157 "GET /v2.0/ports?device_id=349f2191-3845-4fea-8256-9f91a43edcc9 HTTP/1.1" status: 200 len: 1390 time: 0.0816357
2026-06-25 23:34:38.062 10 INFO neutron.api.wsgi [req-39497310-d370-4528-8ebe-1be1afb7eae1 req-b903a6ce-b78f-436b-8f59-26d766f2d103 029b017bc5964118a9579933ad408828 bfeaca3d1e174d77bb39765515f81eb6 - - default default] 10.0.0.157 "GET /v2.0/security-groups?id=6e0c5ef4-ff43-45dd-af0f-e0a9f6e14de1&fields=id&fields=name HTTP/1.1" status: 200 len: 310 time: 0.0388370
2026-06-25 23:34:38.228 10 INFO neutron.db.ovn_revision_numbers_db [req-86783240-1dc6-4539-8ba9-b6e510026573 req-16fe5072-8156-4320-9ba8-dc039d087316 2c7701c85ab94603a734325966eae3c2 dab50b7c660a45cf853e75fd56ba3911 - - 270885a2bed64546875c9241f5473fdb 270885a2bed64546875c9241f5473fdb] Successfully bumped revision number for resource 4278995b-44c4-48b1-8765-3ace3b7410ea (type: ports) to 2 /var/lib/openstack/lib/python3.12/site-packages/pycadf/identifier.py:71: UserWarning: Invalid uuid: neutron. To ensure interoperability, identifiers should be a valid uuid. warnings.warn(('Invalid uuid: %s. To ensure interoperability, '
2026-06-25 23:34:38.405 10 INFO neutron.api.wsgi [req-e2b38514-825f-4ae9-a5f2-97b37b8d652e req-34f20e37-97db-489c-a6ad-b8d0a3c55de9 6a6bd2b6722f46c9aaa589227c28e6fb f8851a35c6644d4aa71262178e3de145 - - default default] 10.0.0.157 "GET /v2.0/ports?device_id=fd66d736-1e16-45b3-91e6-88c64825f552 HTTP/1.1" status: 200 len: 210 time: 0.0279305
2026-06-25 23:34:38.407 10 INFO neutron.db.ovn_revision_numbers_db [req-86783240-1dc6-4539-8ba9-b6e510026573 req-16fe5072-8156-4320-9ba8-dc039d087316 2c7701c85ab94603a734325966eae3c2 dab50b7c660a45cf853e75fd56ba3911 - - 270885a2bed64546875c9241f5473fdb 270885a2bed64546875c9241f5473fdb] Successfully bumped revision number for resource 4278995b-44c4-48b1-8765-3ace3b7410ea (type: ports) to 4
2026-06-25 23:34:38.422 10 INFO neutron.api.wsgi [req-86783240-1dc6-4539-8ba9-b6e510026573 req-16fe5072-8156-4320-9ba8-dc039d087316 2c7701c85ab94603a734325966eae3c2 dab50b7c660a45cf853e75fd56ba3911 - - 270885a2bed64546875c9241f5473fdb 270885a2bed64546875c9241f5473fdb] 199.19.213.228 "PUT /v2.0/ports/4278995b-44c4-48b1-8765-3ace3b7410ea HTTP/1.1" status: 200 len: 1637 time: 0.5615945
2026-06-25 23:34:38.447 10 INFO neutron.notifiers.nova [-] Nova event matching ['req-09c693a9-d33a-4001-8769-2168ba9d2614'] response: {'name': 'network-changed', 'server_uuid': '349f2191-3845-4fea-8256-9f91a43edcc9', 'tag': '4278995b-44c4-48b1-8765-3ace3b7410ea', 'status': 'completed', 'code': 200}
2026-06-25 23:34:38.990 10 INFO neutron.api.wsgi [req-24414c18-06ab-4201-9f52-f42051a2d621 req-18289269-e9f3-49f8-bf4e-2205934bd3f4 2c7701c85ab94603a734325966eae3c2 dab50b7c660a45cf853e75fd56ba3911 - - 270885a2bed64546875c9241f5473fdb 270885a2bed64546875c9241f5473fdb] 199.19.213.228 "GET /v2.0/ports?tenant_id=bfeaca3d1e174d77bb39765515f81eb6&device_id=349f2191-3845-4fea-8256-9f91a43edcc9 HTTP/1.1" status: 200 len: 1640 time: 0.0333912
2026-06-25 23:34:39.043 10 INFO neutron.api.wsgi [req-24414c18-06ab-4201-9f52-f42051a2d621 req-0527bf47-5207-4981-b796-8e4192f01f73 2c7701c85ab94603a734325966eae3c2 dab50b7c660a45cf853e75fd56ba3911 - - 270885a2bed64546875c9241f5473fdb 270885a2bed64546875c9241f5473fdb] 199.19.213.228 "GET /v2.0/networks?tenant_id=bfeaca3d1e174d77bb39765515f81eb6&shared=False HTTP/1.1" status: 200 len: 2583 time: 0.0486741
2026-06-25 23:34:39.093 10 INFO neutron.api.wsgi [req-24414c18-06ab-4201-9f52-f42051a2d621 req-942ccc5f-0592-47f2-a53b-576a0663bdd7 2c7701c85ab94603a734325966eae3c2 dab50b7c660a45cf853e75fd56ba3911 - - 270885a2bed64546875c9241f5473fdb 270885a2bed64546875c9241f5473fdb] 199.19.213.228 "GET /v2.0/networks?shared=True HTTP/1.1" status: 200 len: 952 time: 0.0468884
2026-06-25 23:34:39.481 10 INFO neutron.api.wsgi [req-c8c2ce08-0612-4f47-a4dd-028fd7c320fe req-598cdb8d-490c-47da-bf35-6e40f3546c13 6a6bd2b6722f46c9aaa589227c28e6fb f8851a35c6644d4aa71262178e3de145 - - default default] 10.0.0.157 "GET /v2.0/ports?device_id=fd66d736-1e16-45b3-91e6-88c64825f552 HTTP/1.1" status: 200 len: 210 time: 0.0158963
2026-06-25 23:34:39.486 10 WARNING neutron.plugins.ml2.drivers.ovn.mech_driver.ovsdb.ovn_client [None req-2975c8b8-814d-41f0-b4ca-7ba3e6f6d10d - - - - - -] No hosting information found for port eb18600b-5961-4f42-b922-b0ecd4bc1f27: RuntimeError: No hosting information found for port eb18600b-5961-4f42-b922-b0ecd4bc1f27
2026-06-25 23:34:39.487 10 INFO neutron.plugins.ml2.drivers.ovn.mech_driver.mech_driver [None req-2975c8b8-814d-41f0-b4ca-7ba3e6f6d10d - - - - - -] OVN reports status down for port: 2dd68360-e1b7-44f0-b70e-483cea2119b6
2026-06-25 23:34:39.567 10 INFO neutron.db.ovn_revision_numbers_db [None req-2975c8b8-814d-41f0-b4ca-7ba3e6f6d10d - - - - - -] Successfully bumped revision number for resource eb18600b-5961-4f42-b922-b0ecd4bc1f27 (type: router_ports) to 2
2026-06-25 23:34:40.142 10 INFO neutron.api.wsgi [req-86783240-1dc6-4539-8ba9-b6e510026573 req-4ec94924-864b-4cb6-a52f-7dbefc085ac7 2c7701c85ab94603a734325966eae3c2 dab50b7c660a45cf853e75fd56ba3911 - - 270885a2bed64546875c9241f5473fdb 270885a2bed64546875c9241f5473fdb] 199.19.213.228 "GET /v2.0/ports?tenant_id=bfeaca3d1e174d77bb39765515f81eb6&device_id=349f2191-3845-4fea-8256-9f91a43edcc9 HTTP/1.1" status: 200 len: 1640 time: 0.0362928
2026-06-25 23:34:40.162 10 INFO neutron.api.wsgi [req-86783240-1dc6-4539-8ba9-b6e510026573 req-80d5d638-f0da-4d16-b832-fe651e12dbbe 2c7701c85ab94603a734325966eae3c2 dab50b7c660a45cf853e75fd56ba3911 - - 270885a2bed64546875c9241f5473fdb 270885a2bed64546875c9241f5473fdb] 199.19.213.228 "GET /v2.0/floatingips?fixed_ip_address=10.2.2.219&port_id=4278995b-44c4-48b1-8765-3ace3b7410ea HTTP/1.1" status: 200 len: 217 time: 0.0163922
2026-06-25 23:34:40.188 10 INFO neutron.api.wsgi [req-86783240-1dc6-4539-8ba9-b6e510026573 req-cd16c129-64d3-4042-892b-70817d4a565b 2c7701c85ab94603a734325966eae3c2 dab50b7c660a45cf853e75fd56ba3911 - - 270885a2bed64546875c9241f5473fdb 270885a2bed64546875c9241f5473fdb] 199.19.213.228 "GET /v2.0/floatingips?fixed_ip_address=fd77%3A1457%3A4cf0%3A26a8%3A%3A201&port_id=4278995b-44c4-48b1-8765-3ace3b7410ea HTTP/1.1" status: 200 len: 217 time: 0.0179474
2026-06-25 23:34:40.228 10 INFO neutron.api.wsgi [req-86783240-1dc6-4539-8ba9-b6e510026573 req-22dfec0e-db87-4451-898d-50437f40e44b 2c7701c85ab94603a734325966eae3c2 dab50b7c660a45cf853e75fd56ba3911 - - 270885a2bed64546875c9241f5473fdb 270885a2bed64546875c9241f5473fdb] 199.19.213.228 "GET /v2.0/subnets?id=66f380a3-51c0-4735-a821-d95f3bfd7102&id=7b766491-e29d-4974-9e42-c63eb0e4f35e HTTP/1.1" status: 200 len: 1614 time: 0.0354218
2026-06-25 23:34:40.254 10 INFO neutron.api.wsgi [req-86783240-1dc6-4539-8ba9-b6e510026573 req-f92ab982-7602-4d6f-baa3-0ba0f7f7fa4a 2c7701c85ab94603a734325966eae3c2 dab50b7c660a45cf853e75fd56ba3911 - - 270885a2bed64546875c9241f5473fdb 270885a2bed64546875c9241f5473fdb] 199.19.213.228 "GET /v2.0/ports?network_id=30669794-b85e-4417-9d18-d99c4f779711&device_owner=network%3Adhcp HTTP/1.1" status: 200 len: 210 time: 0.0205312
2026-06-25 23:34:40.277 10 INFO neutron.api.wsgi [req-86783240-1dc6-4539-8ba9-b6e510026573 req-a09a6484-16e0-43f3-ac00-1bf95ace1c33 2c7701c85ab94603a734325966eae3c2 dab50b7c660a45cf853e75fd56ba3911 - - 270885a2bed64546875c9241f5473fdb 270885a2bed64546875c9241f5473fdb] 199.19.213.228 "GET /v2.0/ports?network_id=30669794-b85e-4417-9d18-d99c4f779711&device_owner=network%3Adhcp HTTP/1.1" status: 200 len: 210 time: 0.0151031
2026-06-25 23:34:40.324 10 INFO neutron.api.wsgi [req-86783240-1dc6-4539-8ba9-b6e510026573 req-77aabdee-4631-48f3-98a7-aba20617fbfb 2c7701c85ab94603a734325966eae3c2 dab50b7c660a45cf853e75fd56ba3911 - - 270885a2bed64546875c9241f5473fdb 270885a2bed64546875c9241f5473fdb] 199.19.213.228 "GET /v2.0/networks/30669794-b85e-4417-9d18-d99c4f779711?fields=segments HTTP/1.1" status: 200 len: 212 time: 0.0417249
2026-06-25 23:34:40.402 10 INFO neutron.api.wsgi [req-86783240-1dc6-4539-8ba9-b6e510026573 req-42dc5620-9388-4a86-bf5d-a14fa20269af 2c7701c85ab94603a734325966eae3c2 dab50b7c660a45cf853e75fd56ba3911 - - 270885a2bed64546875c9241f5473fdb 270885a2bed64546875c9241f5473fdb] 199.19.213.228 "GET /v2.0/networks/30669794-b85e-4417-9d18-d99c4f779711?fields=provider%3Aphysical_network&fields=provider%3Anetwork_type HTTP/1.1" status: 200 len: 277 time: 0.0683026
2026-06-25 23:34:40.555 10 INFO neutron.api.wsgi [req-553edf43-e66e-42d8-ac7b-41d12efe94e7 req-718672ea-d64d-4aa6-bf0d-a31cddd683bc 6a6bd2b6722f46c9aaa589227c28e6fb f8851a35c6644d4aa71262178e3de145 - - default default] 10.0.0.157 "GET /v2.0/ports?device_id=fd66d736-1e16-45b3-91e6-88c64825f552 HTTP/1.1" status: 200 len: 210 time: 0.0183280
2026-06-25 23:34:40.573 10 INFO neutron.api.wsgi [req-c75bdf80-7696-491c-ba5f-5ceeadc33392 req-970e100e-2463-415b-8e22-36c987b956d1 6a6bd2b6722f46c9aaa589227c28e6fb f8851a35c6644d4aa71262178e3de145 - - default default] 199.19.213.228 "GET /v2.0/networks?id=587e7bc1-3884-42e9-9001-27a0a9d94e8e HTTP/1.1" status: 200 len: 859 time: 0.0651839
2026-06-25 23:34:40.619 10 INFO neutron.api.wsgi [req-c75bdf80-7696-491c-ba5f-5ceeadc33392 req-f5adf193-f73b-4880-a37b-6ed06f03c27b 6a6bd2b6722f46c9aaa589227c28e6fb f8851a35c6644d4aa71262178e3de145 - - default default] 199.19.213.228 "GET /v2.0/security-groups?fields=id&fields=name&tenant_id=f8851a35c6644d4aa71262178e3de145 HTTP/1.1" status: 200 len: 379 time: 0.0398810
2026-06-25 23:34:40.636 10 WARNING neutron_lib.context [req-c75bdf80-7696-491c-ba5f-5ceeadc33392 req-d5b40365-4917-4a20-8b6b-b21cf3fff1fb 6a6bd2b6722f46c9aaa589227c28e6fb f8851a35c6644d4aa71262178e3de145 - - default default] Method 'is_advsvc' is deprecated since 2023.2 release (neutron-lib 3.8.0) and will be removed once support for the old RBAC API policies will be removed from Neutron. Please use method 'is_service_role' instead.
2026-06-25 23:34:40.897 10 INFO neutron.api.wsgi [None req-747795fb-cbb3-477c-af9f-969bc83a0792 86dfeae0282646e9aef1766371c5bb04 0094a7de6c3d4471b71d81131d39ae2b - - default default] 10.0.0.182 "PUT /v2.0/routers/5dcdb1d0-5d0f-4fb7-8b62-e849b44446ff/remove_router_interface HTTP/1.1" status: 200 len: 503 time: 1.2471256
2026-06-25 23:34:41.072 10 WARNING neutron.scheduler.dhcp_agent_scheduler [req-c75bdf80-7696-491c-ba5f-5ceeadc33392 req-d5b40365-4917-4a20-8b6b-b21cf3fff1fb 6a6bd2b6722f46c9aaa589227c28e6fb f8851a35c6644d4aa71262178e3de145 - - default default] No more DHCP agents
2026-06-25 23:34:41.074 10 WARNING neutron.api.rpc.agentnotifiers.dhcp_rpc_agent_api [req-c75bdf80-7696-491c-ba5f-5ceeadc33392 req-d5b40365-4917-4a20-8b6b-b21cf3fff1fb 6a6bd2b6722f46c9aaa589227c28e6fb f8851a35c6644d4aa71262178e3de145 - - default default] Unable to schedule network 587e7bc1-3884-42e9-9001-27a0a9d94e8e: no agents available; will retry on subsequent port and subnet creation events.
2026-06-25 23:34:41.218 10 INFO neutron.db.ovn_revision_numbers_db [req-c75bdf80-7696-491c-ba5f-5ceeadc33392 req-d5b40365-4917-4a20-8b6b-b21cf3fff1fb 6a6bd2b6722f46c9aaa589227c28e6fb f8851a35c6644d4aa71262178e3de145 - - default default] Successfully bumped revision number for resource 4d3a073d-7aca-42fb-8c39-ae7ba369eacf (type: ports) to 1
2026-06-25 23:34:41.239 10 INFO neutron.api.wsgi [req-c75bdf80-7696-491c-ba5f-5ceeadc33392 req-d5b40365-4917-4a20-8b6b-b21cf3fff1fb 6a6bd2b6722f46c9aaa589227c28e6fb f8851a35c6644d4aa71262178e3de145 - - default default] 199.19.213.228 "POST /v2.0/ports HTTP/1.1" status: 201 len: 1158 time: 0.6154237 /var/lib/openstack/lib/python3.12/site-packages/pycadf/identifier.py:71: UserWarning: Invalid uuid: neutron. To ensure interoperability, identifiers should be a valid uuid. warnings.warn(('Invalid uuid: %s. To ensure interoperability, '
2026-06-25 23:34:41.575 9 INFO neutron.api.wsgi [None req-1e1870bd-a346-43f6-a5d1-2633f44b27e8 86dfeae0282646e9aef1766371c5bb04 0094a7de6c3d4471b71d81131d39ae2b - - default default] 10.0.0.182 "DELETE /v2.0/routers/5dcdb1d0-5d0f-4fb7-8b62-e849b44446ff HTTP/1.1" status: 204 len: 168 time: 0.6736944
2026-06-25 23:34:41.584 10 INFO neutron.db.ovn_revision_numbers_db [req-c75bdf80-7696-491c-ba5f-5ceeadc33392 req-0d155da5-aeff-4b4c-bcd4-31e5cef7d39d 2c7701c85ab94603a734325966eae3c2 dab50b7c660a45cf853e75fd56ba3911 - - 270885a2bed64546875c9241f5473fdb 270885a2bed64546875c9241f5473fdb] Successfully bumped revision number for resource 4d3a073d-7aca-42fb-8c39-ae7ba369eacf (type: ports) to 2 /var/lib/openstack/lib/python3.12/site-packages/pycadf/identifier.py:71: UserWarning: Invalid uuid: neutron. To ensure interoperability, identifiers should be a valid uuid. warnings.warn(('Invalid uuid: %s. To ensure interoperability, '
2026-06-25 23:34:41.701 10 INFO neutron.api.wsgi [req-1b302cd4-7a9e-4a20-b0db-0d88732d4490 req-e1d5f39a-057c-49d8-88aa-fc567c089772 6a6bd2b6722f46c9aaa589227c28e6fb f8851a35c6644d4aa71262178e3de145 - - default default] 10.0.0.157 "GET /v2.0/ports?device_id=fd66d736-1e16-45b3-91e6-88c64825f552 HTTP/1.1" status: 200 len: 1168 time: 0.0894983
2026-06-25 23:34:41.752 9 INFO neutron.api.wsgi [None req-b75c42b5-cdb8-41fb-9e4a-4196d418f1ef 86dfeae0282646e9aef1766371c5bb04 0094a7de6c3d4471b71d81131d39ae2b - - default default] 10.0.0.182 "DELETE /v2.0/subnets/fed0b7fc-b43c-49dc-a2ec-b8732ef3d4b5 HTTP/1.1" status: 204 len: 168 time: 0.1718929
2026-06-25 23:34:41.753 10 INFO neutron.api.wsgi [req-1b302cd4-7a9e-4a20-b0db-0d88732d4490 req-40238e46-edeb-4a80-99fb-ffbf10944074 6a6bd2b6722f46c9aaa589227c28e6fb f8851a35c6644d4aa71262178e3de145 - - default default] 10.0.0.157 "GET /v2.0/security-groups?id=089e8492-ff6f-4d00-9f6b-9385d6030ecb&fields=id&fields=name HTTP/1.1" status: 200 len: 312 time: 0.0435665
2026-06-25 23:34:41.831 10 INFO neutron.db.ovn_revision_numbers_db [req-c75bdf80-7696-491c-ba5f-5ceeadc33392 req-0d155da5-aeff-4b4c-bcd4-31e5cef7d39d 2c7701c85ab94603a734325966eae3c2 dab50b7c660a45cf853e75fd56ba3911 - - 270885a2bed64546875c9241f5473fdb 270885a2bed64546875c9241f5473fdb] Successfully bumped revision number for resource 4d3a073d-7aca-42fb-8c39-ae7ba369eacf (type: ports) to 4
2026-06-25 23:34:41.847 10 INFO neutron.api.wsgi [req-c75bdf80-7696-491c-ba5f-5ceeadc33392 req-0d155da5-aeff-4b4c-bcd4-31e5cef7d39d 2c7701c85ab94603a734325966eae3c2 dab50b7c660a45cf853e75fd56ba3911 - - 270885a2bed64546875c9241f5473fdb 270885a2bed64546875c9241f5473fdb] 199.19.213.228 "PUT /v2.0/ports/4d3a073d-7aca-42fb-8c39-ae7ba369eacf HTTP/1.1" status: 200 len: 1404 time: 0.6020093
2026-06-25 23:34:41.875 10 INFO neutron.notifiers.nova [-] Nova event matching ['req-10e785ed-48db-4328-80f9-82e163d32d4d'] response: {'name': 'network-changed', 'server_uuid': 'fd66d736-1e16-45b3-91e6-88c64825f552', 'tag': '4d3a073d-7aca-42fb-8c39-ae7ba369eacf', 'status': 'completed', 'code': 200}
2026-06-25 23:34:42.031 9 INFO neutron.services.segments.plugin [-] Segment 4d3bd973-7eb2-4be7-848c-193c17e77264 resource provider aggregate not found
2026-06-25 23:34:42.035 9 INFO neutron.services.segments.plugin [-] Segment 4d3bd973-7eb2-4be7-848c-193c17e77264 resource provider aggregate not found
2026-06-25 23:34:42.042 9 INFO neutron.services.segments.plugin [-] Segment 4d3bd973-7eb2-4be7-848c-193c17e77264 resource provider not found; error: Placement Client Error (4xx): {"errors": [{"status": 404, "title": "Not Found", "detail": "The resource could not be found.\n\n No resource provider with uuid 4d3bd973-7eb2-4be7-848c-193c17e77264 found for delete ", "request_id": "req-21f5fb1a-7d0f-4a50-a6ba-11e331c498b6"}]}
2026-06-25 23:34:42.047 9 INFO neutron.services.segments.plugin [-] Segment 4d3bd973-7eb2-4be7-848c-193c17e77264 resource provider not found; error: Placement Client Error (4xx): {"errors": [{"status": 404, "title": "Not Found", "detail": "The resource could not be found.\n\n No resource provider with uuid 4d3bd973-7eb2-4be7-848c-193c17e77264 found for delete ", "request_id": "req-2440d4b8-c157-4d50-abce-0770706c147c"}]}
2026-06-25 23:34:42.050 9 INFO neutron.api.wsgi [None req-5cc0b705-14e5-495c-ac26-9ae472ce36af 86dfeae0282646e9aef1766371c5bb04 0094a7de6c3d4471b71d81131d39ae2b - - default default] 10.0.0.182 "DELETE /v2.0/networks/2eb3d8b1-e5ec-4418-aa5c-beb546a8d14c HTTP/1.1" status: 204 len: 168 time: 0.2921715
2026-06-25 23:34:42.193 9 INFO neutron.api.wsgi [None req-67e48c22-b71a-4af2-8982-177bc1c2a7f5 86dfeae0282646e9aef1766371c5bb04 0094a7de6c3d4471b71d81131d39ae2b - - default default] 10.0.0.182 "GET /v2.0/security-groups?tenant_id=799f3fd3a6cf422b9968646ae2e08fae&name=default HTTP/1.1" status: 200 len: 3120 time: 0.0227511
2026-06-25 23:34:42.377 9 INFO neutron.api.wsgi [None req-d7d4f0d3-6ef5-4941-87bf-e227f75ee935 86dfeae0282646e9aef1766371c5bb04 0094a7de6c3d4471b71d81131d39ae2b - - default default] 10.0.0.182 "DELETE /v2.0/security-groups/220be90f-bc3a-41fa-b731-7791220a8014 HTTP/1.1" status: 204 len: 168 time: 0.1798172 /var/lib/openstack/lib/python3.12/site-packages/pycadf/identifier.py:71: UserWarning: Invalid uuid: neutron. To ensure interoperability, identifiers should be a valid uuid. warnings.warn(('Invalid uuid: %s. To ensure interoperability, '
2026-06-25 23:34:42.420 10 INFO neutron.api.wsgi [req-144c2c14-aa46-4ecf-bd07-32d3be2b5325 req-3f376b57-97ad-4118-8018-ba6192340d68 2c7701c85ab94603a734325966eae3c2 dab50b7c660a45cf853e75fd56ba3911 - - 270885a2bed64546875c9241f5473fdb 270885a2bed64546875c9241f5473fdb] 199.19.213.228 "GET /v2.0/ports?tenant_id=f8851a35c6644d4aa71262178e3de145&device_id=fd66d736-1e16-45b3-91e6-88c64825f552 HTTP/1.1" status: 200 len: 1407 time: 0.0339594
2026-06-25 23:34:42.468 10 INFO neutron.api.wsgi [req-144c2c14-aa46-4ecf-bd07-32d3be2b5325 req-79d3b96e-00a8-45c8-878d-d14df8cb0195 2c7701c85ab94603a734325966eae3c2 dab50b7c660a45cf853e75fd56ba3911 - - 270885a2bed64546875c9241f5473fdb 270885a2bed64546875c9241f5473fdb] 199.19.213.228 "GET /v2.0/networks?tenant_id=f8851a35c6644d4aa71262178e3de145&shared=False HTTP/1.1" status: 200 len: 958 time: 0.0422502
2026-06-25 23:34:42.516 10 INFO neutron.api.wsgi [req-144c2c14-aa46-4ecf-bd07-32d3be2b5325 req-62a2ec1b-a831-47ca-bf91-77a509065e85 2c7701c85ab94603a734325966eae3c2 dab50b7c660a45cf853e75fd56ba3911 - - 270885a2bed64546875c9241f5473fdb 270885a2bed64546875c9241f5473fdb] 199.19.213.228 "GET /v2.0/networks?shared=True HTTP/1.1" status: 200 len: 952 time: 0.0441232
2026-06-25 23:34:42.545 9 INFO neutron.plugins.ml2.drivers.ovn.mech_driver.mech_driver [None req-710fa7c0-4eae-4f87-ae98-1f36f05f84b8 - - - - - -] OVN reports status up for port: 4278995b-44c4-48b1-8765-3ace3b7410ea
2026-06-25 23:34:42.568 9 INFO neutron.plugins.ml2.plugin [None req-710fa7c0-4eae-4f87-ae98-1f36f05f84b8 - - - - - -] Attempt 1 to provision port 4278995b-44c4-48b1-8765-3ace3b7410ea
2026-06-25 23:34:42.692 9 INFO neutron.notifiers.nova [-] Nova event matching ['req-89321fa4-b2d5-453a-92f4-c4efcd015f74'] response: {'server_uuid': '349f2191-3845-4fea-8256-9f91a43edcc9', 'name': 'network-vif-plugged', 'status': 'completed', 'tag': '4278995b-44c4-48b1-8765-3ace3b7410ea', 'code': 200}
2026-06-25 23:34:42.823 9 INFO neutron.db.ovn_revision_numbers_db [None req-710fa7c0-4eae-4f87-ae98-1f36f05f84b8 - - - - - -] Successfully bumped revision number for resource 4278995b-44c4-48b1-8765-3ace3b7410ea (type: ports) to 5
2026-06-25 23:34:42.870 10 INFO neutron.api.wsgi [req-0e0ee2f3-d4b9-4ea3-a7ad-156984949ba6 req-2b9fac08-659c-44e9-b330-0d775ddd91b4 6a6bd2b6722f46c9aaa589227c28e6fb f8851a35c6644d4aa71262178e3de145 - - default default] 10.0.0.157 "GET /v2.0/ports?device_id=fd66d736-1e16-45b3-91e6-88c64825f552 HTTP/1.1" status: 200 len: 1168 time: 0.0399137
2026-06-25 23:34:42.918 10 INFO neutron.api.wsgi [req-0e0ee2f3-d4b9-4ea3-a7ad-156984949ba6 req-b65c5f4c-b5af-4532-8493-2a4f78a5d732 6a6bd2b6722f46c9aaa589227c28e6fb f8851a35c6644d4aa71262178e3de145 - - default default] 10.0.0.157 "GET /v2.0/security-groups?id=089e8492-ff6f-4d00-9f6b-9385d6030ecb&fields=id&fields=name HTTP/1.1" status: 200 len: 312 time: 0.0426085
2026-06-25 23:34:43.229 10 INFO neutron.api.wsgi [req-b936cbbe-fac6-41c4-a31a-23f937226e9b req-3df2df79-646c-4acb-98a0-9b5385152c2c 029b017bc5964118a9579933ad408828 bfeaca3d1e174d77bb39765515f81eb6 - - default default] 10.0.0.157 "GET /v2.0/ports?device_id=349f2191-3845-4fea-8256-9f91a43edcc9 HTTP/1.1" status: 200 len: 1404 time: 0.0765009
2026-06-25 23:34:43.270 10 INFO neutron.api.wsgi [req-b936cbbe-fac6-41c4-a31a-23f937226e9b req-e34754ab-d26f-48fe-8347-009962e97d2d 029b017bc5964118a9579933ad408828 bfeaca3d1e174d77bb39765515f81eb6 - - default default] 10.0.0.157 "GET /v2.0/security-groups?id=6e0c5ef4-ff43-45dd-af0f-e0a9f6e14de1&fields=id&fields=name HTTP/1.1" status: 200 len: 310 time: 0.0361633
2026-06-25 23:34:43.565 10 INFO neutron.api.wsgi [req-c75bdf80-7696-491c-ba5f-5ceeadc33392 req-7d68e47e-9d09-422a-ad2c-2991c27d1337 2c7701c85ab94603a734325966eae3c2 dab50b7c660a45cf853e75fd56ba3911 - - 270885a2bed64546875c9241f5473fdb 270885a2bed64546875c9241f5473fdb] 199.19.213.228 "GET /v2.0/ports?tenant_id=f8851a35c6644d4aa71262178e3de145&device_id=fd66d736-1e16-45b3-91e6-88c64825f552 HTTP/1.1" status: 200 len: 1407 time: 0.0330417
2026-06-25 23:34:43.587 10 INFO neutron.api.wsgi [req-c75bdf80-7696-491c-ba5f-5ceeadc33392 req-d908cebc-397d-4af0-a418-11b026be105d 2c7701c85ab94603a734325966eae3c2 dab50b7c660a45cf853e75fd56ba3911 - - 270885a2bed64546875c9241f5473fdb 270885a2bed64546875c9241f5473fdb] 199.19.213.228 "GET /v2.0/floatingips?fixed_ip_address=10.100.0.9&port_id=4d3a073d-7aca-42fb-8c39-ae7ba369eacf HTTP/1.1" status: 200 len: 217 time: 0.0154169
2026-06-25 23:34:43.615 10 INFO neutron.api.wsgi [req-c75bdf80-7696-491c-ba5f-5ceeadc33392 req-1e783768-6b40-4e4d-a526-285688c884a6 2c7701c85ab94603a734325966eae3c2 dab50b7c660a45cf853e75fd56ba3911 - - 270885a2bed64546875c9241f5473fdb 270885a2bed64546875c9241f5473fdb] 199.19.213.228 "GET /v2.0/subnets?id=b0e6bcf0-fb6d-45d2-b9c2-09bbbb5866c0 HTTP/1.1" status: 200 len: 876 time: 0.0251129
2026-06-25 23:34:43.642 10 INFO neutron.api.wsgi [req-c75bdf80-7696-491c-ba5f-5ceeadc33392 req-fee16b83-246f-4fd6-8435-8877b3cbed3b 2c7701c85ab94603a734325966eae3c2 dab50b7c660a45cf853e75fd56ba3911 - - 270885a2bed64546875c9241f5473fdb 270885a2bed64546875c9241f5473fdb] 199.19.213.228 "GET /v2.0/ports?network_id=587e7bc1-3884-42e9-9001-27a0a9d94e8e&device_owner=network%3Adhcp HTTP/1.1" status: 200 len: 210 time: 0.0229633
2026-06-25 23:34:43.695 10 INFO neutron.api.wsgi [req-c75bdf80-7696-491c-ba5f-5ceeadc33392 req-68b17e0d-9286-41df-b24d-76aea031dc39 2c7701c85ab94603a734325966eae3c2 dab50b7c660a45cf853e75fd56ba3911 - - 270885a2bed64546875c9241f5473fdb 270885a2bed64546875c9241f5473fdb] 199.19.213.228 "GET /v2.0/networks/587e7bc1-3884-42e9-9001-27a0a9d94e8e?fields=segments HTTP/1.1" status: 200 len: 212 time: 0.0479317
2026-06-25 23:34:43.739 10 INFO neutron.api.wsgi [req-c75bdf80-7696-491c-ba5f-5ceeadc33392 req-da9b7aaf-692b-4189-994d-b9367850ce89 2c7701c85ab94603a734325966eae3c2 dab50b7c660a45cf853e75fd56ba3911 - - 270885a2bed64546875c9241f5473fdb 270885a2bed64546875c9241f5473fdb] 199.19.213.228 "GET /v2.0/networks/587e7bc1-3884-42e9-9001-27a0a9d94e8e?fields=provider%3Aphysical_network&fields=provider%3Anetwork_type HTTP/1.1" status: 200 len: 277 time: 0.0399241
2026-06-25 23:34:44.017 10 INFO neutron.api.wsgi [req-1b7e1756-3ef9-4a0c-98d2-c08476968af5 req-c3338bff-99b7-4016-a83f-541a560df65f 6a6bd2b6722f46c9aaa589227c28e6fb f8851a35c6644d4aa71262178e3de145 - - default default] 10.0.0.157 "GET /v2.0/ports?device_id=fd66d736-1e16-45b3-91e6-88c64825f552 HTTP/1.1" status: 200 len: 1168 time: 0.0355699
2026-06-25 23:34:44.057 10 INFO neutron.api.wsgi [req-1b7e1756-3ef9-4a0c-98d2-c08476968af5 req-13c06833-e40c-4073-8ed8-4f5cfd797095 6a6bd2b6722f46c9aaa589227c28e6fb f8851a35c6644d4aa71262178e3de145 - - default default] 10.0.0.157 "GET /v2.0/security-groups?id=089e8492-ff6f-4d00-9f6b-9385d6030ecb&fields=id&fields=name HTTP/1.1" status: 200 len: 312 time: 0.0342093
2026-06-25 23:34:44.738 9 INFO neutron.notifiers.nova [-] Nova event matching ['req-a94ed11e-6afa-4f04-bffb-ce66be7d203c'] response: {'server_uuid': '349f2191-3845-4fea-8256-9f91a43edcc9', 'name': 'network-vif-plugged', 'status': 'completed', 'tag': '4278995b-44c4-48b1-8765-3ace3b7410ea', 'code': 200}
2026-06-25 23:34:45.158 10 INFO neutron.api.wsgi [req-6b2ac366-d65c-480f-9c3b-522e9818ec8b req-e54ab3fb-613c-4edc-a4a9-d57f77c56b59 6a6bd2b6722f46c9aaa589227c28e6fb f8851a35c6644d4aa71262178e3de145 - - default default] 10.0.0.157 "GET /v2.0/ports?device_id=fd66d736-1e16-45b3-91e6-88c64825f552 HTTP/1.1" status: 200 len: 1168 time: 0.0418408
2026-06-25 23:34:45.194 10 INFO neutron.api.wsgi [req-6b2ac366-d65c-480f-9c3b-522e9818ec8b req-5c6fc4aa-33eb-4116-8f5b-300914cbbb1c 6a6bd2b6722f46c9aaa589227c28e6fb f8851a35c6644d4aa71262178e3de145 - - default default] 10.0.0.157 "GET /v2.0/security-groups?id=089e8492-ff6f-4d00-9f6b-9385d6030ecb&fields=id&fields=name HTTP/1.1" status: 200 len: 312 time: 0.0309446
2026-06-25 23:34:45.868 9 INFO neutron.plugins.ml2.drivers.ovn.mech_driver.mech_driver [None req-72162519-f47c-4907-8e24-63938c41f400 - - - - - -] OVN reports status up for port: 4d3a073d-7aca-42fb-8c39-ae7ba369eacf
2026-06-25 23:34:45.885 9 INFO neutron.plugins.ml2.plugin [None req-72162519-f47c-4907-8e24-63938c41f400 - - - - - -] Attempt 1 to provision port 4d3a073d-7aca-42fb-8c39-ae7ba369eacf
2026-06-25 23:34:46.123 9 INFO neutron.db.ovn_revision_numbers_db [None req-72162519-f47c-4907-8e24-63938c41f400 - - - - - -] Successfully bumped revision number for resource 4d3a073d-7aca-42fb-8c39-ae7ba369eacf (type: ports) to 5
2026-06-25 23:34:46.310 10 INFO neutron.api.wsgi [req-3539bd39-0256-4e6f-91d7-9a6c1d018ac9 req-bcd00991-da6b-4462-b810-a42c5fd3efc1 6a6bd2b6722f46c9aaa589227c28e6fb f8851a35c6644d4aa71262178e3de145 - - default default] 10.0.0.157 "GET /v2.0/ports?device_id=fd66d736-1e16-45b3-91e6-88c64825f552 HTTP/1.1" status: 200 len: 1170 time: 0.0390141
2026-06-25 23:34:46.368 10 INFO neutron.api.wsgi [req-3539bd39-0256-4e6f-91d7-9a6c1d018ac9 req-ba427f57-f13c-4434-9706-4757923c9392 6a6bd2b6722f46c9aaa589227c28e6fb f8851a35c6644d4aa71262178e3de145 - - default default] 10.0.0.157 "GET /v2.0/security-groups?id=089e8492-ff6f-4d00-9f6b-9385d6030ecb&fields=id&fields=name HTTP/1.1" status: 200 len: 312 time: 0.0536366 /var/lib/openstack/lib/python3.12/site-packages/pycadf/identifier.py:71: UserWarning: Invalid uuid: neutron. To ensure interoperability, identifiers should be a valid uuid. warnings.warn(('Invalid uuid: %s. To ensure interoperability, '
2026-06-25 23:34:46.753 9 INFO neutron.db.ovn_revision_numbers_db [None req-3f24a188-5b7e-4142-a6b5-d310655e10bc e4732c8bca034caea9b93abbe4216e46 58ce44cc74a348c999f65c3a5a8f0f16 - - default default] Successfully bumped revision number for resource fb76569a-8171-4ac5-8712-32ba98c9c92a (type: security_groups) to 1
2026-06-25 23:34:46.767 9 INFO neutron.db.ovn_revision_numbers_db [None req-3f24a188-5b7e-4142-a6b5-d310655e10bc e4732c8bca034caea9b93abbe4216e46 58ce44cc74a348c999f65c3a5a8f0f16 - - default default] Successfully bumped revision number for resource 0e463820-b634-4ec3-b0b3-5d62a712a94b (type: security_group_rules) to 0
2026-06-25 23:34:46.775 9 INFO neutron.notifiers.nova [-] Nova event matching ['req-f84ca021-2466-4d4d-9f21-706f5942ac4c'] response: {'server_uuid': 'fd66d736-1e16-45b3-91e6-88c64825f552', 'name': 'network-vif-plugged', 'status': 'completed', 'tag': '4d3a073d-7aca-42fb-8c39-ae7ba369eacf', 'code': 200}
2026-06-25 23:34:46.775 9 INFO neutron.notifiers.nova [-] Nova event matching ['req-f84ca021-2466-4d4d-9f21-706f5942ac4c'] response: {'server_uuid': 'fd66d736-1e16-45b3-91e6-88c64825f552', 'name': 'network-vif-plugged', 'status': 'completed', 'tag': '4d3a073d-7aca-42fb-8c39-ae7ba369eacf', 'code': 200}
2026-06-25 23:34:46.779 9 INFO neutron.db.ovn_revision_numbers_db [None req-3f24a188-5b7e-4142-a6b5-d310655e10bc e4732c8bca034caea9b93abbe4216e46 58ce44cc74a348c999f65c3a5a8f0f16 - - default default] Successfully bumped revision number for resource 1b4f938b-b0d0-41e9-ab25-1545a96dcc71 (type: security_group_rules) to 0
2026-06-25 23:34:46.798 9 INFO neutron.db.ovn_revision_numbers_db [None req-3f24a188-5b7e-4142-a6b5-d310655e10bc e4732c8bca034caea9b93abbe4216e46 58ce44cc74a348c999f65c3a5a8f0f16 - - default default] Successfully bumped revision number for resource 56ae9cc7-801c-43b1-93d9-b673c776c9d2 (type: security_group_rules) to 0
2026-06-25 23:34:46.827 9 INFO neutron.db.ovn_revision_numbers_db [None req-3f24a188-5b7e-4142-a6b5-d310655e10bc e4732c8bca034caea9b93abbe4216e46 58ce44cc74a348c999f65c3a5a8f0f16 - - default default] Successfully bumped revision number for resource c9f44de0-4bd2-4296-9267-699d61b0be01 (type: security_group_rules) to 0
2026-06-25 23:34:46.900 9 INFO neutron.db.segments_db [None req-3f24a188-5b7e-4142-a6b5-d310655e10bc e4732c8bca034caea9b93abbe4216e46 58ce44cc74a348c999f65c3a5a8f0f16 - - default default] Added segment 2ac79511-897c-4ec5-b8f4-2977edbafb87 of type geneve for network d39b0785-8168-4b75-af86-13d01e99c889
2026-06-25 23:34:47.020 9 INFO neutron.db.ovn_revision_numbers_db [None req-3f24a188-5b7e-4142-a6b5-d310655e10bc e4732c8bca034caea9b93abbe4216e46 58ce44cc74a348c999f65c3a5a8f0f16 - - default default] Successfully bumped revision number for resource d39b0785-8168-4b75-af86-13d01e99c889 (type: networks) to 1
2026-06-25 23:34:47.176 9 WARNING neutron.scheduler.dhcp_agent_scheduler [None req-3f24a188-5b7e-4142-a6b5-d310655e10bc e4732c8bca034caea9b93abbe4216e46 58ce44cc74a348c999f65c3a5a8f0f16 - - default default] No more DHCP agents
2026-06-25 23:34:47.177 9 WARNING neutron.api.rpc.agentnotifiers.dhcp_rpc_agent_api [None req-3f24a188-5b7e-4142-a6b5-d310655e10bc e4732c8bca034caea9b93abbe4216e46 58ce44cc74a348c999f65c3a5a8f0f16 - - default default] Unable to schedule network d39b0785-8168-4b75-af86-13d01e99c889: no agents available; will retry on subsequent port and subnet creation events.
2026-06-25 23:34:47.231 9 INFO neutron.db.ovn_revision_numbers_db [None req-3f24a188-5b7e-4142-a6b5-d310655e10bc e4732c8bca034caea9b93abbe4216e46 58ce44cc74a348c999f65c3a5a8f0f16 - - default default] Successfully bumped revision number for resource 27354eec-b342-4768-835a-6006edd5ecf5 (type: ports) to 1
2026-06-25 23:34:47.251 9 INFO neutron.api.wsgi [None req-3f24a188-5b7e-4142-a6b5-d310655e10bc e4732c8bca034caea9b93abbe4216e46 58ce44cc74a348c999f65c3a5a8f0f16 - - default default] 10.0.0.182 "POST /v2.0/networks HTTP/1.1" status: 201 len: 929 time: 0.8264179
2026-06-25 23:34:47.415 9 WARNING neutron.scheduler.dhcp_agent_scheduler [None req-3b2a61d5-9915-4255-b48c-8d18ff94928e e4732c8bca034caea9b93abbe4216e46 58ce44cc74a348c999f65c3a5a8f0f16 - - default default] No more DHCP agents
2026-06-25 23:34:47.416 9 WARNING neutron.api.rpc.agentnotifiers.dhcp_rpc_agent_api [None req-3b2a61d5-9915-4255-b48c-8d18ff94928e e4732c8bca034caea9b93abbe4216e46 58ce44cc74a348c999f65c3a5a8f0f16 - - default default] Unable to schedule network d39b0785-8168-4b75-af86-13d01e99c889: no agents available; will retry on subsequent port and subnet creation events.
2026-06-25 23:34:47.494 10 INFO neutron.api.wsgi [req-e5265627-0788-4b68-9821-970eac2eedec req-3bf8cd1c-012d-4592-a9c4-84d25d787dfa 6a6bd2b6722f46c9aaa589227c28e6fb f8851a35c6644d4aa71262178e3de145 - - default default] 10.0.0.157 "GET /v2.0/ports?device_id=fd66d736-1e16-45b3-91e6-88c64825f552 HTTP/1.1" status: 200 len: 1170 time: 0.0662055
2026-06-25 23:34:47.536 10 INFO neutron.api.wsgi [req-e5265627-0788-4b68-9821-970eac2eedec req-39aaa954-a68e-4d9b-9ad2-41c8e919105d 6a6bd2b6722f46c9aaa589227c28e6fb f8851a35c6644d4aa71262178e3de145 - - default default] 10.0.0.157 "GET /v2.0/security-groups?id=089e8492-ff6f-4d00-9f6b-9385d6030ecb&fields=id&fields=name HTTP/1.1" status: 200 len: 312 time: 0.0322495
2026-06-25 23:34:47.831 9 INFO neutron.db.ovn_revision_numbers_db [None req-b8e5dbaf-c156-4101-b99e-9866d0e905c8 - - - - - -] Successfully bumped revision number for resource 27354eec-b342-4768-835a-6006edd5ecf5 (type: ports) to 2
2026-06-25 23:34:47.867 9 INFO neutron.db.ovn_revision_numbers_db [None req-b8e5dbaf-c156-4101-b99e-9866d0e905c8 - - - - - -] Successfully bumped revision number for resource b329638f-7a1e-4279-97d2-5bc5d30fc422 (type: subnets) to 0
2026-06-25 23:34:47.881 9 INFO neutron.api.wsgi [None req-3b2a61d5-9915-4255-b48c-8d18ff94928e e4732c8bca034caea9b93abbe4216e46 58ce44cc74a348c999f65c3a5a8f0f16 - - default default] 10.0.0.182 "POST /v2.0/subnets HTTP/1.1" status: 201 len: 843 time: 0.6227942
2026-06-25 23:34:47.890 9 WARNING neutron.api.v2.base [None req-bebf65af-5bca-4d18-babd-ca0822214d29 e4732c8bca034caea9b93abbe4216e46 58ce44cc74a348c999f65c3a5a8f0f16 - - default default] An exception happened while processing the request body. The exception message is [Invalid input for target_tenant. Reason: 'None' is not a valid string.].: webob.exc.HTTPBadRequest: Invalid input for target_tenant. Reason: 'None' is not a valid string.
2026-06-25 23:34:47.891 9 INFO neutron.api.v2.resource [None req-bebf65af-5bca-4d18-babd-ca0822214d29 e4732c8bca034caea9b93abbe4216e46 58ce44cc74a348c999f65c3a5a8f0f16 - - default default] create failed (client error): Invalid input for target_tenant. Reason: 'None' is not a valid string.
2026-06-25 23:34:47.892 9 INFO neutron.api.wsgi [None req-bebf65af-5bca-4d18-babd-ca0822214d29 e4732c8bca034caea9b93abbe4216e46 58ce44cc74a348c999f65c3a5a8f0f16 - - default default] 10.0.0.182 "POST /v2.0/rbac-policies HTTP/1.1" status: 400 len: 346 time: 0.0056343
2026-06-25 23:34:48.279 9 INFO neutron.services.segments.plugin [-] Segment 2ac79511-897c-4ec5-b8f4-2977edbafb87 resource provider aggregate not found
2026-06-25 23:34:48.283 9 INFO neutron.services.segments.plugin [-] Segment 2ac79511-897c-4ec5-b8f4-2977edbafb87 resource provider aggregate not found
2026-06-25 23:34:48.294 9 INFO neutron.services.segments.plugin [-] Segment 2ac79511-897c-4ec5-b8f4-2977edbafb87 resource provider not found; error: Placement Client Error (4xx): {"errors": [{"status": 404, "title": "Not Found", "detail": "The resource could not be found.\n\n No resource provider with uuid 2ac79511-897c-4ec5-b8f4-2977edbafb87 found for delete ", "request_id": "req-aba4b857-7a27-4b8c-8913-83180ac871e2"}]}
2026-06-25 23:34:48.298 9 INFO neutron.services.segments.plugin [-] Segment 2ac79511-897c-4ec5-b8f4-2977edbafb87 resource provider not found; error: Placement Client Error (4xx): {"errors": [{"status": 404, "title": "Not Found", "detail": "The resource could not be found.\n\n No resource provider with uuid 2ac79511-897c-4ec5-b8f4-2977edbafb87 found for delete ", "request_id": "req-59270878-06d5-4388-a0db-d0285c779eb9"}]}
2026-06-25 23:34:48.310 9 INFO neutron.api.wsgi [None req-e67f658f-6570-4494-bb76-49a01d313262 e4732c8bca034caea9b93abbe4216e46 58ce44cc74a348c999f65c3a5a8f0f16 - - default default] 10.0.0.182 "DELETE /v2.0/networks/d39b0785-8168-4b75-af86-13d01e99c889 HTTP/1.1" status: 204 len: 168 time: 0.4151340
2026-06-25 23:34:48.401 9 INFO neutron.db.segments_db [None req-054d4166-e3b6-4662-af6f-60f2f461e2c6 e4732c8bca034caea9b93abbe4216e46 58ce44cc74a348c999f65c3a5a8f0f16 - - default default] Added segment 6cd2581f-6cce-4b96-8544-328d2a30500c of type geneve for network b114a136-554d-482a-b538-aa577a41ebc9
2026-06-25 23:34:48.414 10 INFO neutron.api.wsgi [req-274bcc77-2ce3-43f8-aa88-db5bd38abab4 req-79ea4f91-9738-4135-af6d-764bfffc5602 029b017bc5964118a9579933ad408828 bfeaca3d1e174d77bb39765515f81eb6 - - default default] 10.0.0.157 "GET /v2.0/ports?device_id=349f2191-3845-4fea-8256-9f91a43edcc9 HTTP/1.1" status: 200 len: 1404 time: 0.0893581
2026-06-25 23:34:48.451 10 INFO neutron.api.wsgi [req-274bcc77-2ce3-43f8-aa88-db5bd38abab4 req-7edd1b1b-81d7-4a2e-801e-98a60473602c 029b017bc5964118a9579933ad408828 bfeaca3d1e174d77bb39765515f81eb6 - - default default] 10.0.0.157 "GET /v2.0/security-groups?id=6e0c5ef4-ff43-45dd-af0f-e0a9f6e14de1&fields=id&fields=name HTTP/1.1" status: 200 len: 310 time: 0.0300226
2026-06-25 23:34:48.516 9 INFO neutron.db.ovn_revision_numbers_db [None req-054d4166-e3b6-4662-af6f-60f2f461e2c6 e4732c8bca034caea9b93abbe4216e46 58ce44cc74a348c999f65c3a5a8f0f16 - - default default] Successfully bumped revision number for resource b114a136-554d-482a-b538-aa577a41ebc9 (type: networks) to 1
2026-06-25 23:34:48.551 9 INFO neutron.api.wsgi [None req-57c34fbe-9c5c-4626-85c0-91821ae4e853 029b017bc5964118a9579933ad408828 bfeaca3d1e174d77bb39765515f81eb6 - - default default] 10.0.0.182 "GET /v2.0/ports?network_id=30669794-b85e-4417-9d18-d99c4f779711&mac_address=fa%3A16%3A3e%3Ab4%3A7f%3A9a HTTP/1.1" status: 200 len: 1399 time: 0.0747063
2026-06-25 23:34:48.560 10 WARNING neutron_lib.context [None req-1595c6d6-187f-4633-aa91-4cc2a9a3ef32 029b017bc5964118a9579933ad408828 bfeaca3d1e174d77bb39765515f81eb6 - - default default] Method 'is_advsvc' is deprecated since 2023.2 release (neutron-lib 3.8.0) and will be removed once support for the old RBAC API policies will be removed from Neutron. Please use method 'is_service_role' instead.
2026-06-25 23:34:48.638 10 INFO neutron.api.wsgi [req-a5c7a8b8-0a09-4018-bff1-1576c346f88c req-5a9fea7f-0cfe-41e3-a5e4-669eed1cc642 6a6bd2b6722f46c9aaa589227c28e6fb f8851a35c6644d4aa71262178e3de145 - - default default] 10.0.0.157 "GET /v2.0/ports?device_id=fd66d736-1e16-45b3-91e6-88c64825f552 HTTP/1.1" status: 200 len: 1170 time: 0.0357993
2026-06-25 23:34:48.658 9 WARNING neutron.scheduler.dhcp_agent_scheduler [None req-054d4166-e3b6-4662-af6f-60f2f461e2c6 e4732c8bca034caea9b93abbe4216e46 58ce44cc74a348c999f65c3a5a8f0f16 - - default default] No more DHCP agents
2026-06-25 23:34:48.659 9 WARNING neutron.api.rpc.agentnotifiers.dhcp_rpc_agent_api [None req-054d4166-e3b6-4662-af6f-60f2f461e2c6 e4732c8bca034caea9b93abbe4216e46 58ce44cc74a348c999f65c3a5a8f0f16 - - default default] Unable to schedule network b114a136-554d-482a-b538-aa577a41ebc9: no agents available; will retry on subsequent port and subnet creation events.
2026-06-25 23:34:48.687 10 INFO neutron.api.wsgi [req-a5c7a8b8-0a09-4018-bff1-1576c346f88c req-c86cf1c3-5cba-4657-9b2f-5773234e5a28 6a6bd2b6722f46c9aaa589227c28e6fb f8851a35c6644d4aa71262178e3de145 - - default default] 10.0.0.157 "GET /v2.0/security-groups?id=089e8492-ff6f-4d00-9f6b-9385d6030ecb&fields=id&fields=name HTTP/1.1" status: 200 len: 312 time: 0.0429049
2026-06-25 23:34:48.725 9 INFO neutron.db.ovn_revision_numbers_db [None req-054d4166-e3b6-4662-af6f-60f2f461e2c6 e4732c8bca034caea9b93abbe4216e46 58ce44cc74a348c999f65c3a5a8f0f16 - - default default] Successfully bumped revision number for resource 26c116ce-986f-4556-a881-33c663527c74 (type: ports) to 1
2026-06-25 23:34:48.754 9 INFO neutron.api.wsgi [None req-054d4166-e3b6-4662-af6f-60f2f461e2c6 e4732c8bca034caea9b93abbe4216e46 58ce44cc74a348c999f65c3a5a8f0f16 - - default default] 10.0.0.182 "POST /v2.0/networks HTTP/1.1" status: 201 len: 927 time: 0.4383867
2026-06-25 23:34:48.794 10 INFO neutron.api.wsgi [req-440cf6f6-bb9d-4feb-933c-5a4234b34ed0 req-4ee4b8e6-1d89-497f-a160-a541e9ba0261 6a6bd2b6722f46c9aaa589227c28e6fb f8851a35c6644d4aa71262178e3de145 - - default default] 10.0.0.157 "GET /v2.0/ports?device_id=fd66d736-1e16-45b3-91e6-88c64825f552 HTTP/1.1" status: 200 len: 1170 time: 0.0465102
2026-06-25 23:34:48.845 10 WARNING neutron.scheduler.dhcp_agent_scheduler [None req-1595c6d6-187f-4633-aa91-4cc2a9a3ef32 029b017bc5964118a9579933ad408828 bfeaca3d1e174d77bb39765515f81eb6 - - default default] No more DHCP agents
2026-06-25 23:34:48.846 10 WARNING neutron.api.rpc.agentnotifiers.dhcp_rpc_agent_api [None req-1595c6d6-187f-4633-aa91-4cc2a9a3ef32 029b017bc5964118a9579933ad408828 bfeaca3d1e174d77bb39765515f81eb6 - - default default] Unable to schedule network 7aedf66c-0727-4621-af53-4780d276fef0: no agents available; will retry on subsequent port and subnet creation events.
2026-06-25 23:34:48.858 10 INFO neutron.api.wsgi [req-440cf6f6-bb9d-4feb-933c-5a4234b34ed0 req-e003b406-29e8-49e9-9c98-3e84e2b1b24d 6a6bd2b6722f46c9aaa589227c28e6fb f8851a35c6644d4aa71262178e3de145 - - default default] 10.0.0.157 "GET /v2.0/security-groups?id=089e8492-ff6f-4d00-9f6b-9385d6030ecb&fields=id&fields=name HTTP/1.1" status: 200 len: 312 time: 0.0586767
2026-06-25 23:34:48.887 9 WARNING neutron.scheduler.dhcp_agent_scheduler [None req-595812cf-389d-488a-960f-f352c917a034 e4732c8bca034caea9b93abbe4216e46 58ce44cc74a348c999f65c3a5a8f0f16 - - default default] No more DHCP agents
2026-06-25 23:34:48.889 9 WARNING neutron.api.rpc.agentnotifiers.dhcp_rpc_agent_api [None req-595812cf-389d-488a-960f-f352c917a034 e4732c8bca034caea9b93abbe4216e46 58ce44cc74a348c999f65c3a5a8f0f16 - - default default] Unable to schedule network b114a136-554d-482a-b538-aa577a41ebc9: no agents available; will retry on subsequent port and subnet creation events.
2026-06-25 23:34:48.920 10 INFO neutron.api.wsgi [None req-8685f0b8-b2d8-4c34-817f-8fcb96d5bf5d bd23f789139d4285b6e13e616bd9a273 549d2894ac374ec0a8044942be0928b9 - - default default] 10.0.0.182 "GET /v2.0/ports?device_id=fd66d736-1e16-45b3-91e6-88c64825f552 HTTP/1.1" status: 200 len: 1404 time: 0.0303173
2026-06-25 23:34:48.930 10 WARNING neutron_lib.context [None req-40083bcf-67c9-4fd0-bc60-852883509742 6a6bd2b6722f46c9aaa589227c28e6fb f8851a35c6644d4aa71262178e3de145 - - default default] Method 'is_advsvc' is deprecated since 2023.2 release (neutron-lib 3.8.0) and will be removed once support for the old RBAC API policies will be removed from Neutron. Please use method 'is_service_role' instead.
2026-06-25 23:34:49.143 9 INFO neutron.api.wsgi [-] 10.0.0.9 "GET / HTTP/1.1" status: 200 len: 245 time: 0.0025389
2026-06-25 23:34:49.144 9 INFO neutron.api.wsgi [-] 10.0.0.9 "GET / HTTP/1.1" status: 200 len: 245 time: 0.0012329
2026-06-25 23:34:49.304 9 INFO neutron.db.ovn_revision_numbers_db [None req-03bef534-703f-4e29-8fe3-5c16a70a78b5 - - - - - -] Successfully bumped revision number for resource 26c116ce-986f-4556-a881-33c663527c74 (type: ports) to 2
2026-06-25 23:34:49.328 9 INFO neutron.db.ovn_revision_numbers_db [None req-03bef534-703f-4e29-8fe3-5c16a70a78b5 - - - - - -] Successfully bumped revision number for resource 86adefaf-b061-471a-aa8f-b88eb5134ec0 (type: subnets) to 0
2026-06-25 23:34:49.342 9 INFO neutron.api.wsgi [None req-595812cf-389d-488a-960f-f352c917a034 e4732c8bca034caea9b93abbe4216e46 58ce44cc74a348c999f65c3a5a8f0f16 - - default default] 10.0.0.182 "POST /v2.0/subnets HTTP/1.1" status: 201 len: 846 time: 0.5795934
