2026-06-25 23:32:06.053 10 WARNING neutron.api.rpc.agentnotifiers.dhcp_rpc_agent_api [None req-015173bd-2266-4af5-a9bc-405b3acde2f0 a77ec6d9312f4890be539788c3871a67 742d073fe68e4360817f28b80cd42f9e - - default default] Unable to schedule network c1f9abff-9f41-4b8d-a2fe-9015ab3ae505: no agents available; will retry on subsequent port and subnet creation events.
2026-06-25 23:32:06.074 10 INFO neutron.api.wsgi [req-7819629c-ebd3-4572-a537-601d22aa1d78 req-6764229b-008b-47e1-9efd-1029bd5dc78c 376218fc49374488930cad689bb1b61d 6e118bfb7489427cb351f8169a736a55 - - default default] 10.0.0.157 "GET /v2.0/ports?device_id=e4185c33-e5dc-480b-b0ad-ca4965191ef0 HTTP/1.1" status: 200 len: 210 time: 0.0169673
2026-06-25 23:32:06.121 10 INFO neutron.db.ovn_revision_numbers_db [None req-015173bd-2266-4af5-a9bc-405b3acde2f0 a77ec6d9312f4890be539788c3871a67 742d073fe68e4360817f28b80cd42f9e - - default default] Successfully bumped revision number for resource 4ac77e5c-89d0-4304-9231-453031a5fc4c (type: ports) to 1
2026-06-25 23:32:06.134 9 INFO neutron.db.ovn_revision_numbers_db [None req-e9f9d783-dd7f-4bc5-b86f-6163006ba228 be95302dea834640988d6bb6abaae719 62c9e157e4a0496db33fb0a1c31da945 - - default default] Successfully bumped revision number for resource a16de1f4-93c4-4e5a-9af4-19782ee7170d (type: security_group_rules) to 0
2026-06-25 23:32:06.160 10 INFO neutron.api.wsgi [None req-015173bd-2266-4af5-a9bc-405b3acde2f0 a77ec6d9312f4890be539788c3871a67 742d073fe68e4360817f28b80cd42f9e - - default default] 10.0.0.182 "POST /v2.0/networks HTTP/1.1" status: 201 len: 849 time: 0.4794674
2026-06-25 23:32:06.189 9 INFO neutron.api.wsgi [None req-e9f9d783-dd7f-4bc5-b86f-6163006ba228 be95302dea834640988d6bb6abaae719 62c9e157e4a0496db33fb0a1c31da945 - - default default] 10.0.0.182 "POST /v2.0/security-group-rules HTTP/1.1" status: 201 len: 801 time: 0.1907008
2026-06-25 23:32:06.200 9 WARNING neutron_lib.context [None req-12bb8ad9-9560-4983-978c-f65e8a757195 be95302dea834640988d6bb6abaae719 62c9e157e4a0496db33fb0a1c31da945 - - default default] Method 'is_advsvc' is deprecated since 2023.2 release (neutron-lib 3.8.0) and will be removed once support for the old RBAC API policies will be removed from Neutron. Please use method 'is_service_role' instead.
2026-06-25 23:32:06.205 10 WARNING neutron_lib.context [None req-cd9df745-0022-48e2-a412-45c0df285402 a77ec6d9312f4890be539788c3871a67 742d073fe68e4360817f28b80cd42f9e - - default default] Method 'is_advsvc' is deprecated since 2023.2 release (neutron-lib 3.8.0) and will be removed once support for the old RBAC API policies will be removed from Neutron. Please use method 'is_service_role' instead.
2026-06-25 23:32:06.230 10 WARNING neutron_lib.context [None req-cd9df745-0022-48e2-a412-45c0df285402 a77ec6d9312f4890be539788c3871a67 742d073fe68e4360817f28b80cd42f9e - - default default] Method 'is_advsvc' is deprecated since 2023.2 release (neutron-lib 3.8.0) and will be removed once support for the old RBAC API policies will be removed from Neutron. Please use method 'is_service_role' instead.
2026-06-25 23:32:06.397 9 WARNING neutron.scheduler.dhcp_agent_scheduler [None req-12bb8ad9-9560-4983-978c-f65e8a757195 be95302dea834640988d6bb6abaae719 62c9e157e4a0496db33fb0a1c31da945 - - default default] No more DHCP agents
2026-06-25 23:32:06.399 9 WARNING neutron.api.rpc.agentnotifiers.dhcp_rpc_agent_api [None req-12bb8ad9-9560-4983-978c-f65e8a757195 be95302dea834640988d6bb6abaae719 62c9e157e4a0496db33fb0a1c31da945 - - default default] Unable to schedule network 7aedf66c-0727-4621-af53-4780d276fef0: no agents available; will retry on subsequent port and subnet creation events.
2026-06-25 23:32:06.503 10 WARNING neutron.scheduler.dhcp_agent_scheduler [None req-cd9df745-0022-48e2-a412-45c0df285402 a77ec6d9312f4890be539788c3871a67 742d073fe68e4360817f28b80cd42f9e - - default default] No more DHCP agents
2026-06-25 23:32:06.504 10 WARNING neutron.api.rpc.agentnotifiers.dhcp_rpc_agent_api [None req-cd9df745-0022-48e2-a412-45c0df285402 a77ec6d9312f4890be539788c3871a67 742d073fe68e4360817f28b80cd42f9e - - default default] Unable to schedule network 3c250270-5a78-4ed6-8f12-7b630c4519ed: no agents available; will retry on subsequent port and subnet creation events.
2026-06-25 23:32:06.653 9 INFO neutron.api.wsgi [None req-12bb8ad9-9560-4983-978c-f65e8a757195 be95302dea834640988d6bb6abaae719 62c9e157e4a0496db33fb0a1c31da945 - - default default] 10.0.0.182 "POST /v2.0/floatingips HTTP/1.1" status: 201 len: 751 time: 0.4583061
2026-06-25 23:32:06.927 10 INFO neutron.db.ovn_revision_numbers_db [None req-37e1b538-174f-487a-aac2-dec3af0b2c1a - - - - - -] Successfully bumped revision number for resource 80a42c7a-e43b-449a-9df2-3d088b4ede12 (type: ports) to 2
2026-06-25 23:32:06.953 10 INFO neutron.db.ovn_revision_numbers_db [None req-37e1b538-174f-487a-aac2-dec3af0b2c1a - - - - - -] Successfully bumped revision number for resource 0ec57aa6-8bb5-4508-9b88-6173e6b69e68 (type: subnets) to 0
2026-06-25 23:32:07.004 10 WARNING neutron.scheduler.dhcp_agent_scheduler [None req-cd9df745-0022-48e2-a412-45c0df285402 a77ec6d9312f4890be539788c3871a67 742d073fe68e4360817f28b80cd42f9e - - default default] No more DHCP agents
2026-06-25 23:32:07.005 10 WARNING neutron.api.rpc.agentnotifiers.dhcp_rpc_agent_api [None req-cd9df745-0022-48e2-a412-45c0df285402 a77ec6d9312f4890be539788c3871a67 742d073fe68e4360817f28b80cd42f9e - - default default] Unable to schedule network c1f9abff-9f41-4b8d-a2fe-9015ab3ae505: no agents available; will retry on subsequent port and subnet creation events.
2026-06-25 23:32:07.175 10 INFO neutron.api.wsgi [req-d2965471-c76c-49fc-9e9c-ce21d05cbd6c req-d7e5cff1-8826-4746-8377-ed74697f0251 376218fc49374488930cad689bb1b61d 6e118bfb7489427cb351f8169a736a55 - - default default] 10.0.0.157 "GET /v2.0/ports?device_id=e4185c33-e5dc-480b-b0ad-ca4965191ef0 HTTP/1.1" status: 200 len: 210 time: 0.0241683
2026-06-25 23:32:07.184 10 INFO neutron.api.wsgi [req-e184cbc4-080f-440c-894b-3d8a6b150935 req-07e7c5c9-efc2-4c6e-a295-b07d7461d02b be95302dea834640988d6bb6abaae719 62c9e157e4a0496db33fb0a1c31da945 - - default default] 10.0.0.157 "GET /v2.0/security-groups?name=tempest-securitygroup--130722024&fields=id&tenant_id=62c9e157e4a0496db33fb0a1c31da945 HTTP/1.1" status: 200 len: 267 time: 0.0559139
2026-06-25 23:32:07.247 10 INFO neutron.api.wsgi [req-e184cbc4-080f-440c-894b-3d8a6b150935 req-5f60ece7-f538-4945-834c-63a8d14d7e77 be95302dea834640988d6bb6abaae719 62c9e157e4a0496db33fb0a1c31da945 - - default default] 10.0.0.157 "GET /v2.0/networks?id=74e46a78-eb0d-40eb-b765-59b690c112e7 HTTP/1.1" status: 200 len: 869 time: 0.0571828
2026-06-25 23:32:07.265 10 INFO neutron.api.wsgi [req-e184cbc4-080f-440c-894b-3d8a6b150935 req-9e86221c-3560-494f-af84-f076ac45f0af be95302dea834640988d6bb6abaae719 62c9e157e4a0496db33fb0a1c31da945 - - default default] 10.0.0.157 "GET /v2.0/quotas/62c9e157e4a0496db33fb0a1c31da945 HTTP/1.1" status: 200 len: 491 time: 0.0112488
2026-06-25 23:32:07.391 10 INFO neutron.api.wsgi [req-e184cbc4-080f-440c-894b-3d8a6b150935 req-7c4b3c44-3692-427f-a101-2de2e4788557 be95302dea834640988d6bb6abaae719 62c9e157e4a0496db33fb0a1c31da945 - - default default] 10.0.0.157 "GET /v2.0/ports?tenant_id=62c9e157e4a0496db33fb0a1c31da945&fields=id HTTP/1.1" status: 200 len: 302 time: 0.1150515
2026-06-25 23:32:07.551 10 INFO neutron.db.ovn_revision_numbers_db [None req-77261f49-7506-4a98-a0ba-f1564a184e62 - - - - - -] Successfully bumped revision number for resource 4ac77e5c-89d0-4304-9231-453031a5fc4c (type: ports) to 2
2026-06-25 23:32:07.576 10 INFO neutron.db.ovn_revision_numbers_db [None req-77261f49-7506-4a98-a0ba-f1564a184e62 - - - - - -] Successfully bumped revision number for resource e48d61cd-50b7-485e-bd9d-2f6f645738ef (type: subnets) to 0
2026-06-25 23:32:07.592 10 INFO neutron.api.wsgi [None req-cd9df745-0022-48e2-a412-45c0df285402 a77ec6d9312f4890be539788c3871a67 742d073fe68e4360817f28b80cd42f9e - - default default] 10.0.0.182 "POST /v2.0/subnets HTTP/1.1" status: 201 len: 1473 time: 1.3938789
2026-06-25 23:32:07.632 10 INFO neutron.api.wsgi [None req-8d118b80-5309-47eb-948c-fc4ca3c5c599 a77ec6d9312f4890be539788c3871a67 742d073fe68e4360817f28b80cd42f9e - - default default] 10.0.0.182 "GET /v2.0/subnets HTTP/1.1" status: 200 len: 2104 time: 0.0338817
2026-06-25 23:32:07.798 10 INFO neutron.api.wsgi [None req-39b191cb-6ec7-43fa-ad69-7199c94ad49c a77ec6d9312f4890be539788c3871a67 742d073fe68e4360817f28b80cd42f9e - - default default] 10.0.0.182 "DELETE /v2.0/subnets/0ec57aa6-8bb5-4508-9b88-6173e6b69e68 HTTP/1.1" status: 204 len: 168 time: 0.1602948
2026-06-25 23:32:07.908 10 INFO neutron.api.wsgi [req-e184cbc4-080f-440c-894b-3d8a6b150935 req-251dc685-2da5-41b6-a526-9dc626ed04f7 2c7701c85ab94603a734325966eae3c2 dab50b7c660a45cf853e75fd56ba3911 - - 270885a2bed64546875c9241f5473fdb 270885a2bed64546875c9241f5473fdb] 10.0.0.157 "GET /v2.0/extensions HTTP/1.1" status: 200 len: 19298 time: 0.1100051
2026-06-25 23:32:07.977 10 INFO neutron.api.wsgi [None req-8762bf29-2690-40e4-99dd-b2a3969ffc65 a77ec6d9312f4890be539788c3871a67 742d073fe68e4360817f28b80cd42f9e - - default default] 10.0.0.182 "DELETE /v2.0/subnets/e48d61cd-50b7-485e-bd9d-2f6f645738ef HTTP/1.1" status: 204 len: 168 time: 0.1681972
2026-06-25 23:32:08.013 10 INFO neutron.api.wsgi [None req-b9f9138f-eb39-4233-b91e-7783cba6fde6 a77ec6d9312f4890be539788c3871a67 742d073fe68e4360817f28b80cd42f9e - - default default] 10.0.0.182 "GET /v2.0/subnets HTTP/1.1" status: 200 len: 843 time: 0.0230174
2026-06-25 23:32:08.125 10 INFO neutron.api.wsgi [req-e184cbc4-080f-440c-894b-3d8a6b150935 req-fc5933af-7758-4094-8dd1-e58de64c9d5c 2c7701c85ab94603a734325966eae3c2 dab50b7c660a45cf853e75fd56ba3911 - - 270885a2bed64546875c9241f5473fdb 270885a2bed64546875c9241f5473fdb] 10.0.0.157 "GET /v2.0/networks/74e46a78-eb0d-40eb-b765-59b690c112e7?fields=segments HTTP/1.1" status: 200 len: 212 time: 0.0594602
2026-06-25 23:32:08.179 10 INFO neutron.api.wsgi [req-e184cbc4-080f-440c-894b-3d8a6b150935 req-e5aca921-cc14-46ba-927f-ecab86057984 2c7701c85ab94603a734325966eae3c2 dab50b7c660a45cf853e75fd56ba3911 - - 270885a2bed64546875c9241f5473fdb 270885a2bed64546875c9241f5473fdb] 10.0.0.157 "GET /v2.0/networks/74e46a78-eb0d-40eb-b765-59b690c112e7?fields=provider%3Aphysical_network&fields=provider%3Anetwork_type HTTP/1.1" status: 200 len: 277 time: 0.0476725
2026-06-25 23:32:08.333 10 INFO neutron.services.segments.plugin [-] Segment 5080cbb5-2087-42ae-8e85-a3e573fdc6c8 resource provider aggregate not found
2026-06-25 23:32:08.337 10 INFO neutron.services.segments.plugin [-] Segment 5080cbb5-2087-42ae-8e85-a3e573fdc6c8 resource provider aggregate not found
2026-06-25 23:32:08.354 10 INFO neutron.services.segments.plugin [-] Segment 5080cbb5-2087-42ae-8e85-a3e573fdc6c8 resource provider not found; error: Placement Client Error (4xx): {"errors": [{"status": 404, "title": "Not Found", "detail": "The resource could not be found.\n\n No resource provider with uuid 5080cbb5-2087-42ae-8e85-a3e573fdc6c8 found for delete ", "request_id": "req-27061d82-36a2-4ae9-a1d1-ed6ce28c376d"}]}
2026-06-25 23:32:08.355 10 INFO neutron.services.segments.plugin [-] Segment 5080cbb5-2087-42ae-8e85-a3e573fdc6c8 resource provider not found; error: Placement Client Error (4xx): {"errors": [{"status": 404, "title": "Not Found", "detail": "The resource could not be found.\n\n No resource provider with uuid 5080cbb5-2087-42ae-8e85-a3e573fdc6c8 found for delete ", "request_id": "req-19c756e4-1c94-46a1-bd4a-f2f6a302b855"}]}
2026-06-25 23:32:08.381 10 INFO neutron.api.wsgi [None req-3afe9565-3d1e-4b17-bbb6-26883ba599bf a77ec6d9312f4890be539788c3871a67 742d073fe68e4360817f28b80cd42f9e - - default default] 10.0.0.182 "DELETE /v2.0/networks/c1f9abff-9f41-4b8d-a2fe-9015ab3ae505 HTTP/1.1" status: 204 len: 168 time: 0.3626077
2026-06-25 23:32:08.387 10 INFO neutron.api.wsgi [req-0ec9e21c-1771-4350-af18-b6938b143628 req-19163a9b-0f0a-4a05-8474-0df858c68db3 be95302dea834640988d6bb6abaae719 62c9e157e4a0496db33fb0a1c31da945 - - default default] 10.0.0.157 "GET /v2.0/ports?device_id=543cb49a-4a44-4a88-977d-517d39247f0a HTTP/1.1" status: 200 len: 210 time: 0.0229487
2026-06-25 23:32:08.396 9 INFO neutron.api.wsgi [None req-6458b091-e361-46da-9d8a-a8b109bb407a 376218fc49374488930cad689bb1b61d 6e118bfb7489427cb351f8169a736a55 - - default default] 10.0.0.182 "DELETE /v2.0/security-groups/7024191a-b588-404f-8b5f-6d62c93fa6c0 HTTP/1.1" status: 204 len: 168 time: 0.1319420
2026-06-25 23:32:08.416 10 INFO neutron.api.v2.resource [None req-e6d13572-cacd-40e6-b049-e66595a5a9ef 376218fc49374488930cad689bb1b61d 6e118bfb7489427cb351f8169a736a55 - - default default] show failed (client error): The resource could not be found.
2026-06-25 23:32:08.417 10 INFO neutron.api.wsgi [None req-e6d13572-cacd-40e6-b049-e66595a5a9ef 376218fc49374488930cad689bb1b61d 6e118bfb7489427cb351f8169a736a55 - - default default] 10.0.0.182 "GET /v2.0/security-groups/7024191a-b588-404f-8b5f-6d62c93fa6c0 HTTP/1.1" status: 404 len: 347 time: 0.0137067
2026-06-25 23:32:08.654 9 INFO neutron.services.segments.plugin [-] Segment e889db7a-4276-4192-a976-0711b9c53b49 resource provider aggregate not found
2026-06-25 23:32:08.658 9 INFO neutron.services.segments.plugin [-] Segment e889db7a-4276-4192-a976-0711b9c53b49 resource provider aggregate not found
2026-06-25 23:32:08.673 9 INFO neutron.services.segments.plugin [-] Segment e889db7a-4276-4192-a976-0711b9c53b49 resource provider not found; error: Placement Client Error (4xx): {"errors": [{"status": 404, "title": "Not Found", "detail": "The resource could not be found.\n\n No resource provider with uuid e889db7a-4276-4192-a976-0711b9c53b49 found for delete ", "request_id": "req-f2b27e6b-c45e-4696-8f89-890dbe2f9956"}]}
2026-06-25 23:32:08.676 9 INFO neutron.services.segments.plugin [-] Segment e889db7a-4276-4192-a976-0711b9c53b49 resource provider not found; error: Placement Client Error (4xx): {"errors": [{"status": 404, "title": "Not Found", "detail": "The resource could not be found.\n\n No resource provider with uuid e889db7a-4276-4192-a976-0711b9c53b49 found for delete ", "request_id": "req-da496129-6249-42e9-9687-aa2443884b4e"}]}
2026-06-25 23:32:08.693 9 INFO neutron.api.wsgi [None req-89d6c357-2e60-42b4-a851-dcf20f68f055 a77ec6d9312f4890be539788c3871a67 742d073fe68e4360817f28b80cd42f9e - - default default] 10.0.0.182 "DELETE /v2.0/networks/3c250270-5a78-4ed6-8f12-7b630c4519ed HTTP/1.1" status: 204 len: 168 time: 0.3054807
2026-06-25 23:32:08.694 10 INFO neutron.api.wsgi [None req-57dcfb60-2e82-4457-9e2b-f74dffa08cd4 376218fc49374488930cad689bb1b61d 6e118bfb7489427cb351f8169a736a55 - - default default] 10.0.0.182 "DELETE /v2.0/floatingips/3f049e00-6f75-44a6-b47f-b947dac76e98 HTTP/1.1" status: 204 len: 168 time: 0.2719896
2026-06-25 23:32:09.036 9 INFO neutron.api.wsgi [None req-4ca35369-889b-4aa7-926d-332c8c397a0f a77ec6d9312f4890be539788c3871a67 742d073fe68e4360817f28b80cd42f9e - - default default] 10.0.0.182 "DELETE /v2.0/networks/2f6e16d2-73b2-445a-8f8e-8a7e8b2fdccb HTTP/1.1" status: 204 len: 168 time: 0.3372741
2026-06-25 23:32:09.328 9 INFO neutron.api.wsgi [None req-034081df-a498-43b4-8c98-ced093a3f0f3 a77ec6d9312f4890be539788c3871a67 742d073fe68e4360817f28b80cd42f9e - - default default] 10.0.0.182 "DELETE /v2.0/networks/7333fe1c-6ed5-4eb7-b57c-eb5a6915e27c HTTP/1.1" status: 204 len: 168 time: 0.2884078
2026-06-25 23:32:09.480 10 INFO neutron.api.wsgi [req-45bf4afd-4153-4589-8b63-439a0e6ffe8b req-8237cf55-324c-408d-ad5a-b6488e85d949 be95302dea834640988d6bb6abaae719 62c9e157e4a0496db33fb0a1c31da945 - - default default] 10.0.0.157 "GET /v2.0/ports?device_id=543cb49a-4a44-4a88-977d-517d39247f0a HTTP/1.1" status: 200 len: 210 time: 0.0322247
2026-06-25 23:32:09.565 10 WARNING neutron.plugins.ml2.drivers.ovn.mech_driver.ovsdb.ovn_client [None req-36b58d0c-6d1e-4a40-8b5d-3c4632005ade - - - - - -] No hosting information found for port c0e9e44d-c0d7-4863-9b2e-323b5c3af23e: RuntimeError: No hosting information found for port c0e9e44d-c0d7-4863-9b2e-323b5c3af23e
2026-06-25 23:32:09.651 10 INFO neutron.db.ovn_revision_numbers_db [None req-36b58d0c-6d1e-4a40-8b5d-3c4632005ade - - - - - -] Successfully bumped revision number for resource c0e9e44d-c0d7-4863-9b2e-323b5c3af23e (type: router_ports) to 2
2026-06-25 23:32:09.767 10 INFO neutron.api.wsgi [None req-47bfbada-8a0c-499d-b30a-9c3b5d7d3b32 86dfeae0282646e9aef1766371c5bb04 0094a7de6c3d4471b71d81131d39ae2b - - default default] 10.0.0.182 "PUT /v2.0/routers/f235e2db-9d1f-490b-8162-548164f8350c/remove_router_interface HTTP/1.1" status: 200 len: 503 time: 0.9752829 /var/lib/openstack/lib/python3.12/site-packages/pycadf/identifier.py:71: UserWarning: Invalid uuid: neutron. To ensure interoperability, identifiers should be a valid uuid. warnings.warn(('Invalid uuid: %s. To ensure interoperability, '
2026-06-25 23:32:10.020 9 INFO neutron.api.wsgi [None req-ed373d2a-f198-431d-941a-735729b15358 86dfeae0282646e9aef1766371c5bb04 0094a7de6c3d4471b71d81131d39ae2b - - default default] 10.0.0.182 "GET /v2.0/security-groups?tenant_id=742d073fe68e4360817f28b80cd42f9e&name=default HTTP/1.1" status: 200 len: 3120 time: 0.1838694
2026-06-25 23:32:10.197 9 INFO neutron.api.wsgi [None req-f42b61fd-4862-4e4c-90fd-b821549773f3 86dfeae0282646e9aef1766371c5bb04 0094a7de6c3d4471b71d81131d39ae2b - - default default] 10.0.0.182 "DELETE /v2.0/security-groups/41c753d5-532e-4349-8072-64780d9a5cd3 HTTP/1.1" status: 204 len: 168 time: 0.1729634
2026-06-25 23:32:10.346 10 INFO neutron.api.wsgi [None req-5e31d2cb-e6db-4fc2-b245-d0ce9d668f94 86dfeae0282646e9aef1766371c5bb04 0094a7de6c3d4471b71d81131d39ae2b - - default default] 10.0.0.182 "DELETE /v2.0/routers/f235e2db-9d1f-490b-8162-548164f8350c HTTP/1.1" status: 204 len: 168 time: 0.5730417
2026-06-25 23:32:10.495 9 INFO neutron.api.wsgi [None req-a9e28f8d-e91a-49a7-8002-d0dba4cfa4a7 86dfeae0282646e9aef1766371c5bb04 0094a7de6c3d4471b71d81131d39ae2b - - default default] 10.0.0.182 "DELETE /v2.0/subnets/7579d7dc-d2ea-487b-9cc0-a8a37745a4f5 HTTP/1.1" status: 204 len: 168 time: 0.1431961
2026-06-25 23:32:10.573 10 INFO neutron.api.wsgi [req-69a59751-8709-4b7b-9195-962ada9805e1 req-57e0f70e-bfd9-44c2-af43-c245fc6a79d8 be95302dea834640988d6bb6abaae719 62c9e157e4a0496db33fb0a1c31da945 - - default default] 10.0.0.157 "GET /v2.0/ports?device_id=543cb49a-4a44-4a88-977d-517d39247f0a HTTP/1.1" status: 200 len: 210 time: 0.0247014
2026-06-25 23:32:10.697 9 INFO neutron.services.segments.plugin [-] Segment 5a61bfa3-3051-43a7-941e-70348e220de0 resource provider aggregate not found
2026-06-25 23:32:10.701 9 INFO neutron.services.segments.plugin [-] Segment 5a61bfa3-3051-43a7-941e-70348e220de0 resource provider aggregate not found
2026-06-25 23:32:10.718 9 INFO neutron.services.segments.plugin [-] Segment 5a61bfa3-3051-43a7-941e-70348e220de0 resource provider not found; error: Placement Client Error (4xx): {"errors": [{"status": 404, "title": "Not Found", "detail": "The resource could not be found.\n\n No resource provider with uuid 5a61bfa3-3051-43a7-941e-70348e220de0 found for delete ", "request_id": "req-4d4eff6a-722c-4b60-9b32-1c4b0a76b687"}]}
2026-06-25 23:32:10.723 9 INFO neutron.services.segments.plugin [-] Segment 5a61bfa3-3051-43a7-941e-70348e220de0 resource provider not found; error: Placement Client Error (4xx): {"errors": [{"status": 404, "title": "Not Found", "detail": "The resource could not be found.\n\n No resource provider with uuid 5a61bfa3-3051-43a7-941e-70348e220de0 found for delete ", "request_id": "req-544e3592-d280-4f37-8193-dc39e025a690"}]}
2026-06-25 23:32:10.736 9 INFO neutron.services.segments.plugin [-] Segment 1e4e1179-4ad3-45a0-bd60-0ff0416e540b resource provider aggregate not found
2026-06-25 23:32:10.740 9 INFO neutron.services.segments.plugin [-] Segment 1e4e1179-4ad3-45a0-bd60-0ff0416e540b resource provider aggregate not found
2026-06-25 23:32:10.751 9 INFO neutron.services.segments.plugin [-] Segment 1e4e1179-4ad3-45a0-bd60-0ff0416e540b resource provider not found; error: Placement Client Error (4xx): {"errors": [{"status": 404, "title": "Not Found", "detail": "The resource could not be found.\n\n No resource provider with uuid 1e4e1179-4ad3-45a0-bd60-0ff0416e540b found for delete ", "request_id": "req-c845cd5f-5c39-4bb0-a3f9-b979a25c1647"}]}
2026-06-25 23:32:10.752 9 INFO neutron.services.segments.plugin [-] Segment 1e4e1179-4ad3-45a0-bd60-0ff0416e540b resource provider not found; error: Placement Client Error (4xx): {"errors": [{"status": 404, "title": "Not Found", "detail": "The resource could not be found.\n\n No resource provider with uuid 1e4e1179-4ad3-45a0-bd60-0ff0416e540b found for delete ", "request_id": "req-05f814fa-84e2-4db8-9cb7-696536f4a5b5"}]}
2026-06-25 23:32:10.842 9 INFO neutron.api.wsgi [None req-ad41c682-9dc9-4229-9d57-a2dde4961d7f 86dfeae0282646e9aef1766371c5bb04 0094a7de6c3d4471b71d81131d39ae2b - - default default] 10.0.0.182 "DELETE /v2.0/networks/423244a7-fcfd-4e6a-8d95-8a016d447430 HTTP/1.1" status: 204 len: 168 time: 0.3411908
2026-06-25 23:32:10.988 10 INFO neutron.api.wsgi [None req-a1b6dbaa-cf1f-4054-b6ae-0ce683b88aac 86dfeae0282646e9aef1766371c5bb04 0094a7de6c3d4471b71d81131d39ae2b - - default default] 10.0.0.182 "GET /v2.0/security-groups?tenant_id=6e118bfb7489427cb351f8169a736a55&name=default HTTP/1.1" status: 200 len: 3116 time: 0.0353570
2026-06-25 23:32:11.199 10 INFO neutron.api.wsgi [None req-00c75855-9f98-4ebb-a318-2675b8c18879 86dfeae0282646e9aef1766371c5bb04 0094a7de6c3d4471b71d81131d39ae2b - - default default] 10.0.0.182 "DELETE /v2.0/security-groups/0c916370-c27c-4bd5-a394-67981180ac4f HTTP/1.1" status: 204 len: 168 time: 0.2063806
2026-06-25 23:32:11.656 10 INFO neutron.api.wsgi [req-1cb701e3-9723-43c9-92bd-f59f7c59a119 req-830f68f9-a8e7-4754-b280-48780267c546 be95302dea834640988d6bb6abaae719 62c9e157e4a0496db33fb0a1c31da945 - - default default] 10.0.0.157 "GET /v2.0/ports?device_id=543cb49a-4a44-4a88-977d-517d39247f0a HTTP/1.1" status: 200 len: 210 time: 0.0176787
2026-06-25 23:32:11.691 10 INFO neutron.db.ovn_revision_numbers_db [None req-b6abc784-9370-41ed-865d-b7681344e316 86dfeae0282646e9aef1766371c5bb04 0094a7de6c3d4471b71d81131d39ae2b - - default default] Successfully bumped revision number for resource ddce44d0-5c02-46c7-9dbb-3fb1aba16f02 (type: security_groups) to 1
2026-06-25 23:32:11.705 10 INFO neutron.db.ovn_revision_numbers_db [None req-b6abc784-9370-41ed-865d-b7681344e316 86dfeae0282646e9aef1766371c5bb04 0094a7de6c3d4471b71d81131d39ae2b - - default default] Successfully bumped revision number for resource 1c6a5913-53d9-4a3c-82e4-09ea153fc1ae (type: security_group_rules) to 0
2026-06-25 23:32:11.724 10 INFO neutron.db.ovn_revision_numbers_db [None req-b6abc784-9370-41ed-865d-b7681344e316 86dfeae0282646e9aef1766371c5bb04 0094a7de6c3d4471b71d81131d39ae2b - - default default] Successfully bumped revision number for resource 30a41d5d-1f18-430a-b49e-4c854f58be39 (type: security_group_rules) to 0
2026-06-25 23:32:11.741 10 INFO neutron.db.ovn_revision_numbers_db [None req-b6abc784-9370-41ed-865d-b7681344e316 86dfeae0282646e9aef1766371c5bb04 0094a7de6c3d4471b71d81131d39ae2b - - default default] Successfully bumped revision number for resource 7cdf077b-c08b-4c65-810a-b836dbdcbc11 (type: security_group_rules) to 0
2026-06-25 23:32:11.754 10 INFO neutron.db.ovn_revision_numbers_db [None req-b6abc784-9370-41ed-865d-b7681344e316 86dfeae0282646e9aef1766371c5bb04 0094a7de6c3d4471b71d81131d39ae2b - - default default] Successfully bumped revision number for resource bb58ea5f-241a-4c18-bbac-b3c8ff11bddc (type: security_group_rules) to 0
2026-06-25 23:32:11.806 10 INFO neutron.api.wsgi [None req-b6abc784-9370-41ed-865d-b7681344e316 86dfeae0282646e9aef1766371c5bb04 0094a7de6c3d4471b71d81131d39ae2b - - default default] 10.0.0.182 "GET /v2.0/security-groups?tenant_id=fe84d9bdb6b546ffbecb462f929582a4&name=default HTTP/1.1" status: 200 len: 3120 time: 0.3989222
2026-06-25 23:32:11.999 9 INFO neutron.api.wsgi [None req-b31df6be-f3d5-41d1-b2a6-ae35f1cc2b72 86dfeae0282646e9aef1766371c5bb04 0094a7de6c3d4471b71d81131d39ae2b - - default default] 10.0.0.182 "DELETE /v2.0/security-groups/ddce44d0-5c02-46c7-9dbb-3fb1aba16f02 HTTP/1.1" status: 204 len: 168 time: 0.1859920
2026-06-25 23:32:12.188 9 INFO neutron.db.ovn_revision_numbers_db [None req-df23e83b-1765-4d56-9681-6a08357d37bd 86dfeae0282646e9aef1766371c5bb04 0094a7de6c3d4471b71d81131d39ae2b - - default default] Successfully bumped revision number for resource 8f989d1c-1758-4daa-a433-c3b8bb31e4a2 (type: security_groups) to 1
2026-06-25 23:32:12.198 9 WARNING neutron_lib.context [None req-764087a5-305e-4143-bef9-f33ff386d805 195c47248c4e4a199d82cb42f3c2b284 777b7f7267f14a4f90246baeb3caf608 - - default default] Method 'is_advsvc' is deprecated since 2023.2 release (neutron-lib 3.8.0) and will be removed once support for the old RBAC API policies will be removed from Neutron. Please use method 'is_service_role' instead.
2026-06-25 23:32:12.210 9 INFO neutron.db.ovn_revision_numbers_db [None req-df23e83b-1765-4d56-9681-6a08357d37bd 86dfeae0282646e9aef1766371c5bb04 0094a7de6c3d4471b71d81131d39ae2b - - default default] Successfully bumped revision number for resource 2c61374d-fb27-4a3e-b6b3-07c056e3452e (type: security_group_rules) to 0
2026-06-25 23:32:12.223 9 INFO neutron.db.ovn_revision_numbers_db [None req-df23e83b-1765-4d56-9681-6a08357d37bd 86dfeae0282646e9aef1766371c5bb04 0094a7de6c3d4471b71d81131d39ae2b - - default default] Successfully bumped revision number for resource 308a18c6-49ba-4cf3-a228-ff9933baf15a (type: security_group_rules) to 0
2026-06-25 23:32:12.238 9 INFO neutron.db.ovn_revision_numbers_db [None req-df23e83b-1765-4d56-9681-6a08357d37bd 86dfeae0282646e9aef1766371c5bb04 0094a7de6c3d4471b71d81131d39ae2b - - default default] Successfully bumped revision number for resource 6357729e-8e6a-44af-a92c-26374bb9283b (type: security_group_rules) to 0
2026-06-25 23:32:12.252 9 INFO neutron.db.ovn_revision_numbers_db [None req-df23e83b-1765-4d56-9681-6a08357d37bd 86dfeae0282646e9aef1766371c5bb04 0094a7de6c3d4471b71d81131d39ae2b - - default default] Successfully bumped revision number for resource 9740d9ae-6d7f-4ee5-b875-c3b32bb09423 (type: security_group_rules) to 0
2026-06-25 23:32:12.290 9 INFO neutron.api.wsgi [None req-df23e83b-1765-4d56-9681-6a08357d37bd 86dfeae0282646e9aef1766371c5bb04 0094a7de6c3d4471b71d81131d39ae2b - - default default] 10.0.0.182 "GET /v2.0/security-groups?tenant_id=42075699f5ca4ac8a38d4ba5e589e518&name=default HTTP/1.1" status: 200 len: 3120 time: 0.1988471
2026-06-25 23:32:12.343 9 INFO neutron.db.ovn_revision_numbers_db [None req-764087a5-305e-4143-bef9-f33ff386d805 195c47248c4e4a199d82cb42f3c2b284 777b7f7267f14a4f90246baeb3caf608 - - default default] Successfully bumped revision number for resource 33d4a11e-bc8a-4faa-83c8-2108a1c8076f (type: security_groups) to 1
2026-06-25 23:32:12.357 9 INFO neutron.db.ovn_revision_numbers_db [None req-764087a5-305e-4143-bef9-f33ff386d805 195c47248c4e4a199d82cb42f3c2b284 777b7f7267f14a4f90246baeb3caf608 - - default default] Successfully bumped revision number for resource 294e5e22-605a-4086-bbdd-0bedc7e1097a (type: security_group_rules) to 0
2026-06-25 23:32:12.371 9 INFO neutron.db.ovn_revision_numbers_db [None req-764087a5-305e-4143-bef9-f33ff386d805 195c47248c4e4a199d82cb42f3c2b284 777b7f7267f14a4f90246baeb3caf608 - - default default] Successfully bumped revision number for resource 3fa7515d-2f73-44ca-9a98-3fcd121db5b5 (type: security_group_rules) to 0
2026-06-25 23:32:12.380 9 INFO neutron.db.ovn_revision_numbers_db [None req-764087a5-305e-4143-bef9-f33ff386d805 195c47248c4e4a199d82cb42f3c2b284 777b7f7267f14a4f90246baeb3caf608 - - default default] Successfully bumped revision number for resource 6c89d063-c706-41c5-a39c-ea8344eecca2 (type: security_group_rules) to 0
2026-06-25 23:32:12.392 9 INFO neutron.db.ovn_revision_numbers_db [None req-764087a5-305e-4143-bef9-f33ff386d805 195c47248c4e4a199d82cb42f3c2b284 777b7f7267f14a4f90246baeb3caf608 - - default default] Successfully bumped revision number for resource ae82ad39-f5fc-4c70-96b5-a69c1373c06b (type: security_group_rules) to 0
2026-06-25 23:32:12.463 9 INFO neutron.db.segments_db [None req-764087a5-305e-4143-bef9-f33ff386d805 195c47248c4e4a199d82cb42f3c2b284 777b7f7267f14a4f90246baeb3caf608 - - default default] Added segment d14457b7-5a07-4b02-949f-cb2a338fd028 of type geneve for network 161e1327-c0da-45b5-bc8f-ea068d9ad9a8
2026-06-25 23:32:12.485 10 INFO neutron.api.wsgi [None req-10e01614-4974-4b82-8221-5eb863695a56 86dfeae0282646e9aef1766371c5bb04 0094a7de6c3d4471b71d81131d39ae2b - - default default] 10.0.0.182 "DELETE /v2.0/security-groups/8f989d1c-1758-4daa-a433-c3b8bb31e4a2 HTTP/1.1" status: 204 len: 168 time: 0.1885772
2026-06-25 23:32:12.565 9 INFO neutron.db.ovn_revision_numbers_db [None req-764087a5-305e-4143-bef9-f33ff386d805 195c47248c4e4a199d82cb42f3c2b284 777b7f7267f14a4f90246baeb3caf608 - - default default] Successfully bumped revision number for resource 161e1327-c0da-45b5-bc8f-ea068d9ad9a8 (type: networks) to 1
2026-06-25 23:32:12.626 10 INFO neutron.api.wsgi [req-e184cbc4-080f-440c-894b-3d8a6b150935 req-b23ce57d-a441-4ba5-9dd6-2ed3bc26a9d1 be95302dea834640988d6bb6abaae719 62c9e157e4a0496db33fb0a1c31da945 - - default default] 199.19.213.228 "GET /v2.0/networks?id=74e46a78-eb0d-40eb-b765-59b690c112e7 HTTP/1.1" status: 200 len: 869 time: 0.0324771
2026-06-25 23:32:12.657 10 INFO neutron.api.wsgi [req-e184cbc4-080f-440c-894b-3d8a6b150935 req-05f6b89f-9cf5-4a70-90ac-f1f6b1a2da85 be95302dea834640988d6bb6abaae719 62c9e157e4a0496db33fb0a1c31da945 - - default default] 199.19.213.228 "GET /v2.0/security-groups?fields=id&fields=name&tenant_id=62c9e157e4a0496db33fb0a1c31da945 HTTP/1.1" status: 200 len: 379 time: 0.0261545
2026-06-25 23:32:12.664 10 WARNING neutron_lib.context [req-e184cbc4-080f-440c-894b-3d8a6b150935 req-5a5e26a6-de36-4b8f-86b8-88cd95dad741 be95302dea834640988d6bb6abaae719 62c9e157e4a0496db33fb0a1c31da945 - - default default] Method 'is_advsvc' is deprecated since 2023.2 release (neutron-lib 3.8.0) and will be removed once support for the old RBAC API policies will be removed from Neutron. Please use method 'is_service_role' instead.
2026-06-25 23:32:12.767 9 WARNING neutron.scheduler.dhcp_agent_scheduler [None req-764087a5-305e-4143-bef9-f33ff386d805 195c47248c4e4a199d82cb42f3c2b284 777b7f7267f14a4f90246baeb3caf608 - - default default] No more DHCP agents
2026-06-25 23:32:12.769 9 INFO neutron.services.segments.plugin [-] Segment c47f3038-58a4-45be-b07e-7902872178c2 resource provider aggregate not found
2026-06-25 23:32:12.772 9 WARNING neutron.api.rpc.agentnotifiers.dhcp_rpc_agent_api [None req-764087a5-305e-4143-bef9-f33ff386d805 195c47248c4e4a199d82cb42f3c2b284 777b7f7267f14a4f90246baeb3caf608 - - default default] Unable to schedule network 161e1327-c0da-45b5-bc8f-ea068d9ad9a8: no agents available; will retry on subsequent port and subnet creation events.
2026-06-25 23:32:12.772 10 INFO neutron.api.wsgi [req-f2c971ab-d877-441a-95fd-f969e4695331 req-a2c2ea9a-2f5e-4c87-adbc-d4e15be88c34 be95302dea834640988d6bb6abaae719 62c9e157e4a0496db33fb0a1c31da945 - - default default] 10.0.0.157 "GET /v2.0/ports?device_id=543cb49a-4a44-4a88-977d-517d39247f0a HTTP/1.1" status: 200 len: 210 time: 0.0187693
2026-06-25 23:32:12.777 9 INFO neutron.services.segments.plugin [-] Segment c47f3038-58a4-45be-b07e-7902872178c2 resource provider aggregate not found
2026-06-25 23:32:12.780 9 INFO neutron.services.segments.plugin [-] Segment c47f3038-58a4-45be-b07e-7902872178c2 resource provider not found; error: Placement Client Error (4xx): {"errors": [{"status": 404, "title": "Not Found", "detail": "The resource could not be found.\n\n No resource provider with uuid c47f3038-58a4-45be-b07e-7902872178c2 found for delete ", "request_id": "req-4313bb7d-dc3d-42dd-842f-841aa3b618ab"}]}
2026-06-25 23:32:12.791 9 INFO neutron.services.segments.plugin [-] Segment c47f3038-58a4-45be-b07e-7902872178c2 resource provider not found; error: Placement Client Error (4xx): {"errors": [{"status": 404, "title": "Not Found", "detail": "The resource could not be found.\n\n No resource provider with uuid c47f3038-58a4-45be-b07e-7902872178c2 found for delete ", "request_id": "req-46dfd838-e1e5-47c9-8bd1-14b862cf195a"}]}
2026-06-25 23:32:12.846 9 INFO neutron.db.ovn_revision_numbers_db [None req-764087a5-305e-4143-bef9-f33ff386d805 195c47248c4e4a199d82cb42f3c2b284 777b7f7267f14a4f90246baeb3caf608 - - default default] Successfully bumped revision number for resource 9dc471ee-568c-4e87-adeb-a6ab016f221a (type: ports) to 1
2026-06-25 23:32:12.867 9 INFO neutron.api.wsgi [None req-764087a5-305e-4143-bef9-f33ff386d805 195c47248c4e4a199d82cb42f3c2b284 777b7f7267f14a4f90246baeb3caf608 - - default default] 10.0.0.182 "POST /v2.0/networks HTTP/1.1" status: 201 len: 848 time: 0.8522077
2026-06-25 23:32:12.876 9 WARNING neutron_lib.context [None req-f4b96be4-ecf1-4c53-8772-7c48e4f4d9a2 195c47248c4e4a199d82cb42f3c2b284 777b7f7267f14a4f90246baeb3caf608 - - default default] Method 'is_advsvc' is deprecated since 2023.2 release (neutron-lib 3.8.0) and will be removed once support for the old RBAC API policies will be removed from Neutron. Please use method 'is_service_role' instead.
2026-06-25 23:32:12.934 10 WARNING neutron.scheduler.dhcp_agent_scheduler [req-e184cbc4-080f-440c-894b-3d8a6b150935 req-5a5e26a6-de36-4b8f-86b8-88cd95dad741 be95302dea834640988d6bb6abaae719 62c9e157e4a0496db33fb0a1c31da945 - - default default] No more DHCP agents
2026-06-25 23:32:12.935 10 WARNING neutron.api.rpc.agentnotifiers.dhcp_rpc_agent_api [req-e184cbc4-080f-440c-894b-3d8a6b150935 req-5a5e26a6-de36-4b8f-86b8-88cd95dad741 be95302dea834640988d6bb6abaae719 62c9e157e4a0496db33fb0a1c31da945 - - default default] Unable to schedule network 74e46a78-eb0d-40eb-b765-59b690c112e7: no agents available; will retry on subsequent port and subnet creation events.
2026-06-25 23:32:13.046 10 INFO neutron.db.ovn_revision_numbers_db [req-e184cbc4-080f-440c-894b-3d8a6b150935 req-5a5e26a6-de36-4b8f-86b8-88cd95dad741 be95302dea834640988d6bb6abaae719 62c9e157e4a0496db33fb0a1c31da945 - - default default] Successfully bumped revision number for resource cdc93785-b340-4ff8-afb8-f8081a5a4d88 (type: ports) to 1 /var/lib/openstack/lib/python3.12/site-packages/pycadf/identifier.py:71: UserWarning: Invalid uuid: neutron. To ensure interoperability, identifiers should be a valid uuid. warnings.warn(('Invalid uuid: %s. To ensure interoperability, '
2026-06-25 23:32:13.068 10 INFO neutron.api.wsgi [req-e184cbc4-080f-440c-894b-3d8a6b150935 req-5a5e26a6-de36-4b8f-86b8-88cd95dad741 be95302dea834640988d6bb6abaae719 62c9e157e4a0496db33fb0a1c31da945 - - default default] 199.19.213.228 "POST /v2.0/ports HTTP/1.1" status: 201 len: 1162 time: 0.4066880
2026-06-25 23:32:13.095 9 WARNING neutron.scheduler.dhcp_agent_scheduler [None req-f4b96be4-ecf1-4c53-8772-7c48e4f4d9a2 195c47248c4e4a199d82cb42f3c2b284 777b7f7267f14a4f90246baeb3caf608 - - default default] No more DHCP agents
2026-06-25 23:32:13.096 9 WARNING neutron.api.rpc.agentnotifiers.dhcp_rpc_agent_api [None req-f4b96be4-ecf1-4c53-8772-7c48e4f4d9a2 195c47248c4e4a199d82cb42f3c2b284 777b7f7267f14a4f90246baeb3caf608 - - default default] Unable to schedule network 161e1327-c0da-45b5-bc8f-ea068d9ad9a8: no agents available; will retry on subsequent port and subnet creation events.
2026-06-25 23:32:13.151 9 INFO neutron.db.ovn_revision_numbers_db [None req-f4b96be4-ecf1-4c53-8772-7c48e4f4d9a2 195c47248c4e4a199d82cb42f3c2b284 777b7f7267f14a4f90246baeb3caf608 - - default default] Successfully bumped revision number for resource 04ed5386-824f-401b-b171-264600408adc (type: ports) to 1
2026-06-25 23:32:13.171 9 INFO neutron.api.wsgi [None req-f4b96be4-ecf1-4c53-8772-7c48e4f4d9a2 195c47248c4e4a199d82cb42f3c2b284 777b7f7267f14a4f90246baeb3caf608 - - default default] 10.0.0.182 "POST /v2.0/ports HTTP/1.1" status: 201 len: 977 time: 0.2987165 /var/lib/openstack/lib/python3.12/site-packages/pycadf/identifier.py:71: UserWarning: Invalid uuid: neutron. To ensure interoperability, identifiers should be a valid uuid. warnings.warn(('Invalid uuid: %s. To ensure interoperability, '
2026-06-25 23:32:13.184 9 WARNING neutron_lib.context [None req-f6c86010-e39b-434e-9091-ec011bf00fa6 195c47248c4e4a199d82cb42f3c2b284 777b7f7267f14a4f90246baeb3caf608 - - default default] Method 'is_advsvc' is deprecated since 2023.2 release (neutron-lib 3.8.0) and will be removed once support for the old RBAC API policies will be removed from Neutron. Please use method 'is_service_role' instead.
2026-06-25 23:32:13.200 10 INFO neutron.db.ovn_revision_numbers_db [None req-b63e2bab-4603-47a1-a16f-0f4bf8203a5c 86dfeae0282646e9aef1766371c5bb04 0094a7de6c3d4471b71d81131d39ae2b - - default default] Successfully bumped revision number for resource 38a8d4b0-45b4-49f0-bbc6-da67aba9bca8 (type: security_groups) to 1
2026-06-25 23:32:13.211 10 INFO neutron.db.ovn_revision_numbers_db [None req-b63e2bab-4603-47a1-a16f-0f4bf8203a5c 86dfeae0282646e9aef1766371c5bb04 0094a7de6c3d4471b71d81131d39ae2b - - default default] Successfully bumped revision number for resource 483c9f17-97a6-485c-a096-64307c883564 (type: security_group_rules) to 0
2026-06-25 23:32:13.228 10 INFO neutron.db.ovn_revision_numbers_db [None req-b63e2bab-4603-47a1-a16f-0f4bf8203a5c 86dfeae0282646e9aef1766371c5bb04 0094a7de6c3d4471b71d81131d39ae2b - - default default] Successfully bumped revision number for resource 945e75b7-3336-4bb9-8d7f-03e59e04ecc1 (type: security_group_rules) to 0
2026-06-25 23:32:13.246 10 INFO neutron.db.ovn_revision_numbers_db [None req-b63e2bab-4603-47a1-a16f-0f4bf8203a5c 86dfeae0282646e9aef1766371c5bb04 0094a7de6c3d4471b71d81131d39ae2b - - default default] Successfully bumped revision number for resource d140ee56-cd00-417a-87f1-b1c923492430 (type: security_group_rules) to 0
2026-06-25 23:32:13.261 9 INFO neutron.db.segments_db [None req-f6c86010-e39b-434e-9091-ec011bf00fa6 195c47248c4e4a199d82cb42f3c2b284 777b7f7267f14a4f90246baeb3caf608 - - default default] Added segment e6fc4752-8bd7-4961-be99-c5aba17327c9 of type geneve for network aef7749a-a17f-493b-989c-f6fbc88e8c26
2026-06-25 23:32:13.261 10 INFO neutron.db.ovn_revision_numbers_db [None req-b63e2bab-4603-47a1-a16f-0f4bf8203a5c 86dfeae0282646e9aef1766371c5bb04 0094a7de6c3d4471b71d81131d39ae2b - - default default] Successfully bumped revision number for resource e7a111d4-d902-4d14-b02d-2bb6e90913ae (type: security_group_rules) to 0
2026-06-25 23:32:13.347 10 INFO neutron.db.segments_db [None req-b63e2bab-4603-47a1-a16f-0f4bf8203a5c 86dfeae0282646e9aef1766371c5bb04 0094a7de6c3d4471b71d81131d39ae2b - - default default] Added segment 1c243e23-034f-4e15-a12e-6acd55e5ae90 of type geneve for network 6afe649c-9020-434b-ae4c-87ba36fa3030
2026-06-25 23:32:13.376 9 INFO neutron.db.ovn_revision_numbers_db [None req-f6c86010-e39b-434e-9091-ec011bf00fa6 195c47248c4e4a199d82cb42f3c2b284 777b7f7267f14a4f90246baeb3caf608 - - default default] Successfully bumped revision number for resource aef7749a-a17f-493b-989c-f6fbc88e8c26 (type: networks) to 1
2026-06-25 23:32:13.454 10 INFO neutron.db.ovn_revision_numbers_db [req-e184cbc4-080f-440c-894b-3d8a6b150935 req-967c291a-d2b3-48a3-a8ea-1abc60c1b27d 2c7701c85ab94603a734325966eae3c2 dab50b7c660a45cf853e75fd56ba3911 - - 270885a2bed64546875c9241f5473fdb 270885a2bed64546875c9241f5473fdb] Successfully bumped revision number for resource cdc93785-b340-4ff8-afb8-f8081a5a4d88 (type: ports) to 2
2026-06-25 23:32:13.462 10 INFO neutron.db.ovn_revision_numbers_db [None req-b63e2bab-4603-47a1-a16f-0f4bf8203a5c 86dfeae0282646e9aef1766371c5bb04 0094a7de6c3d4471b71d81131d39ae2b - - default default] Successfully bumped revision number for resource 6afe649c-9020-434b-ae4c-87ba36fa3030 (type: networks) to 1
2026-06-25 23:32:13.537 9 WARNING neutron.scheduler.dhcp_agent_scheduler [None req-f6c86010-e39b-434e-9091-ec011bf00fa6 195c47248c4e4a199d82cb42f3c2b284 777b7f7267f14a4f90246baeb3caf608 - - default default] No more DHCP agents
2026-06-25 23:32:13.538 9 WARNING neutron.api.rpc.agentnotifiers.dhcp_rpc_agent_api [None req-f6c86010-e39b-434e-9091-ec011bf00fa6 195c47248c4e4a199d82cb42f3c2b284 777b7f7267f14a4f90246baeb3caf608 - - default default] Unable to schedule network aef7749a-a17f-493b-989c-f6fbc88e8c26: no agents available; will retry on subsequent port and subnet creation events.
2026-06-25 23:32:13.594 9 INFO neutron.db.ovn_revision_numbers_db [None req-f6c86010-e39b-434e-9091-ec011bf00fa6 195c47248c4e4a199d82cb42f3c2b284 777b7f7267f14a4f90246baeb3caf608 - - default default] Successfully bumped revision number for resource 57a6b233-ea0b-447d-84c5-a6234f80ee61 (type: ports) to 1
2026-06-25 23:32:13.620 9 INFO neutron.api.wsgi [None req-f6c86010-e39b-434e-9091-ec011bf00fa6 195c47248c4e4a199d82cb42f3c2b284 777b7f7267f14a4f90246baeb3caf608 - - default default] 10.0.0.182 "POST /v2.0/networks HTTP/1.1" status: 201 len: 835 time: 0.4399352
2026-06-25 23:32:13.630 9 WARNING neutron_lib.context [None req-85058e6d-d9e9-44ad-a426-7fe8969af03e 195c47248c4e4a199d82cb42f3c2b284 777b7f7267f14a4f90246baeb3caf608 - - default default] Method 'is_advsvc' is deprecated since 2023.2 release (neutron-lib 3.8.0) and will be removed once support for the old RBAC API policies will be removed from Neutron. Please use method 'is_service_role' instead.
2026-06-25 23:32:13.816 9 WARNING neutron.scheduler.dhcp_agent_scheduler [None req-85058e6d-d9e9-44ad-a426-7fe8969af03e 195c47248c4e4a199d82cb42f3c2b284 777b7f7267f14a4f90246baeb3caf608 - - default default] No more DHCP agents
2026-06-25 23:32:13.818 9 WARNING neutron.api.rpc.agentnotifiers.dhcp_rpc_agent_api [None req-85058e6d-d9e9-44ad-a426-7fe8969af03e 195c47248c4e4a199d82cb42f3c2b284 777b7f7267f14a4f90246baeb3caf608 - - default default] Unable to schedule network aef7749a-a17f-493b-989c-f6fbc88e8c26: no agents available; will retry on subsequent port and subnet creation events.
2026-06-25 23:32:13.843 9 INFO neutron.db.ovn_revision_numbers_db [None req-85058e6d-d9e9-44ad-a426-7fe8969af03e 195c47248c4e4a199d82cb42f3c2b284 777b7f7267f14a4f90246baeb3caf608 - - default default] Successfully bumped revision number for resource 75c67a26-0d79-4634-a9f1-be27181b1518 (type: subnets) to 0
2026-06-25 23:32:13.857 9 INFO neutron.api.wsgi [None req-85058e6d-d9e9-44ad-a426-7fe8969af03e 195c47248c4e4a199d82cb42f3c2b284 777b7f7267f14a4f90246baeb3caf608 - - default default] 10.0.0.182 "POST /v2.0/subnets HTTP/1.1" status: 201 len: 845 time: 0.2313800
2026-06-25 23:32:13.871 9 WARNING neutron_lib.context [None req-99a6de2c-f0cd-44a6-8318-5ccaeee93d56 195c47248c4e4a199d82cb42f3c2b284 777b7f7267f14a4f90246baeb3caf608 - - default default] Method 'is_advsvc' is deprecated since 2023.2 release (neutron-lib 3.8.0) and will be removed once support for the old RBAC API policies will be removed from Neutron. Please use method 'is_service_role' instead. /var/lib/openstack/lib/python3.12/site-packages/pycadf/identifier.py:71: UserWarning: Invalid uuid: neutron. To ensure interoperability, identifiers should be a valid uuid. warnings.warn(('Invalid uuid: %s. To ensure interoperability, '
2026-06-25 23:32:13.933 10 WARNING neutron.scheduler.dhcp_agent_scheduler [None req-b63e2bab-4603-47a1-a16f-0f4bf8203a5c 86dfeae0282646e9aef1766371c5bb04 0094a7de6c3d4471b71d81131d39ae2b - - default default] No more DHCP agents
2026-06-25 23:32:13.938 10 WARNING neutron.api.rpc.agentnotifiers.dhcp_rpc_agent_api [None req-b63e2bab-4603-47a1-a16f-0f4bf8203a5c 86dfeae0282646e9aef1766371c5bb04 0094a7de6c3d4471b71d81131d39ae2b - - default default] Unable to schedule network 6afe649c-9020-434b-ae4c-87ba36fa3030: no agents available; will retry on subsequent port and subnet creation events.
2026-06-25 23:32:13.991 10 INFO neutron.db.ovn_revision_numbers_db [req-e184cbc4-080f-440c-894b-3d8a6b150935 req-967c291a-d2b3-48a3-a8ea-1abc60c1b27d 2c7701c85ab94603a734325966eae3c2 dab50b7c660a45cf853e75fd56ba3911 - - 270885a2bed64546875c9241f5473fdb 270885a2bed64546875c9241f5473fdb] Successfully bumped revision number for resource cdc93785-b340-4ff8-afb8-f8081a5a4d88 (type: ports) to 4
2026-06-25 23:32:14.015 10 INFO neutron.api.wsgi [req-e184cbc4-080f-440c-894b-3d8a6b150935 req-967c291a-d2b3-48a3-a8ea-1abc60c1b27d 2c7701c85ab94603a734325966eae3c2 dab50b7c660a45cf853e75fd56ba3911 - - 270885a2bed64546875c9241f5473fdb 270885a2bed64546875c9241f5473fdb] 199.19.213.228 "PUT /v2.0/ports/cdc93785-b340-4ff8-afb8-f8081a5a4d88 HTTP/1.1" status: 200 len: 1408 time: 0.9400823
2026-06-25 23:32:14.022 10 INFO neutron.api.wsgi [req-2057b25c-7ce7-4b46-93c8-8576b2cc348a req-c400510d-15d5-474d-944e-e62fec0d3ae7 be95302dea834640988d6bb6abaae719 62c9e157e4a0496db33fb0a1c31da945 - - default default] 10.0.0.157 "GET /v2.0/ports?device_id=543cb49a-4a44-4a88-977d-517d39247f0a HTTP/1.1" status: 200 len: 1172 time: 0.1131179
2026-06-25 23:32:14.022 10 INFO neutron.db.ovn_revision_numbers_db [None req-b63e2bab-4603-47a1-a16f-0f4bf8203a5c 86dfeae0282646e9aef1766371c5bb04 0094a7de6c3d4471b71d81131d39ae2b - - default default] Successfully bumped revision number for resource bb6c79a2-02db-4a88-b725-5877a19b7ad5 (type: ports) to 1
2026-06-25 23:32:14.044 10 INFO neutron.api.wsgi [None req-b63e2bab-4603-47a1-a16f-0f4bf8203a5c 86dfeae0282646e9aef1766371c5bb04 0094a7de6c3d4471b71d81131d39ae2b - - default default] 10.0.0.182 "POST /v2.0/networks HTTP/1.1" status: 201 len: 945 time: 1.0621626
2026-06-25 23:32:14.060 10 INFO neutron.notifiers.nova [-] Nova event matching ['req-0d2c368e-0746-424c-a331-3060710c4c50'] response: {'name': 'network-changed', 'server_uuid': '543cb49a-4a44-4a88-977d-517d39247f0a', 'tag': 'cdc93785-b340-4ff8-afb8-f8081a5a4d88', 'status': 'completed', 'code': 200}
2026-06-25 23:32:14.073 10 INFO neutron.api.wsgi [req-2057b25c-7ce7-4b46-93c8-8576b2cc348a req-a2a2d190-4f8d-4850-801d-dec9b72a0ad3 be95302dea834640988d6bb6abaae719 62c9e157e4a0496db33fb0a1c31da945 - - default default] 10.0.0.157 "GET /v2.0/security-groups?id=05ac5587-a340-471e-a3bd-dbc2a053b65d&fields=id&fields=name HTTP/1.1" status: 200 len: 312 time: 0.0427630
2026-06-25 23:32:14.166 10 WARNING neutron.scheduler.dhcp_agent_scheduler [None req-93181d8d-8fc7-4b23-994d-57b53843278f 86dfeae0282646e9aef1766371c5bb04 0094a7de6c3d4471b71d81131d39ae2b - - default default] No more DHCP agents
2026-06-25 23:32:14.167 10 WARNING neutron.api.rpc.agentnotifiers.dhcp_rpc_agent_api [None req-93181d8d-8fc7-4b23-994d-57b53843278f 86dfeae0282646e9aef1766371c5bb04 0094a7de6c3d4471b71d81131d39ae2b - - default default] Unable to schedule network 6afe649c-9020-434b-ae4c-87ba36fa3030: no agents available; will retry on subsequent port and subnet creation events.
2026-06-25 23:32:14.198 9 WARNING neutron.scheduler.dhcp_agent_scheduler [None req-99a6de2c-f0cd-44a6-8318-5ccaeee93d56 195c47248c4e4a199d82cb42f3c2b284 777b7f7267f14a4f90246baeb3caf608 - - default default] No more DHCP agents
2026-06-25 23:32:14.200 9 WARNING neutron.api.rpc.agentnotifiers.dhcp_rpc_agent_api [None req-99a6de2c-f0cd-44a6-8318-5ccaeee93d56 195c47248c4e4a199d82cb42f3c2b284 777b7f7267f14a4f90246baeb3caf608 - - default default] Unable to schedule network aef7749a-a17f-493b-989c-f6fbc88e8c26: no agents available; will retry on subsequent port and subnet creation events.
2026-06-25 23:32:14.287 9 INFO neutron.db.ovn_revision_numbers_db [None req-99a6de2c-f0cd-44a6-8318-5ccaeee93d56 195c47248c4e4a199d82cb42f3c2b284 777b7f7267f14a4f90246baeb3caf608 - - default default] Successfully bumped revision number for resource 60145dd2-fda2-4ace-bcea-45697f61e533 (type: ports) to 1
2026-06-25 23:32:14.309 9 INFO neutron.api.wsgi [None req-99a6de2c-f0cd-44a6-8318-5ccaeee93d56 195c47248c4e4a199d82cb42f3c2b284 777b7f7267f14a4f90246baeb3caf608 - - default default] 10.0.0.182 "POST /v2.0/ports HTTP/1.1" status: 201 len: 1164 time: 0.4446273 /var/lib/openstack/lib/python3.12/site-packages/pycadf/identifier.py:71: UserWarning: Invalid uuid: neutron. To ensure interoperability, identifiers should be a valid uuid. warnings.warn(('Invalid uuid: %s. To ensure interoperability, '
2026-06-25 23:32:14.484 10 INFO neutron.db.ovn_revision_numbers_db [None req-177122bd-5f07-4dec-bab2-751054277bf3 - - - - - -] Successfully bumped revision number for resource bb6c79a2-02db-4a88-b725-5877a19b7ad5 (type: ports) to 2
2026-06-25 23:32:14.507 10 INFO neutron.db.ovn_revision_numbers_db [None req-177122bd-5f07-4dec-bab2-751054277bf3 - - - - - -] Successfully bumped revision number for resource 764d852c-4652-42d6-8e2e-9f50a72d65c2 (type: subnets) to 0
2026-06-25 23:32:14.517 10 INFO neutron.api.wsgi [None req-93181d8d-8fc7-4b23-994d-57b53843278f 86dfeae0282646e9aef1766371c5bb04 0094a7de6c3d4471b71d81131d39ae2b - - default default] 10.0.0.182 "POST /v2.0/subnets HTTP/1.1" status: 201 len: 889 time: 0.4647961
2026-06-25 23:32:14.548 9 INFO neutron.api.wsgi [None req-797d910e-cdbc-4dbf-b636-bdab9eb0635b 195c47248c4e4a199d82cb42f3c2b284 777b7f7267f14a4f90246baeb3caf608 - - default default] 10.0.0.182 "DELETE /v2.0/ports/60145dd2-fda2-4ace-bcea-45697f61e533 HTTP/1.1" status: 204 len: 168 time: 0.2333143
2026-06-25 23:32:14.565 9 INFO neutron.pecan_wsgi.hooks.translation [None req-2d924fb6-fab6-416d-b08b-de03af8a3463 195c47248c4e4a199d82cb42f3c2b284 777b7f7267f14a4f90246baeb3caf608 - - default default] DELETE failed (client error): The resource could not be found.
2026-06-25 23:32:14.567 9 INFO neutron.api.wsgi [None req-2d924fb6-fab6-416d-b08b-de03af8a3463 195c47248c4e4a199d82cb42f3c2b284 777b7f7267f14a4f90246baeb3caf608 - - default default] 10.0.0.182 "DELETE /v2.0/ports/60145dd2-fda2-4ace-bcea-45697f61e533 HTTP/1.1" status: 404 len: 333 time: 0.0150919
2026-06-25 23:32:14.583 9 INFO neutron.pecan_wsgi.hooks.translation [None req-06c57957-f0b8-4e8c-86dc-79e9103c71f6 195c47248c4e4a199d82cb42f3c2b284 777b7f7267f14a4f90246baeb3caf608 - - default default] GET failed (client error): The resource could not be found.
