2026-06-25 23:33:10.424 10 INFO neutron.api.wsgi [req-c90e2a63-fe20-40d1-a964-31f329503433 req-36481c45-2988-480c-b12c-a9ae4b63d6a1 589b837238e9460d96b86dd211d439bb 1f72c92107d24d8daf303314f0784acc - - default default] 10.0.0.157 "GET /v2.0/security-groups?id=2fcabb96-9599-44a6-b51c-41d8565598d1&id=7f2d8563-f537-405a-8e0b-2f3667ea737d&fields=id&fields=name HTTP/1.1" status: 200 len: 404 time: 0.0317652
2026-06-25 23:33:10.485 9 INFO neutron.api.wsgi [None req-b6ec01c8-d8b4-4279-9f4c-494f88fcd8d5 d1b1c5fd706b4c99802dfcd5aa727aac 2fd98626461e4c9790f279f3b0490b63 - - default default] 10.0.0.182 "DELETE /v2.0/routers/a29bd773-caf4-4ee4-96b6-f14e9cd0cf04 HTTP/1.1" status: 204 len: 168 time: 0.5965357
2026-06-25 23:33:10.518 10 INFO neutron.api.wsgi [req-ce59b33c-8f65-4cf1-98a9-6a16ecd3c1ed req-44e34a05-9387-4dea-b823-d1677af6d3ac 589b837238e9460d96b86dd211d439bb 1f72c92107d24d8daf303314f0784acc - - default default] 10.0.0.157 "GET /v2.0/ports?device_id=0fd4fd1e-46e2-47df-994e-eb47ee142563 HTTP/1.1" status: 200 len: 1214 time: 0.0380390
2026-06-25 23:33:10.711 9 INFO neutron.api.wsgi [None req-e777b6dc-107a-445e-ba84-a8a853938d79 d1b1c5fd706b4c99802dfcd5aa727aac 2fd98626461e4c9790f279f3b0490b63 - - default default] 10.0.0.182 "DELETE /v2.0/subnets/705d8839-0333-453f-945c-22a18fa2ca15 HTTP/1.1" status: 204 len: 168 time: 0.2199941
2026-06-25 23:33:11.003 9 INFO neutron.db.ovn_revision_numbers_db [None req-3c284517-884c-488c-8c5d-bfae59ffed47 589b837238e9460d96b86dd211d439bb 1f72c92107d24d8daf303314f0784acc - - default default] Successfully bumped revision number for resource 835e2c1e-cafe-4932-b40a-78e6a0e9d308 (type: floatingips) to 1
2026-06-25 23:33:11.025 9 INFO neutron.notifiers.nova [-] Nova event matching ['req-a6d65729-dfd7-4ff4-a88e-f552e375cc34'] response: {'server_uuid': '0fd4fd1e-46e2-47df-994e-eb47ee142563', 'name': 'network-vif-plugged', 'status': 'completed', 'tag': '7d506a39-8747-4ac0-ad83-b262303c39a0', 'code': 200}
2026-06-25 23:33:11.078 10 INFO neutron.services.segments.plugin [-] Segment 41c22782-fc59-4f49-95be-a6b319d76be9 resource provider aggregate not found
2026-06-25 23:33:11.084 10 INFO neutron.services.segments.plugin [-] Segment 41c22782-fc59-4f49-95be-a6b319d76be9 resource provider aggregate not found
2026-06-25 23:33:11.092 10 INFO neutron.services.segments.plugin [-] Segment 41c22782-fc59-4f49-95be-a6b319d76be9 resource provider not found; error: Placement Client Error (4xx): {"errors": [{"status": 404, "title": "Not Found", "detail": "The resource could not be found.\n\n No resource provider with uuid 41c22782-fc59-4f49-95be-a6b319d76be9 found for delete ", "request_id": "req-f6cb885d-f84f-46d4-97ee-94bc27533571"}]}
2026-06-25 23:33:11.102 10 INFO neutron.services.segments.plugin [-] Segment 41c22782-fc59-4f49-95be-a6b319d76be9 resource provider not found; error: Placement Client Error (4xx): {"errors": [{"status": 404, "title": "Not Found", "detail": "The resource could not be found.\n\n No resource provider with uuid 41c22782-fc59-4f49-95be-a6b319d76be9 found for delete ", "request_id": "req-67c5b412-6f89-4ea7-94cf-737326401420"}]}
2026-06-25 23:33:11.109 10 INFO neutron.api.wsgi [None req-4559b096-8075-4895-a598-e59d54714a73 d1b1c5fd706b4c99802dfcd5aa727aac 2fd98626461e4c9790f279f3b0490b63 - - default default] 10.0.0.182 "DELETE /v2.0/networks/6060a28b-0271-4799-a655-8fbff6c5aaee HTTP/1.1" status: 204 len: 168 time: 0.3903015
2026-06-25 23:33:11.126 9 INFO neutron.db.ovn_revision_numbers_db [None req-3c284517-884c-488c-8c5d-bfae59ffed47 589b837238e9460d96b86dd211d439bb 1f72c92107d24d8daf303314f0784acc - - default default] Successfully bumped revision number for resource 835e2c1e-cafe-4932-b40a-78e6a0e9d308 (type: floatingips) to 2
2026-06-25 23:33:11.127 9 INFO neutron.db.l3_db [None req-3c284517-884c-488c-8c5d-bfae59ffed47 589b837238e9460d96b86dd211d439bb 1f72c92107d24d8daf303314f0784acc - - default default] Floating IP 835e2c1e-cafe-4932-b40a-78e6a0e9d308 associated. External IP: 10.96.250.211, port: 7d506a39-8747-4ac0-ad83-b262303c39a0.
2026-06-25 23:33:11.157 9 INFO neutron.api.wsgi [None req-3c284517-884c-488c-8c5d-bfae59ffed47 589b837238e9460d96b86dd211d439bb 1f72c92107d24d8daf303314f0784acc - - default default] 10.0.0.182 "PUT /v2.0/floatingips/835e2c1e-cafe-4932-b40a-78e6a0e9d308 HTTP/1.1" status: 200 len: 1050 time: 0.6222713
2026-06-25 23:33:11.872 9 INFO neutron.api.wsgi [None req-3fd9207d-b5a6-4b5a-9709-acff2ff71b17 86dfeae0282646e9aef1766371c5bb04 0094a7de6c3d4471b71d81131d39ae2b - - default default] 10.0.0.182 "GET /v2.0/security-groups?tenant_id=2fd98626461e4c9790f279f3b0490b63&name=default HTTP/1.1" status: 200 len: 3120 time: 0.2636271
2026-06-25 23:33:12.037 9 INFO neutron.api.wsgi [None req-9bbac47a-191e-4b42-8379-ee577da99ca6 86dfeae0282646e9aef1766371c5bb04 0094a7de6c3d4471b71d81131d39ae2b - - default default] 10.0.0.182 "DELETE /v2.0/security-groups/75a919c7-65d3-46f9-bed9-4ea28d502e2d HTTP/1.1" status: 204 len: 168 time: 0.1583097 /var/lib/openstack/lib/python3.12/site-packages/pycadf/identifier.py:71: UserWarning: Invalid uuid: neutron. To ensure interoperability, identifiers should be a valid uuid. warnings.warn(('Invalid uuid: %s. To ensure interoperability, '
2026-06-25 23:33:12.327 10 INFO neutron.db.ovn_revision_numbers_db [None req-c9637d6a-cb8f-49f2-aff6-62de73fd854b 86dfeae0282646e9aef1766371c5bb04 0094a7de6c3d4471b71d81131d39ae2b - - default default] Successfully bumped revision number for resource 4ea798f5-1e16-4b1d-8bd2-d1c1e35400b5 (type: security_groups) to 1
2026-06-25 23:33:12.350 10 INFO neutron.db.ovn_revision_numbers_db [None req-c9637d6a-cb8f-49f2-aff6-62de73fd854b 86dfeae0282646e9aef1766371c5bb04 0094a7de6c3d4471b71d81131d39ae2b - - default default] Successfully bumped revision number for resource 2c8c4f51-e792-461a-8fc1-8ae055d4fa52 (type: security_group_rules) to 0
2026-06-25 23:33:12.363 10 INFO neutron.db.ovn_revision_numbers_db [None req-c9637d6a-cb8f-49f2-aff6-62de73fd854b 86dfeae0282646e9aef1766371c5bb04 0094a7de6c3d4471b71d81131d39ae2b - - default default] Successfully bumped revision number for resource 7a05707d-c944-4226-9d97-31ac5b66c8c9 (type: security_group_rules) to 0
2026-06-25 23:33:12.374 10 INFO neutron.db.ovn_revision_numbers_db [None req-c9637d6a-cb8f-49f2-aff6-62de73fd854b 86dfeae0282646e9aef1766371c5bb04 0094a7de6c3d4471b71d81131d39ae2b - - default default] Successfully bumped revision number for resource a6e96f88-f69f-4a10-b3bb-3e7dd150fc0d (type: security_group_rules) to 0
2026-06-25 23:33:12.388 10 INFO neutron.db.ovn_revision_numbers_db [None req-c9637d6a-cb8f-49f2-aff6-62de73fd854b 86dfeae0282646e9aef1766371c5bb04 0094a7de6c3d4471b71d81131d39ae2b - - default default] Successfully bumped revision number for resource b500b46b-51f7-4699-ba91-7b7a67fa0182 (type: security_group_rules) to 0
2026-06-25 23:33:12.424 10 INFO neutron.api.wsgi [None req-c9637d6a-cb8f-49f2-aff6-62de73fd854b 86dfeae0282646e9aef1766371c5bb04 0094a7de6c3d4471b71d81131d39ae2b - - default default] 10.0.0.182 "GET /v2.0/security-groups?tenant_id=8e7b2d5ea4a64ac2a02668868abc7848&name=default HTTP/1.1" status: 200 len: 3120 time: 0.4250934
2026-06-25 23:33:12.642 10 INFO neutron.api.wsgi [None req-b5dfa97a-208b-4a28-85ff-90f6ccfd50d8 86dfeae0282646e9aef1766371c5bb04 0094a7de6c3d4471b71d81131d39ae2b - - default default] 10.0.0.182 "DELETE /v2.0/security-groups/4ea798f5-1e16-4b1d-8bd2-d1c1e35400b5 HTTP/1.1" status: 204 len: 168 time: 0.2109189
2026-06-25 23:33:13.054 9 INFO neutron.notifiers.nova [-] Nova event matching ['req-c3e72eac-8817-4479-a042-962424f6276f'] response: {'name': 'network-changed', 'server_uuid': '0fd4fd1e-46e2-47df-994e-eb47ee142563', 'tag': '7d506a39-8747-4ac0-ad83-b262303c39a0', 'status': 'completed', 'code': 200}
2026-06-25 23:33:13.602 10 INFO neutron.api.wsgi [req-3ffb4364-28c8-4590-a0a0-4397ba790090 req-4cb0dad9-398a-4793-baf2-9435dc38e8b9 2c7701c85ab94603a734325966eae3c2 dab50b7c660a45cf853e75fd56ba3911 - - 270885a2bed64546875c9241f5473fdb 270885a2bed64546875c9241f5473fdb] 199.19.213.228 "GET /v2.0/ports?tenant_id=1f72c92107d24d8daf303314f0784acc&device_id=0fd4fd1e-46e2-47df-994e-eb47ee142563 HTTP/1.1" status: 200 len: 1452 time: 0.0353830
2026-06-25 23:33:13.655 10 INFO neutron.api.wsgi [req-3ffb4364-28c8-4590-a0a0-4397ba790090 req-5ca3aad1-b0af-4940-8309-8c6b03f8ad08 2c7701c85ab94603a734325966eae3c2 dab50b7c660a45cf853e75fd56ba3911 - - 270885a2bed64546875c9241f5473fdb 270885a2bed64546875c9241f5473fdb] 199.19.213.228 "GET /v2.0/networks?id=5bdee4bc-c12d-4d38-b287-4a8740ba9377 HTTP/1.1" status: 200 len: 971 time: 0.0486393
2026-06-25 23:33:13.697 10 INFO neutron.api.wsgi [req-3ffb4364-28c8-4590-a0a0-4397ba790090 req-3659a774-e353-4cec-a64f-805fdf401597 2c7701c85ab94603a734325966eae3c2 dab50b7c660a45cf853e75fd56ba3911 - - 270885a2bed64546875c9241f5473fdb 270885a2bed64546875c9241f5473fdb] 199.19.213.228 "GET /v2.0/floatingips?fixed_ip_address=10.100.0.10&port_id=7d506a39-8747-4ac0-ad83-b262303c39a0 HTTP/1.1" status: 200 len: 1060 time: 0.0378327
2026-06-25 23:33:13.725 10 INFO neutron.api.wsgi [req-3ffb4364-28c8-4590-a0a0-4397ba790090 req-5a8d3dbe-b7da-4fc4-9ce1-45ad14eff3ed 2c7701c85ab94603a734325966eae3c2 dab50b7c660a45cf853e75fd56ba3911 - - 270885a2bed64546875c9241f5473fdb 270885a2bed64546875c9241f5473fdb] 199.19.213.228 "GET /v2.0/subnets?id=bf3f6024-938c-4745-871a-a19ad42f876f HTTP/1.1" status: 200 len: 890 time: 0.0231447
2026-06-25 23:33:13.755 10 INFO neutron.api.wsgi [req-3ffb4364-28c8-4590-a0a0-4397ba790090 req-95dc6f1f-227d-4f1a-ab6f-e17f7c231ac9 2c7701c85ab94603a734325966eae3c2 dab50b7c660a45cf853e75fd56ba3911 - - 270885a2bed64546875c9241f5473fdb 270885a2bed64546875c9241f5473fdb] 199.19.213.228 "GET /v2.0/ports?network_id=5bdee4bc-c12d-4d38-b287-4a8740ba9377&device_owner=network%3Adhcp HTTP/1.1" status: 200 len: 210 time: 0.0214643
2026-06-25 23:33:13.814 10 INFO neutron.api.wsgi [req-3ffb4364-28c8-4590-a0a0-4397ba790090 req-35d6fbef-28d2-4069-982d-1796645a9b55 2c7701c85ab94603a734325966eae3c2 dab50b7c660a45cf853e75fd56ba3911 - - 270885a2bed64546875c9241f5473fdb 270885a2bed64546875c9241f5473fdb] 199.19.213.228 "GET /v2.0/networks/5bdee4bc-c12d-4d38-b287-4a8740ba9377?fields=segments HTTP/1.1" status: 200 len: 212 time: 0.0426409
2026-06-25 23:33:13.873 10 INFO neutron.api.wsgi [req-3ffb4364-28c8-4590-a0a0-4397ba790090 req-ea472015-a98d-44cd-9d7d-16f339cdd1ee 2c7701c85ab94603a734325966eae3c2 dab50b7c660a45cf853e75fd56ba3911 - - 270885a2bed64546875c9241f5473fdb 270885a2bed64546875c9241f5473fdb] 199.19.213.228 "GET /v2.0/networks/5bdee4bc-c12d-4d38-b287-4a8740ba9377?fields=provider%3Aphysical_network&fields=provider%3Anetwork_type HTTP/1.1" status: 200 len: 277 time: 0.0484326
2026-06-25 23:33:13.884 9 WARNING neutron_lib.context [None req-5cb23ac8-c88f-4d89-aff4-b7eb4ef2c63b 57260d7fc93945f38ccb891c09b8e608 15c69b13d7484bb3b0824b8cff40a40d - - default default] Method 'is_advsvc' is deprecated since 2023.2 release (neutron-lib 3.8.0) and will be removed once support for the old RBAC API policies will be removed from Neutron. Please use method 'is_service_role' instead.
2026-06-25 23:33:13.884 9 WARNING neutron_lib.context [None req-5cb23ac8-c88f-4d89-aff4-b7eb4ef2c63b 57260d7fc93945f38ccb891c09b8e608 15c69b13d7484bb3b0824b8cff40a40d - - default default] Method 'is_advsvc' is deprecated since 2023.2 release (neutron-lib 3.8.0) and will be removed once support for the old RBAC API policies will be removed from Neutron. Please use method 'is_service_role' instead.
2026-06-25 23:33:13.940 10 INFO neutron.api.wsgi [req-29b96346-f7da-48fb-8039-f9e046d145ac req-d3dc0e38-3fdc-4974-b577-90ba9d51fe23 e9146b75d07c467da468e5b35e3bfd22 4296ab5f6e8446c4af42b16a69828ae9 - - default default] 10.0.0.157 "GET /v2.0/ports?device_id=3cc9e8f8-23f8-47ec-93d8-fe15140e001a HTTP/1.1" status: 200 len: 1174 time: 0.0572658
2026-06-25 23:33:13.975 10 INFO neutron.api.wsgi [req-29b96346-f7da-48fb-8039-f9e046d145ac req-d7581658-40fb-4401-837d-f6b2a19f617f e9146b75d07c467da468e5b35e3bfd22 4296ab5f6e8446c4af42b16a69828ae9 - - default default] 10.0.0.157 "GET /v2.0/security-groups?id=49aba128-89ee-4e38-89c2-d7f2b0602fb1&fields=id&fields=name HTTP/1.1" status: 200 len: 313 time: 0.0277989
2026-06-25 23:33:14.004 9 INFO neutron.db.ovn_revision_numbers_db [None req-5cb23ac8-c88f-4d89-aff4-b7eb4ef2c63b 57260d7fc93945f38ccb891c09b8e608 15c69b13d7484bb3b0824b8cff40a40d - - default default] Successfully bumped revision number for resource 5ab7ad16-1a9e-4d00-ab66-2ad7eea082de (type: security_groups) to 1
2026-06-25 23:33:14.017 9 INFO neutron.db.ovn_revision_numbers_db [None req-5cb23ac8-c88f-4d89-aff4-b7eb4ef2c63b 57260d7fc93945f38ccb891c09b8e608 15c69b13d7484bb3b0824b8cff40a40d - - default default] Successfully bumped revision number for resource 5bf44f7b-e080-4d44-9fbc-e82db7922e8a (type: security_group_rules) to 0
2026-06-25 23:33:14.032 9 INFO neutron.db.ovn_revision_numbers_db [None req-5cb23ac8-c88f-4d89-aff4-b7eb4ef2c63b 57260d7fc93945f38ccb891c09b8e608 15c69b13d7484bb3b0824b8cff40a40d - - default default] Successfully bumped revision number for resource 939e8ac7-29f6-4df3-87fd-977d299f6872 (type: security_group_rules) to 0
2026-06-25 23:33:14.043 9 INFO neutron.db.ovn_revision_numbers_db [None req-5cb23ac8-c88f-4d89-aff4-b7eb4ef2c63b 57260d7fc93945f38ccb891c09b8e608 15c69b13d7484bb3b0824b8cff40a40d - - default default] Successfully bumped revision number for resource d66a6de9-5c21-4fe5-9fa5-b7532e268f1d (type: security_group_rules) to 0
2026-06-25 23:33:14.056 9 INFO neutron.db.ovn_revision_numbers_db [None req-5cb23ac8-c88f-4d89-aff4-b7eb4ef2c63b 57260d7fc93945f38ccb891c09b8e608 15c69b13d7484bb3b0824b8cff40a40d - - default default] Successfully bumped revision number for resource dddf2597-2b77-4ab3-8867-7221b5cdd806 (type: security_group_rules) to 0
2026-06-25 23:33:14.140 9 INFO neutron.db.segments_db [None req-5cb23ac8-c88f-4d89-aff4-b7eb4ef2c63b 57260d7fc93945f38ccb891c09b8e608 15c69b13d7484bb3b0824b8cff40a40d - - default default] Added segment 2a98eb40-5831-4b7d-bae3-ec03ddd297a7 of type geneve for network b7180044-26ac-47e7-bf12-8719f66948f5
2026-06-25 23:33:14.166 10 INFO neutron.api.wsgi [req-53bc0bbe-8276-45d7-9eaa-b1f073538459 req-9c7b416a-dad3-4ffa-a99b-0e972829dfb2 e9146b75d07c467da468e5b35e3bfd22 4296ab5f6e8446c4af42b16a69828ae9 - - default default] 10.0.0.157 "GET /v2.0/ports?device_id=3cc9e8f8-23f8-47ec-93d8-fe15140e001a HTTP/1.1" status: 200 len: 1174 time: 0.0401382
2026-06-25 23:33:14.198 10 INFO neutron.api.wsgi [req-53bc0bbe-8276-45d7-9eaa-b1f073538459 req-3b2fcc11-6ddc-4136-b351-9c552b1e4577 e9146b75d07c467da468e5b35e3bfd22 4296ab5f6e8446c4af42b16a69828ae9 - - default default] 10.0.0.157 "GET /v2.0/security-groups?id=49aba128-89ee-4e38-89c2-d7f2b0602fb1&fields=id&fields=name HTTP/1.1" status: 200 len: 313 time: 0.0270238
2026-06-25 23:33:14.225 9 INFO neutron.db.segments_db [None req-5cb23ac8-c88f-4d89-aff4-b7eb4ef2c63b 57260d7fc93945f38ccb891c09b8e608 15c69b13d7484bb3b0824b8cff40a40d - - default default] Added segment ed306f32-268c-4f52-bc46-02a603548ff6 of type geneve for network c8ba24d0-bf54-4de5-b701-41b81cad6add
2026-06-25 23:33:14.320 9 INFO neutron.db.ovn_revision_numbers_db [None req-5cb23ac8-c88f-4d89-aff4-b7eb4ef2c63b 57260d7fc93945f38ccb891c09b8e608 15c69b13d7484bb3b0824b8cff40a40d - - default default] Successfully bumped revision number for resource b7180044-26ac-47e7-bf12-8719f66948f5 (type: networks) to 1
2026-06-25 23:33:14.460 9 WARNING neutron.scheduler.dhcp_agent_scheduler [None req-5cb23ac8-c88f-4d89-aff4-b7eb4ef2c63b 57260d7fc93945f38ccb891c09b8e608 15c69b13d7484bb3b0824b8cff40a40d - - default default] No more DHCP agents
2026-06-25 23:33:14.461 9 WARNING neutron.api.rpc.agentnotifiers.dhcp_rpc_agent_api [None req-5cb23ac8-c88f-4d89-aff4-b7eb4ef2c63b 57260d7fc93945f38ccb891c09b8e608 15c69b13d7484bb3b0824b8cff40a40d - - default default] Unable to schedule network b7180044-26ac-47e7-bf12-8719f66948f5: no agents available; will retry on subsequent port and subnet creation events.
2026-06-25 23:33:14.510 9 INFO neutron.db.ovn_revision_numbers_db [None req-5cb23ac8-c88f-4d89-aff4-b7eb4ef2c63b 57260d7fc93945f38ccb891c09b8e608 15c69b13d7484bb3b0824b8cff40a40d - - default default] Successfully bumped revision number for resource 1f63245a-3fdd-47c2-9b4c-fe9a62492676 (type: ports) to 1
2026-06-25 23:33:14.564 9 INFO neutron.db.ovn_revision_numbers_db [None req-5cb23ac8-c88f-4d89-aff4-b7eb4ef2c63b 57260d7fc93945f38ccb891c09b8e608 15c69b13d7484bb3b0824b8cff40a40d - - default default] Successfully bumped revision number for resource c8ba24d0-bf54-4de5-b701-41b81cad6add (type: networks) to 1
2026-06-25 23:33:14.690 9 INFO neutron.plugins.ml2.drivers.ovn.mech_driver.mech_driver [None req-90e9a431-3321-4dd7-a157-14c62b5cb3c0 - - - - - -] OVN reports status down for port: 2243293b-5917-4f6a-b9a7-4d359532c62d
2026-06-25 23:33:14.724 9 WARNING neutron.scheduler.dhcp_agent_scheduler [None req-5cb23ac8-c88f-4d89-aff4-b7eb4ef2c63b 57260d7fc93945f38ccb891c09b8e608 15c69b13d7484bb3b0824b8cff40a40d - - default default] No more DHCP agents
2026-06-25 23:33:14.726 9 WARNING neutron.api.rpc.agentnotifiers.dhcp_rpc_agent_api [None req-5cb23ac8-c88f-4d89-aff4-b7eb4ef2c63b 57260d7fc93945f38ccb891c09b8e608 15c69b13d7484bb3b0824b8cff40a40d - - default default] Unable to schedule network c8ba24d0-bf54-4de5-b701-41b81cad6add: no agents available; will retry on subsequent port and subnet creation events.
2026-06-25 23:33:14.801 9 INFO neutron.db.ovn_revision_numbers_db [None req-5cb23ac8-c88f-4d89-aff4-b7eb4ef2c63b 57260d7fc93945f38ccb891c09b8e608 15c69b13d7484bb3b0824b8cff40a40d - - default default] Successfully bumped revision number for resource a2be3809-7913-4202-b8c1-60aee0e098a4 (type: ports) to 1
2026-06-25 23:33:14.835 9 INFO neutron.api.wsgi [None req-5cb23ac8-c88f-4d89-aff4-b7eb4ef2c63b 57260d7fc93945f38ccb891c09b8e608 15c69b13d7484bb3b0824b8cff40a40d - - default default] 10.0.0.182 "POST /v2.0/networks HTTP/1.1" status: 201 len: 1446 time: 1.1681683
2026-06-25 23:33:14.897 10 INFO neutron.api.wsgi [None req-8658012a-3138-4785-ada4-82f3b83dbd5a 57260d7fc93945f38ccb891c09b8e608 15c69b13d7484bb3b0824b8cff40a40d - - default default] 10.0.0.182 "GET /v2.0/networks HTTP/1.1" status: 200 len: 2052 time: 0.0533803
2026-06-25 23:33:14.933 9 INFO neutron.db.ovn_revision_numbers_db [None req-90e9a431-3321-4dd7-a157-14c62b5cb3c0 - - - - - -] Successfully bumped revision number for resource 2243293b-5917-4f6a-b9a7-4d359532c62d (type: ports) to 8
2026-06-25 23:33:15.087 9 INFO neutron.notifiers.nova [-] Nova event matching ['req-e549873c-8d23-4eb0-a729-a3812cdfb76f'] response: {'server_uuid': '3cc9e8f8-23f8-47ec-93d8-fe15140e001a', 'name': 'network-vif-unplugged', 'status': 'completed', 'tag': '2243293b-5917-4f6a-b9a7-4d359532c62d', 'code': 200}
2026-06-25 23:33:15.087 9 INFO neutron.notifiers.nova [-] Nova event matching ['req-e549873c-8d23-4eb0-a729-a3812cdfb76f'] response: {'server_uuid': '3cc9e8f8-23f8-47ec-93d8-fe15140e001a', 'name': 'network-vif-unplugged', 'status': 'completed', 'tag': '2243293b-5917-4f6a-b9a7-4d359532c62d', 'code': 200}
2026-06-25 23:33:15.224 10 INFO neutron.services.segments.plugin [-] Segment 2a98eb40-5831-4b7d-bae3-ec03ddd297a7 resource provider aggregate not found
2026-06-25 23:33:15.228 10 INFO neutron.services.segments.plugin [-] Segment 2a98eb40-5831-4b7d-bae3-ec03ddd297a7 resource provider aggregate not found
2026-06-25 23:33:15.244 10 INFO neutron.services.segments.plugin [-] Segment 2a98eb40-5831-4b7d-bae3-ec03ddd297a7 resource provider not found; error: Placement Client Error (4xx): {"errors": [{"status": 404, "title": "Not Found", "detail": "The resource could not be found.\n\n No resource provider with uuid 2a98eb40-5831-4b7d-bae3-ec03ddd297a7 found for delete ", "request_id": "req-7be32e0f-9b0c-41c7-a79f-3fbf8e5fdaae"}]}
2026-06-25 23:33:15.251 10 INFO neutron.services.segments.plugin [-] Segment 2a98eb40-5831-4b7d-bae3-ec03ddd297a7 resource provider not found; error: Placement Client Error (4xx): {"errors": [{"status": 404, "title": "Not Found", "detail": "The resource could not be found.\n\n No resource provider with uuid 2a98eb40-5831-4b7d-bae3-ec03ddd297a7 found for delete ", "request_id": "req-af08d5dc-9aec-412f-9629-e3dfec6ca178"}]}
2026-06-25 23:33:15.268 10 INFO neutron.api.wsgi [None req-ca4d1fc6-c27e-4a49-a54c-333431030f37 57260d7fc93945f38ccb891c09b8e608 15c69b13d7484bb3b0824b8cff40a40d - - default default] 10.0.0.182 "DELETE /v2.0/networks/b7180044-26ac-47e7-bf12-8719f66948f5 HTTP/1.1" status: 204 len: 168 time: 0.3661997
2026-06-25 23:33:15.322 10 INFO neutron.api.wsgi [req-a889d116-08b2-4088-8e2c-3d060e243fa8 req-6b1c07b9-a6b6-4470-951e-d9826402bca0 e9146b75d07c467da468e5b35e3bfd22 4296ab5f6e8446c4af42b16a69828ae9 - - default default] 10.0.0.157 "GET /v2.0/ports?device_id=3cc9e8f8-23f8-47ec-93d8-fe15140e001a HTTP/1.1" status: 200 len: 1172 time: 0.0476120
2026-06-25 23:33:15.361 10 INFO neutron.api.wsgi [req-a889d116-08b2-4088-8e2c-3d060e243fa8 req-e8a0e985-593c-4e99-8792-a12ace909ad9 e9146b75d07c467da468e5b35e3bfd22 4296ab5f6e8446c4af42b16a69828ae9 - - default default] 10.0.0.157 "GET /v2.0/security-groups?id=49aba128-89ee-4e38-89c2-d7f2b0602fb1&fields=id&fields=name HTTP/1.1" status: 200 len: 313 time: 0.0331237
2026-06-25 23:33:15.611 10 INFO neutron.api.wsgi [None req-3d5dee1d-5296-4f4c-af7f-8e4f9ffc43cd 57260d7fc93945f38ccb891c09b8e608 15c69b13d7484bb3b0824b8cff40a40d - - default default] 10.0.0.182 "DELETE /v2.0/networks/c8ba24d0-bf54-4de5-b701-41b81cad6add HTTP/1.1" status: 204 len: 168 time: 0.3376191
2026-06-25 23:33:15.661 10 INFO neutron.api.wsgi [None req-f0bc9969-fb15-42f5-967a-d6e4311ff8c7 57260d7fc93945f38ccb891c09b8e608 15c69b13d7484bb3b0824b8cff40a40d - - default default] 10.0.0.182 "GET /v2.0/networks HTTP/1.1" status: 200 len: 845 time: 0.0444722
2026-06-25 23:33:15.674 10 WARNING neutron_lib.context [None req-325c2990-07e2-4883-8f8c-3f55dc34f562 57260d7fc93945f38ccb891c09b8e608 15c69b13d7484bb3b0824b8cff40a40d - - default default] Method 'is_advsvc' is deprecated since 2023.2 release (neutron-lib 3.8.0) and will be removed once support for the old RBAC API policies will be removed from Neutron. Please use method 'is_service_role' instead.
2026-06-25 23:33:15.801 10 INFO neutron.db.segments_db [None req-325c2990-07e2-4883-8f8c-3f55dc34f562 57260d7fc93945f38ccb891c09b8e608 15c69b13d7484bb3b0824b8cff40a40d - - default default] Added segment cc3b6ca3-be8e-4c01-8a7d-9043a2265e79 of type geneve for network a33c46d5-6b0b-42a9-9f2d-d1098cc53161
2026-06-25 23:33:15.926 10 INFO neutron.api.wsgi [req-b003e065-8f0b-4b2f-9d10-090387947341 req-bd04b0dc-5c9b-45a7-a575-32317b49dbd1 e9146b75d07c467da468e5b35e3bfd22 4296ab5f6e8446c4af42b16a69828ae9 - - default default] 199.19.213.228 "GET /v2.0/ports?device_id=3cc9e8f8-23f8-47ec-93d8-fe15140e001a HTTP/1.1" status: 200 len: 1172 time: 0.0368636
2026-06-25 23:33:15.927 10 INFO neutron.db.ovn_revision_numbers_db [None req-325c2990-07e2-4883-8f8c-3f55dc34f562 57260d7fc93945f38ccb891c09b8e608 15c69b13d7484bb3b0824b8cff40a40d - - default default] Successfully bumped revision number for resource a33c46d5-6b0b-42a9-9f2d-d1098cc53161 (type: networks) to 1
2026-06-25 23:33:16.187 10 INFO neutron.db.ovn_revision_numbers_db [None req-1fdfee5b-6140-4bd0-b02c-abc1c744dfbe 86dfeae0282646e9aef1766371c5bb04 0094a7de6c3d4471b71d81131d39ae2b - - default default] Successfully bumped revision number for resource 2d3e1b3a-076e-4273-88e9-6c4435755580 (type: security_groups) to 1
2026-06-25 23:33:16.200 10 WARNING neutron.scheduler.dhcp_agent_scheduler [None req-325c2990-07e2-4883-8f8c-3f55dc34f562 57260d7fc93945f38ccb891c09b8e608 15c69b13d7484bb3b0824b8cff40a40d - - default default] No more DHCP agents
2026-06-25 23:33:16.205 10 WARNING neutron.api.rpc.agentnotifiers.dhcp_rpc_agent_api [None req-325c2990-07e2-4883-8f8c-3f55dc34f562 57260d7fc93945f38ccb891c09b8e608 15c69b13d7484bb3b0824b8cff40a40d - - default default] Unable to schedule network a33c46d5-6b0b-42a9-9f2d-d1098cc53161: no agents available; will retry on subsequent port and subnet creation events.
2026-06-25 23:33:16.213 10 INFO neutron.db.ovn_revision_numbers_db [None req-1fdfee5b-6140-4bd0-b02c-abc1c744dfbe 86dfeae0282646e9aef1766371c5bb04 0094a7de6c3d4471b71d81131d39ae2b - - default default] Successfully bumped revision number for resource 057c1183-1d9c-436f-b75c-0b554d7165e9 (type: security_group_rules) to 0
2026-06-25 23:33:16.235 10 INFO neutron.db.ovn_revision_numbers_db [None req-1fdfee5b-6140-4bd0-b02c-abc1c744dfbe 86dfeae0282646e9aef1766371c5bb04 0094a7de6c3d4471b71d81131d39ae2b - - default default] Successfully bumped revision number for resource 22eff926-fce8-4db3-af1d-4be047c966fe (type: security_group_rules) to 0
2026-06-25 23:33:16.278 10 INFO neutron.db.ovn_revision_numbers_db [None req-1fdfee5b-6140-4bd0-b02c-abc1c744dfbe 86dfeae0282646e9aef1766371c5bb04 0094a7de6c3d4471b71d81131d39ae2b - - default default] Successfully bumped revision number for resource 8def1802-c0c8-4a56-91bf-366272050f8d (type: security_group_rules) to 0
2026-06-25 23:33:16.305 10 INFO neutron.db.ovn_revision_numbers_db [None req-1fdfee5b-6140-4bd0-b02c-abc1c744dfbe 86dfeae0282646e9aef1766371c5bb04 0094a7de6c3d4471b71d81131d39ae2b - - default default] Successfully bumped revision number for resource ac7aac81-03f6-44e4-8bd9-b5720154a3b5 (type: security_group_rules) to 0
2026-06-25 23:33:16.345 10 INFO neutron.db.ovn_revision_numbers_db [None req-325c2990-07e2-4883-8f8c-3f55dc34f562 57260d7fc93945f38ccb891c09b8e608 15c69b13d7484bb3b0824b8cff40a40d - - default default] Successfully bumped revision number for resource 5556ac14-ce2e-424e-a124-7565aa7078ee (type: ports) to 1
2026-06-25 23:33:16.349 10 INFO neutron.db.l3_db [req-b003e065-8f0b-4b2f-9d10-090387947341 req-419bebaf-397e-4276-9274-d947fa5c6581 e9146b75d07c467da468e5b35e3bfd22 4296ab5f6e8446c4af42b16a69828ae9 - - default default] Floating IP b27eab04-8573-4416-9844-3068bd69cc0f disassociated. External IP: 10.96.250.202, port: 2243293b-5917-4f6a-b9a7-4d359532c62d.
2026-06-25 23:33:16.370 10 INFO neutron.api.wsgi [None req-1fdfee5b-6140-4bd0-b02c-abc1c744dfbe 86dfeae0282646e9aef1766371c5bb04 0094a7de6c3d4471b71d81131d39ae2b - - default default] 10.0.0.182 "GET /v2.0/security-groups?tenant_id=09c584c1a0e74276bd1fa5213dabdc9f&name=default HTTP/1.1" status: 200 len: 3120 time: 0.5218980
2026-06-25 23:33:16.378 10 INFO neutron.api.wsgi [None req-325c2990-07e2-4883-8f8c-3f55dc34f562 57260d7fc93945f38ccb891c09b8e608 15c69b13d7484bb3b0824b8cff40a40d - - default default] 10.0.0.182 "POST /v2.0/networks HTTP/1.1" status: 201 len: 852 time: 0.7112255 /var/lib/openstack/lib/python3.12/site-packages/pycadf/identifier.py:71: UserWarning: Invalid uuid: neutron. To ensure interoperability, identifiers should be a valid uuid. warnings.warn(('Invalid uuid: %s. To ensure interoperability, '
2026-06-25 23:33:16.395 9 WARNING neutron_lib.context [None req-e57ab0aa-f9ba-4385-9d49-3148b182ca8f 57260d7fc93945f38ccb891c09b8e608 15c69b13d7484bb3b0824b8cff40a40d - - default default] Method 'is_advsvc' is deprecated since 2023.2 release (neutron-lib 3.8.0) and will be removed once support for the old RBAC API policies will be removed from Neutron. Please use method 'is_service_role' instead.
2026-06-25 23:33:16.476 10 INFO neutron.api.wsgi [req-f1b11736-b45a-4e8b-9b4f-07c9574fc106 req-a161f2b2-93c4-45d2-8972-b612d0f59ed9 e9146b75d07c467da468e5b35e3bfd22 4296ab5f6e8446c4af42b16a69828ae9 - - default default] 10.0.0.157 "GET /v2.0/ports?device_id=3cc9e8f8-23f8-47ec-93d8-fe15140e001a HTTP/1.1" status: 200 len: 1172 time: 0.0430801
2026-06-25 23:33:16.511 9 INFO neutron.db.segments_db [None req-e57ab0aa-f9ba-4385-9d49-3148b182ca8f 57260d7fc93945f38ccb891c09b8e608 15c69b13d7484bb3b0824b8cff40a40d - - default default] Added segment df3eab62-84cb-4690-87ac-4353e87dfaaa of type geneve for network 641d0f26-3785-4832-853f-67ce07ea642c
2026-06-25 23:33:16.518 10 INFO neutron.api.wsgi [req-b003e065-8f0b-4b2f-9d10-090387947341 req-419bebaf-397e-4276-9274-d947fa5c6581 e9146b75d07c467da468e5b35e3bfd22 4296ab5f6e8446c4af42b16a69828ae9 - - default default] 199.19.213.228 "DELETE /v2.0/ports/2243293b-5917-4f6a-b9a7-4d359532c62d HTTP/1.1" status: 204 len: 173 time: 0.5877359
2026-06-25 23:33:16.530 10 INFO neutron.api.wsgi [req-f1b11736-b45a-4e8b-9b4f-07c9574fc106 req-ce7ee676-29c0-4707-bb60-0c62d2e24ec6 e9146b75d07c467da468e5b35e3bfd22 4296ab5f6e8446c4af42b16a69828ae9 - - default default] 10.0.0.157 "GET /v2.0/security-groups?id=49aba128-89ee-4e38-89c2-d7f2b0602fb1&fields=id&fields=name HTTP/1.1" status: 200 len: 313 time: 0.0456722
2026-06-25 23:33:16.551 10 INFO neutron.notifiers.nova [-] Nova event matching ['req-294b8bb4-39cd-4b72-95bb-96f68c9928d5'] response: {'server_uuid': '3cc9e8f8-23f8-47ec-93d8-fe15140e001a', 'name': 'network-vif-deleted', 'tag': '2243293b-5917-4f6a-b9a7-4d359532c62d', 'status': 'completed', 'code': 200}
2026-06-25 23:33:16.604 10 INFO neutron.api.wsgi [None req-98d5dfcb-9eff-4cac-b2e8-35c9b72e46a6 86dfeae0282646e9aef1766371c5bb04 0094a7de6c3d4471b71d81131d39ae2b - - default default] 10.0.0.182 "DELETE /v2.0/security-groups/2d3e1b3a-076e-4273-88e9-6c4435755580 HTTP/1.1" status: 204 len: 168 time: 0.2285554
2026-06-25 23:33:16.658 9 INFO neutron.db.ovn_revision_numbers_db [None req-e57ab0aa-f9ba-4385-9d49-3148b182ca8f 57260d7fc93945f38ccb891c09b8e608 15c69b13d7484bb3b0824b8cff40a40d - - default default] Successfully bumped revision number for resource 641d0f26-3785-4832-853f-67ce07ea642c (type: networks) to 1
2026-06-25 23:33:16.806 9 WARNING neutron.scheduler.dhcp_agent_scheduler [None req-e57ab0aa-f9ba-4385-9d49-3148b182ca8f 57260d7fc93945f38ccb891c09b8e608 15c69b13d7484bb3b0824b8cff40a40d - - default default] No more DHCP agents
2026-06-25 23:33:16.807 9 WARNING neutron.api.rpc.agentnotifiers.dhcp_rpc_agent_api [None req-e57ab0aa-f9ba-4385-9d49-3148b182ca8f 57260d7fc93945f38ccb891c09b8e608 15c69b13d7484bb3b0824b8cff40a40d - - default default] Unable to schedule network 641d0f26-3785-4832-853f-67ce07ea642c: no agents available; will retry on subsequent port and subnet creation events.
2026-06-25 23:33:16.887 9 INFO neutron.db.ovn_revision_numbers_db [None req-e57ab0aa-f9ba-4385-9d49-3148b182ca8f 57260d7fc93945f38ccb891c09b8e608 15c69b13d7484bb3b0824b8cff40a40d - - default default] Successfully bumped revision number for resource 8da60077-0c97-4fb7-ada3-1e17037ff2ab (type: ports) to 1
2026-06-25 23:33:16.933 9 INFO neutron.api.wsgi [None req-e57ab0aa-f9ba-4385-9d49-3148b182ca8f 57260d7fc93945f38ccb891c09b8e608 15c69b13d7484bb3b0824b8cff40a40d - - default default] 10.0.0.182 "POST /v2.0/networks HTTP/1.1" status: 201 len: 853 time: 0.5484152
2026-06-25 23:33:16.944 9 WARNING neutron_lib.context [None req-2ceac0d6-ee4f-4242-bac6-b45cc4d7edfb 57260d7fc93945f38ccb891c09b8e608 15c69b13d7484bb3b0824b8cff40a40d - - default default] Method 'is_advsvc' is deprecated since 2023.2 release (neutron-lib 3.8.0) and will be removed once support for the old RBAC API policies will be removed from Neutron. Please use method 'is_service_role' instead.
2026-06-25 23:33:16.964 9 WARNING neutron_lib.context [None req-2ceac0d6-ee4f-4242-bac6-b45cc4d7edfb 57260d7fc93945f38ccb891c09b8e608 15c69b13d7484bb3b0824b8cff40a40d - - default default] Method 'is_advsvc' is deprecated since 2023.2 release (neutron-lib 3.8.0) and will be removed once support for the old RBAC API policies will be removed from Neutron. Please use method 'is_service_role' instead.
2026-06-25 23:33:17.269 10 INFO neutron.services.segments.plugin [-] Segment ed306f32-268c-4f52-bc46-02a603548ff6 resource provider aggregate not found
2026-06-25 23:33:17.273 10 INFO neutron.services.segments.plugin [-] Segment ed306f32-268c-4f52-bc46-02a603548ff6 resource provider aggregate not found
2026-06-25 23:33:17.284 10 INFO neutron.services.segments.plugin [-] Segment ed306f32-268c-4f52-bc46-02a603548ff6 resource provider not found; error: Placement Client Error (4xx): {"errors": [{"status": 404, "title": "Not Found", "detail": "The resource could not be found.\n\n No resource provider with uuid ed306f32-268c-4f52-bc46-02a603548ff6 found for delete ", "request_id": "req-96f2e5ca-d479-4194-9a1b-e63df0c3d20d"}]}
2026-06-25 23:33:17.284 10 INFO neutron.services.segments.plugin [-] Segment ed306f32-268c-4f52-bc46-02a603548ff6 resource provider not found; error: Placement Client Error (4xx): {"errors": [{"status": 404, "title": "Not Found", "detail": "The resource could not be found.\n\n No resource provider with uuid ed306f32-268c-4f52-bc46-02a603548ff6 found for delete ", "request_id": "req-e80981c7-d3cc-45d4-aa8f-77c024bb41e8"}]}
2026-06-25 23:33:17.347 9 WARNING neutron.scheduler.dhcp_agent_scheduler [None req-2ceac0d6-ee4f-4242-bac6-b45cc4d7edfb 57260d7fc93945f38ccb891c09b8e608 15c69b13d7484bb3b0824b8cff40a40d - - default default] No more DHCP agents
2026-06-25 23:33:17.348 9 WARNING neutron.api.rpc.agentnotifiers.dhcp_rpc_agent_api [None req-2ceac0d6-ee4f-4242-bac6-b45cc4d7edfb 57260d7fc93945f38ccb891c09b8e608 15c69b13d7484bb3b0824b8cff40a40d - - default default] Unable to schedule network a33c46d5-6b0b-42a9-9f2d-d1098cc53161: no agents available; will retry on subsequent port and subnet creation events.
2026-06-25 23:33:17.403 9 INFO neutron.db.ovn_revision_numbers_db [None req-2ceac0d6-ee4f-4242-bac6-b45cc4d7edfb 57260d7fc93945f38ccb891c09b8e608 15c69b13d7484bb3b0824b8cff40a40d - - default default] Successfully bumped revision number for resource 1310c5d0-17f3-4a78-be5c-93c932d78408 (type: ports) to 1
2026-06-25 23:33:17.436 9 WARNING neutron.scheduler.dhcp_agent_scheduler [None req-2ceac0d6-ee4f-4242-bac6-b45cc4d7edfb 57260d7fc93945f38ccb891c09b8e608 15c69b13d7484bb3b0824b8cff40a40d - - default default] No more DHCP agents
2026-06-25 23:33:17.437 9 WARNING neutron.api.rpc.agentnotifiers.dhcp_rpc_agent_api [None req-2ceac0d6-ee4f-4242-bac6-b45cc4d7edfb 57260d7fc93945f38ccb891c09b8e608 15c69b13d7484bb3b0824b8cff40a40d - - default default] Unable to schedule network 641d0f26-3785-4832-853f-67ce07ea642c: no agents available; will retry on subsequent port and subnet creation events.
2026-06-25 23:33:17.492 9 INFO neutron.db.ovn_revision_numbers_db [None req-2ceac0d6-ee4f-4242-bac6-b45cc4d7edfb 57260d7fc93945f38ccb891c09b8e608 15c69b13d7484bb3b0824b8cff40a40d - - default default] Successfully bumped revision number for resource 8d8971c9-c20f-4861-8d33-94d0aff96b60 (type: ports) to 1
2026-06-25 23:33:17.514 9 INFO neutron.api.wsgi [None req-2ceac0d6-ee4f-4242-bac6-b45cc4d7edfb 57260d7fc93945f38ccb891c09b8e608 15c69b13d7484bb3b0824b8cff40a40d - - default default] 10.0.0.182 "POST /v2.0/ports HTTP/1.1" status: 201 len: 1706 time: 0.5764406 /var/lib/openstack/lib/python3.12/site-packages/pycadf/identifier.py:71: UserWarning: Invalid uuid: neutron. To ensure interoperability, identifiers should be a valid uuid. warnings.warn(('Invalid uuid: %s. To ensure interoperability, '
2026-06-25 23:33:17.615 10 INFO neutron.api.wsgi [req-008815ff-7dd4-4754-a427-875380ec2a60 req-deab7683-5822-4a3a-a331-4d7a3f642826 e9146b75d07c467da468e5b35e3bfd22 4296ab5f6e8446c4af42b16a69828ae9 - - default default] 10.0.0.157 "GET /v2.0/ports?device_id=3cc9e8f8-23f8-47ec-93d8-fe15140e001a HTTP/1.1" status: 200 len: 210 time: 0.0187507
2026-06-25 23:33:17.620 9 INFO neutron.api.wsgi [None req-03a4a7c4-07ac-4f54-9e0a-cbbb0331a4f2 57260d7fc93945f38ccb891c09b8e608 15c69b13d7484bb3b0824b8cff40a40d - - default default] 10.0.0.182 "GET /v2.0/ports HTTP/1.1" status: 200 len: 3213 time: 0.1006033
2026-06-25 23:33:17.834 9 INFO neutron.api.wsgi [None req-12cd3857-5ba4-4656-86f9-bc7fe3531351 57260d7fc93945f38ccb891c09b8e608 15c69b13d7484bb3b0824b8cff40a40d - - default default] 10.0.0.182 "DELETE /v2.0/ports/1310c5d0-17f3-4a78-be5c-93c932d78408 HTTP/1.1" status: 204 len: 168 time: 0.2075224
2026-06-25 23:33:18.061 9 INFO neutron.api.wsgi [None req-5c24b0c9-c7bb-4fe8-97cd-9e4695216050 57260d7fc93945f38ccb891c09b8e608 15c69b13d7484bb3b0824b8cff40a40d - - default default] 10.0.0.182 "DELETE /v2.0/ports/8d8971c9-c20f-4861-8d33-94d0aff96b60 HTTP/1.1" status: 204 len: 168 time: 0.2216363
2026-06-25 23:33:18.101 9 INFO neutron.api.wsgi [None req-4fb1015a-9929-48e5-a02a-639f70a829e5 57260d7fc93945f38ccb891c09b8e608 15c69b13d7484bb3b0824b8cff40a40d - - default default] 10.0.0.182 "GET /v2.0/ports HTTP/1.1" status: 200 len: 1718 time: 0.0344522
2026-06-25 23:33:18.111 9 WARNING neutron_lib.context [None req-0e415657-990d-4a86-a658-7d442c6498c3 57260d7fc93945f38ccb891c09b8e608 15c69b13d7484bb3b0824b8cff40a40d - - default default] Method 'is_advsvc' is deprecated since 2023.2 release (neutron-lib 3.8.0) and will be removed once support for the old RBAC API policies will be removed from Neutron. Please use method 'is_service_role' instead.
2026-06-25 23:33:18.191 9 INFO neutron.db.segments_db [None req-0e415657-990d-4a86-a658-7d442c6498c3 57260d7fc93945f38ccb891c09b8e608 15c69b13d7484bb3b0824b8cff40a40d - - default default] Added segment bd0f3705-350a-49bd-906c-58a17cfe1adc of type geneve for network 5836edd7-2578-4234-9a75-8d24e4806f8d
2026-06-25 23:33:18.286 9 INFO neutron.db.ovn_revision_numbers_db [None req-0e415657-990d-4a86-a658-7d442c6498c3 57260d7fc93945f38ccb891c09b8e608 15c69b13d7484bb3b0824b8cff40a40d - - default default] Successfully bumped revision number for resource 5836edd7-2578-4234-9a75-8d24e4806f8d (type: networks) to 1
2026-06-25 23:33:18.420 9 WARNING neutron.scheduler.dhcp_agent_scheduler [None req-0e415657-990d-4a86-a658-7d442c6498c3 57260d7fc93945f38ccb891c09b8e608 15c69b13d7484bb3b0824b8cff40a40d - - default default] No more DHCP agents
2026-06-25 23:33:18.422 9 WARNING neutron.api.rpc.agentnotifiers.dhcp_rpc_agent_api [None req-0e415657-990d-4a86-a658-7d442c6498c3 57260d7fc93945f38ccb891c09b8e608 15c69b13d7484bb3b0824b8cff40a40d - - default default] Unable to schedule network 5836edd7-2578-4234-9a75-8d24e4806f8d: no agents available; will retry on subsequent port and subnet creation events.
2026-06-25 23:33:18.476 9 INFO neutron.db.ovn_revision_numbers_db [None req-0e415657-990d-4a86-a658-7d442c6498c3 57260d7fc93945f38ccb891c09b8e608 15c69b13d7484bb3b0824b8cff40a40d - - default default] Successfully bumped revision number for resource 7ed6a131-182c-41d5-bbee-215b49b21fce (type: ports) to 1
2026-06-25 23:33:18.495 9 INFO neutron.api.wsgi [None req-0e415657-990d-4a86-a658-7d442c6498c3 57260d7fc93945f38ccb891c09b8e608 15c69b13d7484bb3b0824b8cff40a40d - - default default] 10.0.0.182 "POST /v2.0/networks HTTP/1.1" status: 201 len: 853 time: 0.3886645
2026-06-25 23:33:18.508 9 WARNING neutron_lib.context [None req-f1525f5e-5e79-4a01-af64-8d83a5e7cd44 57260d7fc93945f38ccb891c09b8e608 15c69b13d7484bb3b0824b8cff40a40d - - default default] Method 'is_advsvc' is deprecated since 2023.2 release (neutron-lib 3.8.0) and will be removed once support for the old RBAC API policies will be removed from Neutron. Please use method 'is_service_role' instead.
2026-06-25 23:33:18.582 9 INFO neutron.db.segments_db [None req-f1525f5e-5e79-4a01-af64-8d83a5e7cd44 57260d7fc93945f38ccb891c09b8e608 15c69b13d7484bb3b0824b8cff40a40d - - default default] Added segment a86ffb42-1ae7-466b-a9aa-92ee5840383f of type geneve for network 0f3d4190-2735-418b-831e-5a43f24feccf
2026-06-25 23:33:18.682 9 INFO neutron.db.ovn_revision_numbers_db [None req-f1525f5e-5e79-4a01-af64-8d83a5e7cd44 57260d7fc93945f38ccb891c09b8e608 15c69b13d7484bb3b0824b8cff40a40d - - default default] Successfully bumped revision number for resource 0f3d4190-2735-418b-831e-5a43f24feccf (type: networks) to 1
2026-06-25 23:33:18.713 10 INFO neutron.api.wsgi [req-1d32c40f-3628-4002-9fa9-0f69b4238444 req-fa6c8fe2-f2f9-4cbf-95bb-375b11005553 e9146b75d07c467da468e5b35e3bfd22 4296ab5f6e8446c4af42b16a69828ae9 - - default default] 10.0.0.157 "GET /v2.0/ports?device_id=3cc9e8f8-23f8-47ec-93d8-fe15140e001a HTTP/1.1" status: 200 len: 210 time: 0.0205994
2026-06-25 23:33:18.861 9 WARNING neutron.scheduler.dhcp_agent_scheduler [None req-f1525f5e-5e79-4a01-af64-8d83a5e7cd44 57260d7fc93945f38ccb891c09b8e608 15c69b13d7484bb3b0824b8cff40a40d - - default default] No more DHCP agents
2026-06-25 23:33:18.862 9 WARNING neutron.api.rpc.agentnotifiers.dhcp_rpc_agent_api [None req-f1525f5e-5e79-4a01-af64-8d83a5e7cd44 57260d7fc93945f38ccb891c09b8e608 15c69b13d7484bb3b0824b8cff40a40d - - default default] Unable to schedule network 0f3d4190-2735-418b-831e-5a43f24feccf: no agents available; will retry on subsequent port and subnet creation events.
2026-06-25 23:33:18.922 9 INFO neutron.db.ovn_revision_numbers_db [None req-f1525f5e-5e79-4a01-af64-8d83a5e7cd44 57260d7fc93945f38ccb891c09b8e608 15c69b13d7484bb3b0824b8cff40a40d - - default default] Successfully bumped revision number for resource 1f635290-dc73-4868-abba-cc554962d371 (type: ports) to 1
2026-06-25 23:33:18.948 9 INFO neutron.api.wsgi [None req-f1525f5e-5e79-4a01-af64-8d83a5e7cd44 57260d7fc93945f38ccb891c09b8e608 15c69b13d7484bb3b0824b8cff40a40d - - default default] 10.0.0.182 "POST /v2.0/networks HTTP/1.1" status: 201 len: 853 time: 0.4455101
2026-06-25 23:33:19.142 10 INFO neutron.api.wsgi [-] 10.0.0.9 "GET / HTTP/1.1" status: 200 len: 245 time: 0.0025415
2026-06-25 23:33:19.143 9 INFO neutron.api.wsgi [-] 10.0.0.9 "GET / HTTP/1.1" status: 200 len: 245 time: 0.0032828
2026-06-25 23:33:19.569 10 WARNING neutron_lib.context [None req-f4d7b131-41f3-4ac2-b2f7-f776bfa3834e 57260d7fc93945f38ccb891c09b8e608 15c69b13d7484bb3b0824b8cff40a40d - - default default] Method 'is_advsvc' is deprecated since 2023.2 release (neutron-lib 3.8.0) and will be removed once support for the old RBAC API policies will be removed from Neutron. Please use method 'is_service_role' instead.
2026-06-25 23:33:19.593 10 WARNING neutron_lib.context [None req-f4d7b131-41f3-4ac2-b2f7-f776bfa3834e 57260d7fc93945f38ccb891c09b8e608 15c69b13d7484bb3b0824b8cff40a40d - - default default] Method 'is_advsvc' is deprecated since 2023.2 release (neutron-lib 3.8.0) and will be removed once support for the old RBAC API policies will be removed from Neutron. Please use method 'is_service_role' instead.
2026-06-25 23:33:19.948 10 WARNING neutron.scheduler.dhcp_agent_scheduler [None req-f4d7b131-41f3-4ac2-b2f7-f776bfa3834e 57260d7fc93945f38ccb891c09b8e608 15c69b13d7484bb3b0824b8cff40a40d - - default default] No more DHCP agents
2026-06-25 23:33:19.950 10 WARNING neutron.api.rpc.agentnotifiers.dhcp_rpc_agent_api [None req-f4d7b131-41f3-4ac2-b2f7-f776bfa3834e 57260d7fc93945f38ccb891c09b8e608 15c69b13d7484bb3b0824b8cff40a40d - - default default] Unable to schedule network 5836edd7-2578-4234-9a75-8d24e4806f8d: no agents available; will retry on subsequent port and subnet creation events.
2026-06-25 23:33:19.957 10 INFO neutron.api.wsgi [None req-cb99266e-2247-4308-8f83-1d975f952973 e9146b75d07c467da468e5b35e3bfd22 4296ab5f6e8446c4af42b16a69828ae9 - - default default] 10.0.0.182 "DELETE /v2.0/security-groups/49aba128-89ee-4e38-89c2-d7f2b0602fb1 HTTP/1.1" status: 204 len: 168 time: 0.1556873
2026-06-25 23:33:19.973 9 INFO neutron.api.v2.resource [None req-ece53e6c-3031-4626-ac6d-e209036c8a64 e9146b75d07c467da468e5b35e3bfd22 4296ab5f6e8446c4af42b16a69828ae9 - - default default] show failed (client error): The resource could not be found.
2026-06-25 23:33:19.974 9 INFO neutron.api.wsgi [None req-ece53e6c-3031-4626-ac6d-e209036c8a64 e9146b75d07c467da468e5b35e3bfd22 4296ab5f6e8446c4af42b16a69828ae9 - - default default] 10.0.0.182 "GET /v2.0/security-groups/49aba128-89ee-4e38-89c2-d7f2b0602fb1 HTTP/1.1" status: 404 len: 347 time: 0.0112050
2026-06-25 23:33:19.985 10 INFO neutron.db.ovn_revision_numbers_db [None req-f4d7b131-41f3-4ac2-b2f7-f776bfa3834e 57260d7fc93945f38ccb891c09b8e608 15c69b13d7484bb3b0824b8cff40a40d - - default default] Successfully bumped revision number for resource d966d142-29e6-471c-9cc9-844e7183f657 (type: subnets) to 0
2026-06-25 23:33:20.010 10 WARNING neutron.scheduler.dhcp_agent_scheduler [None req-f4d7b131-41f3-4ac2-b2f7-f776bfa3834e 57260d7fc93945f38ccb891c09b8e608 15c69b13d7484bb3b0824b8cff40a40d - - default default] No more DHCP agents
2026-06-25 23:33:20.011 10 WARNING neutron.api.rpc.agentnotifiers.dhcp_rpc_agent_api [None req-f4d7b131-41f3-4ac2-b2f7-f776bfa3834e 57260d7fc93945f38ccb891c09b8e608 15c69b13d7484bb3b0824b8cff40a40d - - default default] Unable to schedule network 0f3d4190-2735-418b-831e-5a43f24feccf: no agents available; will retry on subsequent port and subnet creation events.
2026-06-25 23:33:20.037 10 INFO neutron.db.ovn_revision_numbers_db [None req-f4d7b131-41f3-4ac2-b2f7-f776bfa3834e 57260d7fc93945f38ccb891c09b8e608 15c69b13d7484bb3b0824b8cff40a40d - - default default] Successfully bumped revision number for resource 5e472fa4-0352-4756-b4d1-aa9662779b3a (type: subnets) to 0
2026-06-25 23:33:20.051 10 INFO neutron.api.wsgi [None req-f4d7b131-41f3-4ac2-b2f7-f776bfa3834e 57260d7fc93945f38ccb891c09b8e608 15c69b13d7484bb3b0824b8cff40a40d - - default default] 10.0.0.182 "POST /v2.0/subnets HTTP/1.1" status: 201 len: 1524 time: 0.4892261
2026-06-25 23:33:20.081 10 INFO neutron.api.wsgi [None req-9aac249a-fd53-45e8-98f6-a1e406f9393e 57260d7fc93945f38ccb891c09b8e608 15c69b13d7484bb3b0824b8cff40a40d - - default default] 10.0.0.182 "GET /v2.0/subnets HTTP/1.1" status: 200 len: 2155 time: 0.0244985
2026-06-25 23:33:20.211 10 INFO neutron.api.wsgi [None req-d0a0fc32-c5bc-40b2-ad4e-bb31aaa85c1f 57260d7fc93945f38ccb891c09b8e608 15c69b13d7484bb3b0824b8cff40a40d - - default default] 10.0.0.182 "DELETE /v2.0/subnets/d966d142-29e6-471c-9cc9-844e7183f657 HTTP/1.1" status: 204 len: 168 time: 0.1179256
2026-06-25 23:33:20.237 9 INFO neutron.api.wsgi [None req-853a7b53-5f81-45e6-af4a-95db84e03f44 e9146b75d07c467da468e5b35e3bfd22 4296ab5f6e8446c4af42b16a69828ae9 - - default default] 10.0.0.182 "DELETE /v2.0/floatingips/b27eab04-8573-4416-9844-3068bd69cc0f HTTP/1.1" status: 204 len: 168 time: 0.2593997
2026-06-25 23:33:20.345 9 INFO neutron.api.wsgi [None req-de98f3df-00e5-4bad-9102-ab497d66afc8 57260d7fc93945f38ccb891c09b8e608 15c69b13d7484bb3b0824b8cff40a40d - - default default] 10.0.0.182 "DELETE /v2.0/subnets/5e472fa4-0352-4756-b4d1-aa9662779b3a HTTP/1.1" status: 204 len: 168 time: 0.1280913
2026-06-25 23:33:20.382 9 INFO neutron.api.wsgi [None req-67214f93-c628-41f4-983c-0707be5cf0c1 f1797b6ea7974fcdbaecae241fac9267 9e84fbcc117b42eea8b6a32eca6bd7a7 - - default default] 10.0.0.142 "GET /v2.0/extensions HTTP/1.1" status: 200 len: 19298 time: 0.0925140
2026-06-25 23:33:20.389 9 INFO neutron.api.wsgi [None req-ebadeccb-e63b-4d94-9bbf-40d21df579b2 57260d7fc93945f38ccb891c09b8e608 15c69b13d7484bb3b0824b8cff40a40d - - default default] 10.0.0.182 "GET /v2.0/subnets HTTP/1.1" status: 200 len: 843 time: 0.0373776
2026-06-25 23:33:20.511 9 INFO neutron.api.wsgi [None req-487a1998-00a4-45c3-b134-0282bba77b17 f1797b6ea7974fcdbaecae241fac9267 9e84fbcc117b42eea8b6a32eca6bd7a7 - - default default] 10.0.0.142 "GET /v2.0/quotas/9e84fbcc117b42eea8b6a32eca6bd7a7/details HTTP/1.1" status: 200 len: 1046 time: 0.1102073
2026-06-25 23:33:20.674 9 INFO neutron.services.segments.plugin [-] Segment a86ffb42-1ae7-466b-a9aa-92ee5840383f resource provider aggregate not found
2026-06-25 23:33:20.677 9 INFO neutron.services.segments.plugin [-] Segment a86ffb42-1ae7-466b-a9aa-92ee5840383f resource provider aggregate not found
2026-06-25 23:33:20.689 9 INFO neutron.api.wsgi [None req-1a3100f0-17bc-4053-8f44-f21acddb104d 57260d7fc93945f38ccb891c09b8e608 15c69b13d7484bb3b0824b8cff40a40d - - default default] 10.0.0.182 "DELETE /v2.0/networks/0f3d4190-2735-418b-831e-5a43f24feccf HTTP/1.1" status: 204 len: 168 time: 0.2892952
2026-06-25 23:33:20.690 9 INFO neutron.services.segments.plugin [-] Segment a86ffb42-1ae7-466b-a9aa-92ee5840383f resource provider not found; error: Placement Client Error (4xx): {"errors": [{"status": 404, "title": "Not Found", "detail": "The resource could not be found.\n\n No resource provider with uuid a86ffb42-1ae7-466b-a9aa-92ee5840383f found for delete ", "request_id": "req-c38e3c1a-1dda-46e0-a1d6-cef2cc68498a"}]}
2026-06-25 23:33:20.697 9 INFO neutron.services.segments.plugin [-] Segment a86ffb42-1ae7-466b-a9aa-92ee5840383f resource provider not found; error: Placement Client Error (4xx): {"errors": [{"status": 404, "title": "Not Found", "detail": "The resource could not be found.\n\n No resource provider with uuid a86ffb42-1ae7-466b-a9aa-92ee5840383f found for delete ", "request_id": "req-e48232ec-a127-4d0f-8374-1571b25a7949"}]}
2026-06-25 23:33:21.159 9 INFO neutron.api.wsgi [None req-7fe63933-a618-42dd-9060-232d37629b7f 57260d7fc93945f38ccb891c09b8e608 15c69b13d7484bb3b0824b8cff40a40d - - default default] 10.0.0.182 "DELETE /v2.0/networks/5836edd7-2578-4234-9a75-8d24e4806f8d HTTP/1.1" status: 204 len: 168 time: 0.4654813
2026-06-25 23:33:21.258 10 INFO neutron.api.wsgi [None req-423b6cb4-2fbf-4d0a-8a65-e9ff734d18a4 86dfeae0282646e9aef1766371c5bb04 0094a7de6c3d4471b71d81131d39ae2b - - default default] 10.0.0.182 "PUT /v2.0/routers/be9af663-ac38-4fb2-925c-4392a9b7f0ab/remove_router_interface HTTP/1.1" status: 200 len: 503 time: 1.0157039
2026-06-25 23:33:21.491 9 INFO neutron.api.wsgi [None req-fe95d555-d4f5-40a3-b217-17162c582b51 57260d7fc93945f38ccb891c09b8e608 15c69b13d7484bb3b0824b8cff40a40d - - default default] 10.0.0.182 "DELETE /v2.0/networks/641d0f26-3785-4832-853f-67ce07ea642c HTTP/1.1" status: 204 len: 168 time: 0.3290474
2026-06-25 23:33:21.905 9 INFO neutron.api.wsgi [None req-c0e460bf-e02b-4492-bbf8-115bfded7d0c 57260d7fc93945f38ccb891c09b8e608 15c69b13d7484bb3b0824b8cff40a40d - - default default] 10.0.0.182 "DELETE /v2.0/networks/a33c46d5-6b0b-42a9-9f2d-d1098cc53161 HTTP/1.1" status: 204 len: 168 time: 0.4093189
2026-06-25 23:33:21.999 9 INFO neutron.api.wsgi [None req-0903e992-2926-4e3e-be74-27807bfe04ff 86dfeae0282646e9aef1766371c5bb04 0094a7de6c3d4471b71d81131d39ae2b - - default default] 10.0.0.182 "DELETE /v2.0/routers/be9af663-ac38-4fb2-925c-4392a9b7f0ab HTTP/1.1" status: 204 len: 168 time: 0.7364070
