2026-06-25 23:31:29.275 10 INFO neutron.api.wsgi [None req-9039068e-9447-4198-824a-31975321eed2 86dfeae0282646e9aef1766371c5bb04 0094a7de6c3d4471b71d81131d39ae2b - - default default] 10.0.0.182 "DELETE /v2.0/security-groups/fe4c8382-f157-4747-8218-e25b511b352d HTTP/1.1" status: 204 len: 168 time: 0.2173910
2026-06-25 23:31:29.325 10 INFO neutron.api.wsgi [req-471a4c20-07ac-40e2-8611-d36ffe837211 req-9c1e3beb-5f8f-4a9e-8f80-f4afd104fda8 f77e6878173e43d09c3a21d098c2e100 a49421964ab3464d88a4b856e3bac957 - - default default] 10.0.0.157 "GET /v2.0/security-groups?name=tempest-securitygroup--892843674&fields=id&tenant_id=a49421964ab3464d88a4b856e3bac957 HTTP/1.1" status: 200 len: 267 time: 0.0365193
2026-06-25 23:31:29.343 10 INFO neutron.services.segments.plugin [-] Segment 463aacf0-ce76-4ae7-8f84-e5e414d1b771 resource provider aggregate not found
2026-06-25 23:31:29.359 10 INFO neutron.services.segments.plugin [-] Segment 463aacf0-ce76-4ae7-8f84-e5e414d1b771 resource provider not found; error: Placement Client Error (4xx): {"errors": [{"status": 404, "title": "Not Found", "detail": "The resource could not be found.\n\n No resource provider with uuid 463aacf0-ce76-4ae7-8f84-e5e414d1b771 found for delete ", "request_id": "req-05ede14b-91f8-4ff7-8d44-c5b8a576beeb"}]}
2026-06-25 23:31:29.384 10 INFO neutron.api.wsgi [req-471a4c20-07ac-40e2-8611-d36ffe837211 req-76aebffe-760d-41aa-8b18-148e0afec8e2 f77e6878173e43d09c3a21d098c2e100 a49421964ab3464d88a4b856e3bac957 - - default default] 10.0.0.157 "GET /v2.0/networks?id=dc9af0e9-2a07-4647-aab8-f41f976db7d6 HTTP/1.1" status: 200 len: 878 time: 0.0523655
2026-06-25 23:31:29.403 10 INFO neutron.api.wsgi [req-471a4c20-07ac-40e2-8611-d36ffe837211 req-b12dc077-72f0-417c-92ea-563a6363f83d f77e6878173e43d09c3a21d098c2e100 a49421964ab3464d88a4b856e3bac957 - - default default] 10.0.0.157 "GET /v2.0/quotas/a49421964ab3464d88a4b856e3bac957 HTTP/1.1" status: 200 len: 491 time: 0.0123413
2026-06-25 23:31:29.436 9 INFO neutron.api.wsgi [None req-b7247e25-da2e-4c33-b207-a60b0d49fa06 86dfeae0282646e9aef1766371c5bb04 0094a7de6c3d4471b71d81131d39ae2b - - default default] 10.0.0.182 "GET /v2.0/security-groups?tenant_id=d45ed042a6054b5792c2c8e76aaf7b14&name=default HTTP/1.1" status: 200 len: 3116 time: 0.0443113
2026-06-25 23:31:29.475 10 INFO neutron.api.wsgi [req-471a4c20-07ac-40e2-8611-d36ffe837211 req-50b1502d-02ed-474e-ae83-8a46d6507d75 f77e6878173e43d09c3a21d098c2e100 a49421964ab3464d88a4b856e3bac957 - - default default] 10.0.0.157 "GET /v2.0/ports?tenant_id=a49421964ab3464d88a4b856e3bac957&fields=id HTTP/1.1" status: 200 len: 302 time: 0.0657818
2026-06-25 23:31:29.502 10 INFO neutron.services.segments.plugin [-] Segment 463aacf0-ce76-4ae7-8f84-e5e414d1b771 resource provider aggregate not found
2026-06-25 23:31:29.541 10 INFO neutron.api.wsgi [req-471a4c20-07ac-40e2-8611-d36ffe837211 req-cbbbb097-4943-45da-9cce-2820285cf3b6 2c7701c85ab94603a734325966eae3c2 dab50b7c660a45cf853e75fd56ba3911 - - 270885a2bed64546875c9241f5473fdb 270885a2bed64546875c9241f5473fdb] 10.0.0.157 "GET /v2.0/networks/dc9af0e9-2a07-4647-aab8-f41f976db7d6?fields=segments HTTP/1.1" status: 200 len: 212 time: 0.0536954
2026-06-25 23:31:29.594 10 INFO neutron.api.wsgi [req-471a4c20-07ac-40e2-8611-d36ffe837211 req-970f7668-3ae1-488c-9555-a6d79669936b 2c7701c85ab94603a734325966eae3c2 dab50b7c660a45cf853e75fd56ba3911 - - 270885a2bed64546875c9241f5473fdb 270885a2bed64546875c9241f5473fdb] 10.0.0.157 "GET /v2.0/networks/dc9af0e9-2a07-4647-aab8-f41f976db7d6?fields=provider%3Aphysical_network&fields=provider%3Anetwork_type HTTP/1.1" status: 200 len: 277 time: 0.0484238
2026-06-25 23:31:29.634 9 INFO neutron.services.segments.plugin [-] Segment 29a9d0ba-75b5-4199-b174-d062c8122b24 resource provider aggregate not found
2026-06-25 23:31:29.637 10 INFO neutron.services.segments.plugin [-] Segment 463aacf0-ce76-4ae7-8f84-e5e414d1b771 resource provider not found; error: Placement Client Error (4xx): {"errors": [{"status": 404, "title": "Not Found", "detail": "The resource could not be found.\n\n No resource provider with uuid 463aacf0-ce76-4ae7-8f84-e5e414d1b771 found for delete ", "request_id": "req-6c547521-6f49-4be9-a1d5-5f27251e7cd9"}]}
2026-06-25 23:31:29.645 9 INFO neutron.services.segments.plugin [-] Segment 29a9d0ba-75b5-4199-b174-d062c8122b24 resource provider not found; error: Placement Client Error (4xx): {"errors": [{"status": 404, "title": "Not Found", "detail": "The resource could not be found.\n\n No resource provider with uuid 29a9d0ba-75b5-4199-b174-d062c8122b24 found for delete ", "request_id": "req-e3f252bc-2578-433c-af10-81ba8950555f"}]}
2026-06-25 23:31:29.669 9 INFO neutron.api.wsgi [None req-4458d63c-a5a2-4ec6-8cf7-648ac66afceb 86dfeae0282646e9aef1766371c5bb04 0094a7de6c3d4471b71d81131d39ae2b - - default default] 10.0.0.182 "DELETE /v2.0/security-groups/2357d7f8-3a92-4562-94d3-2161afccffb9 HTTP/1.1" status: 204 len: 168 time: 0.2281253
2026-06-25 23:31:29.670 9 INFO neutron.services.segments.plugin [-] Segment 29a9d0ba-75b5-4199-b174-d062c8122b24 resource provider aggregate not found
2026-06-25 23:31:29.688 9 INFO neutron.services.segments.plugin [-] Segment 29a9d0ba-75b5-4199-b174-d062c8122b24 resource provider not found; error: Placement Client Error (4xx): {"errors": [{"status": 404, "title": "Not Found", "detail": "The resource could not be found.\n\n No resource provider with uuid 29a9d0ba-75b5-4199-b174-d062c8122b24 found for delete ", "request_id": "req-d978f3e9-3e4e-45c1-b0ed-0af005190784"}]}
2026-06-25 23:31:29.882 10 INFO neutron.api.wsgi [req-140bbf1e-daae-40a7-897e-550792515773 req-75c4fe45-fcfe-41e1-8ea5-8024a3479d00 f77e6878173e43d09c3a21d098c2e100 a49421964ab3464d88a4b856e3bac957 - - default default] 10.0.0.157 "GET /v2.0/ports?device_id=9f4e72de-fd0d-4946-a584-93c98946b485 HTTP/1.1" status: 200 len: 210 time: 0.0221364
2026-06-25 23:31:29.971 10 WARNING neutron.plugins.ml2.drivers.ovn.mech_driver.ovsdb.ovn_client [None req-198dad6e-25db-4990-9d63-c6247e5dc31a - - - - - -] No port found with ID c0c7727a-0445-4a42-a7b2-7e233d864e9e: RuntimeError: No port found with ID c0c7727a-0445-4a42-a7b2-7e233d864e9e
2026-06-25 23:31:29.972 10 INFO neutron.plugins.ml2.drivers.ovn.mech_driver.mech_driver [None req-198dad6e-25db-4990-9d63-c6247e5dc31a - - - - - -] OVN reports status up for port: 2ed36c4f-487e-4896-b36b-a247d158d026
2026-06-25 23:31:29.986 10 INFO neutron.api.wsgi [req-a9d8036e-3e06-4de5-b534-181a15485ccb req-52eede69-af8b-460a-9d24-c8e93e801a82 376218fc49374488930cad689bb1b61d 6e118bfb7489427cb351f8169a736a55 - - default default] 10.0.0.157 "GET /v2.0/ports?device_id=e4185c33-e5dc-480b-b0ad-ca4965191ef0 HTTP/1.1" status: 200 len: 210 time: 0.0416484
2026-06-25 23:31:29.987 10 INFO neutron.plugins.ml2.drivers.ovn.mech_driver.mech_driver [None req-198dad6e-25db-4990-9d63-c6247e5dc31a - - - - - -] OVN reports status up for port: 5f8fceee-177c-4113-aed3-17815e83529c
2026-06-25 23:31:29.996 10 INFO neutron.plugins.ml2.plugin [None req-198dad6e-25db-4990-9d63-c6247e5dc31a - - - - - -] Attempt 1 to provision port 5f8fceee-177c-4113-aed3-17815e83529c
2026-06-25 23:31:30.364 10 INFO neutron.db.ovn_revision_numbers_db [None req-198dad6e-25db-4990-9d63-c6247e5dc31a - - - - - -] Successfully bumped revision number for resource 5f8fceee-177c-4113-aed3-17815e83529c (type: ports) to 2
2026-06-25 23:31:30.533 9 INFO neutron.api.wsgi [req-4ca747d4-1efa-4116-bfeb-d78798123f7d req-1249d512-6a6d-4d60-aa52-9ce0dcf8b8a7 376218fc49374488930cad689bb1b61d 6e118bfb7489427cb351f8169a736a55 - - default default] 199.19.213.228 "GET /v2.0/networks?id=423244a7-fcfd-4e6a-8d95-8a016d447430 HTTP/1.1" status: 200 len: 883 time: 0.2249522
2026-06-25 23:31:30.588 9 INFO neutron.api.wsgi [req-4ca747d4-1efa-4116-bfeb-d78798123f7d req-7ceb109f-bce6-4dbe-8041-66e4139c04e5 376218fc49374488930cad689bb1b61d 6e118bfb7489427cb351f8169a736a55 - - default default] 199.19.213.228 "GET /v2.0/security-groups?fields=id&fields=name&tenant_id=6e118bfb7489427cb351f8169a736a55 HTTP/1.1" status: 200 len: 380 time: 0.0379102
2026-06-25 23:31:30.597 9 WARNING neutron_lib.context [req-4ca747d4-1efa-4116-bfeb-d78798123f7d req-a146a6e7-a684-4d0a-abc4-f964f6c7ddbb 376218fc49374488930cad689bb1b61d 6e118bfb7489427cb351f8169a736a55 - - default default] Method 'is_advsvc' is deprecated since 2023.2 release (neutron-lib 3.8.0) and will be removed once support for the old RBAC API policies will be removed from Neutron. Please use method 'is_service_role' instead.
2026-06-25 23:31:30.913 9 WARNING neutron.scheduler.dhcp_agent_scheduler [req-4ca747d4-1efa-4116-bfeb-d78798123f7d req-a146a6e7-a684-4d0a-abc4-f964f6c7ddbb 376218fc49374488930cad689bb1b61d 6e118bfb7489427cb351f8169a736a55 - - default default] No more DHCP agents
2026-06-25 23:31:30.916 9 WARNING neutron.api.rpc.agentnotifiers.dhcp_rpc_agent_api [req-4ca747d4-1efa-4116-bfeb-d78798123f7d req-a146a6e7-a684-4d0a-abc4-f964f6c7ddbb 376218fc49374488930cad689bb1b61d 6e118bfb7489427cb351f8169a736a55 - - default default] Unable to schedule network 423244a7-fcfd-4e6a-8d95-8a016d447430: no agents available; will retry on subsequent port and subnet creation events.
2026-06-25 23:31:30.973 10 INFO neutron.api.wsgi [req-09048731-4ce3-43e0-868e-f3d0534036d4 req-1d0be09a-3a13-4120-aeb6-7d70bb3e74e6 f77e6878173e43d09c3a21d098c2e100 a49421964ab3464d88a4b856e3bac957 - - default default] 10.0.0.157 "GET /v2.0/ports?device_id=9f4e72de-fd0d-4946-a584-93c98946b485 HTTP/1.1" status: 200 len: 210 time: 0.0195696
2026-06-25 23:31:31.040 9 INFO neutron.db.ovn_revision_numbers_db [req-4ca747d4-1efa-4116-bfeb-d78798123f7d req-a146a6e7-a684-4d0a-abc4-f964f6c7ddbb 376218fc49374488930cad689bb1b61d 6e118bfb7489427cb351f8169a736a55 - - default default] Successfully bumped revision number for resource 7c8a0645-d707-44e8-a399-5b0faf9e172f (type: ports) to 1
2026-06-25 23:31:31.067 9 INFO neutron.api.wsgi [req-4ca747d4-1efa-4116-bfeb-d78798123f7d req-a146a6e7-a684-4d0a-abc4-f964f6c7ddbb 376218fc49374488930cad689bb1b61d 6e118bfb7489427cb351f8169a736a55 - - default default] 199.19.213.228 "POST /v2.0/ports HTTP/1.1" status: 201 len: 1162 time: 0.4744158 /var/lib/openstack/lib/python3.12/site-packages/pycadf/identifier.py:71: UserWarning: Invalid uuid: neutron. To ensure interoperability, identifiers should be a valid uuid. warnings.warn(('Invalid uuid: %s. To ensure interoperability, '
2026-06-25 23:31:31.077 9 INFO neutron.api.wsgi [req-4ca747d4-1efa-4116-bfeb-d78798123f7d req-ecadda22-ccc6-4b1c-aaf1-63df200c2187 376218fc49374488930cad689bb1b61d 6e118bfb7489427cb351f8169a736a55 - - default default] 199.19.213.228 "GET /v2.0/extensions HTTP/1.1" status: 200 len: 19298 time: 0.0063674
2026-06-25 23:31:31.120 10 INFO neutron.api.wsgi [req-c7570c70-2121-4c09-95b7-7b0666d21120 req-1ef0fde6-799e-47a5-ada1-f77685dd92d1 376218fc49374488930cad689bb1b61d 6e118bfb7489427cb351f8169a736a55 - - default default] 10.0.0.157 "GET /v2.0/ports?device_id=e4185c33-e5dc-480b-b0ad-ca4965191ef0 HTTP/1.1" status: 200 len: 1160 time: 0.0711002
2026-06-25 23:31:31.162 10 INFO neutron.api.wsgi [req-c7570c70-2121-4c09-95b7-7b0666d21120 req-f5e123b2-0e9b-4719-be99-0d0c82346a16 376218fc49374488930cad689bb1b61d 6e118bfb7489427cb351f8169a736a55 - - default default] 10.0.0.157 "GET /v2.0/security-groups?id=7024191a-b588-404f-8b5f-6d62c93fa6c0&fields=id&fields=name HTTP/1.1" status: 200 len: 313 time: 0.0359204
2026-06-25 23:31:31.663 10 INFO neutron.db.ovn_revision_numbers_db [None req-cb9e0d02-08e6-464c-a793-08f706a1e600 86dfeae0282646e9aef1766371c5bb04 0094a7de6c3d4471b71d81131d39ae2b - - default default] Successfully bumped revision number for resource 0f18652f-fb3a-40fb-bee0-fe799fab5eb2 (type: security_groups) to 1
2026-06-25 23:31:31.680 10 INFO neutron.db.ovn_revision_numbers_db [None req-cb9e0d02-08e6-464c-a793-08f706a1e600 86dfeae0282646e9aef1766371c5bb04 0094a7de6c3d4471b71d81131d39ae2b - - default default] Successfully bumped revision number for resource 08ac0894-dc12-4e58-a755-55d901ccbb69 (type: security_group_rules) to 0
2026-06-25 23:31:31.700 10 INFO neutron.db.ovn_revision_numbers_db [None req-cb9e0d02-08e6-464c-a793-08f706a1e600 86dfeae0282646e9aef1766371c5bb04 0094a7de6c3d4471b71d81131d39ae2b - - default default] Successfully bumped revision number for resource 19595b86-b832-4cbe-874f-6d4916a43661 (type: security_group_rules) to 0
2026-06-25 23:31:31.715 10 INFO neutron.db.ovn_revision_numbers_db [None req-cb9e0d02-08e6-464c-a793-08f706a1e600 86dfeae0282646e9aef1766371c5bb04 0094a7de6c3d4471b71d81131d39ae2b - - default default] Successfully bumped revision number for resource 66346e97-2e24-4d85-86f6-474927d2d953 (type: security_group_rules) to 0
2026-06-25 23:31:31.727 10 INFO neutron.db.ovn_revision_numbers_db [None req-cb9e0d02-08e6-464c-a793-08f706a1e600 86dfeae0282646e9aef1766371c5bb04 0094a7de6c3d4471b71d81131d39ae2b - - default default] Successfully bumped revision number for resource 6995c1fb-b8c0-4af9-9a3c-ef8155e48d7e (type: security_group_rules) to 0
2026-06-25 23:31:31.816 10 INFO neutron.db.segments_db [None req-cb9e0d02-08e6-464c-a793-08f706a1e600 86dfeae0282646e9aef1766371c5bb04 0094a7de6c3d4471b71d81131d39ae2b - - default default] Added segment 661fe890-6729-4bc5-842b-a9ca2380ce45 of type geneve for network d1361fa9-224c-4b90-847b-849b0fca8698
2026-06-25 23:31:31.875 9 INFO neutron.db.ovn_revision_numbers_db [req-4ca747d4-1efa-4116-bfeb-d78798123f7d req-ec19cf77-ed87-4361-b6c8-e135dec2d53b 2c7701c85ab94603a734325966eae3c2 dab50b7c660a45cf853e75fd56ba3911 - - 270885a2bed64546875c9241f5473fdb 270885a2bed64546875c9241f5473fdb] Successfully bumped revision number for resource 7c8a0645-d707-44e8-a399-5b0faf9e172f (type: ports) to 2
2026-06-25 23:31:31.920 10 INFO neutron.db.ovn_revision_numbers_db [None req-cb9e0d02-08e6-464c-a793-08f706a1e600 86dfeae0282646e9aef1766371c5bb04 0094a7de6c3d4471b71d81131d39ae2b - - default default] Successfully bumped revision number for resource d1361fa9-224c-4b90-847b-849b0fca8698 (type: networks) to 1
2026-06-25 23:31:32.054 10 INFO neutron.api.wsgi [req-261cd0c9-fd26-4891-8e00-608b6e494a2e req-ce754b66-0be3-4673-9c96-a044bdb2b6e9 f77e6878173e43d09c3a21d098c2e100 a49421964ab3464d88a4b856e3bac957 - - default default] 10.0.0.157 "GET /v2.0/ports?device_id=9f4e72de-fd0d-4946-a584-93c98946b485 HTTP/1.1" status: 200 len: 210 time: 0.0176690
2026-06-25 23:31:32.065 10 WARNING neutron.scheduler.dhcp_agent_scheduler [None req-cb9e0d02-08e6-464c-a793-08f706a1e600 86dfeae0282646e9aef1766371c5bb04 0094a7de6c3d4471b71d81131d39ae2b - - default default] No more DHCP agents
2026-06-25 23:31:32.066 10 WARNING neutron.api.rpc.agentnotifiers.dhcp_rpc_agent_api [None req-cb9e0d02-08e6-464c-a793-08f706a1e600 86dfeae0282646e9aef1766371c5bb04 0094a7de6c3d4471b71d81131d39ae2b - - default default] Unable to schedule network d1361fa9-224c-4b90-847b-849b0fca8698: no agents available; will retry on subsequent port and subnet creation events.
2026-06-25 23:31:32.075 9 INFO neutron.db.ovn_revision_numbers_db [req-4ca747d4-1efa-4116-bfeb-d78798123f7d req-ec19cf77-ed87-4361-b6c8-e135dec2d53b 2c7701c85ab94603a734325966eae3c2 dab50b7c660a45cf853e75fd56ba3911 - - 270885a2bed64546875c9241f5473fdb 270885a2bed64546875c9241f5473fdb] Successfully bumped revision number for resource 7c8a0645-d707-44e8-a399-5b0faf9e172f (type: ports) to 4
2026-06-25 23:31:32.096 9 INFO neutron.api.wsgi [req-4ca747d4-1efa-4116-bfeb-d78798123f7d req-ec19cf77-ed87-4361-b6c8-e135dec2d53b 2c7701c85ab94603a734325966eae3c2 dab50b7c660a45cf853e75fd56ba3911 - - 270885a2bed64546875c9241f5473fdb 270885a2bed64546875c9241f5473fdb] 199.19.213.228 "PUT /v2.0/ports/7c8a0645-d707-44e8-a399-5b0faf9e172f HTTP/1.1" status: 200 len: 1408 time: 0.6455238
2026-06-25 23:31:32.130 10 INFO neutron.db.ovn_revision_numbers_db [None req-cb9e0d02-08e6-464c-a793-08f706a1e600 86dfeae0282646e9aef1766371c5bb04 0094a7de6c3d4471b71d81131d39ae2b - - default default] Successfully bumped revision number for resource 74b52aa1-e886-42fe-8b17-b1135a2231d7 (type: ports) to 1
2026-06-25 23:31:32.152 10 INFO neutron.api.wsgi [None req-cb9e0d02-08e6-464c-a793-08f706a1e600 86dfeae0282646e9aef1766371c5bb04 0094a7de6c3d4471b71d81131d39ae2b - - default default] 10.0.0.182 "POST /v2.0/networks HTTP/1.1" status: 201 len: 946 time: 0.7500949
2026-06-25 23:31:32.276 10 INFO neutron.api.wsgi [req-127ae7c5-164b-440c-bb31-b267da726e58 req-66edbb84-1a90-4999-83bc-22ad7c69a2e9 376218fc49374488930cad689bb1b61d 6e118bfb7489427cb351f8169a736a55 - - default default] 10.0.0.157 "GET /v2.0/ports?device_id=e4185c33-e5dc-480b-b0ad-ca4965191ef0 HTTP/1.1" status: 200 len: 1172 time: 0.0530329
2026-06-25 23:31:32.326 10 INFO neutron.api.wsgi [req-127ae7c5-164b-440c-bb31-b267da726e58 req-fa42768d-6a91-443d-b5e7-a1b44e9ca948 376218fc49374488930cad689bb1b61d 6e118bfb7489427cb351f8169a736a55 - - default default] 10.0.0.157 "GET /v2.0/security-groups?id=7024191a-b588-404f-8b5f-6d62c93fa6c0&fields=id&fields=name HTTP/1.1" status: 200 len: 313 time: 0.0440834
2026-06-25 23:31:32.368 10 WARNING neutron.scheduler.dhcp_agent_scheduler [None req-3c507db7-216b-4c20-b9c4-2dd772ec80b2 86dfeae0282646e9aef1766371c5bb04 0094a7de6c3d4471b71d81131d39ae2b - - default default] No more DHCP agents
2026-06-25 23:31:32.370 10 WARNING neutron.api.rpc.agentnotifiers.dhcp_rpc_agent_api [None req-3c507db7-216b-4c20-b9c4-2dd772ec80b2 86dfeae0282646e9aef1766371c5bb04 0094a7de6c3d4471b71d81131d39ae2b - - default default] Unable to schedule network d1361fa9-224c-4b90-847b-849b0fca8698: no agents available; will retry on subsequent port and subnet creation events.
2026-06-25 23:31:32.581 9 INFO neutron.notifiers.nova [-] Nova event matching ['req-829eddae-6714-42d7-86f3-99347bb930ad'] response: {'name': 'network-changed', 'server_uuid': 'e4185c33-e5dc-480b-b0ad-ca4965191ef0', 'tag': '7c8a0645-d707-44e8-a399-5b0faf9e172f', 'status': 'completed', 'code': 200}
2026-06-25 23:31:32.821 10 INFO neutron.db.ovn_revision_numbers_db [None req-c44694f3-a8e9-4c56-bcf7-3196192fb85b - - - - - -] Successfully bumped revision number for resource 74b52aa1-e886-42fe-8b17-b1135a2231d7 (type: ports) to 2
2026-06-25 23:31:32.847 10 INFO neutron.db.ovn_revision_numbers_db [None req-c44694f3-a8e9-4c56-bcf7-3196192fb85b - - - - - -] Successfully bumped revision number for resource e602ab0f-87a1-4aaa-8818-5ef7f397991a (type: subnets) to 0
2026-06-25 23:31:32.862 10 INFO neutron.api.wsgi [None req-3c507db7-216b-4c20-b9c4-2dd772ec80b2 86dfeae0282646e9aef1766371c5bb04 0094a7de6c3d4471b71d81131d39ae2b - - default default] 10.0.0.182 "POST /v2.0/subnets HTTP/1.1" status: 201 len: 890 time: 0.7047668 /var/lib/openstack/lib/python3.12/site-packages/pycadf/identifier.py:71: UserWarning: Invalid uuid: neutron. To ensure interoperability, identifiers should be a valid uuid. warnings.warn(('Invalid uuid: %s. To ensure interoperability, '
2026-06-25 23:31:33.141 10 INFO neutron.api.wsgi [req-71d15bbb-8875-4182-9b34-92a7a75079a6 req-28965f18-c850-470a-900a-389e83095329 f77e6878173e43d09c3a21d098c2e100 a49421964ab3464d88a4b856e3bac957 - - default default] 10.0.0.157 "GET /v2.0/ports?device_id=9f4e72de-fd0d-4946-a584-93c98946b485 HTTP/1.1" status: 200 len: 210 time: 0.0267241
2026-06-25 23:31:33.159 9 INFO neutron.api.wsgi [req-36942b6e-fccd-494a-916f-27e617ff2d35 req-ede44ad1-b53d-404e-a647-80b60eb56e05 2c7701c85ab94603a734325966eae3c2 dab50b7c660a45cf853e75fd56ba3911 - - 270885a2bed64546875c9241f5473fdb 270885a2bed64546875c9241f5473fdb] 199.19.213.228 "GET /v2.0/ports?tenant_id=6e118bfb7489427cb351f8169a736a55&device_id=e4185c33-e5dc-480b-b0ad-ca4965191ef0 HTTP/1.1" status: 200 len: 1411 time: 0.0537498
2026-06-25 23:31:33.213 9 INFO neutron.api.wsgi [req-36942b6e-fccd-494a-916f-27e617ff2d35 req-4c44e976-b8c1-4457-b777-88d54650eb0b 2c7701c85ab94603a734325966eae3c2 dab50b7c660a45cf853e75fd56ba3911 - - 270885a2bed64546875c9241f5473fdb 270885a2bed64546875c9241f5473fdb] 199.19.213.228 "GET /v2.0/networks?tenant_id=6e118bfb7489427cb351f8169a736a55&shared=False HTTP/1.1" status: 200 len: 982 time: 0.0503447
2026-06-25 23:31:33.268 9 INFO neutron.api.wsgi [req-36942b6e-fccd-494a-916f-27e617ff2d35 req-376f1c1e-ec18-49ff-ad63-fb477a7aa9fd 2c7701c85ab94603a734325966eae3c2 dab50b7c660a45cf853e75fd56ba3911 - - 270885a2bed64546875c9241f5473fdb 270885a2bed64546875c9241f5473fdb] 199.19.213.228 "GET /v2.0/networks?shared=True HTTP/1.1" status: 200 len: 952 time: 0.0504000
2026-06-25 23:31:33.567 10 INFO neutron.api.wsgi [req-1147ddc4-cd2d-4c2a-bf96-f208cf35c7dd req-b4e441b3-67c3-4350-8893-3d208817d351 376218fc49374488930cad689bb1b61d 6e118bfb7489427cb351f8169a736a55 - - default default] 10.0.0.157 "GET /v2.0/ports?device_id=e4185c33-e5dc-480b-b0ad-ca4965191ef0 HTTP/1.1" status: 200 len: 1172 time: 0.0355890
2026-06-25 23:31:33.570 10 WARNING neutron.scheduler.dhcp_agent_scheduler [None req-4c54b0ef-2242-49d8-b40a-ad34c5b63ba5 86dfeae0282646e9aef1766371c5bb04 0094a7de6c3d4471b71d81131d39ae2b - - default default] No more DHCP agents
2026-06-25 23:31:33.571 10 WARNING neutron.api.rpc.agentnotifiers.dhcp_rpc_agent_api [None req-4c54b0ef-2242-49d8-b40a-ad34c5b63ba5 86dfeae0282646e9aef1766371c5bb04 0094a7de6c3d4471b71d81131d39ae2b - - default default] Unable to schedule network 7aedf66c-0727-4621-af53-4780d276fef0: no agents available; will retry on subsequent port and subnet creation events.
2026-06-25 23:31:33.616 10 INFO neutron.api.wsgi [req-1147ddc4-cd2d-4c2a-bf96-f208cf35c7dd req-0a15e20b-b80f-4459-a47a-cd892d6fdf0e 376218fc49374488930cad689bb1b61d 6e118bfb7489427cb351f8169a736a55 - - default default] 10.0.0.157 "GET /v2.0/security-groups?id=7024191a-b588-404f-8b5f-6d62c93fa6c0&fields=id&fields=name HTTP/1.1" status: 200 len: 313 time: 0.0431767
2026-06-25 23:31:33.689 10 INFO neutron.db.ovn_revision_numbers_db [None req-4c54b0ef-2242-49d8-b40a-ad34c5b63ba5 86dfeae0282646e9aef1766371c5bb04 0094a7de6c3d4471b71d81131d39ae2b - - default default] Successfully bumped revision number for resource 064f6f13-6462-4596-8144-8f430d2c26f1 (type: ports) to 1
2026-06-25 23:31:33.771 9 INFO neutron.db.ovn_revision_numbers_db [None req-ab8f91b7-46f2-41f8-8268-8558f37ed870 86dfeae0282646e9aef1766371c5bb04 0094a7de6c3d4471b71d81131d39ae2b - - default default] Successfully bumped revision number for resource c0f3e027-b488-448a-bd8f-e1368682c187 (type: security_groups) to 1
2026-06-25 23:31:33.801 9 INFO neutron.db.ovn_revision_numbers_db [None req-ab8f91b7-46f2-41f8-8268-8558f37ed870 86dfeae0282646e9aef1766371c5bb04 0094a7de6c3d4471b71d81131d39ae2b - - default default] Successfully bumped revision number for resource 0eeabbf1-7d72-4f74-935f-47cb66d7355f (type: security_group_rules) to 0
2026-06-25 23:31:33.814 9 INFO neutron.db.ovn_revision_numbers_db [None req-ab8f91b7-46f2-41f8-8268-8558f37ed870 86dfeae0282646e9aef1766371c5bb04 0094a7de6c3d4471b71d81131d39ae2b - - default default] Successfully bumped revision number for resource 1ef5b0b7-982b-4bb3-8ff7-7a5716f8461a (type: security_group_rules) to 0
2026-06-25 23:31:33.825 9 INFO neutron.db.ovn_revision_numbers_db [None req-ab8f91b7-46f2-41f8-8268-8558f37ed870 86dfeae0282646e9aef1766371c5bb04 0094a7de6c3d4471b71d81131d39ae2b - - default default] Successfully bumped revision number for resource 361f9bf1-ae5e-4b5e-8244-348574e5095b (type: security_group_rules) to 0
2026-06-25 23:31:33.836 9 INFO neutron.db.ovn_revision_numbers_db [None req-ab8f91b7-46f2-41f8-8268-8558f37ed870 86dfeae0282646e9aef1766371c5bb04 0094a7de6c3d4471b71d81131d39ae2b - - default default] Successfully bumped revision number for resource 76f5a243-964f-47c1-9eeb-7474ea8de96b (type: security_group_rules) to 0
2026-06-25 23:31:33.874 9 INFO neutron.api.wsgi [None req-ab8f91b7-46f2-41f8-8268-8558f37ed870 86dfeae0282646e9aef1766371c5bb04 0094a7de6c3d4471b71d81131d39ae2b - - default default] 10.0.0.182 "GET /v2.0/security-groups?tenant_id=123b7b44e35a425d9c5cae6586d68b79&name=default HTTP/1.1" status: 200 len: 3120 time: 0.3548024
2026-06-25 23:31:34.026 9 INFO neutron.api.wsgi [None req-600dedff-7696-43e6-ae56-cd5c9b6bdaeb 86dfeae0282646e9aef1766371c5bb04 0094a7de6c3d4471b71d81131d39ae2b - - default default] 10.0.0.182 "DELETE /v2.0/security-groups/c0f3e027-b488-448a-bd8f-e1368682c187 HTTP/1.1" status: 204 len: 168 time: 0.1476593
2026-06-25 23:31:34.141 9 INFO neutron.api.wsgi [-] 10.0.0.9 "GET / HTTP/1.1" status: 200 len: 245 time: 0.0015585
2026-06-25 23:31:34.143 9 INFO neutron.api.wsgi [-] 10.0.0.9 "GET / HTTP/1.1" status: 200 len: 245 time: 0.0012455
2026-06-25 23:31:34.220 10 INFO neutron.api.wsgi [req-45701212-5bd9-4066-8bf0-fdabc36be0ce req-91e39a3a-eedd-4acd-b154-4c4b3fede708 f77e6878173e43d09c3a21d098c2e100 a49421964ab3464d88a4b856e3bac957 - - default default] 10.0.0.157 "GET /v2.0/ports?device_id=9f4e72de-fd0d-4946-a584-93c98946b485 HTTP/1.1" status: 200 len: 210 time: 0.0202515
2026-06-25 23:31:34.223 9 INFO neutron.db.ovn_revision_numbers_db [None req-c28f306a-f677-4b4b-9b49-4b9d62ee3aff 86dfeae0282646e9aef1766371c5bb04 0094a7de6c3d4471b71d81131d39ae2b - - default default] Successfully bumped revision number for resource 300dca1d-ecd4-4866-9322-444dc0df38e2 (type: security_groups) to 1
2026-06-25 23:31:34.238 9 INFO neutron.db.ovn_revision_numbers_db [None req-c28f306a-f677-4b4b-9b49-4b9d62ee3aff 86dfeae0282646e9aef1766371c5bb04 0094a7de6c3d4471b71d81131d39ae2b - - default default] Successfully bumped revision number for resource 0d717b07-6425-41bf-8bc1-0d22ae433b81 (type: security_group_rules) to 0
2026-06-25 23:31:34.251 9 INFO neutron.db.ovn_revision_numbers_db [None req-c28f306a-f677-4b4b-9b49-4b9d62ee3aff 86dfeae0282646e9aef1766371c5bb04 0094a7de6c3d4471b71d81131d39ae2b - - default default] Successfully bumped revision number for resource 7755b5e6-163b-42e2-b983-16f8b4c66666 (type: security_group_rules) to 0
2026-06-25 23:31:34.263 9 INFO neutron.db.ovn_revision_numbers_db [None req-c28f306a-f677-4b4b-9b49-4b9d62ee3aff 86dfeae0282646e9aef1766371c5bb04 0094a7de6c3d4471b71d81131d39ae2b - - default default] Successfully bumped revision number for resource 9830c82c-ec4e-475a-a458-a46a9734da48 (type: security_group_rules) to 0
2026-06-25 23:31:34.274 9 INFO neutron.db.ovn_revision_numbers_db [None req-c28f306a-f677-4b4b-9b49-4b9d62ee3aff 86dfeae0282646e9aef1766371c5bb04 0094a7de6c3d4471b71d81131d39ae2b - - default default] Successfully bumped revision number for resource d1946396-f1aa-44f0-9659-863b853a6ccd (type: security_group_rules) to 0
2026-06-25 23:31:34.305 10 INFO neutron.plugins.ml2.drivers.ovn.mech_driver.ovsdb.commands [None req-3d702c47-7bb6-4f8c-bc74-6a722a012ca3 - - - - - -] Schedule LRP lrp-064f6f13-6462-4596-8144-8f430d2c26f1 on gateway 7b1806a7-773a-48c1-83c9-12ccd4aecf91 with priority 1
2026-06-25 23:31:34.327 9 INFO neutron.api.wsgi [req-4ca747d4-1efa-4116-bfeb-d78798123f7d req-12a2663b-de95-4f0e-8a7a-783fade30df8 2c7701c85ab94603a734325966eae3c2 dab50b7c660a45cf853e75fd56ba3911 - - 270885a2bed64546875c9241f5473fdb 270885a2bed64546875c9241f5473fdb] 199.19.213.228 "GET /v2.0/ports?tenant_id=6e118bfb7489427cb351f8169a736a55&device_id=e4185c33-e5dc-480b-b0ad-ca4965191ef0 HTTP/1.1" status: 200 len: 1411 time: 0.0435174
2026-06-25 23:31:34.330 9 INFO neutron.api.wsgi [None req-c28f306a-f677-4b4b-9b49-4b9d62ee3aff 86dfeae0282646e9aef1766371c5bb04 0094a7de6c3d4471b71d81131d39ae2b - - default default] 10.0.0.182 "GET /v2.0/security-groups?tenant_id=f8957e7908244f349a08bf357b44ab00&name=default HTTP/1.1" status: 200 len: 3120 time: 0.2146518
2026-06-25 23:31:34.333 9 INFO neutron.plugins.ml2.drivers.ovn.mech_driver.ovsdb.ovsdb_monitor [None req-caeee469-e08e-4f6b-b6fa-77780e065456 - - - - - -] Router 220e72e1-b9ab-4681-8473-9e3849299a8a is bound to host instance
2026-06-25 23:31:34.352 10 INFO neutron.db.ovn_revision_numbers_db [None req-4c54b0ef-2242-49d8-b40a-ad34c5b63ba5 86dfeae0282646e9aef1766371c5bb04 0094a7de6c3d4471b71d81131d39ae2b - - default default] Successfully bumped revision number for resource 064f6f13-6462-4596-8144-8f430d2c26f1 (type: router_ports) to 1
2026-06-25 23:31:34.361 9 INFO neutron.api.wsgi [req-4ca747d4-1efa-4116-bfeb-d78798123f7d req-b9af1dcb-714a-417c-8376-a7479c121a27 2c7701c85ab94603a734325966eae3c2 dab50b7c660a45cf853e75fd56ba3911 - - 270885a2bed64546875c9241f5473fdb 270885a2bed64546875c9241f5473fdb] 199.19.213.228 "GET /v2.0/floatingips?fixed_ip_address=10.100.0.10&port_id=7c8a0645-d707-44e8-a399-5b0faf9e172f HTTP/1.1" status: 200 len: 217 time: 0.0283458
2026-06-25 23:31:34.396 9 INFO neutron.api.wsgi [req-4ca747d4-1efa-4116-bfeb-d78798123f7d req-ef6fce7f-317b-456e-a0b3-58ffbd89a72a 2c7701c85ab94603a734325966eae3c2 dab50b7c660a45cf853e75fd56ba3911 - - 270885a2bed64546875c9241f5473fdb 270885a2bed64546875c9241f5473fdb] 199.19.213.228 "GET /v2.0/subnets?id=7579d7dc-d2ea-487b-9cc0-a8a37745a4f5 HTTP/1.1" status: 200 len: 901 time: 0.0297122
2026-06-25 23:31:34.429 9 INFO neutron.api.wsgi [req-4ca747d4-1efa-4116-bfeb-d78798123f7d req-9422916f-1844-4da4-88cb-6945abecadd5 2c7701c85ab94603a734325966eae3c2 dab50b7c660a45cf853e75fd56ba3911 - - 270885a2bed64546875c9241f5473fdb 270885a2bed64546875c9241f5473fdb] 199.19.213.228 "GET /v2.0/ports?network_id=423244a7-fcfd-4e6a-8d95-8a016d447430&device_owner=network%3Adhcp HTTP/1.1" status: 200 len: 210 time: 0.0254951
2026-06-25 23:31:34.430 10 INFO neutron.api.wsgi [req-471a4c20-07ac-40e2-8611-d36ffe837211 req-28e8c486-2982-442f-9596-ced9248057a8 f77e6878173e43d09c3a21d098c2e100 a49421964ab3464d88a4b856e3bac957 - - default default] 199.19.213.228 "GET /v2.0/networks?id=dc9af0e9-2a07-4647-aab8-f41f976db7d6 HTTP/1.1" status: 200 len: 878 time: 0.0938928
2026-06-25 23:31:34.459 10 INFO neutron.db.ovn_revision_numbers_db [None req-4c54b0ef-2242-49d8-b40a-ad34c5b63ba5 86dfeae0282646e9aef1766371c5bb04 0094a7de6c3d4471b71d81131d39ae2b - - default default] Successfully bumped revision number for resource 220e72e1-b9ab-4681-8473-9e3849299a8a (type: routers) to 2
2026-06-25 23:31:34.478 10 INFO neutron.api.wsgi [None req-4c54b0ef-2242-49d8-b40a-ad34c5b63ba5 86dfeae0282646e9aef1766371c5bb04 0094a7de6c3d4471b71d81131d39ae2b - - default default] 10.0.0.182 "POST /v2.0/routers HTTP/1.1" status: 201 len: 1168 time: 1.6075399
2026-06-25 23:31:34.481 9 INFO neutron.api.wsgi [req-4ca747d4-1efa-4116-bfeb-d78798123f7d req-1ae39992-48a1-43dc-bc97-26bb54c2ad9b 2c7701c85ab94603a734325966eae3c2 dab50b7c660a45cf853e75fd56ba3911 - - 270885a2bed64546875c9241f5473fdb 270885a2bed64546875c9241f5473fdb] 199.19.213.228 "GET /v2.0/networks/423244a7-fcfd-4e6a-8d95-8a016d447430?fields=segments HTTP/1.1" status: 200 len: 212 time: 0.0404897
2026-06-25 23:31:34.490 10 INFO neutron.api.wsgi [req-471a4c20-07ac-40e2-8611-d36ffe837211 req-b63e2045-664a-4b7f-8fbc-14622fe73764 f77e6878173e43d09c3a21d098c2e100 a49421964ab3464d88a4b856e3bac957 - - default default] 199.19.213.228 "GET /v2.0/security-groups?fields=id&fields=name&tenant_id=a49421964ab3464d88a4b856e3bac957 HTTP/1.1" status: 200 len: 379 time: 0.0492046
2026-06-25 23:31:34.499 10 WARNING neutron_lib.context [req-471a4c20-07ac-40e2-8611-d36ffe837211 req-b00902e8-ff5a-4791-b498-75677fe15982 f77e6878173e43d09c3a21d098c2e100 a49421964ab3464d88a4b856e3bac957 - - default default] Method 'is_advsvc' is deprecated since 2023.2 release (neutron-lib 3.8.0) and will be removed once support for the old RBAC API policies will be removed from Neutron. Please use method 'is_service_role' instead.
2026-06-25 23:31:34.549 9 INFO neutron.api.wsgi [req-4ca747d4-1efa-4116-bfeb-d78798123f7d req-f207857f-fb94-457c-8e21-f37ce8b22f77 2c7701c85ab94603a734325966eae3c2 dab50b7c660a45cf853e75fd56ba3911 - - 270885a2bed64546875c9241f5473fdb 270885a2bed64546875c9241f5473fdb] 199.19.213.228 "GET /v2.0/networks/423244a7-fcfd-4e6a-8d95-8a016d447430?fields=provider%3Aphysical_network&fields=provider%3Anetwork_type HTTP/1.1" status: 200 len: 277 time: 0.0618303
2026-06-25 23:31:34.658 10 INFO neutron.api.wsgi [None req-ba15c6d3-96c1-443f-b01a-910ebd93777f 86dfeae0282646e9aef1766371c5bb04 0094a7de6c3d4471b71d81131d39ae2b - - default default] 10.0.0.182 "DELETE /v2.0/security-groups/300dca1d-ecd4-4866-9322-444dc0df38e2 HTTP/1.1" status: 204 len: 168 time: 0.3232598
2026-06-25 23:31:34.738 10 INFO neutron.api.wsgi [req-7e77501f-d9d1-4ec1-8f64-a2134ebdcfe4 req-37c399e9-ab88-4ab8-bbd2-d81aebc4fe0b 376218fc49374488930cad689bb1b61d 6e118bfb7489427cb351f8169a736a55 - - default default] 10.0.0.157 "GET /v2.0/ports?device_id=e4185c33-e5dc-480b-b0ad-ca4965191ef0 HTTP/1.1" status: 200 len: 1172 time: 0.0539744
2026-06-25 23:31:34.819 10 INFO neutron.api.wsgi [req-7e77501f-d9d1-4ec1-8f64-a2134ebdcfe4 req-75de9eae-6191-42b2-ad15-0c7d5da3cd32 376218fc49374488930cad689bb1b61d 6e118bfb7489427cb351f8169a736a55 - - default default] 10.0.0.157 "GET /v2.0/security-groups?id=7024191a-b588-404f-8b5f-6d62c93fa6c0&fields=id&fields=name HTTP/1.1" status: 200 len: 313 time: 0.0775213
2026-06-25 23:31:34.889 9 INFO neutron.db.ovn_revision_numbers_db [None req-9c6744f5-bca3-416a-ab72-93d5215cc725 - - - - - -] Successfully bumped revision number for resource 064f6f13-6462-4596-8144-8f430d2c26f1 (type: ports) to 1
2026-06-25 23:31:34.892 10 WARNING neutron.scheduler.dhcp_agent_scheduler [req-471a4c20-07ac-40e2-8611-d36ffe837211 req-b00902e8-ff5a-4791-b498-75677fe15982 f77e6878173e43d09c3a21d098c2e100 a49421964ab3464d88a4b856e3bac957 - - default default] No more DHCP agents
2026-06-25 23:31:34.893 10 WARNING neutron.api.rpc.agentnotifiers.dhcp_rpc_agent_api [req-471a4c20-07ac-40e2-8611-d36ffe837211 req-b00902e8-ff5a-4791-b498-75677fe15982 f77e6878173e43d09c3a21d098c2e100 a49421964ab3464d88a4b856e3bac957 - - default default] Unable to schedule network dc9af0e9-2a07-4647-aab8-f41f976db7d6: no agents available; will retry on subsequent port and subnet creation events.
2026-06-25 23:31:35.011 10 INFO neutron.db.ovn_revision_numbers_db [req-471a4c20-07ac-40e2-8611-d36ffe837211 req-b00902e8-ff5a-4791-b498-75677fe15982 f77e6878173e43d09c3a21d098c2e100 a49421964ab3464d88a4b856e3bac957 - - default default] Successfully bumped revision number for resource 8ab9e0a7-d195-4500-a48e-aa1ae13715b7 (type: ports) to 1
2026-06-25 23:31:35.031 10 INFO neutron.api.wsgi [req-471a4c20-07ac-40e2-8611-d36ffe837211 req-b00902e8-ff5a-4791-b498-75677fe15982 f77e6878173e43d09c3a21d098c2e100 a49421964ab3464d88a4b856e3bac957 - - default default] 199.19.213.228 "POST /v2.0/ports HTTP/1.1" status: 201 len: 1158 time: 0.5379677 /var/lib/openstack/lib/python3.12/site-packages/pycadf/identifier.py:71: UserWarning: Invalid uuid: neutron. To ensure interoperability, identifiers should be a valid uuid. warnings.warn(('Invalid uuid: %s. To ensure interoperability, '
2026-06-25 23:31:35.193 9 WARNING neutron.scheduler.dhcp_agent_scheduler [None req-bed8cd75-7bbb-494d-89f7-45464c7751ba 86dfeae0282646e9aef1766371c5bb04 0094a7de6c3d4471b71d81131d39ae2b - - default default] No more DHCP agents
2026-06-25 23:31:35.196 9 WARNING neutron.api.rpc.agentnotifiers.dhcp_rpc_agent_api [None req-bed8cd75-7bbb-494d-89f7-45464c7751ba 86dfeae0282646e9aef1766371c5bb04 0094a7de6c3d4471b71d81131d39ae2b - - default default] Unable to schedule network d1361fa9-224c-4b90-847b-849b0fca8698: no agents available; will retry on subsequent port and subnet creation events.
2026-06-25 23:31:35.351 9 INFO neutron.db.ovn_revision_numbers_db [None req-bed8cd75-7bbb-494d-89f7-45464c7751ba 86dfeae0282646e9aef1766371c5bb04 0094a7de6c3d4471b71d81131d39ae2b - - default default] Successfully bumped revision number for resource 69248683-d7fd-4bb5-86d6-095d8f5adfbe (type: ports) to 1
2026-06-25 23:31:35.384 10 INFO neutron.api.wsgi [req-5f6c6e8a-8b7f-43a1-b057-c74193c1ee7f req-d747f708-e161-4592-8273-1cbfab353639 f77e6878173e43d09c3a21d098c2e100 a49421964ab3464d88a4b856e3bac957 - - default default] 10.0.0.157 "GET /v2.0/ports?device_id=9f4e72de-fd0d-4946-a584-93c98946b485 HTTP/1.1" status: 200 len: 1168 time: 0.0976367
2026-06-25 23:31:35.393 9 INFO neutron.db.ovn_revision_numbers_db [None req-9c6744f5-bca3-416a-ab72-93d5215cc725 - - - - - -] Successfully bumped revision number for resource 064f6f13-6462-4596-8144-8f430d2c26f1 (type: ports) to 4 /var/lib/openstack/lib/python3.12/site-packages/pycadf/identifier.py:71: UserWarning: Invalid uuid: neutron. To ensure interoperability, identifiers should be a valid uuid. warnings.warn(('Invalid uuid: %s. To ensure interoperability, '
2026-06-25 23:31:35.424 10 INFO neutron.api.wsgi [req-5f6c6e8a-8b7f-43a1-b057-c74193c1ee7f req-31777cf1-4cf9-41c0-ac4b-01f1499d503b f77e6878173e43d09c3a21d098c2e100 a49421964ab3464d88a4b856e3bac957 - - default default] 10.0.0.157 "GET /v2.0/security-groups?id=b6ba5239-6554-49c8-b790-b4a8d71845b2&fields=id&fields=name HTTP/1.1" status: 200 len: 312 time: 0.0337367
2026-06-25 23:31:35.488 10 INFO neutron.db.ovn_revision_numbers_db [req-471a4c20-07ac-40e2-8611-d36ffe837211 req-706ff437-6a34-4e48-ae94-895f08999af3 2c7701c85ab94603a734325966eae3c2 dab50b7c660a45cf853e75fd56ba3911 - - 270885a2bed64546875c9241f5473fdb 270885a2bed64546875c9241f5473fdb] Successfully bumped revision number for resource 8ab9e0a7-d195-4500-a48e-aa1ae13715b7 (type: ports) to 2
2026-06-25 23:31:35.725 9 INFO neutron.db.ovn_revision_numbers_db [None req-9c6744f5-bca3-416a-ab72-93d5215cc725 - - - - - -] Successfully bumped revision number for resource 064f6f13-6462-4596-8144-8f430d2c26f1 (type: ports) to 5
2026-06-25 23:31:35.726 10 INFO neutron.db.ovn_revision_numbers_db [req-471a4c20-07ac-40e2-8611-d36ffe837211 req-706ff437-6a34-4e48-ae94-895f08999af3 2c7701c85ab94603a734325966eae3c2 dab50b7c660a45cf853e75fd56ba3911 - - 270885a2bed64546875c9241f5473fdb 270885a2bed64546875c9241f5473fdb] Successfully bumped revision number for resource 8ab9e0a7-d195-4500-a48e-aa1ae13715b7 (type: ports) to 4
2026-06-25 23:31:35.745 10 INFO neutron.api.wsgi [req-471a4c20-07ac-40e2-8611-d36ffe837211 req-706ff437-6a34-4e48-ae94-895f08999af3 2c7701c85ab94603a734325966eae3c2 dab50b7c660a45cf853e75fd56ba3911 - - 270885a2bed64546875c9241f5473fdb 270885a2bed64546875c9241f5473fdb] 199.19.213.228 "PUT /v2.0/ports/8ab9e0a7-d195-4500-a48e-aa1ae13715b7 HTTP/1.1" status: 200 len: 1404 time: 0.7067363 /var/lib/openstack/lib/python3.12/site-packages/pycadf/identifier.py:71: UserWarning: Invalid uuid: neutron. To ensure interoperability, identifiers should be a valid uuid. warnings.warn(('Invalid uuid: %s. To ensure interoperability, '
2026-06-25 23:31:35.927 10 INFO neutron.api.wsgi [req-c50864f8-0cb9-45f3-9552-2e8e282edd9c req-c2118e6f-a4b8-4771-a4ec-4bd2415598af 376218fc49374488930cad689bb1b61d 6e118bfb7489427cb351f8169a736a55 - - default default] 10.0.0.157 "GET /v2.0/ports?device_id=e4185c33-e5dc-480b-b0ad-ca4965191ef0 HTTP/1.1" status: 200 len: 1172 time: 0.0385797
2026-06-25 23:31:35.956 9 INFO neutron.db.ovn_revision_numbers_db [None req-bed8cd75-7bbb-494d-89f7-45464c7751ba 86dfeae0282646e9aef1766371c5bb04 0094a7de6c3d4471b71d81131d39ae2b - - default default] Successfully bumped revision number for resource 69248683-d7fd-4bb5-86d6-095d8f5adfbe (type: ports) to 1
2026-06-25 23:31:35.965 10 INFO neutron.api.wsgi [req-c50864f8-0cb9-45f3-9552-2e8e282edd9c req-a28db691-277f-414d-9987-38239541f12e 376218fc49374488930cad689bb1b61d 6e118bfb7489427cb351f8169a736a55 - - default default] 10.0.0.157 "GET /v2.0/security-groups?id=7024191a-b588-404f-8b5f-6d62c93fa6c0&fields=id&fields=name HTTP/1.1" status: 200 len: 313 time: 0.0324173
2026-06-25 23:31:36.002 9 WARNING neutron.scheduler.dhcp_agent_scheduler [None req-bed8cd75-7bbb-494d-89f7-45464c7751ba 86dfeae0282646e9aef1766371c5bb04 0094a7de6c3d4471b71d81131d39ae2b - - default default] No more DHCP agents
2026-06-25 23:31:36.003 9 WARNING neutron.api.rpc.agentnotifiers.dhcp_rpc_agent_api [None req-bed8cd75-7bbb-494d-89f7-45464c7751ba 86dfeae0282646e9aef1766371c5bb04 0094a7de6c3d4471b71d81131d39ae2b - - default default] Unable to schedule network d1361fa9-224c-4b90-847b-849b0fca8698: no agents available; will retry on subsequent port and subnet creation events.
2026-06-25 23:31:36.308 10 INFO neutron.notifiers.nova [-] Nova event matching ['req-64819382-2ba6-42d6-8806-cb797c8a9e3c'] response: {'name': 'network-changed', 'server_uuid': '9f4e72de-fd0d-4946-a584-93c98946b485', 'tag': '8ab9e0a7-d195-4500-a48e-aa1ae13715b7', 'status': 'completed', 'code': 200}
2026-06-25 23:31:36.365 10 WARNING neutron.plugins.ml2.drivers.ovn.mech_driver.ovsdb.ovn_client [None req-9c54dee6-7e9f-4117-9c29-7e6cf1056e25 - - - - - -] No hosting information found for port 5f8fceee-177c-4113-aed3-17815e83529c: RuntimeError: No hosting information found for port 5f8fceee-177c-4113-aed3-17815e83529c
2026-06-25 23:31:36.365 10 INFO neutron.plugins.ml2.drivers.ovn.mech_driver.mech_driver [None req-9c54dee6-7e9f-4117-9c29-7e6cf1056e25 - - - - - -] OVN reports status up for port: 3c64d452-b1d9-4e9b-a7d5-7f7f1881d94e
2026-06-25 23:31:36.378 10 INFO neutron.plugins.ml2.plugin [None req-9c54dee6-7e9f-4117-9c29-7e6cf1056e25 - - - - - -] Attempt 1 to provision port 3c64d452-b1d9-4e9b-a7d5-7f7f1881d94e
2026-06-25 23:31:36.537 10 INFO neutron.api.wsgi [req-43c9cf4b-5e71-4d5c-ab70-581abd849def req-6c4f0619-626b-407d-b307-535bf7e30fc2 f77e6878173e43d09c3a21d098c2e100 a49421964ab3464d88a4b856e3bac957 - - default default] 10.0.0.157 "GET /v2.0/ports?device_id=9f4e72de-fd0d-4946-a584-93c98946b485 HTTP/1.1" status: 200 len: 1168 time: 0.0402801
2026-06-25 23:31:36.590 10 INFO neutron.api.wsgi [req-43c9cf4b-5e71-4d5c-ab70-581abd849def req-7f603cbf-215f-40f7-b6a8-ecfaba8a3054 f77e6878173e43d09c3a21d098c2e100 a49421964ab3464d88a4b856e3bac957 - - default default] 10.0.0.157 "GET /v2.0/security-groups?id=b6ba5239-6554-49c8-b790-b4a8d71845b2&fields=id&fields=name HTTP/1.1" status: 200 len: 312 time: 0.0460141
2026-06-25 23:31:36.724 9 INFO neutron.db.ovn_revision_numbers_db [None req-bed8cd75-7bbb-494d-89f7-45464c7751ba 86dfeae0282646e9aef1766371c5bb04 0094a7de6c3d4471b71d81131d39ae2b - - default default] Successfully bumped revision number for resource 69248683-d7fd-4bb5-86d6-095d8f5adfbe (type: router_ports) to 1
2026-06-25 23:31:36.731 9 INFO neutron.api.wsgi [None req-bed8cd75-7bbb-494d-89f7-45464c7751ba 86dfeae0282646e9aef1766371c5bb04 0094a7de6c3d4471b71d81131d39ae2b - - default default] 10.0.0.182 "PUT /v2.0/routers/220e72e1-b9ab-4681-8473-9e3849299a8a/add_router_interface HTTP/1.1" status: 200 len: 503 time: 2.2474456
2026-06-25 23:31:36.817 10 INFO neutron.api.wsgi [req-471a4c20-07ac-40e2-8611-d36ffe837211 req-646fcd10-287e-451d-979c-04f7330531f1 2c7701c85ab94603a734325966eae3c2 dab50b7c660a45cf853e75fd56ba3911 - - 270885a2bed64546875c9241f5473fdb 270885a2bed64546875c9241f5473fdb] 199.19.213.228 "GET /v2.0/ports?tenant_id=a49421964ab3464d88a4b856e3bac957&device_id=9f4e72de-fd0d-4946-a584-93c98946b485 HTTP/1.1" status: 200 len: 1407 time: 0.0491645
2026-06-25 23:31:36.857 10 INFO neutron.api.wsgi [req-471a4c20-07ac-40e2-8611-d36ffe837211 req-db048481-35e9-4d5b-80a7-1774cb0dfef8 2c7701c85ab94603a734325966eae3c2 dab50b7c660a45cf853e75fd56ba3911 - - 270885a2bed64546875c9241f5473fdb 270885a2bed64546875c9241f5473fdb] 199.19.213.228 "GET /v2.0/floatingips?fixed_ip_address=10.100.0.3&port_id=8ab9e0a7-d195-4500-a48e-aa1ae13715b7 HTTP/1.1" status: 200 len: 217 time: 0.0369110
2026-06-25 23:31:36.918 10 INFO neutron.api.wsgi [req-471a4c20-07ac-40e2-8611-d36ffe837211 req-3a9bda9a-0141-4058-a1ed-9f666b8af7dc 2c7701c85ab94603a734325966eae3c2 dab50b7c660a45cf853e75fd56ba3911 - - 270885a2bed64546875c9241f5473fdb 270885a2bed64546875c9241f5473fdb] 199.19.213.228 "GET /v2.0/subnets?id=ba1be01a-cbd7-4fba-a386-6a54da2f911b HTTP/1.1" status: 200 len: 896 time: 0.0575540
2026-06-25 23:31:36.962 10 INFO neutron.api.wsgi [req-471a4c20-07ac-40e2-8611-d36ffe837211 req-51041fad-7402-4502-8170-a274a0486de3 2c7701c85ab94603a734325966eae3c2 dab50b7c660a45cf853e75fd56ba3911 - - 270885a2bed64546875c9241f5473fdb 270885a2bed64546875c9241f5473fdb] 199.19.213.228 "GET /v2.0/ports?network_id=dc9af0e9-2a07-4647-aab8-f41f976db7d6&device_owner=network%3Adhcp HTTP/1.1" status: 200 len: 210 time: 0.0374947
2026-06-25 23:31:37.017 10 INFO neutron.api.wsgi [req-471a4c20-07ac-40e2-8611-d36ffe837211 req-ea223c20-9e75-456a-a037-5eea97ce8bbc 2c7701c85ab94603a734325966eae3c2 dab50b7c660a45cf853e75fd56ba3911 - - 270885a2bed64546875c9241f5473fdb 270885a2bed64546875c9241f5473fdb] 199.19.213.228 "GET /v2.0/networks/dc9af0e9-2a07-4647-aab8-f41f976db7d6?fields=segments HTTP/1.1" status: 200 len: 212 time: 0.0523536
2026-06-25 23:31:37.018 10 INFO neutron.db.ovn_revision_numbers_db [None req-9c54dee6-7e9f-4117-9c29-7e6cf1056e25 - - - - - -] Successfully bumped revision number for resource 3c64d452-b1d9-4e9b-a7d5-7f7f1881d94e (type: ports) to 2
2026-06-25 23:31:37.256 10 INFO neutron.api.wsgi [req-471a4c20-07ac-40e2-8611-d36ffe837211 req-cdcb1449-0f1b-4723-b497-95d7fbcd3e63 2c7701c85ab94603a734325966eae3c2 dab50b7c660a45cf853e75fd56ba3911 - - 270885a2bed64546875c9241f5473fdb 270885a2bed64546875c9241f5473fdb] 199.19.213.228 "GET /v2.0/networks/dc9af0e9-2a07-4647-aab8-f41f976db7d6?fields=provider%3Aphysical_network&fields=provider%3Anetwork_type HTTP/1.1" status: 200 len: 277 time: 0.2322245
2026-06-25 23:31:37.283 10 INFO neutron.api.wsgi [req-1948c10c-6427-4e9f-928b-cfaed4c680dd req-a48fd76c-f91d-4e3f-9fcf-f408d734cabd 376218fc49374488930cad689bb1b61d 6e118bfb7489427cb351f8169a736a55 - - default default] 10.0.0.157 "GET /v2.0/ports?device_id=e4185c33-e5dc-480b-b0ad-ca4965191ef0 HTTP/1.1" status: 200 len: 1172 time: 0.2461171
2026-06-25 23:31:37.316 10 INFO neutron.api.wsgi [req-1948c10c-6427-4e9f-928b-cfaed4c680dd req-929771ce-d1fb-4762-8b8d-47af6de0008c 376218fc49374488930cad689bb1b61d 6e118bfb7489427cb351f8169a736a55 - - default default] 10.0.0.157 "GET /v2.0/security-groups?id=7024191a-b588-404f-8b5f-6d62c93fa6c0&fields=id&fields=name HTTP/1.1" status: 200 len: 313 time: 0.0265059
2026-06-25 23:31:37.387 9 WARNING neutron_lib.context [None req-37fa5c7f-9438-4a4f-a324-58212e4d7d21 35373ec652fa4809afad0b56ad542e24 fd166bda76ee4fa4b41f99a780e66c00 - - default default] Method 'is_advsvc' is deprecated since 2023.2 release (neutron-lib 3.8.0) and will be removed once support for the old RBAC API policies will be removed from Neutron. Please use method 'is_service_role' instead.
2026-06-25 23:31:37.499 9 INFO neutron.db.ovn_revision_numbers_db [None req-37fa5c7f-9438-4a4f-a324-58212e4d7d21 35373ec652fa4809afad0b56ad542e24 fd166bda76ee4fa4b41f99a780e66c00 - - default default] Successfully bumped revision number for resource 80a8f715-b54a-4a9b-b521-37e11387cdc1 (type: security_groups) to 1
2026-06-25 23:31:37.510 9 INFO neutron.db.ovn_revision_numbers_db [None req-37fa5c7f-9438-4a4f-a324-58212e4d7d21 35373ec652fa4809afad0b56ad542e24 fd166bda76ee4fa4b41f99a780e66c00 - - default default] Successfully bumped revision number for resource 0320ae4e-0833-4338-93c6-88ada69eef83 (type: security_group_rules) to 0
2026-06-25 23:31:37.520 9 INFO neutron.db.ovn_revision_numbers_db [None req-37fa5c7f-9438-4a4f-a324-58212e4d7d21 35373ec652fa4809afad0b56ad542e24 fd166bda76ee4fa4b41f99a780e66c00 - - default default] Successfully bumped revision number for resource 358a35ab-d5f8-4b48-b6e2-eacfeb9da2fa (type: security_group_rules) to 0
2026-06-25 23:31:37.550 9 INFO neutron.api.wsgi [None req-37fa5c7f-9438-4a4f-a324-58212e4d7d21 35373ec652fa4809afad0b56ad542e24 fd166bda76ee4fa4b41f99a780e66c00 - - default default] 10.0.0.182 "POST /v2.0/security-groups HTTP/1.1" status: 201 len: 1861 time: 0.1697543
2026-06-25 23:31:37.560 9 WARNING neutron_lib.context [None req-a8cb76c7-d98d-4cd5-a838-e06b75ea82c5 35373ec652fa4809afad0b56ad542e24 fd166bda76ee4fa4b41f99a780e66c00 - - default default] Method 'is_advsvc' is deprecated since 2023.2 release (neutron-lib 3.8.0) and will be removed once support for the old RBAC API policies will be removed from Neutron. Please use method 'is_service_role' instead.
2026-06-25 23:31:37.685 10 INFO neutron.api.wsgi [req-32d36a54-0a46-4ee4-a14d-5bff0187c584 req-3eb44d22-dea1-4815-817c-31c2cac0a3ff f77e6878173e43d09c3a21d098c2e100 a49421964ab3464d88a4b856e3bac957 - - default default] 10.0.0.157 "GET /v2.0/ports?device_id=9f4e72de-fd0d-4946-a584-93c98946b485 HTTP/1.1" status: 200 len: 1168 time: 0.0287938
2026-06-25 23:31:37.685 9 INFO neutron.db.ovn_revision_numbers_db [None req-a8cb76c7-d98d-4cd5-a838-e06b75ea82c5 35373ec652fa4809afad0b56ad542e24 fd166bda76ee4fa4b41f99a780e66c00 - - default default] Successfully bumped revision number for resource 2d328c63-7f59-4536-be93-bc8908e81338 (type: security_group_rules) to 0
2026-06-25 23:31:37.724 9 INFO neutron.api.wsgi [None req-a8cb76c7-d98d-4cd5-a838-e06b75ea82c5 35373ec652fa4809afad0b56ad542e24 fd166bda76ee4fa4b41f99a780e66c00 - - default default] 10.0.0.182 "POST /v2.0/security-group-rules HTTP/1.1" status: 201 len: 796 time: 0.1684232
2026-06-25 23:31:37.727 10 INFO neutron.api.wsgi [req-32d36a54-0a46-4ee4-a14d-5bff0187c584 req-182020b3-ef1e-4f30-9ed7-50254361c419 f77e6878173e43d09c3a21d098c2e100 a49421964ab3464d88a4b856e3bac957 - - default default] 10.0.0.157 "GET /v2.0/security-groups?id=b6ba5239-6554-49c8-b790-b4a8d71845b2&fields=id&fields=name HTTP/1.1" status: 200 len: 312 time: 0.0340538
2026-06-25 23:31:37.735 9 WARNING neutron_lib.context [None req-3002dc48-90c9-4236-b2dc-31ab72e57721 35373ec652fa4809afad0b56ad542e24 fd166bda76ee4fa4b41f99a780e66c00 - - default default] Method 'is_advsvc' is deprecated since 2023.2 release (neutron-lib 3.8.0) and will be removed once support for the old RBAC API policies will be removed from Neutron. Please use method 'is_service_role' instead.
2026-06-25 23:31:37.898 9 INFO neutron.db.ovn_revision_numbers_db [None req-3002dc48-90c9-4236-b2dc-31ab72e57721 35373ec652fa4809afad0b56ad542e24 fd166bda76ee4fa4b41f99a780e66c00 - - default default] Successfully bumped revision number for resource 410ca2fe-7978-4657-b29e-e2558f5aafe5 (type: security_group_rules) to 0
2026-06-25 23:31:37.953 9 INFO neutron.api.wsgi [None req-3002dc48-90c9-4236-b2dc-31ab72e57721 35373ec652fa4809afad0b56ad542e24 fd166bda76ee4fa4b41f99a780e66c00 - - default default] 10.0.0.182 "POST /v2.0/security-group-rules HTTP/1.1" status: 201 len: 801 time: 0.2237716
