2026-06-25 23:33:55.635 10 INFO neutron.services.segments.plugin [-] Segment f3694eaa-1437-4982-8af4-fda5a82ff76e resource provider not found; error: Placement Client Error (4xx): {"errors": [{"status": 404, "title": "Not Found", "detail": "The resource could not be found.\n\n No resource provider with uuid f3694eaa-1437-4982-8af4-fda5a82ff76e found for delete ", "request_id": "req-e3e2d2a7-7293-4b4e-a649-f258915f8ef7"}]}
2026-06-25 23:33:55.637 10 INFO neutron.services.segments.plugin [-] Segment f3694eaa-1437-4982-8af4-fda5a82ff76e resource provider not found; error: Placement Client Error (4xx): {"errors": [{"status": 404, "title": "Not Found", "detail": "The resource could not be found.\n\n No resource provider with uuid f3694eaa-1437-4982-8af4-fda5a82ff76e found for delete ", "request_id": "req-bd771ef5-ea72-4ec7-acfb-e589a8295d5a"}]}
2026-06-25 23:33:55.659 9 INFO neutron.db.ovn_revision_numbers_db [None req-78fa3f49-bbce-4193-8da2-d411ba3c08bf f992da414eb84a52adfe82091787172f ae242370966a4723aa8946c210fbe8ad - - default default] Successfully bumped revision number for resource 96d7c7a0-4b26-4121-bb28-7e366485e0e2 (type: ports) to 1
2026-06-25 23:33:55.689 9 INFO neutron.api.wsgi [None req-78fa3f49-bbce-4193-8da2-d411ba3c08bf f992da414eb84a52adfe82091787172f ae242370966a4723aa8946c210fbe8ad - - default default] 10.0.0.182 "POST /v2.0/ports HTTP/1.1" status: 201 len: 1163 time: 0.5840120
2026-06-25 23:33:55.850 9 INFO neutron.db.ovn_revision_numbers_db [None req-f062c618-e30e-4c0a-bf90-40a416518c1d - - - - - -] Successfully bumped revision number for resource 10571d20-902e-4aba-b0cd-6b07db140618 (type: ports) to 2
2026-06-25 23:33:55.874 9 INFO neutron.db.ovn_revision_numbers_db [None req-f062c618-e30e-4c0a-bf90-40a416518c1d - - - - - -] Successfully bumped revision number for resource f98cea0f-9343-40c9-b29d-5e5b7905d302 (type: subnets) to 0
2026-06-25 23:33:55.889 9 INFO neutron.api.wsgi [None req-b5a2f1c0-7488-4fa0-b5a4-c86d67d7a25e 029b017bc5964118a9579933ad408828 bfeaca3d1e174d77bb39765515f81eb6 - - default default] 10.0.0.182 "POST /v2.0/subnets HTTP/1.1" status: 201 len: 857 time: 0.8310220 /var/lib/openstack/lib/python3.12/site-packages/pycadf/identifier.py:71: UserWarning: Invalid uuid: neutron. To ensure interoperability, identifiers should be a valid uuid. warnings.warn(('Invalid uuid: %s. To ensure interoperability, '
2026-06-25 23:33:56.049 10 INFO neutron.api.wsgi [None req-056545be-6bc0-4f2c-b372-99f2193147f4 73a7ded913ae417d85c4f581e2cb6242 ee55616baa984edcb05260130b7ce4fc - - default default] 10.0.0.182 "GET /v2.0/subnetpools?name=shared-default-subnetpool-v6 HTTP/1.1" status: 200 len: 212 time: 0.1547694 /var/lib/openstack/lib/python3.12/site-packages/pycadf/identifier.py:71: UserWarning: Invalid uuid: neutron. To ensure interoperability, identifiers should be a valid uuid. warnings.warn(('Invalid uuid: %s. To ensure interoperability, '
2026-06-25 23:33:56.063 9 WARNING neutron_lib.context [None req-4e99553f-cd0e-4c48-8c87-5aa7644781e8 029b017bc5964118a9579933ad408828 bfeaca3d1e174d77bb39765515f81eb6 - - default default] Method 'is_advsvc' is deprecated since 2023.2 release (neutron-lib 3.8.0) and will be removed once support for the old RBAC API policies will be removed from Neutron. Please use method 'is_service_role' instead.
2026-06-25 23:33:56.099 10 INFO neutron.plugins.ml2.drivers.ovn.mech_driver.mech_driver [None req-d035240d-61b6-4d92-a954-38c99f02caca - - - - - -] OVN reports status up for port: 96d7c7a0-4b26-4121-bb28-7e366485e0e2
2026-06-25 23:33:56.111 10 INFO neutron.plugins.ml2.plugin [None req-d035240d-61b6-4d92-a954-38c99f02caca - - - - - -] Attempt 1 to provision port 96d7c7a0-4b26-4121-bb28-7e366485e0e2
2026-06-25 23:33:56.124 10 INFO neutron.db.ovn_revision_numbers_db [None req-8824779c-8299-4679-a770-f3e731eab2cb f992da414eb84a52adfe82091787172f ae242370966a4723aa8946c210fbe8ad - - default default] Successfully bumped revision number for resource 96d7c7a0-4b26-4121-bb28-7e366485e0e2 (type: ports) to 2
2026-06-25 23:33:56.241 9 WARNING neutron.scheduler.dhcp_agent_scheduler [None req-4e99553f-cd0e-4c48-8c87-5aa7644781e8 029b017bc5964118a9579933ad408828 bfeaca3d1e174d77bb39765515f81eb6 - - default default] No more DHCP agents
2026-06-25 23:33:56.242 9 WARNING neutron.api.rpc.agentnotifiers.dhcp_rpc_agent_api [None req-4e99553f-cd0e-4c48-8c87-5aa7644781e8 029b017bc5964118a9579933ad408828 bfeaca3d1e174d77bb39765515f81eb6 - - default default] Unable to schedule network 0c0c3402-809a-4dcd-aa1f-a8dc591872e5: no agents available; will retry on subsequent port and subnet creation events.
2026-06-25 23:33:56.267 9 INFO neutron.db.ovn_revision_numbers_db [None req-4e99553f-cd0e-4c48-8c87-5aa7644781e8 029b017bc5964118a9579933ad408828 bfeaca3d1e174d77bb39765515f81eb6 - - default default] Successfully bumped revision number for resource e8c696eb-bfe5-417e-b6e1-a012fe336232 (type: subnets) to 0
2026-06-25 23:33:56.282 9 INFO neutron.api.wsgi [None req-4e99553f-cd0e-4c48-8c87-5aa7644781e8 029b017bc5964118a9579933ad408828 bfeaca3d1e174d77bb39765515f81eb6 - - default default] 10.0.0.182 "POST /v2.0/subnets HTTP/1.1" status: 201 len: 931 time: 0.2251897
2026-06-25 23:33:56.291 9 WARNING neutron_lib.context [None req-c3cc1bc4-2b1c-4af6-8adc-5a03ffaceb96 029b017bc5964118a9579933ad408828 bfeaca3d1e174d77bb39765515f81eb6 - - default default] Method 'is_advsvc' is deprecated since 2023.2 release (neutron-lib 3.8.0) and will be removed once support for the old RBAC API policies will be removed from Neutron. Please use method 'is_service_role' instead.
2026-06-25 23:33:56.368 9 INFO neutron.db.segments_db [None req-c3cc1bc4-2b1c-4af6-8adc-5a03ffaceb96 029b017bc5964118a9579933ad408828 bfeaca3d1e174d77bb39765515f81eb6 - - default default] Added segment 741f9c85-ca5b-4122-bde8-d088e3994cb4 of type geneve for network eda55884-44ea-4a2b-8e89-ce61fa3f64b3
2026-06-25 23:33:56.464 10 INFO neutron.db.ovn_revision_numbers_db [None req-d035240d-61b6-4d92-a954-38c99f02caca - - - - - -] Successfully bumped revision number for resource 96d7c7a0-4b26-4121-bb28-7e366485e0e2 (type: ports) to 3
2026-06-25 23:33:56.473 9 INFO neutron.db.ovn_revision_numbers_db [None req-c3cc1bc4-2b1c-4af6-8adc-5a03ffaceb96 029b017bc5964118a9579933ad408828 bfeaca3d1e174d77bb39765515f81eb6 - - default default] Successfully bumped revision number for resource eda55884-44ea-4a2b-8e89-ce61fa3f64b3 (type: networks) to 1
2026-06-25 23:33:56.590 10 INFO neutron.db.ovn_revision_numbers_db [None req-8824779c-8299-4679-a770-f3e731eab2cb f992da414eb84a52adfe82091787172f ae242370966a4723aa8946c210fbe8ad - - default default] Successfully bumped revision number for resource 96d7c7a0-4b26-4121-bb28-7e366485e0e2 (type: ports) to 3
2026-06-25 23:33:56.631 10 WARNING neutron.scheduler.dhcp_agent_scheduler [None req-8824779c-8299-4679-a770-f3e731eab2cb f992da414eb84a52adfe82091787172f ae242370966a4723aa8946c210fbe8ad - - default default] No more DHCP agents
2026-06-25 23:33:56.631 9 WARNING neutron.scheduler.dhcp_agent_scheduler [None req-c3cc1bc4-2b1c-4af6-8adc-5a03ffaceb96 029b017bc5964118a9579933ad408828 bfeaca3d1e174d77bb39765515f81eb6 - - default default] No more DHCP agents
2026-06-25 23:33:56.632 10 WARNING neutron.api.rpc.agentnotifiers.dhcp_rpc_agent_api [None req-8824779c-8299-4679-a770-f3e731eab2cb f992da414eb84a52adfe82091787172f ae242370966a4723aa8946c210fbe8ad - - default default] Unable to schedule network 8b79c452-7cd5-4345-941c-63b28cd9b459: no agents available; will retry on subsequent port and subnet creation events.
2026-06-25 23:33:56.632 9 WARNING neutron.api.rpc.agentnotifiers.dhcp_rpc_agent_api [None req-c3cc1bc4-2b1c-4af6-8adc-5a03ffaceb96 029b017bc5964118a9579933ad408828 bfeaca3d1e174d77bb39765515f81eb6 - - default default] Unable to schedule network eda55884-44ea-4a2b-8e89-ce61fa3f64b3: no agents available; will retry on subsequent port and subnet creation events.
2026-06-25 23:33:56.707 9 INFO neutron.db.ovn_revision_numbers_db [None req-c3cc1bc4-2b1c-4af6-8adc-5a03ffaceb96 029b017bc5964118a9579933ad408828 bfeaca3d1e174d77bb39765515f81eb6 - - default default] Successfully bumped revision number for resource 54b9e20a-d9d9-418e-98dd-13d17e0201e1 (type: ports) to 1
2026-06-25 23:33:56.735 9 INFO neutron.api.wsgi [None req-c3cc1bc4-2b1c-4af6-8adc-5a03ffaceb96 029b017bc5964118a9579933ad408828 bfeaca3d1e174d77bb39765515f81eb6 - - default default] 10.0.0.182 "POST /v2.0/networks HTTP/1.1" status: 201 len: 836 time: 0.4481733 /var/lib/openstack/lib/python3.12/site-packages/pycadf/identifier.py:71: UserWarning: Invalid uuid: neutron. To ensure interoperability, identifiers should be a valid uuid. warnings.warn(('Invalid uuid: %s. To ensure interoperability, '
2026-06-25 23:33:56.746 10 WARNING neutron_lib.context [None req-d8df7b33-301a-4607-91d5-811f67d201ba 029b017bc5964118a9579933ad408828 bfeaca3d1e174d77bb39765515f81eb6 - - default default] Method 'is_advsvc' is deprecated since 2023.2 release (neutron-lib 3.8.0) and will be removed once support for the old RBAC API policies will be removed from Neutron. Please use method 'is_service_role' instead.
2026-06-25 23:33:56.902 10 INFO neutron.db.ovn_revision_numbers_db [None req-8824779c-8299-4679-a770-f3e731eab2cb f992da414eb84a52adfe82091787172f ae242370966a4723aa8946c210fbe8ad - - default default] Successfully bumped revision number for resource 96d7c7a0-4b26-4121-bb28-7e366485e0e2 (type: router_ports) to 3
2026-06-25 23:33:56.907 10 INFO neutron.api.wsgi [None req-8824779c-8299-4679-a770-f3e731eab2cb f992da414eb84a52adfe82091787172f ae242370966a4723aa8946c210fbe8ad - - default default] 10.0.0.182 "PUT /v2.0/routers/198ad119-0527-4f88-8075-5a0fe7d721ec/add_router_interface HTTP/1.1" status: 200 len: 503 time: 1.2069314
2026-06-25 23:33:56.946 10 INFO neutron.api.wsgi [None req-3b5343bd-177e-4b0a-a503-71278d298153 f992da414eb84a52adfe82091787172f ae242370966a4723aa8946c210fbe8ad - - default default] 10.0.0.182 "GET /v2.0/ports/96d7c7a0-4b26-4121-bb28-7e366485e0e2 HTTP/1.1" status: 200 len: 1221 time: 0.0334036
2026-06-25 23:33:57.034 10 WARNING neutron.scheduler.dhcp_agent_scheduler [None req-d8df7b33-301a-4607-91d5-811f67d201ba 029b017bc5964118a9579933ad408828 bfeaca3d1e174d77bb39765515f81eb6 - - default default] No more DHCP agents
2026-06-25 23:33:57.035 10 WARNING neutron.api.rpc.agentnotifiers.dhcp_rpc_agent_api [None req-d8df7b33-301a-4607-91d5-811f67d201ba 029b017bc5964118a9579933ad408828 bfeaca3d1e174d77bb39765515f81eb6 - - default default] Unable to schedule network eda55884-44ea-4a2b-8e89-ce61fa3f64b3: no agents available; will retry on subsequent port and subnet creation events.
2026-06-25 23:33:57.503 10 INFO neutron.api.wsgi [None req-0ff26370-9fc3-4c54-b76c-e701c671f3c4 f992da414eb84a52adfe82091787172f ae242370966a4723aa8946c210fbe8ad - - default default] 10.0.0.182 "PUT /v2.0/routers/198ad119-0527-4f88-8075-5a0fe7d721ec/remove_router_interface HTTP/1.1" status: 200 len: 503 time: 0.5493474
2026-06-25 23:33:57.559 9 INFO neutron.api.v2.resource [None req-f28f4d68-4307-4ca6-aa79-00ac695032bd f992da414eb84a52adfe82091787172f ae242370966a4723aa8946c210fbe8ad - - default default] remove_router_interface failed (client error): The resource could not be found.
2026-06-25 23:33:57.560 9 INFO neutron.api.wsgi [None req-f28f4d68-4307-4ca6-aa79-00ac695032bd f992da414eb84a52adfe82091787172f ae242370966a4723aa8946c210fbe8ad - - default default] 10.0.0.182 "PUT /v2.0/routers/198ad119-0527-4f88-8075-5a0fe7d721ec/remove_router_interface HTTP/1.1" status: 404 len: 398 time: 0.0494781
2026-06-25 23:33:57.566 10 INFO neutron.db.ovn_revision_numbers_db [None req-eae972ca-4488-42fa-a17f-08da0179b83f - - - - - -] Successfully bumped revision number for resource 54b9e20a-d9d9-418e-98dd-13d17e0201e1 (type: ports) to 2
2026-06-25 23:33:57.579 9 INFO neutron.api.wsgi [None req-836a62af-af41-4828-9a71-2100cd70019c f992da414eb84a52adfe82091787172f ae242370966a4723aa8946c210fbe8ad - - default default] 10.0.0.182 "GET /v2.0/ports?device_id=198ad119-0527-4f88-8075-5a0fe7d721ec HTTP/1.1" status: 200 len: 205 time: 0.0136356 /var/lib/openstack/lib/python3.12/site-packages/pycadf/identifier.py:71: UserWarning: Invalid uuid: neutron. To ensure interoperability, identifiers should be a valid uuid. warnings.warn(('Invalid uuid: %s. To ensure interoperability, '
2026-06-25 23:33:57.608 10 INFO neutron.db.ovn_revision_numbers_db [None req-eae972ca-4488-42fa-a17f-08da0179b83f - - - - - -] Successfully bumped revision number for resource 3f346b5c-9cd1-4798-a935-835662d98136 (type: subnets) to 0
2026-06-25 23:33:57.633 10 INFO neutron.api.wsgi [None req-d8df7b33-301a-4607-91d5-811f67d201ba 029b017bc5964118a9579933ad408828 bfeaca3d1e174d77bb39765515f81eb6 - - default default] 10.0.0.182 "POST /v2.0/subnets HTTP/1.1" status: 201 len: 855 time: 0.8919516
2026-06-25 23:33:57.645 9 WARNING neutron_lib.context [None req-03789d4f-85cb-4680-9dd0-42e8e5368b92 029b017bc5964118a9579933ad408828 bfeaca3d1e174d77bb39765515f81eb6 - - default default] Method 'is_advsvc' is deprecated since 2023.2 release (neutron-lib 3.8.0) and will be removed once support for the old RBAC API policies will be removed from Neutron. Please use method 'is_service_role' instead.
2026-06-25 23:33:57.751 10 INFO neutron.api.wsgi [None req-e2523821-b0aa-4d4b-ab14-e848a9c9fec6 f992da414eb84a52adfe82091787172f ae242370966a4723aa8946c210fbe8ad - - default default] 10.0.0.182 "DELETE /v2.0/routers/198ad119-0527-4f88-8075-5a0fe7d721ec HTTP/1.1" status: 204 len: 168 time: 0.1678021
2026-06-25 23:33:57.889 9 WARNING neutron.scheduler.dhcp_agent_scheduler [None req-03789d4f-85cb-4680-9dd0-42e8e5368b92 029b017bc5964118a9579933ad408828 bfeaca3d1e174d77bb39765515f81eb6 - - default default] No more DHCP agents
2026-06-25 23:33:57.890 9 WARNING neutron.api.rpc.agentnotifiers.dhcp_rpc_agent_api [None req-03789d4f-85cb-4680-9dd0-42e8e5368b92 029b017bc5964118a9579933ad408828 bfeaca3d1e174d77bb39765515f81eb6 - - default default] Unable to schedule network eda55884-44ea-4a2b-8e89-ce61fa3f64b3: no agents available; will retry on subsequent port and subnet creation events.
2026-06-25 23:33:57.900 10 INFO neutron.api.wsgi [None req-68609d9d-c852-41a0-84bf-2d7526dcaf48 f992da414eb84a52adfe82091787172f ae242370966a4723aa8946c210fbe8ad - - default default] 10.0.0.182 "DELETE /v2.0/subnets/d07d2028-16fb-4661-856a-e5f54939d142 HTTP/1.1" status: 204 len: 168 time: 0.1452415
2026-06-25 23:33:57.917 9 INFO neutron.db.ovn_revision_numbers_db [None req-03789d4f-85cb-4680-9dd0-42e8e5368b92 029b017bc5964118a9579933ad408828 bfeaca3d1e174d77bb39765515f81eb6 - - default default] Successfully bumped revision number for resource 9f246c82-bd93-4fc2-a8f7-65ecd1ba66fe (type: subnets) to 0
2026-06-25 23:33:57.933 9 INFO neutron.api.wsgi [None req-03789d4f-85cb-4680-9dd0-42e8e5368b92 029b017bc5964118a9579933ad408828 bfeaca3d1e174d77bb39765515f81eb6 - - default default] 10.0.0.182 "POST /v2.0/subnets HTTP/1.1" status: 201 len: 925 time: 0.2940514
2026-06-25 23:33:57.940 10 WARNING neutron_lib.context [None req-7b33566d-b38a-46a4-9aca-a2740a6de4fb 029b017bc5964118a9579933ad408828 bfeaca3d1e174d77bb39765515f81eb6 - - default default] Method 'is_advsvc' is deprecated since 2023.2 release (neutron-lib 3.8.0) and will be removed once support for the old RBAC API policies will be removed from Neutron. Please use method 'is_service_role' instead.
2026-06-25 23:33:58.027 10 INFO neutron.db.segments_db [None req-7b33566d-b38a-46a4-9aca-a2740a6de4fb 029b017bc5964118a9579933ad408828 bfeaca3d1e174d77bb39765515f81eb6 - - default default] Added segment 9800216d-b38f-4702-9b1b-45ecd2909806 of type geneve for network 30669794-b85e-4417-9d18-d99c4f779711
2026-06-25 23:33:58.177 10 INFO neutron.db.ovn_revision_numbers_db [None req-e3499748-9a64-4662-b4a1-f0c9d8994868 86dfeae0282646e9aef1766371c5bb04 0094a7de6c3d4471b71d81131d39ae2b - - default default] Successfully bumped revision number for resource 696a4266-6774-4ca8-9e2b-7d9024b51cbc (type: security_groups) to 1
2026-06-25 23:33:58.189 10 INFO neutron.db.ovn_revision_numbers_db [None req-7b33566d-b38a-46a4-9aca-a2740a6de4fb 029b017bc5964118a9579933ad408828 bfeaca3d1e174d77bb39765515f81eb6 - - default default] Successfully bumped revision number for resource 30669794-b85e-4417-9d18-d99c4f779711 (type: networks) to 1
2026-06-25 23:33:58.199 10 INFO neutron.db.ovn_revision_numbers_db [None req-e3499748-9a64-4662-b4a1-f0c9d8994868 86dfeae0282646e9aef1766371c5bb04 0094a7de6c3d4471b71d81131d39ae2b - - default default] Successfully bumped revision number for resource 34e1a78f-fdca-4bf9-9dc7-8ed2d8f8a21d (type: security_group_rules) to 0
2026-06-25 23:33:58.223 10 INFO neutron.db.ovn_revision_numbers_db [None req-e3499748-9a64-4662-b4a1-f0c9d8994868 86dfeae0282646e9aef1766371c5bb04 0094a7de6c3d4471b71d81131d39ae2b - - default default] Successfully bumped revision number for resource 3ab5a6aa-364c-4f88-970e-30a56914c617 (type: security_group_rules) to 0
2026-06-25 23:33:58.244 10 INFO neutron.db.ovn_revision_numbers_db [None req-e3499748-9a64-4662-b4a1-f0c9d8994868 86dfeae0282646e9aef1766371c5bb04 0094a7de6c3d4471b71d81131d39ae2b - - default default] Successfully bumped revision number for resource 44218afe-5c55-46f6-94f6-35da00f18476 (type: security_group_rules) to 0
2026-06-25 23:33:58.273 10 INFO neutron.db.ovn_revision_numbers_db [None req-e3499748-9a64-4662-b4a1-f0c9d8994868 86dfeae0282646e9aef1766371c5bb04 0094a7de6c3d4471b71d81131d39ae2b - - default default] Successfully bumped revision number for resource 586bab73-570a-4c30-a55b-674a4741bf98 (type: security_group_rules) to 0
2026-06-25 23:33:58.275 10 INFO neutron.services.segments.plugin [-] Segment 5e4e025b-78b6-413f-8ae1-160d63f786fe resource provider aggregate not found
2026-06-25 23:33:58.281 10 INFO neutron.services.segments.plugin [-] Segment 5e4e025b-78b6-413f-8ae1-160d63f786fe resource provider aggregate not found
2026-06-25 23:33:58.288 10 INFO neutron.services.segments.plugin [-] Segment 5e4e025b-78b6-413f-8ae1-160d63f786fe resource provider not found; error: Placement Client Error (4xx): {"errors": [{"status": 404, "title": "Not Found", "detail": "The resource could not be found.\n\n No resource provider with uuid 5e4e025b-78b6-413f-8ae1-160d63f786fe found for delete ", "request_id": "req-385b34b3-5adb-45d2-a462-73fca3279c52"}]}
2026-06-25 23:33:58.300 10 INFO neutron.services.segments.plugin [-] Segment 5e4e025b-78b6-413f-8ae1-160d63f786fe resource provider not found; error: Placement Client Error (4xx): {"errors": [{"status": 404, "title": "Not Found", "detail": "The resource could not be found.\n\n No resource provider with uuid 5e4e025b-78b6-413f-8ae1-160d63f786fe found for delete ", "request_id": "req-48990791-c41e-406f-a118-bd87e873c8ff"}]}
2026-06-25 23:33:58.326 10 INFO neutron.api.wsgi [None req-e3499748-9a64-4662-b4a1-f0c9d8994868 86dfeae0282646e9aef1766371c5bb04 0094a7de6c3d4471b71d81131d39ae2b - - default default] 10.0.0.182 "GET /v2.0/security-groups?tenant_id=3bfca8a4cafc41d889798ced316694be&name=default HTTP/1.1" status: 200 len: 3120 time: 0.4494522
2026-06-25 23:33:58.339 10 INFO neutron.api.wsgi [None req-76653526-9ea7-45d1-8b73-f4ce74795419 f992da414eb84a52adfe82091787172f ae242370966a4723aa8946c210fbe8ad - - default default] 10.0.0.182 "DELETE /v2.0/networks/8b79c452-7cd5-4345-941c-63b28cd9b459 HTTP/1.1" status: 204 len: 168 time: 0.4330728
2026-06-25 23:33:58.355 9 WARNING neutron_lib.context [None req-ffd42681-218a-4ae2-8637-a23d01fd274b f992da414eb84a52adfe82091787172f ae242370966a4723aa8946c210fbe8ad - - default default] Method 'is_advsvc' is deprecated since 2023.2 release (neutron-lib 3.8.0) and will be removed once support for the old RBAC API policies will be removed from Neutron. Please use method 'is_service_role' instead.
2026-06-25 23:33:58.381 10 WARNING neutron.scheduler.dhcp_agent_scheduler [None req-7b33566d-b38a-46a4-9aca-a2740a6de4fb 029b017bc5964118a9579933ad408828 bfeaca3d1e174d77bb39765515f81eb6 - - default default] No more DHCP agents
2026-06-25 23:33:58.382 10 WARNING neutron.api.rpc.agentnotifiers.dhcp_rpc_agent_api [None req-7b33566d-b38a-46a4-9aca-a2740a6de4fb 029b017bc5964118a9579933ad408828 bfeaca3d1e174d77bb39765515f81eb6 - - default default] Unable to schedule network 30669794-b85e-4417-9d18-d99c4f779711: no agents available; will retry on subsequent port and subnet creation events.
2026-06-25 23:33:58.441 9 INFO neutron.db.segments_db [None req-ffd42681-218a-4ae2-8637-a23d01fd274b f992da414eb84a52adfe82091787172f ae242370966a4723aa8946c210fbe8ad - - default default] Added segment ca0f9b11-829c-42ea-a2c0-ec083d040f04 of type geneve for network 397ccabd-2c16-4b08-bb4b-d8888aec1561
2026-06-25 23:33:58.447 10 INFO neutron.db.ovn_revision_numbers_db [None req-7b33566d-b38a-46a4-9aca-a2740a6de4fb 029b017bc5964118a9579933ad408828 bfeaca3d1e174d77bb39765515f81eb6 - - default default] Successfully bumped revision number for resource de8fcafc-a841-4732-acb4-d2d526f7edf5 (type: ports) to 1
2026-06-25 23:33:58.471 10 INFO neutron.api.wsgi [None req-7b33566d-b38a-46a4-9aca-a2740a6de4fb 029b017bc5964118a9579933ad408828 bfeaca3d1e174d77bb39765515f81eb6 - - default default] 10.0.0.182 "POST /v2.0/networks HTTP/1.1" status: 201 len: 837 time: 0.5346889
2026-06-25 23:33:58.482 9 WARNING neutron_lib.context [None req-4dfb38ae-b7cf-4b09-b481-bef1d9c6e667 029b017bc5964118a9579933ad408828 bfeaca3d1e174d77bb39765515f81eb6 - - default default] Method 'is_advsvc' is deprecated since 2023.2 release (neutron-lib 3.8.0) and will be removed once support for the old RBAC API policies will be removed from Neutron. Please use method 'is_service_role' instead.
2026-06-25 23:33:58.564 9 INFO neutron.db.ovn_revision_numbers_db [None req-ffd42681-218a-4ae2-8637-a23d01fd274b f992da414eb84a52adfe82091787172f ae242370966a4723aa8946c210fbe8ad - - default default] Successfully bumped revision number for resource 397ccabd-2c16-4b08-bb4b-d8888aec1561 (type: networks) to 1
2026-06-25 23:33:58.610 9 INFO neutron.api.wsgi [None req-b2e8c5fa-0676-41d7-9a3a-c8415c9d2e53 86dfeae0282646e9aef1766371c5bb04 0094a7de6c3d4471b71d81131d39ae2b - - default default] 10.0.0.182 "DELETE /v2.0/security-groups/696a4266-6774-4ca8-9e2b-7d9024b51cbc HTTP/1.1" status: 204 len: 168 time: 0.2733428
2026-06-25 23:33:58.692 9 WARNING neutron.scheduler.dhcp_agent_scheduler [None req-4dfb38ae-b7cf-4b09-b481-bef1d9c6e667 029b017bc5964118a9579933ad408828 bfeaca3d1e174d77bb39765515f81eb6 - - default default] No more DHCP agents
2026-06-25 23:33:58.709 9 WARNING neutron.api.rpc.agentnotifiers.dhcp_rpc_agent_api [None req-4dfb38ae-b7cf-4b09-b481-bef1d9c6e667 029b017bc5964118a9579933ad408828 bfeaca3d1e174d77bb39765515f81eb6 - - default default] Unable to schedule network 30669794-b85e-4417-9d18-d99c4f779711: no agents available; will retry on subsequent port and subnet creation events.
2026-06-25 23:33:58.757 9 WARNING neutron.scheduler.dhcp_agent_scheduler [None req-ffd42681-218a-4ae2-8637-a23d01fd274b f992da414eb84a52adfe82091787172f ae242370966a4723aa8946c210fbe8ad - - default default] No more DHCP agents
2026-06-25 23:33:58.759 9 WARNING neutron.api.rpc.agentnotifiers.dhcp_rpc_agent_api [None req-ffd42681-218a-4ae2-8637-a23d01fd274b f992da414eb84a52adfe82091787172f ae242370966a4723aa8946c210fbe8ad - - default default] Unable to schedule network 397ccabd-2c16-4b08-bb4b-d8888aec1561: no agents available; will retry on subsequent port and subnet creation events.
2026-06-25 23:33:58.825 9 INFO neutron.db.ovn_revision_numbers_db [None req-ffd42681-218a-4ae2-8637-a23d01fd274b f992da414eb84a52adfe82091787172f ae242370966a4723aa8946c210fbe8ad - - default default] Successfully bumped revision number for resource f58154d3-0997-41c9-884e-872d17a88715 (type: ports) to 1
2026-06-25 23:33:58.844 9 INFO neutron.api.wsgi [None req-ffd42681-218a-4ae2-8637-a23d01fd274b f992da414eb84a52adfe82091787172f ae242370966a4723aa8946c210fbe8ad - - default default] 10.0.0.182 "POST /v2.0/networks HTTP/1.1" status: 201 len: 832 time: 0.4971521
2026-06-25 23:33:58.856 10 WARNING neutron_lib.context [None req-c4214d85-16b6-43bc-8d09-dfebf2b855e1 f992da414eb84a52adfe82091787172f ae242370966a4723aa8946c210fbe8ad - - default default] Method 'is_advsvc' is deprecated since 2023.2 release (neutron-lib 3.8.0) and will be removed once support for the old RBAC API policies will be removed from Neutron. Please use method 'is_service_role' instead.
2026-06-25 23:33:59.020 10 WARNING neutron.scheduler.dhcp_agent_scheduler [None req-c4214d85-16b6-43bc-8d09-dfebf2b855e1 f992da414eb84a52adfe82091787172f ae242370966a4723aa8946c210fbe8ad - - default default] No more DHCP agents
2026-06-25 23:33:59.023 10 WARNING neutron.api.rpc.agentnotifiers.dhcp_rpc_agent_api [None req-c4214d85-16b6-43bc-8d09-dfebf2b855e1 f992da414eb84a52adfe82091787172f ae242370966a4723aa8946c210fbe8ad - - default default] Unable to schedule network 397ccabd-2c16-4b08-bb4b-d8888aec1561: no agents available; will retry on subsequent port and subnet creation events.
2026-06-25 23:33:59.052 10 INFO neutron.db.ovn_revision_numbers_db [None req-c4214d85-16b6-43bc-8d09-dfebf2b855e1 f992da414eb84a52adfe82091787172f ae242370966a4723aa8946c210fbe8ad - - default default] Successfully bumped revision number for resource 9dc94a3e-034e-415b-b91a-f238855d6d3f (type: subnets) to 0
2026-06-25 23:33:59.067 10 INFO neutron.api.wsgi [None req-c4214d85-16b6-43bc-8d09-dfebf2b855e1 f992da414eb84a52adfe82091787172f ae242370966a4723aa8946c210fbe8ad - - default default] 10.0.0.182 "POST /v2.0/subnets HTTP/1.1" status: 201 len: 845 time: 0.2172022
2026-06-25 23:33:59.076 10 WARNING neutron_lib.context [None req-997c95fd-bdb3-47f4-9e18-5462cd83f938 f992da414eb84a52adfe82091787172f ae242370966a4723aa8946c210fbe8ad - - default default] Method 'is_advsvc' is deprecated since 2023.2 release (neutron-lib 3.8.0) and will be removed once support for the old RBAC API policies will be removed from Neutron. Please use method 'is_service_role' instead.
2026-06-25 23:33:59.089 9 INFO neutron.db.ovn_revision_numbers_db [None req-86e91403-c12c-4957-bfce-fc4ffe1eb518 - - - - - -] Successfully bumped revision number for resource de8fcafc-a841-4732-acb4-d2d526f7edf5 (type: ports) to 2
2026-06-25 23:33:59.120 9 INFO neutron.db.ovn_revision_numbers_db [None req-86e91403-c12c-4957-bfce-fc4ffe1eb518 - - - - - -] Successfully bumped revision number for resource 7b766491-e29d-4974-9e42-c63eb0e4f35e (type: subnets) to 0
2026-06-25 23:33:59.132 9 INFO neutron.api.wsgi [None req-4dfb38ae-b7cf-4b09-b481-bef1d9c6e667 029b017bc5964118a9579933ad408828 bfeaca3d1e174d77bb39765515f81eb6 - - default default] 10.0.0.182 "POST /v2.0/subnets HTTP/1.1" status: 201 len: 855 time: 0.6553042
2026-06-25 23:33:59.140 9 WARNING neutron_lib.context [None req-e33c5d19-50c2-434b-b269-cc45c9229d00 029b017bc5964118a9579933ad408828 bfeaca3d1e174d77bb39765515f81eb6 - - default default] Method 'is_advsvc' is deprecated since 2023.2 release (neutron-lib 3.8.0) and will be removed once support for the old RBAC API policies will be removed from Neutron. Please use method 'is_service_role' instead.
2026-06-25 23:33:59.175 10 INFO neutron.db.ovn_revision_numbers_db [None req-997c95fd-bdb3-47f4-9e18-5462cd83f938 f992da414eb84a52adfe82091787172f ae242370966a4723aa8946c210fbe8ad - - default default] Successfully bumped revision number for resource 55deee50-fa65-4040-8892-2bb6db94f952 (type: routers) to 1
2026-06-25 23:33:59.186 10 INFO neutron.api.wsgi [None req-997c95fd-bdb3-47f4-9e18-5462cd83f938 f992da414eb84a52adfe82091787172f ae242370966a4723aa8946c210fbe8ad - - default default] 10.0.0.182 "POST /v2.0/routers HTTP/1.1" status: 201 len: 804 time: 0.1145239
2026-06-25 23:33:59.313 9 WARNING neutron.scheduler.dhcp_agent_scheduler [None req-e33c5d19-50c2-434b-b269-cc45c9229d00 029b017bc5964118a9579933ad408828 bfeaca3d1e174d77bb39765515f81eb6 - - default default] No more DHCP agents
2026-06-25 23:33:59.314 9 WARNING neutron.api.rpc.agentnotifiers.dhcp_rpc_agent_api [None req-e33c5d19-50c2-434b-b269-cc45c9229d00 029b017bc5964118a9579933ad408828 bfeaca3d1e174d77bb39765515f81eb6 - - default default] Unable to schedule network 30669794-b85e-4417-9d18-d99c4f779711: no agents available; will retry on subsequent port and subnet creation events.
2026-06-25 23:33:59.339 9 INFO neutron.db.ovn_revision_numbers_db [None req-e33c5d19-50c2-434b-b269-cc45c9229d00 029b017bc5964118a9579933ad408828 bfeaca3d1e174d77bb39765515f81eb6 - - default default] Successfully bumped revision number for resource 66f380a3-51c0-4735-a821-d95f3bfd7102 (type: subnets) to 0
2026-06-25 23:33:59.351 9 INFO neutron.api.wsgi [None req-e33c5d19-50c2-434b-b269-cc45c9229d00 029b017bc5964118a9579933ad408828 bfeaca3d1e174d77bb39765515f81eb6 - - default default] 10.0.0.182 "POST /v2.0/subnets HTTP/1.1" status: 201 len: 928 time: 0.2145588
2026-06-25 23:33:59.361 9 WARNING neutron_lib.context [None req-c1b2f3d5-b8a5-47be-b521-17794e9ab7cb 029b017bc5964118a9579933ad408828 bfeaca3d1e174d77bb39765515f81eb6 - - default default] Method 'is_advsvc' is deprecated since 2023.2 release (neutron-lib 3.8.0) and will be removed once support for the old RBAC API policies will be removed from Neutron. Please use method 'is_service_role' instead.
2026-06-25 23:33:59.513 10 WARNING neutron.scheduler.dhcp_agent_scheduler [None req-9ce69598-0916-481c-bac2-c3d5337daab5 f992da414eb84a52adfe82091787172f ae242370966a4723aa8946c210fbe8ad - - default default] No more DHCP agents
2026-06-25 23:33:59.515 10 WARNING neutron.api.rpc.agentnotifiers.dhcp_rpc_agent_api [None req-9ce69598-0916-481c-bac2-c3d5337daab5 f992da414eb84a52adfe82091787172f ae242370966a4723aa8946c210fbe8ad - - default default] Unable to schedule network 397ccabd-2c16-4b08-bb4b-d8888aec1561: no agents available; will retry on subsequent port and subnet creation events.
2026-06-25 23:33:59.606 10 INFO neutron.db.ovn_revision_numbers_db [None req-9ce69598-0916-481c-bac2-c3d5337daab5 f992da414eb84a52adfe82091787172f ae242370966a4723aa8946c210fbe8ad - - default default] Successfully bumped revision number for resource d66a8c30-86d7-4c89-855f-fefb56cdb479 (type: ports) to 1
2026-06-25 23:33:59.703 9 WARNING neutron.scheduler.dhcp_agent_scheduler [None req-c1b2f3d5-b8a5-47be-b521-17794e9ab7cb 029b017bc5964118a9579933ad408828 bfeaca3d1e174d77bb39765515f81eb6 - - default default] No more DHCP agents
2026-06-25 23:33:59.704 9 WARNING neutron.api.rpc.agentnotifiers.dhcp_rpc_agent_api [None req-c1b2f3d5-b8a5-47be-b521-17794e9ab7cb 029b017bc5964118a9579933ad408828 bfeaca3d1e174d77bb39765515f81eb6 - - default default] Unable to schedule network 7aedf66c-0727-4621-af53-4780d276fef0: no agents available; will retry on subsequent port and subnet creation events.
2026-06-25 23:33:59.823 9 INFO neutron.db.ovn_revision_numbers_db [None req-c1b2f3d5-b8a5-47be-b521-17794e9ab7cb 029b017bc5964118a9579933ad408828 bfeaca3d1e174d77bb39765515f81eb6 - - default default] Successfully bumped revision number for resource fabaa89a-da3d-402d-b1a8-cfe9a5dde46d (type: ports) to 1
2026-06-25 23:34:00.134 10 INFO neutron.db.ovn_revision_numbers_db [None req-9ce69598-0916-481c-bac2-c3d5337daab5 f992da414eb84a52adfe82091787172f ae242370966a4723aa8946c210fbe8ad - - default default] Successfully bumped revision number for resource d66a8c30-86d7-4c89-855f-fefb56cdb479 (type: ports) to 1
2026-06-25 23:34:00.192 10 WARNING neutron.scheduler.dhcp_agent_scheduler [None req-9ce69598-0916-481c-bac2-c3d5337daab5 f992da414eb84a52adfe82091787172f ae242370966a4723aa8946c210fbe8ad - - default default] No more DHCP agents
2026-06-25 23:34:00.194 10 WARNING neutron.api.rpc.agentnotifiers.dhcp_rpc_agent_api [None req-9ce69598-0916-481c-bac2-c3d5337daab5 f992da414eb84a52adfe82091787172f ae242370966a4723aa8946c210fbe8ad - - default default] Unable to schedule network 397ccabd-2c16-4b08-bb4b-d8888aec1561: no agents available; will retry on subsequent port and subnet creation events.
2026-06-25 23:34:00.404 10 INFO neutron.db.ovn_revision_numbers_db [None req-9ce69598-0916-481c-bac2-c3d5337daab5 f992da414eb84a52adfe82091787172f ae242370966a4723aa8946c210fbe8ad - - default default] Successfully bumped revision number for resource d66a8c30-86d7-4c89-855f-fefb56cdb479 (type: router_ports) to 1
2026-06-25 23:34:00.410 10 INFO neutron.api.wsgi [None req-9ce69598-0916-481c-bac2-c3d5337daab5 f992da414eb84a52adfe82091787172f ae242370966a4723aa8946c210fbe8ad - - default default] 10.0.0.182 "PUT /v2.0/routers/55deee50-fa65-4040-8892-2bb6db94f952/add_router_interface HTTP/1.1" status: 200 len: 503 time: 1.2194090
2026-06-25 23:34:00.439 10 INFO neutron.api.wsgi [None req-2539e40f-0519-4e0a-86e0-8c298c4f95c6 f992da414eb84a52adfe82091787172f ae242370966a4723aa8946c210fbe8ad - - default default] 10.0.0.182 "GET /v2.0/ports/d66a8c30-86d7-4c89-855f-fefb56cdb479 HTTP/1.1" status: 200 len: 1139 time: 0.0245247
2026-06-25 23:34:00.467 10 INFO neutron.api.wsgi [None req-febd852a-69a7-46da-be3d-9e1cb68e4e6e f992da414eb84a52adfe82091787172f ae242370966a4723aa8946c210fbe8ad - - default default] 10.0.0.182 "GET /v2.0/ports/d66a8c30-86d7-4c89-855f-fefb56cdb479 HTTP/1.1" status: 200 len: 1139 time: 0.0229957
2026-06-25 23:34:00.870 9 INFO neutron.plugins.ml2.drivers.ovn.mech_driver.ovsdb.commands [None req-63226279-dc8f-4f43-b18c-0d19d742a540 - - - - - -] Schedule LRP lrp-fabaa89a-da3d-402d-b1a8-cfe9a5dde46d on gateway 7b1806a7-773a-48c1-83c9-12ccd4aecf91 with priority 1
2026-06-25 23:34:00.890 10 INFO neutron.plugins.ml2.drivers.ovn.mech_driver.ovsdb.ovsdb_monitor [None req-02708786-8f06-45ea-be39-22ad77dbf9d6 - - - - - -] Router 480f41f7-9c88-48ce-9cc7-0ad93c39785e is bound to host instance
2026-06-25 23:34:00.909 9 INFO neutron.db.ovn_revision_numbers_db [None req-c1b2f3d5-b8a5-47be-b521-17794e9ab7cb 029b017bc5964118a9579933ad408828 bfeaca3d1e174d77bb39765515f81eb6 - - default default] Successfully bumped revision number for resource fabaa89a-da3d-402d-b1a8-cfe9a5dde46d (type: router_ports) to 1
2026-06-25 23:34:00.959 9 INFO neutron.db.ovn_revision_numbers_db [None req-c1b2f3d5-b8a5-47be-b521-17794e9ab7cb 029b017bc5964118a9579933ad408828 bfeaca3d1e174d77bb39765515f81eb6 - - default default] Successfully bumped revision number for resource 480f41f7-9c88-48ce-9cc7-0ad93c39785e (type: routers) to 2
2026-06-25 23:34:00.996 9 INFO neutron.api.wsgi [None req-c1b2f3d5-b8a5-47be-b521-17794e9ab7cb 029b017bc5964118a9579933ad408828 bfeaca3d1e174d77bb39765515f81eb6 - - default default] 10.0.0.182 "POST /v2.0/routers HTTP/1.1" status: 201 len: 1143 time: 1.6388614
2026-06-25 23:34:01.174 10 INFO neutron.db.ovn_revision_numbers_db [None req-64087a64-f212-46b0-a0ef-723586da0bad 86dfeae0282646e9aef1766371c5bb04 0094a7de6c3d4471b71d81131d39ae2b - - default default] Successfully bumped revision number for resource 7aac068d-71fb-4c9f-9ab9-9025addbdf56 (type: security_groups) to 1
2026-06-25 23:34:01.189 10 INFO neutron.db.ovn_revision_numbers_db [None req-64087a64-f212-46b0-a0ef-723586da0bad 86dfeae0282646e9aef1766371c5bb04 0094a7de6c3d4471b71d81131d39ae2b - - default default] Successfully bumped revision number for resource 081945ec-8bcc-485d-a2ac-a3d51f8764b1 (type: security_group_rules) to 0
2026-06-25 23:34:01.203 10 INFO neutron.db.ovn_revision_numbers_db [None req-64087a64-f212-46b0-a0ef-723586da0bad 86dfeae0282646e9aef1766371c5bb04 0094a7de6c3d4471b71d81131d39ae2b - - default default] Successfully bumped revision number for resource 697e78bd-8740-4208-93b7-e64d1fe2c6fc (type: security_group_rules) to 0
2026-06-25 23:34:01.216 10 INFO neutron.db.ovn_revision_numbers_db [None req-64087a64-f212-46b0-a0ef-723586da0bad 86dfeae0282646e9aef1766371c5bb04 0094a7de6c3d4471b71d81131d39ae2b - - default default] Successfully bumped revision number for resource e103323d-a74b-40c7-b18a-f0ef8eb1f92c (type: security_group_rules) to 0
2026-06-25 23:34:01.235 10 INFO neutron.db.ovn_revision_numbers_db [None req-64087a64-f212-46b0-a0ef-723586da0bad 86dfeae0282646e9aef1766371c5bb04 0094a7de6c3d4471b71d81131d39ae2b - - default default] Successfully bumped revision number for resource f5269b39-6a64-426a-8def-80793b6889f4 (type: security_group_rules) to 0
2026-06-25 23:34:01.271 10 INFO neutron.api.wsgi [None req-64087a64-f212-46b0-a0ef-723586da0bad 86dfeae0282646e9aef1766371c5bb04 0094a7de6c3d4471b71d81131d39ae2b - - default default] 10.0.0.182 "GET /v2.0/security-groups?tenant_id=7aaefa81dde84c85b51573bb27f48397&name=default HTTP/1.1" status: 200 len: 3120 time: 0.4017417
2026-06-25 23:34:01.320 10 INFO neutron.db.ovn_revision_numbers_db [None req-ac5e8178-536d-4556-a7c9-d470642b96e1 - - - - - -] Successfully bumped revision number for resource fabaa89a-da3d-402d-b1a8-cfe9a5dde46d (type: ports) to 1
2026-06-25 23:34:01.470 9 WARNING neutron.scheduler.dhcp_agent_scheduler [None req-4001e2d5-2cf4-4bc5-9459-03479735ee68 029b017bc5964118a9579933ad408828 bfeaca3d1e174d77bb39765515f81eb6 - - default default] No more DHCP agents
2026-06-25 23:34:01.482 9 WARNING neutron.api.rpc.agentnotifiers.dhcp_rpc_agent_api [None req-4001e2d5-2cf4-4bc5-9459-03479735ee68 029b017bc5964118a9579933ad408828 bfeaca3d1e174d77bb39765515f81eb6 - - default default] Unable to schedule network 0c0c3402-809a-4dcd-aa1f-a8dc591872e5: no agents available; will retry on subsequent port and subnet creation events.
2026-06-25 23:34:01.524 10 INFO neutron.api.wsgi [None req-7de4b688-b62d-49c3-84e8-fd119695a55e 86dfeae0282646e9aef1766371c5bb04 0094a7de6c3d4471b71d81131d39ae2b - - default default] 10.0.0.182 "DELETE /v2.0/security-groups/7aac068d-71fb-4c9f-9ab9-9025addbdf56 HTTP/1.1" status: 204 len: 168 time: 0.2462087
2026-06-25 23:34:01.555 9 INFO neutron.api.wsgi [None req-d1b0330f-a2a0-4cab-a72d-0f4eb1022327 f992da414eb84a52adfe82091787172f ae242370966a4723aa8946c210fbe8ad - - default default] 10.0.0.182 "GET /v2.0/ports/d66a8c30-86d7-4c89-855f-fefb56cdb479 HTTP/1.1" status: 200 len: 1139 time: 0.0826550
2026-06-25 23:34:01.608 10 WARNING neutron.plugins.ml2.drivers.ovn.mech_driver.ovsdb.ovn_client [None req-b9669e38-b27c-45ad-a7a5-bb3ff4410859 - - - - - -] No port found with ID 96d7c7a0-4b26-4121-bb28-7e366485e0e2: RuntimeError: No port found with ID 96d7c7a0-4b26-4121-bb28-7e366485e0e2
2026-06-25 23:34:01.615 10 INFO neutron.plugins.ml2.drivers.ovn.mech_driver.mech_driver [None req-b9669e38-b27c-45ad-a7a5-bb3ff4410859 - - - - - -] OVN reports status up for port: d66a8c30-86d7-4c89-855f-fefb56cdb479
2026-06-25 23:34:01.622 10 INFO neutron.plugins.ml2.plugin [None req-b9669e38-b27c-45ad-a7a5-bb3ff4410859 - - - - - -] Attempt 1 to provision port d66a8c30-86d7-4c89-855f-fefb56cdb479
2026-06-25 23:34:01.625 9 INFO neutron.db.ovn_revision_numbers_db [None req-4001e2d5-2cf4-4bc5-9459-03479735ee68 029b017bc5964118a9579933ad408828 bfeaca3d1e174d77bb39765515f81eb6 - - default default] Successfully bumped revision number for resource e505f3a6-f9c8-480c-86d8-5597aa77dc4f (type: ports) to 1
2026-06-25 23:34:01.663 10 INFO neutron.db.ovn_revision_numbers_db [None req-ac5e8178-536d-4556-a7c9-d470642b96e1 - - - - - -] Successfully bumped revision number for resource fabaa89a-da3d-402d-b1a8-cfe9a5dde46d (type: ports) to 4
2026-06-25 23:34:01.948 10 INFO neutron.db.ovn_revision_numbers_db [None req-b9669e38-b27c-45ad-a7a5-bb3ff4410859 - - - - - -] Successfully bumped revision number for resource d66a8c30-86d7-4c89-855f-fefb56cdb479 (type: ports) to 2
2026-06-25 23:34:02.007 10 INFO neutron.db.ovn_revision_numbers_db [None req-ac5e8178-536d-4556-a7c9-d470642b96e1 - - - - - -] Successfully bumped revision number for resource fabaa89a-da3d-402d-b1a8-cfe9a5dde46d (type: ports) to 5
2026-06-25 23:34:02.287 9 INFO neutron.db.ovn_revision_numbers_db [None req-4001e2d5-2cf4-4bc5-9459-03479735ee68 029b017bc5964118a9579933ad408828 bfeaca3d1e174d77bb39765515f81eb6 - - default default] Successfully bumped revision number for resource e505f3a6-f9c8-480c-86d8-5597aa77dc4f (type: ports) to 1
2026-06-25 23:34:02.335 9 WARNING neutron.scheduler.dhcp_agent_scheduler [None req-4001e2d5-2cf4-4bc5-9459-03479735ee68 029b017bc5964118a9579933ad408828 bfeaca3d1e174d77bb39765515f81eb6 - - default default] No more DHCP agents
2026-06-25 23:34:02.336 9 WARNING neutron.api.rpc.agentnotifiers.dhcp_rpc_agent_api [None req-4001e2d5-2cf4-4bc5-9459-03479735ee68 029b017bc5964118a9579933ad408828 bfeaca3d1e174d77bb39765515f81eb6 - - default default] Unable to schedule network 0c0c3402-809a-4dcd-aa1f-a8dc591872e5: no agents available; will retry on subsequent port and subnet creation events.
2026-06-25 23:34:02.599 9 INFO neutron.api.wsgi [None req-60ce4e30-0706-406c-99d8-6501d84290b4 f992da414eb84a52adfe82091787172f ae242370966a4723aa8946c210fbe8ad - - default default] 10.0.0.182 "GET /v2.0/ports/d66a8c30-86d7-4c89-855f-fefb56cdb479 HTTP/1.1" status: 200 len: 1141 time: 0.0375493
2026-06-25 23:34:02.677 9 INFO neutron.db.ovn_revision_numbers_db [None req-4001e2d5-2cf4-4bc5-9459-03479735ee68 029b017bc5964118a9579933ad408828 bfeaca3d1e174d77bb39765515f81eb6 - - default default] Successfully bumped revision number for resource e505f3a6-f9c8-480c-86d8-5597aa77dc4f (type: router_ports) to 1
2026-06-25 23:34:02.683 9 INFO neutron.api.wsgi [None req-4001e2d5-2cf4-4bc5-9459-03479735ee68 029b017bc5964118a9579933ad408828 bfeaca3d1e174d77bb39765515f81eb6 - - default default] 10.0.0.182 "PUT /v2.0/routers/480f41f7-9c88-48ce-9cc7-0ad93c39785e/add_router_interface HTTP/1.1" status: 200 len: 503 time: 1.6814122
2026-06-25 23:34:03.231 10 WARNING neutron_lib.context [None req-9d47ab2e-62f0-49ad-ae5c-35f9e77863d3 dc9273694de44dddb58717842ee99741 24e1eff812f24a138e451f47aba7035a - - default default] Method 'is_advsvc' is deprecated since 2023.2 release (neutron-lib 3.8.0) and will be removed once support for the old RBAC API policies will be removed from Neutron. Please use method 'is_service_role' instead.
2026-06-25 23:34:03.289 9 INFO neutron.api.wsgi [None req-4895446c-864c-4059-968c-524939736e36 f992da414eb84a52adfe82091787172f ae242370966a4723aa8946c210fbe8ad - - default default] 10.0.0.182 "PUT /v2.0/routers/55deee50-fa65-4040-8892-2bb6db94f952/remove_router_interface HTTP/1.1" status: 200 len: 503 time: 0.6833527
2026-06-25 23:34:03.310 10 INFO neutron.api.wsgi [None req-935db5d0-077a-40e7-a854-20cbb73e9e65 f992da414eb84a52adfe82091787172f ae242370966a4723aa8946c210fbe8ad - - default default] 10.0.0.182 "GET /v2.0/ports?device_id=55deee50-fa65-4040-8892-2bb6db94f952 HTTP/1.1" status: 200 len: 205 time: 0.0171881 /var/lib/openstack/lib/python3.12/site-packages/pycadf/identifier.py:71: UserWarning: Invalid uuid: neutron. To ensure interoperability, identifiers should be a valid uuid. warnings.warn(('Invalid uuid: %s. To ensure interoperability, '
2026-06-25 23:34:03.372 10 INFO neutron.db.ovn_revision_numbers_db [None req-9d47ab2e-62f0-49ad-ae5c-35f9e77863d3 dc9273694de44dddb58717842ee99741 24e1eff812f24a138e451f47aba7035a - - default default] Successfully bumped revision number for resource b27c4adb-e3b5-452b-b0b6-261d3c7fc87f (type: security_groups) to 1
2026-06-25 23:34:03.378 9 WARNING neutron.scheduler.dhcp_agent_scheduler [None req-5f342b04-a294-4844-8036-3ca7142f12fd 029b017bc5964118a9579933ad408828 bfeaca3d1e174d77bb39765515f81eb6 - - default default] No more DHCP agents
2026-06-25 23:34:03.384 10 INFO neutron.db.ovn_revision_numbers_db [None req-9d47ab2e-62f0-49ad-ae5c-35f9e77863d3 dc9273694de44dddb58717842ee99741 24e1eff812f24a138e451f47aba7035a - - default default] Successfully bumped revision number for resource 227ffce1-46b5-4c8c-a5d6-2ed2c2f7dc5c (type: security_group_rules) to 0
2026-06-25 23:34:03.384 9 WARNING neutron.api.rpc.agentnotifiers.dhcp_rpc_agent_api [None req-5f342b04-a294-4844-8036-3ca7142f12fd 029b017bc5964118a9579933ad408828 bfeaca3d1e174d77bb39765515f81eb6 - - default default] Unable to schedule network eda55884-44ea-4a2b-8e89-ce61fa3f64b3: no agents available; will retry on subsequent port and subnet creation events.
2026-06-25 23:34:03.397 10 INFO neutron.db.ovn_revision_numbers_db [None req-9d47ab2e-62f0-49ad-ae5c-35f9e77863d3 dc9273694de44dddb58717842ee99741 24e1eff812f24a138e451f47aba7035a - - default default] Successfully bumped revision number for resource 600015c0-b4fb-4f6c-afef-611552f5b421 (type: security_group_rules) to 0
2026-06-25 23:34:03.409 10 INFO neutron.db.ovn_revision_numbers_db [None req-9d47ab2e-62f0-49ad-ae5c-35f9e77863d3 dc9273694de44dddb58717842ee99741 24e1eff812f24a138e451f47aba7035a - - default default] Successfully bumped revision number for resource 6fc25107-efee-4576-b0bd-4b7382af66cb (type: security_group_rules) to 0
2026-06-25 23:34:03.424 10 INFO neutron.db.ovn_revision_numbers_db [None req-9d47ab2e-62f0-49ad-ae5c-35f9e77863d3 dc9273694de44dddb58717842ee99741 24e1eff812f24a138e451f47aba7035a - - default default] Successfully bumped revision number for resource e34d0168-dd0a-4c5b-909b-cd6f12551902 (type: security_group_rules) to 0
2026-06-25 23:34:03.508 9 INFO neutron.api.wsgi [None req-d3adbc74-6c74-450d-8513-3fd9426f012b f992da414eb84a52adfe82091787172f ae242370966a4723aa8946c210fbe8ad - - default default] 10.0.0.182 "DELETE /v2.0/routers/55deee50-fa65-4040-8892-2bb6db94f952 HTTP/1.1" status: 204 len: 168 time: 0.1918130
2026-06-25 23:34:03.536 10 INFO neutron.db.ovn_revision_numbers_db [None req-9d47ab2e-62f0-49ad-ae5c-35f9e77863d3 dc9273694de44dddb58717842ee99741 24e1eff812f24a138e451f47aba7035a - - default default] Successfully bumped revision number for resource e29ab163-e1e1-484e-bc9e-046e2a81e574 (type: security_groups) to 1
2026-06-25 23:34:03.549 9 INFO neutron.db.ovn_revision_numbers_db [None req-5f342b04-a294-4844-8036-3ca7142f12fd 029b017bc5964118a9579933ad408828 bfeaca3d1e174d77bb39765515f81eb6 - - default default] Successfully bumped revision number for resource f3f49ce2-c086-4afa-af09-80a67752af03 (type: ports) to 1
2026-06-25 23:34:03.552 10 INFO neutron.db.ovn_revision_numbers_db [None req-9d47ab2e-62f0-49ad-ae5c-35f9e77863d3 dc9273694de44dddb58717842ee99741 24e1eff812f24a138e451f47aba7035a - - default default] Successfully bumped revision number for resource 39f6155e-c158-4186-b665-d695da9d7976 (type: security_group_rules) to 0
2026-06-25 23:34:03.565 10 INFO neutron.db.ovn_revision_numbers_db [None req-9d47ab2e-62f0-49ad-ae5c-35f9e77863d3 dc9273694de44dddb58717842ee99741 24e1eff812f24a138e451f47aba7035a - - default default] Successfully bumped revision number for resource a3b8da8e-b931-484c-9984-555dbef82c4c (type: security_group_rules) to 0
2026-06-25 23:34:03.598 10 INFO neutron.api.wsgi [None req-9d47ab2e-62f0-49ad-ae5c-35f9e77863d3 dc9273694de44dddb58717842ee99741 24e1eff812f24a138e451f47aba7035a - - default default] 10.0.0.182 "POST /v2.0/security-groups HTTP/1.1" status: 201 len: 1824 time: 0.4776385
2026-06-25 23:34:03.644 10 INFO neutron.api.wsgi [None req-37a59d4d-960b-4779-ad91-48b8ef447cfe dc9273694de44dddb58717842ee99741 24e1eff812f24a138e451f47aba7035a - - default default] 10.0.0.182 "GET /v2.0/security-groups HTTP/1.1" status: 200 len: 4724 time: 0.0389154
2026-06-25 23:34:03.647 10 INFO neutron.api.wsgi [None req-9bf9b2ca-da7a-4807-b601-d7ab1c39729e f992da414eb84a52adfe82091787172f ae242370966a4723aa8946c210fbe8ad - - default default] 10.0.0.182 "DELETE /v2.0/subnets/9dc94a3e-034e-415b-b91a-f238855d6d3f HTTP/1.1" status: 204 len: 168 time: 0.1314492
2026-06-25 23:34:03.732 10 INFO neutron.db.ovn_revision_numbers_db [None req-0c3ec449-a45b-4bc3-a3e4-29435c2dd7db dc9273694de44dddb58717842ee99741 24e1eff812f24a138e451f47aba7035a - - default default] Successfully bumped revision number for resource e29ab163-e1e1-484e-bc9e-046e2a81e574 (type: security_groups) to 2
2026-06-25 23:34:03.763 10 INFO neutron.api.wsgi [None req-0c3ec449-a45b-4bc3-a3e4-29435c2dd7db dc9273694de44dddb58717842ee99741 24e1eff812f24a138e451f47aba7035a - - default default] 10.0.0.182 "PUT /v2.0/security-groups/e29ab163-e1e1-484e-bc9e-046e2a81e574 HTTP/1.1" status: 200 len: 1858 time: 0.1151311
2026-06-25 23:34:03.797 10 INFO neutron.api.wsgi [None req-6c314108-16a4-4142-9dcb-9c632859c2ae dc9273694de44dddb58717842ee99741 24e1eff812f24a138e451f47aba7035a - - default default] 10.0.0.182 "GET /v2.0/security-groups/e29ab163-e1e1-484e-bc9e-046e2a81e574 HTTP/1.1" status: 200 len: 1858 time: 0.0230031
2026-06-25 23:34:03.965 9 INFO neutron.api.wsgi [None req-97d06060-a0da-4346-aa7d-90236887cfe6 dc9273694de44dddb58717842ee99741 24e1eff812f24a138e451f47aba7035a - - default default] 10.0.0.182 "DELETE /v2.0/security-groups/e29ab163-e1e1-484e-bc9e-046e2a81e574 HTTP/1.1" status: 204 len: 168 time: 0.1624017
2026-06-25 23:34:04.004 10 INFO neutron.api.wsgi [None req-69a25233-4fb7-4b8c-bb52-90139d86f363 dc9273694de44dddb58717842ee99741 24e1eff812f24a138e451f47aba7035a - - default default] 10.0.0.182 "GET /v2.0/security-groups HTTP/1.1" status: 200 len: 3120 time: 0.0327904
2026-06-25 23:34:04.019 10 INFO neutron.api.v2.resource [None req-588f7b53-0836-47e2-bd34-c700f65a24b0 dc9273694de44dddb58717842ee99741 24e1eff812f24a138e451f47aba7035a - - default default] delete failed (client error): The resource could not be found.
2026-06-25 23:34:04.021 10 INFO neutron.api.wsgi [None req-588f7b53-0836-47e2-bd34-c700f65a24b0 dc9273694de44dddb58717842ee99741 24e1eff812f24a138e451f47aba7035a - - default default] 10.0.0.182 "DELETE /v2.0/security-groups/e29ab163-e1e1-484e-bc9e-046e2a81e574 HTTP/1.1" status: 404 len: 347 time: 0.0099590
2026-06-25 23:34:04.031 10 WARNING neutron_lib.context [None req-d9a4aea7-7fde-489e-953c-35c0fb5b9076 dc9273694de44dddb58717842ee99741 24e1eff812f24a138e451f47aba7035a - - default default] Method 'is_advsvc' is deprecated since 2023.2 release (neutron-lib 3.8.0) and will be removed once support for the old RBAC API policies will be removed from Neutron. Please use method 'is_service_role' instead.
2026-06-25 23:34:04.087 9 INFO neutron.services.segments.plugin [-] Segment ca0f9b11-829c-42ea-a2c0-ec083d040f04 resource provider aggregate not found
2026-06-25 23:34:04.090 9 INFO neutron.services.segments.plugin [-] Segment ca0f9b11-829c-42ea-a2c0-ec083d040f04 resource provider aggregate not found
