2026-06-25 23:31:21.710 9 INFO neutron.db.ovn_revision_numbers_db [None req-88e71b05-0c43-4639-8a91-c617900100b9 86dfeae0282646e9aef1766371c5bb04 0094a7de6c3d4471b71d81131d39ae2b - - default default] Successfully bumped revision number for resource 3c64d452-b1d9-4e9b-a7d5-7f7f1881d94e (type: ports) to 1
2026-06-25 23:31:21.768 9 WARNING neutron.scheduler.dhcp_agent_scheduler [None req-88e71b05-0c43-4639-8a91-c617900100b9 86dfeae0282646e9aef1766371c5bb04 0094a7de6c3d4471b71d81131d39ae2b - - default default] No more DHCP agents
2026-06-25 23:31:21.769 9 WARNING neutron.api.rpc.agentnotifiers.dhcp_rpc_agent_api [None req-88e71b05-0c43-4639-8a91-c617900100b9 86dfeae0282646e9aef1766371c5bb04 0094a7de6c3d4471b71d81131d39ae2b - - default default] Unable to schedule network 423244a7-fcfd-4e6a-8d95-8a016d447430: no agents available; will retry on subsequent port and subnet creation events.
2026-06-25 23:31:22.050 10 INFO neutron.db.ovn_revision_numbers_db [None req-ecfbe25c-c375-4ff4-8bfc-5ce849dc881c - - - - - -] Successfully bumped revision number for resource 926db2f9-1694-4dde-9abb-776cfe90954a (type: ports) to 1
2026-06-25 23:31:22.413 10 INFO neutron.db.ovn_revision_numbers_db [None req-9da49cb9-ebd0-462b-bc4c-81a007f6b7d2 86dfeae0282646e9aef1766371c5bb04 0094a7de6c3d4471b71d81131d39ae2b - - default default] Successfully bumped revision number for resource c0c7727a-0445-4a42-a7b2-7e233d864e9e (type: router_ports) to 1
2026-06-25 23:31:22.418 10 INFO neutron.api.wsgi [None req-9da49cb9-ebd0-462b-bc4c-81a007f6b7d2 86dfeae0282646e9aef1766371c5bb04 0094a7de6c3d4471b71d81131d39ae2b - - default default] 10.0.0.182 "PUT /v2.0/routers/f236d224-a29c-400e-8463-6808430d45b4/add_router_interface HTTP/1.1" status: 200 len: 503 time: 4.1977551
2026-06-25 23:31:22.534 9 INFO neutron.db.ovn_revision_numbers_db [None req-88e71b05-0c43-4639-8a91-c617900100b9 86dfeae0282646e9aef1766371c5bb04 0094a7de6c3d4471b71d81131d39ae2b - - default default] Successfully bumped revision number for resource 3c64d452-b1d9-4e9b-a7d5-7f7f1881d94e (type: router_ports) to 1
2026-06-25 23:31:22.543 9 INFO neutron.api.wsgi [None req-88e71b05-0c43-4639-8a91-c617900100b9 86dfeae0282646e9aef1766371c5bb04 0094a7de6c3d4471b71d81131d39ae2b - - default default] 10.0.0.182 "PUT /v2.0/routers/f235e2db-9d1f-490b-8162-548164f8350c/add_router_interface HTTP/1.1" status: 200 len: 503 time: 2.0023103
2026-06-25 23:31:22.685 10 INFO neutron.db.ovn_revision_numbers_db [None req-ecfbe25c-c375-4ff4-8bfc-5ce849dc881c - - - - - -] Successfully bumped revision number for resource 926db2f9-1694-4dde-9abb-776cfe90954a (type: ports) to 4
2026-06-25 23:31:22.896 10 INFO neutron.db.ovn_revision_numbers_db [None req-77c1a16b-a5fb-4074-883d-1083561b3fe8 86dfeae0282646e9aef1766371c5bb04 0094a7de6c3d4471b71d81131d39ae2b - - default default] Successfully bumped revision number for resource 2ed36c4f-487e-4896-b36b-a247d158d026 (type: router_ports) to 1
2026-06-25 23:31:22.902 10 INFO neutron.api.wsgi [None req-77c1a16b-a5fb-4074-883d-1083561b3fe8 86dfeae0282646e9aef1766371c5bb04 0094a7de6c3d4471b71d81131d39ae2b - - default default] 10.0.0.182 "PUT /v2.0/routers/1e59b6e8-0607-441e-a3b8-4937f1e0ee03/add_router_interface HTTP/1.1" status: 200 len: 503 time: 4.1777298
2026-06-25 23:31:23.027 9 WARNING neutron_lib.context [None req-2c5ad0e5-a2b2-490b-ab6a-0d1bc8e389dc 376218fc49374488930cad689bb1b61d 6e118bfb7489427cb351f8169a736a55 - - default default] Method 'is_advsvc' is deprecated since 2023.2 release (neutron-lib 3.8.0) and will be removed once support for the old RBAC API policies will be removed from Neutron. Please use method 'is_service_role' instead.
2026-06-25 23:31:23.044 10 INFO neutron.db.ovn_revision_numbers_db [None req-47f6660d-383d-4048-a6fa-f53aba7ee331 86dfeae0282646e9aef1766371c5bb04 0094a7de6c3d4471b71d81131d39ae2b - - default default] Successfully bumped revision number for resource 5f8fceee-177c-4113-aed3-17815e83529c (type: router_ports) to 1
2026-06-25 23:31:23.051 10 INFO neutron.api.wsgi [None req-47f6660d-383d-4048-a6fa-f53aba7ee331 86dfeae0282646e9aef1766371c5bb04 0094a7de6c3d4471b71d81131d39ae2b - - default default] 10.0.0.182 "PUT /v2.0/routers/482017e8-b464-4613-b262-57c548fa9183/add_router_interface HTTP/1.1" status: 200 len: 503 time: 3.8885131
2026-06-25 23:31:23.134 10 INFO neutron.db.ovn_revision_numbers_db [None req-ecfbe25c-c375-4ff4-8bfc-5ce849dc881c - - - - - -] Successfully bumped revision number for resource 926db2f9-1694-4dde-9abb-776cfe90954a (type: ports) to 5
2026-06-25 23:31:23.135 9 INFO neutron.db.ovn_revision_numbers_db [None req-2c5ad0e5-a2b2-490b-ab6a-0d1bc8e389dc 376218fc49374488930cad689bb1b61d 6e118bfb7489427cb351f8169a736a55 - - default default] Successfully bumped revision number for resource 7024191a-b588-404f-8b5f-6d62c93fa6c0 (type: security_groups) to 1
2026-06-25 23:31:23.147 9 INFO neutron.db.ovn_revision_numbers_db [None req-2c5ad0e5-a2b2-490b-ab6a-0d1bc8e389dc 376218fc49374488930cad689bb1b61d 6e118bfb7489427cb351f8169a736a55 - - default default] Successfully bumped revision number for resource 20eba911-63f0-4422-b2c5-13f491fa1910 (type: security_group_rules) to 0
2026-06-25 23:31:23.158 9 INFO neutron.db.ovn_revision_numbers_db [None req-2c5ad0e5-a2b2-490b-ab6a-0d1bc8e389dc 376218fc49374488930cad689bb1b61d 6e118bfb7489427cb351f8169a736a55 - - default default] Successfully bumped revision number for resource a2e753ab-9281-4f52-9f93-a02e5132bdad (type: security_group_rules) to 0
2026-06-25 23:31:23.188 9 INFO neutron.api.wsgi [None req-2c5ad0e5-a2b2-490b-ab6a-0d1bc8e389dc 376218fc49374488930cad689bb1b61d 6e118bfb7489427cb351f8169a736a55 - - default default] 10.0.0.182 "POST /v2.0/security-groups HTTP/1.1" status: 201 len: 1860 time: 0.1686344
2026-06-25 23:31:23.194 10 INFO neutron.plugins.ml2.drivers.ovn.mech_driver.ovsdb.ovsdb_monitor [None req-ecfbe25c-c375-4ff4-8bfc-5ce849dc881c - - - - - -] Router f235e2db-9d1f-490b-8162-548164f8350c is bound to host instance
2026-06-25 23:31:23.196 9 WARNING neutron_lib.context [None req-8f79f229-86ef-4c11-ab33-22c341b9afb6 376218fc49374488930cad689bb1b61d 6e118bfb7489427cb351f8169a736a55 - - default default] Method 'is_advsvc' is deprecated since 2023.2 release (neutron-lib 3.8.0) and will be removed once support for the old RBAC API policies will be removed from Neutron. Please use method 'is_service_role' instead.
2026-06-25 23:31:23.321 9 INFO neutron.db.ovn_revision_numbers_db [None req-8f79f229-86ef-4c11-ab33-22c341b9afb6 376218fc49374488930cad689bb1b61d 6e118bfb7489427cb351f8169a736a55 - - default default] Successfully bumped revision number for resource 24656292-23f8-4e7c-a16c-b166a6004272 (type: security_group_rules) to 0
2026-06-25 23:31:23.323 10 WARNING neutron_lib.context [req-0298bfab-70b4-4416-accf-8b3b5d0cb389 req-52aa9617-47f8-4f43-8abf-cb924aa25a38 abbafcb9120c4c62bf2ef232b85f596c f78a4c7f6a0049db9fffe576d49f9561 - - default default] Method 'is_advsvc' is deprecated since 2023.2 release (neutron-lib 3.8.0) and will be removed once support for the old RBAC API policies will be removed from Neutron. Please use method 'is_service_role' instead.
2026-06-25 23:31:23.354 9 INFO neutron.api.wsgi [None req-8f79f229-86ef-4c11-ab33-22c341b9afb6 376218fc49374488930cad689bb1b61d 6e118bfb7489427cb351f8169a736a55 - - default default] 10.0.0.182 "POST /v2.0/security-group-rules HTTP/1.1" status: 201 len: 796 time: 0.1617067
2026-06-25 23:31:23.364 9 WARNING neutron_lib.context [None req-54e3aeca-b361-4e83-98ab-cfa6efe73604 376218fc49374488930cad689bb1b61d 6e118bfb7489427cb351f8169a736a55 - - default default] Method 'is_advsvc' is deprecated since 2023.2 release (neutron-lib 3.8.0) and will be removed once support for the old RBAC API policies will be removed from Neutron. Please use method 'is_service_role' instead.
2026-06-25 23:31:23.463 9 INFO neutron.db.ovn_revision_numbers_db [None req-54e3aeca-b361-4e83-98ab-cfa6efe73604 376218fc49374488930cad689bb1b61d 6e118bfb7489427cb351f8169a736a55 - - default default] Successfully bumped revision number for resource 2041dee3-22b7-4c3c-9fd6-e0bf0f7a65bf (type: security_group_rules) to 0
2026-06-25 23:31:23.467 10 INFO neutron.db.ovn_revision_numbers_db [req-0298bfab-70b4-4416-accf-8b3b5d0cb389 req-52aa9617-47f8-4f43-8abf-cb924aa25a38 abbafcb9120c4c62bf2ef232b85f596c f78a4c7f6a0049db9fffe576d49f9561 - - default default] Successfully bumped revision number for resource 205c9028-d2cf-4cd6-b92f-cd7e8e335f9f (type: security_groups) to 1
2026-06-25 23:31:23.481 10 INFO neutron.db.ovn_revision_numbers_db [req-0298bfab-70b4-4416-accf-8b3b5d0cb389 req-52aa9617-47f8-4f43-8abf-cb924aa25a38 abbafcb9120c4c62bf2ef232b85f596c f78a4c7f6a0049db9fffe576d49f9561 - - default default] Successfully bumped revision number for resource 3b9ac428-0374-4235-9d4a-7c7440f0ff97 (type: security_group_rules) to 0
2026-06-25 23:31:23.492 9 INFO neutron.api.wsgi [None req-54e3aeca-b361-4e83-98ab-cfa6efe73604 376218fc49374488930cad689bb1b61d 6e118bfb7489427cb351f8169a736a55 - - default default] 10.0.0.182 "POST /v2.0/security-group-rules HTTP/1.1" status: 201 len: 801 time: 0.1320426
2026-06-25 23:31:23.492 10 INFO neutron.db.ovn_revision_numbers_db [req-0298bfab-70b4-4416-accf-8b3b5d0cb389 req-52aa9617-47f8-4f43-8abf-cb924aa25a38 abbafcb9120c4c62bf2ef232b85f596c f78a4c7f6a0049db9fffe576d49f9561 - - default default] Successfully bumped revision number for resource 83fd662a-ec67-41fd-88c3-5758aa37f574 (type: security_group_rules) to 0
2026-06-25 23:31:23.500 9 WARNING neutron_lib.context [None req-154492ed-6837-4c2d-9b66-fd24f884f569 376218fc49374488930cad689bb1b61d 6e118bfb7489427cb351f8169a736a55 - - default default] Method 'is_advsvc' is deprecated since 2023.2 release (neutron-lib 3.8.0) and will be removed once support for the old RBAC API policies will be removed from Neutron. Please use method 'is_service_role' instead.
2026-06-25 23:31:23.525 10 INFO neutron.api.wsgi [req-0298bfab-70b4-4416-accf-8b3b5d0cb389 req-52aa9617-47f8-4f43-8abf-cb924aa25a38 abbafcb9120c4c62bf2ef232b85f596c f78a4c7f6a0049db9fffe576d49f9561 - - default default] 10.0.0.157 "POST /v2.0/security-groups HTTP/1.1" status: 201 len: 1891 time: 0.2504284
2026-06-25 23:31:23.615 10 INFO neutron.db.ovn_revision_numbers_db [None req-de9ab963-5174-4d53-aba8-c21fbb6cc03f - - - - - -] Successfully bumped revision number for resource 9f87c865-cbf9-4118-9164-b6b2aec01c8c (type: ports) to 1
2026-06-25 23:31:23.623 10 WARNING neutron_lib.context [None req-90a710b1-3aa7-4923-9e6c-d894b964abef f77e6878173e43d09c3a21d098c2e100 a49421964ab3464d88a4b856e3bac957 - - default default] Method 'is_advsvc' is deprecated since 2023.2 release (neutron-lib 3.8.0) and will be removed once support for the old RBAC API policies will be removed from Neutron. Please use method 'is_service_role' instead.
2026-06-25 23:31:23.649 10 INFO neutron.api.wsgi [req-1e555552-4426-4b8a-b193-dca342de2b2c req-3c4f61bb-2893-4cb4-9bca-9020ada02f79 abbafcb9120c4c62bf2ef232b85f596c f78a4c7f6a0049db9fffe576d49f9561 - - default default] 10.0.0.157 "GET /v2.0/security-groups/205c9028-d2cf-4cd6-b92f-cd7e8e335f9f HTTP/1.1" status: 200 len: 1886 time: 0.0216310
2026-06-25 23:31:23.664 10 WARNING neutron_lib.context [req-1e555552-4426-4b8a-b193-dca342de2b2c req-903270f6-a5cc-44e6-8d46-4b50bff32539 abbafcb9120c4c62bf2ef232b85f596c f78a4c7f6a0049db9fffe576d49f9561 - - default default] Method 'is_advsvc' is deprecated since 2023.2 release (neutron-lib 3.8.0) and will be removed once support for the old RBAC API policies will be removed from Neutron. Please use method 'is_service_role' instead.
2026-06-25 23:31:23.731 9 WARNING neutron.scheduler.dhcp_agent_scheduler [None req-154492ed-6837-4c2d-9b66-fd24f884f569 376218fc49374488930cad689bb1b61d 6e118bfb7489427cb351f8169a736a55 - - default default] No more DHCP agents
2026-06-25 23:31:23.733 9 WARNING neutron.api.rpc.agentnotifiers.dhcp_rpc_agent_api [None req-154492ed-6837-4c2d-9b66-fd24f884f569 376218fc49374488930cad689bb1b61d 6e118bfb7489427cb351f8169a736a55 - - default default] Unable to schedule network 7aedf66c-0727-4621-af53-4780d276fef0: no agents available; will retry on subsequent port and subnet creation events.
2026-06-25 23:31:23.733 10 WARNING neutron_lib.context [req-e96c3d81-f4c0-40fd-a470-5719839b1903 req-1ea1a17e-b942-4b33-ac29-c789d834da21 fd33c4b751d546c68da1a738937d2e5d d45ed042a6054b5792c2c8e76aaf7b14 - - default default] Method 'is_advsvc' is deprecated since 2023.2 release (neutron-lib 3.8.0) and will be removed once support for the old RBAC API policies will be removed from Neutron. Please use method 'is_service_role' instead.
2026-06-25 23:31:23.861 10 INFO neutron.db.ovn_revision_numbers_db [None req-90a710b1-3aa7-4923-9e6c-d894b964abef f77e6878173e43d09c3a21d098c2e100 a49421964ab3464d88a4b856e3bac957 - - default default] Successfully bumped revision number for resource b6ba5239-6554-49c8-b790-b4a8d71845b2 (type: security_groups) to 1
2026-06-25 23:31:23.892 10 INFO neutron.db.ovn_revision_numbers_db [None req-90a710b1-3aa7-4923-9e6c-d894b964abef f77e6878173e43d09c3a21d098c2e100 a49421964ab3464d88a4b856e3bac957 - - default default] Successfully bumped revision number for resource 1db983e2-3ecb-4b42-a4be-06730ddc6cdb (type: security_group_rules) to 0
2026-06-25 23:31:23.917 10 INFO neutron.db.ovn_revision_numbers_db [None req-90a710b1-3aa7-4923-9e6c-d894b964abef f77e6878173e43d09c3a21d098c2e100 a49421964ab3464d88a4b856e3bac957 - - default default] Successfully bumped revision number for resource fb11668c-4994-4c2c-b922-6528ae259cbc (type: security_group_rules) to 0
2026-06-25 23:31:23.931 10 INFO neutron.db.ovn_revision_numbers_db [req-1e555552-4426-4b8a-b193-dca342de2b2c req-903270f6-a5cc-44e6-8d46-4b50bff32539 abbafcb9120c4c62bf2ef232b85f596c f78a4c7f6a0049db9fffe576d49f9561 - - default default] Successfully bumped revision number for resource 1aec11f5-e03d-40df-9c23-3c4ef144e83f (type: security_group_rules) to 0
2026-06-25 23:31:23.954 10 INFO neutron.db.ovn_revision_numbers_db [req-e96c3d81-f4c0-40fd-a470-5719839b1903 req-1ea1a17e-b942-4b33-ac29-c789d834da21 fd33c4b751d546c68da1a738937d2e5d d45ed042a6054b5792c2c8e76aaf7b14 - - default default] Successfully bumped revision number for resource 4f62d1a7-2fa7-48ca-b745-e94544cd86d6 (type: security_groups) to 1
2026-06-25 23:31:23.967 10 INFO neutron.api.wsgi [None req-90a710b1-3aa7-4923-9e6c-d894b964abef f77e6878173e43d09c3a21d098c2e100 a49421964ab3464d88a4b856e3bac957 - - default default] 10.0.0.182 "POST /v2.0/security-groups HTTP/1.1" status: 201 len: 1860 time: 0.3491414
2026-06-25 23:31:23.977 9 WARNING neutron_lib.context [None req-a6f1b5b4-1618-4f7c-ba47-e8d2ffd75d7e f77e6878173e43d09c3a21d098c2e100 a49421964ab3464d88a4b856e3bac957 - - default default] Method 'is_advsvc' is deprecated since 2023.2 release (neutron-lib 3.8.0) and will be removed once support for the old RBAC API policies will be removed from Neutron. Please use method 'is_service_role' instead.
2026-06-25 23:31:23.980 9 INFO neutron.api.wsgi [None req-154492ed-6837-4c2d-9b66-fd24f884f569 376218fc49374488930cad689bb1b61d 6e118bfb7489427cb351f8169a736a55 - - default default] 10.0.0.182 "POST /v2.0/floatingips HTTP/1.1" status: 201 len: 751 time: 0.4843020
2026-06-25 23:31:23.987 10 INFO neutron.db.ovn_revision_numbers_db [req-e96c3d81-f4c0-40fd-a470-5719839b1903 req-1ea1a17e-b942-4b33-ac29-c789d834da21 fd33c4b751d546c68da1a738937d2e5d d45ed042a6054b5792c2c8e76aaf7b14 - - default default] Successfully bumped revision number for resource 53632cdc-c375-4ebe-b0dc-d4178db98303 (type: security_group_rules) to 0
2026-06-25 23:31:23.999 10 INFO neutron.api.wsgi [req-1e555552-4426-4b8a-b193-dca342de2b2c req-903270f6-a5cc-44e6-8d46-4b50bff32539 abbafcb9120c4c62bf2ef232b85f596c f78a4c7f6a0049db9fffe576d49f9561 - - default default] 10.0.0.157 "POST /v2.0/security-group-rules HTTP/1.1" status: 201 len: 818 time: 0.3432989
2026-06-25 23:31:24.018 10 INFO neutron.db.ovn_revision_numbers_db [req-e96c3d81-f4c0-40fd-a470-5719839b1903 req-1ea1a17e-b942-4b33-ac29-c789d834da21 fd33c4b751d546c68da1a738937d2e5d d45ed042a6054b5792c2c8e76aaf7b14 - - default default] Successfully bumped revision number for resource f3f441d8-4e1e-46af-8933-08eb94d05515 (type: security_group_rules) to 0
2026-06-25 23:31:24.037 10 WARNING neutron_lib.context [req-2bc75efd-683b-4170-b652-41ef64d32d8a req-bd7db6cb-4648-4bf7-9c6c-95c449db4bb1 abbafcb9120c4c62bf2ef232b85f596c f78a4c7f6a0049db9fffe576d49f9561 - - default default] Method 'is_advsvc' is deprecated since 2023.2 release (neutron-lib 3.8.0) and will be removed once support for the old RBAC API policies will be removed from Neutron. Please use method 'is_service_role' instead.
2026-06-25 23:31:24.080 10 INFO neutron.api.wsgi [req-e96c3d81-f4c0-40fd-a470-5719839b1903 req-1ea1a17e-b942-4b33-ac29-c789d834da21 fd33c4b751d546c68da1a738937d2e5d d45ed042a6054b5792c2c8e76aaf7b14 - - default default] 10.0.0.157 "POST /v2.0/security-groups HTTP/1.1" status: 201 len: 1887 time: 0.4131525
2026-06-25 23:31:24.083 9 INFO neutron.db.ovn_revision_numbers_db [None req-a6f1b5b4-1618-4f7c-ba47-e8d2ffd75d7e f77e6878173e43d09c3a21d098c2e100 a49421964ab3464d88a4b856e3bac957 - - default default] Successfully bumped revision number for resource 049ce403-41f0-407c-9d9a-829eac866f71 (type: security_group_rules) to 0
2026-06-25 23:31:24.109 10 WARNING neutron_lib.context [req-ec9c2860-8d22-4412-9ff4-31507cb4c2a1 req-fd2ce497-cada-49ad-bbc1-05775425a512 fd33c4b751d546c68da1a738937d2e5d d45ed042a6054b5792c2c8e76aaf7b14 - - default default] Method 'is_advsvc' is deprecated since 2023.2 release (neutron-lib 3.8.0) and will be removed once support for the old RBAC API policies will be removed from Neutron. Please use method 'is_service_role' instead.
2026-06-25 23:31:24.115 9 INFO neutron.api.wsgi [None req-a6f1b5b4-1618-4f7c-ba47-e8d2ffd75d7e f77e6878173e43d09c3a21d098c2e100 a49421964ab3464d88a4b856e3bac957 - - default default] 10.0.0.182 "POST /v2.0/security-group-rules HTTP/1.1" status: 201 len: 796 time: 0.1432884
2026-06-25 23:31:24.125 9 WARNING neutron_lib.context [None req-fa557715-2605-44ee-99b3-2753f6751835 f77e6878173e43d09c3a21d098c2e100 a49421964ab3464d88a4b856e3bac957 - - default default] Method 'is_advsvc' is deprecated since 2023.2 release (neutron-lib 3.8.0) and will be removed once support for the old RBAC API policies will be removed from Neutron. Please use method 'is_service_role' instead.
2026-06-25 23:31:24.159 10 INFO neutron.db.ovn_revision_numbers_db [None req-de9ab963-5174-4d53-aba8-c21fbb6cc03f - - - - - -] Successfully bumped revision number for resource 9f87c865-cbf9-4118-9164-b6b2aec01c8c (type: ports) to 4
2026-06-25 23:31:24.192 10 INFO neutron.db.ovn_revision_numbers_db [req-2bc75efd-683b-4170-b652-41ef64d32d8a req-bd7db6cb-4648-4bf7-9c6c-95c449db4bb1 abbafcb9120c4c62bf2ef232b85f596c f78a4c7f6a0049db9fffe576d49f9561 - - default default] Successfully bumped revision number for resource ec9d5a4f-ad37-4c24-b0dd-fc2f3367cf92 (type: security_groups) to 1
2026-06-25 23:31:24.217 9 INFO neutron.db.ovn_revision_numbers_db [None req-fa557715-2605-44ee-99b3-2753f6751835 f77e6878173e43d09c3a21d098c2e100 a49421964ab3464d88a4b856e3bac957 - - default default] Successfully bumped revision number for resource 87bd0677-b74d-4e81-9d17-59f4e5633144 (type: security_group_rules) to 0
2026-06-25 23:31:24.220 10 INFO neutron.db.ovn_revision_numbers_db [req-2bc75efd-683b-4170-b652-41ef64d32d8a req-bd7db6cb-4648-4bf7-9c6c-95c449db4bb1 abbafcb9120c4c62bf2ef232b85f596c f78a4c7f6a0049db9fffe576d49f9561 - - default default] Successfully bumped revision number for resource f7cb3407-c38e-44d8-bb68-675ac1713c72 (type: security_group_rules) to 0
2026-06-25 23:31:24.226 10 INFO neutron.plugins.ml2.drivers.ovn.mech_driver.mech_driver [None req-1efa4eea-deb1-43bf-b893-7b5f593a955a - - - - - -] OVN reports status up for port: 9f87c865-cbf9-4118-9164-b6b2aec01c8c
2026-06-25 23:31:24.239 9 INFO neutron.api.wsgi [None req-fa557715-2605-44ee-99b3-2753f6751835 f77e6878173e43d09c3a21d098c2e100 a49421964ab3464d88a4b856e3bac957 - - default default] 10.0.0.182 "POST /v2.0/security-group-rules HTTP/1.1" status: 201 len: 801 time: 0.1171825
2026-06-25 23:31:24.241 10 INFO neutron.db.ovn_revision_numbers_db [req-2bc75efd-683b-4170-b652-41ef64d32d8a req-bd7db6cb-4648-4bf7-9c6c-95c449db4bb1 abbafcb9120c4c62bf2ef232b85f596c f78a4c7f6a0049db9fffe576d49f9561 - - default default] Successfully bumped revision number for resource f948fcfd-bff0-4a91-a042-dad3de8ec294 (type: security_group_rules) to 0
2026-06-25 23:31:24.248 9 WARNING neutron_lib.context [None req-29118c69-b52c-495f-8fa8-4d67e577ed4f f77e6878173e43d09c3a21d098c2e100 a49421964ab3464d88a4b856e3bac957 - - default default] Method 'is_advsvc' is deprecated since 2023.2 release (neutron-lib 3.8.0) and will be removed once support for the old RBAC API policies will be removed from Neutron. Please use method 'is_service_role' instead.
2026-06-25 23:31:24.252 10 INFO neutron.db.ovn_revision_numbers_db [req-ec9c2860-8d22-4412-9ff4-31507cb4c2a1 req-fd2ce497-cada-49ad-bbc1-05775425a512 fd33c4b751d546c68da1a738937d2e5d d45ed042a6054b5792c2c8e76aaf7b14 - - default default] Successfully bumped revision number for resource d06f0c64-adea-4713-9a8c-f7dbaa29df46 (type: security_groups) to 1
2026-06-25 23:31:24.272 10 INFO neutron.db.ovn_revision_numbers_db [req-ec9c2860-8d22-4412-9ff4-31507cb4c2a1 req-fd2ce497-cada-49ad-bbc1-05775425a512 fd33c4b751d546c68da1a738937d2e5d d45ed042a6054b5792c2c8e76aaf7b14 - - default default] Successfully bumped revision number for resource 5ce7c28d-cd9d-4eff-9724-8fd911ec735d (type: security_group_rules) to 0
2026-06-25 23:31:24.285 10 INFO neutron.api.wsgi [req-2bc75efd-683b-4170-b652-41ef64d32d8a req-bd7db6cb-4648-4bf7-9c6c-95c449db4bb1 abbafcb9120c4c62bf2ef232b85f596c f78a4c7f6a0049db9fffe576d49f9561 - - default default] 10.0.0.157 "POST /v2.0/security-groups HTTP/1.1" status: 201 len: 1890 time: 0.2553799
2026-06-25 23:31:24.286 10 INFO neutron.db.ovn_revision_numbers_db [req-ec9c2860-8d22-4412-9ff4-31507cb4c2a1 req-fd2ce497-cada-49ad-bbc1-05775425a512 fd33c4b751d546c68da1a738937d2e5d d45ed042a6054b5792c2c8e76aaf7b14 - - default default] Successfully bumped revision number for resource c6248857-28f0-4d0c-a16e-9089fbbe229e (type: security_group_rules) to 0
2026-06-25 23:31:24.307 10 INFO neutron.plugins.ml2.plugin [None req-1efa4eea-deb1-43bf-b893-7b5f593a955a - - - - - -] Attempt 1 to provision port 9f87c865-cbf9-4118-9164-b6b2aec01c8c
2026-06-25 23:31:24.316 10 INFO neutron.api.wsgi [req-ec9c2860-8d22-4412-9ff4-31507cb4c2a1 req-fd2ce497-cada-49ad-bbc1-05775425a512 fd33c4b751d546c68da1a738937d2e5d d45ed042a6054b5792c2c8e76aaf7b14 - - default default] 10.0.0.157 "POST /v2.0/security-groups HTTP/1.1" status: 201 len: 1885 time: 0.2130990
2026-06-25 23:31:24.359 10 INFO neutron.api.wsgi [req-a4e04004-bd83-4eb6-90b7-465ecc5a9e61 req-5aac4ff6-ed5c-42f8-9800-8cb2c306f2e6 abbafcb9120c4c62bf2ef232b85f596c f78a4c7f6a0049db9fffe576d49f9561 - - default default] 10.0.0.157 "GET /v2.0/security-groups/ec9d5a4f-ad37-4c24-b0dd-fc2f3367cf92 HTTP/1.1" status: 200 len: 1885 time: 0.0243535
2026-06-25 23:31:24.376 10 WARNING neutron_lib.context [req-a4e04004-bd83-4eb6-90b7-465ecc5a9e61 req-5b5f5545-ef50-4e12-a521-bd1a3d53ba2a abbafcb9120c4c62bf2ef232b85f596c f78a4c7f6a0049db9fffe576d49f9561 - - default default] Method 'is_advsvc' is deprecated since 2023.2 release (neutron-lib 3.8.0) and will be removed once support for the old RBAC API policies will be removed from Neutron. Please use method 'is_service_role' instead.
2026-06-25 23:31:24.432 9 WARNING neutron.scheduler.dhcp_agent_scheduler [None req-29118c69-b52c-495f-8fa8-4d67e577ed4f f77e6878173e43d09c3a21d098c2e100 a49421964ab3464d88a4b856e3bac957 - - default default] No more DHCP agents
2026-06-25 23:31:24.433 9 WARNING neutron.api.rpc.agentnotifiers.dhcp_rpc_agent_api [None req-29118c69-b52c-495f-8fa8-4d67e577ed4f f77e6878173e43d09c3a21d098c2e100 a49421964ab3464d88a4b856e3bac957 - - default default] Unable to schedule network 7aedf66c-0727-4621-af53-4780d276fef0: no agents available; will retry on subsequent port and subnet creation events.
2026-06-25 23:31:24.525 10 INFO neutron.plugins.ml2.drivers.ovn.mech_driver.mech_driver [None req-1efa4eea-deb1-43bf-b893-7b5f593a955a - - - - - -] OVN reports status up for port: c0c7727a-0445-4a42-a7b2-7e233d864e9e
2026-06-25 23:31:24.545 10 INFO neutron.plugins.ml2.plugin [None req-1efa4eea-deb1-43bf-b893-7b5f593a955a - - - - - -] Attempt 1 to provision port c0c7727a-0445-4a42-a7b2-7e233d864e9e
2026-06-25 23:31:24.550 10 INFO neutron.api.wsgi [req-4ca747d4-1efa-4116-bfeb-d78798123f7d req-7dea1c27-9ad8-4d0f-a543-57064ae1ea8c 376218fc49374488930cad689bb1b61d 6e118bfb7489427cb351f8169a736a55 - - default default] 10.0.0.157 "GET /v2.0/security-groups?name=tempest-securitygroup--1646296310&fields=id&tenant_id=6e118bfb7489427cb351f8169a736a55 HTTP/1.1" status: 200 len: 267 time: 0.1811545
2026-06-25 23:31:24.652 10 INFO neutron.api.wsgi [req-4ca747d4-1efa-4116-bfeb-d78798123f7d req-c0690ef6-c5b9-437b-b3cc-6bbe0470f854 376218fc49374488930cad689bb1b61d 6e118bfb7489427cb351f8169a736a55 - - default default] 10.0.0.157 "GET /v2.0/networks?id=423244a7-fcfd-4e6a-8d95-8a016d447430 HTTP/1.1" status: 200 len: 883 time: 0.0912998
2026-06-25 23:31:24.675 9 INFO neutron.api.wsgi [None req-29118c69-b52c-495f-8fa8-4d67e577ed4f f77e6878173e43d09c3a21d098c2e100 a49421964ab3464d88a4b856e3bac957 - - default default] 10.0.0.182 "POST /v2.0/floatingips HTTP/1.1" status: 201 len: 751 time: 0.4294426
2026-06-25 23:31:24.699 10 INFO neutron.api.wsgi [req-4ca747d4-1efa-4116-bfeb-d78798123f7d req-eca59027-8a6b-48b6-9a87-6ed1589746ad 376218fc49374488930cad689bb1b61d 6e118bfb7489427cb351f8169a736a55 - - default default] 10.0.0.157 "GET /v2.0/quotas/6e118bfb7489427cb351f8169a736a55 HTTP/1.1" status: 200 len: 491 time: 0.0291355
2026-06-25 23:31:24.772 10 INFO neutron.db.ovn_revision_numbers_db [None req-de9ab963-5174-4d53-aba8-c21fbb6cc03f - - - - - -] Successfully bumped revision number for resource 9f87c865-cbf9-4118-9164-b6b2aec01c8c (type: ports) to 5
2026-06-25 23:31:24.787 10 INFO neutron.db.ovn_revision_numbers_db [req-a4e04004-bd83-4eb6-90b7-465ecc5a9e61 req-5b5f5545-ef50-4e12-a521-bd1a3d53ba2a abbafcb9120c4c62bf2ef232b85f596c f78a4c7f6a0049db9fffe576d49f9561 - - default default] Successfully bumped revision number for resource b3c95a84-8604-46c6-afde-e5220bfcf5e3 (type: security_group_rules) to 0
2026-06-25 23:31:24.861 10 INFO neutron.api.wsgi [req-a4e04004-bd83-4eb6-90b7-465ecc5a9e61 req-5b5f5545-ef50-4e12-a521-bd1a3d53ba2a abbafcb9120c4c62bf2ef232b85f596c f78a4c7f6a0049db9fffe576d49f9561 - - default default] 10.0.0.157 "POST /v2.0/security-group-rules HTTP/1.1" status: 201 len: 818 time: 0.4950249
2026-06-25 23:31:24.875 10 INFO neutron.api.wsgi [req-4ca747d4-1efa-4116-bfeb-d78798123f7d req-af7ff6c4-ab42-432b-9c9a-36334c785f0f 376218fc49374488930cad689bb1b61d 6e118bfb7489427cb351f8169a736a55 - - default default] 10.0.0.157 "GET /v2.0/ports?tenant_id=6e118bfb7489427cb351f8169a736a55&fields=id HTTP/1.1" status: 200 len: 302 time: 0.1596754
2026-06-25 23:31:24.882 10 WARNING neutron_lib.context [req-97d17839-4f1f-43d2-b681-b005e82dc632 req-9ea3262a-dc93-439e-9dc6-a8489c9acfaa fd33c4b751d546c68da1a738937d2e5d d45ed042a6054b5792c2c8e76aaf7b14 - - default default] Method 'is_advsvc' is deprecated since 2023.2 release (neutron-lib 3.8.0) and will be removed once support for the old RBAC API policies will be removed from Neutron. Please use method 'is_service_role' instead.
2026-06-25 23:31:25.009 10 INFO neutron.db.ovn_revision_numbers_db [req-97d17839-4f1f-43d2-b681-b005e82dc632 req-9ea3262a-dc93-439e-9dc6-a8489c9acfaa fd33c4b751d546c68da1a738937d2e5d d45ed042a6054b5792c2c8e76aaf7b14 - - default default] Successfully bumped revision number for resource abf897b0-46e9-46c6-b935-7f0451fed85f (type: security_groups) to 1
2026-06-25 23:31:25.035 10 INFO neutron.db.ovn_revision_numbers_db [req-97d17839-4f1f-43d2-b681-b005e82dc632 req-9ea3262a-dc93-439e-9dc6-a8489c9acfaa fd33c4b751d546c68da1a738937d2e5d d45ed042a6054b5792c2c8e76aaf7b14 - - default default] Successfully bumped revision number for resource d2547be4-307f-470c-b421-1e20e4c82115 (type: security_group_rules) to 0
2026-06-25 23:31:25.053 10 INFO neutron.db.ovn_revision_numbers_db [req-97d17839-4f1f-43d2-b681-b005e82dc632 req-9ea3262a-dc93-439e-9dc6-a8489c9acfaa fd33c4b751d546c68da1a738937d2e5d d45ed042a6054b5792c2c8e76aaf7b14 - - default default] Successfully bumped revision number for resource f8d74f66-75d8-4b92-a6f9-95a9d9ff9635 (type: security_group_rules) to 0
2026-06-25 23:31:25.111 10 INFO neutron.api.wsgi [req-97d17839-4f1f-43d2-b681-b005e82dc632 req-9ea3262a-dc93-439e-9dc6-a8489c9acfaa fd33c4b751d546c68da1a738937d2e5d d45ed042a6054b5792c2c8e76aaf7b14 - - default default] 10.0.0.157 "POST /v2.0/security-groups HTTP/1.1" status: 201 len: 1887 time: 0.2361419
2026-06-25 23:31:25.161 10 INFO neutron.api.wsgi [req-644cbff3-3f45-4112-81f9-7f06d2e24f0e req-bfda8e89-5922-4b47-9e30-ca3e1e8e00fd abbafcb9120c4c62bf2ef232b85f596c f78a4c7f6a0049db9fffe576d49f9561 - - default default] 10.0.0.157 "GET /v2.0/security-groups/ec9d5a4f-ad37-4c24-b0dd-fc2f3367cf92 HTTP/1.1" status: 200 len: 2510 time: 0.0364799
2026-06-25 23:31:25.162 10 INFO neutron.db.ovn_revision_numbers_db [None req-1efa4eea-deb1-43bf-b893-7b5f593a955a - - - - - -] Successfully bumped revision number for resource c0c7727a-0445-4a42-a7b2-7e233d864e9e (type: ports) to 2
2026-06-25 23:31:25.179 10 WARNING neutron_lib.context [req-644cbff3-3f45-4112-81f9-7f06d2e24f0e req-3b13d703-4786-4020-8bef-0f085fd4a904 abbafcb9120c4c62bf2ef232b85f596c f78a4c7f6a0049db9fffe576d49f9561 - - default default] Method 'is_advsvc' is deprecated since 2023.2 release (neutron-lib 3.8.0) and will be removed once support for the old RBAC API policies will be removed from Neutron. Please use method 'is_service_role' instead.
2026-06-25 23:31:25.249 10 INFO neutron.api.wsgi [req-4ca747d4-1efa-4116-bfeb-d78798123f7d req-d62db463-ddaf-490b-b6a8-ad8ba72eecd7 2c7701c85ab94603a734325966eae3c2 dab50b7c660a45cf853e75fd56ba3911 - - 270885a2bed64546875c9241f5473fdb 270885a2bed64546875c9241f5473fdb] 10.0.0.157 "GET /v2.0/extensions HTTP/1.1" status: 200 len: 19298 time: 0.0389259
2026-06-25 23:31:25.297 10 INFO neutron.api.wsgi [req-4ca747d4-1efa-4116-bfeb-d78798123f7d req-62c834a6-67a6-45c8-87a3-d87190a0b1fc 2c7701c85ab94603a734325966eae3c2 dab50b7c660a45cf853e75fd56ba3911 - - 270885a2bed64546875c9241f5473fdb 270885a2bed64546875c9241f5473fdb] 10.0.0.157 "GET /v2.0/networks/423244a7-fcfd-4e6a-8d95-8a016d447430?fields=segments HTTP/1.1" status: 200 len: 212 time: 0.0401566
2026-06-25 23:31:25.306 10 INFO neutron.db.ovn_revision_numbers_db [req-644cbff3-3f45-4112-81f9-7f06d2e24f0e req-3b13d703-4786-4020-8bef-0f085fd4a904 abbafcb9120c4c62bf2ef232b85f596c f78a4c7f6a0049db9fffe576d49f9561 - - default default] Successfully bumped revision number for resource 398bd0ee-a08f-4c98-9b67-3c6ee21c4591 (type: security_group_rules) to 0
2026-06-25 23:31:25.335 10 INFO neutron.api.wsgi [req-644cbff3-3f45-4112-81f9-7f06d2e24f0e req-3b13d703-4786-4020-8bef-0f085fd4a904 abbafcb9120c4c62bf2ef232b85f596c f78a4c7f6a0049db9fffe576d49f9561 - - default default] 10.0.0.157 "POST /v2.0/security-group-rules HTTP/1.1" status: 201 len: 823 time: 0.1671717
2026-06-25 23:31:25.338 10 INFO neutron.api.wsgi [req-4ca747d4-1efa-4116-bfeb-d78798123f7d req-5e61041f-c5f2-4861-9c0a-1e35af2d7052 2c7701c85ab94603a734325966eae3c2 dab50b7c660a45cf853e75fd56ba3911 - - 270885a2bed64546875c9241f5473fdb 270885a2bed64546875c9241f5473fdb] 10.0.0.157 "GET /v2.0/networks/423244a7-fcfd-4e6a-8d95-8a016d447430?fields=provider%3Aphysical_network&fields=provider%3Anetwork_type HTTP/1.1" status: 200 len: 277 time: 0.0365818
2026-06-25 23:31:25.397 10 INFO neutron.api.wsgi [req-ed1c012a-fb9e-4789-a2d9-6941c02b06f7 req-4e52ad41-ffd0-4845-93a8-02c8a63de8a8 fd33c4b751d546c68da1a738937d2e5d d45ed042a6054b5792c2c8e76aaf7b14 - - default default] 10.0.0.157 "GET /v2.0/security-groups?tenant_id=d45ed042a6054b5792c2c8e76aaf7b14 HTTP/1.1" status: 200 len: 8105 time: 0.0486450
2026-06-25 23:31:25.428 10 INFO neutron.api.wsgi [req-ed1c012a-fb9e-4789-a2d9-6941c02b06f7 req-ee743323-57b2-46c8-8ab8-699621e64b15 fd33c4b751d546c68da1a738937d2e5d d45ed042a6054b5792c2c8e76aaf7b14 - - default default] 10.0.0.157 "GET /v2.0/security-groups/2357d7f8-3a92-4562-94d3-2161afccffb9 HTTP/1.1" status: 200 len: 3118 time: 0.0230684
2026-06-25 23:31:25.463 10 INFO neutron.api.wsgi [req-ed1c012a-fb9e-4789-a2d9-6941c02b06f7 req-d5eedd1b-f600-457e-b904-fec8354f4ebb fd33c4b751d546c68da1a738937d2e5d d45ed042a6054b5792c2c8e76aaf7b14 - - default default] 10.0.0.157 "GET /v2.0/security-groups/2357d7f8-3a92-4562-94d3-2161afccffb9 HTTP/1.1" status: 200 len: 3118 time: 0.0281880
2026-06-25 23:31:25.487 10 INFO neutron.api.wsgi [req-35f149c5-c85c-419f-8315-5d0a68d78621 req-bcd4084c-2455-4c17-af83-076192a2a4b1 abbafcb9120c4c62bf2ef232b85f596c f78a4c7f6a0049db9fffe576d49f9561 - - default default] 10.0.0.157 "GET /v2.0/security-groups/ec9d5a4f-ad37-4c24-b0dd-fc2f3367cf92 HTTP/1.1" status: 200 len: 3140 time: 0.0345461
2026-06-25 23:31:25.528 10 INFO neutron.api.wsgi [req-627a0276-8451-4a2f-9fa9-80e26179841c req-5da1605f-2742-4f3c-a1ca-6e2ec7f6fc49 376218fc49374488930cad689bb1b61d 6e118bfb7489427cb351f8169a736a55 - - default default] 10.0.0.157 "GET /v2.0/ports?device_id=e4185c33-e5dc-480b-b0ad-ca4965191ef0 HTTP/1.1" status: 200 len: 210 time: 0.0357950
2026-06-25 23:31:25.540 10 INFO neutron.api.wsgi [req-3e7652c5-03d0-47dc-b52c-92c813ae3cb7 req-fede4b4d-fd8e-43bb-a7ad-bc68590fbe02 fd33c4b751d546c68da1a738937d2e5d d45ed042a6054b5792c2c8e76aaf7b14 - - default default] 10.0.0.157 "GET /v2.0/security-groups/4f62d1a7-2fa7-48ca-b745-e94544cd86d6 HTTP/1.1" status: 200 len: 1882 time: 0.0238867
2026-06-25 23:31:25.571 10 INFO neutron.api.wsgi [req-aebf52e7-14f5-4611-870e-8f9cc591ddb5 req-f532477a-dc4a-4970-b7dd-003ddf53dce1 abbafcb9120c4c62bf2ef232b85f596c f78a4c7f6a0049db9fffe576d49f9561 - - default default] 10.0.0.157 "GET /v2.0/security-group-rules/398bd0ee-a08f-4c98-9b67-3c6ee21c4591 HTTP/1.1" status: 200 len: 815 time: 0.0244734
2026-06-25 23:31:25.603 10 INFO neutron.api.wsgi [req-aebf52e7-14f5-4611-870e-8f9cc591ddb5 req-e7884614-098f-4b01-a30d-45450e765afc abbafcb9120c4c62bf2ef232b85f596c f78a4c7f6a0049db9fffe576d49f9561 - - default default] 10.0.0.157 "GET /v2.0/security-groups/ec9d5a4f-ad37-4c24-b0dd-fc2f3367cf92 HTTP/1.1" status: 200 len: 3140 time: 0.0263817
2026-06-25 23:31:25.672 10 INFO neutron.api.wsgi [req-3e7652c5-03d0-47dc-b52c-92c813ae3cb7 req-862580d8-c51a-4eb8-bfbb-060124032d59 fd33c4b751d546c68da1a738937d2e5d d45ed042a6054b5792c2c8e76aaf7b14 - - default default] 10.0.0.157 "DELETE /v2.0/security-groups/4f62d1a7-2fa7-48ca-b745-e94544cd86d6 HTTP/1.1" status: 204 len: 173 time: 0.1251049
2026-06-25 23:31:25.715 9 INFO neutron.api.wsgi [None req-b193ef9d-711a-4880-be30-16889651252a 86dfeae0282646e9aef1766371c5bb04 0094a7de6c3d4471b71d81131d39ae2b - - default default] 10.0.0.63 "GET /v2.0/networks HTTP/1.1" status: 200 len: 5411 time: 0.0978556
2026-06-25 23:31:25.718 10 INFO neutron.api.v2.resource [req-cb0c8144-b755-4f20-8f4d-80b68d130874 req-c5d1c32b-d87a-41bd-9141-5ef28ca77000 fd33c4b751d546c68da1a738937d2e5d d45ed042a6054b5792c2c8e76aaf7b14 - - default default] show failed (client error): The resource could not be found.
2026-06-25 23:31:25.720 10 INFO neutron.api.wsgi [req-cb0c8144-b755-4f20-8f4d-80b68d130874 req-c5d1c32b-d87a-41bd-9141-5ef28ca77000 fd33c4b751d546c68da1a738937d2e5d d45ed042a6054b5792c2c8e76aaf7b14 - - default default] 10.0.0.157 "GET /v2.0/security-groups/4f62d1a7-2fa7-48ca-b745-e94544cd86d6 HTTP/1.1" status: 404 len: 352 time: 0.0189452
2026-06-25 23:31:25.769 10 INFO neutron.api.wsgi [req-1f1cdb29-9f7f-40a1-87fc-8d0d83fea033 req-86540f43-3445-41b2-9879-5fd49e9c13d0 fd33c4b751d546c68da1a738937d2e5d d45ed042a6054b5792c2c8e76aaf7b14 - - default default] 10.0.0.157 "GET /v2.0/security-groups/d06f0c64-adea-4713-9a8c-f7dbaa29df46 HTTP/1.1" status: 200 len: 1880 time: 0.0257833
2026-06-25 23:31:25.775 10 INFO neutron.api.wsgi [req-aebf52e7-14f5-4611-870e-8f9cc591ddb5 req-763791f3-01fc-4811-a7cf-babc54c34e1a abbafcb9120c4c62bf2ef232b85f596c f78a4c7f6a0049db9fffe576d49f9561 - - default default] 10.0.0.157 "DELETE /v2.0/security-group-rules/398bd0ee-a08f-4c98-9b67-3c6ee21c4591 HTTP/1.1" status: 204 len: 173 time: 0.1656363
2026-06-25 23:31:25.806 9 INFO neutron.api.wsgi [None req-54c3fbfe-677d-4042-9f5f-5d6d5f31de32 86dfeae0282646e9aef1766371c5bb04 0094a7de6c3d4471b71d81131d39ae2b - - default default] 10.0.0.63 "GET /v2.0/ports HTTP/1.1" status: 200 len: 20234 time: 0.0854700
2026-06-25 23:31:25.820 10 INFO neutron.api.wsgi [req-7d590758-a486-4af7-acaa-2cac93e04dbc req-56e6a4b0-5726-4339-956b-e84bc1cac440 abbafcb9120c4c62bf2ef232b85f596c f78a4c7f6a0049db9fffe576d49f9561 - - default default] 10.0.0.157 "GET /v2.0/security-groups/ec9d5a4f-ad37-4c24-b0dd-fc2f3367cf92 HTTP/1.1" status: 200 len: 2510 time: 0.0278773
2026-06-25 23:31:25.829 9 INFO neutron.api.wsgi [None req-f89dd08d-27c8-48d8-ba34-5974ce3b097a 86dfeae0282646e9aef1766371c5bb04 0094a7de6c3d4471b71d81131d39ae2b - - default default] 10.0.0.63 "GET /v2.0/agents HTTP/1.1" status: 200 len: 1390 time: 0.0131996
2026-06-25 23:31:25.841 9 INFO neutron.api.wsgi [None req-d4815ef1-5865-431d-a848-4a0192e7d252 86dfeae0282646e9aef1766371c5bb04 0094a7de6c3d4471b71d81131d39ae2b - - default default] 10.0.0.63 "GET /v2.0/network-ip-availabilities HTTP/1.1" status: 200 len: 3226 time: 0.0103507
2026-06-25 23:31:25.872 9 INFO neutron.api.wsgi [None req-e14c0cd5-9427-4b95-8e39-bf87e3f87ffd 86dfeae0282646e9aef1766371c5bb04 0094a7de6c3d4471b71d81131d39ae2b - - default default] 10.0.0.63 "GET /v2.0/subnets HTTP/1.1" status: 200 len: 4225 time: 0.0298500
2026-06-25 23:31:25.897 10 INFO neutron.api.wsgi [req-1f1cdb29-9f7f-40a1-87fc-8d0d83fea033 req-388be969-5df5-48f1-b790-a0e037d7a1eb fd33c4b751d546c68da1a738937d2e5d d45ed042a6054b5792c2c8e76aaf7b14 - - default default] 10.0.0.157 "DELETE /v2.0/security-groups/d06f0c64-adea-4713-9a8c-f7dbaa29df46 HTTP/1.1" status: 204 len: 173 time: 0.1218588
2026-06-25 23:31:25.911 9 INFO neutron.api.wsgi [None req-8225df37-c009-4a3a-bb78-fa4869664cf9 86dfeae0282646e9aef1766371c5bb04 0094a7de6c3d4471b71d81131d39ae2b - - default default] 10.0.0.63 "GET /v2.0/security-groups HTTP/1.1" status: 200 len: 41149 time: 0.0374429
2026-06-25 23:31:25.928 10 INFO neutron.api.v2.resource [req-61b00ffb-8b0e-43a6-8185-534547353dd6 req-ba6c7f41-84dd-43ba-b773-54b0cb0a552d fd33c4b751d546c68da1a738937d2e5d d45ed042a6054b5792c2c8e76aaf7b14 - - default default] show failed (client error): The resource could not be found.
2026-06-25 23:31:25.929 10 INFO neutron.api.wsgi [req-61b00ffb-8b0e-43a6-8185-534547353dd6 req-ba6c7f41-84dd-43ba-b773-54b0cb0a552d fd33c4b751d546c68da1a738937d2e5d d45ed042a6054b5792c2c8e76aaf7b14 - - default default] 10.0.0.157 "GET /v2.0/security-groups/d06f0c64-adea-4713-9a8c-f7dbaa29df46 HTTP/1.1" status: 404 len: 352 time: 0.0115287
2026-06-25 23:31:25.936 10 INFO neutron.api.wsgi [req-7d590758-a486-4af7-acaa-2cac93e04dbc req-e41bd7d1-0fba-410c-9999-81d82220a538 abbafcb9120c4c62bf2ef232b85f596c f78a4c7f6a0049db9fffe576d49f9561 - - default default] 10.0.0.157 "DELETE /v2.0/security-groups/ec9d5a4f-ad37-4c24-b0dd-fc2f3367cf92 HTTP/1.1" status: 204 len: 173 time: 0.1104274
2026-06-25 23:31:25.977 10 INFO neutron.api.wsgi [req-a01d1373-f6c5-4140-9271-4a530468af9a req-12d197f3-ad8b-412f-992c-779b520d015b fd33c4b751d546c68da1a738937d2e5d d45ed042a6054b5792c2c8e76aaf7b14 - - default default] 10.0.0.157 "GET /v2.0/security-groups/abf897b0-46e9-46c6-b935-7f0451fed85f HTTP/1.1" status: 200 len: 1882 time: 0.0281355
2026-06-25 23:31:25.980 10 INFO neutron.api.wsgi [req-d45e6f4e-76e4-45fd-9e77-4b9a99e6a6ec req-633817c5-9a07-47a2-9243-acf0a6310278 abbafcb9120c4c62bf2ef232b85f596c f78a4c7f6a0049db9fffe576d49f9561 - - default default] 10.0.0.157 "GET /v2.0/security-groups/205c9028-d2cf-4cd6-b92f-cd7e8e335f9f HTTP/1.1" status: 200 len: 2511 time: 0.0243475
2026-06-25 23:31:25.988 9 INFO neutron.api.wsgi [None req-6a33df54-7caa-4e1c-a88c-454edf135190 86dfeae0282646e9aef1766371c5bb04 0094a7de6c3d4471b71d81131d39ae2b - - default default] 10.0.0.63 "GET /v2.0/routers HTTP/1.1" status: 200 len: 4066 time: 0.0693903
2026-06-25 23:31:25.999 9 INFO neutron.api.wsgi [None req-a6da6b06-330f-405f-9914-2b1610144356 86dfeae0282646e9aef1766371c5bb04 0094a7de6c3d4471b71d81131d39ae2b - - default default] 10.0.0.63 "GET /v2.0/agents?binary=ovn-controller HTTP/1.1" status: 200 len: 591 time: 0.0093222
2026-06-25 23:31:26.034 9 INFO neutron.api.wsgi [None req-90084c50-2802-4da3-b04d-70c18fff4705 86dfeae0282646e9aef1766371c5bb04 0094a7de6c3d4471b71d81131d39ae2b - - default default] 10.0.0.63 "GET /v2.0/subnets HTTP/1.1" status: 200 len: 4225 time: 0.0339949
2026-06-25 23:31:26.041 9 INFO neutron.api.wsgi [None req-f3190b96-fde7-4a07-a2b9-234b559a2314 86dfeae0282646e9aef1766371c5bb04 0094a7de6c3d4471b71d81131d39ae2b - - default default] 10.0.0.63 "GET /v2.0/subnetpools HTTP/1.1" status: 200 len: 193 time: 0.0059719
2026-06-25 23:31:26.063 9 INFO neutron.api.wsgi [None req-a16af032-76bf-4bb2-8e49-844271bda49f 86dfeae0282646e9aef1766371c5bb04 0094a7de6c3d4471b71d81131d39ae2b - - default default] 10.0.0.63 "GET /v2.0/floatingips HTTP/1.1" status: 200 len: 1269 time: 0.0217009
2026-06-25 23:31:26.086 10 INFO neutron.api.wsgi [req-a01d1373-f6c5-4140-9271-4a530468af9a req-182182db-0e67-4774-a6b4-e302a6f43c82 fd33c4b751d546c68da1a738937d2e5d d45ed042a6054b5792c2c8e76aaf7b14 - - default default] 10.0.0.157 "DELETE /v2.0/security-groups/abf897b0-46e9-46c6-b935-7f0451fed85f HTTP/1.1" status: 204 len: 173 time: 0.1049855
2026-06-25 23:31:26.090 10 INFO neutron.api.wsgi [req-d45e6f4e-76e4-45fd-9e77-4b9a99e6a6ec req-4bfbde90-03b0-4927-948e-46e60bf3c490 abbafcb9120c4c62bf2ef232b85f596c f78a4c7f6a0049db9fffe576d49f9561 - - default default] 10.0.0.157 "DELETE /v2.0/security-groups/205c9028-d2cf-4cd6-b92f-cd7e8e335f9f HTTP/1.1" status: 204 len: 173 time: 0.1043096
2026-06-25 23:31:26.119 10 INFO neutron.api.v2.resource [req-af17acc6-50b1-4efc-b93d-b43948642132 req-39287d9a-685c-4c01-a340-69bf10413a63 fd33c4b751d546c68da1a738937d2e5d d45ed042a6054b5792c2c8e76aaf7b14 - - default default] show failed (client error): The resource could not be found.
2026-06-25 23:31:26.120 10 INFO neutron.api.wsgi [req-af17acc6-50b1-4efc-b93d-b43948642132 req-39287d9a-685c-4c01-a340-69bf10413a63 fd33c4b751d546c68da1a738937d2e5d d45ed042a6054b5792c2c8e76aaf7b14 - - default default] 10.0.0.157 "GET /v2.0/security-groups/abf897b0-46e9-46c6-b935-7f0451fed85f HTTP/1.1" status: 404 len: 352 time: 0.0101759
2026-06-25 23:31:26.177 10 INFO neutron.api.wsgi [req-862cac07-4718-4a50-aaa1-5e87c2c4166b req-38727c9b-d99c-4d78-9af0-5440858f2456 fd33c4b751d546c68da1a738937d2e5d d45ed042a6054b5792c2c8e76aaf7b14 - - default default] 10.0.0.157 "GET /v2.0/security-groups?tenant_id=d45ed042a6054b5792c2c8e76aaf7b14 HTTP/1.1" status: 200 len: 3121 time: 0.0371735
2026-06-25 23:31:26.244 10 INFO neutron.api.wsgi [req-862cac07-4718-4a50-aaa1-5e87c2c4166b req-e0792719-4f31-42ea-b537-ca2b67a99d92 fd33c4b751d546c68da1a738937d2e5d d45ed042a6054b5792c2c8e76aaf7b14 - - default default] 10.0.0.157 "GET /v2.0/security-groups/2357d7f8-3a92-4562-94d3-2161afccffb9 HTTP/1.1" status: 200 len: 3118 time: 0.0628724
2026-06-25 23:31:26.282 10 INFO neutron.api.wsgi [req-862cac07-4718-4a50-aaa1-5e87c2c4166b req-83413682-38dd-401d-8a70-1acdf029dd4f fd33c4b751d546c68da1a738937d2e5d d45ed042a6054b5792c2c8e76aaf7b14 - - default default] 10.0.0.157 "GET /v2.0/security-groups/2357d7f8-3a92-4562-94d3-2161afccffb9 HTTP/1.1" status: 200 len: 3118 time: 0.0331748
2026-06-25 23:31:26.343 10 INFO neutron.api.v2.resource [req-9698eff5-7ed3-4093-b03f-47433eb0a5c9 req-62b21060-71eb-4a94-ac3b-b1626bac8c8c fd33c4b751d546c68da1a738937d2e5d d45ed042a6054b5792c2c8e76aaf7b14 - - default default] show failed (client error): The resource could not be found.
2026-06-25 23:31:26.344 10 INFO neutron.api.wsgi [req-9698eff5-7ed3-4093-b03f-47433eb0a5c9 req-62b21060-71eb-4a94-ac3b-b1626bac8c8c fd33c4b751d546c68da1a738937d2e5d d45ed042a6054b5792c2c8e76aaf7b14 - - default default] 10.0.0.157 "GET /v2.0/security-groups/abf897b0-46e9-46c6-b935-7f0451fed85f HTTP/1.1" status: 404 len: 352 time: 0.0261502
2026-06-25 23:31:26.494 10 INFO neutron.api.v2.resource [req-d48d501b-1ac6-4610-8ea1-798eda29139c req-b92e7f53-d8f4-4d27-aa42-a41aea4b1047 fd33c4b751d546c68da1a738937d2e5d d45ed042a6054b5792c2c8e76aaf7b14 - - default default] show failed (client error): The resource could not be found.
2026-06-25 23:31:26.495 10 INFO neutron.api.wsgi [req-d48d501b-1ac6-4610-8ea1-798eda29139c req-b92e7f53-d8f4-4d27-aa42-a41aea4b1047 fd33c4b751d546c68da1a738937d2e5d d45ed042a6054b5792c2c8e76aaf7b14 - - default default] 10.0.0.157 "GET /v2.0/security-groups/d06f0c64-adea-4713-9a8c-f7dbaa29df46 HTTP/1.1" status: 404 len: 352 time: 0.0130906
2026-06-25 23:31:26.535 10 INFO neutron.api.v2.resource [req-c4abae90-058e-49aa-bccd-4078120ebd9f req-a047504e-2872-49c5-8037-7850549945eb fd33c4b751d546c68da1a738937d2e5d d45ed042a6054b5792c2c8e76aaf7b14 - - default default] show failed (client error): The resource could not be found.
2026-06-25 23:31:26.536 10 INFO neutron.api.wsgi [req-c4abae90-058e-49aa-bccd-4078120ebd9f req-a047504e-2872-49c5-8037-7850549945eb fd33c4b751d546c68da1a738937d2e5d d45ed042a6054b5792c2c8e76aaf7b14 - - default default] 10.0.0.157 "GET /v2.0/security-groups/4f62d1a7-2fa7-48ca-b745-e94544cd86d6 HTTP/1.1" status: 404 len: 352 time: 0.0115829
2026-06-25 23:31:26.659 10 INFO neutron.api.wsgi [req-df147486-458d-43eb-b157-805276dd2327 req-792435c6-e88c-4c7f-8f63-ff17335bc988 376218fc49374488930cad689bb1b61d 6e118bfb7489427cb351f8169a736a55 - - default default] 10.0.0.157 "GET /v2.0/ports?device_id=e4185c33-e5dc-480b-b0ad-ca4965191ef0 HTTP/1.1" status: 200 len: 210 time: 0.0199938
2026-06-25 23:31:27.544 10 INFO neutron.api.wsgi [None req-b596cbee-a169-46fc-89d0-a0e69f247b6b 86dfeae0282646e9aef1766371c5bb04 0094a7de6c3d4471b71d81131d39ae2b - - default default] 10.0.0.182 "PUT /v2.0/routers/f236d224-a29c-400e-8463-6808430d45b4/remove_router_interface HTTP/1.1" status: 200 len: 503 time: 1.4476244 /var/lib/openstack/lib/python3.12/site-packages/pycadf/identifier.py:71: UserWarning: Invalid uuid: neutron. To ensure interoperability, identifiers should be a valid uuid. warnings.warn(('Invalid uuid: %s. To ensure interoperability, '
2026-06-25 23:31:27.786 10 INFO neutron.api.wsgi [req-5fa3cfd6-abb5-4ee1-a6a4-a3776c0cfccb req-022b3881-3397-4094-8f05-65ccc199095a 376218fc49374488930cad689bb1b61d 6e118bfb7489427cb351f8169a736a55 - - default default] 10.0.0.157 "GET /v2.0/ports?device_id=e4185c33-e5dc-480b-b0ad-ca4965191ef0 HTTP/1.1" status: 200 len: 210 time: 0.0182564
2026-06-25 23:31:27.929 9 INFO neutron.api.wsgi [None req-cba8cf8b-e7c5-4c77-a4ad-82d667a246b2 86dfeae0282646e9aef1766371c5bb04 0094a7de6c3d4471b71d81131d39ae2b - - default default] 10.0.0.182 "PUT /v2.0/routers/1e59b6e8-0607-441e-a3b8-4937f1e0ee03/remove_router_interface HTTP/1.1" status: 200 len: 503 time: 1.3852067
2026-06-25 23:31:28.275 9 INFO neutron.api.wsgi [None req-b11e8ca3-4fdf-4b45-b245-d3e8de40653d 86dfeae0282646e9aef1766371c5bb04 0094a7de6c3d4471b71d81131d39ae2b - - default default] 10.0.0.182 "DELETE /v2.0/routers/f236d224-a29c-400e-8463-6808430d45b4 HTTP/1.1" status: 204 len: 168 time: 0.7261775 /var/lib/openstack/lib/python3.12/site-packages/pycadf/identifier.py:71: UserWarning: Invalid uuid: neutron. To ensure interoperability, identifiers should be a valid uuid. warnings.warn(('Invalid uuid: %s. To ensure interoperability, '
2026-06-25 23:31:28.438 9 INFO neutron.api.wsgi [None req-f136e987-d754-41dc-8ed6-a6ad3e04b5a5 86dfeae0282646e9aef1766371c5bb04 0094a7de6c3d4471b71d81131d39ae2b - - default default] 10.0.0.182 "DELETE /v2.0/subnets/47e2d74e-6a7f-4f73-82a9-7cf0fbc8343a HTTP/1.1" status: 204 len: 168 time: 0.1574261
2026-06-25 23:31:28.615 10 INFO neutron.api.wsgi [None req-5005bdc3-8ac3-4221-9b88-754e0cff92dd 86dfeae0282646e9aef1766371c5bb04 0094a7de6c3d4471b71d81131d39ae2b - - default default] 10.0.0.182 "DELETE /v2.0/routers/1e59b6e8-0607-441e-a3b8-4937f1e0ee03 HTTP/1.1" status: 204 len: 168 time: 0.6804461
2026-06-25 23:31:28.878 9 INFO neutron.api.wsgi [None req-37325e15-fde6-4823-9fbe-2c170501ab6f 86dfeae0282646e9aef1766371c5bb04 0094a7de6c3d4471b71d81131d39ae2b - - default default] 10.0.0.182 "DELETE /v2.0/subnets/621589ae-7089-432a-9134-5c2e97d61c84 HTTP/1.1" status: 204 len: 168 time: 0.2566142
2026-06-25 23:31:28.884 10 INFO neutron.api.wsgi [req-7d2fa1cb-8a68-4d8e-b55e-32aa9c46a301 req-d63494fe-ea29-44f2-8cef-fea3d8a2f96b 376218fc49374488930cad689bb1b61d 6e118bfb7489427cb351f8169a736a55 - - default default] 10.0.0.157 "GET /v2.0/ports?device_id=e4185c33-e5dc-480b-b0ad-ca4965191ef0 HTTP/1.1" status: 200 len: 210 time: 0.0260775
2026-06-25 23:31:28.908 10 INFO neutron.api.wsgi [None req-3420f313-6976-4ff9-9a16-9caf82067f2c 86dfeae0282646e9aef1766371c5bb04 0094a7de6c3d4471b71d81131d39ae2b - - default default] 10.0.0.182 "DELETE /v2.0/networks/1aa33bc7-ebd2-4a5a-945b-21b473016fe7 HTTP/1.1" status: 204 len: 168 time: 0.4647946
2026-06-25 23:31:29.054 10 INFO neutron.api.wsgi [None req-45d02165-7961-483d-bb00-5a69cd903e9a 86dfeae0282646e9aef1766371c5bb04 0094a7de6c3d4471b71d81131d39ae2b - - default default] 10.0.0.182 "GET /v2.0/security-groups?tenant_id=f78a4c7f6a0049db9fffe576d49f9561&name=default HTTP/1.1" status: 200 len: 3116 time: 0.0383222
2026-06-25 23:31:29.179 9 INFO neutron.api.wsgi [None req-561ec25e-0996-44c0-9bf9-c698135cb345 86dfeae0282646e9aef1766371c5bb04 0094a7de6c3d4471b71d81131d39ae2b - - default default] 10.0.0.182 "DELETE /v2.0/networks/760a5197-d0db-4680-8aa7-21aadee136a1 HTTP/1.1" status: 204 len: 168 time: 0.2960253
