2026-06-25 23:33:22.171 9 INFO neutron.api.wsgi [None req-046827e1-bb6b-4289-9665-fd33aff65d20 86dfeae0282646e9aef1766371c5bb04 0094a7de6c3d4471b71d81131d39ae2b - - default default] 10.0.0.182 "DELETE /v2.0/subnets/764d852c-4652-42d6-8e2e-9f50a72d65c2 HTTP/1.1" status: 204 len: 168 time: 0.1674812
2026-06-25 23:33:22.495 9 INFO neutron.api.wsgi [None req-9fc8f1f0-81f3-46c4-b148-02b3958c8b56 86dfeae0282646e9aef1766371c5bb04 0094a7de6c3d4471b71d81131d39ae2b - - default default] 10.0.0.182 "DELETE /v2.0/networks/6afe649c-9020-434b-ae4c-87ba36fa3030 HTTP/1.1" status: 204 len: 168 time: 0.3189027
2026-06-25 23:33:22.548 9 INFO neutron.api.wsgi [None req-10a6d4ae-2510-427b-b2c5-a3a9c4aa1874 86dfeae0282646e9aef1766371c5bb04 0094a7de6c3d4471b71d81131d39ae2b - - default default] 10.0.0.182 "GET /v2.0/security-groups?tenant_id=15c69b13d7484bb3b0824b8cff40a40d&name=default HTTP/1.1" status: 200 len: 3120 time: 0.1300328
2026-06-25 23:33:22.627 9 INFO neutron.api.wsgi [None req-dc97f2b5-7c16-486b-8e4e-cfc99d494189 86dfeae0282646e9aef1766371c5bb04 0094a7de6c3d4471b71d81131d39ae2b - - default default] 10.0.0.182 "GET /v2.0/security-groups?tenant_id=4296ab5f6e8446c4af42b16a69828ae9&name=default HTTP/1.1" status: 200 len: 3120 time: 0.0428529
2026-06-25 23:33:22.713 9 INFO neutron.services.segments.plugin [-] Segment bd0f3705-350a-49bd-906c-58a17cfe1adc resource provider aggregate not found
2026-06-25 23:33:22.716 9 INFO neutron.services.segments.plugin [-] Segment bd0f3705-350a-49bd-906c-58a17cfe1adc resource provider aggregate not found
2026-06-25 23:33:22.728 9 INFO neutron.services.segments.plugin [-] Segment bd0f3705-350a-49bd-906c-58a17cfe1adc resource provider not found; error: Placement Client Error (4xx): {"errors": [{"status": 404, "title": "Not Found", "detail": "The resource could not be found.\n\n No resource provider with uuid bd0f3705-350a-49bd-906c-58a17cfe1adc found for delete ", "request_id": "req-2daf08a1-3385-4683-aebe-5b68dd9aaa94"}]}
2026-06-25 23:33:22.738 9 INFO neutron.services.segments.plugin [-] Segment bd0f3705-350a-49bd-906c-58a17cfe1adc resource provider not found; error: Placement Client Error (4xx): {"errors": [{"status": 404, "title": "Not Found", "detail": "The resource could not be found.\n\n No resource provider with uuid bd0f3705-350a-49bd-906c-58a17cfe1adc found for delete ", "request_id": "req-e47dc182-628f-49ff-9cb9-59a14363ff19"}]}
2026-06-25 23:33:22.744 9 INFO neutron.services.segments.plugin [-] Segment df3eab62-84cb-4690-87ac-4353e87dfaaa resource provider aggregate not found
2026-06-25 23:33:22.753 9 INFO neutron.services.segments.plugin [-] Segment df3eab62-84cb-4690-87ac-4353e87dfaaa resource provider not found; error: Placement Client Error (4xx): {"errors": [{"status": 404, "title": "Not Found", "detail": "The resource could not be found.\n\n No resource provider with uuid df3eab62-84cb-4690-87ac-4353e87dfaaa found for delete ", "request_id": "req-33a9279e-e355-4a49-99dd-b4fc29e3e149"}]}
2026-06-25 23:33:22.756 9 INFO neutron.services.segments.plugin [-] Segment df3eab62-84cb-4690-87ac-4353e87dfaaa resource provider aggregate not found /var/lib/openstack/lib/python3.12/site-packages/pycadf/identifier.py:71: UserWarning: Invalid uuid: neutron. To ensure interoperability, identifiers should be a valid uuid. warnings.warn(('Invalid uuid: %s. To ensure interoperability, '
2026-06-25 23:33:22.763 10 INFO neutron.api.wsgi [None req-092e6397-81db-4033-85f0-ef966fcd6128 f1797b6ea7974fcdbaecae241fac9267 9e84fbcc117b42eea8b6a32eca6bd7a7 - - default default] 10.0.0.142 "GET /v2.0/extensions HTTP/1.1" status: 200 len: 19298 time: 0.0087910
2026-06-25 23:33:22.764 9 INFO neutron.services.segments.plugin [-] Segment cc3b6ca3-be8e-4c01-8a7d-9043a2265e79 resource provider aggregate not found
2026-06-25 23:33:22.769 9 INFO neutron.services.segments.plugin [-] Segment df3eab62-84cb-4690-87ac-4353e87dfaaa resource provider not found; error: Placement Client Error (4xx): {"errors": [{"status": 404, "title": "Not Found", "detail": "The resource could not be found.\n\n No resource provider with uuid df3eab62-84cb-4690-87ac-4353e87dfaaa found for delete ", "request_id": "req-cdd10f1a-de1b-4e06-bc7c-099bb6eb2b29"}]}
2026-06-25 23:33:22.774 9 INFO neutron.services.segments.plugin [-] Segment cc3b6ca3-be8e-4c01-8a7d-9043a2265e79 resource provider not found; error: Placement Client Error (4xx): {"errors": [{"status": 404, "title": "Not Found", "detail": "The resource could not be found.\n\n No resource provider with uuid cc3b6ca3-be8e-4c01-8a7d-9043a2265e79 found for delete ", "request_id": "req-be7f2d61-65da-4994-b1be-76046bdaade6"}]}
2026-06-25 23:33:22.788 9 INFO neutron.services.segments.plugin [-] Segment cc3b6ca3-be8e-4c01-8a7d-9043a2265e79 resource provider aggregate not found
2026-06-25 23:33:22.799 9 INFO neutron.services.segments.plugin [-] Segment 1c243e23-034f-4e15-a12e-6acd55e5ae90 resource provider aggregate not found
2026-06-25 23:33:22.803 9 INFO neutron.services.segments.plugin [-] Segment cc3b6ca3-be8e-4c01-8a7d-9043a2265e79 resource provider not found; error: Placement Client Error (4xx): {"errors": [{"status": 404, "title": "Not Found", "detail": "The resource could not be found.\n\n No resource provider with uuid cc3b6ca3-be8e-4c01-8a7d-9043a2265e79 found for delete ", "request_id": "req-21b0cc06-299e-490d-8ecb-f7296682b7b4"}]}
2026-06-25 23:33:22.821 9 INFO neutron.services.segments.plugin [-] Segment 1c243e23-034f-4e15-a12e-6acd55e5ae90 resource provider not found; error: Placement Client Error (4xx): {"errors": [{"status": 404, "title": "Not Found", "detail": "The resource could not be found.\n\n No resource provider with uuid 1c243e23-034f-4e15-a12e-6acd55e5ae90 found for delete ", "request_id": "req-21ab4c9c-0145-43db-8945-befa158c66ae"}]}
2026-06-25 23:33:22.829 9 INFO neutron.services.segments.plugin [-] Segment 1c243e23-034f-4e15-a12e-6acd55e5ae90 resource provider aggregate not found
2026-06-25 23:33:22.840 9 INFO neutron.api.wsgi [None req-d43382f1-a91d-4dc9-adde-2f1de202527a 86dfeae0282646e9aef1766371c5bb04 0094a7de6c3d4471b71d81131d39ae2b - - default default] 10.0.0.182 "DELETE /v2.0/security-groups/5ab7ad16-1a9e-4d00-ab66-2ad7eea082de HTTP/1.1" status: 204 len: 168 time: 0.2869656
2026-06-25 23:33:22.843 9 INFO neutron.services.segments.plugin [-] Segment 1c243e23-034f-4e15-a12e-6acd55e5ae90 resource provider not found; error: Placement Client Error (4xx): {"errors": [{"status": 404, "title": "Not Found", "detail": "The resource could not be found.\n\n No resource provider with uuid 1c243e23-034f-4e15-a12e-6acd55e5ae90 found for delete ", "request_id": "req-312dbf45-2640-4b57-a613-46ce6a56710a"}]}
2026-06-25 23:33:22.890 9 INFO neutron.api.wsgi [None req-6b83be56-7d11-4b3f-a4c5-4567417da758 86dfeae0282646e9aef1766371c5bb04 0094a7de6c3d4471b71d81131d39ae2b - - default default] 10.0.0.182 "DELETE /v2.0/security-groups/38a8d4b0-45b4-49f0-bbc6-da67aba9bca8 HTTP/1.1" status: 204 len: 168 time: 0.2581763
2026-06-25 23:33:22.898 10 INFO neutron.api.wsgi [None req-d3904fca-a959-4d0b-b429-2a7dd0e56d6e f1797b6ea7974fcdbaecae241fac9267 9e84fbcc117b42eea8b6a32eca6bd7a7 - - default default] 10.0.0.142 "GET /v2.0/quotas/9e84fbcc117b42eea8b6a32eca6bd7a7/details HTTP/1.1" status: 200 len: 1046 time: 0.1200898
2026-06-25 23:33:24.853 10 INFO neutron.db.ovn_revision_numbers_db [None req-bb0fe691-d22b-42f8-b769-511ed23ce2c3 86dfeae0282646e9aef1766371c5bb04 0094a7de6c3d4471b71d81131d39ae2b - - default default] Successfully bumped revision number for resource 3d4b18cf-2417-470d-8ba9-1b67e87da6b3 (type: security_groups) to 1
2026-06-25 23:33:24.867 10 INFO neutron.db.ovn_revision_numbers_db [None req-bb0fe691-d22b-42f8-b769-511ed23ce2c3 86dfeae0282646e9aef1766371c5bb04 0094a7de6c3d4471b71d81131d39ae2b - - default default] Successfully bumped revision number for resource 41c0ef0f-9a06-4063-bef5-eae711b046d8 (type: security_group_rules) to 0
2026-06-25 23:33:24.880 10 INFO neutron.db.ovn_revision_numbers_db [None req-bb0fe691-d22b-42f8-b769-511ed23ce2c3 86dfeae0282646e9aef1766371c5bb04 0094a7de6c3d4471b71d81131d39ae2b - - default default] Successfully bumped revision number for resource 52c84641-7b45-4b71-87de-25ba6bae877c (type: security_group_rules) to 0
2026-06-25 23:33:24.892 10 INFO neutron.db.ovn_revision_numbers_db [None req-bb0fe691-d22b-42f8-b769-511ed23ce2c3 86dfeae0282646e9aef1766371c5bb04 0094a7de6c3d4471b71d81131d39ae2b - - default default] Successfully bumped revision number for resource 60df3618-3f1f-4f20-bab4-d4aa575d610d (type: security_group_rules) to 0
2026-06-25 23:33:24.904 10 INFO neutron.db.ovn_revision_numbers_db [None req-bb0fe691-d22b-42f8-b769-511ed23ce2c3 86dfeae0282646e9aef1766371c5bb04 0094a7de6c3d4471b71d81131d39ae2b - - default default] Successfully bumped revision number for resource 7d337ee4-e6e5-4ab7-9d83-768843316ef3 (type: security_group_rules) to 0
2026-06-25 23:33:24.972 10 WARNING neutron_lib.context [None req-bc991924-1d2c-4624-a452-3756409930c7 36724752e9f04e509b22fc8f64af29d6 6fe4831442604570a2bcc87e09eca145 - - default default] Method 'is_advsvc' is deprecated since 2023.2 release (neutron-lib 3.8.0) and will be removed once support for the old RBAC API policies will be removed from Neutron. Please use method 'is_service_role' instead.
2026-06-25 23:33:24.982 10 INFO neutron.db.segments_db [None req-bb0fe691-d22b-42f8-b769-511ed23ce2c3 86dfeae0282646e9aef1766371c5bb04 0094a7de6c3d4471b71d81131d39ae2b - - default default] Added segment fe9f3dd1-ed65-46c9-be5f-f8483169dd83 of type geneve for network fc6ed900-2a43-40b9-b0e6-8cdc3adc4dc2
2026-06-25 23:33:25.054 9 INFO neutron.db.ovn_revision_numbers_db [None req-f2a14ca0-e316-4d18-91ba-5af336857791 86dfeae0282646e9aef1766371c5bb04 0094a7de6c3d4471b71d81131d39ae2b - - default default] Successfully bumped revision number for resource 7d6deff2-d93b-4525-b9a4-f72cce6bdc66 (type: security_groups) to 1
2026-06-25 23:33:25.071 9 INFO neutron.db.ovn_revision_numbers_db [None req-f2a14ca0-e316-4d18-91ba-5af336857791 86dfeae0282646e9aef1766371c5bb04 0094a7de6c3d4471b71d81131d39ae2b - - default default] Successfully bumped revision number for resource 67cb3ff4-3ef9-4271-b7c0-7350ce1caba6 (type: security_group_rules) to 0
2026-06-25 23:33:25.082 9 INFO neutron.db.ovn_revision_numbers_db [None req-f2a14ca0-e316-4d18-91ba-5af336857791 86dfeae0282646e9aef1766371c5bb04 0094a7de6c3d4471b71d81131d39ae2b - - default default] Successfully bumped revision number for resource 73cd94b0-b77c-4ded-a59f-ec9e18416aef (type: security_group_rules) to 0
2026-06-25 23:33:25.093 9 INFO neutron.db.ovn_revision_numbers_db [None req-f2a14ca0-e316-4d18-91ba-5af336857791 86dfeae0282646e9aef1766371c5bb04 0094a7de6c3d4471b71d81131d39ae2b - - default default] Successfully bumped revision number for resource a7e6c9a5-4a24-48fb-b858-8baa5ca5d003 (type: security_group_rules) to 0
2026-06-25 23:33:25.108 9 INFO neutron.db.ovn_revision_numbers_db [None req-f2a14ca0-e316-4d18-91ba-5af336857791 86dfeae0282646e9aef1766371c5bb04 0094a7de6c3d4471b71d81131d39ae2b - - default default] Successfully bumped revision number for resource b0919370-1eac-4bbc-ba9e-3206cd6f45c1 (type: security_group_rules) to 0
2026-06-25 23:33:25.140 9 INFO neutron.api.wsgi [None req-f2a14ca0-e316-4d18-91ba-5af336857791 86dfeae0282646e9aef1766371c5bb04 0094a7de6c3d4471b71d81131d39ae2b - - default default] 10.0.0.182 "GET /v2.0/security-groups?tenant_id=9e84fbcc117b42eea8b6a32eca6bd7a7&name=default HTTP/1.1" status: 200 len: 3120 time: 0.2298515
2026-06-25 23:33:25.144 10 INFO neutron.db.ovn_revision_numbers_db [None req-bb0fe691-d22b-42f8-b769-511ed23ce2c3 86dfeae0282646e9aef1766371c5bb04 0094a7de6c3d4471b71d81131d39ae2b - - default default] Successfully bumped revision number for resource fc6ed900-2a43-40b9-b0e6-8cdc3adc4dc2 (type: networks) to 1
2026-06-25 23:33:25.149 10 INFO neutron.db.ovn_revision_numbers_db [None req-bc991924-1d2c-4624-a452-3756409930c7 36724752e9f04e509b22fc8f64af29d6 6fe4831442604570a2bcc87e09eca145 - - default default] Successfully bumped revision number for resource 51be6d6e-5dc7-439d-8f89-91a1718d5c0c (type: security_groups) to 1
2026-06-25 23:33:25.174 10 INFO neutron.db.ovn_revision_numbers_db [None req-bc991924-1d2c-4624-a452-3756409930c7 36724752e9f04e509b22fc8f64af29d6 6fe4831442604570a2bcc87e09eca145 - - default default] Successfully bumped revision number for resource 8c78ab4d-b3d5-402f-95d4-f69868e78ed9 (type: security_group_rules) to 0
2026-06-25 23:33:25.192 10 INFO neutron.db.ovn_revision_numbers_db [None req-bc991924-1d2c-4624-a452-3756409930c7 36724752e9f04e509b22fc8f64af29d6 6fe4831442604570a2bcc87e09eca145 - - default default] Successfully bumped revision number for resource acc71ff9-dc34-42c5-a175-5c2d6e08e4b0 (type: security_group_rules) to 0
2026-06-25 23:33:25.208 10 INFO neutron.db.ovn_revision_numbers_db [None req-bc991924-1d2c-4624-a452-3756409930c7 36724752e9f04e509b22fc8f64af29d6 6fe4831442604570a2bcc87e09eca145 - - default default] Successfully bumped revision number for resource cf313fbf-2f25-4e2c-9b64-caa0c1e779f9 (type: security_group_rules) to 0
2026-06-25 23:33:25.227 10 INFO neutron.db.ovn_revision_numbers_db [None req-bc991924-1d2c-4624-a452-3756409930c7 36724752e9f04e509b22fc8f64af29d6 6fe4831442604570a2bcc87e09eca145 - - default default] Successfully bumped revision number for resource e98facd7-7c7c-4523-89bd-377b6baafae2 (type: security_group_rules) to 0
2026-06-25 23:33:25.301 10 INFO neutron.db.segments_db [None req-bc991924-1d2c-4624-a452-3756409930c7 36724752e9f04e509b22fc8f64af29d6 6fe4831442604570a2bcc87e09eca145 - - default default] Added segment fa2347c8-9d77-4826-81e8-30228455ff66 of type geneve for network 1eca9590-c48c-4284-b2cf-7f735cc021ff
2026-06-25 23:33:25.308 9 INFO neutron.api.wsgi [None req-56b9f0a6-3d20-464f-bd6b-c779a80b444b 86dfeae0282646e9aef1766371c5bb04 0094a7de6c3d4471b71d81131d39ae2b - - default default] 10.0.0.182 "DELETE /v2.0/security-groups/7d6deff2-d93b-4525-b9a4-f72cce6bdc66 HTTP/1.1" status: 204 len: 168 time: 0.1616032
2026-06-25 23:33:25.315 10 WARNING neutron.scheduler.dhcp_agent_scheduler [None req-bb0fe691-d22b-42f8-b769-511ed23ce2c3 86dfeae0282646e9aef1766371c5bb04 0094a7de6c3d4471b71d81131d39ae2b - - default default] No more DHCP agents
2026-06-25 23:33:25.317 10 WARNING neutron.api.rpc.agentnotifiers.dhcp_rpc_agent_api [None req-bb0fe691-d22b-42f8-b769-511ed23ce2c3 86dfeae0282646e9aef1766371c5bb04 0094a7de6c3d4471b71d81131d39ae2b - - default default] Unable to schedule network fc6ed900-2a43-40b9-b0e6-8cdc3adc4dc2: no agents available; will retry on subsequent port and subnet creation events.
2026-06-25 23:33:25.386 10 INFO neutron.db.ovn_revision_numbers_db [None req-bb0fe691-d22b-42f8-b769-511ed23ce2c3 86dfeae0282646e9aef1766371c5bb04 0094a7de6c3d4471b71d81131d39ae2b - - default default] Successfully bumped revision number for resource 3c687224-1c1c-4640-b11d-f706ab62df07 (type: ports) to 1
2026-06-25 23:33:25.414 10 INFO neutron.api.wsgi [None req-bb0fe691-d22b-42f8-b769-511ed23ce2c3 86dfeae0282646e9aef1766371c5bb04 0094a7de6c3d4471b71d81131d39ae2b - - default default] 10.0.0.182 "POST /v2.0/networks HTTP/1.1" status: 201 len: 947 time: 0.8857374
2026-06-25 23:33:25.429 10 INFO neutron.db.ovn_revision_numbers_db [None req-bc991924-1d2c-4624-a452-3756409930c7 36724752e9f04e509b22fc8f64af29d6 6fe4831442604570a2bcc87e09eca145 - - default default] Successfully bumped revision number for resource 1eca9590-c48c-4284-b2cf-7f735cc021ff (type: networks) to 1
2026-06-25 23:33:25.554 9 WARNING neutron.scheduler.dhcp_agent_scheduler [None req-19895450-8bb6-4bee-b906-753f513bdc8c 86dfeae0282646e9aef1766371c5bb04 0094a7de6c3d4471b71d81131d39ae2b - - default default] No more DHCP agents
2026-06-25 23:33:25.555 9 WARNING neutron.api.rpc.agentnotifiers.dhcp_rpc_agent_api [None req-19895450-8bb6-4bee-b906-753f513bdc8c 86dfeae0282646e9aef1766371c5bb04 0094a7de6c3d4471b71d81131d39ae2b - - default default] Unable to schedule network fc6ed900-2a43-40b9-b0e6-8cdc3adc4dc2: no agents available; will retry on subsequent port and subnet creation events.
2026-06-25 23:33:25.607 10 WARNING neutron.scheduler.dhcp_agent_scheduler [None req-bc991924-1d2c-4624-a452-3756409930c7 36724752e9f04e509b22fc8f64af29d6 6fe4831442604570a2bcc87e09eca145 - - default default] No more DHCP agents
2026-06-25 23:33:25.608 10 WARNING neutron.api.rpc.agentnotifiers.dhcp_rpc_agent_api [None req-bc991924-1d2c-4624-a452-3756409930c7 36724752e9f04e509b22fc8f64af29d6 6fe4831442604570a2bcc87e09eca145 - - default default] Unable to schedule network 1eca9590-c48c-4284-b2cf-7f735cc021ff: no agents available; will retry on subsequent port and subnet creation events.
2026-06-25 23:33:25.673 10 INFO neutron.db.ovn_revision_numbers_db [None req-bc991924-1d2c-4624-a452-3756409930c7 36724752e9f04e509b22fc8f64af29d6 6fe4831442604570a2bcc87e09eca145 - - default default] Successfully bumped revision number for resource 287d86e4-3c50-4f07-a634-07cbd519e31a (type: ports) to 1
2026-06-25 23:33:25.698 10 INFO neutron.api.wsgi [None req-bc991924-1d2c-4624-a452-3756409930c7 36724752e9f04e509b22fc8f64af29d6 6fe4831442604570a2bcc87e09eca145 - - default default] 10.0.0.182 "POST /v2.0/networks HTTP/1.1" status: 201 len: 847 time: 0.7634003
2026-06-25 23:33:25.900 9 INFO neutron.api.wsgi [None req-b39bf35f-87d7-4995-81b8-9781a087ab04 86dfeae0282646e9aef1766371c5bb04 0094a7de6c3d4471b71d81131d39ae2b - - default default] 10.0.0.63 "GET /v2.0/networks HTTP/1.1" status: 200 len: 5350 time: 0.2167711
2026-06-25 23:33:25.948 9 INFO neutron.api.wsgi [None req-53a43a2c-6b29-4a54-b5b5-3d81b54948a2 86dfeae0282646e9aef1766371c5bb04 0094a7de6c3d4471b71d81131d39ae2b - - default default] 10.0.0.63 "GET /v2.0/floatingips HTTP/1.1" status: 200 len: 1036 time: 0.0406570
2026-06-25 23:33:26.013 9 INFO neutron.api.wsgi [None req-4ccad307-fc0f-4a43-890a-16bc603ab0a7 86dfeae0282646e9aef1766371c5bb04 0094a7de6c3d4471b71d81131d39ae2b - - default default] 10.0.0.63 "GET /v2.0/routers HTTP/1.1" status: 200 len: 2112 time: 0.0635822
2026-06-25 23:33:26.018 9 INFO neutron.db.ovn_revision_numbers_db [None req-3ae2d6a6-c692-42e4-a53a-21fc006ed660 - - - - - -] Successfully bumped revision number for resource 3c687224-1c1c-4640-b11d-f706ab62df07 (type: ports) to 2
2026-06-25 23:33:26.023 9 INFO neutron.api.wsgi [None req-abf67ef6-3fda-4e6b-a3d3-4cab325f9137 86dfeae0282646e9aef1766371c5bb04 0094a7de6c3d4471b71d81131d39ae2b - - default default] 10.0.0.63 "GET /v2.0/agents?binary=ovn-controller HTTP/1.1" status: 200 len: 591 time: 0.0087776
2026-06-25 23:33:26.033 9 INFO neutron.api.wsgi [None req-5407c3bc-892b-48aa-baac-b70407efcc45 86dfeae0282646e9aef1766371c5bb04 0094a7de6c3d4471b71d81131d39ae2b - - default default] 10.0.0.63 "GET /v2.0/agents HTTP/1.1" status: 200 len: 1390 time: 0.0100029
2026-06-25 23:33:26.057 9 INFO neutron.db.ovn_revision_numbers_db [None req-3ae2d6a6-c692-42e4-a53a-21fc006ed660 - - - - - -] Successfully bumped revision number for resource 65ac75b7-799c-4b8f-8d75-7706fbd89579 (type: subnets) to 0
2026-06-25 23:33:26.092 9 INFO neutron.api.wsgi [None req-010d1902-2dba-4a79-b97f-b0d91e1c712d 86dfeae0282646e9aef1766371c5bb04 0094a7de6c3d4471b71d81131d39ae2b - - default default] 10.0.0.63 "GET /v2.0/ports HTTP/1.1" status: 200 len: 15964 time: 0.0573392
2026-06-25 23:33:26.101 9 INFO neutron.api.wsgi [None req-19895450-8bb6-4bee-b906-753f513bdc8c 86dfeae0282646e9aef1766371c5bb04 0094a7de6c3d4471b71d81131d39ae2b - - default default] 10.0.0.182 "POST /v2.0/subnets HTTP/1.1" status: 201 len: 891 time: 0.6832356
2026-06-25 23:33:26.125 9 INFO neutron.api.wsgi [None req-664a5125-580c-4c4b-ad79-16504dc0434e 86dfeae0282646e9aef1766371c5bb04 0094a7de6c3d4471b71d81131d39ae2b - - default default] 10.0.0.63 "GET /v2.0/network-ip-availabilities HTTP/1.1" status: 200 len: 2986 time: 0.0204194
2026-06-25 23:33:26.156 9 INFO neutron.api.wsgi [None req-b1951e7c-1847-4a6f-99ff-e0691aeace0d 86dfeae0282646e9aef1766371c5bb04 0094a7de6c3d4471b71d81131d39ae2b - - default default] 10.0.0.63 "GET /v2.0/subnets HTTP/1.1" status: 200 len: 3521 time: 0.0300763
2026-06-25 23:33:26.166 10 WARNING neutron_lib.context [None req-678be1e0-8972-47bd-a8e7-88ca59277efe 36724752e9f04e509b22fc8f64af29d6 6fe4831442604570a2bcc87e09eca145 - - default default] Method 'is_advsvc' is deprecated since 2023.2 release (neutron-lib 3.8.0) and will be removed once support for the old RBAC API policies will be removed from Neutron. Please use method 'is_service_role' instead.
2026-06-25 23:33:26.169 9 INFO neutron.api.wsgi [None req-7758e2c1-2428-409c-9938-f33d8450c13d 86dfeae0282646e9aef1766371c5bb04 0094a7de6c3d4471b71d81131d39ae2b - - default default] 10.0.0.63 "GET /v2.0/subnetpools HTTP/1.1" status: 200 len: 193 time: 0.0104587
2026-06-25 23:33:26.221 9 INFO neutron.api.wsgi [None req-b5b17d62-eb21-4425-a566-5e4b9e0faf18 86dfeae0282646e9aef1766371c5bb04 0094a7de6c3d4471b71d81131d39ae2b - - default default] 10.0.0.63 "GET /v2.0/security-groups HTTP/1.1" status: 200 len: 37396 time: 0.0519319
2026-06-25 23:33:26.271 9 INFO neutron.api.wsgi [None req-f81fffe9-4a3b-4a99-aa84-32bc7be018c4 86dfeae0282646e9aef1766371c5bb04 0094a7de6c3d4471b71d81131d39ae2b - - default default] 10.0.0.63 "GET /v2.0/subnets HTTP/1.1" status: 200 len: 3521 time: 0.0370049
2026-06-25 23:33:26.331 10 WARNING neutron.scheduler.dhcp_agent_scheduler [None req-678be1e0-8972-47bd-a8e7-88ca59277efe 36724752e9f04e509b22fc8f64af29d6 6fe4831442604570a2bcc87e09eca145 - - default default] No more DHCP agents
2026-06-25 23:33:26.332 10 WARNING neutron.api.rpc.agentnotifiers.dhcp_rpc_agent_api [None req-678be1e0-8972-47bd-a8e7-88ca59277efe 36724752e9f04e509b22fc8f64af29d6 6fe4831442604570a2bcc87e09eca145 - - default default] Unable to schedule network 1eca9590-c48c-4284-b2cf-7f735cc021ff: no agents available; will retry on subsequent port and subnet creation events.
2026-06-25 23:33:26.361 10 INFO neutron.db.ovn_revision_numbers_db [None req-678be1e0-8972-47bd-a8e7-88ca59277efe 36724752e9f04e509b22fc8f64af29d6 6fe4831442604570a2bcc87e09eca145 - - default default] Successfully bumped revision number for resource dcc6d69f-98ed-43b4-8b90-0d9bc283bafc (type: subnets) to 0
2026-06-25 23:33:26.378 10 INFO neutron.api.wsgi [None req-678be1e0-8972-47bd-a8e7-88ca59277efe 36724752e9f04e509b22fc8f64af29d6 6fe4831442604570a2bcc87e09eca145 - - default default] 10.0.0.182 "POST /v2.0/subnets HTTP/1.1" status: 201 len: 872 time: 0.2201686
2026-06-25 23:33:26.387 10 WARNING neutron_lib.context [None req-7fe8287a-30f0-4905-843f-b24176a078d3 36724752e9f04e509b22fc8f64af29d6 6fe4831442604570a2bcc87e09eca145 - - default default] Method 'is_advsvc' is deprecated since 2023.2 release (neutron-lib 3.8.0) and will be removed once support for the old RBAC API policies will be removed from Neutron. Please use method 'is_service_role' instead.
2026-06-25 23:33:26.491 10 INFO neutron.db.segments_db [None req-7fe8287a-30f0-4905-843f-b24176a078d3 36724752e9f04e509b22fc8f64af29d6 6fe4831442604570a2bcc87e09eca145 - - default default] Added segment 6b6048ed-57bf-4f0e-bf4e-4feaf7612c85 of type geneve for network e5c79a01-ae35-4498-add4-43e8f8c9fe82
2026-06-25 23:33:26.596 9 WARNING neutron.scheduler.dhcp_agent_scheduler [None req-ae34d50a-0aef-4de4-ae56-0be7d97f2765 86dfeae0282646e9aef1766371c5bb04 0094a7de6c3d4471b71d81131d39ae2b - - default default] No more DHCP agents
2026-06-25 23:33:26.598 9 WARNING neutron.api.rpc.agentnotifiers.dhcp_rpc_agent_api [None req-ae34d50a-0aef-4de4-ae56-0be7d97f2765 86dfeae0282646e9aef1766371c5bb04 0094a7de6c3d4471b71d81131d39ae2b - - default default] Unable to schedule network 7aedf66c-0727-4621-af53-4780d276fef0: no agents available; will retry on subsequent port and subnet creation events.
2026-06-25 23:33:26.637 10 INFO neutron.db.ovn_revision_numbers_db [None req-7fe8287a-30f0-4905-843f-b24176a078d3 36724752e9f04e509b22fc8f64af29d6 6fe4831442604570a2bcc87e09eca145 - - default default] Successfully bumped revision number for resource e5c79a01-ae35-4498-add4-43e8f8c9fe82 (type: networks) to 1
2026-06-25 23:33:26.727 10 INFO neutron.api.wsgi [req-4e67b143-396d-4f74-a870-72120965c908 req-1c4ae209-0e98-411c-a8b7-bb032b75e91a 589b837238e9460d96b86dd211d439bb 1f72c92107d24d8daf303314f0784acc - - default default] 10.0.0.157 "GET /v2.0/ports?device_id=0fd4fd1e-46e2-47df-994e-eb47ee142563 HTTP/1.1" status: 200 len: 1214 time: 0.0994847
2026-06-25 23:33:26.761 9 INFO neutron.db.ovn_revision_numbers_db [None req-ae34d50a-0aef-4de4-ae56-0be7d97f2765 86dfeae0282646e9aef1766371c5bb04 0094a7de6c3d4471b71d81131d39ae2b - - default default] Successfully bumped revision number for resource dec3aad7-33c6-4d78-9b48-32b14acf131d (type: ports) to 1
2026-06-25 23:33:26.780 10 INFO neutron.api.wsgi [req-4e67b143-396d-4f74-a870-72120965c908 req-0916ef67-d34a-419f-ad17-f071f67907e9 589b837238e9460d96b86dd211d439bb 1f72c92107d24d8daf303314f0784acc - - default default] 10.0.0.157 "GET /v2.0/security-groups?id=2fcabb96-9599-44a6-b51c-41d8565598d1&id=7f2d8563-f537-405a-8e0b-2f3667ea737d&fields=id&fields=name HTTP/1.1" status: 200 len: 404 time: 0.0484035
2026-06-25 23:33:26.830 10 WARNING neutron.scheduler.dhcp_agent_scheduler [None req-7fe8287a-30f0-4905-843f-b24176a078d3 36724752e9f04e509b22fc8f64af29d6 6fe4831442604570a2bcc87e09eca145 - - default default] No more DHCP agents
2026-06-25 23:33:26.831 10 WARNING neutron.api.rpc.agentnotifiers.dhcp_rpc_agent_api [None req-7fe8287a-30f0-4905-843f-b24176a078d3 36724752e9f04e509b22fc8f64af29d6 6fe4831442604570a2bcc87e09eca145 - - default default] Unable to schedule network e5c79a01-ae35-4498-add4-43e8f8c9fe82: no agents available; will retry on subsequent port and subnet creation events.
2026-06-25 23:33:26.911 10 INFO neutron.db.ovn_revision_numbers_db [None req-7fe8287a-30f0-4905-843f-b24176a078d3 36724752e9f04e509b22fc8f64af29d6 6fe4831442604570a2bcc87e09eca145 - - default default] Successfully bumped revision number for resource 3bea2d08-2dad-4cae-a0c6-f6753ad33f52 (type: ports) to 1
2026-06-25 23:33:26.931 10 INFO neutron.api.wsgi [None req-7fe8287a-30f0-4905-843f-b24176a078d3 36724752e9f04e509b22fc8f64af29d6 6fe4831442604570a2bcc87e09eca145 - - default default] 10.0.0.182 "POST /v2.0/networks HTTP/1.1" status: 201 len: 846 time: 0.5477686
2026-06-25 23:33:27.062 10 INFO neutron.db.ovn_revision_numbers_db [None req-f0fa4cb8-b074-4c3a-bf82-116eac4a78a4 36724752e9f04e509b22fc8f64af29d6 6fe4831442604570a2bcc87e09eca145 - - default default] Successfully bumped revision number for resource e5c79a01-ae35-4498-add4-43e8f8c9fe82 (type: networks) to 2
2026-06-25 23:33:27.066 10 INFO neutron.api.wsgi [None req-f0fa4cb8-b074-4c3a-bf82-116eac4a78a4 36724752e9f04e509b22fc8f64af29d6 6fe4831442604570a2bcc87e09eca145 - - default default] 10.0.0.182 "PUT /v2.0/networks/e5c79a01-ae35-4498-add4-43e8f8c9fe82 HTTP/1.1" status: 200 len: 792 time: 0.1306431
2026-06-25 23:33:27.075 10 WARNING neutron_lib.context [None req-e7d5736a-18cc-47d3-b536-118e473defaf 36724752e9f04e509b22fc8f64af29d6 6fe4831442604570a2bcc87e09eca145 - - default default] Method 'is_advsvc' is deprecated since 2023.2 release (neutron-lib 3.8.0) and will be removed once support for the old RBAC API policies will be removed from Neutron. Please use method 'is_service_role' instead.
2026-06-25 23:33:27.081 9 INFO neutron.api.wsgi [None req-1f285f5f-4c77-46ad-9afe-d40c3d0f2015 fe3310acd83e48b5ab0915a413537482 c46c54a8abea4ae98f8784ad19d093b2 - - default default] 10.0.0.182 "GET /v2.0/ports?device_id=0fd4fd1e-46e2-47df-994e-eb47ee142563 HTTP/1.1" status: 200 len: 1447 time: 0.2725575
2026-06-25 23:33:27.156 9 INFO neutron.api.wsgi [None req-81cc83f7-28ec-4de6-8d8d-19f5e60ff464 589b837238e9460d96b86dd211d439bb 1f72c92107d24d8daf303314f0784acc - - default default] 10.0.0.182 "GET /v2.0/floatingips?floating_network_id=7aedf66c-0727-4621-af53-4780d276fef0&port_id=7d506a39-8747-4ac0-ad83-b262303c39a0 HTTP/1.1" status: 200 len: 1055 time: 0.0696602
2026-06-25 23:33:27.261 10 WARNING neutron.scheduler.dhcp_agent_scheduler [None req-e7d5736a-18cc-47d3-b536-118e473defaf 36724752e9f04e509b22fc8f64af29d6 6fe4831442604570a2bcc87e09eca145 - - default default] No more DHCP agents
2026-06-25 23:33:27.262 10 WARNING neutron.api.rpc.agentnotifiers.dhcp_rpc_agent_api [None req-e7d5736a-18cc-47d3-b536-118e473defaf 36724752e9f04e509b22fc8f64af29d6 6fe4831442604570a2bcc87e09eca145 - - default default] Unable to schedule network e5c79a01-ae35-4498-add4-43e8f8c9fe82: no agents available; will retry on subsequent port and subnet creation events.
2026-06-25 23:33:27.284 10 INFO neutron.db.ovn_revision_numbers_db [None req-e7d5736a-18cc-47d3-b536-118e473defaf 36724752e9f04e509b22fc8f64af29d6 6fe4831442604570a2bcc87e09eca145 - - default default] Successfully bumped revision number for resource ad6d0454-c186-420f-9c93-f9c910958c40 (type: subnets) to 0
2026-06-25 23:33:27.298 10 INFO neutron.api.wsgi [None req-e7d5736a-18cc-47d3-b536-118e473defaf 36724752e9f04e509b22fc8f64af29d6 6fe4831442604570a2bcc87e09eca145 - - default default] 10.0.0.182 "POST /v2.0/subnets HTTP/1.1" status: 201 len: 845 time: 0.2273419
2026-06-25 23:33:27.381 9 INFO neutron.api.wsgi [req-e7ad6609-8aa6-4230-a9be-f318c3c71537 req-0581b03f-29bf-479f-a200-a47ec55783be 2c7701c85ab94603a734325966eae3c2 dab50b7c660a45cf853e75fd56ba3911 - - 270885a2bed64546875c9241f5473fdb 270885a2bed64546875c9241f5473fdb] 10.0.0.57 "GET /v2.0/ports?device_id=0fd4fd1e-46e2-47df-994e-eb47ee142563 HTTP/1.1" status: 200 len: 1452 time: 0.0309846
2026-06-25 23:33:27.387 9 INFO neutron.plugins.ml2.drivers.ovn.mech_driver.ovsdb.commands [None req-63226279-dc8f-4f43-b18c-0d19d742a540 - - - - - -] Schedule LRP lrp-dec3aad7-33c6-4d78-9b48-32b14acf131d on gateway 7b1806a7-773a-48c1-83c9-12ccd4aecf91 with priority 1
2026-06-25 23:33:27.397 9 INFO neutron.plugins.ml2.drivers.ovn.mech_driver.mech_driver [None req-ac27e076-538e-4335-a153-f220d5031a7f - - - - - -] OVN reports status up for port: dec3aad7-33c6-4d78-9b48-32b14acf131d
2026-06-25 23:33:27.415 10 INFO neutron.plugins.ml2.drivers.ovn.mech_driver.ovsdb.ovsdb_monitor [None req-20dd9dd3-6064-4ae5-85b4-b2c5371207e1 - - - - - -] Router fd29f42b-6500-442e-b732-4354efd9e05d is bound to host instance
2026-06-25 23:33:27.421 9 INFO neutron.plugins.ml2.plugin [None req-ac27e076-538e-4335-a153-f220d5031a7f - - - - - -] Attempt 1 to provision port dec3aad7-33c6-4d78-9b48-32b14acf131d
2026-06-25 23:33:27.442 9 INFO neutron.api.wsgi [req-e7ad6609-8aa6-4230-a9be-f318c3c71537 req-038c20d5-304c-4899-ac23-4cf79d48d157 2c7701c85ab94603a734325966eae3c2 dab50b7c660a45cf853e75fd56ba3911 - - 270885a2bed64546875c9241f5473fdb 270885a2bed64546875c9241f5473fdb] 10.0.0.57 "GET /v2.0/security-groups?id=7f2d8563-f537-405a-8e0b-2f3667ea737d&id=2fcabb96-9599-44a6-b51c-41d8565598d1&fields=id&fields=name HTTP/1.1" status: 200 len: 404 time: 0.0537307
2026-06-25 23:33:27.443 9 INFO neutron.db.ovn_revision_numbers_db [None req-ae34d50a-0aef-4de4-ae56-0be7d97f2765 86dfeae0282646e9aef1766371c5bb04 0094a7de6c3d4471b71d81131d39ae2b - - default default] Successfully bumped revision number for resource dec3aad7-33c6-4d78-9b48-32b14acf131d (type: router_ports) to 1
2026-06-25 23:33:27.540 9 INFO neutron.db.ovn_revision_numbers_db [None req-ae34d50a-0aef-4de4-ae56-0be7d97f2765 86dfeae0282646e9aef1766371c5bb04 0094a7de6c3d4471b71d81131d39ae2b - - default default] Successfully bumped revision number for resource fd29f42b-6500-442e-b732-4354efd9e05d (type: routers) to 2
2026-06-25 23:33:27.566 9 INFO neutron.api.wsgi [None req-ae34d50a-0aef-4de4-ae56-0be7d97f2765 86dfeae0282646e9aef1766371c5bb04 0094a7de6c3d4471b71d81131d39ae2b - - default default] 10.0.0.182 "POST /v2.0/routers HTTP/1.1" status: 201 len: 1169 time: 1.4601696
2026-06-25 23:33:27.935 10 INFO neutron.db.ovn_revision_numbers_db [None req-02708786-8f06-45ea-be39-22ad77dbf9d6 - - - - - -] Successfully bumped revision number for resource dec3aad7-33c6-4d78-9b48-32b14acf131d (type: ports) to 1
2026-06-25 23:33:28.011 10 INFO neutron.db.ovn_revision_numbers_db [None req-b75ad74f-0e9d-4ea1-9389-703935eee515 - - - - - -] Successfully bumped revision number for resource 3bea2d08-2dad-4cae-a0c6-f6753ad33f52 (type: ports) to 2
2026-06-25 23:33:28.042 9 WARNING neutron.scheduler.dhcp_agent_scheduler [None req-386ed25d-cdb4-4464-8e16-77fe45d59961 86dfeae0282646e9aef1766371c5bb04 0094a7de6c3d4471b71d81131d39ae2b - - default default] No more DHCP agents
2026-06-25 23:33:28.043 9 WARNING neutron.api.rpc.agentnotifiers.dhcp_rpc_agent_api [None req-386ed25d-cdb4-4464-8e16-77fe45d59961 86dfeae0282646e9aef1766371c5bb04 0094a7de6c3d4471b71d81131d39ae2b - - default default] Unable to schedule network fc6ed900-2a43-40b9-b0e6-8cdc3adc4dc2: no agents available; will retry on subsequent port and subnet creation events.
2026-06-25 23:33:28.048 10 INFO neutron.db.ovn_revision_numbers_db [None req-b75ad74f-0e9d-4ea1-9389-703935eee515 - - - - - -] Successfully bumped revision number for resource ad6d0454-c186-420f-9c93-f9c910958c40 (type: subnets) to 1
2026-06-25 23:33:28.050 10 INFO neutron.api.wsgi [None req-c10b3dec-a93c-409a-b130-ed2626b6d34d 36724752e9f04e509b22fc8f64af29d6 6fe4831442604570a2bcc87e09eca145 - - default default] 10.0.0.182 "PUT /v2.0/subnets/ad6d0454-c186-420f-9c93-f9c910958c40 HTTP/1.1" status: 200 len: 850 time: 0.7460091
2026-06-25 23:33:28.212 9 INFO neutron.db.ovn_revision_numbers_db [None req-386ed25d-cdb4-4464-8e16-77fe45d59961 86dfeae0282646e9aef1766371c5bb04 0094a7de6c3d4471b71d81131d39ae2b - - default default] Successfully bumped revision number for resource 89a3efcd-45d9-40cb-8eea-9f233dab3d4e (type: ports) to 1
2026-06-25 23:33:28.229 10 INFO neutron.db.ovn_revision_numbers_db [None req-02708786-8f06-45ea-be39-22ad77dbf9d6 - - - - - -] Successfully bumped revision number for resource dec3aad7-33c6-4d78-9b48-32b14acf131d (type: ports) to 4
2026-06-25 23:33:28.487 10 INFO neutron.db.ovn_revision_numbers_db [None req-02708786-8f06-45ea-be39-22ad77dbf9d6 - - - - - -] Successfully bumped revision number for resource dec3aad7-33c6-4d78-9b48-32b14acf131d (type: ports) to 5
2026-06-25 23:33:28.539 9 INFO neutron.services.segments.plugin [-] Segment 6b6048ed-57bf-4f0e-bf4e-4feaf7612c85 resource provider aggregate not found
2026-06-25 23:33:28.550 9 INFO neutron.services.segments.plugin [-] Segment 6b6048ed-57bf-4f0e-bf4e-4feaf7612c85 resource provider aggregate not found
2026-06-25 23:33:28.553 9 INFO neutron.services.segments.plugin [-] Segment 6b6048ed-57bf-4f0e-bf4e-4feaf7612c85 resource provider not found; error: Placement Client Error (4xx): {"errors": [{"status": 404, "title": "Not Found", "detail": "The resource could not be found.\n\n No resource provider with uuid 6b6048ed-57bf-4f0e-bf4e-4feaf7612c85 found for delete ", "request_id": "req-f93711a4-f350-433a-b3b7-372a2417418d"}]}
2026-06-25 23:33:28.561 9 INFO neutron.services.segments.plugin [-] Segment 6b6048ed-57bf-4f0e-bf4e-4feaf7612c85 resource provider not found; error: Placement Client Error (4xx): {"errors": [{"status": 404, "title": "Not Found", "detail": "The resource could not be found.\n\n No resource provider with uuid 6b6048ed-57bf-4f0e-bf4e-4feaf7612c85 found for delete ", "request_id": "req-0849441a-f2bf-4a46-8d08-46defe5c591b"}]}
2026-06-25 23:33:28.580 9 INFO neutron.api.wsgi [None req-0b642641-0e51-42d6-b795-5e44779afa63 36724752e9f04e509b22fc8f64af29d6 6fe4831442604570a2bcc87e09eca145 - - default default] 10.0.0.182 "DELETE /v2.0/networks/e5c79a01-ae35-4498-add4-43e8f8c9fe82 HTTP/1.1" status: 204 len: 168 time: 0.5232654
2026-06-25 23:33:28.599 10 INFO neutron.pecan_wsgi.hooks.translation [None req-9a8ad018-4807-4044-a5af-d31f5584678d 36724752e9f04e509b22fc8f64af29d6 6fe4831442604570a2bcc87e09eca145 - - default default] DELETE failed (client error): The resource could not be found.
2026-06-25 23:33:28.602 10 INFO neutron.api.wsgi [None req-9a8ad018-4807-4044-a5af-d31f5584678d 36724752e9f04e509b22fc8f64af29d6 6fe4831442604570a2bcc87e09eca145 - - default default] 10.0.0.182 "DELETE /v2.0/networks/e5c79a01-ae35-4498-add4-43e8f8c9fe82 HTTP/1.1" status: 404 len: 339 time: 0.0156176
2026-06-25 23:33:28.664 10 INFO neutron.api.wsgi [None req-40446424-c596-4105-a870-99145c48f30c 36724752e9f04e509b22fc8f64af29d6 6fe4831442604570a2bcc87e09eca145 - - default default] 10.0.0.182 "GET /v2.0/networks?router%3Aexternal=True HTTP/1.1" status: 200 len: 845 time: 0.0539577
2026-06-25 23:33:28.697 10 INFO neutron.api.wsgi [None req-c3474f1d-9849-4719-8eb8-bd88e00c8e8d 36724752e9f04e509b22fc8f64af29d6 6fe4831442604570a2bcc87e09eca145 - - default default] 10.0.0.182 "GET /v2.0/subnets?network_id=7aedf66c-0727-4621-af53-4780d276fef0 HTTP/1.1" status: 200 len: 843 time: 0.0275097
2026-06-25 23:33:28.711 10 INFO neutron.api.wsgi [None req-e3ae3646-3f3f-4f11-9ba6-e385715dc39b 36724752e9f04e509b22fc8f64af29d6 6fe4831442604570a2bcc87e09eca145 - - default default] 10.0.0.182 "GET /v2.0/extensions HTTP/1.1" status: 200 len: 19293 time: 0.0065289
2026-06-25 23:33:28.727 10 INFO neutron.plugins.ml2.drivers.ovn.mech_driver.mech_driver [None req-dbc0a10f-1653-4902-b470-166496bae2d2 - - - - - -] OVN reports status up for port: 89a3efcd-45d9-40cb-8eea-9f233dab3d4e
2026-06-25 23:33:28.738 10 INFO neutron.plugins.ml2.plugin [None req-dbc0a10f-1653-4902-b470-166496bae2d2 - - - - - -] Attempt 1 to provision port 89a3efcd-45d9-40cb-8eea-9f233dab3d4e
2026-06-25 23:33:28.761 9 INFO neutron.db.ovn_revision_numbers_db [None req-386ed25d-cdb4-4464-8e16-77fe45d59961 86dfeae0282646e9aef1766371c5bb04 0094a7de6c3d4471b71d81131d39ae2b - - default default] Successfully bumped revision number for resource 89a3efcd-45d9-40cb-8eea-9f233dab3d4e (type: ports) to 1
2026-06-25 23:33:28.777 9 INFO neutron.api.wsgi [None req-6e5019a1-a526-42cc-b905-982541435533 36724752e9f04e509b22fc8f64af29d6 6fe4831442604570a2bcc87e09eca145 - - default default] 10.0.0.182 "GET /v2.0/networks HTTP/1.1" status: 200 len: 1508 time: 0.0589926
2026-06-25 23:33:28.815 9 INFO neutron.api.wsgi [None req-aaa09218-720d-4c90-b269-0349a4650b46 36724752e9f04e509b22fc8f64af29d6 6fe4831442604570a2bcc87e09eca145 - - default default] 10.0.0.182 "GET /v2.0/subnets HTTP/1.1" status: 200 len: 1507 time: 0.0324214
2026-06-25 23:33:28.824 9 WARNING neutron.scheduler.dhcp_agent_scheduler [None req-386ed25d-cdb4-4464-8e16-77fe45d59961 86dfeae0282646e9aef1766371c5bb04 0094a7de6c3d4471b71d81131d39ae2b - - default default] No more DHCP agents
2026-06-25 23:33:28.825 9 WARNING neutron.api.rpc.agentnotifiers.dhcp_rpc_agent_api [None req-386ed25d-cdb4-4464-8e16-77fe45d59961 86dfeae0282646e9aef1766371c5bb04 0094a7de6c3d4471b71d81131d39ae2b - - default default] Unable to schedule network fc6ed900-2a43-40b9-b0e6-8cdc3adc4dc2: no agents available; will retry on subsequent port and subnet creation events.
2026-06-25 23:33:28.885 10 INFO neutron.api.wsgi [None req-e8aada45-f3f9-4667-b9e3-ac433d4e5364 36724752e9f04e509b22fc8f64af29d6 6fe4831442604570a2bcc87e09eca145 - - default default] 10.0.0.182 "GET /v2.0/networks/1eca9590-c48c-4284-b2cf-7f735cc021ff HTTP/1.1" status: 200 len: 867 time: 0.0609958
2026-06-25 23:33:28.920 10 INFO neutron.api.wsgi [None req-f73a470b-7a24-47ac-83e9-1129c69d8064 36724752e9f04e509b22fc8f64af29d6 6fe4831442604570a2bcc87e09eca145 - - default default] 10.0.0.182 "GET /v2.0/subnets/dcc6d69f-98ed-43b4-8b90-0d9bc283bafc HTTP/1.1" status: 200 len: 867 time: 0.0263996
2026-06-25 23:33:28.939 10 INFO neutron.pecan_wsgi.hooks.translation [None req-39cfa666-b7af-4c08-8b96-19ad3eadd652 36724752e9f04e509b22fc8f64af29d6 6fe4831442604570a2bcc87e09eca145 - - default default] DELETE failed (client error): The resource could not be found.
2026-06-25 23:33:28.941 10 INFO neutron.api.wsgi [None req-39cfa666-b7af-4c08-8b96-19ad3eadd652 36724752e9f04e509b22fc8f64af29d6 6fe4831442604570a2bcc87e09eca145 - - default default] 10.0.0.182 "DELETE /v2.0/subnets/ad6d0454-c186-420f-9c93-f9c910958c40 HTTP/1.1" status: 404 len: 337 time: 0.0120885
2026-06-25 23:33:28.954 10 INFO neutron.pecan_wsgi.hooks.translation [None req-55c309a7-5eee-4129-8a8e-4a1518e7d8cc 36724752e9f04e509b22fc8f64af29d6 6fe4831442604570a2bcc87e09eca145 - - default default] DELETE failed (client error): The resource could not be found.
2026-06-25 23:33:28.956 10 INFO neutron.api.wsgi [None req-55c309a7-5eee-4129-8a8e-4a1518e7d8cc 36724752e9f04e509b22fc8f64af29d6 6fe4831442604570a2bcc87e09eca145 - - default default] 10.0.0.182 "DELETE /v2.0/networks/e5c79a01-ae35-4498-add4-43e8f8c9fe82 HTTP/1.1" status: 404 len: 339 time: 0.0108533
2026-06-25 23:33:29.111 10 INFO neutron.api.wsgi [None req-72931e94-fc96-45f8-a8bb-3e13f7add815 36724752e9f04e509b22fc8f64af29d6 6fe4831442604570a2bcc87e09eca145 - - default default] 10.0.0.182 "DELETE /v2.0/subnets/dcc6d69f-98ed-43b4-8b90-0d9bc283bafc HTTP/1.1" status: 204 len: 168 time: 0.1506803
2026-06-25 23:33:29.111 10 INFO neutron.db.ovn_revision_numbers_db [None req-dbc0a10f-1653-4902-b470-166496bae2d2 - - - - - -] Successfully bumped revision number for resource 89a3efcd-45d9-40cb-8eea-9f233dab3d4e (type: ports) to 2
2026-06-25 23:33:29.461 10 INFO neutron.services.segments.plugin [-] Segment fa2347c8-9d77-4826-81e8-30228455ff66 resource provider aggregate not found
2026-06-25 23:33:29.465 10 INFO neutron.services.segments.plugin [-] Segment fa2347c8-9d77-4826-81e8-30228455ff66 resource provider aggregate not found
2026-06-25 23:33:29.476 10 INFO neutron.services.segments.plugin [-] Segment fa2347c8-9d77-4826-81e8-30228455ff66 resource provider not found; error: Placement Client Error (4xx): {"errors": [{"status": 404, "title": "Not Found", "detail": "The resource could not be found.\n\n No resource provider with uuid fa2347c8-9d77-4826-81e8-30228455ff66 found for delete ", "request_id": "req-9d87fed1-6104-4ca9-871b-72a5bdc4184d"}]}
2026-06-25 23:33:29.487 9 INFO neutron.db.ovn_revision_numbers_db [None req-386ed25d-cdb4-4464-8e16-77fe45d59961 86dfeae0282646e9aef1766371c5bb04 0094a7de6c3d4471b71d81131d39ae2b - - default default] Successfully bumped revision number for resource 89a3efcd-45d9-40cb-8eea-9f233dab3d4e (type: router_ports) to 1
2026-06-25 23:33:29.489 10 INFO neutron.services.segments.plugin [-] Segment fa2347c8-9d77-4826-81e8-30228455ff66 resource provider not found; error: Placement Client Error (4xx): {"errors": [{"status": 404, "title": "Not Found", "detail": "The resource could not be found.\n\n No resource provider with uuid fa2347c8-9d77-4826-81e8-30228455ff66 found for delete ", "request_id": "req-3ee29726-dd62-4123-8de4-c4a29c997b3b"}]}
2026-06-25 23:33:29.494 9 INFO neutron.api.wsgi [None req-386ed25d-cdb4-4464-8e16-77fe45d59961 86dfeae0282646e9aef1766371c5bb04 0094a7de6c3d4471b71d81131d39ae2b - - default default] 10.0.0.182 "PUT /v2.0/routers/fd29f42b-6500-442e-b732-4354efd9e05d/add_router_interface HTTP/1.1" status: 200 len: 503 time: 1.9211957
2026-06-25 23:33:29.521 10 INFO neutron.api.wsgi [req-24b1d023-591b-442d-82b8-cc3d382de7e9 req-15cca87e-fdd4-4466-853c-c711a5489a8d 589b837238e9460d96b86dd211d439bb 1f72c92107d24d8daf303314f0784acc - - default default] 10.0.0.157 "GET /v2.0/ports?device_id=0fd4fd1e-46e2-47df-994e-eb47ee142563 HTTP/1.1" status: 200 len: 1214 time: 0.0308678
2026-06-25 23:33:29.561 9 WARNING neutron_lib.context [None req-6e9f2745-f8cf-4f07-b0f4-c8e9994b85d6 f50d9bb8bca444ecbe66d33dd749d62c 97f18afc48fd4287811f1376ec601104 - - default default] Method 'is_advsvc' is deprecated since 2023.2 release (neutron-lib 3.8.0) and will be removed once support for the old RBAC API policies will be removed from Neutron. Please use method 'is_service_role' instead.
2026-06-25 23:33:29.568 10 INFO neutron.api.wsgi [None req-404b8c04-3be4-48e6-b530-4f336d505891 36724752e9f04e509b22fc8f64af29d6 6fe4831442604570a2bcc87e09eca145 - - default default] 10.0.0.182 "DELETE /v2.0/networks/1eca9590-c48c-4284-b2cf-7f735cc021ff HTTP/1.1" status: 204 len: 168 time: 0.4514787
2026-06-25 23:33:29.571 10 INFO neutron.api.wsgi [req-24b1d023-591b-442d-82b8-cc3d382de7e9 req-54e0964c-be15-490a-a90d-227135fb0289 589b837238e9460d96b86dd211d439bb 1f72c92107d24d8daf303314f0784acc - - default default] 10.0.0.157 "GET /v2.0/security-groups?id=2fcabb96-9599-44a6-b51c-41d8565598d1&id=7f2d8563-f537-405a-8e0b-2f3667ea737d&fields=id&fields=name HTTP/1.1" status: 200 len: 404 time: 0.0409374
2026-06-25 23:33:29.686 9 INFO neutron.db.ovn_revision_numbers_db [None req-6e9f2745-f8cf-4f07-b0f4-c8e9994b85d6 f50d9bb8bca444ecbe66d33dd749d62c 97f18afc48fd4287811f1376ec601104 - - default default] Successfully bumped revision number for resource 621abbc3-1788-445e-94c7-dccd9af3040f (type: routers) to 1
2026-06-25 23:33:29.707 9 INFO neutron.api.wsgi [None req-6e9f2745-f8cf-4f07-b0f4-c8e9994b85d6 f50d9bb8bca444ecbe66d33dd749d62c 97f18afc48fd4287811f1376ec601104 - - default default] 10.0.0.182 "POST /v2.0/routers HTTP/1.1" status: 201 len: 769 time: 0.3349638
2026-06-25 23:33:29.727 9 WARNING neutron_lib.context [None req-bb986190-4dcc-42ca-9a49-95608cdca471 f50d9bb8bca444ecbe66d33dd749d62c 97f18afc48fd4287811f1376ec601104 - - default default] Method 'is_advsvc' is deprecated since 2023.2 release (neutron-lib 3.8.0) and will be removed once support for the old RBAC API policies will be removed from Neutron. Please use method 'is_service_role' instead.
2026-06-25 23:33:29.843 9 INFO neutron.db.ovn_revision_numbers_db [None req-bb986190-4dcc-42ca-9a49-95608cdca471 f50d9bb8bca444ecbe66d33dd749d62c 97f18afc48fd4287811f1376ec601104 - - default default] Successfully bumped revision number for resource 73085130-fa6b-45ac-9b60-b2632f00de28 (type: routers) to 1
2026-06-25 23:33:29.857 9 INFO neutron.api.wsgi [None req-bb986190-4dcc-42ca-9a49-95608cdca471 f50d9bb8bca444ecbe66d33dd749d62c 97f18afc48fd4287811f1376ec601104 - - default default] 10.0.0.182 "POST /v2.0/routers HTTP/1.1" status: 201 len: 769 time: 0.1369731
2026-06-25 23:33:29.866 9 WARNING neutron_lib.context [None req-2143b7b8-5f66-4e64-ba2b-e8c5ec5dec94 f50d9bb8bca444ecbe66d33dd749d62c 97f18afc48fd4287811f1376ec601104 - - default default] Method 'is_advsvc' is deprecated since 2023.2 release (neutron-lib 3.8.0) and will be removed once support for the old RBAC API policies will be removed from Neutron. Please use method 'is_service_role' instead.
2026-06-25 23:33:29.973 9 INFO neutron.db.ovn_revision_numbers_db [None req-2143b7b8-5f66-4e64-ba2b-e8c5ec5dec94 f50d9bb8bca444ecbe66d33dd749d62c 97f18afc48fd4287811f1376ec601104 - - default default] Successfully bumped revision number for resource 011096cf-6683-4bb6-91eb-f562bc284fd6 (type: routers) to 1
2026-06-25 23:33:29.986 9 INFO neutron.api.wsgi [None req-2143b7b8-5f66-4e64-ba2b-e8c5ec5dec94 f50d9bb8bca444ecbe66d33dd749d62c 97f18afc48fd4287811f1376ec601104 - - default default] 10.0.0.182 "POST /v2.0/routers HTTP/1.1" status: 201 len: 769 time: 0.1233368
2026-06-25 23:33:29.997 9 WARNING neutron_lib.context [None req-f37a2f28-7d89-4585-b53d-f717a9d15161 f50d9bb8bca444ecbe66d33dd749d62c 97f18afc48fd4287811f1376ec601104 - - default default] Method 'is_advsvc' is deprecated since 2023.2 release (neutron-lib 3.8.0) and will be removed once support for the old RBAC API policies will be removed from Neutron. Please use method 'is_service_role' instead.
2026-06-25 23:33:30.038 9 INFO neutron.plugins.ml2.drivers.ovn.mech_driver.mech_driver [None req-ac27e076-538e-4335-a153-f220d5031a7f - - - - - -] OVN reports status down for port: 7d506a39-8747-4ac0-ad83-b262303c39a0
2026-06-25 23:33:30.134 9 INFO neutron.db.ovn_revision_numbers_db [None req-f37a2f28-7d89-4585-b53d-f717a9d15161 f50d9bb8bca444ecbe66d33dd749d62c 97f18afc48fd4287811f1376ec601104 - - default default] Successfully bumped revision number for resource 0da85a06-bafe-454e-a438-5601d492e2fa (type: routers) to 1
2026-06-25 23:33:30.154 9 INFO neutron.api.wsgi [None req-f37a2f28-7d89-4585-b53d-f717a9d15161 f50d9bb8bca444ecbe66d33dd749d62c 97f18afc48fd4287811f1376ec601104 - - default default] 10.0.0.182 "POST /v2.0/routers HTTP/1.1" status: 201 len: 769 time: 0.1613352
2026-06-25 23:33:30.184 9 WARNING neutron_lib.context [None req-e4d7a5e3-5265-4d1a-918c-2e777812a5ba f50d9bb8bca444ecbe66d33dd749d62c 97f18afc48fd4287811f1376ec601104 - - default default] Method 'is_advsvc' is deprecated since 2023.2 release (neutron-lib 3.8.0) and will be removed once support for the old RBAC API policies will be removed from Neutron. Please use method 'is_service_role' instead.
2026-06-25 23:33:30.208 9 INFO neutron.notifiers.nova [-] Nova event matching ['req-5647a2ba-78a1-4740-a41c-64c923b69686'] response: {'server_uuid': '0fd4fd1e-46e2-47df-994e-eb47ee142563', 'name': 'network-vif-unplugged', 'status': 'completed', 'tag': '7d506a39-8747-4ac0-ad83-b262303c39a0', 'code': 200}
2026-06-25 23:33:30.284 9 INFO neutron.db.ovn_revision_numbers_db [None req-e4d7a5e3-5265-4d1a-918c-2e777812a5ba f50d9bb8bca444ecbe66d33dd749d62c 97f18afc48fd4287811f1376ec601104 - - default default] Successfully bumped revision number for resource 414aaee3-64fc-414d-9cb7-9c8d7903c743 (type: routers) to 1
2026-06-25 23:33:30.298 9 INFO neutron.api.wsgi [None req-e4d7a5e3-5265-4d1a-918c-2e777812a5ba f50d9bb8bca444ecbe66d33dd749d62c 97f18afc48fd4287811f1376ec601104 - - default default] 10.0.0.182 "POST /v2.0/routers HTTP/1.1" status: 201 len: 769 time: 0.1216030
2026-06-25 23:33:30.328 9 INFO neutron.db.ovn_revision_numbers_db [None req-ac27e076-538e-4335-a153-f220d5031a7f - - - - - -] Successfully bumped revision number for resource 7d506a39-8747-4ac0-ad83-b262303c39a0 (type: ports) to 6
2026-06-25 23:33:30.340 10 INFO neutron.api.wsgi [None req-f9f6e2ba-bf79-450c-b65f-f845ec4f30f4 86dfeae0282646e9aef1766371c5bb04 0094a7de6c3d4471b71d81131d39ae2b - - default default] 10.0.0.182 "GET /v2.0/security-groups?tenant_id=6fe4831442604570a2bcc87e09eca145&name=default HTTP/1.1" status: 200 len: 3120 time: 0.1421721
