2026-06-25 23:31:47.897 10 INFO neutron.api.wsgi [req-19396b6a-316f-490c-b284-4de6922db8c7 req-8191d518-f3c6-4375-accd-6e4e92993a2b 2c7701c85ab94603a734325966eae3c2 dab50b7c660a45cf853e75fd56ba3911 - - 270885a2bed64546875c9241f5473fdb 270885a2bed64546875c9241f5473fdb] 199.19.213.228 "GET /v2.0/ports?network_id=dc9af0e9-2a07-4647-aab8-f41f976db7d6&device_owner=network%3Adhcp HTTP/1.1" status: 200 len: 210 time: 0.0126219
2026-06-25 23:31:47.942 10 INFO neutron.api.wsgi [req-19396b6a-316f-490c-b284-4de6922db8c7 req-fcd0aeac-4de9-4a74-a363-eb2bcc7ada0d 2c7701c85ab94603a734325966eae3c2 dab50b7c660a45cf853e75fd56ba3911 - - 270885a2bed64546875c9241f5473fdb 270885a2bed64546875c9241f5473fdb] 199.19.213.228 "GET /v2.0/networks/dc9af0e9-2a07-4647-aab8-f41f976db7d6?fields=segments HTTP/1.1" status: 200 len: 212 time: 0.0398197
2026-06-25 23:31:47.984 10 INFO neutron.api.wsgi [req-19396b6a-316f-490c-b284-4de6922db8c7 req-22d255b1-6a85-4bc0-8c3a-db16ec70b7ab 2c7701c85ab94603a734325966eae3c2 dab50b7c660a45cf853e75fd56ba3911 - - 270885a2bed64546875c9241f5473fdb 270885a2bed64546875c9241f5473fdb] 199.19.213.228 "GET /v2.0/networks/dc9af0e9-2a07-4647-aab8-f41f976db7d6?fields=provider%3Aphysical_network&fields=provider%3Anetwork_type HTTP/1.1" status: 200 len: 277 time: 0.0360456
2026-06-25 23:31:48.273 9 INFO neutron.plugins.ml2.drivers.ovn.mech_driver.mech_driver [None req-2b0591ae-b81e-417f-90c1-26d0ce753729 - - - - - -] OVN reports status down for port: 8ab9e0a7-d195-4500-a48e-aa1ae13715b7
2026-06-25 23:31:48.396 10 INFO neutron.api.wsgi [req-dd566a6f-5de2-4fdb-9d64-f7da0a371387 req-34ca6589-4ad9-4b23-9a9b-a2783b3b92df 35373ec652fa4809afad0b56ad542e24 fd166bda76ee4fa4b41f99a780e66c00 - - default default] 10.0.0.157 "GET /v2.0/ports?device_id=56d228b4-f6c4-4f4b-a75f-37f6ce332d05 HTTP/1.1" status: 200 len: 1168 time: 0.0324066
2026-06-25 23:31:48.449 10 INFO neutron.api.wsgi [req-dd566a6f-5de2-4fdb-9d64-f7da0a371387 req-6747a766-599f-45bb-8c54-6a0a924a4291 35373ec652fa4809afad0b56ad542e24 fd166bda76ee4fa4b41f99a780e66c00 - - default default] 10.0.0.157 "GET /v2.0/security-groups?id=80a8f715-b54a-4a9b-b521-37e11387cdc1&fields=id&fields=name HTTP/1.1" status: 200 len: 313 time: 0.0445971
2026-06-25 23:31:48.449 9 INFO neutron.notifiers.nova [-] Nova event matching ['req-3ba969f4-9f27-4bb2-80f9-ca38d81dba1e'] response: {'server_uuid': '9f4e72de-fd0d-4946-a584-93c98946b485', 'name': 'network-vif-unplugged', 'status': 'completed', 'tag': '8ab9e0a7-d195-4500-a48e-aa1ae13715b7', 'code': 200}
2026-06-25 23:31:48.547 9 INFO neutron.db.ovn_revision_numbers_db [None req-2b0591ae-b81e-417f-90c1-26d0ce753729 - - - - - -] Successfully bumped revision number for resource 8ab9e0a7-d195-4500-a48e-aa1ae13715b7 (type: ports) to 6
2026-06-25 23:31:48.589 10 WARNING neutron.plugins.ml2.drivers.ovn.mech_driver.ovsdb.ovn_client [None req-756eb16a-3a95-4b4c-8b9c-7cfb347c6487 - - - - - -] No hosting information found for port 69248683-d7fd-4bb5-86d6-095d8f5adfbe: RuntimeError: No hosting information found for port 69248683-d7fd-4bb5-86d6-095d8f5adfbe
2026-06-25 23:31:48.653 10 INFO neutron.db.ovn_revision_numbers_db [None req-756eb16a-3a95-4b4c-8b9c-7cfb347c6487 - - - - - -] Successfully bumped revision number for resource 69248683-d7fd-4bb5-86d6-095d8f5adfbe (type: router_ports) to 2 /var/lib/openstack/lib/python3.12/site-packages/pycadf/identifier.py:71: UserWarning: Invalid uuid: neutron. To ensure interoperability, identifiers should be a valid uuid. warnings.warn(('Invalid uuid: %s. To ensure interoperability, '
2026-06-25 23:31:48.963 10 INFO neutron.api.wsgi [req-93328964-9a6c-408d-ad3f-36717345885c req-0ce7bc79-5a3d-4bef-a059-c4ccf534ca98 f77e6878173e43d09c3a21d098c2e100 a49421964ab3464d88a4b856e3bac957 - - default default] 10.0.0.157 "GET /v2.0/ports?device_id=9f4e72de-fd0d-4946-a584-93c98946b485 HTTP/1.1" status: 200 len: 1168 time: 0.0316231
2026-06-25 23:31:49.013 10 INFO neutron.api.wsgi [req-93328964-9a6c-408d-ad3f-36717345885c req-b1e5d478-03c5-4472-aa9e-da40154d69da f77e6878173e43d09c3a21d098c2e100 a49421964ab3464d88a4b856e3bac957 - - default default] 10.0.0.157 "GET /v2.0/security-groups?id=b6ba5239-6554-49c8-b790-b4a8d71845b2&fields=id&fields=name HTTP/1.1" status: 200 len: 312 time: 0.0470030
2026-06-25 23:31:49.085 10 INFO neutron.plugins.ml2.drivers.ovn.mech_driver.mech_driver [None req-756eb16a-3a95-4b4c-8b9c-7cfb347c6487 - - - - - -] OVN reports status up for port: eb58fdca-f412-4ba7-a587-4fd9af3bf143
2026-06-25 23:31:49.098 10 INFO neutron.plugins.ml2.plugin [None req-756eb16a-3a95-4b4c-8b9c-7cfb347c6487 - - - - - -] Attempt 1 to provision port eb58fdca-f412-4ba7-a587-4fd9af3bf143
2026-06-25 23:31:49.141 10 INFO neutron.api.wsgi [-] 10.0.0.9 "GET / HTTP/1.1" status: 200 len: 245 time: 0.0017755
2026-06-25 23:31:49.144 10 INFO neutron.api.wsgi [-] 10.0.0.9 "GET / HTTP/1.1" status: 200 len: 245 time: 0.0013378
2026-06-25 23:31:49.247 10 INFO neutron.notifiers.nova [-] Nova event matching ['req-06b7f0ee-180c-4094-8e4b-71c650915986'] response: {'server_uuid': '56d228b4-f6c4-4f4b-a75f-37f6ce332d05', 'name': 'network-vif-plugged', 'status': 'completed', 'tag': 'eb58fdca-f412-4ba7-a587-4fd9af3bf143', 'code': 200}
2026-06-25 23:31:49.344 10 INFO neutron.db.ovn_revision_numbers_db [None req-756eb16a-3a95-4b4c-8b9c-7cfb347c6487 - - - - - -] Successfully bumped revision number for resource eb58fdca-f412-4ba7-a587-4fd9af3bf143 (type: ports) to 5 /var/lib/openstack/lib/python3.12/site-packages/pycadf/identifier.py:71: UserWarning: Invalid uuid: neutron. To ensure interoperability, identifiers should be a valid uuid. warnings.warn(('Invalid uuid: %s. To ensure interoperability, '
2026-06-25 23:31:49.562 10 INFO neutron.api.wsgi [req-9e3834e0-3380-4382-8094-f10b7c46091c req-49e4e0d9-7441-4704-ad27-ebe8c904d0b6 35373ec652fa4809afad0b56ad542e24 fd166bda76ee4fa4b41f99a780e66c00 - - default default] 10.0.0.157 "GET /v2.0/ports?device_id=56d228b4-f6c4-4f4b-a75f-37f6ce332d05 HTTP/1.1" status: 200 len: 1170 time: 0.0510936
2026-06-25 23:31:49.570 10 INFO neutron.api.wsgi [req-af9e27ca-de69-48b6-b499-76b27eb3efa4 req-3eafb0f6-7fdd-416a-a4c7-df5362d98a7f f77e6878173e43d09c3a21d098c2e100 a49421964ab3464d88a4b856e3bac957 - - default default] 199.19.213.228 "GET /v2.0/ports?device_id=9f4e72de-fd0d-4946-a584-93c98946b485 HTTP/1.1" status: 200 len: 1168 time: 0.0474520
2026-06-25 23:31:49.624 10 INFO neutron.api.wsgi [req-9e3834e0-3380-4382-8094-f10b7c46091c req-1c4671c9-4865-4b82-b39e-710d800c69e0 35373ec652fa4809afad0b56ad542e24 fd166bda76ee4fa4b41f99a780e66c00 - - default default] 10.0.0.157 "GET /v2.0/security-groups?id=80a8f715-b54a-4a9b-b521-37e11387cdc1&fields=id&fields=name HTTP/1.1" status: 200 len: 313 time: 0.0536265
2026-06-25 23:31:49.994 10 INFO neutron.db.l3_db [req-af9e27ca-de69-48b6-b499-76b27eb3efa4 req-7036325e-069d-49bb-8229-d54151f693bc f77e6878173e43d09c3a21d098c2e100 a49421964ab3464d88a4b856e3bac957 - - default default] Floating IP 5831b1d3-fc9d-4b3d-8703-2a70f6994465 disassociated. External IP: 10.96.250.211, port: 8ab9e0a7-d195-4500-a48e-aa1ae13715b7. /var/lib/openstack/lib/python3.12/site-packages/pycadf/identifier.py:71: UserWarning: Invalid uuid: neutron. To ensure interoperability, identifiers should be a valid uuid. warnings.warn(('Invalid uuid: %s. To ensure interoperability, '
2026-06-25 23:31:50.106 10 INFO neutron.api.wsgi [req-87a3f046-f5b3-4892-a2da-c237b11e9562 req-b632f6b2-fa67-4a14-96fe-c9afec82afa1 f77e6878173e43d09c3a21d098c2e100 a49421964ab3464d88a4b856e3bac957 - - default default] 10.0.0.157 "GET /v2.0/ports?device_id=9f4e72de-fd0d-4946-a584-93c98946b485 HTTP/1.1" status: 200 len: 210 time: 0.0185807
2026-06-25 23:31:50.110 10 INFO neutron.api.wsgi [req-af9e27ca-de69-48b6-b499-76b27eb3efa4 req-7036325e-069d-49bb-8229-d54151f693bc f77e6878173e43d09c3a21d098c2e100 a49421964ab3464d88a4b856e3bac957 - - default default] 199.19.213.228 "DELETE /v2.0/ports/8ab9e0a7-d195-4500-a48e-aa1ae13715b7 HTTP/1.1" status: 204 len: 173 time: 0.5344377
2026-06-25 23:31:50.491 9 INFO neutron.notifiers.nova [-] Nova event matching ['req-be0757ef-1ffc-48a6-8d35-b14f266558b1'] response: {'server_uuid': '9f4e72de-fd0d-4946-a584-93c98946b485', 'name': 'network-vif-unplugged', 'status': 'completed', 'tag': '8ab9e0a7-d195-4500-a48e-aa1ae13715b7', 'code': 200} /var/lib/openstack/lib/python3.12/site-packages/pycadf/identifier.py:71: UserWarning: Invalid uuid: neutron. To ensure interoperability, identifiers should be a valid uuid. warnings.warn(('Invalid uuid: %s. To ensure interoperability, '
2026-06-25 23:31:50.822 10 INFO neutron.api.wsgi [req-127b41ed-4e73-4ec1-91f5-2d066b7bb66e req-c2f8ad74-4ce1-4617-bbce-672a4c69eb80 35373ec652fa4809afad0b56ad542e24 fd166bda76ee4fa4b41f99a780e66c00 - - default default] 10.0.0.157 "GET /v2.0/ports?device_id=56d228b4-f6c4-4f4b-a75f-37f6ce332d05 HTTP/1.1" status: 200 len: 1170 time: 0.1153266
2026-06-25 23:31:50.850 9 INFO neutron.api.wsgi [req-2ce68461-d1fc-4d59-9413-52544f613b4c req-0d6068d3-b098-47de-9f91-77414aaa994f 2c7701c85ab94603a734325966eae3c2 dab50b7c660a45cf853e75fd56ba3911 - - 270885a2bed64546875c9241f5473fdb 270885a2bed64546875c9241f5473fdb] 10.0.0.57 "GET /v2.0/ports?device_id=e4185c33-e5dc-480b-b0ad-ca4965191ef0 HTTP/1.1" status: 200 len: 1413 time: 0.2343163
2026-06-25 23:31:50.877 10 INFO neutron.api.wsgi [req-127b41ed-4e73-4ec1-91f5-2d066b7bb66e req-0caeda34-ca5a-4974-a184-25f03083672e 35373ec652fa4809afad0b56ad542e24 fd166bda76ee4fa4b41f99a780e66c00 - - default default] 10.0.0.157 "GET /v2.0/security-groups?id=80a8f715-b54a-4a9b-b521-37e11387cdc1&fields=id&fields=name HTTP/1.1" status: 200 len: 313 time: 0.0448675
2026-06-25 23:31:50.906 9 INFO neutron.api.wsgi [req-2ce68461-d1fc-4d59-9413-52544f613b4c req-988f624a-dc89-4e0b-b00b-9c5b8926e31a 2c7701c85ab94603a734325966eae3c2 dab50b7c660a45cf853e75fd56ba3911 - - 270885a2bed64546875c9241f5473fdb 270885a2bed64546875c9241f5473fdb] 10.0.0.57 "GET /v2.0/security-groups?id=7024191a-b588-404f-8b5f-6d62c93fa6c0&fields=id&fields=name HTTP/1.1" status: 200 len: 313 time: 0.0519011
2026-06-25 23:31:50.996 10 INFO neutron.api.wsgi [req-ea70f363-980d-4c79-ab97-f79049269f50 req-d04fa66d-505d-4f9e-b839-57517f33d758 35373ec652fa4809afad0b56ad542e24 fd166bda76ee4fa4b41f99a780e66c00 - - default default] 10.0.0.157 "GET /v2.0/ports?device_id=56d228b4-f6c4-4f4b-a75f-37f6ce332d05 HTTP/1.1" status: 200 len: 1170 time: 0.0306039
2026-06-25 23:31:51.207 10 INFO neutron.api.wsgi [req-274b62ef-9c18-4e7b-ab13-43d81a330287 req-14668bab-78e5-4146-a9d5-436bd577a431 f77e6878173e43d09c3a21d098c2e100 a49421964ab3464d88a4b856e3bac957 - - default default] 10.0.0.157 "GET /v2.0/ports?device_id=9f4e72de-fd0d-4946-a584-93c98946b485 HTTP/1.1" status: 200 len: 210 time: 0.0208793
2026-06-25 23:31:51.297 10 INFO neutron.notifiers.nova [-] Nova event matching ['req-a07785d3-a4d1-4192-9018-f22a75abed89'] response: {'server_uuid': '56d228b4-f6c4-4f4b-a75f-37f6ce332d05', 'name': 'network-vif-plugged', 'status': 'completed', 'tag': 'eb58fdca-f412-4ba7-a587-4fd9af3bf143', 'code': 200}
2026-06-25 23:31:51.297 10 INFO neutron.notifiers.nova [-] Nova event matching ['req-a07785d3-a4d1-4192-9018-f22a75abed89'] response: {'server_uuid': '9f4e72de-fd0d-4946-a584-93c98946b485', 'name': 'network-vif-deleted', 'tag': '8ab9e0a7-d195-4500-a48e-aa1ae13715b7', 'status': 'completed', 'code': 200}
2026-06-25 23:31:51.533 10 INFO neutron.db.ovn_revision_numbers_db [None req-106059bd-b547-4e68-80ea-4ce9410122dd 35373ec652fa4809afad0b56ad542e24 fd166bda76ee4fa4b41f99a780e66c00 - - default default] Successfully bumped revision number for resource 8991794a-df05-4751-96a0-a8c76dbd607c (type: floatingips) to 1
2026-06-25 23:31:51.635 10 INFO neutron.db.ovn_revision_numbers_db [None req-106059bd-b547-4e68-80ea-4ce9410122dd 35373ec652fa4809afad0b56ad542e24 fd166bda76ee4fa4b41f99a780e66c00 - - default default] Successfully bumped revision number for resource 8991794a-df05-4751-96a0-a8c76dbd607c (type: floatingips) to 2
2026-06-25 23:31:51.635 10 INFO neutron.db.l3_db [None req-106059bd-b547-4e68-80ea-4ce9410122dd 35373ec652fa4809afad0b56ad542e24 fd166bda76ee4fa4b41f99a780e66c00 - - default default] Floating IP 8991794a-df05-4751-96a0-a8c76dbd607c associated. External IP: 10.96.250.212, port: eb58fdca-f412-4ba7-a587-4fd9af3bf143.
2026-06-25 23:31:51.663 10 INFO neutron.api.wsgi [None req-106059bd-b547-4e68-80ea-4ce9410122dd 35373ec652fa4809afad0b56ad542e24 fd166bda76ee4fa4b41f99a780e66c00 - - default default] 10.0.0.182 "PUT /v2.0/floatingips/8991794a-df05-4751-96a0-a8c76dbd607c HTTP/1.1" status: 200 len: 1049 time: 0.6549532
2026-06-25 23:31:51.716 9 INFO neutron.db.ovn_revision_numbers_db [None req-83368b19-e6a5-41a4-9327-b2ae8749e4aa 86dfeae0282646e9aef1766371c5bb04 0094a7de6c3d4471b71d81131d39ae2b - - default default] Successfully bumped revision number for resource f883b555-11d7-4b8d-88c9-3316ab4ae7ae (type: security_groups) to 1 /var/lib/openstack/lib/python3.12/site-packages/pycadf/identifier.py:71: UserWarning: Invalid uuid: neutron. To ensure interoperability, identifiers should be a valid uuid. warnings.warn(('Invalid uuid: %s. To ensure interoperability, '
2026-06-25 23:31:51.742 9 INFO neutron.db.ovn_revision_numbers_db [None req-83368b19-e6a5-41a4-9327-b2ae8749e4aa 86dfeae0282646e9aef1766371c5bb04 0094a7de6c3d4471b71d81131d39ae2b - - default default] Successfully bumped revision number for resource 1fe7b280-29a0-4511-b098-856a3e18a2f3 (type: security_group_rules) to 0
2026-06-25 23:31:51.754 10 INFO neutron.api.wsgi [req-f525d4f2-309c-490b-a2d1-7413d20cb1a9 req-0191c08c-08b1-43d4-8e5a-f6f3643eabe9 35373ec652fa4809afad0b56ad542e24 fd166bda76ee4fa4b41f99a780e66c00 - - default default] 10.0.0.157 "GET /v2.0/ports?device_id=56d228b4-f6c4-4f4b-a75f-37f6ce332d05 HTTP/1.1" status: 200 len: 1170 time: 0.0370355
2026-06-25 23:31:51.766 9 INFO neutron.db.ovn_revision_numbers_db [None req-83368b19-e6a5-41a4-9327-b2ae8749e4aa 86dfeae0282646e9aef1766371c5bb04 0094a7de6c3d4471b71d81131d39ae2b - - default default] Successfully bumped revision number for resource b453e751-aa96-4798-9646-2d36fa9f6315 (type: security_group_rules) to 0
2026-06-25 23:31:51.784 9 INFO neutron.db.ovn_revision_numbers_db [None req-83368b19-e6a5-41a4-9327-b2ae8749e4aa 86dfeae0282646e9aef1766371c5bb04 0094a7de6c3d4471b71d81131d39ae2b - - default default] Successfully bumped revision number for resource f10601c8-ced7-4c6f-9e9f-52527b744295 (type: security_group_rules) to 0
2026-06-25 23:31:51.801 10 INFO neutron.api.wsgi [req-f525d4f2-309c-490b-a2d1-7413d20cb1a9 req-58490d49-88e0-415b-a90d-e341a21e3b1d 35373ec652fa4809afad0b56ad542e24 fd166bda76ee4fa4b41f99a780e66c00 - - default default] 10.0.0.157 "GET /v2.0/security-groups?id=80a8f715-b54a-4a9b-b521-37e11387cdc1&fields=id&fields=name HTTP/1.1" status: 200 len: 313 time: 0.0347822
2026-06-25 23:31:51.811 9 INFO neutron.db.ovn_revision_numbers_db [None req-83368b19-e6a5-41a4-9327-b2ae8749e4aa 86dfeae0282646e9aef1766371c5bb04 0094a7de6c3d4471b71d81131d39ae2b - - default default] Successfully bumped revision number for resource ff6ac220-48af-4103-8d68-e0286117b6fb (type: security_group_rules) to 0
2026-06-25 23:31:51.856 9 INFO neutron.api.wsgi [None req-83368b19-e6a5-41a4-9327-b2ae8749e4aa 86dfeae0282646e9aef1766371c5bb04 0094a7de6c3d4471b71d81131d39ae2b - - default default] 10.0.0.182 "GET /v2.0/security-groups?tenant_id=438d098aa3514d7095cd5486c5c8f2d6&name=default HTTP/1.1" status: 200 len: 3120 time: 0.3634369
2026-06-25 23:31:52.058 10 INFO neutron.api.wsgi [req-0c9eb3ca-0941-4d89-8237-74214449b5c3 req-db02b3b4-5214-40c4-bd0d-cfd1ffe11d6c 35373ec652fa4809afad0b56ad542e24 fd166bda76ee4fa4b41f99a780e66c00 - - default default] 10.0.0.157 "GET /v2.0/ports?device_id=56d228b4-f6c4-4f4b-a75f-37f6ce332d05 HTTP/1.1" status: 200 len: 1170 time: 0.0399303
2026-06-25 23:31:52.078 9 INFO neutron.api.wsgi [None req-f3e39d2e-b55a-41fb-8db2-8cdb5fb64261 86dfeae0282646e9aef1766371c5bb04 0094a7de6c3d4471b71d81131d39ae2b - - default default] 10.0.0.182 "DELETE /v2.0/security-groups/f883b555-11d7-4b8d-88c9-3316ab4ae7ae HTTP/1.1" status: 204 len: 168 time: 0.2174633
2026-06-25 23:31:52.101 10 INFO neutron.api.wsgi [req-0c9eb3ca-0941-4d89-8237-74214449b5c3 req-f8fc2bf9-6c01-4f17-8f3f-d8ad166ac2f8 35373ec652fa4809afad0b56ad542e24 fd166bda76ee4fa4b41f99a780e66c00 - - default default] 10.0.0.157 "GET /v2.0/security-groups?id=80a8f715-b54a-4a9b-b521-37e11387cdc1&fields=id&fields=name HTTP/1.1" status: 200 len: 313 time: 0.0368142
2026-06-25 23:31:52.298 10 INFO neutron.api.wsgi [req-98fb0d08-2e45-4339-9f2f-68cde92f0ba4 req-fe58f5be-e18b-4fcb-8182-2998e6d3d453 f77e6878173e43d09c3a21d098c2e100 a49421964ab3464d88a4b856e3bac957 - - default default] 10.0.0.157 "GET /v2.0/ports?device_id=9f4e72de-fd0d-4946-a584-93c98946b485 HTTP/1.1" status: 200 len: 210 time: 0.0188978
2026-06-25 23:31:52.345 9 INFO neutron.db.ovn_revision_numbers_db [None req-b1ce3cd1-e7cd-494b-9896-37f0170f70fd 86dfeae0282646e9aef1766371c5bb04 0094a7de6c3d4471b71d81131d39ae2b - - default default] Successfully bumped revision number for resource 9e74c0bf-3ec5-4905-a5ee-b5ec2aa1411d (type: security_groups) to 1
2026-06-25 23:31:52.365 9 INFO neutron.db.ovn_revision_numbers_db [None req-b1ce3cd1-e7cd-494b-9896-37f0170f70fd 86dfeae0282646e9aef1766371c5bb04 0094a7de6c3d4471b71d81131d39ae2b - - default default] Successfully bumped revision number for resource 06b80b1a-b8ad-4ba4-b38d-c19bd91ef5c0 (type: security_group_rules) to 0
2026-06-25 23:31:52.378 9 INFO neutron.db.ovn_revision_numbers_db [None req-b1ce3cd1-e7cd-494b-9896-37f0170f70fd 86dfeae0282646e9aef1766371c5bb04 0094a7de6c3d4471b71d81131d39ae2b - - default default] Successfully bumped revision number for resource 184f1880-880c-4f17-8604-79e6a853cbae (type: security_group_rules) to 0
2026-06-25 23:31:52.399 9 INFO neutron.db.ovn_revision_numbers_db [None req-b1ce3cd1-e7cd-494b-9896-37f0170f70fd 86dfeae0282646e9aef1766371c5bb04 0094a7de6c3d4471b71d81131d39ae2b - - default default] Successfully bumped revision number for resource 931f12a8-a5dc-4c6b-a04a-21e62b2fd1fb (type: security_group_rules) to 0
2026-06-25 23:31:52.414 9 INFO neutron.db.ovn_revision_numbers_db [None req-b1ce3cd1-e7cd-494b-9896-37f0170f70fd 86dfeae0282646e9aef1766371c5bb04 0094a7de6c3d4471b71d81131d39ae2b - - default default] Successfully bumped revision number for resource be0f0836-53a1-4a63-8158-2fcfb767e030 (type: security_group_rules) to 0
2026-06-25 23:31:52.445 9 INFO neutron.api.wsgi [None req-b1ce3cd1-e7cd-494b-9896-37f0170f70fd 86dfeae0282646e9aef1766371c5bb04 0094a7de6c3d4471b71d81131d39ae2b - - default default] 10.0.0.182 "GET /v2.0/security-groups?tenant_id=53a04657f006415bb806a09f824001b3&name=default HTTP/1.1" status: 200 len: 3120 time: 0.2570398
2026-06-25 23:31:52.538 10 INFO neutron.plugins.ml2.drivers.ovn.mech_driver.mech_driver [None req-540eb962-b785-4ce4-8dd2-122a296a2fab - - - - - -] OVN reports status down for port: eb58fdca-f412-4ba7-a587-4fd9af3bf143
2026-06-25 23:31:52.679 9 INFO neutron.api.wsgi [None req-bc0256d8-0fa1-4b84-a43b-2263081d33f8 86dfeae0282646e9aef1766371c5bb04 0094a7de6c3d4471b71d81131d39ae2b - - default default] 10.0.0.182 "DELETE /v2.0/security-groups/9e74c0bf-3ec5-4905-a5ee-b5ec2aa1411d HTTP/1.1" status: 204 len: 168 time: 0.2271640
2026-06-25 23:31:52.760 10 INFO neutron.db.ovn_revision_numbers_db [None req-540eb962-b785-4ce4-8dd2-122a296a2fab - - - - - -] Successfully bumped revision number for resource eb58fdca-f412-4ba7-a587-4fd9af3bf143 (type: ports) to 6 /var/lib/openstack/lib/python3.12/site-packages/pycadf/identifier.py:71: UserWarning: Invalid uuid: neutron. To ensure interoperability, identifiers should be a valid uuid. warnings.warn(('Invalid uuid: %s. To ensure interoperability, '
2026-06-25 23:31:53.196 10 INFO neutron.api.wsgi [req-c1b62fb7-95cc-40be-8a9a-857dc1bb03f9 req-53abe78e-ad43-47d8-99e3-b3bb5c87eddc 35373ec652fa4809afad0b56ad542e24 fd166bda76ee4fa4b41f99a780e66c00 - - default default] 10.0.0.157 "GET /v2.0/ports?device_id=56d228b4-f6c4-4f4b-a75f-37f6ce332d05 HTTP/1.1" status: 200 len: 1168 time: 0.0328631
2026-06-25 23:31:53.234 10 INFO neutron.api.wsgi [req-c1b62fb7-95cc-40be-8a9a-857dc1bb03f9 req-019d44bd-035f-4e47-8855-75a8d7a1bc2e 35373ec652fa4809afad0b56ad542e24 fd166bda76ee4fa4b41f99a780e66c00 - - default default] 10.0.0.157 "GET /v2.0/security-groups?id=80a8f715-b54a-4a9b-b521-37e11387cdc1&fields=id&fields=name HTTP/1.1" status: 200 len: 313 time: 0.0307190
2026-06-25 23:31:53.330 10 INFO neutron.notifiers.nova [-] Nova event matching ['req-e56f1b36-8bb1-4da5-843f-be07efc18f8d'] response: {'name': 'network-changed', 'server_uuid': '56d228b4-f6c4-4f4b-a75f-37f6ce332d05', 'tag': 'eb58fdca-f412-4ba7-a587-4fd9af3bf143', 'status': 'completed', 'code': 200}
2026-06-25 23:31:53.330 10 INFO neutron.notifiers.nova [-] Nova event matching ['req-e56f1b36-8bb1-4da5-843f-be07efc18f8d'] response: {'server_uuid': '56d228b4-f6c4-4f4b-a75f-37f6ce332d05', 'name': 'network-vif-unplugged', 'status': 'completed', 'tag': 'eb58fdca-f412-4ba7-a587-4fd9af3bf143', 'code': 200}
2026-06-25 23:31:53.330 10 INFO neutron.notifiers.nova [-] Nova event matching ['req-e56f1b36-8bb1-4da5-843f-be07efc18f8d'] response: {'server_uuid': '56d228b4-f6c4-4f4b-a75f-37f6ce332d05', 'name': 'network-vif-unplugged', 'status': 'completed', 'tag': 'eb58fdca-f412-4ba7-a587-4fd9af3bf143', 'code': 200}
2026-06-25 23:31:53.390 10 INFO neutron.api.wsgi [req-45aa84db-357d-405d-9f16-81f63ccc2f74 req-12e374dd-8ea5-4d22-a32a-662538b80eef f77e6878173e43d09c3a21d098c2e100 a49421964ab3464d88a4b856e3bac957 - - default default] 10.0.0.157 "GET /v2.0/ports?device_id=9f4e72de-fd0d-4946-a584-93c98946b485 HTTP/1.1" status: 200 len: 210 time: 0.0198085
2026-06-25 23:31:53.806 10 INFO neutron.api.wsgi [req-e1ce5aca-0f3e-4547-89d9-6b91002fd529 req-5b7a5309-6546-42e5-803d-f17d079f3fcc 35373ec652fa4809afad0b56ad542e24 fd166bda76ee4fa4b41f99a780e66c00 - - default default] 199.19.213.228 "GET /v2.0/ports?device_id=56d228b4-f6c4-4f4b-a75f-37f6ce332d05 HTTP/1.1" status: 200 len: 1168 time: 0.0552876
2026-06-25 23:31:53.876 9 INFO neutron.api.wsgi [req-9f707f0f-3937-41ac-8fbf-8efe2b54089b req-d0884c13-8a10-4d88-a9fe-c3a88028ee8f 2c7701c85ab94603a734325966eae3c2 dab50b7c660a45cf853e75fd56ba3911 - - 270885a2bed64546875c9241f5473fdb 270885a2bed64546875c9241f5473fdb] 199.19.213.228 "GET /v2.0/ports?tenant_id=fd166bda76ee4fa4b41f99a780e66c00&device_id=56d228b4-f6c4-4f4b-a75f-37f6ce332d05 HTTP/1.1" status: 200 len: 1407 time: 0.0381014
2026-06-25 23:31:53.939 9 INFO neutron.api.wsgi [req-9f707f0f-3937-41ac-8fbf-8efe2b54089b req-2e47a697-d8e2-49bf-bf9e-c37e624a25e4 2c7701c85ab94603a734325966eae3c2 dab50b7c660a45cf853e75fd56ba3911 - - 270885a2bed64546875c9241f5473fdb 270885a2bed64546875c9241f5473fdb] 199.19.213.228 "GET /v2.0/networks?id=d1361fa9-224c-4b90-847b-849b0fca8698 HTTP/1.1" status: 200 len: 974 time: 0.0602660
2026-06-25 23:31:53.977 9 INFO neutron.api.wsgi [req-9f707f0f-3937-41ac-8fbf-8efe2b54089b req-36746ba1-8dda-4d49-a9c6-c1ba1669717b 2c7701c85ab94603a734325966eae3c2 dab50b7c660a45cf853e75fd56ba3911 - - 270885a2bed64546875c9241f5473fdb 270885a2bed64546875c9241f5473fdb] 199.19.213.228 "GET /v2.0/floatingips?fixed_ip_address=10.100.0.7&port_id=eb58fdca-f412-4ba7-a587-4fd9af3bf143 HTTP/1.1" status: 200 len: 1057 time: 0.0363438
2026-06-25 23:31:54.002 9 INFO neutron.api.wsgi [req-9f707f0f-3937-41ac-8fbf-8efe2b54089b req-e90d7e66-dfde-40e8-9660-1f41fd553e3f 2c7701c85ab94603a734325966eae3c2 dab50b7c660a45cf853e75fd56ba3911 - - 270885a2bed64546875c9241f5473fdb 270885a2bed64546875c9241f5473fdb] 199.19.213.228 "GET /v2.0/subnets?id=e602ab0f-87a1-4aaa-8818-5ef7f397991a HTTP/1.1" status: 200 len: 893 time: 0.0219193
2026-06-25 23:31:54.020 9 INFO neutron.api.wsgi [req-9f707f0f-3937-41ac-8fbf-8efe2b54089b req-53bf71fe-f74b-412e-8627-7952e04cfb76 2c7701c85ab94603a734325966eae3c2 dab50b7c660a45cf853e75fd56ba3911 - - 270885a2bed64546875c9241f5473fdb 270885a2bed64546875c9241f5473fdb] 199.19.213.228 "GET /v2.0/ports?network_id=d1361fa9-224c-4b90-847b-849b0fca8698&device_owner=network%3Adhcp HTTP/1.1" status: 200 len: 210 time: 0.0150969
2026-06-25 23:31:54.069 9 INFO neutron.api.wsgi [req-9f707f0f-3937-41ac-8fbf-8efe2b54089b req-5dcc4ce9-b3f9-4e67-a548-4fbf6205a182 2c7701c85ab94603a734325966eae3c2 dab50b7c660a45cf853e75fd56ba3911 - - 270885a2bed64546875c9241f5473fdb 270885a2bed64546875c9241f5473fdb] 199.19.213.228 "GET /v2.0/networks/d1361fa9-224c-4b90-847b-849b0fca8698?fields=segments HTTP/1.1" status: 200 len: 212 time: 0.0460174
2026-06-25 23:31:54.118 9 INFO neutron.api.wsgi [req-9f707f0f-3937-41ac-8fbf-8efe2b54089b req-66643706-0dc6-4afd-b3fa-3b2d0c0cf678 2c7701c85ab94603a734325966eae3c2 dab50b7c660a45cf853e75fd56ba3911 - - 270885a2bed64546875c9241f5473fdb 270885a2bed64546875c9241f5473fdb] 199.19.213.228 "GET /v2.0/networks/d1361fa9-224c-4b90-847b-849b0fca8698?fields=provider%3Aphysical_network&fields=provider%3Anetwork_type HTTP/1.1" status: 200 len: 277 time: 0.0465462
2026-06-25 23:31:54.182 10 INFO neutron.db.l3_db [req-e1ce5aca-0f3e-4547-89d9-6b91002fd529 req-3b9c6160-afe6-4635-94b3-52b78b4426d4 35373ec652fa4809afad0b56ad542e24 fd166bda76ee4fa4b41f99a780e66c00 - - default default] Floating IP 8991794a-df05-4751-96a0-a8c76dbd607c disassociated. External IP: 10.96.250.212, port: eb58fdca-f412-4ba7-a587-4fd9af3bf143. /var/lib/openstack/lib/python3.12/site-packages/pycadf/identifier.py:71: UserWarning: Invalid uuid: neutron. To ensure interoperability, identifiers should be a valid uuid. warnings.warn(('Invalid uuid: %s. To ensure interoperability, '
2026-06-25 23:31:54.306 10 INFO neutron.api.wsgi [req-e1ce5aca-0f3e-4547-89d9-6b91002fd529 req-3b9c6160-afe6-4635-94b3-52b78b4426d4 35373ec652fa4809afad0b56ad542e24 fd166bda76ee4fa4b41f99a780e66c00 - - default default] 199.19.213.228 "DELETE /v2.0/ports/eb58fdca-f412-4ba7-a587-4fd9af3bf143 HTTP/1.1" status: 204 len: 173 time: 0.4967885
2026-06-25 23:31:54.312 10 INFO neutron.api.wsgi [req-7f802951-f610-4860-b74c-45e3ca37aa01 req-de5be66c-172b-46e0-84bf-230192f44e09 35373ec652fa4809afad0b56ad542e24 fd166bda76ee4fa4b41f99a780e66c00 - - default default] 10.0.0.157 "GET /v2.0/ports?device_id=56d228b4-f6c4-4f4b-a75f-37f6ce332d05 HTTP/1.1" status: 200 len: 210 time: 0.0199594
2026-06-25 23:31:54.592 9 INFO neutron.api.wsgi [None req-c8bef791-d89b-4d12-911e-fceeedc7b393 f77e6878173e43d09c3a21d098c2e100 a49421964ab3464d88a4b856e3bac957 - - default default] 10.0.0.182 "DELETE /v2.0/security-groups/b6ba5239-6554-49c8-b790-b4a8d71845b2 HTTP/1.1" status: 204 len: 168 time: 0.1212685
2026-06-25 23:31:54.603 9 INFO neutron.api.v2.resource [None req-02fb43ea-91a8-43e6-ac68-55cd57d353bc f77e6878173e43d09c3a21d098c2e100 a49421964ab3464d88a4b856e3bac957 - - default default] show failed (client error): The resource could not be found.
2026-06-25 23:31:54.603 9 INFO neutron.api.wsgi [None req-02fb43ea-91a8-43e6-ac68-55cd57d353bc f77e6878173e43d09c3a21d098c2e100 a49421964ab3464d88a4b856e3bac957 - - default default] 10.0.0.182 "GET /v2.0/security-groups/b6ba5239-6554-49c8-b790-b4a8d71845b2 HTTP/1.1" status: 404 len: 347 time: 0.0065157
2026-06-25 23:31:54.892 9 INFO neutron.api.wsgi [None req-27a9589d-2f65-4dd7-93a0-8f4710140084 f77e6878173e43d09c3a21d098c2e100 a49421964ab3464d88a4b856e3bac957 - - default default] 10.0.0.182 "DELETE /v2.0/floatingips/5831b1d3-fc9d-4b3d-8703-2a70f6994465 HTTP/1.1" status: 204 len: 168 time: 0.2846859
2026-06-25 23:31:55.374 10 INFO neutron.notifiers.nova [-] Nova event matching ['req-d6db0a59-a049-49d2-a008-b5d01e07a650'] response: {'server_uuid': '56d228b4-f6c4-4f4b-a75f-37f6ce332d05', 'name': 'network-vif-deleted', 'tag': 'eb58fdca-f412-4ba7-a587-4fd9af3bf143', 'status': 'completed', 'code': 200}
2026-06-25 23:31:55.397 10 INFO neutron.api.wsgi [req-87a0fd54-823a-4c1f-840a-26ab8e6ace07 req-821311b8-d97e-46ab-afc2-b8127beb0b8e 35373ec652fa4809afad0b56ad542e24 fd166bda76ee4fa4b41f99a780e66c00 - - default default] 10.0.0.157 "GET /v2.0/ports?device_id=56d228b4-f6c4-4f4b-a75f-37f6ce332d05 HTTP/1.1" status: 200 len: 210 time: 0.0176296
2026-06-25 23:31:55.498 10 INFO neutron.api.wsgi [req-920b8f4e-2fc6-4357-8ed9-388392d38fad req-40dddcfb-eed4-4143-81a0-3303279a97d5 376218fc49374488930cad689bb1b61d 6e118bfb7489427cb351f8169a736a55 - - default default] 10.0.0.157 "GET /v2.0/ports?device_id=e4185c33-e5dc-480b-b0ad-ca4965191ef0 HTTP/1.1" status: 200 len: 1174 time: 0.0874455
2026-06-25 23:31:55.584 10 INFO neutron.api.wsgi [req-025657f7-1a34-4bce-99cc-66585f36416a req-4248ab26-f2fa-46de-80fd-436a4e3a2135 376218fc49374488930cad689bb1b61d 6e118bfb7489427cb351f8169a736a55 - - default default] 10.0.0.157 "GET /v2.0/ports/7c8a0645-d707-44e8-a399-5b0faf9e172f HTTP/1.1" status: 200 len: 1171 time: 0.0339277
2026-06-25 23:31:55.881 9 INFO neutron.api.wsgi [None req-3acd713c-92cf-48f1-a594-b5469fabfdbd 86dfeae0282646e9aef1766371c5bb04 0094a7de6c3d4471b71d81131d39ae2b - - default default] 10.0.0.182 "PUT /v2.0/routers/482017e8-b464-4613-b262-57c548fa9183/remove_router_interface HTTP/1.1" status: 200 len: 503 time: 0.9835556 /var/lib/openstack/lib/python3.12/site-packages/pycadf/identifier.py:71: UserWarning: Invalid uuid: neutron. To ensure interoperability, identifiers should be a valid uuid. warnings.warn(('Invalid uuid: %s. To ensure interoperability, '
2026-06-25 23:31:56.217 10 INFO neutron.api.wsgi [req-daa3093d-64da-482a-8912-a5128e8a14aa req-9497e96e-53da-4d2f-ba9b-dcfb593d61df 376218fc49374488930cad689bb1b61d 6e118bfb7489427cb351f8169a736a55 - - default default] 199.19.213.228 "GET /v2.0/subnets?network_id=423244a7-fcfd-4e6a-8d95-8a016d447430 HTTP/1.1" status: 200 len: 883 time: 0.0422986
2026-06-25 23:31:56.266 10 INFO neutron.api.wsgi [req-daa3093d-64da-482a-8912-a5128e8a14aa req-3225f25c-5d76-4e5d-8a9a-c36d124dd1c8 376218fc49374488930cad689bb1b61d 6e118bfb7489427cb351f8169a736a55 - - default default] 199.19.213.228 "GET /v2.0/ports?device_id=e4185c33-e5dc-480b-b0ad-ca4965191ef0&device_owner=compute%3Anova&network_id=423244a7-fcfd-4e6a-8d95-8a016d447430 HTTP/1.1" status: 200 len: 1174 time: 0.0451190
2026-06-25 23:31:56.460 9 INFO neutron.api.wsgi [None req-4ab2cd19-331e-4383-a878-fd6fabfca841 86dfeae0282646e9aef1766371c5bb04 0094a7de6c3d4471b71d81131d39ae2b - - default default] 10.0.0.182 "DELETE /v2.0/routers/482017e8-b464-4613-b262-57c548fa9183 HTTP/1.1" status: 204 len: 168 time: 0.5710309
2026-06-25 23:31:56.512 10 INFO neutron.api.wsgi [req-3b58b6e1-c32a-4d4a-9c1a-512dd4cb8cbd req-f1cbb459-62cc-46ab-ab2a-93577de4b875 35373ec652fa4809afad0b56ad542e24 fd166bda76ee4fa4b41f99a780e66c00 - - default default] 10.0.0.157 "GET /v2.0/ports?device_id=56d228b4-f6c4-4f4b-a75f-37f6ce332d05 HTTP/1.1" status: 200 len: 210 time: 0.0353916
2026-06-25 23:31:56.617 9 INFO neutron.api.wsgi [None req-5cd6dd0f-559b-46a7-9d40-b7f2edc12dfb 86dfeae0282646e9aef1766371c5bb04 0094a7de6c3d4471b71d81131d39ae2b - - default default] 10.0.0.182 "DELETE /v2.0/subnets/ba1be01a-cbd7-4fba-a386-6a54da2f911b HTTP/1.1" status: 204 len: 168 time: 0.1529355
2026-06-25 23:31:56.918 9 INFO neutron.services.segments.plugin [-] Segment d28bfe49-3e25-40b6-be56-423821b03757 resource provider aggregate not found
2026-06-25 23:31:56.923 9 INFO neutron.services.segments.plugin [-] Segment d28bfe49-3e25-40b6-be56-423821b03757 resource provider aggregate not found
2026-06-25 23:31:56.948 9 INFO neutron.services.segments.plugin [-] Segment d28bfe49-3e25-40b6-be56-423821b03757 resource provider not found; error: Placement Client Error (4xx): {"errors": [{"status": 404, "title": "Not Found", "detail": "The resource could not be found.\n\n No resource provider with uuid d28bfe49-3e25-40b6-be56-423821b03757 found for delete ", "request_id": "req-2d612d91-b69e-4d30-906a-9eb8ceb88511"}]}
2026-06-25 23:31:56.954 9 INFO neutron.services.segments.plugin [-] Segment d28bfe49-3e25-40b6-be56-423821b03757 resource provider not found; error: Placement Client Error (4xx): {"errors": [{"status": 404, "title": "Not Found", "detail": "The resource could not be found.\n\n No resource provider with uuid d28bfe49-3e25-40b6-be56-423821b03757 found for delete ", "request_id": "req-9944458e-3701-4ab9-a8dd-77d8e80115a8"}]}
2026-06-25 23:31:56.980 9 INFO neutron.api.wsgi [None req-de937051-e105-4f10-b33e-18aeb04e0e2b 86dfeae0282646e9aef1766371c5bb04 0094a7de6c3d4471b71d81131d39ae2b - - default default] 10.0.0.182 "DELETE /v2.0/networks/dc9af0e9-2a07-4647-aab8-f41f976db7d6 HTTP/1.1" status: 204 len: 168 time: 0.3587337
2026-06-25 23:31:57.153 10 INFO neutron.db.ovn_revision_numbers_db [req-daa3093d-64da-482a-8912-a5128e8a14aa req-3cc8c6ae-0236-4ad1-9e2b-10e7b37801fd 376218fc49374488930cad689bb1b61d 6e118bfb7489427cb351f8169a736a55 - - default default] Successfully bumped revision number for resource 7c8a0645-d707-44e8-a399-5b0faf9e172f (type: ports) to 6
2026-06-25 23:31:57.164 10 INFO neutron.api.wsgi [req-daa3093d-64da-482a-8912-a5128e8a14aa req-3cc8c6ae-0236-4ad1-9e2b-10e7b37801fd 376218fc49374488930cad689bb1b61d 6e118bfb7489427cb351f8169a736a55 - - default default] 199.19.213.228 "PUT /v2.0/ports/7c8a0645-d707-44e8-a399-5b0faf9e172f HTTP/1.1" status: 200 len: 1353 time: 0.8941534
2026-06-25 23:31:57.266 9 INFO neutron.api.wsgi [None req-4c003a0e-dc0a-4bb8-b12a-ec525204ca66 86dfeae0282646e9aef1766371c5bb04 0094a7de6c3d4471b71d81131d39ae2b - - default default] 10.0.0.182 "GET /v2.0/security-groups?tenant_id=a49421964ab3464d88a4b856e3bac957&name=default HTTP/1.1" status: 200 len: 3116 time: 0.0553429
2026-06-25 23:31:57.406 10 INFO neutron.notifiers.nova [-] Nova event matching ['req-014a41c4-4269-42c5-bb6e-b3233c9d46bb'] response: {'name': 'network-changed', 'server_uuid': 'e4185c33-e5dc-480b-b0ad-ca4965191ef0', 'tag': '7c8a0645-d707-44e8-a399-5b0faf9e172f', 'status': 'completed', 'code': 200}
2026-06-25 23:31:57.471 9 INFO neutron.api.wsgi [None req-2ee40006-71be-48da-8117-eb40cfd51456 86dfeae0282646e9aef1766371c5bb04 0094a7de6c3d4471b71d81131d39ae2b - - default default] 10.0.0.182 "DELETE /v2.0/security-groups/70cf8856-28e7-4598-baee-8bce88e2728c HTTP/1.1" status: 204 len: 168 time: 0.2010548 /var/lib/openstack/lib/python3.12/site-packages/pycadf/identifier.py:71: UserWarning: Invalid uuid: neutron. To ensure interoperability, identifiers should be a valid uuid. warnings.warn(('Invalid uuid: %s. To ensure interoperability, '
2026-06-25 23:31:57.692 9 INFO neutron.db.ovn_revision_numbers_db [None req-2fc3a9ad-cfff-4fe8-a7af-68e6e78d0f62 86dfeae0282646e9aef1766371c5bb04 0094a7de6c3d4471b71d81131d39ae2b - - default default] Successfully bumped revision number for resource 106f4704-9e9f-4bce-a03f-40a849a29d90 (type: security_groups) to 1
2026-06-25 23:31:57.704 9 INFO neutron.db.ovn_revision_numbers_db [None req-2fc3a9ad-cfff-4fe8-a7af-68e6e78d0f62 86dfeae0282646e9aef1766371c5bb04 0094a7de6c3d4471b71d81131d39ae2b - - default default] Successfully bumped revision number for resource 058c4867-56fd-4c54-b510-77f18148a7fd (type: security_group_rules) to 0
2026-06-25 23:31:57.712 10 INFO neutron.api.wsgi [req-daa3093d-64da-482a-8912-a5128e8a14aa req-57936eef-1727-42b5-b4aa-ccd32ae6792a 2c7701c85ab94603a734325966eae3c2 dab50b7c660a45cf853e75fd56ba3911 - - 270885a2bed64546875c9241f5473fdb 270885a2bed64546875c9241f5473fdb] 199.19.213.228 "GET /v2.0/ports?tenant_id=6e118bfb7489427cb351f8169a736a55&device_id=e4185c33-e5dc-480b-b0ad-ca4965191ef0 HTTP/1.1" status: 200 len: 1594 time: 0.0364947
2026-06-25 23:31:57.721 9 INFO neutron.db.ovn_revision_numbers_db [None req-2fc3a9ad-cfff-4fe8-a7af-68e6e78d0f62 86dfeae0282646e9aef1766371c5bb04 0094a7de6c3d4471b71d81131d39ae2b - - default default] Successfully bumped revision number for resource 3846bf79-ecba-41fe-9262-c2617cad1cd3 (type: security_group_rules) to 0
2026-06-25 23:31:57.737 9 INFO neutron.db.ovn_revision_numbers_db [None req-2fc3a9ad-cfff-4fe8-a7af-68e6e78d0f62 86dfeae0282646e9aef1766371c5bb04 0094a7de6c3d4471b71d81131d39ae2b - - default default] Successfully bumped revision number for resource a9db9b9a-e35c-4028-9ed3-000d711f63d4 (type: security_group_rules) to 0
2026-06-25 23:31:57.757 9 INFO neutron.db.ovn_revision_numbers_db [None req-2fc3a9ad-cfff-4fe8-a7af-68e6e78d0f62 86dfeae0282646e9aef1766371c5bb04 0094a7de6c3d4471b71d81131d39ae2b - - default default] Successfully bumped revision number for resource e091f444-0d60-41d5-8b0d-733c3e4e408b (type: security_group_rules) to 0
2026-06-25 23:31:57.767 10 INFO neutron.api.wsgi [req-daa3093d-64da-482a-8912-a5128e8a14aa req-3e27d20c-002e-4baa-a3d7-028f9704e85a 2c7701c85ab94603a734325966eae3c2 dab50b7c660a45cf853e75fd56ba3911 - - 270885a2bed64546875c9241f5473fdb 270885a2bed64546875c9241f5473fdb] 199.19.213.228 "GET /v2.0/networks?id=423244a7-fcfd-4e6a-8d95-8a016d447430 HTTP/1.1" status: 200 len: 982 time: 0.0502870
2026-06-25 23:31:57.773 10 INFO neutron.api.wsgi [None req-8487e56e-cf95-4307-8c01-dc0251ad1750 35373ec652fa4809afad0b56ad542e24 fd166bda76ee4fa4b41f99a780e66c00 - - default default] 10.0.0.182 "DELETE /v2.0/security-groups/80a8f715-b54a-4a9b-b521-37e11387cdc1 HTTP/1.1" status: 204 len: 168 time: 0.1823673
2026-06-25 23:31:57.802 10 INFO neutron.api.v2.resource [None req-174bc324-029a-47c9-b642-3566f268263d 35373ec652fa4809afad0b56ad542e24 fd166bda76ee4fa4b41f99a780e66c00 - - default default] show failed (client error): The resource could not be found.
2026-06-25 23:31:57.803 10 INFO neutron.api.wsgi [None req-174bc324-029a-47c9-b642-3566f268263d 35373ec652fa4809afad0b56ad542e24 fd166bda76ee4fa4b41f99a780e66c00 - - default default] 10.0.0.182 "GET /v2.0/security-groups/80a8f715-b54a-4a9b-b521-37e11387cdc1 HTTP/1.1" status: 404 len: 347 time: 0.0248506
2026-06-25 23:31:57.804 9 INFO neutron.api.wsgi [None req-2fc3a9ad-cfff-4fe8-a7af-68e6e78d0f62 86dfeae0282646e9aef1766371c5bb04 0094a7de6c3d4471b71d81131d39ae2b - - default default] 10.0.0.182 "GET /v2.0/security-groups?tenant_id=afe9d60028f6463d8a01488943218a4a&name=default HTTP/1.1" status: 200 len: 3120 time: 0.3916459
2026-06-25 23:31:57.822 10 INFO neutron.api.wsgi [req-daa3093d-64da-482a-8912-a5128e8a14aa req-511d3784-3e2c-4200-9a27-d980aa503365 2c7701c85ab94603a734325966eae3c2 dab50b7c660a45cf853e75fd56ba3911 - - 270885a2bed64546875c9241f5473fdb 270885a2bed64546875c9241f5473fdb] 199.19.213.228 "GET /v2.0/floatingips?fixed_ip_address=10.100.0.10&port_id=7c8a0645-d707-44e8-a399-5b0faf9e172f HTTP/1.1" status: 200 len: 1060 time: 0.0476131
2026-06-25 23:31:57.842 10 INFO neutron.api.wsgi [req-daa3093d-64da-482a-8912-a5128e8a14aa req-55a171b8-b6bf-49dc-bd2a-3f5d0c2d86d3 2c7701c85ab94603a734325966eae3c2 dab50b7c660a45cf853e75fd56ba3911 - - 270885a2bed64546875c9241f5473fdb 270885a2bed64546875c9241f5473fdb] 199.19.213.228 "GET /v2.0/floatingips?fixed_ip_address=10.100.0.14&port_id=7c8a0645-d707-44e8-a399-5b0faf9e172f HTTP/1.1" status: 200 len: 217 time: 0.0154257
2026-06-25 23:31:57.865 10 INFO neutron.api.wsgi [req-daa3093d-64da-482a-8912-a5128e8a14aa req-39523ba6-2628-4f7c-a75d-3155602376f6 2c7701c85ab94603a734325966eae3c2 dab50b7c660a45cf853e75fd56ba3911 - - 270885a2bed64546875c9241f5473fdb 270885a2bed64546875c9241f5473fdb] 199.19.213.228 "GET /v2.0/subnets?id=7579d7dc-d2ea-487b-9cc0-a8a37745a4f5 HTTP/1.1" status: 200 len: 901 time: 0.0204525
2026-06-25 23:31:57.887 10 INFO neutron.api.wsgi [req-daa3093d-64da-482a-8912-a5128e8a14aa req-85bc4444-ae32-4b0d-b87f-5709ac04273e 2c7701c85ab94603a734325966eae3c2 dab50b7c660a45cf853e75fd56ba3911 - - 270885a2bed64546875c9241f5473fdb 270885a2bed64546875c9241f5473fdb] 199.19.213.228 "GET /v2.0/ports?network_id=423244a7-fcfd-4e6a-8d95-8a016d447430&device_owner=network%3Adhcp HTTP/1.1" status: 200 len: 210 time: 0.0154696
2026-06-25 23:31:57.929 10 INFO neutron.api.wsgi [req-daa3093d-64da-482a-8912-a5128e8a14aa req-d9a8b079-c2d9-4fbe-a091-d1c052b6df61 2c7701c85ab94603a734325966eae3c2 dab50b7c660a45cf853e75fd56ba3911 - - 270885a2bed64546875c9241f5473fdb 270885a2bed64546875c9241f5473fdb] 199.19.213.228 "GET /v2.0/networks/423244a7-fcfd-4e6a-8d95-8a016d447430?fields=segments HTTP/1.1" status: 200 len: 212 time: 0.0371978
2026-06-25 23:31:57.967 10 INFO neutron.api.wsgi [req-daa3093d-64da-482a-8912-a5128e8a14aa req-57fe9937-6c25-453d-967f-fc6f9bd1d1b6 2c7701c85ab94603a734325966eae3c2 dab50b7c660a45cf853e75fd56ba3911 - - 270885a2bed64546875c9241f5473fdb 270885a2bed64546875c9241f5473fdb] 199.19.213.228 "GET /v2.0/networks/423244a7-fcfd-4e6a-8d95-8a016d447430?fields=provider%3Aphysical_network&fields=provider%3Anetwork_type HTTP/1.1" status: 200 len: 277 time: 0.0323215
2026-06-25 23:31:58.037 9 INFO neutron.api.wsgi [None req-30b6719b-21cb-4b4c-8539-771efb134333 86dfeae0282646e9aef1766371c5bb04 0094a7de6c3d4471b71d81131d39ae2b - - default default] 10.0.0.182 "DELETE /v2.0/security-groups/106f4704-9e9f-4bce-a03f-40a849a29d90 HTTP/1.1" status: 204 len: 168 time: 0.2241628
2026-06-25 23:31:58.078 9 INFO neutron.api.wsgi [None req-e4279906-76e2-458d-b638-b24dc3891329 35373ec652fa4809afad0b56ad542e24 fd166bda76ee4fa4b41f99a780e66c00 - - default default] 10.0.0.182 "DELETE /v2.0/floatingips/8991794a-df05-4751-96a0-a8c76dbd607c HTTP/1.1" status: 204 len: 168 time: 0.2706556
2026-06-25 23:31:58.903 10 INFO neutron.api.wsgi [req-7ec7c4e8-1a89-4a40-b345-2505972bd6fa req-55d5affb-6da3-44ae-a9ba-6f53ff5879a4 376218fc49374488930cad689bb1b61d 6e118bfb7489427cb351f8169a736a55 - - default default] 10.0.0.157 "GET /v2.0/ports?device_id=e4185c33-e5dc-480b-b0ad-ca4965191ef0 HTTP/1.1" status: 200 len: 1356 time: 0.0353496
2026-06-25 23:31:58.939 10 INFO neutron.api.wsgi [req-7ec7c4e8-1a89-4a40-b345-2505972bd6fa req-175da8b1-16c7-44d7-8eb0-a8e0b2931667 376218fc49374488930cad689bb1b61d 6e118bfb7489427cb351f8169a736a55 - - default default] 10.0.0.157 "GET /v2.0/security-groups?id=7024191a-b588-404f-8b5f-6d62c93fa6c0&fields=id&fields=name HTTP/1.1" status: 200 len: 313 time: 0.0304825
2026-06-25 23:31:59.022 10 INFO neutron.api.wsgi [req-b80fe092-4189-4b48-8ea9-b571b7404515 req-0836691e-4bf7-44e4-b7de-f70e8a1b466b 2c7701c85ab94603a734325966eae3c2 dab50b7c660a45cf853e75fd56ba3911 - - 270885a2bed64546875c9241f5473fdb 270885a2bed64546875c9241f5473fdb] 199.19.213.228 "GET /v2.0/ports?tenant_id=6e118bfb7489427cb351f8169a736a55&device_id=e4185c33-e5dc-480b-b0ad-ca4965191ef0 HTTP/1.1" status: 200 len: 1594 time: 0.0360675
2026-06-25 23:31:59.061 9 INFO neutron.api.wsgi [None req-b1549368-24a9-4677-b8dc-a1fb0ef1d6c5 86dfeae0282646e9aef1766371c5bb04 0094a7de6c3d4471b71d81131d39ae2b - - default default] 10.0.0.182 "PUT /v2.0/routers/220e72e1-b9ab-4681-8473-9e3849299a8a/remove_router_interface HTTP/1.1" status: 200 len: 503 time: 0.9772367
2026-06-25 23:31:59.066 10 INFO neutron.api.wsgi [req-b80fe092-4189-4b48-8ea9-b571b7404515 req-6c59e048-dd54-4b36-a672-aa2eb1aa0c03 2c7701c85ab94603a734325966eae3c2 dab50b7c660a45cf853e75fd56ba3911 - - 270885a2bed64546875c9241f5473fdb 270885a2bed64546875c9241f5473fdb] 199.19.213.228 "GET /v2.0/networks?id=423244a7-fcfd-4e6a-8d95-8a016d447430 HTTP/1.1" status: 200 len: 982 time: 0.0400414 /var/lib/openstack/lib/python3.12/site-packages/pycadf/identifier.py:71: UserWarning: Invalid uuid: neutron. To ensure interoperability, identifiers should be a valid uuid. warnings.warn(('Invalid uuid: %s. To ensure interoperability, '
2026-06-25 23:31:59.146 10 INFO neutron.api.wsgi [req-b80fe092-4189-4b48-8ea9-b571b7404515 req-982e4568-84b9-4443-b277-ea22d62f79d7 2c7701c85ab94603a734325966eae3c2 dab50b7c660a45cf853e75fd56ba3911 - - 270885a2bed64546875c9241f5473fdb 270885a2bed64546875c9241f5473fdb] 199.19.213.228 "GET /v2.0/floatingips?fixed_ip_address=10.100.0.10&port_id=7c8a0645-d707-44e8-a399-5b0faf9e172f HTTP/1.1" status: 200 len: 1060 time: 0.0533156
2026-06-25 23:31:59.173 10 INFO neutron.api.wsgi [req-b80fe092-4189-4b48-8ea9-b571b7404515 req-af81f250-4299-4c4d-a23e-04313353bf3d 2c7701c85ab94603a734325966eae3c2 dab50b7c660a45cf853e75fd56ba3911 - - 270885a2bed64546875c9241f5473fdb 270885a2bed64546875c9241f5473fdb] 199.19.213.228 "GET /v2.0/floatingips?fixed_ip_address=10.100.0.14&port_id=7c8a0645-d707-44e8-a399-5b0faf9e172f HTTP/1.1" status: 200 len: 217 time: 0.0202987
2026-06-25 23:31:59.207 10 INFO neutron.api.wsgi [req-b80fe092-4189-4b48-8ea9-b571b7404515 req-70942669-83b2-4b06-974f-35f54fc147c2 2c7701c85ab94603a734325966eae3c2 dab50b7c660a45cf853e75fd56ba3911 - - 270885a2bed64546875c9241f5473fdb 270885a2bed64546875c9241f5473fdb] 199.19.213.228 "GET /v2.0/subnets?id=7579d7dc-d2ea-487b-9cc0-a8a37745a4f5 HTTP/1.1" status: 200 len: 901 time: 0.0298734
2026-06-25 23:31:59.230 10 INFO neutron.api.wsgi [req-b80fe092-4189-4b48-8ea9-b571b7404515 req-0d75b1e0-202d-41dc-adef-bb4b3fd07768 2c7701c85ab94603a734325966eae3c2 dab50b7c660a45cf853e75fd56ba3911 - - 270885a2bed64546875c9241f5473fdb 270885a2bed64546875c9241f5473fdb] 199.19.213.228 "GET /v2.0/ports?network_id=423244a7-fcfd-4e6a-8d95-8a016d447430&device_owner=network%3Adhcp HTTP/1.1" status: 200 len: 210 time: 0.0176187
2026-06-25 23:31:59.278 10 INFO neutron.api.wsgi [req-b80fe092-4189-4b48-8ea9-b571b7404515 req-1a664126-cb68-4a7b-a6d1-8cb825efc882 2c7701c85ab94603a734325966eae3c2 dab50b7c660a45cf853e75fd56ba3911 - - 270885a2bed64546875c9241f5473fdb 270885a2bed64546875c9241f5473fdb] 199.19.213.228 "GET /v2.0/networks/423244a7-fcfd-4e6a-8d95-8a016d447430?fields=segments HTTP/1.1" status: 200 len: 212 time: 0.0411425
2026-06-25 23:31:59.341 10 INFO neutron.api.wsgi [req-b80fe092-4189-4b48-8ea9-b571b7404515 req-be24e01a-e379-4aa2-8825-babc592c6942 2c7701c85ab94603a734325966eae3c2 dab50b7c660a45cf853e75fd56ba3911 - - 270885a2bed64546875c9241f5473fdb 270885a2bed64546875c9241f5473fdb] 199.19.213.228 "GET /v2.0/networks/423244a7-fcfd-4e6a-8d95-8a016d447430?fields=provider%3Aphysical_network&fields=provider%3Anetwork_type HTTP/1.1" status: 200 len: 277 time: 0.0561182
2026-06-25 23:31:59.440 10 INFO neutron.db.ovn_revision_numbers_db [None req-bafb0f6b-46d2-4c1e-9617-d11991a75cc0 86dfeae0282646e9aef1766371c5bb04 0094a7de6c3d4471b71d81131d39ae2b - - default default] Successfully bumped revision number for resource cd69f2c7-fa02-42a8-a43c-5c4ae3f15479 (type: security_groups) to 1
2026-06-25 23:31:59.452 10 INFO neutron.db.ovn_revision_numbers_db [None req-bafb0f6b-46d2-4c1e-9617-d11991a75cc0 86dfeae0282646e9aef1766371c5bb04 0094a7de6c3d4471b71d81131d39ae2b - - default default] Successfully bumped revision number for resource 8484544d-b1c9-4274-a414-a89a7be21b30 (type: security_group_rules) to 0
2026-06-25 23:31:59.463 10 INFO neutron.db.ovn_revision_numbers_db [None req-bafb0f6b-46d2-4c1e-9617-d11991a75cc0 86dfeae0282646e9aef1766371c5bb04 0094a7de6c3d4471b71d81131d39ae2b - - default default] Successfully bumped revision number for resource 8557d2ad-69d3-44f1-a899-301e73d9929e (type: security_group_rules) to 0
2026-06-25 23:31:59.476 10 INFO neutron.db.ovn_revision_numbers_db [None req-bafb0f6b-46d2-4c1e-9617-d11991a75cc0 86dfeae0282646e9aef1766371c5bb04 0094a7de6c3d4471b71d81131d39ae2b - - default default] Successfully bumped revision number for resource 916b92a5-de05-491f-952c-3095bd55818e (type: security_group_rules) to 0
2026-06-25 23:31:59.489 10 INFO neutron.db.ovn_revision_numbers_db [None req-bafb0f6b-46d2-4c1e-9617-d11991a75cc0 86dfeae0282646e9aef1766371c5bb04 0094a7de6c3d4471b71d81131d39ae2b - - default default] Successfully bumped revision number for resource b09f745c-90ba-4329-aba0-10a2684e8dba (type: security_group_rules) to 0
2026-06-25 23:31:59.570 10 INFO neutron.db.segments_db [None req-bafb0f6b-46d2-4c1e-9617-d11991a75cc0 86dfeae0282646e9aef1766371c5bb04 0094a7de6c3d4471b71d81131d39ae2b - - default default] Added segment 8cd1e0be-62c1-4da4-bfb0-0b1c24579c12 of type geneve for network 74e46a78-eb0d-40eb-b765-59b690c112e7
2026-06-25 23:31:59.698 10 INFO neutron.db.ovn_revision_numbers_db [None req-bafb0f6b-46d2-4c1e-9617-d11991a75cc0 86dfeae0282646e9aef1766371c5bb04 0094a7de6c3d4471b71d81131d39ae2b - - default default] Successfully bumped revision number for resource 74e46a78-eb0d-40eb-b765-59b690c112e7 (type: networks) to 1
2026-06-25 23:31:59.853 10 WARNING neutron.scheduler.dhcp_agent_scheduler [None req-bafb0f6b-46d2-4c1e-9617-d11991a75cc0 86dfeae0282646e9aef1766371c5bb04 0094a7de6c3d4471b71d81131d39ae2b - - default default] No more DHCP agents
2026-06-25 23:31:59.855 10 WARNING neutron.api.rpc.agentnotifiers.dhcp_rpc_agent_api [None req-bafb0f6b-46d2-4c1e-9617-d11991a75cc0 86dfeae0282646e9aef1766371c5bb04 0094a7de6c3d4471b71d81131d39ae2b - - default default] Unable to schedule network 74e46a78-eb0d-40eb-b765-59b690c112e7: no agents available; will retry on subsequent port and subnet creation events.
2026-06-25 23:31:59.898 9 INFO neutron.api.wsgi [None req-de2a45ab-98cb-4982-8ba5-b3f1387c2924 86dfeae0282646e9aef1766371c5bb04 0094a7de6c3d4471b71d81131d39ae2b - - default default] 10.0.0.182 "DELETE /v2.0/routers/220e72e1-b9ab-4681-8473-9e3849299a8a HTTP/1.1" status: 204 len: 168 time: 0.8327060
2026-06-25 23:31:59.901 10 WARNING neutron_lib.context [None req-94fc235e-2259-447c-81ec-31b38d2eb456 a77ec6d9312f4890be539788c3871a67 742d073fe68e4360817f28b80cd42f9e - - default default] Method 'is_advsvc' is deprecated since 2023.2 release (neutron-lib 3.8.0) and will be removed once support for the old RBAC API policies will be removed from Neutron. Please use method 'is_service_role' instead.
2026-06-25 23:31:59.901 10 WARNING neutron_lib.context [None req-94fc235e-2259-447c-81ec-31b38d2eb456 a77ec6d9312f4890be539788c3871a67 742d073fe68e4360817f28b80cd42f9e - - default default] Method 'is_advsvc' is deprecated since 2023.2 release (neutron-lib 3.8.0) and will be removed once support for the old RBAC API policies will be removed from Neutron. Please use method 'is_service_role' instead.
2026-06-25 23:31:59.924 10 INFO neutron.api.wsgi [req-0b662259-8717-4d7a-981e-9364df1793b2 req-70de736a-f692-460d-a5f4-adcad64d6e11 376218fc49374488930cad689bb1b61d 6e118bfb7489427cb351f8169a736a55 - - default default] 199.19.213.228 "GET /v2.0/ports?device_id=e4185c33-e5dc-480b-b0ad-ca4965191ef0&device_owner=compute%3Anova&fixed_ips=ip_address%3D10.100.0.14 HTTP/1.1" status: 200 len: 1356 time: 0.0707967
