2026-06-25 23:32:22.640 10 WARNING neutron.scheduler.dhcp_agent_scheduler [None req-6958b5e0-0b84-43a6-b141-634f2ca0f690 b0e07a10a10c42ae97a74b89c5a84a15 aaf215b2cd7644008650657ba5f9cf9f - - default default] No more DHCP agents
2026-06-25 23:32:22.641 10 INFO neutron.db.ovn_revision_numbers_db [None req-0a751683-9e28-4981-b556-bda12bb6f1e0 86dfeae0282646e9aef1766371c5bb04 0094a7de6c3d4471b71d81131d39ae2b - - default default] Successfully bumped revision number for resource 9cd85c4f-5ffe-4f09-a29d-3cd3882d729c (type: security_group_rules) to 0
2026-06-25 23:32:22.643 10 WARNING neutron.api.rpc.agentnotifiers.dhcp_rpc_agent_api [None req-6958b5e0-0b84-43a6-b141-634f2ca0f690 b0e07a10a10c42ae97a74b89c5a84a15 aaf215b2cd7644008650657ba5f9cf9f - - default default] Unable to schedule network c932a687-173a-4b5f-9214-cf53c2db20e3: no agents available; will retry on subsequent port and subnet creation events.
2026-06-25 23:32:22.667 10 WARNING neutron.plugins.ml2.drivers.ovn.mech_driver.ovsdb.ovn_client [None req-6d77abff-6c26-4b53-bffe-e07ef5a75a54 - - - - - -] No hosting information found for port 7d17ec80-59b9-49d9-91ce-ae9a068c0a59: RuntimeError: No hosting information found for port 7d17ec80-59b9-49d9-91ce-ae9a068c0a59
2026-06-25 23:32:22.694 10 INFO neutron.api.wsgi [None req-0a751683-9e28-4981-b556-bda12bb6f1e0 86dfeae0282646e9aef1766371c5bb04 0094a7de6c3d4471b71d81131d39ae2b - - default default] 10.0.0.182 "GET /v2.0/security-groups?tenant_id=95bcd295dc9048b19dcd1980391b42b6&name=default HTTP/1.1" status: 200 len: 3120 time: 0.4101267
2026-06-25 23:32:22.733 10 INFO neutron.db.ovn_revision_numbers_db [None req-6958b5e0-0b84-43a6-b141-634f2ca0f690 b0e07a10a10c42ae97a74b89c5a84a15 aaf215b2cd7644008650657ba5f9cf9f - - default default] Successfully bumped revision number for resource 34efb73b-6cac-4409-98f1-f6603915cdd2 (type: ports) to 1
2026-06-25 23:32:22.769 10 INFO neutron.api.wsgi [None req-6958b5e0-0b84-43a6-b141-634f2ca0f690 b0e07a10a10c42ae97a74b89c5a84a15 aaf215b2cd7644008650657ba5f9cf9f - - default default] 10.0.0.182 "POST /v2.0/networks HTTP/1.1" status: 201 len: 843 time: 0.8887522
2026-06-25 23:32:22.770 10 INFO neutron.db.ovn_revision_numbers_db [None req-6d77abff-6c26-4b53-bffe-e07ef5a75a54 - - - - - -] Successfully bumped revision number for resource 7d17ec80-59b9-49d9-91ce-ae9a068c0a59 (type: router_ports) to 2
2026-06-25 23:32:22.770 10 INFO neutron.plugins.ml2.drivers.ovn.mech_driver.mech_driver [None req-6d77abff-6c26-4b53-bffe-e07ef5a75a54 - - - - - -] OVN reports status down for port: c6758e14-4a42-4399-8eeb-2febe61b465b
2026-06-25 23:32:22.783 9 WARNING neutron_lib.context [None req-d9fdc44a-7be0-4121-b211-e97ebef09d93 b0e07a10a10c42ae97a74b89c5a84a15 aaf215b2cd7644008650657ba5f9cf9f - - default default] Method 'is_advsvc' is deprecated since 2023.2 release (neutron-lib 3.8.0) and will be removed once support for the old RBAC API policies will be removed from Neutron. Please use method 'is_service_role' instead.
2026-06-25 23:32:22.785 10 INFO neutron.plugins.ml2.drivers.ovn.mech_driver.mech_driver [None req-6d77abff-6c26-4b53-bffe-e07ef5a75a54 - - - - - -] OVN reports status up for port: cdc93785-b340-4ff8-afb8-f8081a5a4d88
2026-06-25 23:32:22.799 10 INFO neutron.plugins.ml2.plugin [None req-6d77abff-6c26-4b53-bffe-e07ef5a75a54 - - - - - -] Attempt 1 to provision port cdc93785-b340-4ff8-afb8-f8081a5a4d88
2026-06-25 23:32:22.910 10 INFO neutron.notifiers.nova [-] Nova event matching ['req-fad1c7b5-1b44-449c-9d56-a5d247772e01'] response: {'server_uuid': '543cb49a-4a44-4a88-977d-517d39247f0a', 'name': 'network-vif-plugged', 'status': 'completed', 'tag': 'cdc93785-b340-4ff8-afb8-f8081a5a4d88', 'code': 200}
2026-06-25 23:32:22.982 9 INFO neutron.api.wsgi [None req-f8926651-e2ab-4da5-92ae-4ecc0fd666c2 86dfeae0282646e9aef1766371c5bb04 0094a7de6c3d4471b71d81131d39ae2b - - default default] 10.0.0.182 "DELETE /v2.0/security-groups/cd69219a-7088-4209-8498-e81e67ed6af1 HTTP/1.1" status: 204 len: 168 time: 0.2747996
2026-06-25 23:32:22.998 10 INFO neutron.api.wsgi [req-1422e80f-e9a3-4c8c-aa37-767a26fe9461 req-7f6ab22c-51f1-44fd-80d7-4dbc96b1a31c e9146b75d07c467da468e5b35e3bfd22 4296ab5f6e8446c4af42b16a69828ae9 - - default default] 10.0.0.157 "GET /v2.0/ports?device_id=3cc9e8f8-23f8-47ec-93d8-fe15140e001a HTTP/1.1" status: 200 len: 210 time: 0.0188470
2026-06-25 23:32:23.041 10 INFO neutron.db.ovn_revision_numbers_db [None req-6d77abff-6c26-4b53-bffe-e07ef5a75a54 - - - - - -] Successfully bumped revision number for resource cdc93785-b340-4ff8-afb8-f8081a5a4d88 (type: ports) to 5
2026-06-25 23:32:23.051 9 WARNING neutron.scheduler.dhcp_agent_scheduler [None req-d9fdc44a-7be0-4121-b211-e97ebef09d93 b0e07a10a10c42ae97a74b89c5a84a15 aaf215b2cd7644008650657ba5f9cf9f - - default default] No more DHCP agents
2026-06-25 23:32:23.053 9 WARNING neutron.api.rpc.agentnotifiers.dhcp_rpc_agent_api [None req-d9fdc44a-7be0-4121-b211-e97ebef09d93 b0e07a10a10c42ae97a74b89c5a84a15 aaf215b2cd7644008650657ba5f9cf9f - - default default] Unable to schedule network c932a687-173a-4b5f-9214-cf53c2db20e3: no agents available; will retry on subsequent port and subnet creation events. /var/lib/openstack/lib/python3.12/site-packages/pycadf/identifier.py:71: UserWarning: Invalid uuid: neutron. To ensure interoperability, identifiers should be a valid uuid. warnings.warn(('Invalid uuid: %s. To ensure interoperability, '
2026-06-25 23:32:23.127 9 INFO neutron.db.ovn_revision_numbers_db [None req-d9fdc44a-7be0-4121-b211-e97ebef09d93 b0e07a10a10c42ae97a74b89c5a84a15 aaf215b2cd7644008650657ba5f9cf9f - - default default] Successfully bumped revision number for resource bd2ee147-debc-4236-ac0b-d53bd42d6dac (type: ports) to 1
2026-06-25 23:32:23.154 9 INFO neutron.api.wsgi [None req-d9fdc44a-7be0-4121-b211-e97ebef09d93 b0e07a10a10c42ae97a74b89c5a84a15 aaf215b2cd7644008650657ba5f9cf9f - - default default] 10.0.0.182 "POST /v2.0/ports HTTP/1.1" status: 201 len: 974 time: 0.3767345
2026-06-25 23:32:23.165 10 WARNING neutron_lib.context [None req-a6985880-2e61-43e4-a056-88ae940cae63 b0e07a10a10c42ae97a74b89c5a84a15 aaf215b2cd7644008650657ba5f9cf9f - - default default] Method 'is_advsvc' is deprecated since 2023.2 release (neutron-lib 3.8.0) and will be removed once support for the old RBAC API policies will be removed from Neutron. Please use method 'is_service_role' instead.
2026-06-25 23:32:23.194 10 INFO neutron.db.ovn_revision_numbers_db [None req-42f06b87-57b8-4a2e-8b55-f5b13e3eea87 86dfeae0282646e9aef1766371c5bb04 0094a7de6c3d4471b71d81131d39ae2b - - default default] Successfully bumped revision number for resource dfd077b2-b1fd-4098-951f-a71ab9fcff61 (type: security_groups) to 1
2026-06-25 23:32:23.221 10 INFO neutron.db.ovn_revision_numbers_db [None req-42f06b87-57b8-4a2e-8b55-f5b13e3eea87 86dfeae0282646e9aef1766371c5bb04 0094a7de6c3d4471b71d81131d39ae2b - - default default] Successfully bumped revision number for resource 0d94da41-bddc-4dfe-8fd2-b22a3473d055 (type: security_group_rules) to 0
2026-06-25 23:32:23.239 10 INFO neutron.db.ovn_revision_numbers_db [None req-42f06b87-57b8-4a2e-8b55-f5b13e3eea87 86dfeae0282646e9aef1766371c5bb04 0094a7de6c3d4471b71d81131d39ae2b - - default default] Successfully bumped revision number for resource 4d4df5a1-ae83-4c49-a583-0d14b5f4f7a3 (type: security_group_rules) to 0
2026-06-25 23:32:23.255 10 INFO neutron.db.ovn_revision_numbers_db [None req-42f06b87-57b8-4a2e-8b55-f5b13e3eea87 86dfeae0282646e9aef1766371c5bb04 0094a7de6c3d4471b71d81131d39ae2b - - default default] Successfully bumped revision number for resource b0b64e12-dee1-4049-93b1-23019f5f649d (type: security_group_rules) to 0
2026-06-25 23:32:23.264 10 INFO neutron.api.wsgi [req-c051b127-9798-4d73-a8ed-c79d52f0fa39 req-94b340c0-f460-4675-ae68-6a29014cbc22 be95302dea834640988d6bb6abaae719 62c9e157e4a0496db33fb0a1c31da945 - - default default] 10.0.0.157 "GET /v2.0/ports?device_id=543cb49a-4a44-4a88-977d-517d39247f0a HTTP/1.1" status: 200 len: 1174 time: 0.0317347
2026-06-25 23:32:23.280 10 INFO neutron.db.segments_db [None req-a6985880-2e61-43e4-a056-88ae940cae63 b0e07a10a10c42ae97a74b89c5a84a15 aaf215b2cd7644008650657ba5f9cf9f - - default default] Added segment 4a4b8a07-0a0e-4776-991c-acf523e7c9de of type geneve for network 8528a9a1-6723-4a77-a9d1-5b32c4032b14
2026-06-25 23:32:23.290 10 INFO neutron.db.ovn_revision_numbers_db [None req-42f06b87-57b8-4a2e-8b55-f5b13e3eea87 86dfeae0282646e9aef1766371c5bb04 0094a7de6c3d4471b71d81131d39ae2b - - default default] Successfully bumped revision number for resource fae0a7a8-be88-4192-ab2f-b2c91c8c05dc (type: security_group_rules) to 0
2026-06-25 23:32:23.325 10 INFO neutron.api.wsgi [req-c051b127-9798-4d73-a8ed-c79d52f0fa39 req-478a015f-ffa2-4582-92b9-54d8c5b25888 be95302dea834640988d6bb6abaae719 62c9e157e4a0496db33fb0a1c31da945 - - default default] 10.0.0.157 "GET /v2.0/security-groups?id=05ac5587-a340-471e-a3bd-dbc2a053b65d&fields=id&fields=name HTTP/1.1" status: 200 len: 312 time: 0.0566626
2026-06-25 23:32:23.348 10 INFO neutron.api.wsgi [None req-42f06b87-57b8-4a2e-8b55-f5b13e3eea87 86dfeae0282646e9aef1766371c5bb04 0094a7de6c3d4471b71d81131d39ae2b - - default default] 10.0.0.182 "GET /v2.0/security-groups?tenant_id=0e93918e70bf484d98d0af4c68ee8dac&name=default HTTP/1.1" status: 200 len: 3120 time: 0.2658572
2026-06-25 23:32:23.432 10 INFO neutron.db.ovn_revision_numbers_db [None req-a6985880-2e61-43e4-a056-88ae940cae63 b0e07a10a10c42ae97a74b89c5a84a15 aaf215b2cd7644008650657ba5f9cf9f - - default default] Successfully bumped revision number for resource 8528a9a1-6723-4a77-a9d1-5b32c4032b14 (type: networks) to 1
2026-06-25 23:32:23.602 10 INFO neutron.api.wsgi [None req-2668c5d6-8942-41a1-9afb-0461cca5dfe5 86dfeae0282646e9aef1766371c5bb04 0094a7de6c3d4471b71d81131d39ae2b - - default default] 10.0.0.182 "DELETE /v2.0/security-groups/dfd077b2-b1fd-4098-951f-a71ab9fcff61 HTTP/1.1" status: 204 len: 168 time: 0.2498968
2026-06-25 23:32:23.625 10 WARNING neutron.scheduler.dhcp_agent_scheduler [None req-a6985880-2e61-43e4-a056-88ae940cae63 b0e07a10a10c42ae97a74b89c5a84a15 aaf215b2cd7644008650657ba5f9cf9f - - default default] No more DHCP agents
2026-06-25 23:32:23.627 10 WARNING neutron.api.rpc.agentnotifiers.dhcp_rpc_agent_api [None req-a6985880-2e61-43e4-a056-88ae940cae63 b0e07a10a10c42ae97a74b89c5a84a15 aaf215b2cd7644008650657ba5f9cf9f - - default default] Unable to schedule network 8528a9a1-6723-4a77-a9d1-5b32c4032b14: no agents available; will retry on subsequent port and subnet creation events.
2026-06-25 23:32:23.696 10 INFO neutron.db.ovn_revision_numbers_db [None req-a6985880-2e61-43e4-a056-88ae940cae63 b0e07a10a10c42ae97a74b89c5a84a15 aaf215b2cd7644008650657ba5f9cf9f - - default default] Successfully bumped revision number for resource 3fbb24c8-42e3-4d67-934c-80acd0333678 (type: ports) to 1
2026-06-25 23:32:23.722 10 INFO neutron.api.wsgi [None req-a6985880-2e61-43e4-a056-88ae940cae63 b0e07a10a10c42ae97a74b89c5a84a15 aaf215b2cd7644008650657ba5f9cf9f - - default default] 10.0.0.182 "POST /v2.0/networks HTTP/1.1" status: 201 len: 830 time: 0.5612156
2026-06-25 23:32:23.733 10 WARNING neutron_lib.context [None req-1995f808-6fe0-4b7c-842e-be221f345a12 b0e07a10a10c42ae97a74b89c5a84a15 aaf215b2cd7644008650657ba5f9cf9f - - default default] Method 'is_advsvc' is deprecated since 2023.2 release (neutron-lib 3.8.0) and will be removed once support for the old RBAC API policies will be removed from Neutron. Please use method 'is_service_role' instead.
2026-06-25 23:32:23.943 10 WARNING neutron.scheduler.dhcp_agent_scheduler [None req-1995f808-6fe0-4b7c-842e-be221f345a12 b0e07a10a10c42ae97a74b89c5a84a15 aaf215b2cd7644008650657ba5f9cf9f - - default default] No more DHCP agents
2026-06-25 23:32:23.944 10 WARNING neutron.api.rpc.agentnotifiers.dhcp_rpc_agent_api [None req-1995f808-6fe0-4b7c-842e-be221f345a12 b0e07a10a10c42ae97a74b89c5a84a15 aaf215b2cd7644008650657ba5f9cf9f - - default default] Unable to schedule network 8528a9a1-6723-4a77-a9d1-5b32c4032b14: no agents available; will retry on subsequent port and subnet creation events.
2026-06-25 23:32:24.080 10 INFO neutron.api.wsgi [req-bf29db80-095a-452e-9646-afe5fac69b47 req-f5404ac2-1f5a-4a93-a790-c5e15de6f76f e9146b75d07c467da468e5b35e3bfd22 4296ab5f6e8446c4af42b16a69828ae9 - - default default] 10.0.0.157 "GET /v2.0/ports?device_id=3cc9e8f8-23f8-47ec-93d8-fe15140e001a HTTP/1.1" status: 200 len: 210 time: 0.0202284
2026-06-25 23:32:24.356 10 INFO neutron.db.ovn_revision_numbers_db [None req-8b1889bc-565d-48da-9d69-b55bc6afe99c - - - - - -] Successfully bumped revision number for resource 3fbb24c8-42e3-4d67-934c-80acd0333678 (type: ports) to 2
2026-06-25 23:32:24.395 10 INFO neutron.db.ovn_revision_numbers_db [None req-8b1889bc-565d-48da-9d69-b55bc6afe99c - - - - - -] Successfully bumped revision number for resource 4c952f2f-661a-4f9b-bcae-1fa56f2481de (type: subnets) to 0
2026-06-25 23:32:24.417 10 INFO neutron.api.wsgi [None req-1995f808-6fe0-4b7c-842e-be221f345a12 b0e07a10a10c42ae97a74b89c5a84a15 aaf215b2cd7644008650657ba5f9cf9f - - default default] 10.0.0.182 "POST /v2.0/subnets HTTP/1.1" status: 201 len: 825 time: 0.6882598
2026-06-25 23:32:24.424 10 INFO neutron.api.wsgi [req-5a3743f1-325f-48b3-85ce-bf287954ee36 req-287bbbee-64f5-4579-a7b1-fbbf71a21a71 be95302dea834640988d6bb6abaae719 62c9e157e4a0496db33fb0a1c31da945 - - default default] 10.0.0.157 "GET /v2.0/ports?device_id=543cb49a-4a44-4a88-977d-517d39247f0a HTTP/1.1" status: 200 len: 1174 time: 0.0364678 /var/lib/openstack/lib/python3.12/site-packages/pycadf/identifier.py:71: UserWarning: Invalid uuid: neutron. To ensure interoperability, identifiers should be a valid uuid. warnings.warn(('Invalid uuid: %s. To ensure interoperability, '
2026-06-25 23:32:24.431 9 WARNING neutron_lib.context [None req-631963bf-7db3-4992-a591-71f31d7d8bc1 b0e07a10a10c42ae97a74b89c5a84a15 aaf215b2cd7644008650657ba5f9cf9f - - default default] Method 'is_advsvc' is deprecated since 2023.2 release (neutron-lib 3.8.0) and will be removed once support for the old RBAC API policies will be removed from Neutron. Please use method 'is_service_role' instead.
2026-06-25 23:32:24.464 10 INFO neutron.api.wsgi [req-5a3743f1-325f-48b3-85ce-bf287954ee36 req-af17aac9-d90a-492e-a107-c3e913e6de06 be95302dea834640988d6bb6abaae719 62c9e157e4a0496db33fb0a1c31da945 - - default default] 10.0.0.157 "GET /v2.0/security-groups?id=05ac5587-a340-471e-a3bd-dbc2a053b65d&fields=id&fields=name HTTP/1.1" status: 200 len: 312 time: 0.0358949
2026-06-25 23:32:24.577 10 INFO neutron.api.wsgi [req-8df4325e-799c-4212-8ee8-62085a6450a8 req-64d78049-9cd4-4826-b170-5a0cab8cb6a4 be95302dea834640988d6bb6abaae719 62c9e157e4a0496db33fb0a1c31da945 - - default default] 10.0.0.157 "GET /v2.0/ports?device_id=543cb49a-4a44-4a88-977d-517d39247f0a HTTP/1.1" status: 200 len: 1174 time: 0.0393770
2026-06-25 23:32:24.729 9 WARNING neutron.scheduler.dhcp_agent_scheduler [None req-631963bf-7db3-4992-a591-71f31d7d8bc1 b0e07a10a10c42ae97a74b89c5a84a15 aaf215b2cd7644008650657ba5f9cf9f - - default default] No more DHCP agents
2026-06-25 23:32:24.730 9 WARNING neutron.api.rpc.agentnotifiers.dhcp_rpc_agent_api [None req-631963bf-7db3-4992-a591-71f31d7d8bc1 b0e07a10a10c42ae97a74b89c5a84a15 aaf215b2cd7644008650657ba5f9cf9f - - default default] Unable to schedule network 8528a9a1-6723-4a77-a9d1-5b32c4032b14: no agents available; will retry on subsequent port and subnet creation events.
2026-06-25 23:32:24.868 9 INFO neutron.db.ovn_revision_numbers_db [None req-631963bf-7db3-4992-a591-71f31d7d8bc1 b0e07a10a10c42ae97a74b89c5a84a15 aaf215b2cd7644008650657ba5f9cf9f - - default default] Successfully bumped revision number for resource 44460ee0-02d5-4a47-88ac-a09fb8e47198 (type: ports) to 1
2026-06-25 23:32:24.899 9 INFO neutron.api.wsgi [None req-631963bf-7db3-4992-a591-71f31d7d8bc1 b0e07a10a10c42ae97a74b89c5a84a15 aaf215b2cd7644008650657ba5f9cf9f - - default default] 10.0.0.182 "POST /v2.0/ports HTTP/1.1" status: 201 len: 1149 time: 0.4777598 /var/lib/openstack/lib/python3.12/site-packages/pycadf/identifier.py:71: UserWarning: Invalid uuid: neutron. To ensure interoperability, identifiers should be a valid uuid. warnings.warn(('Invalid uuid: %s. To ensure interoperability, '
2026-06-25 23:32:24.942 10 INFO neutron.notifiers.nova [-] Nova event matching ['req-ecf45207-5a94-4340-8c17-374d0d067f15'] response: {'server_uuid': '543cb49a-4a44-4a88-977d-517d39247f0a', 'name': 'network-vif-plugged', 'status': 'completed', 'tag': 'cdc93785-b340-4ff8-afb8-f8081a5a4d88', 'code': 200}
2026-06-25 23:32:25.150 10 INFO neutron.api.wsgi [req-d2b41d0a-30d8-479b-8bda-84153f992393 req-2c98c6fa-0368-442c-b86f-1f87f6fea7a3 e9146b75d07c467da468e5b35e3bfd22 4296ab5f6e8446c4af42b16a69828ae9 - - default default] 199.19.213.228 "GET /v2.0/networks?id=6afe649c-9020-434b-ae4c-87ba36fa3030 HTTP/1.1" status: 200 len: 874 time: 0.0968106
2026-06-25 23:32:25.179 10 INFO neutron.api.wsgi [req-8081c0fc-9f4a-471a-b1b5-5b01b45f88e3 req-45fac9c1-ac4d-4b18-967e-8f94094270cf e9146b75d07c467da468e5b35e3bfd22 4296ab5f6e8446c4af42b16a69828ae9 - - default default] 10.0.0.157 "GET /v2.0/ports?device_id=3cc9e8f8-23f8-47ec-93d8-fe15140e001a HTTP/1.1" status: 200 len: 210 time: 0.0277698
2026-06-25 23:32:25.193 10 INFO neutron.db.ovn_revision_numbers_db [None req-62b5f787-6f36-468d-a931-090d1729be98 be95302dea834640988d6bb6abaae719 62c9e157e4a0496db33fb0a1c31da945 - - default default] Successfully bumped revision number for resource 4f9c1e68-156c-4c8b-ad7e-2bf8b54c3df1 (type: floatingips) to 1
2026-06-25 23:32:25.216 10 INFO neutron.api.wsgi [req-d2b41d0a-30d8-479b-8bda-84153f992393 req-7e5c8a6c-d31f-4428-9b95-cf1a1993786e e9146b75d07c467da468e5b35e3bfd22 4296ab5f6e8446c4af42b16a69828ae9 - - default default] 199.19.213.228 "GET /v2.0/security-groups?fields=id&fields=name&tenant_id=4296ab5f6e8446c4af42b16a69828ae9 HTTP/1.1" status: 200 len: 380 time: 0.0600221
2026-06-25 23:32:25.225 10 WARNING neutron_lib.context [req-d2b41d0a-30d8-479b-8bda-84153f992393 req-806a2f26-1c36-4449-a4d1-6902bdba0ab2 e9146b75d07c467da468e5b35e3bfd22 4296ab5f6e8446c4af42b16a69828ae9 - - default default] Method 'is_advsvc' is deprecated since 2023.2 release (neutron-lib 3.8.0) and will be removed once support for the old RBAC API policies will be removed from Neutron. Please use method 'is_service_role' instead.
2026-06-25 23:32:25.308 9 INFO neutron.api.wsgi [None req-42c354be-cf06-4677-925c-ec9c8a94970e b0e07a10a10c42ae97a74b89c5a84a15 aaf215b2cd7644008650657ba5f9cf9f - - default default] 10.0.0.182 "DELETE /v2.0/ports/44460ee0-02d5-4a47-88ac-a09fb8e47198 HTTP/1.1" status: 204 len: 168 time: 0.4043560 /var/lib/openstack/lib/python3.12/site-packages/pycadf/identifier.py:71: UserWarning: Invalid uuid: neutron. To ensure interoperability, identifiers should be a valid uuid. warnings.warn(('Invalid uuid: %s. To ensure interoperability, '
2026-06-25 23:32:25.329 9 INFO neutron.pecan_wsgi.hooks.translation [None req-6cabbd48-d539-43b0-8416-49fe046f367b b0e07a10a10c42ae97a74b89c5a84a15 aaf215b2cd7644008650657ba5f9cf9f - - default default] DELETE failed (client error): The resource could not be found.
2026-06-25 23:32:25.332 9 INFO neutron.api.wsgi [None req-6cabbd48-d539-43b0-8416-49fe046f367b b0e07a10a10c42ae97a74b89c5a84a15 aaf215b2cd7644008650657ba5f9cf9f - - default default] 10.0.0.182 "DELETE /v2.0/ports/44460ee0-02d5-4a47-88ac-a09fb8e47198 HTTP/1.1" status: 404 len: 333 time: 0.0192337
2026-06-25 23:32:25.348 10 INFO neutron.db.ovn_revision_numbers_db [None req-62b5f787-6f36-468d-a931-090d1729be98 be95302dea834640988d6bb6abaae719 62c9e157e4a0496db33fb0a1c31da945 - - default default] Successfully bumped revision number for resource 4f9c1e68-156c-4c8b-ad7e-2bf8b54c3df1 (type: floatingips) to 2
2026-06-25 23:32:25.348 10 INFO neutron.db.l3_db [None req-62b5f787-6f36-468d-a931-090d1729be98 be95302dea834640988d6bb6abaae719 62c9e157e4a0496db33fb0a1c31da945 - - default default] Floating IP 4f9c1e68-156c-4c8b-ad7e-2bf8b54c3df1 associated. External IP: 10.96.250.218, port: cdc93785-b340-4ff8-afb8-f8081a5a4d88.
2026-06-25 23:32:25.349 9 INFO neutron.pecan_wsgi.hooks.translation [None req-4691d204-0de4-4dda-9f8c-8f97c4dba84c b0e07a10a10c42ae97a74b89c5a84a15 aaf215b2cd7644008650657ba5f9cf9f - - default default] GET failed (client error): The resource could not be found.
2026-06-25 23:32:25.350 9 INFO neutron.api.wsgi [None req-4691d204-0de4-4dda-9f8c-8f97c4dba84c b0e07a10a10c42ae97a74b89c5a84a15 aaf215b2cd7644008650657ba5f9cf9f - - default default] 10.0.0.182 "GET /v2.0/ports/44460ee0-02d5-4a47-88ac-a09fb8e47198 HTTP/1.1" status: 404 len: 333 time: 0.0139127
2026-06-25 23:32:25.389 10 INFO neutron.api.wsgi [None req-62b5f787-6f36-468d-a931-090d1729be98 be95302dea834640988d6bb6abaae719 62c9e157e4a0496db33fb0a1c31da945 - - default default] 10.0.0.182 "PUT /v2.0/floatingips/4f9c1e68-156c-4c8b-ad7e-2bf8b54c3df1 HTTP/1.1" status: 200 len: 1050 time: 0.7996063
2026-06-25 23:32:25.500 9 INFO neutron.api.wsgi [None req-b7871ef6-a65d-4cb7-8629-59b2fe7b668a b0e07a10a10c42ae97a74b89c5a84a15 aaf215b2cd7644008650657ba5f9cf9f - - default default] 10.0.0.182 "DELETE /v2.0/subnets/4c952f2f-661a-4f9b-bcae-1fa56f2481de HTTP/1.1" status: 204 len: 168 time: 0.1455500
2026-06-25 23:32:25.534 10 INFO neutron.api.wsgi [req-ad3c1063-1cc0-4a43-867c-265e3dd23a27 req-d3961dba-8e84-4cf6-a29f-d033b08aa23f be95302dea834640988d6bb6abaae719 62c9e157e4a0496db33fb0a1c31da945 - - default default] 10.0.0.157 "GET /v2.0/ports?device_id=543cb49a-4a44-4a88-977d-517d39247f0a HTTP/1.1" status: 200 len: 1174 time: 0.1070473
2026-06-25 23:32:25.592 10 INFO neutron.api.wsgi [req-ad3c1063-1cc0-4a43-867c-265e3dd23a27 req-bede8290-6baa-45a7-afc8-3665eab81955 be95302dea834640988d6bb6abaae719 62c9e157e4a0496db33fb0a1c31da945 - - default default] 10.0.0.157 "GET /v2.0/security-groups?id=05ac5587-a340-471e-a3bd-dbc2a053b65d&fields=id&fields=name HTTP/1.1" status: 200 len: 312 time: 0.0539992
2026-06-25 23:32:25.593 10 WARNING neutron.scheduler.dhcp_agent_scheduler [req-d2b41d0a-30d8-479b-8bda-84153f992393 req-806a2f26-1c36-4449-a4d1-6902bdba0ab2 e9146b75d07c467da468e5b35e3bfd22 4296ab5f6e8446c4af42b16a69828ae9 - - default default] No more DHCP agents
2026-06-25 23:32:25.595 10 WARNING neutron.api.rpc.agentnotifiers.dhcp_rpc_agent_api [req-d2b41d0a-30d8-479b-8bda-84153f992393 req-806a2f26-1c36-4449-a4d1-6902bdba0ab2 e9146b75d07c467da468e5b35e3bfd22 4296ab5f6e8446c4af42b16a69828ae9 - - default default] Unable to schedule network 6afe649c-9020-434b-ae4c-87ba36fa3030: no agents available; will retry on subsequent port and subnet creation events.
2026-06-25 23:32:25.775 10 INFO neutron.db.ovn_revision_numbers_db [req-d2b41d0a-30d8-479b-8bda-84153f992393 req-806a2f26-1c36-4449-a4d1-6902bdba0ab2 e9146b75d07c467da468e5b35e3bfd22 4296ab5f6e8446c4af42b16a69828ae9 - - default default] Successfully bumped revision number for resource 2243293b-5917-4f6a-b9a7-4d359532c62d (type: ports) to 1
2026-06-25 23:32:25.801 10 INFO neutron.api.wsgi [req-d2b41d0a-30d8-479b-8bda-84153f992393 req-806a2f26-1c36-4449-a4d1-6902bdba0ab2 e9146b75d07c467da468e5b35e3bfd22 4296ab5f6e8446c4af42b16a69828ae9 - - default default] 199.19.213.228 "POST /v2.0/ports HTTP/1.1" status: 201 len: 1162 time: 0.5807996 /var/lib/openstack/lib/python3.12/site-packages/pycadf/identifier.py:71: UserWarning: Invalid uuid: neutron. To ensure interoperability, identifiers should be a valid uuid. warnings.warn(('Invalid uuid: %s. To ensure interoperability, '
2026-06-25 23:32:25.864 9 INFO neutron.services.segments.plugin [-] Segment 4a4b8a07-0a0e-4776-991c-acf523e7c9de resource provider aggregate not found
2026-06-25 23:32:25.873 9 INFO neutron.services.segments.plugin [-] Segment 4a4b8a07-0a0e-4776-991c-acf523e7c9de resource provider aggregate not found
2026-06-25 23:32:25.880 9 INFO neutron.services.segments.plugin [-] Segment 4a4b8a07-0a0e-4776-991c-acf523e7c9de resource provider not found; error: Placement Client Error (4xx): {"errors": [{"status": 404, "title": "Not Found", "detail": "The resource could not be found.\n\n No resource provider with uuid 4a4b8a07-0a0e-4776-991c-acf523e7c9de found for delete ", "request_id": "req-f423eb61-59f3-4d55-8c3a-ce7b87f9a8d3"}]}
2026-06-25 23:32:25.886 9 INFO neutron.services.segments.plugin [-] Segment 4a4b8a07-0a0e-4776-991c-acf523e7c9de resource provider not found; error: Placement Client Error (4xx): {"errors": [{"status": 404, "title": "Not Found", "detail": "The resource could not be found.\n\n No resource provider with uuid 4a4b8a07-0a0e-4776-991c-acf523e7c9de found for delete ", "request_id": "req-73f99ca2-3d45-4a46-a67b-d2a7942c5975"}]}
2026-06-25 23:32:25.888 10 INFO neutron.api.wsgi [req-3e058867-02d3-4c5d-8e4b-5ca49f031466 req-e4aa8dd7-e0b8-4751-8b8e-594c973cdc3d be95302dea834640988d6bb6abaae719 62c9e157e4a0496db33fb0a1c31da945 - - default default] 10.0.0.157 "GET /v2.0/ports?device_id=543cb49a-4a44-4a88-977d-517d39247f0a HTTP/1.1" status: 200 len: 1174 time: 0.0424497
2026-06-25 23:32:25.908 9 INFO neutron.api.wsgi [None req-e78acfc5-f8d4-44c6-aaac-cced81979367 86dfeae0282646e9aef1766371c5bb04 0094a7de6c3d4471b71d81131d39ae2b - - default default] 10.0.0.63 "GET /v2.0/networks HTTP/1.1" status: 200 len: 5284 time: 0.2204976
2026-06-25 23:32:25.917 9 INFO neutron.api.wsgi [None req-ca700aab-ac2e-4a9f-babd-3c41b9e91478 b0e07a10a10c42ae97a74b89c5a84a15 aaf215b2cd7644008650657ba5f9cf9f - - default default] 10.0.0.182 "DELETE /v2.0/networks/8528a9a1-6723-4a77-a9d1-5b32c4032b14 HTTP/1.1" status: 204 len: 168 time: 0.4096589
2026-06-25 23:32:25.930 9 WARNING neutron_lib.context [None req-3a56b383-4523-4d10-a5df-2b0308acfc00 b0e07a10a10c42ae97a74b89c5a84a15 aaf215b2cd7644008650657ba5f9cf9f - - default default] Method 'is_advsvc' is deprecated since 2023.2 release (neutron-lib 3.8.0) and will be removed once support for the old RBAC API policies will be removed from Neutron. Please use method 'is_service_role' instead.
2026-06-25 23:32:25.937 10 INFO neutron.api.wsgi [req-3e058867-02d3-4c5d-8e4b-5ca49f031466 req-ed33f627-91db-4d52-a604-e42fbcd620cd be95302dea834640988d6bb6abaae719 62c9e157e4a0496db33fb0a1c31da945 - - default default] 10.0.0.157 "GET /v2.0/security-groups?id=05ac5587-a340-471e-a3bd-dbc2a053b65d&fields=id&fields=name HTTP/1.1" status: 200 len: 312 time: 0.0437729
2026-06-25 23:32:25.968 9 INFO neutron.api.wsgi [None req-34cbc175-9cdf-4859-be08-aff22002c274 86dfeae0282646e9aef1766371c5bb04 0094a7de6c3d4471b71d81131d39ae2b - - default default] 10.0.0.63 "GET /v2.0/security-groups HTTP/1.1" status: 200 len: 32021 time: 0.0502157
2026-06-25 23:32:26.034 9 INFO neutron.api.wsgi [None req-5f7b1424-c556-43dd-b8c7-5bdbefb96dd5 86dfeae0282646e9aef1766371c5bb04 0094a7de6c3d4471b71d81131d39ae2b - - default default] 10.0.0.63 "GET /v2.0/ports HTTP/1.1" status: 200 len: 17825 time: 0.0574214
2026-06-25 23:32:26.040 9 INFO neutron.db.segments_db [None req-3a56b383-4523-4d10-a5df-2b0308acfc00 b0e07a10a10c42ae97a74b89c5a84a15 aaf215b2cd7644008650657ba5f9cf9f - - default default] Added segment b314c214-c7bc-4acd-b78b-31711ea48a54 of type geneve for network 5bd8dac9-9b2d-49f7-be11-809bd8c9f956
2026-06-25 23:32:26.058 9 INFO neutron.api.wsgi [None req-897665a6-b44f-4905-ab1a-4112887d7b8b 86dfeae0282646e9aef1766371c5bb04 0094a7de6c3d4471b71d81131d39ae2b - - default default] 10.0.0.63 "GET /v2.0/agents HTTP/1.1" status: 200 len: 1390 time: 0.0118520
2026-06-25 23:32:26.102 9 INFO neutron.api.wsgi [None req-b6b5bc9d-5755-439c-9dc5-208c0f1e2c04 86dfeae0282646e9aef1766371c5bb04 0094a7de6c3d4471b71d81131d39ae2b - - default default] 10.0.0.63 "GET /v2.0/floatingips HTTP/1.1" status: 200 len: 1575 time: 0.0417471
2026-06-25 23:32:26.180 9 INFO neutron.db.ovn_revision_numbers_db [None req-3a56b383-4523-4d10-a5df-2b0308acfc00 b0e07a10a10c42ae97a74b89c5a84a15 aaf215b2cd7644008650657ba5f9cf9f - - default default] Successfully bumped revision number for resource 5bd8dac9-9b2d-49f7-be11-809bd8c9f956 (type: networks) to 1
2026-06-25 23:32:26.184 9 INFO neutron.api.wsgi [None req-6105e89e-3111-4a3d-acb8-0ab59ca0c3ac 86dfeae0282646e9aef1766371c5bb04 0094a7de6c3d4471b71d81131d39ae2b - - default default] 10.0.0.63 "GET /v2.0/routers HTTP/1.1" status: 200 len: 2112 time: 0.0803010
2026-06-25 23:32:26.196 10 INFO neutron.db.ovn_revision_numbers_db [req-d2b41d0a-30d8-479b-8bda-84153f992393 req-678dfdde-460e-4d4f-a801-e866315e8c20 2c7701c85ab94603a734325966eae3c2 dab50b7c660a45cf853e75fd56ba3911 - - 270885a2bed64546875c9241f5473fdb 270885a2bed64546875c9241f5473fdb] Successfully bumped revision number for resource 2243293b-5917-4f6a-b9a7-4d359532c62d (type: ports) to 2
2026-06-25 23:32:26.200 9 INFO neutron.api.wsgi [None req-cfe6c3d9-fa66-437f-8596-c2830acf84e4 86dfeae0282646e9aef1766371c5bb04 0094a7de6c3d4471b71d81131d39ae2b - - default default] 10.0.0.63 "GET /v2.0/agents?binary=ovn-controller HTTP/1.1" status: 200 len: 591 time: 0.0145047
2026-06-25 23:32:26.214 9 INFO neutron.api.wsgi [None req-4b584faf-3b8a-4bc2-8f2b-96eae22af937 86dfeae0282646e9aef1766371c5bb04 0094a7de6c3d4471b71d81131d39ae2b - - default default] 10.0.0.63 "GET /v2.0/network-ip-availabilities HTTP/1.1" status: 200 len: 2769 time: 0.0125489
2026-06-25 23:32:26.243 9 INFO neutron.api.wsgi [None req-05db7d71-491a-4e58-9c67-c88bce3302c2 86dfeae0282646e9aef1766371c5bb04 0094a7de6c3d4471b71d81131d39ae2b - - default default] 10.0.0.63 "GET /v2.0/subnets HTTP/1.1" status: 200 len: 2839 time: 0.0283134 /var/lib/openstack/lib/python3.12/site-packages/pycadf/identifier.py:71: UserWarning: Invalid uuid: neutron. To ensure interoperability, identifiers should be a valid uuid. warnings.warn(('Invalid uuid: %s. To ensure interoperability, '
2026-06-25 23:32:26.256 9 INFO neutron.api.wsgi [None req-ce5cd145-1b9e-493d-91d0-aa109df28841 86dfeae0282646e9aef1766371c5bb04 0094a7de6c3d4471b71d81131d39ae2b - - default default] 10.0.0.63 "GET /v2.0/subnetpools HTTP/1.1" status: 200 len: 193 time: 0.0078256
2026-06-25 23:32:26.282 9 INFO neutron.api.wsgi [None req-30dbff13-b933-4e85-84a9-b8121b0c4da1 86dfeae0282646e9aef1766371c5bb04 0094a7de6c3d4471b71d81131d39ae2b - - default default] 10.0.0.63 "GET /v2.0/subnets HTTP/1.1" status: 200 len: 2839 time: 0.0251262
2026-06-25 23:32:26.322 10 INFO neutron.api.wsgi [req-b62db15d-7481-4d54-a6d7-3eaa5a4b8fb0 req-200c4a32-84e2-4503-af42-354020e4f00c e9146b75d07c467da468e5b35e3bfd22 4296ab5f6e8446c4af42b16a69828ae9 - - default default] 10.0.0.157 "GET /v2.0/ports?device_id=3cc9e8f8-23f8-47ec-93d8-fe15140e001a HTTP/1.1" status: 200 len: 1172 time: 0.0802207
2026-06-25 23:32:26.353 9 WARNING neutron.scheduler.dhcp_agent_scheduler [None req-3a56b383-4523-4d10-a5df-2b0308acfc00 b0e07a10a10c42ae97a74b89c5a84a15 aaf215b2cd7644008650657ba5f9cf9f - - default default] No more DHCP agents
2026-06-25 23:32:26.354 9 WARNING neutron.api.rpc.agentnotifiers.dhcp_rpc_agent_api [None req-3a56b383-4523-4d10-a5df-2b0308acfc00 b0e07a10a10c42ae97a74b89c5a84a15 aaf215b2cd7644008650657ba5f9cf9f - - default default] Unable to schedule network 5bd8dac9-9b2d-49f7-be11-809bd8c9f956: no agents available; will retry on subsequent port and subnet creation events.
2026-06-25 23:32:26.368 10 INFO neutron.api.wsgi [req-b62db15d-7481-4d54-a6d7-3eaa5a4b8fb0 req-d07a2a66-3498-4162-a84a-cf66b5db3887 e9146b75d07c467da468e5b35e3bfd22 4296ab5f6e8446c4af42b16a69828ae9 - - default default] 10.0.0.157 "GET /v2.0/security-groups?id=49aba128-89ee-4e38-89c2-d7f2b0602fb1&fields=id&fields=name HTTP/1.1" status: 200 len: 313 time: 0.0394502
2026-06-25 23:32:26.374 10 INFO neutron.plugins.ml2.drivers.ovn.mech_driver.mech_driver [None req-ae45ddb0-32cf-4af4-af85-f7ecc6b1e474 - - - - - -] OVN reports status down for port: cdc93785-b340-4ff8-afb8-f8081a5a4d88
2026-06-25 23:32:26.435 9 INFO neutron.db.ovn_revision_numbers_db [None req-3a56b383-4523-4d10-a5df-2b0308acfc00 b0e07a10a10c42ae97a74b89c5a84a15 aaf215b2cd7644008650657ba5f9cf9f - - default default] Successfully bumped revision number for resource 052f5056-c7aa-4362-a76e-07e8bbb6fca7 (type: ports) to 1
2026-06-25 23:32:26.464 9 INFO neutron.api.wsgi [None req-3a56b383-4523-4d10-a5df-2b0308acfc00 b0e07a10a10c42ae97a74b89c5a84a15 aaf215b2cd7644008650657ba5f9cf9f - - default default] 10.0.0.182 "POST /v2.0/networks HTTP/1.1" status: 201 len: 830 time: 0.5407524
2026-06-25 23:32:26.474 9 WARNING neutron_lib.context [None req-c73fcc99-ea30-48ca-b24e-dbd46b16294d b0e07a10a10c42ae97a74b89c5a84a15 aaf215b2cd7644008650657ba5f9cf9f - - default default] Method 'is_advsvc' is deprecated since 2023.2 release (neutron-lib 3.8.0) and will be removed once support for the old RBAC API policies will be removed from Neutron. Please use method 'is_service_role' instead.
2026-06-25 23:32:26.482 10 INFO neutron.db.ovn_revision_numbers_db [req-d2b41d0a-30d8-479b-8bda-84153f992393 req-678dfdde-460e-4d4f-a801-e866315e8c20 2c7701c85ab94603a734325966eae3c2 dab50b7c660a45cf853e75fd56ba3911 - - 270885a2bed64546875c9241f5473fdb 270885a2bed64546875c9241f5473fdb] Successfully bumped revision number for resource 2243293b-5917-4f6a-b9a7-4d359532c62d (type: ports) to 4
2026-06-25 23:32:26.514 10 INFO neutron.api.wsgi [req-d2b41d0a-30d8-479b-8bda-84153f992393 req-678dfdde-460e-4d4f-a801-e866315e8c20 2c7701c85ab94603a734325966eae3c2 dab50b7c660a45cf853e75fd56ba3911 - - 270885a2bed64546875c9241f5473fdb 270885a2bed64546875c9241f5473fdb] 199.19.213.228 "PUT /v2.0/ports/2243293b-5917-4f6a-b9a7-4d359532c62d HTTP/1.1" status: 200 len: 1408 time: 0.7090454
2026-06-25 23:32:26.635 10 INFO neutron.db.ovn_revision_numbers_db [None req-ae45ddb0-32cf-4af4-af85-f7ecc6b1e474 - - - - - -] Successfully bumped revision number for resource cdc93785-b340-4ff8-afb8-f8081a5a4d88 (type: ports) to 6
2026-06-25 23:32:26.673 9 WARNING neutron.scheduler.dhcp_agent_scheduler [None req-c73fcc99-ea30-48ca-b24e-dbd46b16294d b0e07a10a10c42ae97a74b89c5a84a15 aaf215b2cd7644008650657ba5f9cf9f - - default default] No more DHCP agents
2026-06-25 23:32:26.674 9 WARNING neutron.api.rpc.agentnotifiers.dhcp_rpc_agent_api [None req-c73fcc99-ea30-48ca-b24e-dbd46b16294d b0e07a10a10c42ae97a74b89c5a84a15 aaf215b2cd7644008650657ba5f9cf9f - - default default] Unable to schedule network 5bd8dac9-9b2d-49f7-be11-809bd8c9f956: no agents available; will retry on subsequent port and subnet creation events.
2026-06-25 23:32:26.976 10 INFO neutron.notifiers.nova [-] Nova event matching ['req-aa77cf08-8397-45df-b5f3-3458dcd97514'] response: {'name': 'network-changed', 'server_uuid': '543cb49a-4a44-4a88-977d-517d39247f0a', 'tag': 'cdc93785-b340-4ff8-afb8-f8081a5a4d88', 'status': 'completed', 'code': 200}
2026-06-25 23:32:26.977 10 INFO neutron.notifiers.nova [-] Nova event matching ['req-aa77cf08-8397-45df-b5f3-3458dcd97514'] response: {'server_uuid': '543cb49a-4a44-4a88-977d-517d39247f0a', 'name': 'network-vif-unplugged', 'status': 'completed', 'tag': 'cdc93785-b340-4ff8-afb8-f8081a5a4d88', 'code': 200}
2026-06-25 23:32:26.977 10 INFO neutron.notifiers.nova [-] Nova event matching ['req-aa77cf08-8397-45df-b5f3-3458dcd97514'] response: {'name': 'network-changed', 'server_uuid': '3cc9e8f8-23f8-47ec-93d8-fe15140e001a', 'tag': '2243293b-5917-4f6a-b9a7-4d359532c62d', 'status': 'completed', 'code': 200}
2026-06-25 23:32:26.977 10 INFO neutron.notifiers.nova [-] Nova event matching ['req-aa77cf08-8397-45df-b5f3-3458dcd97514'] response: {'server_uuid': '543cb49a-4a44-4a88-977d-517d39247f0a', 'name': 'network-vif-unplugged', 'status': 'completed', 'tag': 'cdc93785-b340-4ff8-afb8-f8081a5a4d88', 'code': 200} /var/lib/openstack/lib/python3.12/site-packages/pycadf/identifier.py:71: UserWarning: Invalid uuid: neutron. To ensure interoperability, identifiers should be a valid uuid. warnings.warn(('Invalid uuid: %s. To ensure interoperability, '
2026-06-25 23:32:27.032 10 INFO neutron.api.wsgi [req-b6a31505-9963-4626-8fbd-e49c0eb19193 req-03745d37-22a2-4aab-9a27-ada42b990fc8 be95302dea834640988d6bb6abaae719 62c9e157e4a0496db33fb0a1c31da945 - - default default] 10.0.0.157 "GET /v2.0/ports?device_id=543cb49a-4a44-4a88-977d-517d39247f0a HTTP/1.1" status: 200 len: 1172 time: 0.0303614
2026-06-25 23:32:27.080 10 INFO neutron.api.wsgi [req-b6a31505-9963-4626-8fbd-e49c0eb19193 req-6e4b8289-5db9-4876-aba0-dd3657f64b64 be95302dea834640988d6bb6abaae719 62c9e157e4a0496db33fb0a1c31da945 - - default default] 10.0.0.157 "GET /v2.0/security-groups?id=05ac5587-a340-471e-a3bd-dbc2a053b65d&fields=id&fields=name HTTP/1.1" status: 200 len: 312 time: 0.0420635
2026-06-25 23:32:27.139 9 INFO neutron.db.ovn_revision_numbers_db [None req-dc296fc6-7154-4b04-9ece-08a2fa41b65a - - - - - -] Successfully bumped revision number for resource 052f5056-c7aa-4362-a76e-07e8bbb6fca7 (type: ports) to 2
2026-06-25 23:32:27.168 9 INFO neutron.db.ovn_revision_numbers_db [None req-dc296fc6-7154-4b04-9ece-08a2fa41b65a - - - - - -] Successfully bumped revision number for resource 15fabc69-dd02-4be8-8ed2-f6ce168eeda9 (type: subnets) to 0
2026-06-25 23:32:27.185 9 INFO neutron.api.wsgi [None req-c73fcc99-ea30-48ca-b24e-dbd46b16294d b0e07a10a10c42ae97a74b89c5a84a15 aaf215b2cd7644008650657ba5f9cf9f - - default default] 10.0.0.182 "POST /v2.0/subnets HTTP/1.1" status: 201 len: 825 time: 0.7151401
2026-06-25 23:32:27.196 9 WARNING neutron_lib.context [None req-3ae22998-1ecb-48d0-b2e9-68924c2602e2 b0e07a10a10c42ae97a74b89c5a84a15 aaf215b2cd7644008650657ba5f9cf9f - - default default] Method 'is_advsvc' is deprecated since 2023.2 release (neutron-lib 3.8.0) and will be removed once support for the old RBAC API policies will be removed from Neutron. Please use method 'is_service_role' instead.
2026-06-25 23:32:27.447 9 WARNING neutron.scheduler.dhcp_agent_scheduler [None req-3ae22998-1ecb-48d0-b2e9-68924c2602e2 b0e07a10a10c42ae97a74b89c5a84a15 aaf215b2cd7644008650657ba5f9cf9f - - default default] No more DHCP agents
2026-06-25 23:32:27.448 9 WARNING neutron.api.rpc.agentnotifiers.dhcp_rpc_agent_api [None req-3ae22998-1ecb-48d0-b2e9-68924c2602e2 b0e07a10a10c42ae97a74b89c5a84a15 aaf215b2cd7644008650657ba5f9cf9f - - default default] Unable to schedule network 5bd8dac9-9b2d-49f7-be11-809bd8c9f956: no agents available; will retry on subsequent port and subnet creation events.
2026-06-25 23:32:27.518 10 INFO neutron.api.wsgi [req-56232c4c-1ef7-41af-826f-0622974a0efb req-1bfe0f16-b632-4d89-b070-f08bd48d07d6 e9146b75d07c467da468e5b35e3bfd22 4296ab5f6e8446c4af42b16a69828ae9 - - default default] 10.0.0.157 "GET /v2.0/ports?device_id=3cc9e8f8-23f8-47ec-93d8-fe15140e001a HTTP/1.1" status: 200 len: 1172 time: 0.0530314
2026-06-25 23:32:27.527 10 INFO neutron.api.wsgi [req-f947e6b1-9c36-43c3-a57d-6454a6e38bcc req-2f524bd8-66b8-40e5-980b-55e567bfaaae 2c7701c85ab94603a734325966eae3c2 dab50b7c660a45cf853e75fd56ba3911 - - 270885a2bed64546875c9241f5473fdb 270885a2bed64546875c9241f5473fdb] 199.19.213.228 "GET /v2.0/ports?tenant_id=62c9e157e4a0496db33fb0a1c31da945&device_id=543cb49a-4a44-4a88-977d-517d39247f0a HTTP/1.1" status: 200 len: 1411 time: 0.0390747
2026-06-25 23:32:27.575 10 INFO neutron.api.wsgi [req-56232c4c-1ef7-41af-826f-0622974a0efb req-20daf2cf-3f05-4a54-b02b-57333b7f54cc e9146b75d07c467da468e5b35e3bfd22 4296ab5f6e8446c4af42b16a69828ae9 - - default default] 10.0.0.157 "GET /v2.0/security-groups?id=49aba128-89ee-4e38-89c2-d7f2b0602fb1&fields=id&fields=name HTTP/1.1" status: 200 len: 313 time: 0.0463872
2026-06-25 23:32:27.577 9 INFO neutron.api.wsgi [req-d2b41d0a-30d8-479b-8bda-84153f992393 req-95bb4efa-7618-4b3b-950f-74aa84af2a90 2c7701c85ab94603a734325966eae3c2 dab50b7c660a45cf853e75fd56ba3911 - - 270885a2bed64546875c9241f5473fdb 270885a2bed64546875c9241f5473fdb] 199.19.213.228 "GET /v2.0/ports?tenant_id=4296ab5f6e8446c4af42b16a69828ae9&device_id=3cc9e8f8-23f8-47ec-93d8-fe15140e001a HTTP/1.1" status: 200 len: 1411 time: 0.0395246
2026-06-25 23:32:27.577 9 INFO neutron.db.ovn_revision_numbers_db [None req-3ae22998-1ecb-48d0-b2e9-68924c2602e2 b0e07a10a10c42ae97a74b89c5a84a15 aaf215b2cd7644008650657ba5f9cf9f - - default default] Successfully bumped revision number for resource 293c5d46-1ca5-40bf-834b-222aa151fc57 (type: ports) to 1
2026-06-25 23:32:27.585 10 INFO neutron.api.wsgi [req-f947e6b1-9c36-43c3-a57d-6454a6e38bcc req-8a855a3a-75a6-4ff7-8011-a60bafa562b2 2c7701c85ab94603a734325966eae3c2 dab50b7c660a45cf853e75fd56ba3911 - - 270885a2bed64546875c9241f5473fdb 270885a2bed64546875c9241f5473fdb] 199.19.213.228 "GET /v2.0/networks?id=74e46a78-eb0d-40eb-b765-59b690c112e7 HTTP/1.1" status: 200 len: 968 time: 0.0496640
2026-06-25 23:32:27.602 9 INFO neutron.api.wsgi [None req-3ae22998-1ecb-48d0-b2e9-68924c2602e2 b0e07a10a10c42ae97a74b89c5a84a15 aaf215b2cd7644008650657ba5f9cf9f - - default default] 10.0.0.182 "POST /v2.0/ports HTTP/1.1" status: 201 len: 1115 time: 0.4104388
2026-06-25 23:32:27.603 9 INFO neutron.api.wsgi [req-d2b41d0a-30d8-479b-8bda-84153f992393 req-9168d471-ee6a-468a-a68b-b5e35daf1c87 2c7701c85ab94603a734325966eae3c2 dab50b7c660a45cf853e75fd56ba3911 - - 270885a2bed64546875c9241f5473fdb 270885a2bed64546875c9241f5473fdb] 199.19.213.228 "GET /v2.0/floatingips?fixed_ip_address=10.100.0.12&port_id=2243293b-5917-4f6a-b9a7-4d359532c62d HTTP/1.1" status: 200 len: 217 time: 0.0193148
2026-06-25 23:32:27.637 9 INFO neutron.api.wsgi [req-d2b41d0a-30d8-479b-8bda-84153f992393 req-9a180ee9-cc51-4342-8a56-3b549986f5f0 2c7701c85ab94603a734325966eae3c2 dab50b7c660a45cf853e75fd56ba3911 - - 270885a2bed64546875c9241f5473fdb 270885a2bed64546875c9241f5473fdb] 199.19.213.228 "GET /v2.0/subnets?id=764d852c-4652-42d6-8e2e-9f50a72d65c2 HTTP/1.1" status: 200 len: 892 time: 0.0291052
2026-06-25 23:32:27.642 10 INFO neutron.api.wsgi [req-f947e6b1-9c36-43c3-a57d-6454a6e38bcc req-838e6c62-9b68-4e0b-a39a-0d5f0a00613b 2c7701c85ab94603a734325966eae3c2 dab50b7c660a45cf853e75fd56ba3911 - - 270885a2bed64546875c9241f5473fdb 270885a2bed64546875c9241f5473fdb] 199.19.213.228 "GET /v2.0/floatingips?fixed_ip_address=10.100.0.14&port_id=cdc93785-b340-4ff8-afb8-f8081a5a4d88 HTTP/1.1" status: 200 len: 1058 time: 0.0535092
2026-06-25 23:32:27.656 9 INFO neutron.api.wsgi [req-d2b41d0a-30d8-479b-8bda-84153f992393 req-1e7b7526-98b1-4d14-adc5-cac8165da3e6 2c7701c85ab94603a734325966eae3c2 dab50b7c660a45cf853e75fd56ba3911 - - 270885a2bed64546875c9241f5473fdb 270885a2bed64546875c9241f5473fdb] 199.19.213.228 "GET /v2.0/ports?network_id=6afe649c-9020-434b-ae4c-87ba36fa3030&device_owner=network%3Adhcp HTTP/1.1" status: 200 len: 210 time: 0.0147316
2026-06-25 23:32:27.683 10 INFO neutron.api.wsgi [req-02806c4b-ec4d-44f1-b15f-4aa4182802ed req-003dbaa1-6db8-4aa3-9d6f-9ea62df59e40 be95302dea834640988d6bb6abaae719 62c9e157e4a0496db33fb0a1c31da945 - - default default] 199.19.213.228 "GET /v2.0/ports?device_id=543cb49a-4a44-4a88-977d-517d39247f0a HTTP/1.1" status: 200 len: 1172 time: 0.0522418
2026-06-25 23:32:27.685 10 INFO neutron.api.wsgi [req-f947e6b1-9c36-43c3-a57d-6454a6e38bcc req-31eaff1d-c26d-4b57-8522-71d469df691d 2c7701c85ab94603a734325966eae3c2 dab50b7c660a45cf853e75fd56ba3911 - - 270885a2bed64546875c9241f5473fdb 270885a2bed64546875c9241f5473fdb] 199.19.213.228 "GET /v2.0/subnets?id=7615fa60-4178-4fe3-bf4b-e0d95d69b040 HTTP/1.1" status: 200 len: 887 time: 0.0393441
2026-06-25 23:32:27.708 9 INFO neutron.api.wsgi [req-d2b41d0a-30d8-479b-8bda-84153f992393 req-16da78e5-b3a5-401f-b479-e9e790433a38 2c7701c85ab94603a734325966eae3c2 dab50b7c660a45cf853e75fd56ba3911 - - 270885a2bed64546875c9241f5473fdb 270885a2bed64546875c9241f5473fdb] 199.19.213.228 "GET /v2.0/networks/6afe649c-9020-434b-ae4c-87ba36fa3030?fields=segments HTTP/1.1" status: 200 len: 212 time: 0.0459454
2026-06-25 23:32:27.712 10 INFO neutron.api.wsgi [req-f947e6b1-9c36-43c3-a57d-6454a6e38bcc req-2611853e-e245-41dd-a8c7-773907410be0 2c7701c85ab94603a734325966eae3c2 dab50b7c660a45cf853e75fd56ba3911 - - 270885a2bed64546875c9241f5473fdb 270885a2bed64546875c9241f5473fdb] 199.19.213.228 "GET /v2.0/ports?network_id=74e46a78-eb0d-40eb-b765-59b690c112e7&device_owner=network%3Adhcp HTTP/1.1" status: 200 len: 210 time: 0.0204003
2026-06-25 23:32:27.762 9 INFO neutron.api.wsgi [req-d2b41d0a-30d8-479b-8bda-84153f992393 req-9672acca-bb5c-443a-949c-2bf25eb19929 2c7701c85ab94603a734325966eae3c2 dab50b7c660a45cf853e75fd56ba3911 - - 270885a2bed64546875c9241f5473fdb 270885a2bed64546875c9241f5473fdb] 199.19.213.228 "GET /v2.0/networks/6afe649c-9020-434b-ae4c-87ba36fa3030?fields=provider%3Aphysical_network&fields=provider%3Anetwork_type HTTP/1.1" status: 200 len: 277 time: 0.0455983
2026-06-25 23:32:27.770 10 INFO neutron.api.wsgi [req-f947e6b1-9c36-43c3-a57d-6454a6e38bcc req-c40b7ef3-2292-4c7f-bef8-a3c781f6ed53 2c7701c85ab94603a734325966eae3c2 dab50b7c660a45cf853e75fd56ba3911 - - 270885a2bed64546875c9241f5473fdb 270885a2bed64546875c9241f5473fdb] 199.19.213.228 "GET /v2.0/networks/74e46a78-eb0d-40eb-b765-59b690c112e7?fields=segments HTTP/1.1" status: 200 len: 212 time: 0.0536392
2026-06-25 23:32:27.832 10 INFO neutron.api.wsgi [req-f947e6b1-9c36-43c3-a57d-6454a6e38bcc req-7c1f6335-5976-491d-8efa-c86dfab04d2c 2c7701c85ab94603a734325966eae3c2 dab50b7c660a45cf853e75fd56ba3911 - - 270885a2bed64546875c9241f5473fdb 270885a2bed64546875c9241f5473fdb] 199.19.213.228 "GET /v2.0/networks/74e46a78-eb0d-40eb-b765-59b690c112e7?fields=provider%3Aphysical_network&fields=provider%3Anetwork_type HTTP/1.1" status: 200 len: 277 time: 0.0572982
2026-06-25 23:32:28.024 10 INFO neutron.db.l3_db [req-02806c4b-ec4d-44f1-b15f-4aa4182802ed req-6a68d360-08ef-46b4-be1b-938487fabe99 be95302dea834640988d6bb6abaae719 62c9e157e4a0496db33fb0a1c31da945 - - default default] Floating IP 4f9c1e68-156c-4c8b-ad7e-2bf8b54c3df1 disassociated. External IP: 10.96.250.218, port: cdc93785-b340-4ff8-afb8-f8081a5a4d88.
2026-06-25 23:32:28.041 10 INFO neutron.api.wsgi [None req-41233f3e-e6e5-41ac-ab7e-89319ddd46ab b0e07a10a10c42ae97a74b89c5a84a15 aaf215b2cd7644008650657ba5f9cf9f - - default default] 10.0.0.182 "DELETE /v2.0/ports/293c5d46-1ca5-40bf-834b-222aa151fc57 HTTP/1.1" status: 204 len: 168 time: 0.4308202
2026-06-25 23:32:28.057 10 INFO neutron.pecan_wsgi.hooks.translation [None req-720adb25-f526-443b-ae41-70260b74eda7 b0e07a10a10c42ae97a74b89c5a84a15 aaf215b2cd7644008650657ba5f9cf9f - - default default] GET failed (client error): The resource could not be found.
2026-06-25 23:32:28.058 10 INFO neutron.api.wsgi [None req-720adb25-f526-443b-ae41-70260b74eda7 b0e07a10a10c42ae97a74b89c5a84a15 aaf215b2cd7644008650657ba5f9cf9f - - default default] 10.0.0.182 "GET /v2.0/ports/293c5d46-1ca5-40bf-834b-222aa151fc57 HTTP/1.1" status: 404 len: 333 time: 0.0110521
2026-06-25 23:32:28.149 10 INFO neutron.api.wsgi [req-02806c4b-ec4d-44f1-b15f-4aa4182802ed req-6a68d360-08ef-46b4-be1b-938487fabe99 be95302dea834640988d6bb6abaae719 62c9e157e4a0496db33fb0a1c31da945 - - default default] 199.19.213.228 "DELETE /v2.0/ports/cdc93785-b340-4ff8-afb8-f8081a5a4d88 HTTP/1.1" status: 204 len: 173 time: 0.4581721
2026-06-25 23:32:28.170 10 INFO neutron.api.wsgi [req-0dcf3873-97ca-4136-9d08-5beb1bdce05e req-32075f39-85a0-4452-8c60-a75b8a7aa153 be95302dea834640988d6bb6abaae719 62c9e157e4a0496db33fb0a1c31da945 - - default default] 10.0.0.157 "GET /v2.0/ports?device_id=543cb49a-4a44-4a88-977d-517d39247f0a HTTP/1.1" status: 200 len: 210 time: 0.0153813
2026-06-25 23:32:28.208 10 INFO neutron.api.wsgi [None req-0f823824-3bc1-4174-bfd8-19136ac9ed81 b0e07a10a10c42ae97a74b89c5a84a15 aaf215b2cd7644008650657ba5f9cf9f - - default default] 10.0.0.182 "DELETE /v2.0/subnets/15fabc69-dd02-4be8-8ed2-f6ce168eeda9 HTTP/1.1" status: 204 len: 168 time: 0.1458430
2026-06-25 23:32:28.470 10 INFO neutron.services.segments.plugin [-] Segment b314c214-c7bc-4acd-b78b-31711ea48a54 resource provider aggregate not found
2026-06-25 23:32:28.473 10 INFO neutron.services.segments.plugin [-] Segment b314c214-c7bc-4acd-b78b-31711ea48a54 resource provider aggregate not found
2026-06-25 23:32:28.479 10 INFO neutron.services.segments.plugin [-] Segment b314c214-c7bc-4acd-b78b-31711ea48a54 resource provider not found; error: Placement Client Error (4xx): {"errors": [{"status": 404, "title": "Not Found", "detail": "The resource could not be found.\n\n No resource provider with uuid b314c214-c7bc-4acd-b78b-31711ea48a54 found for delete ", "request_id": "req-f86b04f8-2b54-42c0-abb4-737f87f38a54"}]}
2026-06-25 23:32:28.485 10 INFO neutron.services.segments.plugin [-] Segment b314c214-c7bc-4acd-b78b-31711ea48a54 resource provider not found; error: Placement Client Error (4xx): {"errors": [{"status": 404, "title": "Not Found", "detail": "The resource could not be found.\n\n No resource provider with uuid b314c214-c7bc-4acd-b78b-31711ea48a54 found for delete ", "request_id": "req-02df4733-f72f-4b29-b177-2f8d4d64d963"}]}
2026-06-25 23:32:28.514 10 INFO neutron.api.wsgi [None req-139b8cd4-1cf6-4a79-ba6c-63943d1a02ad b0e07a10a10c42ae97a74b89c5a84a15 aaf215b2cd7644008650657ba5f9cf9f - - default default] 10.0.0.182 "DELETE /v2.0/networks/5bd8dac9-9b2d-49f7-be11-809bd8c9f956 HTTP/1.1" status: 204 len: 168 time: 0.3015654
2026-06-25 23:32:28.524 10 WARNING neutron_lib.context [None req-fc76fdf1-1aaa-4f65-92a4-45ad6da107f1 b0e07a10a10c42ae97a74b89c5a84a15 aaf215b2cd7644008650657ba5f9cf9f - - default default] Method 'is_advsvc' is deprecated since 2023.2 release (neutron-lib 3.8.0) and will be removed once support for the old RBAC API policies will be removed from Neutron. Please use method 'is_service_role' instead.
2026-06-25 23:32:28.760 10 WARNING neutron.scheduler.dhcp_agent_scheduler [None req-fc76fdf1-1aaa-4f65-92a4-45ad6da107f1 b0e07a10a10c42ae97a74b89c5a84a15 aaf215b2cd7644008650657ba5f9cf9f - - default default] No more DHCP agents
