2026-06-25 23:32:55.337 10 INFO neutron.api.wsgi [None req-71d6bbf3-b472-4431-9a6b-2b7ef2729215 13d1d1aa87ee4600a7d6e9749ae0d288 024f0708db5b4fe4815f63f8ec8e2719 - - default default] 10.0.0.182 "GET /v2.0/extensions/auto-allocated-topology HTTP/1.1" status: 200 len: 394 time: 0.0027924
2026-06-25 23:32:55.341 9 INFO neutron.pecan_wsgi.hooks.translation [None req-3df3d0fa-c2da-40fb-84b9-6b44357dccc8 dbad9a20d49742bb903037aa748fdfb1 73be56c3cdac4a56844cd4ba1b29e121 - - default default] DELETE failed (client error): The resource could not be found.
2026-06-25 23:32:55.344 9 INFO neutron.api.wsgi [None req-3df3d0fa-c2da-40fb-84b9-6b44357dccc8 dbad9a20d49742bb903037aa748fdfb1 73be56c3cdac4a56844cd4ba1b29e121 - - default default] 10.0.0.182 "DELETE /v2.0/subnets/04f3a937-c1ad-4727-868c-cba509952f6c HTTP/1.1" status: 404 len: 337 time: 0.0144877
2026-06-25 23:32:55.349 10 INFO neutron.api.wsgi [None req-1cb834ab-fd53-4972-b197-e442d40a2e49 13d1d1aa87ee4600a7d6e9749ae0d288 024f0708db5b4fe4815f63f8ec8e2719 - - default default] 10.0.0.182 "GET /v2.0/extensions/availability_zone HTTP/1.1" status: 200 len: 372 time: 0.0085647
2026-06-25 23:32:55.357 10 INFO neutron.api.wsgi [None req-b0e05375-1141-4cc5-a31e-e0f45c7a0bea 13d1d1aa87ee4600a7d6e9749ae0d288 024f0708db5b4fe4815f63f8ec8e2719 - - default default] 10.0.0.182 "GET /v2.0/extensions/default-subnetpools HTTP/1.1" status: 200 len: 405 time: 0.0037630
2026-06-25 23:32:55.365 9 INFO neutron.api.wsgi [None req-95851456-3589-4fa5-8fa4-81012833bd52 13d1d1aa87ee4600a7d6e9749ae0d288 024f0708db5b4fe4815f63f8ec8e2719 - - default default] 10.0.0.182 "GET /v2.0/extensions/dhcp_agent_scheduler HTTP/1.1" status: 200 len: 381 time: 0.0042377
2026-06-25 23:32:55.371 9 INFO neutron.api.wsgi [None req-5c628c4c-0289-4c4c-a5a2-fc3514dda86f dbad9a20d49742bb903037aa748fdfb1 73be56c3cdac4a56844cd4ba1b29e121 - - default default] 10.0.0.182 "GET /v2.0/ports?device_id=f132ec05-a392-445a-8944-66acedfc8f3e HTTP/1.1" status: 200 len: 205 time: 0.0221801
2026-06-25 23:32:55.375 10 INFO neutron.api.wsgi [None req-31339c1f-1f41-42f0-a146-05e5aba3af8b 13d1d1aa87ee4600a7d6e9749ae0d288 024f0708db5b4fe4815f63f8ec8e2719 - - default default] 10.0.0.182 "GET /v2.0/extensions/dns-integration HTTP/1.1" status: 200 len: 366 time: 0.0051482
2026-06-25 23:32:55.381 10 INFO neutron.api.wsgi [None req-1d227f1a-4e14-4dfd-88d7-a498cb29e533 13d1d1aa87ee4600a7d6e9749ae0d288 024f0708db5b4fe4815f63f8ec8e2719 - - default default] 10.0.0.182 "GET /v2.0/extensions/dns-domain-ports HTTP/1.1" status: 200 len: 399 time: 0.0034134
2026-06-25 23:32:55.388 9 INFO neutron.api.v2.resource [None req-4f8a8c10-a43c-41fb-b53a-84fbbefb88f4 dbad9a20d49742bb903037aa748fdfb1 73be56c3cdac4a56844cd4ba1b29e121 - - default default] delete failed (client error): The resource could not be found.
2026-06-25 23:32:55.389 9 INFO neutron.api.wsgi [None req-4f8a8c10-a43c-41fb-b53a-84fbbefb88f4 dbad9a20d49742bb903037aa748fdfb1 73be56c3cdac4a56844cd4ba1b29e121 - - default default] 10.0.0.182 "DELETE /v2.0/routers/f132ec05-a392-445a-8944-66acedfc8f3e HTTP/1.1" status: 404 len: 336 time: 0.0136809
2026-06-25 23:32:55.389 10 INFO neutron.api.wsgi [None req-4fe5e591-5458-4824-9fad-8aa28febef61 13d1d1aa87ee4600a7d6e9749ae0d288 024f0708db5b4fe4815f63f8ec8e2719 - - default default] 10.0.0.182 "GET /v2.0/extensions/dns-integration-domain-keywords HTTP/1.1" status: 200 len: 477 time: 0.0046606
2026-06-25 23:32:55.396 10 INFO neutron.api.wsgi [None req-37694f1a-7ad7-453f-877c-d35721f26b45 13d1d1aa87ee4600a7d6e9749ae0d288 024f0708db5b4fe4815f63f8ec8e2719 - - default default] 10.0.0.182 "GET /v2.0/extensions/empty-string-filtering HTTP/1.1" status: 200 len: 413 time: 0.0032666
2026-06-25 23:32:55.399 10 INFO neutron.api.wsgi [req-2fca8b48-f6a3-47f3-9251-a0ecc2b6850b req-1b59ff9b-f8df-41ef-97eb-280d4d40de43 2c7701c85ab94603a734325966eae3c2 dab50b7c660a45cf853e75fd56ba3911 - - 270885a2bed64546875c9241f5473fdb 270885a2bed64546875c9241f5473fdb] 10.0.0.157 "GET /v2.0/networks/5bdee4bc-c12d-4d38-b287-4a8740ba9377?fields=provider%3Aphysical_network&fields=provider%3Anetwork_type HTTP/1.1" status: 200 len: 277 time: 0.0599866
2026-06-25 23:32:55.402 10 INFO neutron.api.wsgi [None req-9ff4a450-16d7-4ceb-b849-4850fc39ffbf 13d1d1aa87ee4600a7d6e9749ae0d288 024f0708db5b4fe4815f63f8ec8e2719 - - default default] 10.0.0.182 "GET /v2.0/extensions/external-net HTTP/1.1" status: 200 len: 394 time: 0.0028689
2026-06-25 23:32:55.407 9 INFO neutron.pecan_wsgi.hooks.translation [None req-1b5026b0-4f08-4366-a1a0-d303d23c6fa7 dbad9a20d49742bb903037aa748fdfb1 73be56c3cdac4a56844cd4ba1b29e121 - - default default] DELETE failed (client error): The resource could not be found.
2026-06-25 23:32:55.409 10 INFO neutron.api.wsgi [None req-22e882d7-c90d-4902-afbd-53d35af5ffb7 13d1d1aa87ee4600a7d6e9749ae0d288 024f0708db5b4fe4815f63f8ec8e2719 - - default default] 10.0.0.182 "GET /v2.0/extensions/extra_dhcp_opt HTTP/1.1" status: 200 len: 498 time: 0.0025418
2026-06-25 23:32:55.410 9 INFO neutron.api.wsgi [None req-1b5026b0-4f08-4366-a1a0-d303d23c6fa7 dbad9a20d49742bb903037aa748fdfb1 73be56c3cdac4a56844cd4ba1b29e121 - - default default] 10.0.0.182 "DELETE /v2.0/subnets/bcfecff4-769f-4f47-8418-345975e3b47f HTTP/1.1" status: 404 len: 337 time: 0.0168138
2026-06-25 23:32:55.416 10 INFO neutron.api.wsgi [None req-6d55a1e8-5245-4a58-9cf7-fdb8ecf7cf6a 13d1d1aa87ee4600a7d6e9749ae0d288 024f0708db5b4fe4815f63f8ec8e2719 - - default default] 10.0.0.182 "GET /v2.0/extensions/extraroute HTTP/1.1" status: 200 len: 375 time: 0.0033538
2026-06-25 23:32:55.423 10 INFO neutron.api.wsgi [None req-a8d7b010-2c1d-4558-9c38-f4948f9d2454 13d1d1aa87ee4600a7d6e9749ae0d288 024f0708db5b4fe4815f63f8ec8e2719 - - default default] 10.0.0.182 "GET /v2.0/extensions/floating-ip-port-forwarding-detail HTTP/1.1" status: 200 len: 465 time: 0.0042553
2026-06-25 23:32:55.424 9 INFO neutron.pecan_wsgi.hooks.translation [None req-427679b1-44a6-411e-906e-0cf4305a5732 dbad9a20d49742bb903037aa748fdfb1 73be56c3cdac4a56844cd4ba1b29e121 - - default default] DELETE failed (client error): The resource could not be found.
2026-06-25 23:32:55.427 9 INFO neutron.api.wsgi [None req-427679b1-44a6-411e-906e-0cf4305a5732 dbad9a20d49742bb903037aa748fdfb1 73be56c3cdac4a56844cd4ba1b29e121 - - default default] 10.0.0.182 "DELETE /v2.0/subnets/5d1996a0-7fd9-4bad-9dc2-6672e9c82b12 HTTP/1.1" status: 404 len: 337 time: 0.0109334
2026-06-25 23:32:55.430 10 INFO neutron.api.wsgi [None req-93d3813c-4ed1-4365-b6aa-6cb7a67d792d 13d1d1aa87ee4600a7d6e9749ae0d288 024f0708db5b4fe4815f63f8ec8e2719 - - default default] 10.0.0.182 "GET /v2.0/extensions/fip-port-details HTTP/1.1" status: 200 len: 406 time: 0.0034337
2026-06-25 23:32:55.437 9 INFO neutron.api.wsgi [None req-575a4f14-5053-4066-9436-1f2cbf9ad647 13d1d1aa87ee4600a7d6e9749ae0d288 024f0708db5b4fe4815f63f8ec8e2719 - - default default] 10.0.0.182 "GET /v2.0/extensions/flavors HTTP/1.1" status: 200 len: 387 time: 0.0038135
2026-06-25 23:32:55.444 9 INFO neutron.api.wsgi [None req-fe2292aa-c76a-4d48-a68b-4de40219c236 13d1d1aa87ee4600a7d6e9749ae0d288 024f0708db5b4fe4815f63f8ec8e2719 - - default default] 10.0.0.182 "GET /v2.0/extensions/floatingip-pools HTTP/1.1" status: 200 len: 382 time: 0.0035808
2026-06-25 23:32:55.451 9 INFO neutron.api.wsgi [None req-1548226f-c9da-45a1-98bc-7cfb755b5c29 13d1d1aa87ee4600a7d6e9749ae0d288 024f0708db5b4fe4815f63f8ec8e2719 - - default default] 10.0.0.182 "GET /v2.0/extensions/ip_allocation HTTP/1.1" status: 200 len: 356 time: 0.0034602
2026-06-25 23:32:55.459 9 INFO neutron.api.wsgi [None req-36496dae-f773-4cbd-a830-dcbab786d800 13d1d1aa87ee4600a7d6e9749ae0d288 024f0708db5b4fe4815f63f8ec8e2719 - - default default] 10.0.0.182 "GET /v2.0/extensions/l2_adjacency HTTP/1.1" status: 200 len: 372 time: 0.0039411
2026-06-25 23:32:55.467 9 INFO neutron.api.wsgi [None req-e6c22002-e905-4914-913a-c4e5991bee0e 13d1d1aa87ee4600a7d6e9749ae0d288 024f0708db5b4fe4815f63f8ec8e2719 - - default default] 10.0.0.182 "GET /v2.0/extensions/router HTTP/1.1" status: 200 len: 450 time: 0.0037858
2026-06-25 23:32:55.474 9 INFO neutron.api.wsgi [None req-2fbd495b-6c04-4c33-94ce-9586fab2eaa4 13d1d1aa87ee4600a7d6e9749ae0d288 024f0708db5b4fe4815f63f8ec8e2719 - - default default] 10.0.0.182 "GET /v2.0/extensions/enable-default-route-bfd HTTP/1.1" status: 200 len: 406 time: 0.0036492
2026-06-25 23:32:55.482 9 INFO neutron.api.wsgi [None req-533b8ea4-5902-4505-8666-0adddda350b7 13d1d1aa87ee4600a7d6e9749ae0d288 024f0708db5b4fe4815f63f8ec8e2719 - - default default] 10.0.0.182 "GET /v2.0/extensions/enable-default-route-ecmp HTTP/1.1" status: 200 len: 409 time: 0.0037751
2026-06-25 23:32:55.489 9 INFO neutron.api.wsgi [None req-65233201-9d41-4a78-aa54-9166d234d673 13d1d1aa87ee4600a7d6e9749ae0d288 024f0708db5b4fe4815f63f8ec8e2719 - - default default] 10.0.0.182 "GET /v2.0/extensions/ext-gw-mode HTTP/1.1" status: 200 len: 462 time: 0.0041449
2026-06-25 23:32:55.502 10 INFO neutron.api.wsgi [None req-f73aa2ee-082d-4dfa-8c0f-9d0de5c3b9e6 13d1d1aa87ee4600a7d6e9749ae0d288 024f0708db5b4fe4815f63f8ec8e2719 - - default default] 10.0.0.182 "GET /v2.0/extensions/l3-ha HTTP/1.1" status: 200 len: 360 time: 0.0075090
2026-06-25 23:32:55.512 9 INFO neutron.api.wsgi [None req-fb0b0dc9-ee37-4edf-a413-017bef45080b 13d1d1aa87ee4600a7d6e9749ae0d288 024f0708db5b4fe4815f63f8ec8e2719 - - default default] 10.0.0.182 "GET /v2.0/extensions/external-gateway-multihoming HTTP/1.1" status: 200 len: 421 time: 0.0063705
2026-06-25 23:32:55.517 9 INFO neutron.api.wsgi [None req-7671564e-b1f4-4348-99ac-6e9cc98c5f5f 13d1d1aa87ee4600a7d6e9749ae0d288 024f0708db5b4fe4815f63f8ec8e2719 - - default default] 10.0.0.182 "GET /v2.0/extensions/l3-flavors HTTP/1.1" status: 200 len: 366 time: 0.0025971
2026-06-25 23:32:55.522 9 INFO neutron.api.wsgi [None req-e6b76aac-717f-48b7-b482-c7ebb9d8eb9f 13d1d1aa87ee4600a7d6e9749ae0d288 024f0708db5b4fe4815f63f8ec8e2719 - - default default] 10.0.0.182 "GET /v2.0/extensions/logging HTTP/1.1" status: 200 len: 407 time: 0.0026152
2026-06-25 23:32:55.532 9 INFO neutron.api.wsgi [None req-ddfeac4e-ee1c-414c-926b-d9247295c27d 13d1d1aa87ee4600a7d6e9749ae0d288 024f0708db5b4fe4815f63f8ec8e2719 - - default default] 10.0.0.182 "GET /v2.0/extensions/multi-provider HTTP/1.1" status: 200 len: 406 time: 0.0064814
2026-06-25 23:32:55.537 9 INFO neutron.api.wsgi [None req-c437d662-be0d-42aa-90cf-0a3ad4fd5ad6 13d1d1aa87ee4600a7d6e9749ae0d288 024f0708db5b4fe4815f63f8ec8e2719 - - default default] 10.0.0.182 "GET /v2.0/extensions/net-mtu HTTP/1.1" status: 200 len: 370 time: 0.0029826
2026-06-25 23:32:55.547 9 INFO neutron.api.wsgi [None req-1db4b036-437a-4086-a75e-28eeb2e15717 13d1d1aa87ee4600a7d6e9749ae0d288 024f0708db5b4fe4815f63f8ec8e2719 - - default default] 10.0.0.182 "GET /v2.0/extensions/net-mtu-writable HTTP/1.1" status: 200 len: 401 time: 0.0067627
2026-06-25 23:32:55.554 9 INFO neutron.api.wsgi [None req-d045ff99-a6a3-4257-9807-93d159962f96 13d1d1aa87ee4600a7d6e9749ae0d288 024f0708db5b4fe4815f63f8ec8e2719 - - default default] 10.0.0.182 "GET /v2.0/extensions/network_availability_zone HTTP/1.1" status: 200 len: 394 time: 0.0042620
2026-06-25 23:32:55.559 10 INFO neutron.api.wsgi [req-c9e99b98-5cf5-4925-96a4-2d1eae0e4177 req-3ed91c37-890c-43ba-90ab-367764974f78 589b837238e9460d96b86dd211d439bb 1f72c92107d24d8daf303314f0784acc - - default default] 10.0.0.157 "GET /v2.0/ports?device_id=0fd4fd1e-46e2-47df-994e-eb47ee142563 HTTP/1.1" status: 200 len: 210 time: 0.0291288
2026-06-25 23:32:55.564 9 INFO neutron.api.wsgi [None req-5354db43-036e-4c10-bb54-510d9852a64c 13d1d1aa87ee4600a7d6e9749ae0d288 024f0708db5b4fe4815f63f8ec8e2719 - - default default] 10.0.0.182 "GET /v2.0/extensions/network-ip-availability HTTP/1.1" status: 200 len: 410 time: 0.0074575
2026-06-25 23:32:55.571 9 INFO neutron.api.wsgi [None req-f165ddb3-37a2-4263-b229-e6834b2fdf2c 13d1d1aa87ee4600a7d6e9749ae0d288 024f0708db5b4fe4815f63f8ec8e2719 - - default default] 10.0.0.182 "GET /v2.0/extensions/pagination HTTP/1.1" status: 200 len: 386 time: 0.0029290
2026-06-25 23:32:55.580 9 INFO neutron.api.wsgi [None req-9386b0f5-819e-4c7e-b59d-afc603ba3e03 13d1d1aa87ee4600a7d6e9749ae0d288 024f0708db5b4fe4815f63f8ec8e2719 - - default default] 10.0.0.182 "GET /v2.0/extensions/port-device-profile HTTP/1.1" status: 200 len: 383 time: 0.0042307
2026-06-25 23:32:55.597 9 INFO neutron.api.wsgi [None req-038bb6e6-6f5e-418b-abbc-9ad775ace412 13d1d1aa87ee4600a7d6e9749ae0d288 024f0708db5b4fe4815f63f8ec8e2719 - - default default] 10.0.0.182 "GET /v2.0/extensions/port-mac-address-regenerate HTTP/1.1" status: 200 len: 403 time: 0.0113280
2026-06-25 23:32:55.598 9 WARNING neutron.plugins.ml2.drivers.ovn.mech_driver.ovsdb.ovn_client [None req-31ebce46-250c-48ef-9f1d-3be60bb1b2f0 - - - - - -] No port found with ID 65b1e8e1-bfd8-44e1-8dd4-5ba977bc0391: RuntimeError: No port found with ID 65b1e8e1-bfd8-44e1-8dd4-5ba977bc0391
2026-06-25 23:32:55.610 9 INFO neutron.plugins.ml2.drivers.ovn.mech_driver.mech_driver [None req-31ebce46-250c-48ef-9f1d-3be60bb1b2f0 - - - - - -] OVN reports status down for port: 2243293b-5917-4f6a-b9a7-4d359532c62d
2026-06-25 23:32:55.613 10 INFO neutron.api.wsgi [None req-4faa1af5-4466-4cb6-8576-2c0fab92efe6 13d1d1aa87ee4600a7d6e9749ae0d288 024f0708db5b4fe4815f63f8ec8e2719 - - default default] 10.0.0.182 "GET /v2.0/extensions/port-numa-affinity-policy HTTP/1.1" status: 200 len: 392 time: 0.0071483
2026-06-25 23:32:55.619 10 INFO neutron.api.wsgi [None req-b13b0272-0774-40ac-ac0e-3a0c855692df 13d1d1aa87ee4600a7d6e9749ae0d288 024f0708db5b4fe4815f63f8ec8e2719 - - default default] 10.0.0.182 "GET /v2.0/extensions/port-numa-affinity-policy-socket HTTP/1.1" status: 200 len: 434 time: 0.0027521
2026-06-25 23:32:55.626 10 INFO neutron.api.wsgi [None req-a68cb2c7-ab97-4a93-8776-f19d6302418a 13d1d1aa87ee4600a7d6e9749ae0d288 024f0708db5b4fe4815f63f8ec8e2719 - - default default] 10.0.0.182 "GET /v2.0/extensions/port-resource-request HTTP/1.1" status: 200 len: 379 time: 0.0036199
2026-06-25 23:32:55.633 10 INFO neutron.api.wsgi [None req-dcef49af-70fe-47c9-bff4-f1a7845af73b 13d1d1aa87ee4600a7d6e9749ae0d288 024f0708db5b4fe4815f63f8ec8e2719 - - default default] 10.0.0.182 "GET /v2.0/extensions/port-resource-request-groups HTTP/1.1" status: 200 len: 465 time: 0.0042801
2026-06-25 23:32:55.640 10 INFO neutron.api.wsgi [None req-0e526d3e-f0cd-4f4e-a700-ca689ff7c34c 13d1d1aa87ee4600a7d6e9749ae0d288 024f0708db5b4fe4815f63f8ec8e2719 - - default default] 10.0.0.182 "GET /v2.0/extensions/binding HTTP/1.1" status: 200 len: 387 time: 0.0038800
2026-06-25 23:32:55.646 10 INFO neutron.api.wsgi [None req-b683503f-56a7-42d3-8fa4-9c7a16a66133 13d1d1aa87ee4600a7d6e9749ae0d288 024f0708db5b4fe4815f63f8ec8e2719 - - default default] 10.0.0.182 "GET /v2.0/extensions/binding-extended HTTP/1.1" status: 200 len: 406 time: 0.0035684
2026-06-25 23:32:55.653 10 INFO neutron.api.wsgi [None req-f95bf472-78c2-4eaa-9135-95744f6dac47 13d1d1aa87ee4600a7d6e9749ae0d288 024f0708db5b4fe4815f63f8ec8e2719 - - default default] 10.0.0.182 "GET /v2.0/extensions/port-security HTTP/1.1" status: 200 len: 354 time: 0.0037513
2026-06-25 23:32:55.661 10 INFO neutron.api.wsgi [None req-a470059a-cebd-4d2e-bee9-ec8fa521cff2 13d1d1aa87ee4600a7d6e9749ae0d288 024f0708db5b4fe4815f63f8ec8e2719 - - default default] 10.0.0.182 "GET /v2.0/extensions/project-id HTTP/1.1" status: 200 len: 398 time: 0.0043144
2026-06-25 23:32:55.667 10 INFO neutron.api.wsgi [None req-1b2c16bf-e040-46ee-8e92-f2fdfe9a8fc1 13d1d1aa87ee4600a7d6e9749ae0d288 024f0708db5b4fe4815f63f8ec8e2719 - - default default] 10.0.0.182 "GET /v2.0/extensions/provider HTTP/1.1" status: 200 len: 385 time: 0.0034733
2026-06-25 23:32:55.676 10 INFO neutron.api.wsgi [None req-cc31e8f4-4a9e-42b5-a2cf-708a40109da6 13d1d1aa87ee4600a7d6e9749ae0d288 024f0708db5b4fe4815f63f8ec8e2719 - - default default] 10.0.0.182 "GET /v2.0/extensions/qos HTTP/1.1" status: 200 len: 360 time: 0.0035455
2026-06-25 23:32:55.685 10 INFO neutron.api.wsgi [None req-e04a9ba4-5d86-4eeb-a048-36ea6144c17a 13d1d1aa87ee4600a7d6e9749ae0d288 024f0708db5b4fe4815f63f8ec8e2719 - - default default] 10.0.0.182 "GET /v2.0/extensions/qos-bw-limit-direction HTTP/1.1" status: 200 len: 452 time: 0.0048947
2026-06-25 23:32:55.695 9 INFO neutron.api.wsgi [None req-515fbb0f-e358-4e6d-ba59-c971b9e70cac 13d1d1aa87ee4600a7d6e9749ae0d288 024f0708db5b4fe4815f63f8ec8e2719 - - default default] 10.0.0.182 "GET /v2.0/extensions/qos-bw-minimum-ingress HTTP/1.1" status: 200 len: 445 time: 0.0049624
2026-06-25 23:32:55.707 10 INFO neutron.api.wsgi [None req-dfa5a551-fd90-42e8-8f26-ee8ebab451a5 13d1d1aa87ee4600a7d6e9749ae0d288 024f0708db5b4fe4815f63f8ec8e2719 - - default default] 10.0.0.182 "GET /v2.0/extensions/qos-default HTTP/1.1" status: 200 len: 377 time: 0.0086055
2026-06-25 23:32:55.716 10 INFO neutron.api.wsgi [None req-21c0dd40-7877-4c39-8a76-c7d1e35e8ec8 13d1d1aa87ee4600a7d6e9749ae0d288 024f0708db5b4fe4815f63f8ec8e2719 - - default default] 10.0.0.182 "GET /v2.0/extensions/qos-fip HTTP/1.1" status: 200 len: 372 time: 0.0055141
2026-06-25 23:32:55.724 10 INFO neutron.api.wsgi [None req-8731373a-e146-4246-9a0d-898e1ef165b8 13d1d1aa87ee4600a7d6e9749ae0d288 024f0708db5b4fe4815f63f8ec8e2719 - - default default] 10.0.0.182 "GET /v2.0/extensions/qos-gateway-ip HTTP/1.1" status: 200 len: 391 time: 0.0038414
2026-06-25 23:32:55.731 10 INFO neutron.api.wsgi [None req-24c0deda-8911-40a5-a03d-2fff646b591b 13d1d1aa87ee4600a7d6e9749ae0d288 024f0708db5b4fe4815f63f8ec8e2719 - - default default] 10.0.0.182 "GET /v2.0/extensions/qos-port-network-policy HTTP/1.1" status: 200 len: 403 time: 0.0042062
2026-06-25 23:32:55.732 9 INFO neutron.notifiers.nova [-] Nova event matching ['req-dc6be5a4-fb6c-4a8a-8f05-aa0745ed6380'] response: {'server_uuid': '3cc9e8f8-23f8-47ec-93d8-fe15140e001a', 'name': 'network-vif-unplugged', 'status': 'completed', 'tag': '2243293b-5917-4f6a-b9a7-4d359532c62d', 'code': 200}
2026-06-25 23:32:55.740 10 INFO neutron.api.wsgi [None req-2ddafe7b-d63c-4edd-82fb-42fdf2a86c20 13d1d1aa87ee4600a7d6e9749ae0d288 024f0708db5b4fe4815f63f8ec8e2719 - - default default] 10.0.0.182 "GET /v2.0/extensions/qos-pps-minimum HTTP/1.1" status: 200 len: 397 time: 0.0048933
2026-06-25 23:32:55.749 10 INFO neutron.api.wsgi [None req-29fe9fb4-ae73-44e6-9ff2-35d7538f822c 13d1d1aa87ee4600a7d6e9749ae0d288 024f0708db5b4fe4815f63f8ec8e2719 - - default default] 10.0.0.182 "GET /v2.0/extensions/qos-pps-minimum-rule-alias HTTP/1.1" status: 200 len: 471 time: 0.0040073
2026-06-25 23:32:55.757 10 INFO neutron.api.wsgi [None req-04bb875a-9c7c-4b8d-a989-d75171f1bb55 13d1d1aa87ee4600a7d6e9749ae0d288 024f0708db5b4fe4815f63f8ec8e2719 - - default default] 10.0.0.182 "GET /v2.0/extensions/qos-pps HTTP/1.1" status: 200 len: 389 time: 0.0039117
2026-06-25 23:32:55.763 10 INFO neutron.api.wsgi [None req-204e690b-134a-4015-9e02-7a320cc6fe81 13d1d1aa87ee4600a7d6e9749ae0d288 024f0708db5b4fe4815f63f8ec8e2719 - - default default] 10.0.0.182 "GET /v2.0/extensions/qos-rule-type-details HTTP/1.1" status: 200 len: 423 time: 0.0026770
2026-06-25 23:32:55.773 10 INFO neutron.api.wsgi [None req-7a0cf47d-6754-491f-9e9f-83ac30015a96 13d1d1aa87ee4600a7d6e9749ae0d288 024f0708db5b4fe4815f63f8ec8e2719 - - default default] 10.0.0.182 "GET /v2.0/extensions/qos-rule-type-filter HTTP/1.1" status: 200 len: 567 time: 0.0049269
2026-06-25 23:32:55.785 9 INFO neutron.api.wsgi [None req-e4a965d3-83b1-46a6-8b67-af5bcce37e30 13d1d1aa87ee4600a7d6e9749ae0d288 024f0708db5b4fe4815f63f8ec8e2719 - - default default] 10.0.0.182 "GET /v2.0/extensions/qos-rules-alias HTTP/1.1" status: 200 len: 448 time: 0.0058956
2026-06-25 23:32:55.795 9 INFO neutron.api.wsgi [None req-767213d5-6091-43f7-9bda-002a662f21d8 13d1d1aa87ee4600a7d6e9749ae0d288 024f0708db5b4fe4815f63f8ec8e2719 - - default default] 10.0.0.182 "GET /v2.0/extensions/quota-check-limit HTTP/1.1" status: 200 len: 420 time: 0.0054336
2026-06-25 23:32:55.805 10 INFO neutron.api.wsgi [None req-998c5f0b-4d4e-4dec-bf6d-1aaf69f65429 13d1d1aa87ee4600a7d6e9749ae0d288 024f0708db5b4fe4815f63f8ec8e2719 - - default default] 10.0.0.182 "GET /v2.0/extensions/quotas HTTP/1.1" status: 200 len: 386 time: 0.0062115
2026-06-25 23:32:55.814 10 INFO neutron.api.wsgi [None req-f3cca078-c854-4679-a1af-ae1f88888f98 13d1d1aa87ee4600a7d6e9749ae0d288 024f0708db5b4fe4815f63f8ec8e2719 - - default default] 10.0.0.182 "GET /v2.0/extensions/quota_details HTTP/1.1" status: 200 len: 407 time: 0.0057902
2026-06-25 23:32:55.823 10 INFO neutron.api.wsgi [None req-afd69cf3-4671-4231-8990-f18741aeefc2 13d1d1aa87ee4600a7d6e9749ae0d288 024f0708db5b4fe4815f63f8ec8e2719 - - default default] 10.0.0.182 "GET /v2.0/extensions/rbac-policies HTTP/1.1" status: 200 len: 417 time: 0.0037613
2026-06-25 23:32:55.831 10 INFO neutron.api.wsgi [None req-367b197e-8d03-46f4-9a55-0427d732b238 13d1d1aa87ee4600a7d6e9749ae0d288 024f0708db5b4fe4815f63f8ec8e2719 - - default default] 10.0.0.182 "GET /v2.0/extensions/rbac-address-scope HTTP/1.1" status: 200 len: 384 time: 0.0043654
2026-06-25 23:32:55.837 9 INFO neutron.db.ovn_revision_numbers_db [None req-31ebce46-250c-48ef-9f1d-3be60bb1b2f0 - - - - - -] Successfully bumped revision number for resource 2243293b-5917-4f6a-b9a7-4d359532c62d (type: ports) to 6
2026-06-25 23:32:55.839 10 INFO neutron.api.wsgi [None req-4010a4e2-d488-4896-a7b0-5973eecf46cd 13d1d1aa87ee4600a7d6e9749ae0d288 024f0708db5b4fe4815f63f8ec8e2719 - - default default] 10.0.0.182 "GET /v2.0/extensions/rbac-security-groups HTTP/1.1" status: 200 len: 404 time: 0.0039468
2026-06-25 23:32:55.846 9 INFO neutron.api.wsgi [None req-0cc03755-8e9d-40dd-a7f9-cc9f15c771a5 13d1d1aa87ee4600a7d6e9749ae0d288 024f0708db5b4fe4815f63f8ec8e2719 - - default default] 10.0.0.182 "GET /v2.0/extensions/revision-if-match HTTP/1.1" status: 200 len: 441 time: 0.0047026
2026-06-25 23:32:55.855 10 INFO neutron.api.wsgi [None req-0fc92291-d14f-40ba-8459-56beac995201 13d1d1aa87ee4600a7d6e9749ae0d288 024f0708db5b4fe4815f63f8ec8e2719 - - default default] 10.0.0.182 "GET /v2.0/extensions/standard-attr-revisions HTTP/1.1" status: 200 len: 423 time: 0.0058446
2026-06-25 23:32:55.861 10 INFO neutron.api.wsgi [None req-a2a06477-d5c2-4d14-b014-1d34d6eb48d4 13d1d1aa87ee4600a7d6e9749ae0d288 024f0708db5b4fe4815f63f8ec8e2719 - - default default] 10.0.0.182 "GET /v2.0/extensions/router_availability_zone HTTP/1.1" status: 200 len: 391 time: 0.0036576
2026-06-25 23:32:55.869 10 INFO neutron.api.wsgi [None req-bc24a56f-8e6d-4bb3-84e5-540615df3da0 13d1d1aa87ee4600a7d6e9749ae0d288 024f0708db5b4fe4815f63f8ec8e2719 - - default default] 10.0.0.182 "GET /v2.0/extensions/security-groups-default-rules HTTP/1.1" status: 200 len: 456 time: 0.0043406
2026-06-25 23:32:55.878 10 INFO neutron.api.wsgi [None req-a7c500a1-f622-4fe4-8cc5-2ba2f0208141 13d1d1aa87ee4600a7d6e9749ae0d288 024f0708db5b4fe4815f63f8ec8e2719 - - default default] 10.0.0.182 "GET /v2.0/extensions/security-groups-normalized-cidr HTTP/1.1" status: 200 len: 445 time: 0.0056841
2026-06-25 23:32:55.886 10 INFO neutron.api.wsgi [None req-36f9d204-2a0a-464a-a6f2-04ba78e2c4dd 13d1d1aa87ee4600a7d6e9749ae0d288 024f0708db5b4fe4815f63f8ec8e2719 - - default default] 10.0.0.182 "GET /v2.0/extensions/security-groups-remote-address-group HTTP/1.1" status: 200 len: 448 time: 0.0042291 /var/lib/openstack/lib/python3.12/site-packages/pycadf/identifier.py:71: UserWarning: Invalid uuid: neutron. To ensure interoperability, identifiers should be a valid uuid. warnings.warn(('Invalid uuid: %s. To ensure interoperability, '
2026-06-25 23:32:55.894 9 INFO neutron.api.wsgi [None req-463bc9cc-6f71-4b6b-8931-90a23601a1fe 13d1d1aa87ee4600a7d6e9749ae0d288 024f0708db5b4fe4815f63f8ec8e2719 - - default default] 10.0.0.182 "GET /v2.0/extensions/security-groups-rules-belongs-to-default-sg HTTP/1.1" status: 200 len: 508 time: 0.0038235
2026-06-25 23:32:55.900 9 INFO neutron.api.wsgi [None req-1fc63d84-3262-447b-bae1-37c179de2007 13d1d1aa87ee4600a7d6e9749ae0d288 024f0708db5b4fe4815f63f8ec8e2719 - - default default] 10.0.0.182 "GET /v2.0/extensions/security-groups-shared-filtering HTTP/1.1" status: 200 len: 435 time: 0.0026660
2026-06-25 23:32:55.907 9 INFO neutron.api.wsgi [None req-454dbed3-7b93-4be7-bf8c-29255661f3c9 13d1d1aa87ee4600a7d6e9749ae0d288 024f0708db5b4fe4815f63f8ec8e2719 - - default default] 10.0.0.182 "GET /v2.0/extensions/security-group HTTP/1.1" status: 200 len: 364 time: 0.0032749
2026-06-25 23:32:55.914 9 INFO neutron.api.wsgi [None req-cbc18c80-c532-4890-b2ad-49f46c4e7a95 13d1d1aa87ee4600a7d6e9749ae0d288 024f0708db5b4fe4815f63f8ec8e2719 - - default default] 10.0.0.182 "GET /v2.0/extensions/segment HTTP/1.1" status: 200 len: 339 time: 0.0034645
2026-06-25 23:32:55.921 9 INFO neutron.api.wsgi [None req-72ad28bd-9e54-4cdf-82e7-80ec6ebb175a 13d1d1aa87ee4600a7d6e9749ae0d288 024f0708db5b4fe4815f63f8ec8e2719 - - default default] 10.0.0.182 "GET /v2.0/extensions/segments-peer-subnet-host-routes HTTP/1.1" status: 200 len: 427 time: 0.0032225
2026-06-25 23:32:55.930 10 INFO neutron.api.wsgi [None req-beddc3d5-ba4c-4602-8920-b809deff5a63 13d1d1aa87ee4600a7d6e9749ae0d288 024f0708db5b4fe4815f63f8ec8e2719 - - default default] 10.0.0.182 "GET /v2.0/extensions/service-type HTTP/1.1" status: 200 len: 415 time: 0.0052788
2026-06-25 23:32:55.938 9 INFO neutron.api.wsgi [None req-e5f03258-4306-4084-bdaa-3347ace67ee6 13d1d1aa87ee4600a7d6e9749ae0d288 024f0708db5b4fe4815f63f8ec8e2719 - - default default] 10.0.0.182 "GET /v2.0/extensions/sorting HTTP/1.1" status: 200 len: 377 time: 0.0033383
2026-06-25 23:32:55.944 9 INFO neutron.api.wsgi [None req-970f0bde-d8a5-4fa5-83f7-4064d825c8c8 13d1d1aa87ee4600a7d6e9749ae0d288 024f0708db5b4fe4815f63f8ec8e2719 - - default default] 10.0.0.182 "GET /v2.0/extensions/standard-attr-segment HTTP/1.1" status: 200 len: 406 time: 0.0035944
2026-06-25 23:32:55.946 10 INFO neutron.api.wsgi [req-58d4a991-2177-4fa9-90ba-6b9cb5bd5dc6 req-6df7e3ec-21a3-4ad5-bc85-5aceb680fea5 e9146b75d07c467da468e5b35e3bfd22 4296ab5f6e8446c4af42b16a69828ae9 - - default default] 10.0.0.157 "GET /v2.0/ports?device_id=3cc9e8f8-23f8-47ec-93d8-fe15140e001a HTTP/1.1" status: 200 len: 1172 time: 0.0441210
2026-06-25 23:32:55.954 9 INFO neutron.api.wsgi [None req-fc5e2d92-6884-4ae4-b03e-eb4c58cf5da5 13d1d1aa87ee4600a7d6e9749ae0d288 024f0708db5b4fe4815f63f8ec8e2719 - - default default] 10.0.0.182 "GET /v2.0/extensions/standard-attr-description HTTP/1.1" status: 200 len: 408 time: 0.0063231
2026-06-25 23:32:55.963 10 INFO neutron.api.wsgi [None req-af6d5dcd-6284-4ff5-a44c-e150d2c1710a 13d1d1aa87ee4600a7d6e9749ae0d288 024f0708db5b4fe4815f63f8ec8e2719 - - default default] 10.0.0.182 "GET /v2.0/extensions/stateful-security-group HTTP/1.1" status: 200 len: 402 time: 0.0048962
2026-06-25 23:32:55.970 15 INFO neutron.plugins.ml2.drivers.ovn.mech_driver.ovsdb.maintenance [None req-e5025e45-b9eb-4917-86db-331bdc553e75 - - - - - -] OVN maintenance task check_for_inconsistencies finished in 0.674 seconds
2026-06-25 23:32:55.974 9 INFO neutron.api.wsgi [None req-2f378632-a900-42a7-a14d-a695a8f420f5 13d1d1aa87ee4600a7d6e9749ae0d288 024f0708db5b4fe4815f63f8ec8e2719 - - default default] 10.0.0.182 "GET /v2.0/extensions/subnet-dns-publish-fixed-ip HTTP/1.1" status: 200 len: 421 time: 0.0064342
2026-06-25 23:32:55.983 9 INFO neutron.api.wsgi [None req-4aacb4ef-a008-4485-9cec-d3027a0b447a 13d1d1aa87ee4600a7d6e9749ae0d288 024f0708db5b4fe4815f63f8ec8e2719 - - default default] 10.0.0.182 "GET /v2.0/extensions/subnet-external-network HTTP/1.1" status: 200 len: 418 time: 0.0039072
2026-06-25 23:32:55.991 9 INFO neutron.api.wsgi [None req-bc9f5f75-7697-4d31-88d2-a6bd9fa33de5 13d1d1aa87ee4600a7d6e9749ae0d288 024f0708db5b4fe4815f63f8ec8e2719 - - default default] 10.0.0.182 "GET /v2.0/extensions/subnet-segmentid-writable HTTP/1.1" status: 200 len: 421 time: 0.0053492
2026-06-25 23:32:55.994 10 INFO neutron.api.wsgi [req-58d4a991-2177-4fa9-90ba-6b9cb5bd5dc6 req-0c253e0f-8f08-4197-9f06-1eb3c911636a e9146b75d07c467da468e5b35e3bfd22 4296ab5f6e8446c4af42b16a69828ae9 - - default default] 10.0.0.157 "GET /v2.0/security-groups?id=49aba128-89ee-4e38-89c2-d7f2b0602fb1&fields=id&fields=name HTTP/1.1" status: 200 len: 313 time: 0.0433860
2026-06-25 23:32:55.999 9 INFO neutron.api.wsgi [None req-681402dd-f4f6-4cf0-abed-70e5894de626 13d1d1aa87ee4600a7d6e9749ae0d288 024f0708db5b4fe4815f63f8ec8e2719 - - default default] 10.0.0.182 "GET /v2.0/extensions/subnet-service-types HTTP/1.1" status: 200 len: 400 time: 0.0034883
2026-06-25 23:32:56.006 10 INFO neutron.api.wsgi [None req-e7b6a6d3-e2ff-48e9-9cbe-c703237bcf7f 13d1d1aa87ee4600a7d6e9749ae0d288 024f0708db5b4fe4815f63f8ec8e2719 - - default default] 10.0.0.182 "GET /v2.0/extensions/subnet_allocation HTTP/1.1" status: 200 len: 388 time: 0.0034971
2026-06-25 23:32:56.013 9 INFO neutron.api.wsgi [None req-7c369b52-3298-48b8-aa43-7b8c6824b475 13d1d1aa87ee4600a7d6e9749ae0d288 024f0708db5b4fe4815f63f8ec8e2719 - - default default] 10.0.0.182 "GET /v2.0/extensions/subnetpool-prefix-ops HTTP/1.1" status: 200 len: 418 time: 0.0041516
2026-06-25 23:32:56.022 10 INFO neutron.api.wsgi [None req-f5537ad9-bf0d-49e2-ada2-827c4b3f744d 13d1d1aa87ee4600a7d6e9749ae0d288 024f0708db5b4fe4815f63f8ec8e2719 - - default default] 10.0.0.182 "GET /v2.0/extensions/tag-creation HTTP/1.1" status: 200 len: 384 time: 0.0058339
2026-06-25 23:32:56.028 10 INFO neutron.api.wsgi [None req-2a30e956-cc7c-4a64-ba52-97a5d9037067 13d1d1aa87ee4600a7d6e9749ae0d288 024f0708db5b4fe4815f63f8ec8e2719 - - default default] 10.0.0.182 "GET /v2.0/extensions/standard-attr-tag HTTP/1.1" status: 200 len: 537 time: 0.0029254
2026-06-25 23:32:56.035 10 INFO neutron.api.wsgi [None req-84d69471-4204-41d0-9fb0-0d8b699c9630 13d1d1aa87ee4600a7d6e9749ae0d288 024f0708db5b4fe4815f63f8ec8e2719 - - default default] 10.0.0.182 "GET /v2.0/extensions/standard-attr-timestamp HTTP/1.1" status: 200 len: 449 time: 0.0038345
2026-06-25 23:32:56.044 10 INFO neutron.api.wsgi [None req-1cdac854-718e-41ed-b762-ebacacae0a14 13d1d1aa87ee4600a7d6e9749ae0d288 024f0708db5b4fe4815f63f8ec8e2719 - - default default] 10.0.0.182 "GET /v2.0/extensions/trunk HTTP/1.1" status: 200 len: 358 time: 0.0034781
2026-06-25 23:32:56.045 9 INFO neutron.api.wsgi [None req-413245b7-0309-486b-8bea-9d9d9072fc62 86dfeae0282646e9aef1766371c5bb04 0094a7de6c3d4471b71d81131d39ae2b - - default default] 10.0.0.182 "GET /v2.0/security-groups?tenant_id=73be56c3cdac4a56844cd4ba1b29e121&name=default HTTP/1.1" status: 200 len: 3120 time: 0.1226065
2026-06-25 23:32:56.052 10 INFO neutron.api.wsgi [None req-7f6a1ade-0652-45cd-85fd-1c3f33c3635e 13d1d1aa87ee4600a7d6e9749ae0d288 024f0708db5b4fe4815f63f8ec8e2719 - - default default] 10.0.0.182 "GET /v2.0/extensions/trunk-details HTTP/1.1" status: 200 len: 362 time: 0.0035944
2026-06-25 23:32:56.058 10 INFO neutron.api.wsgi [None req-e37820d7-f080-4a5c-b159-ab08b17c317c 13d1d1aa87ee4600a7d6e9749ae0d288 024f0708db5b4fe4815f63f8ec8e2719 - - default default] 10.0.0.182 "GET /v2.0/extensions/vpn-agent-scheduler HTTP/1.1" status: 200 len: 393 time: 0.0034397
2026-06-25 23:32:56.065 10 INFO neutron.api.wsgi [None req-47c06d4e-4f96-4a99-92eb-310679c8c6ad 13d1d1aa87ee4600a7d6e9749ae0d288 024f0708db5b4fe4815f63f8ec8e2719 - - default default] 10.0.0.182 "GET /v2.0/extensions/vpn-endpoint-groups HTTP/1.1" status: 200 len: 371 time: 0.0037620
2026-06-25 23:32:56.071 10 INFO neutron.api.wsgi [None req-827a7a8c-bfcf-4429-bef8-e32264ce2ef6 13d1d1aa87ee4600a7d6e9749ae0d288 024f0708db5b4fe4815f63f8ec8e2719 - - default default] 10.0.0.182 "GET /v2.0/extensions/vpn-flavors HTTP/1.1" status: 200 len: 376 time: 0.0034842
2026-06-25 23:32:56.077 10 INFO neutron.api.wsgi [None req-1cd0be1e-79d9-428d-aca3-6fa9c43ccd57 13d1d1aa87ee4600a7d6e9749ae0d288 024f0708db5b4fe4815f63f8ec8e2719 - - default default] 10.0.0.182 "GET /v2.0/extensions/vpnaas HTTP/1.1" status: 200 len: 348 time: 0.0033627
2026-06-25 23:32:56.230 9 INFO neutron.api.wsgi [None req-d3167769-4e93-46e9-b5a0-af7417bc2f3f 86dfeae0282646e9aef1766371c5bb04 0094a7de6c3d4471b71d81131d39ae2b - - default default] 10.0.0.182 "DELETE /v2.0/security-groups/f0c31cd7-69e9-4e19-8011-725bf761948e HTTP/1.1" status: 204 len: 168 time: 0.1797895
2026-06-25 23:32:56.280 10 WARNING neutron.plugins.ml2.drivers.ovn.mech_driver.ovsdb.ovn_client [None req-dbc0a10f-1653-4902-b470-166496bae2d2 - - - - - -] No hosting information found for port 7f44a32b-16e5-4b32-b171-8a6970f74f0a: RuntimeError: No hosting information found for port 7f44a32b-16e5-4b32-b171-8a6970f74f0a
2026-06-25 23:32:56.350 10 INFO neutron.db.ovn_revision_numbers_db [None req-dbc0a10f-1653-4902-b470-166496bae2d2 - - - - - -] Successfully bumped revision number for resource 7f44a32b-16e5-4b32-b171-8a6970f74f0a (type: router_ports) to 2
2026-06-25 23:32:56.350 10 INFO neutron.plugins.ml2.drivers.ovn.mech_driver.mech_driver [None req-dbc0a10f-1653-4902-b470-166496bae2d2 - - - - - -] OVN reports status up for port: fe3b10a2-9423-40f7-b4cb-d57f1bf4c8ec
2026-06-25 23:32:56.592 9 INFO neutron.plugins.ml2.drivers.ovn.mech_driver.mech_driver [None req-55ad4f0a-9ed1-4d4c-bd1a-019a65b94dba - - - - - -] OVN reports status up for port: 2243293b-5917-4f6a-b9a7-4d359532c62d
2026-06-25 23:32:56.617 9 INFO neutron.plugins.ml2.plugin [None req-55ad4f0a-9ed1-4d4c-bd1a-019a65b94dba - - - - - -] Attempt 1 to provision port 2243293b-5917-4f6a-b9a7-4d359532c62d
2026-06-25 23:32:56.656 10 INFO neutron.api.wsgi [req-38ad5a70-bfe9-40bd-b059-bdc38eb1e1cf req-51003c19-7c3c-4e96-9122-ea989eef2076 589b837238e9460d96b86dd211d439bb 1f72c92107d24d8daf303314f0784acc - - default default] 10.0.0.157 "GET /v2.0/ports?device_id=0fd4fd1e-46e2-47df-994e-eb47ee142563 HTTP/1.1" status: 200 len: 210 time: 0.0247872
2026-06-25 23:32:56.918 10 INFO neutron.db.ovn_revision_numbers_db [None req-6499213f-f8cc-4b3f-a5ed-1a3a454318df 86dfeae0282646e9aef1766371c5bb04 0094a7de6c3d4471b71d81131d39ae2b - - default default] Successfully bumped revision number for resource d5cd3906-2afd-4da3-b1bf-28cca53e0098 (type: security_groups) to 1
2026-06-25 23:32:56.921 9 INFO neutron.db.ovn_revision_numbers_db [None req-55ad4f0a-9ed1-4d4c-bd1a-019a65b94dba - - - - - -] Successfully bumped revision number for resource 2243293b-5917-4f6a-b9a7-4d359532c62d (type: ports) to 7
2026-06-25 23:32:56.936 10 INFO neutron.db.ovn_revision_numbers_db [None req-6499213f-f8cc-4b3f-a5ed-1a3a454318df 86dfeae0282646e9aef1766371c5bb04 0094a7de6c3d4471b71d81131d39ae2b - - default default] Successfully bumped revision number for resource 52b40a28-7e9e-4793-9ff4-68097c332e8b (type: security_group_rules) to 0
2026-06-25 23:32:56.948 10 INFO neutron.db.ovn_revision_numbers_db [None req-6499213f-f8cc-4b3f-a5ed-1a3a454318df 86dfeae0282646e9aef1766371c5bb04 0094a7de6c3d4471b71d81131d39ae2b - - default default] Successfully bumped revision number for resource 5cb1bc5a-0497-4aff-8372-e306a5a91921 (type: security_group_rules) to 0
2026-06-25 23:32:56.968 10 INFO neutron.db.ovn_revision_numbers_db [None req-6499213f-f8cc-4b3f-a5ed-1a3a454318df 86dfeae0282646e9aef1766371c5bb04 0094a7de6c3d4471b71d81131d39ae2b - - default default] Successfully bumped revision number for resource a64c1313-6cb4-43ba-bda7-fc5bd08348ac (type: security_group_rules) to 0
2026-06-25 23:32:57.004 10 INFO neutron.db.ovn_revision_numbers_db [None req-6499213f-f8cc-4b3f-a5ed-1a3a454318df 86dfeae0282646e9aef1766371c5bb04 0094a7de6c3d4471b71d81131d39ae2b - - default default] Successfully bumped revision number for resource adcdf5f2-6934-4215-b0e1-46a966f184bd (type: security_group_rules) to 0
2026-06-25 23:32:57.046 10 INFO neutron.api.wsgi [None req-6499213f-f8cc-4b3f-a5ed-1a3a454318df 86dfeae0282646e9aef1766371c5bb04 0094a7de6c3d4471b71d81131d39ae2b - - default default] 10.0.0.182 "GET /v2.0/security-groups?tenant_id=024f0708db5b4fe4815f63f8ec8e2719&name=default HTTP/1.1" status: 200 len: 3120 time: 0.4612765
2026-06-25 23:32:57.116 10 INFO neutron.api.wsgi [req-b08b59ec-6df3-42e3-8112-aa43d80d2276 req-93acda43-0213-4f19-97ac-188542611d92 e9146b75d07c467da468e5b35e3bfd22 4296ab5f6e8446c4af42b16a69828ae9 - - default default] 10.0.0.157 "GET /v2.0/ports?device_id=3cc9e8f8-23f8-47ec-93d8-fe15140e001a HTTP/1.1" status: 200 len: 1174 time: 0.0313027
2026-06-25 23:32:57.159 10 INFO neutron.api.wsgi [req-b08b59ec-6df3-42e3-8112-aa43d80d2276 req-a376d89f-be1b-44d5-8848-9af4f3c14c97 e9146b75d07c467da468e5b35e3bfd22 4296ab5f6e8446c4af42b16a69828ae9 - - default default] 10.0.0.157 "GET /v2.0/security-groups?id=49aba128-89ee-4e38-89c2-d7f2b0602fb1&fields=id&fields=name HTTP/1.1" status: 200 len: 313 time: 0.0371273
2026-06-25 23:32:57.273 10 INFO neutron.api.wsgi [None req-cb6cb56c-c2a8-49a9-90c4-ca0c0fe1c488 86dfeae0282646e9aef1766371c5bb04 0094a7de6c3d4471b71d81131d39ae2b - - default default] 10.0.0.182 "DELETE /v2.0/security-groups/d5cd3906-2afd-4da3-b1bf-28cca53e0098 HTTP/1.1" status: 204 len: 168 time: 0.2185466
2026-06-25 23:32:57.768 10 INFO neutron.api.wsgi [req-9155dc1f-a109-445b-96c9-11a82bce81de req-9130c243-2d90-4301-b726-9cd530cb980f 589b837238e9460d96b86dd211d439bb 1f72c92107d24d8daf303314f0784acc - - default default] 10.0.0.157 "GET /v2.0/ports?device_id=0fd4fd1e-46e2-47df-994e-eb47ee142563 HTTP/1.1" status: 200 len: 210 time: 0.0199871
2026-06-25 23:32:57.788 9 INFO neutron.notifiers.nova [-] Nova event matching ['req-aff60a81-88c9-4237-b598-db9055e85951'] response: {'server_uuid': '3cc9e8f8-23f8-47ec-93d8-fe15140e001a', 'name': 'network-vif-unplugged', 'status': 'completed', 'tag': '2243293b-5917-4f6a-b9a7-4d359532c62d', 'code': 200}
2026-06-25 23:32:57.788 9 INFO neutron.notifiers.nova [-] Nova event matching ['req-aff60a81-88c9-4237-b598-db9055e85951'] response: {'server_uuid': '3cc9e8f8-23f8-47ec-93d8-fe15140e001a', 'name': 'network-vif-plugged', 'status': 'completed', 'tag': '2243293b-5917-4f6a-b9a7-4d359532c62d', 'code': 200}
2026-06-25 23:32:57.788 9 INFO neutron.notifiers.nova [-] Nova event matching ['req-aff60a81-88c9-4237-b598-db9055e85951'] response: {'server_uuid': '3cc9e8f8-23f8-47ec-93d8-fe15140e001a', 'name': 'network-vif-plugged', 'status': 'completed', 'tag': '2243293b-5917-4f6a-b9a7-4d359532c62d', 'code': 200}
2026-06-25 23:32:58.276 10 INFO neutron.api.wsgi [req-2599d184-699c-4097-800d-e3540cb4d73c req-5f1b448b-d0ed-4ec6-b378-0c8c2bd39840 e9146b75d07c467da468e5b35e3bfd22 4296ab5f6e8446c4af42b16a69828ae9 - - default default] 10.0.0.157 "GET /v2.0/ports?device_id=3cc9e8f8-23f8-47ec-93d8-fe15140e001a HTTP/1.1" status: 200 len: 1174 time: 0.0424213
2026-06-25 23:32:58.337 10 INFO neutron.api.wsgi [req-2599d184-699c-4097-800d-e3540cb4d73c req-96ce18f3-10dc-4f64-a173-e139a00528da e9146b75d07c467da468e5b35e3bfd22 4296ab5f6e8446c4af42b16a69828ae9 - - default default] 10.0.0.157 "GET /v2.0/security-groups?id=49aba128-89ee-4e38-89c2-d7f2b0602fb1&fields=id&fields=name HTTP/1.1" status: 200 len: 313 time: 0.0514703
2026-06-25 23:32:58.394 10 WARNING neutron_lib.context [None req-01e9f884-c578-4a8e-8b1d-bb344ab401b6 95835a66df5347c9a6156df52890be6e 2b15e6f1d2f640159402e7d4802a0e17 - - default default] Method 'is_advsvc' is deprecated since 2023.2 release (neutron-lib 3.8.0) and will be removed once support for the old RBAC API policies will be removed from Neutron. Please use method 'is_service_role' instead.
2026-06-25 23:32:58.483 10 INFO neutron.api.wsgi [None req-01e9f884-c578-4a8e-8b1d-bb344ab401b6 95835a66df5347c9a6156df52890be6e 2b15e6f1d2f640159402e7d4802a0e17 - - default default] 10.0.0.182 "POST /v2.0/subnetpools HTTP/1.1" status: 201 len: 748 time: 0.3342147 /var/lib/openstack/lib/python3.12/site-packages/pycadf/identifier.py:71: UserWarning: Invalid uuid: neutron. To ensure interoperability, identifiers should be a valid uuid. warnings.warn(('Invalid uuid: %s. To ensure interoperability, '
2026-06-25 23:32:58.517 9 INFO neutron.api.wsgi [None req-ffe35c93-e5ff-4bea-ae18-a8ba3e00d9b1 95835a66df5347c9a6156df52890be6e 2b15e6f1d2f640159402e7d4802a0e17 - - default default] 10.0.0.182 "GET /v2.0/subnetpools/cabee1d7-348d-4c8d-931b-739d876211fb HTTP/1.1" status: 200 len: 743 time: 0.0296097
2026-06-25 23:32:58.586 9 INFO neutron.api.wsgi [None req-70746394-6e5a-4ed1-b8a4-9d71d1994ef4 95835a66df5347c9a6156df52890be6e 2b15e6f1d2f640159402e7d4802a0e17 - - default default] 10.0.0.182 "PUT /v2.0/subnetpools/cabee1d7-348d-4c8d-931b-739d876211fb HTTP/1.1" status: 200 len: 694 time: 0.0643978
2026-06-25 23:32:58.641 9 INFO neutron.api.wsgi [None req-7e53eefc-5263-4e88-ac41-cf361c983d86 95835a66df5347c9a6156df52890be6e 2b15e6f1d2f640159402e7d4802a0e17 - - default default] 10.0.0.182 "DELETE /v2.0/subnetpools/cabee1d7-348d-4c8d-931b-739d876211fb HTTP/1.1" status: 204 len: 168 time: 0.0502815
2026-06-25 23:32:58.660 9 INFO neutron.api.v2.resource [None req-f93155e0-8c23-4025-b4a5-9b5a5586f254 95835a66df5347c9a6156df52890be6e 2b15e6f1d2f640159402e7d4802a0e17 - - default default] show failed (client error): The resource could not be found.
2026-06-25 23:32:58.661 9 INFO neutron.api.wsgi [None req-f93155e0-8c23-4025-b4a5-9b5a5586f254 95835a66df5347c9a6156df52890be6e 2b15e6f1d2f640159402e7d4802a0e17 - - default default] 10.0.0.182 "GET /v2.0/subnetpools/cabee1d7-348d-4c8d-931b-739d876211fb HTTP/1.1" status: 404 len: 346 time: 0.0174224
2026-06-25 23:32:58.675 9 INFO neutron.api.v2.resource [None req-76074075-65d9-4aa6-9045-06123fe9ed8b 95835a66df5347c9a6156df52890be6e 2b15e6f1d2f640159402e7d4802a0e17 - - default default] delete failed (client error): The resource could not be found.
2026-06-25 23:32:58.676 9 INFO neutron.api.wsgi [None req-76074075-65d9-4aa6-9045-06123fe9ed8b 95835a66df5347c9a6156df52890be6e 2b15e6f1d2f640159402e7d4802a0e17 - - default default] 10.0.0.182 "DELETE /v2.0/subnetpools/cabee1d7-348d-4c8d-931b-739d876211fb HTTP/1.1" status: 404 len: 346 time: 0.0110621
2026-06-25 23:32:58.873 10 INFO neutron.api.wsgi [req-a9e608ef-a3f6-4a5c-a1c5-d4e229d646db req-c98e8bb4-8f70-4756-a1d3-3e6f4a275460 589b837238e9460d96b86dd211d439bb 1f72c92107d24d8daf303314f0784acc - - default default] 10.0.0.157 "GET /v2.0/ports?device_id=0fd4fd1e-46e2-47df-994e-eb47ee142563 HTTP/1.1" status: 200 len: 210 time: 0.0217142
2026-06-25 23:32:59.139 9 WARNING neutron_lib.context [None req-7c0a29ca-22aa-49ff-9c26-d9cb1d88e9c4 d1b1c5fd706b4c99802dfcd5aa727aac 2fd98626461e4c9790f279f3b0490b63 - - default default] Method 'is_advsvc' is deprecated since 2023.2 release (neutron-lib 3.8.0) and will be removed once support for the old RBAC API policies will be removed from Neutron. Please use method 'is_service_role' instead.
2026-06-25 23:32:59.282 9 INFO neutron.db.ovn_revision_numbers_db [None req-7c0a29ca-22aa-49ff-9c26-d9cb1d88e9c4 d1b1c5fd706b4c99802dfcd5aa727aac 2fd98626461e4c9790f279f3b0490b63 - - default default] Successfully bumped revision number for resource 75a919c7-65d3-46f9-bed9-4ea28d502e2d (type: security_groups) to 1
2026-06-25 23:32:59.298 9 INFO neutron.db.ovn_revision_numbers_db [None req-7c0a29ca-22aa-49ff-9c26-d9cb1d88e9c4 d1b1c5fd706b4c99802dfcd5aa727aac 2fd98626461e4c9790f279f3b0490b63 - - default default] Successfully bumped revision number for resource 06c79985-255f-4cac-a3d8-cde8967daae0 (type: security_group_rules) to 0
2026-06-25 23:32:59.318 9 INFO neutron.db.ovn_revision_numbers_db [None req-7c0a29ca-22aa-49ff-9c26-d9cb1d88e9c4 d1b1c5fd706b4c99802dfcd5aa727aac 2fd98626461e4c9790f279f3b0490b63 - - default default] Successfully bumped revision number for resource 493f7e8b-a2b9-41b0-a203-45648152c548 (type: security_group_rules) to 0
2026-06-25 23:32:59.333 9 INFO neutron.db.ovn_revision_numbers_db [None req-7c0a29ca-22aa-49ff-9c26-d9cb1d88e9c4 d1b1c5fd706b4c99802dfcd5aa727aac 2fd98626461e4c9790f279f3b0490b63 - - default default] Successfully bumped revision number for resource 5d1c0805-2c59-4870-aae5-62032c8b62a3 (type: security_group_rules) to 0
2026-06-25 23:32:59.350 9 INFO neutron.db.ovn_revision_numbers_db [None req-7c0a29ca-22aa-49ff-9c26-d9cb1d88e9c4 d1b1c5fd706b4c99802dfcd5aa727aac 2fd98626461e4c9790f279f3b0490b63 - - default default] Successfully bumped revision number for resource e3c2ffb2-ef16-438d-b58c-bb016eb14467 (type: security_group_rules) to 0
2026-06-25 23:32:59.366 10 INFO neutron.db.ovn_revision_numbers_db [None req-74e27890-2f73-4b6e-9c62-a4c4d8d0cfe5 86dfeae0282646e9aef1766371c5bb04 0094a7de6c3d4471b71d81131d39ae2b - - default default] Successfully bumped revision number for resource c3e28137-0e2e-4284-9639-c29a0b42de39 (type: security_groups) to 1
2026-06-25 23:32:59.386 10 INFO neutron.db.ovn_revision_numbers_db [None req-74e27890-2f73-4b6e-9c62-a4c4d8d0cfe5 86dfeae0282646e9aef1766371c5bb04 0094a7de6c3d4471b71d81131d39ae2b - - default default] Successfully bumped revision number for resource 1a850148-193f-4cc0-a0ed-5a17ce70d685 (type: security_group_rules) to 0
2026-06-25 23:32:59.400 10 INFO neutron.db.ovn_revision_numbers_db [None req-74e27890-2f73-4b6e-9c62-a4c4d8d0cfe5 86dfeae0282646e9aef1766371c5bb04 0094a7de6c3d4471b71d81131d39ae2b - - default default] Successfully bumped revision number for resource 930ddb62-e014-49e1-a07f-39565a8e271e (type: security_group_rules) to 0
2026-06-25 23:32:59.418 9 INFO neutron.db.segments_db [None req-7c0a29ca-22aa-49ff-9c26-d9cb1d88e9c4 d1b1c5fd706b4c99802dfcd5aa727aac 2fd98626461e4c9790f279f3b0490b63 - - default default] Added segment 41c22782-fc59-4f49-95be-a6b319d76be9 of type geneve for network 6060a28b-0271-4799-a655-8fbff6c5aaee
2026-06-25 23:32:59.418 10 INFO neutron.db.ovn_revision_numbers_db [None req-74e27890-2f73-4b6e-9c62-a4c4d8d0cfe5 86dfeae0282646e9aef1766371c5bb04 0094a7de6c3d4471b71d81131d39ae2b - - default default] Successfully bumped revision number for resource 9f27289a-e8e6-430a-862d-1279808c7538 (type: security_group_rules) to 0
2026-06-25 23:32:59.431 10 INFO neutron.db.ovn_revision_numbers_db [None req-74e27890-2f73-4b6e-9c62-a4c4d8d0cfe5 86dfeae0282646e9aef1766371c5bb04 0094a7de6c3d4471b71d81131d39ae2b - - default default] Successfully bumped revision number for resource c9d23971-384d-4b17-80fa-c97278d55832 (type: security_group_rules) to 0
2026-06-25 23:32:59.466 10 INFO neutron.api.wsgi [None req-74e27890-2f73-4b6e-9c62-a4c4d8d0cfe5 86dfeae0282646e9aef1766371c5bb04 0094a7de6c3d4471b71d81131d39ae2b - - default default] 10.0.0.182 "GET /v2.0/security-groups?tenant_id=2b15e6f1d2f640159402e7d4802a0e17&name=default HTTP/1.1" status: 200 len: 3120 time: 0.2455871
2026-06-25 23:32:59.533 9 INFO neutron.db.ovn_revision_numbers_db [None req-7c0a29ca-22aa-49ff-9c26-d9cb1d88e9c4 d1b1c5fd706b4c99802dfcd5aa727aac 2fd98626461e4c9790f279f3b0490b63 - - default default] Successfully bumped revision number for resource 6060a28b-0271-4799-a655-8fbff6c5aaee (type: networks) to 1
2026-06-25 23:32:59.695 9 WARNING neutron.scheduler.dhcp_agent_scheduler [None req-7c0a29ca-22aa-49ff-9c26-d9cb1d88e9c4 d1b1c5fd706b4c99802dfcd5aa727aac 2fd98626461e4c9790f279f3b0490b63 - - default default] No more DHCP agents
2026-06-25 23:32:59.696 9 WARNING neutron.api.rpc.agentnotifiers.dhcp_rpc_agent_api [None req-7c0a29ca-22aa-49ff-9c26-d9cb1d88e9c4 d1b1c5fd706b4c99802dfcd5aa727aac 2fd98626461e4c9790f279f3b0490b63 - - default default] Unable to schedule network 6060a28b-0271-4799-a655-8fbff6c5aaee: no agents available; will retry on subsequent port and subnet creation events.
2026-06-25 23:32:59.715 10 INFO neutron.api.wsgi [None req-936e18f8-1f48-4157-aff7-2d99665175ba 86dfeae0282646e9aef1766371c5bb04 0094a7de6c3d4471b71d81131d39ae2b - - default default] 10.0.0.182 "DELETE /v2.0/security-groups/c3e28137-0e2e-4284-9639-c29a0b42de39 HTTP/1.1" status: 204 len: 168 time: 0.2428000
2026-06-25 23:32:59.758 9 INFO neutron.db.ovn_revision_numbers_db [None req-7c0a29ca-22aa-49ff-9c26-d9cb1d88e9c4 d1b1c5fd706b4c99802dfcd5aa727aac 2fd98626461e4c9790f279f3b0490b63 - - default default] Successfully bumped revision number for resource 87bf3286-6965-4127-9656-d23247ff3a55 (type: ports) to 1
2026-06-25 23:32:59.782 9 INFO neutron.api.wsgi [None req-7c0a29ca-22aa-49ff-9c26-d9cb1d88e9c4 d1b1c5fd706b4c99802dfcd5aa727aac 2fd98626461e4c9790f279f3b0490b63 - - default default] 10.0.0.182 "POST /v2.0/networks HTTP/1.1" status: 201 len: 847 time: 0.7951422
2026-06-25 23:32:59.795 10 WARNING neutron_lib.context [None req-59069303-f0e1-48a9-a351-f27f7c01da2f d1b1c5fd706b4c99802dfcd5aa727aac 2fd98626461e4c9790f279f3b0490b63 - - default default] Method 'is_advsvc' is deprecated since 2023.2 release (neutron-lib 3.8.0) and will be removed once support for the old RBAC API policies will be removed from Neutron. Please use method 'is_service_role' instead.
2026-06-25 23:32:59.850 10 INFO neutron.api.wsgi [req-2fca8b48-f6a3-47f3-9251-a0ecc2b6850b req-f5c9b844-b7c8-4951-831b-8c92c963d6e4 589b837238e9460d96b86dd211d439bb 1f72c92107d24d8daf303314f0784acc - - default default] 199.19.213.228 "GET /v2.0/networks?id=5bdee4bc-c12d-4d38-b287-4a8740ba9377 HTTP/1.1" status: 200 len: 872 time: 0.0506744
2026-06-25 23:32:59.903 10 INFO neutron.api.wsgi [req-2fca8b48-f6a3-47f3-9251-a0ecc2b6850b req-294951bc-d5e4-45ed-b082-e64834c952f7 589b837238e9460d96b86dd211d439bb 1f72c92107d24d8daf303314f0784acc - - default default] 199.19.213.228 "GET /v2.0/security-groups?fields=id&fields=name&tenant_id=1f72c92107d24d8daf303314f0784acc HTTP/1.1" status: 200 len: 471 time: 0.0454490
2026-06-25 23:32:59.912 10 WARNING neutron_lib.context [req-2fca8b48-f6a3-47f3-9251-a0ecc2b6850b req-a3a42ac6-7acc-4452-ace4-33f66e1f96a6 589b837238e9460d96b86dd211d439bb 1f72c92107d24d8daf303314f0784acc - - default default] Method 'is_advsvc' is deprecated since 2023.2 release (neutron-lib 3.8.0) and will be removed once support for the old RBAC API policies will be removed from Neutron. Please use method 'is_service_role' instead.
2026-06-25 23:32:59.952 10 INFO neutron.api.wsgi [req-845b40b3-56e1-4a00-9e03-aca760c24d6b req-21d84560-23e5-4d5e-aa49-b10b42c539b8 589b837238e9460d96b86dd211d439bb 1f72c92107d24d8daf303314f0784acc - - default default] 10.0.0.157 "GET /v2.0/ports?device_id=0fd4fd1e-46e2-47df-994e-eb47ee142563 HTTP/1.1" status: 200 len: 210 time: 0.0183682
