2026-06-25 23:32:49.211 9 WARNING neutron.plugins.ml2.drivers.ovn.mech_driver.ovsdb.ovn_client [None req-905e3d3c-86ef-4e77-b9f3-60b3771ad2bc - - - - - -] No hosting information found for port a4016fd0-9aa8-4a1b-88d9-fffdb61cd5b0: RuntimeError: No hosting information found for port a4016fd0-9aa8-4a1b-88d9-fffdb61cd5b0
2026-06-25 23:32:49.301 9 INFO neutron.db.ovn_revision_numbers_db [None req-905e3d3c-86ef-4e77-b9f3-60b3771ad2bc - - - - - -] Successfully bumped revision number for resource a4016fd0-9aa8-4a1b-88d9-fffdb61cd5b0 (type: router_ports) to 2
2026-06-25 23:32:49.377 10 INFO neutron.api.wsgi [req-05d3207d-fb90-4998-81e1-fb6e6d9abe03 req-81788d44-39ab-4319-8283-6141117c7192 e9146b75d07c467da468e5b35e3bfd22 4296ab5f6e8446c4af42b16a69828ae9 - - default default] 10.0.0.157 "GET /v2.0/ports?device_id=3cc9e8f8-23f8-47ec-93d8-fe15140e001a HTTP/1.1" status: 200 len: 1174 time: 0.1252942
2026-06-25 23:32:49.451 10 INFO neutron.api.wsgi [req-05d3207d-fb90-4998-81e1-fb6e6d9abe03 req-f0146c7c-9fc3-4786-8f73-a9e7a2a95d3f e9146b75d07c467da468e5b35e3bfd22 4296ab5f6e8446c4af42b16a69828ae9 - - default default] 10.0.0.157 "GET /v2.0/security-groups?id=49aba128-89ee-4e38-89c2-d7f2b0602fb1&fields=id&fields=name HTTP/1.1" status: 200 len: 313 time: 0.0673859
2026-06-25 23:32:49.458 9 INFO neutron.db.ovn_revision_numbers_db [None req-331dd6c4-cf43-47fd-aaa4-d87efeae02d8 86dfeae0282646e9aef1766371c5bb04 0094a7de6c3d4471b71d81131d39ae2b - - default default] Successfully bumped revision number for resource e3785cf4-0f2e-4390-994a-de206822b3a2 (type: security_groups) to 1
2026-06-25 23:32:49.472 9 INFO neutron.db.ovn_revision_numbers_db [None req-331dd6c4-cf43-47fd-aaa4-d87efeae02d8 86dfeae0282646e9aef1766371c5bb04 0094a7de6c3d4471b71d81131d39ae2b - - default default] Successfully bumped revision number for resource a84cc8f4-2eca-4d65-85d0-6a139b19f1ee (type: security_group_rules) to 0
2026-06-25 23:32:49.487 9 INFO neutron.db.ovn_revision_numbers_db [None req-331dd6c4-cf43-47fd-aaa4-d87efeae02d8 86dfeae0282646e9aef1766371c5bb04 0094a7de6c3d4471b71d81131d39ae2b - - default default] Successfully bumped revision number for resource b71438b8-9960-4a1c-8e81-1f238c9eb751 (type: security_group_rules) to 0
2026-06-25 23:32:49.489 10 INFO neutron.db.ovn_revision_numbers_db [None req-e9ee974d-eec0-456b-897a-e05517d48337 dbad9a20d49742bb903037aa748fdfb1 73be56c3cdac4a56844cd4ba1b29e121 - - default default] Successfully bumped revision number for resource 65b1e8e1-bfd8-44e1-8dd4-5ba977bc0391 (type: ports) to 1
2026-06-25 23:32:49.507 9 INFO neutron.db.ovn_revision_numbers_db [None req-331dd6c4-cf43-47fd-aaa4-d87efeae02d8 86dfeae0282646e9aef1766371c5bb04 0094a7de6c3d4471b71d81131d39ae2b - - default default] Successfully bumped revision number for resource d43d4b76-71f9-4f85-b752-b7cc23144bb1 (type: security_group_rules) to 0
2026-06-25 23:32:49.531 9 INFO neutron.db.ovn_revision_numbers_db [None req-331dd6c4-cf43-47fd-aaa4-d87efeae02d8 86dfeae0282646e9aef1766371c5bb04 0094a7de6c3d4471b71d81131d39ae2b - - default default] Successfully bumped revision number for resource d8cdd929-8c9c-475b-bbcb-b454cdb32b39 (type: security_group_rules) to 0
2026-06-25 23:32:49.567 10 INFO neutron.api.wsgi [req-512c6884-48a9-4c10-b282-700bcfe45b00 req-6863fa1b-fdd8-47dd-bc80-88e486810b0e e9146b75d07c467da468e5b35e3bfd22 4296ab5f6e8446c4af42b16a69828ae9 - - default default] 10.0.0.157 "GET /v2.0/ports?device_id=3cc9e8f8-23f8-47ec-93d8-fe15140e001a HTTP/1.1" status: 200 len: 1174 time: 0.0426340
2026-06-25 23:32:49.568 9 INFO neutron.api.wsgi [None req-331dd6c4-cf43-47fd-aaa4-d87efeae02d8 86dfeae0282646e9aef1766371c5bb04 0094a7de6c3d4471b71d81131d39ae2b - - default default] 10.0.0.182 "GET /v2.0/security-groups?tenant_id=877ff936327a4cb3bd74e800227578f6&name=default HTTP/1.1" status: 200 len: 3120 time: 0.3858120
2026-06-25 23:32:49.622 10 INFO neutron.api.wsgi [req-512c6884-48a9-4c10-b282-700bcfe45b00 req-b5885f69-01c5-40b4-9416-b821d9e0313d e9146b75d07c467da468e5b35e3bfd22 4296ab5f6e8446c4af42b16a69828ae9 - - default default] 10.0.0.157 "GET /v2.0/security-groups?id=49aba128-89ee-4e38-89c2-d7f2b0602fb1&fields=id&fields=name HTTP/1.1" status: 200 len: 313 time: 0.0476265
2026-06-25 23:32:49.628 9 WARNING neutron.scheduler.dhcp_agent_scheduler [None req-f483ee7e-d0b6-4c2a-bd47-918a06c81fd5 86dfeae0282646e9aef1766371c5bb04 0094a7de6c3d4471b71d81131d39ae2b - - default default] No more DHCP agents
2026-06-25 23:32:49.632 9 WARNING neutron.api.rpc.agentnotifiers.dhcp_rpc_agent_api [None req-f483ee7e-d0b6-4c2a-bd47-918a06c81fd5 86dfeae0282646e9aef1766371c5bb04 0094a7de6c3d4471b71d81131d39ae2b - - default default] Unable to schedule network 67bf38fb-75ce-47c8-b90d-c61aff26cacb: no agents available; will retry on subsequent port and subnet creation events.
2026-06-25 23:32:49.782 10 INFO neutron.db.ovn_revision_numbers_db [None req-20dd9dd3-6064-4ae5-85b4-b2c5371207e1 - - - - - -] Successfully bumped revision number for resource ea93b8df-5b18-418e-a9a9-ecdac724dde5 (type: ports) to 1
2026-06-25 23:32:49.783 9 INFO neutron.db.ovn_revision_numbers_db [None req-f483ee7e-d0b6-4c2a-bd47-918a06c81fd5 86dfeae0282646e9aef1766371c5bb04 0094a7de6c3d4471b71d81131d39ae2b - - default default] Successfully bumped revision number for resource 7f44a32b-16e5-4b32-b171-8a6970f74f0a (type: ports) to 1
2026-06-25 23:32:49.818 9 INFO neutron.api.wsgi [None req-2af4d894-ae88-46b8-bb1e-936cef43a247 86dfeae0282646e9aef1766371c5bb04 0094a7de6c3d4471b71d81131d39ae2b - - default default] 10.0.0.182 "DELETE /v2.0/security-groups/e3785cf4-0f2e-4390-994a-de206822b3a2 HTTP/1.1" status: 204 len: 168 time: 0.2448809
2026-06-25 23:32:50.032 10 INFO neutron.api.wsgi [req-9f9f3368-1e3c-4931-a2fb-1771fcd1be14 req-91a9b470-ff54-4acb-8a06-d9e32a383157 e9146b75d07c467da468e5b35e3bfd22 4296ab5f6e8446c4af42b16a69828ae9 - - default default] 10.0.0.157 "GET /v2.0/ports?device_id=3cc9e8f8-23f8-47ec-93d8-fe15140e001a HTTP/1.1" status: 200 len: 1174 time: 0.0458434
2026-06-25 23:32:50.055 9 INFO neutron.plugins.ml2.drivers.ovn.mech_driver.mech_driver [None req-905e3d3c-86ef-4e77-b9f3-60b3771ad2bc - - - - - -] OVN reports status up for port: 65b1e8e1-bfd8-44e1-8dd4-5ba977bc0391
2026-06-25 23:32:50.056 9 INFO neutron.db.ovn_revision_numbers_db [None req-c0492372-5903-42ee-a19f-f13f32fa227e 86dfeae0282646e9aef1766371c5bb04 0094a7de6c3d4471b71d81131d39ae2b - - default default] Successfully bumped revision number for resource dfe204d4-e460-4f10-a63b-0444334d6b86 (type: security_groups) to 1
2026-06-25 23:32:50.068 9 INFO neutron.plugins.ml2.plugin [None req-905e3d3c-86ef-4e77-b9f3-60b3771ad2bc - - - - - -] Attempt 1 to provision port 65b1e8e1-bfd8-44e1-8dd4-5ba977bc0391
2026-06-25 23:32:50.078 9 INFO neutron.db.ovn_revision_numbers_db [None req-c0492372-5903-42ee-a19f-f13f32fa227e 86dfeae0282646e9aef1766371c5bb04 0094a7de6c3d4471b71d81131d39ae2b - - default default] Successfully bumped revision number for resource baa62737-f439-4122-b885-cafdb44b01a9 (type: security_group_rules) to 0
2026-06-25 23:32:50.086 10 INFO neutron.api.wsgi [req-9f9f3368-1e3c-4931-a2fb-1771fcd1be14 req-8f898175-bcf4-495a-b6a1-0db22621640d e9146b75d07c467da468e5b35e3bfd22 4296ab5f6e8446c4af42b16a69828ae9 - - default default] 10.0.0.157 "GET /v2.0/security-groups?id=49aba128-89ee-4e38-89c2-d7f2b0602fb1&fields=id&fields=name HTTP/1.1" status: 200 len: 313 time: 0.0493958
2026-06-25 23:32:50.087 10 INFO neutron.db.ovn_revision_numbers_db [None req-e9ee974d-eec0-456b-897a-e05517d48337 dbad9a20d49742bb903037aa748fdfb1 73be56c3cdac4a56844cd4ba1b29e121 - - default default] Successfully bumped revision number for resource 65b1e8e1-bfd8-44e1-8dd4-5ba977bc0391 (type: ports) to 1
2026-06-25 23:32:50.100 9 INFO neutron.db.ovn_revision_numbers_db [None req-c0492372-5903-42ee-a19f-f13f32fa227e 86dfeae0282646e9aef1766371c5bb04 0094a7de6c3d4471b71d81131d39ae2b - - default default] Successfully bumped revision number for resource e16d8eb4-948a-4dc3-bb65-40f374479287 (type: security_group_rules) to 0
2026-06-25 23:32:50.125 9 INFO neutron.db.ovn_revision_numbers_db [None req-c0492372-5903-42ee-a19f-f13f32fa227e 86dfeae0282646e9aef1766371c5bb04 0094a7de6c3d4471b71d81131d39ae2b - - default default] Successfully bumped revision number for resource ea816177-81a2-4364-975b-fbb4f32696c8 (type: security_group_rules) to 0
2026-06-25 23:32:50.140 9 INFO neutron.db.ovn_revision_numbers_db [None req-c0492372-5903-42ee-a19f-f13f32fa227e 86dfeae0282646e9aef1766371c5bb04 0094a7de6c3d4471b71d81131d39ae2b - - default default] Successfully bumped revision number for resource f2425177-a557-4370-8baf-824723067562 (type: security_group_rules) to 0
2026-06-25 23:32:50.147 10 WARNING neutron.scheduler.dhcp_agent_scheduler [None req-e9ee974d-eec0-456b-897a-e05517d48337 dbad9a20d49742bb903037aa748fdfb1 73be56c3cdac4a56844cd4ba1b29e121 - - default default] No more DHCP agents
2026-06-25 23:32:50.152 10 WARNING neutron.api.rpc.agentnotifiers.dhcp_rpc_agent_api [None req-e9ee974d-eec0-456b-897a-e05517d48337 dbad9a20d49742bb903037aa748fdfb1 73be56c3cdac4a56844cd4ba1b29e121 - - default default] Unable to schedule network 8fbd470a-4312-4c50-b211-19a98e02417c: no agents available; will retry on subsequent port and subnet creation events.
2026-06-25 23:32:50.187 10 INFO neutron.db.ovn_revision_numbers_db [None req-20dd9dd3-6064-4ae5-85b4-b2c5371207e1 - - - - - -] Successfully bumped revision number for resource ea93b8df-5b18-418e-a9a9-ecdac724dde5 (type: ports) to 4
2026-06-25 23:32:50.206 9 INFO neutron.api.wsgi [None req-c0492372-5903-42ee-a19f-f13f32fa227e 86dfeae0282646e9aef1766371c5bb04 0094a7de6c3d4471b71d81131d39ae2b - - default default] 10.0.0.182 "GET /v2.0/security-groups?tenant_id=d5a0b0ba1602405398a67e4188bd0448&name=default HTTP/1.1" status: 200 len: 3120 time: 0.3045821
2026-06-25 23:32:50.253 10 WARNING neutron.plugins.ml2.drivers.ovn.mech_driver.ovsdb.ovn_client [None req-99a98a2f-30a7-4992-a6f0-63aa3f1cf605 - - - - - -] No port found with ID 66b06f41-76f6-4414-995a-5fa556ec5a03: RuntimeError: No port found with ID 66b06f41-76f6-4414-995a-5fa556ec5a03
2026-06-25 23:32:50.266 10 INFO neutron.plugins.ml2.drivers.ovn.mech_driver.mech_driver [None req-99a98a2f-30a7-4992-a6f0-63aa3f1cf605 - - - - - -] OVN reports status up for port: ea93b8df-5b18-418e-a9a9-ecdac724dde5
2026-06-25 23:32:50.368 10 INFO neutron.plugins.ml2.plugin [None req-99a98a2f-30a7-4992-a6f0-63aa3f1cf605 - - - - - -] Attempt 1 to provision port ea93b8df-5b18-418e-a9a9-ecdac724dde5
2026-06-25 23:32:50.405 10 INFO neutron.db.ovn_revision_numbers_db [None req-e9ee974d-eec0-456b-897a-e05517d48337 dbad9a20d49742bb903037aa748fdfb1 73be56c3cdac4a56844cd4ba1b29e121 - - default default] Successfully bumped revision number for resource 65b1e8e1-bfd8-44e1-8dd4-5ba977bc0391 (type: router_ports) to 1
2026-06-25 23:32:50.411 10 INFO neutron.api.wsgi [None req-e9ee974d-eec0-456b-897a-e05517d48337 dbad9a20d49742bb903037aa748fdfb1 73be56c3cdac4a56844cd4ba1b29e121 - - default default] 10.0.0.182 "PUT /v2.0/routers/73618acf-8669-4bd2-ab8f-5fb648ad6cb4/add_router_interface HTTP/1.1" status: 200 len: 503 time: 2.0262692
2026-06-25 23:32:50.508 10 INFO neutron.plugins.ml2.drivers.ovn.mech_driver.mech_driver [None req-99a98a2f-30a7-4992-a6f0-63aa3f1cf605 - - - - - -] OVN reports status up for port: 7f44a32b-16e5-4b32-b171-8a6970f74f0a
2026-06-25 23:32:50.526 10 INFO neutron.plugins.ml2.plugin [None req-99a98a2f-30a7-4992-a6f0-63aa3f1cf605 - - - - - -] Attempt 1 to provision port 7f44a32b-16e5-4b32-b171-8a6970f74f0a
2026-06-25 23:32:50.526 9 INFO neutron.db.ovn_revision_numbers_db [None req-f483ee7e-d0b6-4c2a-bd47-918a06c81fd5 86dfeae0282646e9aef1766371c5bb04 0094a7de6c3d4471b71d81131d39ae2b - - default default] Successfully bumped revision number for resource 7f44a32b-16e5-4b32-b171-8a6970f74f0a (type: ports) to 1
2026-06-25 23:32:50.528 9 INFO neutron.db.ovn_revision_numbers_db [None req-905e3d3c-86ef-4e77-b9f3-60b3771ad2bc - - - - - -] Successfully bumped revision number for resource 65b1e8e1-bfd8-44e1-8dd4-5ba977bc0391 (type: ports) to 2
2026-06-25 23:32:50.530 10 INFO neutron.api.wsgi [None req-abce7d07-9fa7-4144-9540-e215ace48f0e dbad9a20d49742bb903037aa748fdfb1 73be56c3cdac4a56844cd4ba1b29e121 - - default default] 10.0.0.182 "GET /v2.0/ports/65b1e8e1-bfd8-44e1-8dd4-5ba977bc0391 HTTP/1.1" status: 200 len: 1137 time: 0.1135120
2026-06-25 23:32:50.578 10 INFO neutron.api.wsgi [None req-29ba0942-2971-4256-8404-46b52eea31df dbad9a20d49742bb903037aa748fdfb1 73be56c3cdac4a56844cd4ba1b29e121 - - default default] 10.0.0.182 "GET /v2.0/ports/65b1e8e1-bfd8-44e1-8dd4-5ba977bc0391 HTTP/1.1" status: 200 len: 1137 time: 0.0401382
2026-06-25 23:32:50.584 9 WARNING neutron.scheduler.dhcp_agent_scheduler [None req-f483ee7e-d0b6-4c2a-bd47-918a06c81fd5 86dfeae0282646e9aef1766371c5bb04 0094a7de6c3d4471b71d81131d39ae2b - - default default] No more DHCP agents
2026-06-25 23:32:50.591 9 WARNING neutron.api.rpc.agentnotifiers.dhcp_rpc_agent_api [None req-f483ee7e-d0b6-4c2a-bd47-918a06c81fd5 86dfeae0282646e9aef1766371c5bb04 0094a7de6c3d4471b71d81131d39ae2b - - default default] Unable to schedule network 67bf38fb-75ce-47c8-b90d-c61aff26cacb: no agents available; will retry on subsequent port and subnet creation events.
2026-06-25 23:32:50.616 10 INFO neutron.api.wsgi [None req-5b46182d-0287-4493-829f-efbb99518cac 86dfeae0282646e9aef1766371c5bb04 0094a7de6c3d4471b71d81131d39ae2b - - default default] 10.0.0.182 "DELETE /v2.0/security-groups/dfe204d4-e460-4f10-a63b-0444334d6b86 HTTP/1.1" status: 204 len: 168 time: 0.4035194
2026-06-25 23:32:50.666 10 INFO neutron.db.ovn_revision_numbers_db [None req-20dd9dd3-6064-4ae5-85b4-b2c5371207e1 - - - - - -] Successfully bumped revision number for resource ea93b8df-5b18-418e-a9a9-ecdac724dde5 (type: ports) to 5
2026-06-25 23:32:50.933 10 INFO neutron.db.ovn_revision_numbers_db [None req-99a98a2f-30a7-4992-a6f0-63aa3f1cf605 - - - - - -] Successfully bumped revision number for resource 7f44a32b-16e5-4b32-b171-8a6970f74f0a (type: ports) to 2
2026-06-25 23:32:51.189 10 INFO neutron.api.wsgi [req-b9b2bd55-ee7a-4f86-9a5c-5ac8cdbe1679 req-6af248d9-cb38-4011-b235-1fc95d528b79 e9146b75d07c467da468e5b35e3bfd22 4296ab5f6e8446c4af42b16a69828ae9 - - default default] 10.0.0.157 "GET /v2.0/ports?device_id=3cc9e8f8-23f8-47ec-93d8-fe15140e001a HTTP/1.1" status: 200 len: 1174 time: 0.0388036
2026-06-25 23:32:51.232 10 INFO neutron.api.wsgi [req-b9b2bd55-ee7a-4f86-9a5c-5ac8cdbe1679 req-0cd90652-1b39-4bf9-9fe4-04c9eb1715b2 e9146b75d07c467da468e5b35e3bfd22 4296ab5f6e8446c4af42b16a69828ae9 - - default default] 10.0.0.157 "GET /v2.0/security-groups?id=49aba128-89ee-4e38-89c2-d7f2b0602fb1&fields=id&fields=name HTTP/1.1" status: 200 len: 313 time: 0.0331504
2026-06-25 23:32:51.337 9 INFO neutron.api.wsgi [None req-a82195c3-c5b9-45b8-aa43-383321eda1f1 dbad9a20d49742bb903037aa748fdfb1 73be56c3cdac4a56844cd4ba1b29e121 - - default default] 10.0.0.182 "PUT /v2.0/routers/73618acf-8669-4bd2-ab8f-5fb648ad6cb4/remove_router_interface HTTP/1.1" status: 200 len: 503 time: 0.7525101
2026-06-25 23:32:51.361 10 INFO neutron.api.wsgi [None req-abc849c3-3c5d-49ed-bd73-fff8f4e0e650 dbad9a20d49742bb903037aa748fdfb1 73be56c3cdac4a56844cd4ba1b29e121 - - default default] 10.0.0.182 "GET /v2.0/ports?device_id=73618acf-8669-4bd2-ab8f-5fb648ad6cb4 HTTP/1.1" status: 200 len: 205 time: 0.0173559
2026-06-25 23:32:51.431 9 INFO neutron.db.ovn_revision_numbers_db [None req-f483ee7e-d0b6-4c2a-bd47-918a06c81fd5 86dfeae0282646e9aef1766371c5bb04 0094a7de6c3d4471b71d81131d39ae2b - - default default] Successfully bumped revision number for resource 7f44a32b-16e5-4b32-b171-8a6970f74f0a (type: router_ports) to 1
2026-06-25 23:32:51.436 9 INFO neutron.api.wsgi [None req-f483ee7e-d0b6-4c2a-bd47-918a06c81fd5 86dfeae0282646e9aef1766371c5bb04 0094a7de6c3d4471b71d81131d39ae2b - - default default] 10.0.0.182 "PUT /v2.0/routers/6eab7b94-ed38-49d7-82d1-c1b3c63c2fcd/add_router_interface HTTP/1.1" status: 200 len: 503 time: 2.6502154
2026-06-25 23:32:51.548 10 INFO neutron.api.wsgi [req-a0a99117-8781-4b25-8bbc-b0433e1d15ce req-36fa9243-9cf2-440a-9fbf-42df1fa20690 2c7701c85ab94603a734325966eae3c2 dab50b7c660a45cf853e75fd56ba3911 - - 270885a2bed64546875c9241f5473fdb 270885a2bed64546875c9241f5473fdb] 199.19.213.228 "GET /v2.0/ports?tenant_id=4296ab5f6e8446c4af42b16a69828ae9&device_id=3cc9e8f8-23f8-47ec-93d8-fe15140e001a HTTP/1.1" status: 200 len: 1413 time: 0.0459635
2026-06-25 23:32:51.614 10 INFO neutron.api.wsgi [req-a0a99117-8781-4b25-8bbc-b0433e1d15ce req-f11be185-e469-493c-8ef8-d524672b44cf 2c7701c85ab94603a734325966eae3c2 dab50b7c660a45cf853e75fd56ba3911 - - 270885a2bed64546875c9241f5473fdb 270885a2bed64546875c9241f5473fdb] 199.19.213.228 "GET /v2.0/networks?id=6afe649c-9020-434b-ae4c-87ba36fa3030 HTTP/1.1" status: 200 len: 973 time: 0.0602601
2026-06-25 23:32:51.626 10 INFO neutron.api.wsgi [None req-85de3604-0049-4ffc-8ddb-e6895f1541db dbad9a20d49742bb903037aa748fdfb1 73be56c3cdac4a56844cd4ba1b29e121 - - default default] 10.0.0.182 "DELETE /v2.0/routers/73618acf-8669-4bd2-ab8f-5fb648ad6cb4 HTTP/1.1" status: 204 len: 168 time: 0.2607572
2026-06-25 23:32:51.662 10 INFO neutron.api.wsgi [req-a0a99117-8781-4b25-8bbc-b0433e1d15ce req-0faaaebe-be9b-424c-a10b-ff966e4c47f4 2c7701c85ab94603a734325966eae3c2 dab50b7c660a45cf853e75fd56ba3911 - - 270885a2bed64546875c9241f5473fdb 270885a2bed64546875c9241f5473fdb] 199.19.213.228 "GET /v2.0/floatingips?fixed_ip_address=10.100.0.12&port_id=2243293b-5917-4f6a-b9a7-4d359532c62d HTTP/1.1" status: 200 len: 1060 time: 0.0413294
2026-06-25 23:32:51.701 10 INFO neutron.api.wsgi [req-a0a99117-8781-4b25-8bbc-b0433e1d15ce req-9c31a7cf-23ba-46fa-9870-51ddaf441e9a 2c7701c85ab94603a734325966eae3c2 dab50b7c660a45cf853e75fd56ba3911 - - 270885a2bed64546875c9241f5473fdb 270885a2bed64546875c9241f5473fdb] 199.19.213.228 "GET /v2.0/subnets?id=764d852c-4652-42d6-8e2e-9f50a72d65c2 HTTP/1.1" status: 200 len: 892 time: 0.0322523
2026-06-25 23:32:51.742 10 INFO neutron.api.wsgi [req-a0a99117-8781-4b25-8bbc-b0433e1d15ce req-4acfdc9d-90a5-4412-b7dc-b82fa5d29613 2c7701c85ab94603a734325966eae3c2 dab50b7c660a45cf853e75fd56ba3911 - - 270885a2bed64546875c9241f5473fdb 270885a2bed64546875c9241f5473fdb] 199.19.213.228 "GET /v2.0/ports?network_id=6afe649c-9020-434b-ae4c-87ba36fa3030&device_owner=network%3Adhcp HTTP/1.1" status: 200 len: 210 time: 0.0278413
2026-06-25 23:32:51.808 10 INFO neutron.api.wsgi [req-a0a99117-8781-4b25-8bbc-b0433e1d15ce req-e5f33530-16c9-47cc-994e-d6fe07e0644e 2c7701c85ab94603a734325966eae3c2 dab50b7c660a45cf853e75fd56ba3911 - - 270885a2bed64546875c9241f5473fdb 270885a2bed64546875c9241f5473fdb] 199.19.213.228 "GET /v2.0/networks/6afe649c-9020-434b-ae4c-87ba36fa3030?fields=segments HTTP/1.1" status: 200 len: 212 time: 0.0606792
2026-06-25 23:32:51.862 10 INFO neutron.api.wsgi [None req-2f11b3d1-177a-4b4f-9ee8-ab1c1217d876 dbad9a20d49742bb903037aa748fdfb1 73be56c3cdac4a56844cd4ba1b29e121 - - default default] 10.0.0.182 "DELETE /v2.0/subnets/f010b3ff-4b12-4cb3-a768-4526cdb6f780 HTTP/1.1" status: 204 len: 168 time: 0.2305486
2026-06-25 23:32:51.868 10 INFO neutron.api.wsgi [req-a0a99117-8781-4b25-8bbc-b0433e1d15ce req-43a566dd-4aaa-46dd-b61b-d00dcef18ecc 2c7701c85ab94603a734325966eae3c2 dab50b7c660a45cf853e75fd56ba3911 - - 270885a2bed64546875c9241f5473fdb 270885a2bed64546875c9241f5473fdb] 199.19.213.228 "GET /v2.0/networks/6afe649c-9020-434b-ae4c-87ba36fa3030?fields=provider%3Aphysical_network&fields=provider%3Anetwork_type HTTP/1.1" status: 200 len: 277 time: 0.0518913 /var/lib/openstack/lib/python3.12/site-packages/pycadf/identifier.py:71: UserWarning: Invalid uuid: neutron. To ensure interoperability, identifiers should be a valid uuid. warnings.warn(('Invalid uuid: %s. To ensure interoperability, '
2026-06-25 23:32:52.123 9 WARNING neutron_lib.context [None req-376a6ff6-4d67-45ec-a827-700a221c5a39 589b837238e9460d96b86dd211d439bb 1f72c92107d24d8daf303314f0784acc - - default default] Method 'is_advsvc' is deprecated since 2023.2 release (neutron-lib 3.8.0) and will be removed once support for the old RBAC API policies will be removed from Neutron. Please use method 'is_service_role' instead.
2026-06-25 23:32:52.156 9 INFO neutron.services.segments.plugin [-] Segment bfccc312-de16-45f1-a4ee-eb38493a1628 resource provider aggregate not found
2026-06-25 23:32:52.160 9 INFO neutron.services.segments.plugin [-] Segment bfccc312-de16-45f1-a4ee-eb38493a1628 resource provider aggregate not found
2026-06-25 23:32:52.171 9 INFO neutron.services.segments.plugin [-] Segment bfccc312-de16-45f1-a4ee-eb38493a1628 resource provider not found; error: Placement Client Error (4xx): {"errors": [{"status": 404, "title": "Not Found", "detail": "The resource could not be found.\n\n No resource provider with uuid bfccc312-de16-45f1-a4ee-eb38493a1628 found for delete ", "request_id": "req-c0f0483e-489a-493f-824d-ad0cd9bfe8d8"}]}
2026-06-25 23:32:52.174 9 INFO neutron.services.segments.plugin [-] Segment bfccc312-de16-45f1-a4ee-eb38493a1628 resource provider not found; error: Placement Client Error (4xx): {"errors": [{"status": 404, "title": "Not Found", "detail": "The resource could not be found.\n\n No resource provider with uuid bfccc312-de16-45f1-a4ee-eb38493a1628 found for delete ", "request_id": "req-270eecc1-19cd-4de9-a0a3-3713246f302f"}]}
2026-06-25 23:32:52.197 9 INFO neutron.api.wsgi [None req-6857389d-71a7-43e2-a9f1-1ff016bfae94 dbad9a20d49742bb903037aa748fdfb1 73be56c3cdac4a56844cd4ba1b29e121 - - default default] 10.0.0.182 "DELETE /v2.0/networks/8fbd470a-4312-4c50-b211-19a98e02417c HTTP/1.1" status: 204 len: 168 time: 0.3290339
2026-06-25 23:32:52.210 10 WARNING neutron_lib.context [None req-52867d38-e8ef-40e2-9c8c-7495262c29c6 dbad9a20d49742bb903037aa748fdfb1 73be56c3cdac4a56844cd4ba1b29e121 - - default default] Method 'is_advsvc' is deprecated since 2023.2 release (neutron-lib 3.8.0) and will be removed once support for the old RBAC API policies will be removed from Neutron. Please use method 'is_service_role' instead.
2026-06-25 23:32:52.253 9 INFO neutron.db.ovn_revision_numbers_db [None req-376a6ff6-4d67-45ec-a827-700a221c5a39 589b837238e9460d96b86dd211d439bb 1f72c92107d24d8daf303314f0784acc - - default default] Successfully bumped revision number for resource 7f2d8563-f537-405a-8e0b-2f3667ea737d (type: security_groups) to 1
2026-06-25 23:32:52.265 9 INFO neutron.db.ovn_revision_numbers_db [None req-376a6ff6-4d67-45ec-a827-700a221c5a39 589b837238e9460d96b86dd211d439bb 1f72c92107d24d8daf303314f0784acc - - default default] Successfully bumped revision number for resource 337cecfa-565b-466e-b1e7-1d9d178645a6 (type: security_group_rules) to 0
2026-06-25 23:32:52.278 9 INFO neutron.db.ovn_revision_numbers_db [None req-376a6ff6-4d67-45ec-a827-700a221c5a39 589b837238e9460d96b86dd211d439bb 1f72c92107d24d8daf303314f0784acc - - default default] Successfully bumped revision number for resource df38d1bd-464a-449b-9295-d2f73c185de3 (type: security_group_rules) to 0
2026-06-25 23:32:52.312 9 INFO neutron.api.wsgi [None req-376a6ff6-4d67-45ec-a827-700a221c5a39 589b837238e9460d96b86dd211d439bb 1f72c92107d24d8daf303314f0784acc - - default default] 10.0.0.182 "POST /v2.0/security-groups HTTP/1.1" status: 201 len: 1871 time: 0.1925066
2026-06-25 23:32:52.321 10 WARNING neutron_lib.context [None req-8beb2bf0-0de4-4198-ad0b-62b37e7a4ce2 589b837238e9460d96b86dd211d439bb 1f72c92107d24d8daf303314f0784acc - - default default] Method 'is_advsvc' is deprecated since 2023.2 release (neutron-lib 3.8.0) and will be removed once support for the old RBAC API policies will be removed from Neutron. Please use method 'is_service_role' instead.
2026-06-25 23:32:52.370 10 INFO neutron.api.wsgi [req-a2935b4a-4f80-45e2-a428-405dab279585 req-255cb276-ae0b-464a-8a56-6cfd621e9a72 e9146b75d07c467da468e5b35e3bfd22 4296ab5f6e8446c4af42b16a69828ae9 - - default default] 10.0.0.157 "GET /v2.0/ports?device_id=3cc9e8f8-23f8-47ec-93d8-fe15140e001a HTTP/1.1" status: 200 len: 1174 time: 0.0617347
2026-06-25 23:32:52.417 10 INFO neutron.api.wsgi [req-a2935b4a-4f80-45e2-a428-405dab279585 req-348f6a60-4cf8-44fb-9676-e7437ed7f5a6 e9146b75d07c467da468e5b35e3bfd22 4296ab5f6e8446c4af42b16a69828ae9 - - default default] 10.0.0.157 "GET /v2.0/security-groups?id=49aba128-89ee-4e38-89c2-d7f2b0602fb1&fields=id&fields=name HTTP/1.1" status: 200 len: 313 time: 0.0412495
2026-06-25 23:32:52.536 10 INFO neutron.db.ovn_revision_numbers_db [None req-8beb2bf0-0de4-4198-ad0b-62b37e7a4ce2 589b837238e9460d96b86dd211d439bb 1f72c92107d24d8daf303314f0784acc - - default default] Successfully bumped revision number for resource 185a3b9c-9bcc-48a3-8c18-6e528c00d55d (type: security_group_rules) to 0
2026-06-25 23:32:52.574 10 INFO neutron.api.wsgi [None req-8beb2bf0-0de4-4198-ad0b-62b37e7a4ce2 589b837238e9460d96b86dd211d439bb 1f72c92107d24d8daf303314f0784acc - - default default] 10.0.0.182 "POST /v2.0/security-group-rules HTTP/1.1" status: 201 len: 796 time: 0.2555375
2026-06-25 23:32:52.586 9 WARNING neutron_lib.context [None req-0f838954-cf1c-4bb8-94b5-e6fc3c792a15 589b837238e9460d96b86dd211d439bb 1f72c92107d24d8daf303314f0784acc - - default default] Method 'is_advsvc' is deprecated since 2023.2 release (neutron-lib 3.8.0) and will be removed once support for the old RBAC API policies will be removed from Neutron. Please use method 'is_service_role' instead.
2026-06-25 23:32:52.701 9 INFO neutron.db.ovn_revision_numbers_db [None req-0f838954-cf1c-4bb8-94b5-e6fc3c792a15 589b837238e9460d96b86dd211d439bb 1f72c92107d24d8daf303314f0784acc - - default default] Successfully bumped revision number for resource dc99d70e-76e9-47c7-aa0f-c0268cdd05cc (type: security_group_rules) to 0
2026-06-25 23:32:52.702 10 WARNING neutron.scheduler.dhcp_agent_scheduler [None req-52867d38-e8ef-40e2-9c8c-7495262c29c6 dbad9a20d49742bb903037aa748fdfb1 73be56c3cdac4a56844cd4ba1b29e121 - - default default] No more DHCP agents
2026-06-25 23:32:52.704 10 WARNING neutron.api.rpc.agentnotifiers.dhcp_rpc_agent_api [None req-52867d38-e8ef-40e2-9c8c-7495262c29c6 dbad9a20d49742bb903037aa748fdfb1 73be56c3cdac4a56844cd4ba1b29e121 - - default default] Unable to schedule network 7aedf66c-0727-4621-af53-4780d276fef0: no agents available; will retry on subsequent port and subnet creation events.
2026-06-25 23:32:52.745 9 INFO neutron.api.wsgi [None req-0f838954-cf1c-4bb8-94b5-e6fc3c792a15 589b837238e9460d96b86dd211d439bb 1f72c92107d24d8daf303314f0784acc - - default default] 10.0.0.182 "POST /v2.0/security-group-rules HTTP/1.1" status: 201 len: 795 time: 0.1636512
2026-06-25 23:32:52.765 9 WARNING neutron_lib.context [None req-fd851dc0-a6bb-4a3a-990f-8ee2a26c765b 589b837238e9460d96b86dd211d439bb 1f72c92107d24d8daf303314f0784acc - - default default] Method 'is_advsvc' is deprecated since 2023.2 release (neutron-lib 3.8.0) and will be removed once support for the old RBAC API policies will be removed from Neutron. Please use method 'is_service_role' instead.
2026-06-25 23:32:52.861 10 INFO neutron.db.ovn_revision_numbers_db [None req-52867d38-e8ef-40e2-9c8c-7495262c29c6 dbad9a20d49742bb903037aa748fdfb1 73be56c3cdac4a56844cd4ba1b29e121 - - default default] Successfully bumped revision number for resource fe3b10a2-9423-40f7-b4cb-d57f1bf4c8ec (type: ports) to 1
2026-06-25 23:32:52.887 9 INFO neutron.db.ovn_revision_numbers_db [None req-fd851dc0-a6bb-4a3a-990f-8ee2a26c765b 589b837238e9460d96b86dd211d439bb 1f72c92107d24d8daf303314f0784acc - - default default] Successfully bumped revision number for resource dca15852-6c41-424b-81bb-a69ba29a8249 (type: security_group_rules) to 0
2026-06-25 23:32:52.919 9 INFO neutron.api.wsgi [None req-fd851dc0-a6bb-4a3a-990f-8ee2a26c765b 589b837238e9460d96b86dd211d439bb 1f72c92107d24d8daf303314f0784acc - - default default] 10.0.0.182 "POST /v2.0/security-group-rules HTTP/1.1" status: 201 len: 801 time: 0.1622024
2026-06-25 23:32:52.926 9 WARNING neutron_lib.context [None req-9cd09e69-c2c6-4e2b-8ebd-37be86c2a589 589b837238e9460d96b86dd211d439bb 1f72c92107d24d8daf303314f0784acc - - default default] Method 'is_advsvc' is deprecated since 2023.2 release (neutron-lib 3.8.0) and will be removed once support for the old RBAC API policies will be removed from Neutron. Please use method 'is_service_role' instead.
2026-06-25 23:32:53.043 9 INFO neutron.db.ovn_revision_numbers_db [None req-9cd09e69-c2c6-4e2b-8ebd-37be86c2a589 589b837238e9460d96b86dd211d439bb 1f72c92107d24d8daf303314f0784acc - - default default] Successfully bumped revision number for resource eff5ebbf-690a-4d06-8dd3-40f1e4d95148 (type: security_group_rules) to 0
2026-06-25 23:32:53.079 9 INFO neutron.api.wsgi [None req-9cd09e69-c2c6-4e2b-8ebd-37be86c2a589 589b837238e9460d96b86dd211d439bb 1f72c92107d24d8daf303314f0784acc - - default default] 10.0.0.182 "POST /v2.0/security-group-rules HTTP/1.1" status: 201 len: 800 time: 0.1549661
2026-06-25 23:32:53.090 9 WARNING neutron_lib.context [None req-59e318ca-777f-4854-8a09-a349fbe4b205 589b837238e9460d96b86dd211d439bb 1f72c92107d24d8daf303314f0784acc - - default default] Method 'is_advsvc' is deprecated since 2023.2 release (neutron-lib 3.8.0) and will be removed once support for the old RBAC API policies will be removed from Neutron. Please use method 'is_service_role' instead.
2026-06-25 23:32:53.127 9 INFO neutron.db.securitygroups_db [None req-59e318ca-777f-4854-8a09-a349fbe4b205 589b837238e9460d96b86dd211d439bb 1f72c92107d24d8daf303314f0784acc - - default default] Project 1f72c92107d24d8daf303314f0784acc added a security group rule with legacy IPv6 ICMP protocol name icmp, ipv6-icmp should be used instead. It was automatically converted.
2026-06-25 23:32:53.182 9 INFO neutron.db.ovn_revision_numbers_db [None req-6b9c5a98-4a4d-4a9c-b21f-1ea3e44b0c58 86dfeae0282646e9aef1766371c5bb04 0094a7de6c3d4471b71d81131d39ae2b - - default default] Successfully bumped revision number for resource 1891828b-0d13-4265-a519-9d2d111934a7 (type: security_groups) to 1
2026-06-25 23:32:53.198 9 INFO neutron.db.ovn_revision_numbers_db [None req-6b9c5a98-4a4d-4a9c-b21f-1ea3e44b0c58 86dfeae0282646e9aef1766371c5bb04 0094a7de6c3d4471b71d81131d39ae2b - - default default] Successfully bumped revision number for resource 30555284-c336-4492-bc80-9016e3fd230f (type: security_group_rules) to 0
2026-06-25 23:32:53.212 9 INFO neutron.db.ovn_revision_numbers_db [None req-6b9c5a98-4a4d-4a9c-b21f-1ea3e44b0c58 86dfeae0282646e9aef1766371c5bb04 0094a7de6c3d4471b71d81131d39ae2b - - default default] Successfully bumped revision number for resource 4a73843d-fd02-4fe3-a973-fcf698edcff6 (type: security_group_rules) to 0
2026-06-25 23:32:53.227 9 INFO neutron.db.ovn_revision_numbers_db [None req-6b9c5a98-4a4d-4a9c-b21f-1ea3e44b0c58 86dfeae0282646e9aef1766371c5bb04 0094a7de6c3d4471b71d81131d39ae2b - - default default] Successfully bumped revision number for resource cec5f3cf-9352-48bb-8045-c11eee42eb23 (type: security_group_rules) to 0
2026-06-25 23:32:53.249 9 INFO neutron.db.ovn_revision_numbers_db [None req-59e318ca-777f-4854-8a09-a349fbe4b205 589b837238e9460d96b86dd211d439bb 1f72c92107d24d8daf303314f0784acc - - default default] Successfully bumped revision number for resource 94aaa253-559f-447f-89ab-a3306dd5603d (type: security_group_rules) to 0
2026-06-25 23:32:53.252 9 INFO neutron.db.ovn_revision_numbers_db [None req-6b9c5a98-4a4d-4a9c-b21f-1ea3e44b0c58 86dfeae0282646e9aef1766371c5bb04 0094a7de6c3d4471b71d81131d39ae2b - - default default] Successfully bumped revision number for resource fa2fe991-bcbb-430c-be0b-2226a4b1e9ff (type: security_group_rules) to 0
2026-06-25 23:32:53.288 9 INFO neutron.api.wsgi [None req-59e318ca-777f-4854-8a09-a349fbe4b205 589b837238e9460d96b86dd211d439bb 1f72c92107d24d8daf303314f0784acc - - default default] 10.0.0.182 "POST /v2.0/security-group-rules HTTP/1.1" status: 201 len: 806 time: 0.2030218
2026-06-25 23:32:53.293 9 INFO neutron.api.wsgi [None req-6b9c5a98-4a4d-4a9c-b21f-1ea3e44b0c58 86dfeae0282646e9aef1766371c5bb04 0094a7de6c3d4471b71d81131d39ae2b - - default default] 10.0.0.182 "GET /v2.0/security-groups?tenant_id=4ab9bcad2ada43e3841244ff807184a9&name=default HTTP/1.1" status: 200 len: 3120 time: 0.3808954
2026-06-25 23:32:53.300 10 WARNING neutron_lib.context [None req-dbe73469-e99b-49ea-93e1-e38348fff142 589b837238e9460d96b86dd211d439bb 1f72c92107d24d8daf303314f0784acc - - default default] Method 'is_advsvc' is deprecated since 2023.2 release (neutron-lib 3.8.0) and will be removed once support for the old RBAC API policies will be removed from Neutron. Please use method 'is_service_role' instead.
2026-06-25 23:32:53.355 10 INFO neutron.db.securitygroups_db [None req-dbe73469-e99b-49ea-93e1-e38348fff142 589b837238e9460d96b86dd211d439bb 1f72c92107d24d8daf303314f0784acc - - default default] Project 1f72c92107d24d8daf303314f0784acc added a security group rule with legacy IPv6 ICMP protocol name icmp, ipv6-icmp should be used instead. It was automatically converted.
2026-06-25 23:32:53.426 10 INFO neutron.plugins.ml2.drivers.ovn.mech_driver.ovsdb.commands [None req-3d702c47-7bb6-4f8c-bc74-6a722a012ca3 - - - - - -] Schedule LRP lrp-fe3b10a2-9423-40f7-b4cb-d57f1bf4c8ec on gateway 7b1806a7-773a-48c1-83c9-12ccd4aecf91 with priority 1
2026-06-25 23:32:53.456 9 INFO neutron.api.wsgi [None req-0970407f-69c9-4e6e-95d4-4c1731cca4c1 86dfeae0282646e9aef1766371c5bb04 0094a7de6c3d4471b71d81131d39ae2b - - default default] 10.0.0.182 "DELETE /v2.0/security-groups/1891828b-0d13-4265-a519-9d2d111934a7 HTTP/1.1" status: 204 len: 168 time: 0.1571050
2026-06-25 23:32:53.475 10 INFO neutron.db.ovn_revision_numbers_db [None req-52867d38-e8ef-40e2-9c8c-7495262c29c6 dbad9a20d49742bb903037aa748fdfb1 73be56c3cdac4a56844cd4ba1b29e121 - - default default] Successfully bumped revision number for resource fe3b10a2-9423-40f7-b4cb-d57f1bf4c8ec (type: router_ports) to 1
2026-06-25 23:32:53.476 10 INFO neutron.db.ovn_revision_numbers_db [None req-dbe73469-e99b-49ea-93e1-e38348fff142 589b837238e9460d96b86dd211d439bb 1f72c92107d24d8daf303314f0784acc - - default default] Successfully bumped revision number for resource 01e116bd-46b9-4762-ac52-55a070e62d62 (type: security_group_rules) to 0
2026-06-25 23:32:53.556 10 INFO neutron.api.wsgi [req-e8861cee-ab77-4789-9ac8-b7572922fb73 req-3aa27616-45d0-477c-a7b8-5efa2fa4ffaa e9146b75d07c467da468e5b35e3bfd22 4296ab5f6e8446c4af42b16a69828ae9 - - default default] 10.0.0.157 "GET /v2.0/ports?device_id=3cc9e8f8-23f8-47ec-93d8-fe15140e001a HTTP/1.1" status: 200 len: 1174 time: 0.0665715
2026-06-25 23:32:53.571 10 INFO neutron.api.wsgi [None req-dbe73469-e99b-49ea-93e1-e38348fff142 589b837238e9460d96b86dd211d439bb 1f72c92107d24d8daf303314f0784acc - - default default] 10.0.0.182 "POST /v2.0/security-group-rules HTTP/1.1" status: 201 len: 805 time: 0.2768154
2026-06-25 23:32:53.593 10 INFO neutron.db.ovn_revision_numbers_db [None req-52867d38-e8ef-40e2-9c8c-7495262c29c6 dbad9a20d49742bb903037aa748fdfb1 73be56c3cdac4a56844cd4ba1b29e121 - - default default] Successfully bumped revision number for resource bc1f8f49-f773-4124-a220-39b7b2f012bc (type: routers) to 2
2026-06-25 23:32:53.608 10 INFO neutron.api.wsgi [req-e8861cee-ab77-4789-9ac8-b7572922fb73 req-4e50ccf6-fa1e-4f9f-8b0d-24c67ba75182 e9146b75d07c467da468e5b35e3bfd22 4296ab5f6e8446c4af42b16a69828ae9 - - default default] 10.0.0.157 "GET /v2.0/security-groups?id=49aba128-89ee-4e38-89c2-d7f2b0602fb1&fields=id&fields=name HTTP/1.1" status: 200 len: 313 time: 0.0447404
2026-06-25 23:32:53.611 10 INFO neutron.api.wsgi [None req-52867d38-e8ef-40e2-9c8c-7495262c29c6 dbad9a20d49742bb903037aa748fdfb1 73be56c3cdac4a56844cd4ba1b29e121 - - default default] 10.0.0.182 "POST /v2.0/routers HTTP/1.1" status: 201 len: 1147 time: 1.4071538
2026-06-25 23:32:53.675 10 INFO neutron.api.wsgi [None req-8297401e-76bf-43f0-b0ca-1e5ea451fd9b dbad9a20d49742bb903037aa748fdfb1 73be56c3cdac4a56844cd4ba1b29e121 - - default default] 10.0.0.182 "GET /v2.0/routers/bc1f8f49-f773-4124-a220-39b7b2f012bc HTTP/1.1" status: 200 len: 1148 time: 0.0559530
2026-06-25 23:32:53.773 10 INFO neutron.api.wsgi [None req-39052eee-d61b-4d81-a8d4-d8da78b4fe6f dbad9a20d49742bb903037aa748fdfb1 73be56c3cdac4a56844cd4ba1b29e121 - - default default] 10.0.0.182 "GET /v2.0/routers HTTP/1.1" status: 200 len: 1151 time: 0.0894303
2026-06-25 23:32:53.960 9 WARNING neutron_lib.context [None req-ed80d64b-98e2-46b9-be90-52301b9fa5d0 589b837238e9460d96b86dd211d439bb 1f72c92107d24d8daf303314f0784acc - - default default] Method 'is_advsvc' is deprecated since 2023.2 release (neutron-lib 3.8.0) and will be removed once support for the old RBAC API policies will be removed from Neutron. Please use method 'is_service_role' instead.
2026-06-25 23:32:54.059 9 INFO neutron.db.ovn_revision_numbers_db [None req-ed80d64b-98e2-46b9-be90-52301b9fa5d0 589b837238e9460d96b86dd211d439bb 1f72c92107d24d8daf303314f0784acc - - default default] Successfully bumped revision number for resource 2fcabb96-9599-44a6-b51c-41d8565598d1 (type: security_groups) to 1
2026-06-25 23:32:54.070 9 INFO neutron.db.ovn_revision_numbers_db [None req-ed80d64b-98e2-46b9-be90-52301b9fa5d0 589b837238e9460d96b86dd211d439bb 1f72c92107d24d8daf303314f0784acc - - default default] Successfully bumped revision number for resource 25416544-bfc0-4956-8ab4-a588ad9fbcd6 (type: security_group_rules) to 0
2026-06-25 23:32:54.087 9 INFO neutron.db.ovn_revision_numbers_db [None req-ed80d64b-98e2-46b9-be90-52301b9fa5d0 589b837238e9460d96b86dd211d439bb 1f72c92107d24d8daf303314f0784acc - - default default] Successfully bumped revision number for resource ce508b57-e517-4d61-a454-e72f4ffcc26c (type: security_group_rules) to 0
2026-06-25 23:32:54.118 9 INFO neutron.api.wsgi [None req-ed80d64b-98e2-46b9-be90-52301b9fa5d0 589b837238e9460d96b86dd211d439bb 1f72c92107d24d8daf303314f0784acc - - default default] 10.0.0.182 "POST /v2.0/security-groups HTTP/1.1" status: 201 len: 1859 time: 0.1603749
2026-06-25 23:32:54.125 9 WARNING neutron_lib.context [None req-518ab082-e164-4f2a-bd34-a884ce93ee43 589b837238e9460d96b86dd211d439bb 1f72c92107d24d8daf303314f0784acc - - default default] Method 'is_advsvc' is deprecated since 2023.2 release (neutron-lib 3.8.0) and will be removed once support for the old RBAC API policies will be removed from Neutron. Please use method 'is_service_role' instead.
2026-06-25 23:32:54.160 10 INFO neutron.db.ovn_revision_numbers_db [None req-fcdc6cd2-06ea-4a71-a29b-f85ee588b9ca dbad9a20d49742bb903037aa748fdfb1 73be56c3cdac4a56844cd4ba1b29e121 - - default default] Successfully bumped revision number for resource bc1f8f49-f773-4124-a220-39b7b2f012bc (type: routers) to 3
2026-06-25 23:32:54.166 10 INFO neutron.api.wsgi [None req-fcdc6cd2-06ea-4a71-a29b-f85ee588b9ca dbad9a20d49742bb903037aa748fdfb1 73be56c3cdac4a56844cd4ba1b29e121 - - default default] 10.0.0.182 "PUT /v2.0/routers/bc1f8f49-f773-4124-a220-39b7b2f012bc HTTP/1.1" status: 200 len: 1155 time: 0.3899283
2026-06-25 23:32:54.223 10 INFO neutron.api.wsgi [None req-b5fa12ce-e383-4f41-b8e3-deff37f8b876 dbad9a20d49742bb903037aa748fdfb1 73be56c3cdac4a56844cd4ba1b29e121 - - default default] 10.0.0.182 "GET /v2.0/routers/bc1f8f49-f773-4124-a220-39b7b2f012bc HTTP/1.1" status: 200 len: 1155 time: 0.0524147
2026-06-25 23:32:54.230 9 INFO neutron.db.ovn_revision_numbers_db [None req-518ab082-e164-4f2a-bd34-a884ce93ee43 589b837238e9460d96b86dd211d439bb 1f72c92107d24d8daf303314f0784acc - - default default] Successfully bumped revision number for resource 7f3ffeaf-e03f-4047-ba67-ca7be802438a (type: security_group_rules) to 0
2026-06-25 23:32:54.247 10 INFO neutron.api.wsgi [None req-5cefe9fc-688c-496f-89f3-ca1490306862 dbad9a20d49742bb903037aa748fdfb1 73be56c3cdac4a56844cd4ba1b29e121 - - default default] 10.0.0.182 "GET /v2.0/ports?device_id=bc1f8f49-f773-4124-a220-39b7b2f012bc HTTP/1.1" status: 200 len: 205 time: 0.0163939
2026-06-25 23:32:54.256 9 INFO neutron.api.wsgi [None req-518ab082-e164-4f2a-bd34-a884ce93ee43 589b837238e9460d96b86dd211d439bb 1f72c92107d24d8daf303314f0784acc - - default default] 10.0.0.182 "POST /v2.0/security-group-rules HTTP/1.1" status: 201 len: 796 time: 0.1348515
2026-06-25 23:32:54.264 9 WARNING neutron_lib.context [None req-5e918bcb-9a7b-4e27-9ee2-13abf5d6a507 589b837238e9460d96b86dd211d439bb 1f72c92107d24d8daf303314f0784acc - - default default] Method 'is_advsvc' is deprecated since 2023.2 release (neutron-lib 3.8.0) and will be removed once support for the old RBAC API policies will be removed from Neutron. Please use method 'is_service_role' instead.
2026-06-25 23:32:54.365 9 INFO neutron.db.ovn_revision_numbers_db [None req-5e918bcb-9a7b-4e27-9ee2-13abf5d6a507 589b837238e9460d96b86dd211d439bb 1f72c92107d24d8daf303314f0784acc - - default default] Successfully bumped revision number for resource 49514340-3f20-4632-8b8f-69b5a61c9b4f (type: security_group_rules) to 0
2026-06-25 23:32:54.392 9 INFO neutron.api.wsgi [None req-5e918bcb-9a7b-4e27-9ee2-13abf5d6a507 589b837238e9460d96b86dd211d439bb 1f72c92107d24d8daf303314f0784acc - - default default] 10.0.0.182 "POST /v2.0/security-group-rules HTTP/1.1" status: 201 len: 801 time: 0.1318905
2026-06-25 23:32:54.401 9 WARNING neutron_lib.context [None req-5a58817f-fb47-4fbd-afe9-1f1819124bb7 589b837238e9460d96b86dd211d439bb 1f72c92107d24d8daf303314f0784acc - - default default] Method 'is_advsvc' is deprecated since 2023.2 release (neutron-lib 3.8.0) and will be removed once support for the old RBAC API policies will be removed from Neutron. Please use method 'is_service_role' instead.
2026-06-25 23:32:54.602 9 WARNING neutron.scheduler.dhcp_agent_scheduler [None req-5a58817f-fb47-4fbd-afe9-1f1819124bb7 589b837238e9460d96b86dd211d439bb 1f72c92107d24d8daf303314f0784acc - - default default] No more DHCP agents
2026-06-25 23:32:54.604 9 WARNING neutron.api.rpc.agentnotifiers.dhcp_rpc_agent_api [None req-5a58817f-fb47-4fbd-afe9-1f1819124bb7 589b837238e9460d96b86dd211d439bb 1f72c92107d24d8daf303314f0784acc - - default default] Unable to schedule network 7aedf66c-0727-4621-af53-4780d276fef0: no agents available; will retry on subsequent port and subnet creation events.
2026-06-25 23:32:54.780 10 INFO neutron.api.wsgi [req-7d816759-6320-4fb1-a13d-d9dcd0af74f3 req-764a5475-1e09-480b-b07d-0c8230a3e65a e9146b75d07c467da468e5b35e3bfd22 4296ab5f6e8446c4af42b16a69828ae9 - - default default] 10.0.0.157 "GET /v2.0/ports?device_id=3cc9e8f8-23f8-47ec-93d8-fe15140e001a HTTP/1.1" status: 200 len: 1174 time: 0.1079912
2026-06-25 23:32:54.831 10 INFO neutron.api.wsgi [req-7d816759-6320-4fb1-a13d-d9dcd0af74f3 req-c338ffb2-1104-42d2-8e4f-b300baaf4c4f e9146b75d07c467da468e5b35e3bfd22 4296ab5f6e8446c4af42b16a69828ae9 - - default default] 10.0.0.157 "GET /v2.0/security-groups?id=49aba128-89ee-4e38-89c2-d7f2b0602fb1&fields=id&fields=name HTTP/1.1" status: 200 len: 313 time: 0.0425711
2026-06-25 23:32:54.919 9 INFO neutron.api.wsgi [None req-5a58817f-fb47-4fbd-afe9-1f1819124bb7 589b837238e9460d96b86dd211d439bb 1f72c92107d24d8daf303314f0784acc - - default default] 10.0.0.182 "POST /v2.0/floatingips HTTP/1.1" status: 201 len: 751 time: 0.5207493
2026-06-25 23:32:55.042 10 INFO neutron.api.wsgi [req-2fca8b48-f6a3-47f3-9251-a0ecc2b6850b req-e3293fe6-5d83-49c4-93b8-3b7f579218b8 589b837238e9460d96b86dd211d439bb 1f72c92107d24d8daf303314f0784acc - - default default] 10.0.0.157 "GET /v2.0/security-groups?name=tempest-securitygroup--1687539470&fields=id&tenant_id=1f72c92107d24d8daf303314f0784acc HTTP/1.1" status: 200 len: 267 time: 0.0454192
2026-06-25 23:32:55.102 10 INFO neutron.api.wsgi [req-2fca8b48-f6a3-47f3-9251-a0ecc2b6850b req-db557c7b-2ee6-4c2d-9d55-ddffded850a8 589b837238e9460d96b86dd211d439bb 1f72c92107d24d8daf303314f0784acc - - default default] 10.0.0.157 "GET /v2.0/security-groups?name=tempest-secgroup-smoke-38324821&fields=id&tenant_id=1f72c92107d24d8daf303314f0784acc HTTP/1.1" status: 200 len: 267 time: 0.0535502
2026-06-25 23:32:55.157 10 INFO neutron.api.wsgi [None req-5e8936a8-93bc-4988-9301-4de2c9f6ae8b dbad9a20d49742bb903037aa748fdfb1 73be56c3cdac4a56844cd4ba1b29e121 - - default default] 10.0.0.182 "DELETE /v2.0/routers/bc1f8f49-f773-4124-a220-39b7b2f012bc HTTP/1.1" status: 204 len: 168 time: 0.9060938
2026-06-25 23:32:55.175 10 INFO neutron.api.wsgi [req-2fca8b48-f6a3-47f3-9251-a0ecc2b6850b req-8c107975-23e3-4aa3-98cd-13fea4c171e2 589b837238e9460d96b86dd211d439bb 1f72c92107d24d8daf303314f0784acc - - default default] 10.0.0.157 "GET /v2.0/networks?id=5bdee4bc-c12d-4d38-b287-4a8740ba9377 HTTP/1.1" status: 200 len: 872 time: 0.0670230
2026-06-25 23:32:55.182 9 INFO neutron.api.wsgi [None req-1cb825fc-40c2-497a-8c0f-c3021d5719bb dbad9a20d49742bb903037aa748fdfb1 73be56c3cdac4a56844cd4ba1b29e121 - - default default] 10.0.0.182 "GET /v2.0/ports?device_id=bc1f8f49-f773-4124-a220-39b7b2f012bc HTTP/1.1" status: 200 len: 205 time: 0.0175643
2026-06-25 23:32:55.189 10 INFO neutron.api.wsgi [req-2fca8b48-f6a3-47f3-9251-a0ecc2b6850b req-64398aa0-7c36-450f-a234-7b598747dbe9 589b837238e9460d96b86dd211d439bb 1f72c92107d24d8daf303314f0784acc - - default default] 10.0.0.157 "GET /v2.0/quotas/1f72c92107d24d8daf303314f0784acc HTTP/1.1" status: 200 len: 491 time: 0.0086851
2026-06-25 23:32:55.201 9 INFO neutron.api.v2.resource [None req-3f1b35e5-7b5a-4ef8-9f3c-65204f885635 dbad9a20d49742bb903037aa748fdfb1 73be56c3cdac4a56844cd4ba1b29e121 - - default default] delete failed (client error): The resource could not be found.
2026-06-25 23:32:55.202 9 INFO neutron.api.wsgi [None req-3f1b35e5-7b5a-4ef8-9f3c-65204f885635 dbad9a20d49742bb903037aa748fdfb1 73be56c3cdac4a56844cd4ba1b29e121 - - default default] 10.0.0.182 "DELETE /v2.0/routers/bc1f8f49-f773-4124-a220-39b7b2f012bc HTTP/1.1" status: 404 len: 336 time: 0.0150557
2026-06-25 23:32:55.228 9 INFO neutron.api.wsgi [None req-fd8fd4a4-3627-462c-9881-858de81da09d dbad9a20d49742bb903037aa748fdfb1 73be56c3cdac4a56844cd4ba1b29e121 - - default default] 10.0.0.182 "GET /v2.0/ports?device_id=73618acf-8669-4bd2-ab8f-5fb648ad6cb4 HTTP/1.1" status: 200 len: 205 time: 0.0207648
2026-06-25 23:32:55.247 10 INFO neutron.api.v2.resource [None req-57b10c07-76af-4473-86e9-34c24ccbd740 dbad9a20d49742bb903037aa748fdfb1 73be56c3cdac4a56844cd4ba1b29e121 - - default default] delete failed (client error): The resource could not be found.
2026-06-25 23:32:55.248 10 INFO neutron.api.wsgi [None req-57b10c07-76af-4473-86e9-34c24ccbd740 dbad9a20d49742bb903037aa748fdfb1 73be56c3cdac4a56844cd4ba1b29e121 - - default default] 10.0.0.182 "DELETE /v2.0/routers/73618acf-8669-4bd2-ab8f-5fb648ad6cb4 HTTP/1.1" status: 404 len: 336 time: 0.0158715
2026-06-25 23:32:55.263 9 INFO neutron.pecan_wsgi.hooks.translation [None req-c9924875-f3d0-4ec6-90cb-72dea0f7a62e dbad9a20d49742bb903037aa748fdfb1 73be56c3cdac4a56844cd4ba1b29e121 - - default default] DELETE failed (client error): The resource could not be found.
2026-06-25 23:32:55.264 10 INFO neutron.api.wsgi [req-2fca8b48-f6a3-47f3-9251-a0ecc2b6850b req-8ae93617-64d6-4b6a-b1de-43f0cadf409c 589b837238e9460d96b86dd211d439bb 1f72c92107d24d8daf303314f0784acc - - default default] 10.0.0.157 "GET /v2.0/ports?tenant_id=1f72c92107d24d8daf303314f0784acc&fields=id HTTP/1.1" status: 200 len: 302 time: 0.0698898
2026-06-25 23:32:55.266 9 INFO neutron.api.wsgi [None req-c9924875-f3d0-4ec6-90cb-72dea0f7a62e dbad9a20d49742bb903037aa748fdfb1 73be56c3cdac4a56844cd4ba1b29e121 - - default default] 10.0.0.182 "DELETE /v2.0/subnets/f010b3ff-4b12-4cb3-a768-4526cdb6f780 HTTP/1.1" status: 404 len: 337 time: 0.0143251
2026-06-25 23:32:55.275 10 INFO neutron.api.wsgi [None req-21ce251e-fcc8-4686-a610-e35eec6f6c33 13d1d1aa87ee4600a7d6e9749ae0d288 024f0708db5b4fe4815f63f8ec8e2719 - - default default] 10.0.0.182 "GET /v2.0/extensions HTTP/1.1" status: 200 len: 19293 time: 0.1419928
2026-06-25 23:32:55.287 10 INFO neutron.api.wsgi [None req-ece2d7c6-4421-4941-b50e-b0a846946551 13d1d1aa87ee4600a7d6e9749ae0d288 024f0708db5b4fe4815f63f8ec8e2719 - - default default] 10.0.0.182 "GET /v2.0/extensions/address-group HTTP/1.1" status: 200 len: 353 time: 0.0041254
2026-06-25 23:32:55.288 9 INFO neutron.api.wsgi [None req-7d30b713-2f47-4542-aa7b-9d13db85a6b3 dbad9a20d49742bb903037aa748fdfb1 73be56c3cdac4a56844cd4ba1b29e121 - - default default] 10.0.0.182 "GET /v2.0/ports?device_id=0e8403c3-dfa8-4a7a-bf30-e605b4d77e29 HTTP/1.1" status: 200 len: 205 time: 0.0166688
2026-06-25 23:32:55.301 9 INFO neutron.api.wsgi [None req-d9c86b57-8b0f-41c9-b400-e421ad4ff6fd 13d1d1aa87ee4600a7d6e9749ae0d288 024f0708db5b4fe4815f63f8ec8e2719 - - default default] 10.0.0.182 "GET /v2.0/extensions/address-scope HTTP/1.1" status: 200 len: 357 time: 0.0086064
2026-06-25 23:32:55.320 10 INFO neutron.api.wsgi [None req-6c43bc15-ce5b-4dca-a295-75a74bb91c0d 13d1d1aa87ee4600a7d6e9749ae0d288 024f0708db5b4fe4815f63f8ec8e2719 - - default default] 10.0.0.182 "GET /v2.0/extensions/agent HTTP/1.1" status: 200 len: 347 time: 0.0095801
2026-06-25 23:32:55.324 9 INFO neutron.api.v2.resource [None req-7d14f60c-a814-4443-bd6b-96a846cefe3b dbad9a20d49742bb903037aa748fdfb1 73be56c3cdac4a56844cd4ba1b29e121 - - default default] delete failed (client error): The resource could not be found.
2026-06-25 23:32:55.325 9 INFO neutron.api.wsgi [None req-7d14f60c-a814-4443-bd6b-96a846cefe3b dbad9a20d49742bb903037aa748fdfb1 73be56c3cdac4a56844cd4ba1b29e121 - - default default] 10.0.0.182 "DELETE /v2.0/routers/0e8403c3-dfa8-4a7a-bf30-e605b4d77e29 HTTP/1.1" status: 404 len: 336 time: 0.0325239
2026-06-25 23:32:55.329 10 INFO neutron.api.wsgi [None req-ec0c92c2-5db4-41d6-a32d-815f4a67bba1 13d1d1aa87ee4600a7d6e9749ae0d288 024f0708db5b4fe4815f63f8ec8e2719 - - default default] 10.0.0.182 "GET /v2.0/extensions/allowed-address-pairs HTTP/1.1" status: 200 len: 378 time: 0.0043361
2026-06-25 23:32:55.332 10 INFO neutron.api.wsgi [req-2fca8b48-f6a3-47f3-9251-a0ecc2b6850b req-2f7c484e-749c-4471-9b14-af82011b9191 2c7701c85ab94603a734325966eae3c2 dab50b7c660a45cf853e75fd56ba3911 - - 270885a2bed64546875c9241f5473fdb 270885a2bed64546875c9241f5473fdb] 10.0.0.157 "GET /v2.0/networks/5bdee4bc-c12d-4d38-b287-4a8740ba9377?fields=segments HTTP/1.1" status: 200 len: 212 time: 0.0562158
