2026-03-02 22:32:09.822 7 INFO placement.requestlog [None req-e1397004-3467-4e8c-9998-80191e740d8c dea4b78718684a05b6eb1a00e271fdeb 34c370fe71a34178b05557452f8812ba - - 9f5af08c5d794f57bc18f2ea8a5d6366 9f5af08c5d794f57bc18f2ea8a5d6366] 10.0.0.55 "GET /resource_providers/630fc967-7c42-455f-97ac-5dd7dd2c3848/aggregates" status: 404 len: 235 microversion: 1.1 [pid: 7|app: 0|req: 458/919] 10.0.0.55 () {32 vars in 815 bytes} [Mon Mar 2 22:32:09 2026] GET /resource_providers/630fc967-7c42-455f-97ac-5dd7dd2c3848/aggregates => generated 235 bytes in 9 msecs (HTTP/1.1 404) 5 headers in 202 bytes (1 switches on core 0)
2026-03-02 22:32:09.823 8 INFO placement.requestlog [None req-3a7df9ca-ffcf-47e8-8c81-1e21082f4036 dea4b78718684a05b6eb1a00e271fdeb 34c370fe71a34178b05557452f8812ba - - 9f5af08c5d794f57bc18f2ea8a5d6366 9f5af08c5d794f57bc18f2ea8a5d6366] 10.0.0.55 "GET /resource_providers/4f190b24-25fb-4e68-9986-6205383e96a1/aggregates" status: 404 len: 235 microversion: 1.1 [pid: 8|app: 0|req: 462/920] 10.0.0.55 () {32 vars in 815 bytes} [Mon Mar 2 22:32:09 2026] GET /resource_providers/4f190b24-25fb-4e68-9986-6205383e96a1/aggregates => generated 235 bytes in 16 msecs (HTTP/1.1 404) 5 headers in 202 bytes (1 switches on core 0)
2026-03-02 22:32:09.833 7 INFO placement.requestlog [None req-5c3f18a3-7993-45be-8195-ad3024361eb7 dea4b78718684a05b6eb1a00e271fdeb 34c370fe71a34178b05557452f8812ba - - 9f5af08c5d794f57bc18f2ea8a5d6366 9f5af08c5d794f57bc18f2ea8a5d6366] 10.0.0.55 "GET /resource_providers/4f190b24-25fb-4e68-9986-6205383e96a1/aggregates" status: 404 len: 235 microversion: 1.1 [pid: 7|app: 0|req: 459/921] 10.0.0.55 () {32 vars in 815 bytes} [Mon Mar 2 22:32:09 2026] GET /resource_providers/4f190b24-25fb-4e68-9986-6205383e96a1/aggregates => generated 235 bytes in 10 msecs (HTTP/1.1 404) 5 headers in 202 bytes (1 switches on core 0)
2026-03-02 22:32:09.853 7 INFO placement.requestlog [None req-53c7da7e-b48a-44ba-b8b0-ecb9a0073483 dea4b78718684a05b6eb1a00e271fdeb 34c370fe71a34178b05557452f8812ba - - 9f5af08c5d794f57bc18f2ea8a5d6366 9f5af08c5d794f57bc18f2ea8a5d6366] 10.0.0.55 "DELETE /resource_providers/630fc967-7c42-455f-97ac-5dd7dd2c3848" status: 404 len: 246 microversion: 1.1 [pid: 7|app: 0|req: 460/922] 10.0.0.55 () {34 vars in 815 bytes} [Mon Mar 2 22:32:09 2026] DELETE /resource_providers/630fc967-7c42-455f-97ac-5dd7dd2c3848 => generated 246 bytes in 10 msecs (HTTP/1.1 404) 6 headers in 231 bytes (1 switches on core 0)
2026-03-02 22:32:09.855 8 INFO placement.requestlog [None req-9ee37eb0-b7df-4d98-9604-4222b9a87c20 dea4b78718684a05b6eb1a00e271fdeb 34c370fe71a34178b05557452f8812ba - - 9f5af08c5d794f57bc18f2ea8a5d6366 9f5af08c5d794f57bc18f2ea8a5d6366] 10.0.0.55 "DELETE /resource_providers/630fc967-7c42-455f-97ac-5dd7dd2c3848" status: 404 len: 246 microversion: 1.1 [pid: 8|app: 0|req: 463/923] 10.0.0.55 () {34 vars in 815 bytes} [Mon Mar 2 22:32:09 2026] DELETE /resource_providers/630fc967-7c42-455f-97ac-5dd7dd2c3848 => generated 246 bytes in 14 msecs (HTTP/1.1 404) 6 headers in 231 bytes (1 switches on core 0)
2026-03-02 22:32:09.859 7 INFO placement.requestlog [None req-fd74340f-5afa-4d88-9c0b-92080bb90cf7 dea4b78718684a05b6eb1a00e271fdeb 34c370fe71a34178b05557452f8812ba - - 9f5af08c5d794f57bc18f2ea8a5d6366 9f5af08c5d794f57bc18f2ea8a5d6366] 10.0.0.55 "DELETE /resource_providers/4f190b24-25fb-4e68-9986-6205383e96a1" status: 404 len: 246 microversion: 1.1 [pid: 7|app: 0|req: 461/924] 10.0.0.55 () {34 vars in 815 bytes} [Mon Mar 2 22:32:09 2026] DELETE /resource_providers/4f190b24-25fb-4e68-9986-6205383e96a1 => generated 246 bytes in 6 msecs (HTTP/1.1 404) 6 headers in 231 bytes (1 switches on core 0)
2026-03-02 22:32:09.865 8 INFO placement.requestlog [None req-99a53cf8-918c-4c0b-af0f-0c587ec5c920 dea4b78718684a05b6eb1a00e271fdeb 34c370fe71a34178b05557452f8812ba - - 9f5af08c5d794f57bc18f2ea8a5d6366 9f5af08c5d794f57bc18f2ea8a5d6366] 10.0.0.55 "DELETE /resource_providers/4f190b24-25fb-4e68-9986-6205383e96a1" status: 404 len: 246 microversion: 1.1 [pid: 8|app: 0|req: 464/925] 10.0.0.55 () {34 vars in 815 bytes} [Mon Mar 2 22:32:09 2026] DELETE /resource_providers/4f190b24-25fb-4e68-9986-6205383e96a1 => generated 246 bytes in 9 msecs (HTTP/1.1 404) 6 headers in 231 bytes (1 switches on core 0)
2026-03-02 22:32:12.139 7 INFO placement.requestlog [None req-d0be4f9e-9187-4624-a867-26006f6b481d 69e1c0b7e0874dccba70c1fb4a936fd5 6d8b1c5f9dc94cedb6e9770d46c182e6 - - default default] 10.0.0.22 "GET /resource_providers" status: 200 len: 405 microversion: 1.0 [pid: 7|app: 0|req: 462/926] 10.0.0.22 () {28 vars in 592 bytes} [Mon Mar 2 22:32:11 2026] GET /resource_providers => generated 405 bytes in 268 msecs (HTTP/1.1 200) 6 headers in 224 bytes (1 switches on core 0)
2026-03-02 22:32:12.166 8 INFO placement.requestlog [None req-0a212413-a261-45aa-9a89-ec8c18ee9d36 69e1c0b7e0874dccba70c1fb4a936fd5 6d8b1c5f9dc94cedb6e9770d46c182e6 - - default default] 10.0.0.22 "GET /resource_providers/66340269-94b4-45ae-9516-3ca6e39a7cb1/inventories" status: 200 len: 400 microversion: 1.0 [pid: 8|app: 0|req: 465/927] 10.0.0.22 () {28 vars in 690 bytes} [Mon Mar 2 22:32:12 2026] GET /resource_providers/66340269-94b4-45ae-9516-3ca6e39a7cb1/inventories => generated 400 bytes in 21 msecs (HTTP/1.1 200) 6 headers in 224 bytes (1 switches on core 0)
2026-03-02 22:32:12.196 7 INFO placement.requestlog [None req-8b166304-8c02-4132-99ae-dde3979bcc12 69e1c0b7e0874dccba70c1fb4a936fd5 6d8b1c5f9dc94cedb6e9770d46c182e6 - - default default] 10.0.0.22 "GET /resource_providers/66340269-94b4-45ae-9516-3ca6e39a7cb1/usages" status: 200 len: 90 microversion: 1.0 [pid: 7|app: 0|req: 463/928] 10.0.0.22 () {28 vars in 680 bytes} [Mon Mar 2 22:32:12 2026] GET /resource_providers/66340269-94b4-45ae-9516-3ca6e39a7cb1/usages => generated 90 bytes in 24 msecs (HTTP/1.1 200) 6 headers in 223 bytes (1 switches on core 0)
2026-03-02 22:32:12.956 8 INFO placement.requestlog [None req-d3ef22a0-2ee1-428c-8ce2-46e86f112c68 - - - - - -] 10.0.0.177 "GET /" status: 200 len: 136 microversion: 1.0
2026-03-02 22:32:12.956 7 INFO placement.requestlog [None req-36050b22-f314-4b35-889b-a88ddbf1d34f - - - - - -] 10.0.0.177 "GET /" status: 200 len: 136 microversion: 1.0
2026-03-02 22:32:13.655 8 INFO placement.requestlog [None req-ba317d3e-43e3-42f2-aa3f-ed8174b2a11e dea4b78718684a05b6eb1a00e271fdeb 34c370fe71a34178b05557452f8812ba - - 9f5af08c5d794f57bc18f2ea8a5d6366 9f5af08c5d794f57bc18f2ea8a5d6366] 10.0.0.55 "GET /resource_providers/0d8f4dbe-7e55-4969-84f7-e4fbd08039ac/aggregates" status: 404 len: 235 microversion: 1.1 [pid: 8|app: 0|req: 467/931] 10.0.0.55 () {32 vars in 815 bytes} [Mon Mar 2 22:32:13 2026] GET /resource_providers/0d8f4dbe-7e55-4969-84f7-e4fbd08039ac/aggregates => generated 235 bytes in 6 msecs (HTTP/1.1 404) 5 headers in 202 bytes (1 switches on core 0)
2026-03-02 22:32:13.657 7 INFO placement.requestlog [None req-3b5f7298-f9a4-46a5-8e4b-59b9c486716f dea4b78718684a05b6eb1a00e271fdeb 34c370fe71a34178b05557452f8812ba - - 9f5af08c5d794f57bc18f2ea8a5d6366 9f5af08c5d794f57bc18f2ea8a5d6366] 10.0.0.55 "GET /resource_providers/0d8f4dbe-7e55-4969-84f7-e4fbd08039ac/aggregates" status: 404 len: 235 microversion: 1.1 [pid: 7|app: 0|req: 465/932] 10.0.0.55 () {32 vars in 815 bytes} [Mon Mar 2 22:32:13 2026] GET /resource_providers/0d8f4dbe-7e55-4969-84f7-e4fbd08039ac/aggregates => generated 235 bytes in 8 msecs (HTTP/1.1 404) 5 headers in 202 bytes (1 switches on core 0)
2026-03-02 22:32:13.673 8 INFO placement.requestlog [None req-84e8053e-b8be-4f0d-af2c-c68d34dded34 dea4b78718684a05b6eb1a00e271fdeb 34c370fe71a34178b05557452f8812ba - - 9f5af08c5d794f57bc18f2ea8a5d6366 9f5af08c5d794f57bc18f2ea8a5d6366] 10.0.0.55 "DELETE /resource_providers/0d8f4dbe-7e55-4969-84f7-e4fbd08039ac" status: 404 len: 246 microversion: 1.1 [pid: 8|app: 0|req: 468/933] 10.0.0.55 () {34 vars in 815 bytes} [Mon Mar 2 22:32:13 2026] DELETE /resource_providers/0d8f4dbe-7e55-4969-84f7-e4fbd08039ac => generated 246 bytes in 7 msecs (HTTP/1.1 404) 6 headers in 231 bytes (1 switches on core 0)
2026-03-02 22:32:13.679 7 INFO placement.requestlog [None req-9c588ba6-971b-4173-99ec-74d9d43bf2d5 dea4b78718684a05b6eb1a00e271fdeb 34c370fe71a34178b05557452f8812ba - - 9f5af08c5d794f57bc18f2ea8a5d6366 9f5af08c5d794f57bc18f2ea8a5d6366] 10.0.0.55 "DELETE /resource_providers/0d8f4dbe-7e55-4969-84f7-e4fbd08039ac" status: 404 len: 246 microversion: 1.1 [pid: 7|app: 0|req: 466/934] 10.0.0.55 () {34 vars in 815 bytes} [Mon Mar 2 22:32:13 2026] DELETE /resource_providers/0d8f4dbe-7e55-4969-84f7-e4fbd08039ac => generated 246 bytes in 8 msecs (HTTP/1.1 404) 6 headers in 231 bytes (1 switches on core 0)
2026-03-02 22:32:13.719 8 INFO placement.requestlog [None req-99bf1384-244d-47ec-939c-9fa00ed83564 dea4b78718684a05b6eb1a00e271fdeb 34c370fe71a34178b05557452f8812ba - - 9f5af08c5d794f57bc18f2ea8a5d6366 9f5af08c5d794f57bc18f2ea8a5d6366] 10.0.0.55 "GET /resource_providers/10b32cae-45c4-4699-ad10-f521121df31c/aggregates" status: 404 len: 235 microversion: 1.1 [pid: 8|app: 0|req: 469/935] 10.0.0.55 () {32 vars in 815 bytes} [Mon Mar 2 22:32:13 2026] GET /resource_providers/10b32cae-45c4-4699-ad10-f521121df31c/aggregates => generated 235 bytes in 7 msecs (HTTP/1.1 404) 5 headers in 202 bytes (1 switches on core 0)
2026-03-02 22:32:13.720 7 INFO placement.requestlog [None req-32ccba6d-8946-4617-ab76-180b12e8029b dea4b78718684a05b6eb1a00e271fdeb 34c370fe71a34178b05557452f8812ba - - 9f5af08c5d794f57bc18f2ea8a5d6366 9f5af08c5d794f57bc18f2ea8a5d6366] 10.0.0.55 "GET /resource_providers/10b32cae-45c4-4699-ad10-f521121df31c/aggregates" status: 404 len: 235 microversion: 1.1 [pid: 7|app: 0|req: 467/936] 10.0.0.55 () {32 vars in 815 bytes} [Mon Mar 2 22:32:13 2026] GET /resource_providers/10b32cae-45c4-4699-ad10-f521121df31c/aggregates => generated 235 bytes in 8 msecs (HTTP/1.1 404) 5 headers in 202 bytes (1 switches on core 0)
2026-03-02 22:32:13.736 8 INFO placement.requestlog [None req-9bd8a242-7939-434c-adae-33cfcd4ecd39 dea4b78718684a05b6eb1a00e271fdeb 34c370fe71a34178b05557452f8812ba - - 9f5af08c5d794f57bc18f2ea8a5d6366 9f5af08c5d794f57bc18f2ea8a5d6366] 10.0.0.55 "DELETE /resource_providers/10b32cae-45c4-4699-ad10-f521121df31c" status: 404 len: 246 microversion: 1.1 [pid: 8|app: 0|req: 470/937] 10.0.0.55 () {34 vars in 815 bytes} [Mon Mar 2 22:32:13 2026] DELETE /resource_providers/10b32cae-45c4-4699-ad10-f521121df31c => generated 246 bytes in 9 msecs (HTTP/1.1 404) 6 headers in 231 bytes (1 switches on core 0)
2026-03-02 22:32:13.737 7 INFO placement.requestlog [None req-2bc03e7c-7fd5-4b0a-984c-73365c6af402 dea4b78718684a05b6eb1a00e271fdeb 34c370fe71a34178b05557452f8812ba - - 9f5af08c5d794f57bc18f2ea8a5d6366 9f5af08c5d794f57bc18f2ea8a5d6366] 10.0.0.55 "DELETE /resource_providers/10b32cae-45c4-4699-ad10-f521121df31c" status: 404 len: 246 microversion: 1.1 [pid: 7|app: 0|req: 468/938] 10.0.0.55 () {34 vars in 815 bytes} [Mon Mar 2 22:32:13 2026] DELETE /resource_providers/10b32cae-45c4-4699-ad10-f521121df31c => generated 246 bytes in 7 msecs (HTTP/1.1 404) 6 headers in 231 bytes (1 switches on core 0)
2026-03-02 22:32:15.692 8 INFO placement.requestlog [None req-f6079377-15b4-4404-8445-a34d92ebec65 dea4b78718684a05b6eb1a00e271fdeb 34c370fe71a34178b05557452f8812ba - - 9f5af08c5d794f57bc18f2ea8a5d6366 9f5af08c5d794f57bc18f2ea8a5d6366] 10.0.0.55 "GET /resource_providers/4b7e6eeb-8a77-4350-8d15-5683b31339ae/aggregates" status: 404 len: 235 microversion: 1.1 [pid: 8|app: 0|req: 471/939] 10.0.0.55 () {32 vars in 815 bytes} [Mon Mar 2 22:32:15 2026] GET /resource_providers/4b7e6eeb-8a77-4350-8d15-5683b31339ae/aggregates => generated 235 bytes in 10 msecs (HTTP/1.1 404) 5 headers in 202 bytes (1 switches on core 0)
2026-03-02 22:32:15.715 7 INFO placement.requestlog [None req-67983780-e3b7-4df3-97ee-daedb85f9c16 dea4b78718684a05b6eb1a00e271fdeb 34c370fe71a34178b05557452f8812ba - - 9f5af08c5d794f57bc18f2ea8a5d6366 9f5af08c5d794f57bc18f2ea8a5d6366] 10.0.0.55 "GET /resource_providers/4b7e6eeb-8a77-4350-8d15-5683b31339ae/aggregates" status: 404 len: 235 microversion: 1.1 [pid: 7|app: 0|req: 469/940] 10.0.0.55 () {32 vars in 815 bytes} [Mon Mar 2 22:32:15 2026] GET /resource_providers/4b7e6eeb-8a77-4350-8d15-5683b31339ae/aggregates => generated 235 bytes in 10 msecs (HTTP/1.1 404) 5 headers in 202 bytes (1 switches on core 0)
2026-03-02 22:32:15.717 8 INFO placement.requestlog [None req-5d222c28-99e4-40e8-9d35-6b80e9da5890 dea4b78718684a05b6eb1a00e271fdeb 34c370fe71a34178b05557452f8812ba - - 9f5af08c5d794f57bc18f2ea8a5d6366 9f5af08c5d794f57bc18f2ea8a5d6366] 10.0.0.55 "DELETE /resource_providers/4b7e6eeb-8a77-4350-8d15-5683b31339ae" status: 404 len: 246 microversion: 1.1 [pid: 8|app: 0|req: 472/941] 10.0.0.55 () {34 vars in 815 bytes} [Mon Mar 2 22:32:15 2026] DELETE /resource_providers/4b7e6eeb-8a77-4350-8d15-5683b31339ae => generated 246 bytes in 10 msecs (HTTP/1.1 404) 6 headers in 231 bytes (1 switches on core 0)
2026-03-02 22:32:15.734 7 INFO placement.requestlog [None req-d6e7013e-f9ea-4fd0-88b1-4c291ccbe422 dea4b78718684a05b6eb1a00e271fdeb 34c370fe71a34178b05557452f8812ba - - 9f5af08c5d794f57bc18f2ea8a5d6366 9f5af08c5d794f57bc18f2ea8a5d6366] 10.0.0.55 "DELETE /resource_providers/4b7e6eeb-8a77-4350-8d15-5683b31339ae" status: 404 len: 246 microversion: 1.1 [pid: 7|app: 0|req: 470/942] 10.0.0.55 () {34 vars in 815 bytes} [Mon Mar 2 22:32:15 2026] DELETE /resource_providers/4b7e6eeb-8a77-4350-8d15-5683b31339ae => generated 246 bytes in 7 msecs (HTTP/1.1 404) 6 headers in 231 bytes (1 switches on core 0)
2026-03-02 22:32:15.758 7 INFO placement.requestlog [None req-e1cbd242-46fe-400d-a757-45736ff564fc dea4b78718684a05b6eb1a00e271fdeb 34c370fe71a34178b05557452f8812ba - - 9f5af08c5d794f57bc18f2ea8a5d6366 9f5af08c5d794f57bc18f2ea8a5d6366] 10.0.0.55 "GET /resource_providers/c5917d52-b4ee-4918-ad75-1e7592df87de/aggregates" status: 404 len: 235 microversion: 1.1 [pid: 7|app: 0|req: 471/943] 10.0.0.55 () {32 vars in 815 bytes} [Mon Mar 2 22:32:15 2026] GET /resource_providers/c5917d52-b4ee-4918-ad75-1e7592df87de/aggregates => generated 235 bytes in 9 msecs (HTTP/1.1 404) 5 headers in 202 bytes (1 switches on core 0)
2026-03-02 22:32:15.759 8 INFO placement.requestlog [None req-24e0a734-9698-4d79-aafe-a25501fcc0e7 dea4b78718684a05b6eb1a00e271fdeb 34c370fe71a34178b05557452f8812ba - - 9f5af08c5d794f57bc18f2ea8a5d6366 9f5af08c5d794f57bc18f2ea8a5d6366] 10.0.0.55 "GET /resource_providers/c5917d52-b4ee-4918-ad75-1e7592df87de/aggregates" status: 404 len: 235 microversion: 1.1 [pid: 8|app: 0|req: 473/944] 10.0.0.55 () {32 vars in 815 bytes} [Mon Mar 2 22:32:15 2026] GET /resource_providers/c5917d52-b4ee-4918-ad75-1e7592df87de/aggregates => generated 235 bytes in 11 msecs (HTTP/1.1 404) 5 headers in 202 bytes (1 switches on core 0)
2026-03-02 22:32:15.779 7 INFO placement.requestlog [None req-8796dfe2-2aef-484e-91e0-ec5bf2032916 dea4b78718684a05b6eb1a00e271fdeb 34c370fe71a34178b05557452f8812ba - - 9f5af08c5d794f57bc18f2ea8a5d6366 9f5af08c5d794f57bc18f2ea8a5d6366] 10.0.0.55 "DELETE /resource_providers/c5917d52-b4ee-4918-ad75-1e7592df87de" status: 404 len: 246 microversion: 1.1 [pid: 7|app: 0|req: 472/945] 10.0.0.55 () {34 vars in 815 bytes} [Mon Mar 2 22:32:15 2026] DELETE /resource_providers/c5917d52-b4ee-4918-ad75-1e7592df87de => generated 246 bytes in 10 msecs (HTTP/1.1 404) 6 headers in 231 bytes (1 switches on core 0)
2026-03-02 22:32:15.780 8 INFO placement.requestlog [None req-9eb05b57-4d6b-4ebd-afd6-940f29b99dfe dea4b78718684a05b6eb1a00e271fdeb 34c370fe71a34178b05557452f8812ba - - 9f5af08c5d794f57bc18f2ea8a5d6366 9f5af08c5d794f57bc18f2ea8a5d6366] 10.0.0.55 "DELETE /resource_providers/c5917d52-b4ee-4918-ad75-1e7592df87de" status: 404 len: 246 microversion: 1.1 [pid: 8|app: 0|req: 474/946] 10.0.0.55 () {34 vars in 815 bytes} [Mon Mar 2 22:32:15 2026] DELETE /resource_providers/c5917d52-b4ee-4918-ad75-1e7592df87de => generated 246 bytes in 11 msecs (HTTP/1.1 404) 6 headers in 231 bytes (1 switches on core 0)
2026-03-02 22:32:18.367 7 INFO placement.requestlog [None req-5c585aed-94b6-4a4c-86f4-d99d8bab3616 dea4b78718684a05b6eb1a00e271fdeb 34c370fe71a34178b05557452f8812ba - - 9f5af08c5d794f57bc18f2ea8a5d6366 9f5af08c5d794f57bc18f2ea8a5d6366] 10.0.0.55 "GET /resource_providers/67439767-b6df-414c-8530-1ec90b4955ee/aggregates" status: 404 len: 235 microversion: 1.1 [pid: 7|app: 0|req: 473/947] 10.0.0.55 () {32 vars in 815 bytes} [Mon Mar 2 22:32:18 2026] GET /resource_providers/67439767-b6df-414c-8530-1ec90b4955ee/aggregates => generated 235 bytes in 8 msecs (HTTP/1.1 404) 5 headers in 202 bytes (1 switches on core 0)
2026-03-02 22:32:18.368 8 INFO placement.requestlog [None req-47c4d375-35e2-4f17-bdd0-2326377757c0 dea4b78718684a05b6eb1a00e271fdeb 34c370fe71a34178b05557452f8812ba - - 9f5af08c5d794f57bc18f2ea8a5d6366 9f5af08c5d794f57bc18f2ea8a5d6366] 10.0.0.55 "GET /resource_providers/67439767-b6df-414c-8530-1ec90b4955ee/aggregates" status: 404 len: 235 microversion: 1.1 [pid: 8|app: 0|req: 475/948] 10.0.0.55 () {32 vars in 815 bytes} [Mon Mar 2 22:32:18 2026] GET /resource_providers/67439767-b6df-414c-8530-1ec90b4955ee/aggregates => generated 235 bytes in 8 msecs (HTTP/1.1 404) 5 headers in 202 bytes (1 switches on core 0)
2026-03-02 22:32:18.374 7 INFO placement.requestlog [None req-c65846f2-9ac7-4295-b223-9a2f82ffed9f dea4b78718684a05b6eb1a00e271fdeb 34c370fe71a34178b05557452f8812ba - - 9f5af08c5d794f57bc18f2ea8a5d6366 9f5af08c5d794f57bc18f2ea8a5d6366] 10.0.0.55 "GET /resource_providers/44419ee4-4741-429b-9bdc-8474af44eb1d/aggregates" status: 404 len: 235 microversion: 1.1 [pid: 7|app: 0|req: 474/949] 10.0.0.55 () {32 vars in 815 bytes} [Mon Mar 2 22:32:18 2026] GET /resource_providers/44419ee4-4741-429b-9bdc-8474af44eb1d/aggregates => generated 235 bytes in 6 msecs (HTTP/1.1 404) 5 headers in 202 bytes (1 switches on core 0)
2026-03-02 22:32:18.377 8 INFO placement.requestlog [None req-c2bed807-8ae2-4123-984f-9826ac33289f dea4b78718684a05b6eb1a00e271fdeb 34c370fe71a34178b05557452f8812ba - - 9f5af08c5d794f57bc18f2ea8a5d6366 9f5af08c5d794f57bc18f2ea8a5d6366] 10.0.0.55 "GET /resource_providers/44419ee4-4741-429b-9bdc-8474af44eb1d/aggregates" status: 404 len: 235 microversion: 1.1 [pid: 8|app: 0|req: 476/950] 10.0.0.55 () {32 vars in 815 bytes} [Mon Mar 2 22:32:18 2026] GET /resource_providers/44419ee4-4741-429b-9bdc-8474af44eb1d/aggregates => generated 235 bytes in 8 msecs (HTTP/1.1 404) 5 headers in 202 bytes (1 switches on core 0)
2026-03-02 22:32:18.389 7 INFO placement.requestlog [None req-f46a24da-328d-4516-83d4-fc6eca73e2fe dea4b78718684a05b6eb1a00e271fdeb 34c370fe71a34178b05557452f8812ba - - 9f5af08c5d794f57bc18f2ea8a5d6366 9f5af08c5d794f57bc18f2ea8a5d6366] 10.0.0.55 "DELETE /resource_providers/67439767-b6df-414c-8530-1ec90b4955ee" status: 404 len: 246 microversion: 1.1 [pid: 7|app: 0|req: 475/951] 10.0.0.55 () {34 vars in 815 bytes} [Mon Mar 2 22:32:18 2026] DELETE /resource_providers/67439767-b6df-414c-8530-1ec90b4955ee => generated 246 bytes in 7 msecs (HTTP/1.1 404) 6 headers in 231 bytes (1 switches on core 0)
2026-03-02 22:32:18.395 8 INFO placement.requestlog [None req-6cfd3178-1bf8-4b0a-bba5-e42e358ae659 dea4b78718684a05b6eb1a00e271fdeb 34c370fe71a34178b05557452f8812ba - - 9f5af08c5d794f57bc18f2ea8a5d6366 9f5af08c5d794f57bc18f2ea8a5d6366] 10.0.0.55 "DELETE /resource_providers/67439767-b6df-414c-8530-1ec90b4955ee" status: 404 len: 246 microversion: 1.1 [pid: 8|app: 0|req: 477/952] 10.0.0.55 () {34 vars in 815 bytes} [Mon Mar 2 22:32:18 2026] DELETE /resource_providers/67439767-b6df-414c-8530-1ec90b4955ee => generated 246 bytes in 9 msecs (HTTP/1.1 404) 6 headers in 231 bytes (1 switches on core 0)
2026-03-02 22:32:18.395 7 INFO placement.requestlog [None req-c722e88f-7943-4739-be1a-b9f40532c942 dea4b78718684a05b6eb1a00e271fdeb 34c370fe71a34178b05557452f8812ba - - 9f5af08c5d794f57bc18f2ea8a5d6366 9f5af08c5d794f57bc18f2ea8a5d6366] 10.0.0.55 "DELETE /resource_providers/44419ee4-4741-429b-9bdc-8474af44eb1d" status: 404 len: 246 microversion: 1.1 [pid: 7|app: 0|req: 476/953] 10.0.0.55 () {34 vars in 815 bytes} [Mon Mar 2 22:32:18 2026] DELETE /resource_providers/44419ee4-4741-429b-9bdc-8474af44eb1d => generated 246 bytes in 6 msecs (HTTP/1.1 404) 6 headers in 231 bytes (1 switches on core 0)
2026-03-02 22:32:18.402 8 INFO placement.requestlog [None req-bdcc4c8a-a7bd-4166-9043-d6c74476b614 dea4b78718684a05b6eb1a00e271fdeb 34c370fe71a34178b05557452f8812ba - - 9f5af08c5d794f57bc18f2ea8a5d6366 9f5af08c5d794f57bc18f2ea8a5d6366] 10.0.0.55 "DELETE /resource_providers/44419ee4-4741-429b-9bdc-8474af44eb1d" status: 404 len: 246 microversion: 1.1 [pid: 8|app: 0|req: 478/954] 10.0.0.55 () {34 vars in 815 bytes} [Mon Mar 2 22:32:18 2026] DELETE /resource_providers/44419ee4-4741-429b-9bdc-8474af44eb1d => generated 246 bytes in 7 msecs (HTTP/1.1 404) 6 headers in 231 bytes (1 switches on core 0)
2026-03-02 22:32:18.998 7 INFO placement.requestlog [req-9ef6e275-ee37-4293-b639-997de4e43528 req-a7760378-362d-42eb-88e2-20970fe5ad28 32b6eb14c6804ceab355724b0135954f 34c370fe71a34178b05557452f8812ba - - 9f5af08c5d794f57bc18f2ea8a5d6366 9f5af08c5d794f57bc18f2ea8a5d6366] 199.19.213.145 "GET /resource_providers/66340269-94b4-45ae-9516-3ca6e39a7cb1/allocations" status: 200 len: 138 microversion: 1.0 [pid: 7|app: 0|req: 477/955] 199.19.213.145 () {32 vars in 857 bytes} [Mon Mar 2 22:32:18 2026] GET /resource_providers/66340269-94b4-45ae-9516-3ca6e39a7cb1/allocations => generated 138 bytes in 16 msecs (HTTP/1.1 200) 6 headers in 224 bytes (1 switches on core 0)
2026-03-02 22:32:19.019 8 INFO placement.requestlog [req-9ef6e275-ee37-4293-b639-997de4e43528 req-7c39772d-366f-494f-8666-2b414353885d 32b6eb14c6804ceab355724b0135954f 34c370fe71a34178b05557452f8812ba - - 9f5af08c5d794f57bc18f2ea8a5d6366 9f5af08c5d794f57bc18f2ea8a5d6366] 199.19.213.145 "GET /allocations/80a7d030-321f-4048-9144-d19d874049f2" status: 200 len: 243 microversion: 1.28 [pid: 8|app: 0|req: 479/956] 199.19.213.145 () {34 vars in 863 bytes} [Mon Mar 2 22:32:19 2026] GET /allocations/80a7d030-321f-4048-9144-d19d874049f2 => generated 243 bytes in 13 msecs (HTTP/1.1 200) 8 headers in 296 bytes (1 switches on core 0)
2026-03-02 22:32:20.073 7 INFO placement.requestlog [req-9ef6e275-ee37-4293-b639-997de4e43528 req-a2b39387-d4a8-42cf-9420-5656de72bf53 32b6eb14c6804ceab355724b0135954f 34c370fe71a34178b05557452f8812ba - - 9f5af08c5d794f57bc18f2ea8a5d6366 9f5af08c5d794f57bc18f2ea8a5d6366] 199.19.213.145 "DELETE /allocations/80a7d030-321f-4048-9144-d19d874049f2" status: 204 len: 0 microversion: 1.0 [pid: 7|app: 0|req: 478/957] 199.19.213.145 () {34 vars in 841 bytes} [Mon Mar 2 22:32:20 2026] DELETE /allocations/80a7d030-321f-4048-9144-d19d874049f2 => generated 0 bytes in 21 msecs (HTTP/1.1 204) 5 headers in 198 bytes (1 switches on core 0)
2026-03-02 22:32:20.410 8 INFO placement.requestlog [None req-e268e082-f830-4b12-9ef1-e6b4ff5a772f dea4b78718684a05b6eb1a00e271fdeb 34c370fe71a34178b05557452f8812ba - - 9f5af08c5d794f57bc18f2ea8a5d6366 9f5af08c5d794f57bc18f2ea8a5d6366] 10.0.0.55 "GET /resource_providers/254c6cd6-966e-4b2a-b687-7d216dda89cf/aggregates" status: 404 len: 235 microversion: 1.1 [pid: 8|app: 0|req: 480/958] 10.0.0.55 () {32 vars in 815 bytes} [Mon Mar 2 22:32:20 2026] GET /resource_providers/254c6cd6-966e-4b2a-b687-7d216dda89cf/aggregates => generated 235 bytes in 9 msecs (HTTP/1.1 404) 5 headers in 202 bytes (1 switches on core 0)
2026-03-02 22:32:20.415 7 INFO placement.requestlog [None req-c606ae15-f70d-48cb-aa15-bea7abf38383 dea4b78718684a05b6eb1a00e271fdeb 34c370fe71a34178b05557452f8812ba - - 9f5af08c5d794f57bc18f2ea8a5d6366 9f5af08c5d794f57bc18f2ea8a5d6366] 10.0.0.55 "GET /resource_providers/254c6cd6-966e-4b2a-b687-7d216dda89cf/aggregates" status: 404 len: 235 microversion: 1.1 [pid: 7|app: 0|req: 479/959] 10.0.0.55 () {32 vars in 815 bytes} [Mon Mar 2 22:32:20 2026] GET /resource_providers/254c6cd6-966e-4b2a-b687-7d216dda89cf/aggregates => generated 235 bytes in 12 msecs (HTTP/1.1 404) 5 headers in 202 bytes (1 switches on core 0)
2026-03-02 22:32:20.426 8 INFO placement.requestlog [None req-e0d99f76-18ea-49ab-9d12-0faa7f369165 dea4b78718684a05b6eb1a00e271fdeb 34c370fe71a34178b05557452f8812ba - - 9f5af08c5d794f57bc18f2ea8a5d6366 9f5af08c5d794f57bc18f2ea8a5d6366] 10.0.0.55 "DELETE /resource_providers/254c6cd6-966e-4b2a-b687-7d216dda89cf" status: 404 len: 246 microversion: 1.1 [pid: 8|app: 0|req: 481/960] 10.0.0.55 () {34 vars in 815 bytes} [Mon Mar 2 22:32:20 2026] DELETE /resource_providers/254c6cd6-966e-4b2a-b687-7d216dda89cf => generated 246 bytes in 9 msecs (HTTP/1.1 404) 6 headers in 231 bytes (1 switches on core 0)
2026-03-02 22:32:20.432 7 INFO placement.requestlog [None req-72a073d7-4388-4ea2-962b-4c963e4f4fa5 dea4b78718684a05b6eb1a00e271fdeb 34c370fe71a34178b05557452f8812ba - - 9f5af08c5d794f57bc18f2ea8a5d6366 9f5af08c5d794f57bc18f2ea8a5d6366] 10.0.0.55 "DELETE /resource_providers/254c6cd6-966e-4b2a-b687-7d216dda89cf" status: 404 len: 246 microversion: 1.1 [pid: 7|app: 0|req: 480/961] 10.0.0.55 () {34 vars in 815 bytes} [Mon Mar 2 22:32:20 2026] DELETE /resource_providers/254c6cd6-966e-4b2a-b687-7d216dda89cf => generated 246 bytes in 8 msecs (HTTP/1.1 404) 6 headers in 231 bytes (1 switches on core 0)
2026-03-02 22:32:22.749 7 INFO placement.requestlog [None req-61b69492-54e8-44a1-b086-f2173d453a58 dea4b78718684a05b6eb1a00e271fdeb 34c370fe71a34178b05557452f8812ba - - 9f5af08c5d794f57bc18f2ea8a5d6366 9f5af08c5d794f57bc18f2ea8a5d6366] 10.0.0.55 "GET /resource_providers/e0a0b0bb-5288-4b16-a5cd-b9cd09d23534/aggregates" status: 404 len: 235 microversion: 1.1 [pid: 7|app: 0|req: 481/962] 10.0.0.55 () {32 vars in 815 bytes} [Mon Mar 2 22:32:22 2026] GET /resource_providers/e0a0b0bb-5288-4b16-a5cd-b9cd09d23534/aggregates => generated 235 bytes in 10 msecs (HTTP/1.1 404) 5 headers in 202 bytes (1 switches on core 0)
2026-03-02 22:32:22.750 8 INFO placement.requestlog [None req-6b841116-dbce-4275-aa31-7fae6848147d dea4b78718684a05b6eb1a00e271fdeb 34c370fe71a34178b05557452f8812ba - - 9f5af08c5d794f57bc18f2ea8a5d6366 9f5af08c5d794f57bc18f2ea8a5d6366] 10.0.0.55 "GET /resource_providers/e0a0b0bb-5288-4b16-a5cd-b9cd09d23534/aggregates" status: 404 len: 235 microversion: 1.1 [pid: 8|app: 0|req: 482/963] 10.0.0.55 () {32 vars in 815 bytes} [Mon Mar 2 22:32:22 2026] GET /resource_providers/e0a0b0bb-5288-4b16-a5cd-b9cd09d23534/aggregates => generated 235 bytes in 14 msecs (HTTP/1.1 404) 5 headers in 202 bytes (1 switches on core 0)
2026-03-02 22:32:22.778 7 INFO placement.requestlog [None req-7ff54417-42ad-4d7c-b140-c79fc674ccec dea4b78718684a05b6eb1a00e271fdeb 34c370fe71a34178b05557452f8812ba - - 9f5af08c5d794f57bc18f2ea8a5d6366 9f5af08c5d794f57bc18f2ea8a5d6366] 10.0.0.55 "DELETE /resource_providers/e0a0b0bb-5288-4b16-a5cd-b9cd09d23534" status: 404 len: 246 microversion: 1.1 [pid: 7|app: 0|req: 482/964] 10.0.0.55 () {34 vars in 815 bytes} [Mon Mar 2 22:32:22 2026] DELETE /resource_providers/e0a0b0bb-5288-4b16-a5cd-b9cd09d23534 => generated 246 bytes in 10 msecs (HTTP/1.1 404) 6 headers in 231 bytes (1 switches on core 0)
2026-03-02 22:32:22.786 8 INFO placement.requestlog [None req-540d4ded-fccd-4808-aae3-3719aefbb528 dea4b78718684a05b6eb1a00e271fdeb 34c370fe71a34178b05557452f8812ba - - 9f5af08c5d794f57bc18f2ea8a5d6366 9f5af08c5d794f57bc18f2ea8a5d6366] 10.0.0.55 "DELETE /resource_providers/e0a0b0bb-5288-4b16-a5cd-b9cd09d23534" status: 404 len: 246 microversion: 1.1 [pid: 8|app: 0|req: 483/965] 10.0.0.55 () {34 vars in 815 bytes} [Mon Mar 2 22:32:22 2026] DELETE /resource_providers/e0a0b0bb-5288-4b16-a5cd-b9cd09d23534 => generated 246 bytes in 15 msecs (HTTP/1.1 404) 6 headers in 231 bytes (1 switches on core 0)
2026-03-02 22:32:22.957 7 INFO placement.requestlog [None req-f0ba4a00-2aa9-4ef5-8a9d-727ae996fcf1 - - - - - -] 10.0.0.177 "GET /" status: 200 len: 136 microversion: 1.0
2026-03-02 22:32:22.957 8 INFO placement.requestlog [None req-f93a664c-d77f-4653-9ef8-0b3f8597948c - - - - - -] 10.0.0.177 "GET /" status: 200 len: 136 microversion: 1.0
2026-03-02 22:32:24.808 7 INFO placement.requestlog [None req-ed95ede5-74af-4331-8843-0a913cc1af84 dea4b78718684a05b6eb1a00e271fdeb 34c370fe71a34178b05557452f8812ba - - 9f5af08c5d794f57bc18f2ea8a5d6366 9f5af08c5d794f57bc18f2ea8a5d6366] 10.0.0.55 "GET /resource_providers/35c6ad5d-5fd0-4034-89c4-86d0650e2ab2/aggregates" status: 404 len: 235 microversion: 1.1 [pid: 7|app: 0|req: 484/968] 10.0.0.55 () {32 vars in 815 bytes} [Mon Mar 2 22:32:24 2026] GET /resource_providers/35c6ad5d-5fd0-4034-89c4-86d0650e2ab2/aggregates => generated 235 bytes in 22 msecs (HTTP/1.1 404) 5 headers in 202 bytes (1 switches on core 0)
2026-03-02 22:32:24.821 8 INFO placement.requestlog [None req-ac1c0209-7268-4fba-a4dc-12db7674f359 dea4b78718684a05b6eb1a00e271fdeb 34c370fe71a34178b05557452f8812ba - - 9f5af08c5d794f57bc18f2ea8a5d6366 9f5af08c5d794f57bc18f2ea8a5d6366] 10.0.0.55 "GET /resource_providers/35c6ad5d-5fd0-4034-89c4-86d0650e2ab2/aggregates" status: 404 len: 235 microversion: 1.1 [pid: 8|app: 0|req: 485/969] 10.0.0.55 () {32 vars in 815 bytes} [Mon Mar 2 22:32:24 2026] GET /resource_providers/35c6ad5d-5fd0-4034-89c4-86d0650e2ab2/aggregates => generated 235 bytes in 23 msecs (HTTP/1.1 404) 5 headers in 202 bytes (1 switches on core 0)
2026-03-02 22:32:24.834 7 INFO placement.requestlog [None req-22fe5c10-3785-48fc-ba3a-f028eba3606c dea4b78718684a05b6eb1a00e271fdeb 34c370fe71a34178b05557452f8812ba - - 9f5af08c5d794f57bc18f2ea8a5d6366 9f5af08c5d794f57bc18f2ea8a5d6366] 10.0.0.55 "DELETE /resource_providers/35c6ad5d-5fd0-4034-89c4-86d0650e2ab2" status: 404 len: 246 microversion: 1.1 [pid: 7|app: 0|req: 485/970] 10.0.0.55 () {34 vars in 815 bytes} [Mon Mar 2 22:32:24 2026] DELETE /resource_providers/35c6ad5d-5fd0-4034-89c4-86d0650e2ab2 => generated 246 bytes in 8 msecs (HTTP/1.1 404) 6 headers in 231 bytes (1 switches on core 0)
2026-03-02 22:32:24.842 8 INFO placement.requestlog [None req-92660b1a-dbe1-40df-b6cd-76cea8a2af0e dea4b78718684a05b6eb1a00e271fdeb 34c370fe71a34178b05557452f8812ba - - 9f5af08c5d794f57bc18f2ea8a5d6366 9f5af08c5d794f57bc18f2ea8a5d6366] 10.0.0.55 "DELETE /resource_providers/35c6ad5d-5fd0-4034-89c4-86d0650e2ab2" status: 404 len: 246 microversion: 1.1 [pid: 8|app: 0|req: 486/971] 10.0.0.55 () {34 vars in 815 bytes} [Mon Mar 2 22:32:24 2026] DELETE /resource_providers/35c6ad5d-5fd0-4034-89c4-86d0650e2ab2 => generated 246 bytes in 10 msecs (HTTP/1.1 404) 6 headers in 231 bytes (1 switches on core 0)
2026-03-02 22:32:31.590 7 INFO placement.requestlog [req-9ddc62a9-346d-457b-a668-b3a78f890d79 req-d83ce0dc-6c78-40b7-90e1-363f1216ce87 32b6eb14c6804ceab355724b0135954f 34c370fe71a34178b05557452f8812ba - - 9f5af08c5d794f57bc18f2ea8a5d6366 9f5af08c5d794f57bc18f2ea8a5d6366] 10.0.0.79 "GET /allocation_candidates?limit=1000&resources=DISK_GB%3A1%2CMEMORY_MB%3A512%2CVCPU%3A1&root_required=%21COMPUTE_STATUS_DISABLED" status: 200 len: 2640 microversion: 1.36 [pid: 7|app: 0|req: 486/972] 10.0.0.79 () {34 vars in 1011 bytes} [Mon Mar 2 22:32:31 2026] GET /allocation_candidates?limit=1000&resources=DISK_GB%3A1%2CMEMORY_MB%3A512%2CVCPU%3A1&root_required=%21COMPUTE_STATUS_DISABLED => generated 2640 bytes in 42 msecs (HTTP/1.1 200) 8 headers in 297 bytes (1 switches on core 0)
2026-03-02 22:32:31.624 8 INFO placement.requestlog [req-9ddc62a9-346d-457b-a668-b3a78f890d79 req-150c890b-41d3-4acb-9e4b-b5587a525bd1 32b6eb14c6804ceab355724b0135954f 34c370fe71a34178b05557452f8812ba - - 9f5af08c5d794f57bc18f2ea8a5d6366 9f5af08c5d794f57bc18f2ea8a5d6366] 10.0.0.79 "GET /allocations/a3b13e76-95fc-4b1e-a29b-66c68b7f1f4a" status: 200 len: 19 microversion: 1.28 [pid: 8|app: 0|req: 487/973] 10.0.0.79 () {34 vars in 860 bytes} [Mon Mar 2 22:32:31 2026] GET /allocations/a3b13e76-95fc-4b1e-a29b-66c68b7f1f4a => generated 19 bytes in 16 msecs (HTTP/1.1 200) 8 headers in 295 bytes (1 switches on core 0)
2026-03-02 22:32:31.726 7 INFO placement.requestlog [req-9ddc62a9-346d-457b-a668-b3a78f890d79 req-18a93f5b-75c6-4eb3-b08e-607cc1bcdb00 32b6eb14c6804ceab355724b0135954f 34c370fe71a34178b05557452f8812ba - - 9f5af08c5d794f57bc18f2ea8a5d6366 9f5af08c5d794f57bc18f2ea8a5d6366] 10.0.0.79 "PUT /allocations/a3b13e76-95fc-4b1e-a29b-66c68b7f1f4a" status: 204 len: 0 microversion: 1.36 [pid: 7|app: 0|req: 487/974] 10.0.0.79 () {38 vars in 913 bytes} [Mon Mar 2 22:32:31 2026] PUT /allocations/a3b13e76-95fc-4b1e-a29b-66c68b7f1f4a => generated 0 bytes in 96 msecs (HTTP/1.1 204) 5 headers in 199 bytes (1 switches on core 0)
2026-03-02 22:32:32.956 7 INFO placement.requestlog [None req-65655048-c65e-4e77-9860-cc6722802534 - - - - - -] 10.0.0.177 "GET /" status: 200 len: 136 microversion: 1.0
2026-03-02 22:32:32.957 8 INFO placement.requestlog [None req-c9676cf6-4ed5-444c-9fdc-375586a99e84 - - - - - -] 10.0.0.177 "GET /" status: 200 len: 136 microversion: 1.0
2026-03-02 22:32:33.217 7 INFO placement.requestlog [req-9ddc62a9-346d-457b-a668-b3a78f890d79 req-981a72b7-c3f4-4880-8e0c-7385b9c0bed5 32b6eb14c6804ceab355724b0135954f 34c370fe71a34178b05557452f8812ba - - 9f5af08c5d794f57bc18f2ea8a5d6366 9f5af08c5d794f57bc18f2ea8a5d6366] 199.19.213.145 "GET /allocations/a3b13e76-95fc-4b1e-a29b-66c68b7f1f4a" status: 200 len: 257 microversion: 1.28 [pid: 7|app: 0|req: 489/977] 199.19.213.145 () {34 vars in 863 bytes} [Mon Mar 2 22:32:33 2026] GET /allocations/a3b13e76-95fc-4b1e-a29b-66c68b7f1f4a => generated 257 bytes in 13 msecs (HTTP/1.1 200) 8 headers in 296 bytes (1 switches on core 0)
2026-03-02 22:32:33.958 8 INFO placement.requestlog [None req-25b1391a-9bac-4790-9e3c-42cd897fd099 dea4b78718684a05b6eb1a00e271fdeb 34c370fe71a34178b05557452f8812ba - - 9f5af08c5d794f57bc18f2ea8a5d6366 9f5af08c5d794f57bc18f2ea8a5d6366] 10.0.0.55 "GET /resource_providers/477430de-80da-492d-98ae-e27a50f96bc2/aggregates" status: 404 len: 235 microversion: 1.1 [pid: 8|app: 0|req: 489/978] 10.0.0.55 () {32 vars in 815 bytes} [Mon Mar 2 22:32:33 2026] GET /resource_providers/477430de-80da-492d-98ae-e27a50f96bc2/aggregates => generated 235 bytes in 10 msecs (HTTP/1.1 404) 5 headers in 202 bytes (1 switches on core 0)
2026-03-02 22:32:33.959 7 INFO placement.requestlog [None req-6f76c4e7-d125-4bfd-9f16-7fe2f0c11caa dea4b78718684a05b6eb1a00e271fdeb 34c370fe71a34178b05557452f8812ba - - 9f5af08c5d794f57bc18f2ea8a5d6366 9f5af08c5d794f57bc18f2ea8a5d6366] 10.0.0.55 "GET /resource_providers/477430de-80da-492d-98ae-e27a50f96bc2/aggregates" status: 404 len: 235 microversion: 1.1 [pid: 7|app: 0|req: 490/979] 10.0.0.55 () {32 vars in 815 bytes} [Mon Mar 2 22:32:33 2026] GET /resource_providers/477430de-80da-492d-98ae-e27a50f96bc2/aggregates => generated 235 bytes in 11 msecs (HTTP/1.1 404) 5 headers in 202 bytes (1 switches on core 0)
2026-03-02 22:32:33.980 8 INFO placement.requestlog [None req-926e8fd0-49f8-44c9-b525-f53bd87a2d0d dea4b78718684a05b6eb1a00e271fdeb 34c370fe71a34178b05557452f8812ba - - 9f5af08c5d794f57bc18f2ea8a5d6366 9f5af08c5d794f57bc18f2ea8a5d6366] 10.0.0.55 "DELETE /resource_providers/477430de-80da-492d-98ae-e27a50f96bc2" status: 404 len: 246 microversion: 1.1 [pid: 8|app: 0|req: 490/980] 10.0.0.55 () {34 vars in 815 bytes} [Mon Mar 2 22:32:33 2026] DELETE /resource_providers/477430de-80da-492d-98ae-e27a50f96bc2 => generated 246 bytes in 8 msecs (HTTP/1.1 404) 6 headers in 231 bytes (1 switches on core 0)
2026-03-02 22:32:33.982 7 INFO placement.requestlog [None req-dc652255-e926-43da-9423-963ca229eebc dea4b78718684a05b6eb1a00e271fdeb 34c370fe71a34178b05557452f8812ba - - 9f5af08c5d794f57bc18f2ea8a5d6366 9f5af08c5d794f57bc18f2ea8a5d6366] 10.0.0.55 "DELETE /resource_providers/477430de-80da-492d-98ae-e27a50f96bc2" status: 404 len: 246 microversion: 1.1 [pid: 7|app: 0|req: 491/981] 10.0.0.55 () {34 vars in 815 bytes} [Mon Mar 2 22:32:33 2026] DELETE /resource_providers/477430de-80da-492d-98ae-e27a50f96bc2 => generated 246 bytes in 8 msecs (HTTP/1.1 404) 6 headers in 231 bytes (1 switches on core 0)
2026-03-02 22:32:34.263 8 INFO placement.requestlog [req-9ddc62a9-346d-457b-a668-b3a78f890d79 req-f37e2dc3-fbab-459e-8a4e-8fc1bce192bf 32b6eb14c6804ceab355724b0135954f 34c370fe71a34178b05557452f8812ba - - 9f5af08c5d794f57bc18f2ea8a5d6366 9f5af08c5d794f57bc18f2ea8a5d6366] 199.19.213.145 "GET /resource_providers/66340269-94b4-45ae-9516-3ca6e39a7cb1/allocations" status: 200 len: 152 microversion: 1.0 [pid: 8|app: 0|req: 491/982] 199.19.213.145 () {32 vars in 857 bytes} [Mon Mar 2 22:32:34 2026] GET /resource_providers/66340269-94b4-45ae-9516-3ca6e39a7cb1/allocations => generated 152 bytes in 19 msecs (HTTP/1.1 200) 6 headers in 224 bytes (1 switches on core 0)
2026-03-02 22:32:34.283 7 INFO placement.requestlog [req-9ddc62a9-346d-457b-a668-b3a78f890d79 req-393d79e7-b4af-402d-b958-bae20af07b9b 32b6eb14c6804ceab355724b0135954f 34c370fe71a34178b05557452f8812ba - - 9f5af08c5d794f57bc18f2ea8a5d6366 9f5af08c5d794f57bc18f2ea8a5d6366] 199.19.213.145 "GET /allocations/a3b13e76-95fc-4b1e-a29b-66c68b7f1f4a" status: 200 len: 257 microversion: 1.28 [pid: 7|app: 0|req: 492/983] 199.19.213.145 () {34 vars in 863 bytes} [Mon Mar 2 22:32:34 2026] GET /allocations/a3b13e76-95fc-4b1e-a29b-66c68b7f1f4a => generated 257 bytes in 13 msecs (HTTP/1.1 200) 8 headers in 296 bytes (1 switches on core 0)
2026-03-02 22:32:42.615 8 INFO placement.requestlog [req-764f4a81-4fbe-4f17-9512-e0c6c37c26ae req-165354d4-40cc-457c-aa4c-e7a375ad03e4 32b6eb14c6804ceab355724b0135954f 34c370fe71a34178b05557452f8812ba - - 9f5af08c5d794f57bc18f2ea8a5d6366 9f5af08c5d794f57bc18f2ea8a5d6366] 10.0.0.79 "GET /allocation_candidates?limit=1000&resources=DISK_GB%3A1%2CMEMORY_MB%3A512%2CVCPU%3A1&root_required=%21COMPUTE_STATUS_DISABLED" status: 200 len: 2642 microversion: 1.36 [pid: 8|app: 0|req: 492/984] 10.0.0.79 () {34 vars in 1011 bytes} [Mon Mar 2 22:32:42 2026] GET /allocation_candidates?limit=1000&resources=DISK_GB%3A1%2CMEMORY_MB%3A512%2CVCPU%3A1&root_required=%21COMPUTE_STATUS_DISABLED => generated 2642 bytes in 48 msecs (HTTP/1.1 200) 8 headers in 297 bytes (1 switches on core 0)
2026-03-02 22:32:42.641 7 INFO placement.requestlog [req-764f4a81-4fbe-4f17-9512-e0c6c37c26ae req-cfeee6d4-3f0f-4b7f-836f-53de4f1c4182 32b6eb14c6804ceab355724b0135954f 34c370fe71a34178b05557452f8812ba - - 9f5af08c5d794f57bc18f2ea8a5d6366 9f5af08c5d794f57bc18f2ea8a5d6366] 10.0.0.79 "GET /allocations/7bfa907d-fc10-4f3c-86a6-3cb37ea5a8bc" status: 200 len: 19 microversion: 1.28 [pid: 7|app: 0|req: 493/985] 10.0.0.79 () {34 vars in 860 bytes} [Mon Mar 2 22:32:42 2026] GET /allocations/7bfa907d-fc10-4f3c-86a6-3cb37ea5a8bc => generated 19 bytes in 9 msecs (HTTP/1.1 200) 8 headers in 295 bytes (1 switches on core 0)
2026-03-02 22:32:42.721 8 INFO placement.requestlog [req-764f4a81-4fbe-4f17-9512-e0c6c37c26ae req-b41c9cf7-7cb5-47dd-bd3c-e79c742036b4 32b6eb14c6804ceab355724b0135954f 34c370fe71a34178b05557452f8812ba - - 9f5af08c5d794f57bc18f2ea8a5d6366 9f5af08c5d794f57bc18f2ea8a5d6366] 10.0.0.79 "PUT /allocations/7bfa907d-fc10-4f3c-86a6-3cb37ea5a8bc" status: 204 len: 0 microversion: 1.36 [pid: 8|app: 0|req: 493/986] 10.0.0.79 () {38 vars in 913 bytes} [Mon Mar 2 22:32:42 2026] PUT /allocations/7bfa907d-fc10-4f3c-86a6-3cb37ea5a8bc => generated 0 bytes in 74 msecs (HTTP/1.1 204) 5 headers in 199 bytes (1 switches on core 0)
2026-03-02 22:32:42.957 7 INFO placement.requestlog [None req-e4795913-1e20-4e06-8076-63125c587e3b - - - - - -] 10.0.0.177 "GET /" status: 200 len: 136 microversion: 1.0
2026-03-02 22:32:42.957 8 INFO placement.requestlog [None req-9dc593a5-674a-4520-99f9-2442da0908bc - - - - - -] 10.0.0.177 "GET /" status: 200 len: 136 microversion: 1.0
2026-03-02 22:32:44.266 7 INFO placement.requestlog [req-764f4a81-4fbe-4f17-9512-e0c6c37c26ae req-efdfb328-4377-4ff2-b93e-8c530bef47c8 32b6eb14c6804ceab355724b0135954f 34c370fe71a34178b05557452f8812ba - - 9f5af08c5d794f57bc18f2ea8a5d6366 9f5af08c5d794f57bc18f2ea8a5d6366] 199.19.213.145 "GET /allocations/7bfa907d-fc10-4f3c-86a6-3cb37ea5a8bc" status: 200 len: 257 microversion: 1.28 [pid: 7|app: 0|req: 495/989] 199.19.213.145 () {34 vars in 863 bytes} [Mon Mar 2 22:32:44 2026] GET /allocations/7bfa907d-fc10-4f3c-86a6-3cb37ea5a8bc => generated 257 bytes in 13 msecs (HTTP/1.1 200) 8 headers in 296 bytes (1 switches on core 0)
2026-03-02 22:32:45.314 8 INFO placement.requestlog [req-764f4a81-4fbe-4f17-9512-e0c6c37c26ae req-74c78ed3-cb4d-46f4-9b73-377904c550c2 32b6eb14c6804ceab355724b0135954f 34c370fe71a34178b05557452f8812ba - - 9f5af08c5d794f57bc18f2ea8a5d6366 9f5af08c5d794f57bc18f2ea8a5d6366] 199.19.213.145 "GET /resource_providers/66340269-94b4-45ae-9516-3ca6e39a7cb1/allocations" status: 200 len: 252 microversion: 1.0 [pid: 8|app: 0|req: 495/990] 199.19.213.145 () {32 vars in 857 bytes} [Mon Mar 2 22:32:45 2026] GET /resource_providers/66340269-94b4-45ae-9516-3ca6e39a7cb1/allocations => generated 252 bytes in 22 msecs (HTTP/1.1 200) 6 headers in 224 bytes (1 switches on core 0)
2026-03-02 22:32:45.339 7 INFO placement.requestlog [req-764f4a81-4fbe-4f17-9512-e0c6c37c26ae req-9c75536c-1ac7-4091-a2c1-8d970d4b7176 32b6eb14c6804ceab355724b0135954f 34c370fe71a34178b05557452f8812ba - - 9f5af08c5d794f57bc18f2ea8a5d6366 9f5af08c5d794f57bc18f2ea8a5d6366] 199.19.213.145 "GET /allocations/a3b13e76-95fc-4b1e-a29b-66c68b7f1f4a" status: 200 len: 257 microversion: 1.28 [pid: 7|app: 0|req: 496/991] 199.19.213.145 () {34 vars in 863 bytes} [Mon Mar 2 22:32:45 2026] GET /allocations/a3b13e76-95fc-4b1e-a29b-66c68b7f1f4a => generated 257 bytes in 17 msecs (HTTP/1.1 200) 8 headers in 296 bytes (1 switches on core 0)
2026-03-02 22:32:45.362 8 INFO placement.requestlog [req-764f4a81-4fbe-4f17-9512-e0c6c37c26ae req-91ad142e-9831-487f-9416-25f74dc574e4 32b6eb14c6804ceab355724b0135954f 34c370fe71a34178b05557452f8812ba - - 9f5af08c5d794f57bc18f2ea8a5d6366 9f5af08c5d794f57bc18f2ea8a5d6366] 199.19.213.145 "GET /allocations/7bfa907d-fc10-4f3c-86a6-3cb37ea5a8bc" status: 200 len: 257 microversion: 1.28 [pid: 8|app: 0|req: 496/992] 199.19.213.145 () {34 vars in 863 bytes} [Mon Mar 2 22:32:45 2026] GET /allocations/7bfa907d-fc10-4f3c-86a6-3cb37ea5a8bc => generated 257 bytes in 18 msecs (HTTP/1.1 200) 8 headers in 296 bytes (1 switches on core 0)
2026-03-02 22:32:47.044 7 INFO placement.requestlog [None req-186558a1-567e-4a6d-afe6-7a5c83a62b0d dea4b78718684a05b6eb1a00e271fdeb 34c370fe71a34178b05557452f8812ba - - 9f5af08c5d794f57bc18f2ea8a5d6366 9f5af08c5d794f57bc18f2ea8a5d6366] 10.0.0.55 "GET /resource_providers/b409d26b-5c16-44d3-8c14-2a013f5af218/aggregates" status: 404 len: 235 microversion: 1.1 [pid: 7|app: 0|req: 497/993] 10.0.0.55 () {32 vars in 815 bytes} [Mon Mar 2 22:32:47 2026] GET /resource_providers/b409d26b-5c16-44d3-8c14-2a013f5af218/aggregates => generated 235 bytes in 7 msecs (HTTP/1.1 404) 5 headers in 202 bytes (1 switches on core 0)
2026-03-02 22:32:47.049 8 INFO placement.requestlog [None req-41681e01-7650-43f6-8e39-6b8c9432ec97 dea4b78718684a05b6eb1a00e271fdeb 34c370fe71a34178b05557452f8812ba - - 9f5af08c5d794f57bc18f2ea8a5d6366 9f5af08c5d794f57bc18f2ea8a5d6366] 10.0.0.55 "GET /resource_providers/b409d26b-5c16-44d3-8c14-2a013f5af218/aggregates" status: 404 len: 235 microversion: 1.1 [pid: 8|app: 0|req: 497/994] 10.0.0.55 () {32 vars in 815 bytes} [Mon Mar 2 22:32:47 2026] GET /resource_providers/b409d26b-5c16-44d3-8c14-2a013f5af218/aggregates => generated 235 bytes in 8 msecs (HTTP/1.1 404) 5 headers in 202 bytes (1 switches on core 0)
2026-03-02 22:32:47.067 8 INFO placement.requestlog [None req-335648e9-7f54-4d7f-a6f8-bd0d51b6b846 dea4b78718684a05b6eb1a00e271fdeb 34c370fe71a34178b05557452f8812ba - - 9f5af08c5d794f57bc18f2ea8a5d6366 9f5af08c5d794f57bc18f2ea8a5d6366] 10.0.0.55 "DELETE /resource_providers/b409d26b-5c16-44d3-8c14-2a013f5af218" status: 404 len: 246 microversion: 1.1 [pid: 8|app: 0|req: 498/995] 10.0.0.55 () {34 vars in 815 bytes} [Mon Mar 2 22:32:47 2026] DELETE /resource_providers/b409d26b-5c16-44d3-8c14-2a013f5af218 => generated 246 bytes in 7 msecs (HTTP/1.1 404) 6 headers in 231 bytes (1 switches on core 0)
2026-03-02 22:32:47.068 7 INFO placement.requestlog [None req-6030043d-4b50-457c-afac-0b7094075a85 dea4b78718684a05b6eb1a00e271fdeb 34c370fe71a34178b05557452f8812ba - - 9f5af08c5d794f57bc18f2ea8a5d6366 9f5af08c5d794f57bc18f2ea8a5d6366] 10.0.0.55 "DELETE /resource_providers/b409d26b-5c16-44d3-8c14-2a013f5af218" status: 404 len: 246 microversion: 1.1 [pid: 7|app: 0|req: 498/996] 10.0.0.55 () {34 vars in 815 bytes} [Mon Mar 2 22:32:47 2026] DELETE /resource_providers/b409d26b-5c16-44d3-8c14-2a013f5af218 => generated 246 bytes in 10 msecs (HTTP/1.1 404) 6 headers in 231 bytes (1 switches on core 0)
2026-03-02 22:32:51.007 8 INFO placement.requestlog [req-1127ea83-bc1c-400a-aa68-ab9103ec18e6 req-34aab69a-5161-4965-acfd-49640124e204 32b6eb14c6804ceab355724b0135954f 34c370fe71a34178b05557452f8812ba - - 9f5af08c5d794f57bc18f2ea8a5d6366 9f5af08c5d794f57bc18f2ea8a5d6366] 199.19.213.145 "GET /resource_providers/66340269-94b4-45ae-9516-3ca6e39a7cb1/allocations" status: 200 len: 252 microversion: 1.0 [pid: 8|app: 0|req: 499/997] 199.19.213.145 () {32 vars in 857 bytes} [Mon Mar 2 22:32:50 2026] GET /resource_providers/66340269-94b4-45ae-9516-3ca6e39a7cb1/allocations => generated 252 bytes in 15 msecs (HTTP/1.1 200) 6 headers in 224 bytes (1 switches on core 0)
2026-03-02 22:32:51.033 7 INFO placement.requestlog [req-1127ea83-bc1c-400a-aa68-ab9103ec18e6 req-b6e6e733-5fb3-4d95-bc19-8cb18b261ce9 32b6eb14c6804ceab355724b0135954f 34c370fe71a34178b05557452f8812ba - - 9f5af08c5d794f57bc18f2ea8a5d6366 9f5af08c5d794f57bc18f2ea8a5d6366] 199.19.213.145 "GET /resource_providers/66340269-94b4-45ae-9516-3ca6e39a7cb1/allocations" status: 200 len: 252 microversion: 1.0 [pid: 7|app: 0|req: 499/998] 199.19.213.145 () {32 vars in 857 bytes} [Mon Mar 2 22:32:51 2026] GET /resource_providers/66340269-94b4-45ae-9516-3ca6e39a7cb1/allocations => generated 252 bytes in 18 msecs (HTTP/1.1 200) 6 headers in 224 bytes (1 switches on core 0)
2026-03-02 22:32:51.054 8 INFO placement.requestlog [req-1127ea83-bc1c-400a-aa68-ab9103ec18e6 req-0d3d891d-0b84-4251-a068-680e8d8fd97a 32b6eb14c6804ceab355724b0135954f 34c370fe71a34178b05557452f8812ba - - 9f5af08c5d794f57bc18f2ea8a5d6366 9f5af08c5d794f57bc18f2ea8a5d6366] 199.19.213.145 "GET /allocations/a3b13e76-95fc-4b1e-a29b-66c68b7f1f4a" status: 200 len: 257 microversion: 1.28 [pid: 8|app: 0|req: 500/999] 199.19.213.145 () {34 vars in 863 bytes} [Mon Mar 2 22:32:51 2026] GET /allocations/a3b13e76-95fc-4b1e-a29b-66c68b7f1f4a => generated 257 bytes in 12 msecs (HTTP/1.1 200) 8 headers in 296 bytes (1 switches on core 0)
2026-03-02 22:32:51.081 7 INFO placement.requestlog [req-1127ea83-bc1c-400a-aa68-ab9103ec18e6 req-eeadbc0e-2004-47e7-8b60-c0f49b603084 32b6eb14c6804ceab355724b0135954f 34c370fe71a34178b05557452f8812ba - - 9f5af08c5d794f57bc18f2ea8a5d6366 9f5af08c5d794f57bc18f2ea8a5d6366] 199.19.213.145 "GET /allocations/7bfa907d-fc10-4f3c-86a6-3cb37ea5a8bc" status: 200 len: 257 microversion: 1.28 [pid: 7|app: 0|req: 500/1000] 199.19.213.145 () {34 vars in 863 bytes} [Mon Mar 2 22:32:51 2026] GET /allocations/7bfa907d-fc10-4f3c-86a6-3cb37ea5a8bc => generated 257 bytes in 20 msecs (HTTP/1.1 200) 8 headers in 296 bytes (1 switches on core 0)
2026-03-02 22:32:52.132 8 INFO placement.requestlog [req-4fde1fea-8905-4288-a163-08693d67f4cf req-4833862d-7048-43d6-a7a5-b8234c7ef21c 32b6eb14c6804ceab355724b0135954f 34c370fe71a34178b05557452f8812ba - - 9f5af08c5d794f57bc18f2ea8a5d6366 9f5af08c5d794f57bc18f2ea8a5d6366] 199.19.213.145 "DELETE /allocations/a3b13e76-95fc-4b1e-a29b-66c68b7f1f4a" status: 204 len: 0 microversion: 1.0 [pid: 8|app: 0|req: 501/1001] 199.19.213.145 () {34 vars in 841 bytes} [Mon Mar 2 22:32:52 2026] DELETE /allocations/a3b13e76-95fc-4b1e-a29b-66c68b7f1f4a => generated 0 bytes in 27 msecs (HTTP/1.1 204) 5 headers in 198 bytes (1 switches on core 0)
2026-03-02 22:32:52.693 7 INFO placement.requestlog [None req-29f559b5-ceeb-4735-8fc3-dfeb98694a59 dea4b78718684a05b6eb1a00e271fdeb 34c370fe71a34178b05557452f8812ba - - 9f5af08c5d794f57bc18f2ea8a5d6366 9f5af08c5d794f57bc18f2ea8a5d6366] 10.0.0.55 "GET /resource_providers/5c00df5e-728b-44d4-8370-3de34d3abe62/aggregates" status: 404 len: 235 microversion: 1.1 [pid: 7|app: 0|req: 501/1002] 10.0.0.55 () {32 vars in 815 bytes} [Mon Mar 2 22:32:52 2026] GET /resource_providers/5c00df5e-728b-44d4-8370-3de34d3abe62/aggregates => generated 235 bytes in 10 msecs (HTTP/1.1 404) 5 headers in 202 bytes (1 switches on core 0)
2026-03-02 22:32:52.696 8 INFO placement.requestlog [None req-735e8c56-a9e4-4137-935b-b27c5c8489ed dea4b78718684a05b6eb1a00e271fdeb 34c370fe71a34178b05557452f8812ba - - 9f5af08c5d794f57bc18f2ea8a5d6366 9f5af08c5d794f57bc18f2ea8a5d6366] 10.0.0.55 "GET /resource_providers/5c00df5e-728b-44d4-8370-3de34d3abe62/aggregates" status: 404 len: 235 microversion: 1.1 [pid: 8|app: 0|req: 502/1003] 10.0.0.55 () {32 vars in 815 bytes} [Mon Mar 2 22:32:52 2026] GET /resource_providers/5c00df5e-728b-44d4-8370-3de34d3abe62/aggregates => generated 235 bytes in 9 msecs (HTTP/1.1 404) 5 headers in 202 bytes (1 switches on core 0)
2026-03-02 22:32:52.721 7 INFO placement.requestlog [None req-fb59647a-dbcd-4cda-b37c-896c47471ced dea4b78718684a05b6eb1a00e271fdeb 34c370fe71a34178b05557452f8812ba - - 9f5af08c5d794f57bc18f2ea8a5d6366 9f5af08c5d794f57bc18f2ea8a5d6366] 10.0.0.55 "DELETE /resource_providers/5c00df5e-728b-44d4-8370-3de34d3abe62" status: 404 len: 246 microversion: 1.1 [pid: 7|app: 0|req: 502/1004] 10.0.0.55 () {34 vars in 815 bytes} [Mon Mar 2 22:32:52 2026] DELETE /resource_providers/5c00df5e-728b-44d4-8370-3de34d3abe62 => generated 246 bytes in 13 msecs (HTTP/1.1 404) 6 headers in 231 bytes (1 switches on core 0)
