Jun 17 05:52:54.395131 np0000181125 devstack@neutron-api.service[107315]: INFO neutron.api.extensions [None req-56630c97-7fc5-435d-970e-e440d917be0d None None] Loaded extension: standard-attr-tag
Jun 17 05:52:54.395131 np0000181125 devstack@neutron-api.service[107315]: DEBUG neutron.api.extensions [None req-56630c97-7fc5-435d-970e-e440d917be0d None None] Loading extension file: timestamp.py {{(pid=107315) _load_all_extensions_from_path /opt/stack/neutron/neutron/api/extensions.py:449}}
Jun 17 05:52:54.395293 np0000181125 devstack@neutron-api.service[107318]: DEBUG neutron.api.extensions [None req-7a50c034-1a33-433d-89f6-3a8abe609ae8 None None] Extended resource: floatingips {{(pid=107318) __init__ /opt/stack/neutron/neutron/api/extensions.py:156}}
Jun 17 05:52:54.395347 np0000181125 devstack@neutron-api.service[107315]: DEBUG neutron.api.extensions [None req-56630c97-7fc5-435d-970e-e440d917be0d None None] Ext name="Resource timestamps" alias="standard-attr-timestamp" description="Adds created_at and updated_at fields to all Neutron resources that have Neutron standard attributes." updated="2016-09-12T10:00:00-00:00" {{(pid=107315) _check_extension /opt/stack/neutron/neutron/api/extensions.py:415}}
Jun 17 05:52:54.395347 np0000181125 devstack@neutron-api.service[107315]: INFO neutron.api.extensions [None req-56630c97-7fc5-435d-970e-e440d917be0d None None] Loaded extension: standard-attr-timestamp
Jun 17 05:52:54.395347 np0000181125 devstack@neutron-api.service[107315]: DEBUG neutron.api.extensions [None req-56630c97-7fc5-435d-970e-e440d917be0d None None] Loading extension file: trunk.py {{(pid=107315) _load_all_extensions_from_path /opt/stack/neutron/neutron/api/extensions.py:449}}
Jun 17 05:52:54.395347 np0000181125 devstack@neutron-api.service[107315]: DEBUG neutron.api.extensions [None req-56630c97-7fc5-435d-970e-e440d917be0d None None] Ext name="Trunk Extension" alias="trunk" description="Provides support for trunk ports" updated="2016-01-01T10:00:00-00:00" {{(pid=107315) _check_extension /opt/stack/neutron/neutron/api/extensions.py:415}}
Jun 17 05:52:54.395347 np0000181125 devstack@neutron-api.service[107315]: INFO neutron.api.extensions [None req-56630c97-7fc5-435d-970e-e440d917be0d None None] Extension trunk not supported by any of loaded plugins
Jun 17 05:52:54.395502 np0000181125 devstack@neutron-api.service[107318]: DEBUG neutron.api.extensions [None req-7a50c034-1a33-433d-89f6-3a8abe609ae8 None None] Extended resource: l3-routers {{(pid=107318) __init__ /opt/stack/neutron/neutron/api/extensions.py:156}}
Jun 17 05:52:54.395557 np0000181125 devstack@neutron-api.service[107315]: DEBUG neutron.api.extensions [None req-56630c97-7fc5-435d-970e-e440d917be0d None None] Loading extension file: trunk_details.py {{(pid=107315) _load_all_extensions_from_path /opt/stack/neutron/neutron/api/extensions.py:449}}
Jun 17 05:52:54.395557 np0000181125 devstack@neutron-api.service[107315]: DEBUG neutron.api.extensions [None req-56630c97-7fc5-435d-970e-e440d917be0d None None] Ext name="Trunk port details" alias="trunk-details" description="Expose trunk port details" updated="2016-01-01T10:00:00-00:00" {{(pid=107315) _check_extension /opt/stack/neutron/neutron/api/extensions.py:415}}
Jun 17 05:52:54.395557 np0000181125 devstack@neutron-api.service[107315]: INFO neutron.api.extensions [None req-56630c97-7fc5-435d-970e-e440d917be0d None None] Extension trunk-details not supported by any of loaded plugins
Jun 17 05:52:54.395557 np0000181125 devstack@neutron-api.service[107315]: DEBUG neutron.api.extensions [None req-56630c97-7fc5-435d-970e-e440d917be0d None None] Loading extension file: uplink_status_propagation.py {{(pid=107315) _load_all_extensions_from_path /opt/stack/neutron/neutron/api/extensions.py:449}}
Jun 17 05:52:54.395557 np0000181125 devstack@neutron-api.service[107315]: DEBUG neutron.api.extensions [None req-56630c97-7fc5-435d-970e-e440d917be0d None None] Ext name="Uplink status propagation extension" alias="uplink-status-propagation" description="Provides ability to propagate port uplink status." updated="2018-05-31T18:00:00-00:00" {{(pid=107315) _check_extension /opt/stack/neutron/neutron/api/extensions.py:415}}
Jun 17 05:52:54.395714 np0000181125 devstack@neutron-api.service[107318]: DEBUG neutron.api.extensions [None req-7a50c034-1a33-433d-89f6-3a8abe609ae8 None None] Extended resource: l3-agents {{(pid=107318) __init__ /opt/stack/neutron/neutron/api/extensions.py:156}}
Jun 17 05:52:54.395816 np0000181125 devstack@neutron-api.service[107315]: INFO neutron.api.extensions [None req-56630c97-7fc5-435d-970e-e440d917be0d None None] Extension uplink-status-propagation not supported by any of loaded plugins
Jun 17 05:52:54.395816 np0000181125 devstack@neutron-api.service[107315]: DEBUG neutron.api.extensions [None req-56630c97-7fc5-435d-970e-e440d917be0d None None] Loading extension file: uplink_status_propagation_updatable.py {{(pid=107315) _load_all_extensions_from_path /opt/stack/neutron/neutron/api/extensions.py:449}}
Jun 17 05:52:54.395816 np0000181125 devstack@neutron-api.service[107315]: DEBUG neutron.api.extensions [None req-56630c97-7fc5-435d-970e-e440d917be0d None None] Ext name="Uplink status propagation updatable extension" alias="uplink-status-propagation-updatable" description="Provides ability to update the port uplink status." updated="2024-09-03T18:00:00-00:00" {{(pid=107315) _check_extension /opt/stack/neutron/neutron/api/extensions.py:415}}
Jun 17 05:52:54.395816 np0000181125 devstack@neutron-api.service[107315]: INFO neutron.api.extensions [None req-56630c97-7fc5-435d-970e-e440d917be0d None None] Extension uplink-status-propagation-updatable not supported by any of loaded plugins
Jun 17 05:52:54.395816 np0000181125 devstack@neutron-api.service[107315]: DEBUG neutron.api.extensions [None req-56630c97-7fc5-435d-970e-e440d917be0d None None] Loading extension file: vlantransparent.py {{(pid=107315) _load_all_extensions_from_path /opt/stack/neutron/neutron/api/extensions.py:449}}
Jun 17 05:52:54.395965 np0000181125 devstack@neutron-api.service[107318]: DEBUG neutron.api.extensions [None req-7a50c034-1a33-433d-89f6-3a8abe609ae8 None None] Extended resource: network-ip-availabilities {{(pid=107318) __init__ /opt/stack/neutron/neutron/api/extensions.py:156}}
Jun 17 05:52:54.396027 np0000181125 devstack@neutron-api.service[107315]: DEBUG neutron.api.extensions [None req-56630c97-7fc5-435d-970e-e440d917be0d None None] Ext name="Vlantransparent" alias="vlan-transparent" description="Provides Vlan Transparent Networks" updated="2015-03-23T09:00:00-00:00" {{(pid=107315) _check_extension /opt/stack/neutron/neutron/api/extensions.py:415}}
Jun 17 05:52:54.396027 np0000181125 devstack@neutron-api.service[107315]: INFO neutron.api.extensions [None req-56630c97-7fc5-435d-970e-e440d917be0d None None] Loaded extension: vlan-transparent
Jun 17 05:52:54.396108 np0000181125 devstack@neutron-api.service[107318]: DEBUG neutron.api.extensions [None req-7a50c034-1a33-433d-89f6-3a8abe609ae8 None None] Extended resource: network-ip-availabilities {{(pid=107318) __init__ /opt/stack/neutron/neutron/api/extensions.py:156}}
Jun 17 05:52:54.396108 np0000181125 devstack@neutron-api.service[107318]: DEBUG neutron.api.extensions [None req-7a50c034-1a33-433d-89f6-3a8abe609ae8 None None] Extended resource: bindings {{(pid=107318) __init__ /opt/stack/neutron/neutron/api/extensions.py:156}}
Jun 17 05:52:54.396198 np0000181125 devstack@neutron-api.service[107315]: INFO neutron.quota.resource_registry [None req-56630c97-7fc5-435d-970e-e440d917be0d None None] Creating instance of TrackedResource for resource:network
Jun 17 05:52:54.396198 np0000181125 devstack@neutron-api.service[107315]: INFO neutron.quota.resource_registry [None req-56630c97-7fc5-435d-970e-e440d917be0d None None] Creating instance of TrackedResource for resource:subnet
Jun 17 05:52:54.396198 np0000181125 devstack@neutron-api.service[107315]: INFO neutron.quota.resource_registry [None req-56630c97-7fc5-435d-970e-e440d917be0d None None] Creating instance of TrackedResource for resource:subnetpool
Jun 17 05:52:54.396198 np0000181125 devstack@neutron-api.service[107315]: INFO neutron.quota.resource_registry [None req-56630c97-7fc5-435d-970e-e440d917be0d None None] Creating instance of TrackedResource for resource:port
Jun 17 05:52:54.396316 np0000181125 devstack@neutron-api.service[107318]: DEBUG neutron.api.extensions [None req-7a50c034-1a33-433d-89f6-3a8abe609ae8 None None] Extended resource: quotas {{(pid=107318) __init__ /opt/stack/neutron/neutron/api/extensions.py:156}}
Jun 17 05:52:54.396381 np0000181125 devstack@neutron-api.service[107317]: DEBUG neutron_lib.callbacks.manager [None req-b414e3b2-cada-4334-a4af-76290cbb33f0 None None] Publish callbacks ['neutron.plugins.ml2.drivers.ovn.mech_driver.mech_driver.OVNMechanismDriver.pre_fork_initialize-983862'] for process (None), before_spawn {{(pid=107317) _notify_loop /opt/stack/data/venv/lib/python3.12/site-packages/neutron_lib/callbacks/manager.py:184}}
Jun 17 05:52:54.396381 np0000181125 devstack@neutron-api.service[107317]: DEBUG oslo_concurrency.processutils [None req-b414e3b2-cada-4334-a4af-76290cbb33f0 None None] Running cmd (subprocess): ovsdb-client transact ssl:199.204.45.116:6641 --timeout 180 -p /opt/stack/data/CA/int-ca/private/devstack-cert.key -c /opt/stack/data/CA/int-ca/devstack-cert.crt -C /opt/stack/data/CA/int-ca/ca-chain.pem ["OVN_Northbound", {"op": "wait", "timeout": 0, "table": "Port_Group", "where": [["name", "==", "neutron_pg_drop"]], "until": "==", "rows": []}, {"op": "insert", "table": "ACL", "row": {"action": "drop", "direction": "to-lport", "match": "outport == @neutron_pg_drop && ip", "priority": 1001}, "uuid-name": "droptoport"}, {"op": "insert", "table": "ACL", "row": {"action": "drop", "direction": "from-lport", "match": "inport == @neutron_pg_drop && ip", "priority": 1001}, "uuid-name": "dropfromport"}, {"op": "insert", "table": "Port_Group", "row": {"name": "neutron_pg_drop", "acls": ["set", [["named-uuid", "droptoport"], ["named-uuid", "dropfromport"]]]}}] {{(pid=107317) execute /opt/stack/data/venv/lib/python3.12/site-packages/oslo_concurrency/processutils.py:440}}
Jun 17 05:52:54.396485 np0000181125 devstack@neutron-api.service[107318]: DEBUG neutron.api.extensions [None req-7a50c034-1a33-433d-89f6-3a8abe609ae8 None None] Extended resource: quotas {{(pid=107318) __init__ /opt/stack/neutron/neutron/api/extensions.py:156}}
Jun 17 05:52:54.396627 np0000181125 devstack@neutron-api.service[107315]: DEBUG neutron.api.v2.resource_helper [None req-56630c97-7fc5-435d-970e-e440d917be0d None None] Service L3_ROUTER_NAT assigned prefix: {{(pid=107315) build_resource_info /opt/stack/neutron/neutron/api/v2/resource_helper.py:77}}
Jun 17 05:52:54.396627 np0000181125 devstack@neutron-api.service[107315]: DEBUG neutron.api.v2.resource_helper [None req-56630c97-7fc5-435d-970e-e440d917be0d None None] Service FLAVORS assigned prefix: {{(pid=107315) build_resource_info /opt/stack/neutron/neutron/api/v2/resource_helper.py:77}}
Jun 17 05:52:54.396712 np0000181125 devstack@neutron-api.service[107318]: DEBUG neutron.api.extensions [None req-7a50c034-1a33-433d-89f6-3a8abe609ae8 None None] Extended resource: rbac-policies {{(pid=107318) __init__ /opt/stack/neutron/neutron/api/extensions.py:156}}
Jun 17 05:52:54.396795 np0000181125 devstack@neutron-api.service[107315]: DEBUG neutron.api.v2.resource_helper [None req-56630c97-7fc5-435d-970e-e440d917be0d None None] Service L3_ROUTER_NAT assigned prefix: {{(pid=107315) build_resource_info /opt/stack/neutron/neutron/api/v2/resource_helper.py:77}}
Jun 17 05:52:54.396856 np0000181125 devstack@neutron-api.service[107318]: DEBUG neutron.api.extensions [None req-7a50c034-1a33-433d-89f6-3a8abe609ae8 None None] Extended resource: default-security-group-rules {{(pid=107318) __init__ /opt/stack/neutron/neutron/api/extensions.py:156}}
Jun 17 05:52:54.396921 np0000181125 devstack@neutron-api.service[107315]: DEBUG neutron.api.v2.resource_helper [None req-56630c97-7fc5-435d-970e-e440d917be0d None None] Service L3_ROUTER_NAT assigned prefix: {{(pid=107315) build_resource_info /opt/stack/neutron/neutron/api/v2/resource_helper.py:77}}
Jun 17 05:52:54.396921 np0000181125 devstack@neutron-api.service[107315]: INFO neutron.quota.resource_registry [None req-56630c97-7fc5-435d-970e-e440d917be0d None None] Creating instance of TrackedResource for resource:router
Jun 17 05:52:54.396921 np0000181125 devstack@neutron-api.service[107315]: INFO neutron.quota.resource_registry [None req-56630c97-7fc5-435d-970e-e440d917be0d None None] Creating instance of TrackedResource for resource:floatingip
Jun 17 05:52:54.397023 np0000181125 devstack@neutron-api.service[107318]: DEBUG neutron.api.extensions [None req-7a50c034-1a33-433d-89f6-3a8abe609ae8 None None] Extended resource: security-groups {{(pid=107318) __init__ /opt/stack/neutron/neutron/api/extensions.py:156}}
Jun 17 05:52:54.397085 np0000181125 devstack@neutron-api.service[107315]: INFO neutron.quota.resource_registry [None req-56630c97-7fc5-435d-970e-e440d917be0d None None] Creating instance of CountableResource for resource:rbac_policy
Jun 17 05:52:54.397085 np0000181125 devstack@neutron-api.service[107315]: INFO neutron.quota.resource_registry [None req-56630c97-7fc5-435d-970e-e440d917be0d None None] Creating instance of TrackedResource for resource:security_group
Jun 17 05:52:54.397179 np0000181125 devstack@neutron-api.service[107318]: DEBUG neutron.api.extensions [None req-7a50c034-1a33-433d-89f6-3a8abe609ae8 None None] Extended resource: security-group-rules {{(pid=107318) __init__ /opt/stack/neutron/neutron/api/extensions.py:156}}
Jun 17 05:52:54.397309 np0000181125 devstack@neutron-api.service[107315]: INFO neutron.quota.resource_registry [None req-56630c97-7fc5-435d-970e-e440d917be0d None None] Creating instance of TrackedResource for resource:security_group_rule
Jun 17 05:52:54.397309 np0000181125 devstack@neutron-api.service[107315]: DEBUG neutron.api.v2.resource_helper [None req-56630c97-7fc5-435d-970e-e440d917be0d None None] Service CORE assigned prefix: {{(pid=107315) build_resource_info /opt/stack/neutron/neutron/api/v2/resource_helper.py:77}}
Jun 17 05:52:54.397407 np0000181125 devstack@neutron-api.service[107318]: DEBUG neutron.api.extensions [None req-7a50c034-1a33-433d-89f6-3a8abe609ae8 None None] Extended resource: service-providers {{(pid=107318) __init__ /opt/stack/neutron/neutron/api/extensions.py:156}}
Jun 17 05:52:54.397460 np0000181125 devstack@neutron-api.service[107315]: INFO neutron.quota.resource_registry [None req-56630c97-7fc5-435d-970e-e440d917be0d None None] Creating instance of TrackedResource for resource:subnetpool
Jun 17 05:52:54.397460 np0000181125 devstack@neutron-api.service[107315]: WARNING neutron.quota.resource_registry [None req-56630c97-7fc5-435d-970e-e440d917be0d None None] subnetpool is already registered
Jun 17 05:52:54.397460 np0000181125 devstack@neutron-api.service[107315]: DEBUG neutron.api.v2.resource_helper [None req-56630c97-7fc5-435d-970e-e440d917be0d None None] Service CORE assigned prefix: {{(pid=107315) build_resource_info /opt/stack/neutron/neutron/api/v2/resource_helper.py:77}}
Jun 17 05:52:54.397460 np0000181125 devstack@neutron-api.service[107315]: INFO neutron.quota.resource_registry [None req-56630c97-7fc5-435d-970e-e440d917be0d None None] Creating instance of TrackedResource for resource:subnetpool
Jun 17 05:52:54.397578 np0000181125 devstack@neutron-api.service[107318]: DEBUG neutron.api.extensions [None req-7a50c034-1a33-433d-89f6-3a8abe609ae8 None None] Extended resource: subnetpools {{(pid=107318) __init__ /opt/stack/neutron/neutron/api/extensions.py:156}}
Jun 17 05:52:54.397633 np0000181125 devstack@neutron-api.service[107315]: WARNING neutron.quota.resource_registry [None req-56630c97-7fc5-435d-970e-e440d917be0d None None] subnetpool is already registered
Jun 17 05:52:54.397696 np0000181125 devstack@neutron-api.service[107318]: DEBUG neutron.api.extensions [None req-7a50c034-1a33-433d-89f6-3a8abe609ae8 None None] Extended resource: subnetpools {{(pid=107318) __init__ /opt/stack/neutron/neutron/api/extensions.py:156}}
Jun 17 05:52:54.397696 np0000181125 devstack@neutron-api.service[107318]: DEBUG neutron.api.extensions [None req-7a50c034-1a33-433d-89f6-3a8abe609ae8 None None] Extended resource: tags {{(pid=107318) __init__ /opt/stack/neutron/neutron/api/extensions.py:156}}
Jun 17 05:52:54.397796 np0000181125 devstack@neutron-api.service[107315]: DEBUG neutron.api.v2.resource_helper [None req-56630c97-7fc5-435d-970e-e440d917be0d None None] Service L3_ROUTER_NAT assigned prefix: {{(pid=107315) build_resource_info /opt/stack/neutron/neutron/api/v2/resource_helper.py:77}}
Jun 17 05:52:54.397796 np0000181125 devstack@neutron-api.service[107315]: DEBUG neutron.api.v2.resource_helper [None req-56630c97-7fc5-435d-970e-e440d917be0d None None] Service FLAVORS assigned prefix: {{(pid=107315) build_resource_info /opt/stack/neutron/neutron/api/v2/resource_helper.py:77}}
Jun 17 05:52:54.397875 np0000181125 devstack@neutron-api.service[107318]: DEBUG neutron.api.extensions [None req-7a50c034-1a33-433d-89f6-3a8abe609ae8 None None] Extended resource: tags {{(pid=107318) __init__ /opt/stack/neutron/neutron/api/extensions.py:156}}
Jun 17 05:52:54.397934 np0000181125 devstack@neutron-api.service[107315]: DEBUG neutron.api.v2.resource_helper [None req-56630c97-7fc5-435d-970e-e440d917be0d None None] Service L3_ROUTER_NAT assigned prefix: {{(pid=107315) build_resource_info /opt/stack/neutron/neutron/api/v2/resource_helper.py:77}}
Jun 17 05:52:54.397934 np0000181125 devstack@neutron-api.service[107315]: DEBUG neutron.api.v2.resource_helper [None req-56630c97-7fc5-435d-970e-e440d917be0d None None] Service L3_ROUTER_NAT assigned prefix: {{(pid=107315) build_resource_info /opt/stack/neutron/neutron/api/v2/resource_helper.py:77}}
Jun 17 05:52:54.397934 np0000181125 devstack@neutron-api.service[107315]: INFO neutron.quota.resource_registry [None req-56630c97-7fc5-435d-970e-e440d917be0d None None] Creating instance of TrackedResource for resource:router
Jun 17 05:52:54.398032 np0000181125 devstack@neutron-api.service[107318]: DEBUG neutron.api.extensions [None req-7a50c034-1a33-433d-89f6-3a8abe609ae8 None None] Extended resource: tags {{(pid=107318) __init__ /opt/stack/neutron/neutron/api/extensions.py:156}}
Jun 17 05:52:54.398088 np0000181125 devstack@neutron-api.service[107315]: WARNING neutron.quota.resource_registry [None req-56630c97-7fc5-435d-970e-e440d917be0d None None] router is already registered
Jun 17 05:52:54.398088 np0000181125 devstack@neutron-api.service[107315]: INFO neutron.quota.resource_registry [None req-56630c97-7fc5-435d-970e-e440d917be0d None None] Creating instance of TrackedResource for resource:floatingip
Jun 17 05:52:54.398088 np0000181125 devstack@neutron-api.service[107315]: WARNING neutron.quota.resource_registry [None req-56630c97-7fc5-435d-970e-e440d917be0d None None] floatingip is already registered
Jun 17 05:52:54.398182 np0000181125 devstack@neutron-api.service[107318]: DEBUG neutron.api.extensions [None req-7a50c034-1a33-433d-89f6-3a8abe609ae8 None None] Extended resource: tags {{(pid=107318) __init__ /opt/stack/neutron/neutron/api/extensions.py:156}}
Jun 17 05:52:54.398237 np0000181125 devstack@neutron-api.service[107315]: INFO neutron.quota.resource_registry [None req-56630c97-7fc5-435d-970e-e440d917be0d None None] Creating instance of CountableResource for resource:rbac_policy
Jun 17 05:52:54.398237 np0000181125 devstack@neutron-api.service[107315]: WARNING neutron.quota.resource_registry [None req-56630c97-7fc5-435d-970e-e440d917be0d None None] rbac_policy is already registered
Jun 17 05:52:54.398373 np0000181125 devstack@neutron-api.service[107318]: DEBUG neutron.api.extensions [None req-7a50c034-1a33-433d-89f6-3a8abe609ae8 None None] Extended resource: tags {{(pid=107318) __init__ /opt/stack/neutron/neutron/api/extensions.py:156}}
Jun 17 05:52:54.398495 np0000181125 devstack@neutron-api.service[107315]: INFO neutron.quota.resource_registry [None req-56630c97-7fc5-435d-970e-e440d917be0d None None] Creating instance of TrackedResource for resource:security_group
Jun 17 05:52:54.398495 np0000181125 devstack@neutron-api.service[107315]: WARNING neutron.quota.resource_registry [None req-56630c97-7fc5-435d-970e-e440d917be0d None None] security_group is already registered
Jun 17 05:52:54.398495 np0000181125 devstack@neutron-api.service[107315]: INFO neutron.quota.resource_registry [None req-56630c97-7fc5-435d-970e-e440d917be0d None None] Creating instance of TrackedResource for resource:security_group_rule
Jun 17 05:52:54.398495 np0000181125 devstack@neutron-api.service[107315]: WARNING neutron.quota.resource_registry [None req-56630c97-7fc5-435d-970e-e440d917be0d None None] security_group_rule is already registered
Jun 17 05:52:54.398495 np0000181125 devstack@neutron-api.service[107315]: DEBUG neutron.api.v2.resource_helper [None req-56630c97-7fc5-435d-970e-e440d917be0d None None] Service CORE assigned prefix: {{(pid=107315) build_resource_info /opt/stack/neutron/neutron/api/v2/resource_helper.py:77}}
Jun 17 05:52:54.398663 np0000181125 devstack@neutron-api.service[107318]: DEBUG neutron.api.extensions [None req-7a50c034-1a33-433d-89f6-3a8abe609ae8 None None] Extended resource: tags {{(pid=107318) __init__ /opt/stack/neutron/neutron/api/extensions.py:156}}
Jun 17 05:52:54.398775 np0000181125 devstack@neutron-api.service[107315]: INFO neutron.quota.resource_registry [None req-56630c97-7fc5-435d-970e-e440d917be0d None None] Creating instance of TrackedResource for resource:subnetpool
Jun 17 05:52:54.398775 np0000181125 devstack@neutron-api.service[107315]: WARNING neutron.quota.resource_registry [None req-56630c97-7fc5-435d-970e-e440d917be0d None None] subnetpool is already registered
Jun 17 05:52:54.398775 np0000181125 devstack@neutron-api.service[107315]: DEBUG neutron.api.v2.resource_helper [None req-56630c97-7fc5-435d-970e-e440d917be0d None None] Service CORE assigned prefix: {{(pid=107315) build_resource_info /opt/stack/neutron/neutron/api/v2/resource_helper.py:77}}
Jun 17 05:52:54.398775 np0000181125 devstack@neutron-api.service[107315]: INFO neutron.quota.resource_registry [None req-56630c97-7fc5-435d-970e-e440d917be0d None None] Creating instance of TrackedResource for resource:subnetpool
Jun 17 05:52:54.398775 np0000181125 devstack@neutron-api.service[107315]: WARNING neutron.quota.resource_registry [None req-56630c97-7fc5-435d-970e-e440d917be0d None None] subnetpool is already registered
Jun 17 05:52:54.398993 np0000181125 devstack@neutron-api.service[107318]: DEBUG neutron.api.extensions [None req-7a50c034-1a33-433d-89f6-3a8abe609ae8 None None] Extended resource: tags {{(pid=107318) __init__ /opt/stack/neutron/neutron/api/extensions.py:156}}
Jun 17 05:52:54.399064 np0000181125 devstack@neutron-api.service[107315]: DEBUG neutron.api.extensions [None req-56630c97-7fc5-435d-970e-e440d917be0d None None] Extended resource: extensions {{(pid=107315) __init__ /opt/stack/neutron/neutron/api/extensions.py:156}}
Jun 17 05:52:54.399064 np0000181125 devstack@neutron-api.service[107315]: DEBUG neutron.api.extensions [None req-56630c97-7fc5-435d-970e-e440d917be0d None None] Extended resource: address-groups {{(pid=107315) __init__ /opt/stack/neutron/neutron/api/extensions.py:156}}
Jun 17 05:52:54.399145 np0000181125 devstack@neutron-api.service[107318]: DEBUG neutron.api.extensions [None req-7a50c034-1a33-433d-89f6-3a8abe609ae8 None None] Extended resource: tags {{(pid=107318) __init__ /opt/stack/neutron/neutron/api/extensions.py:156}}
Jun 17 05:52:54.399200 np0000181125 devstack@neutron-api.service[107315]: DEBUG neutron.api.extensions [None req-56630c97-7fc5-435d-970e-e440d917be0d None None] Extended resource: address-scopes {{(pid=107315) __init__ /opt/stack/neutron/neutron/api/extensions.py:156}}
Jun 17 05:52:54.399200 np0000181125 devstack@neutron-api.service[107315]: DEBUG neutron.api.extensions [None req-56630c97-7fc5-435d-970e-e440d917be0d None None] Extended resource: agents {{(pid=107315) __init__ /opt/stack/neutron/neutron/api/extensions.py:156}}
Jun 17 05:52:54.399285 np0000181125 devstack@neutron-api.service[107318]: DEBUG neutron.api.extensions [None req-7a50c034-1a33-433d-89f6-3a8abe609ae8 None None] Extended resource: tags {{(pid=107318) __init__ /opt/stack/neutron/neutron/api/extensions.py:156}}
Jun 17 05:52:54.399344 np0000181125 devstack@neutron-api.service[107315]: DEBUG neutron.api.extensions [None req-56630c97-7fc5-435d-970e-e440d917be0d None None] Extended resource: auto-allocated-topology {{(pid=107315) __init__ /opt/stack/neutron/neutron/api/extensions.py:156}}
Jun 17 05:52:54.399344 np0000181125 devstack@neutron-api.service[107315]: DEBUG neutron.api.extensions [None req-56630c97-7fc5-435d-970e-e440d917be0d None None] Extended resource: availability_zones {{(pid=107315) __init__ /opt/stack/neutron/neutron/api/extensions.py:156}}
Jun 17 05:52:54.399418 np0000181125 devstack@neutron-api.service[107318]: DEBUG neutron.api.extensions [None req-7a50c034-1a33-433d-89f6-3a8abe609ae8 None None] Extended resource: tags {{(pid=107318) __init__ /opt/stack/neutron/neutron/api/extensions.py:156}}
Jun 17 05:52:54.399479 np0000181125 devstack@neutron-api.service[107315]: DEBUG neutron.api.extensions [None req-56630c97-7fc5-435d-970e-e440d917be0d None None] Extended resource: dhcp-networks {{(pid=107315) __init__ /opt/stack/neutron/neutron/api/extensions.py:156}}
Jun 17 05:52:54.399479 np0000181125 devstack@neutron-api.service[107315]: DEBUG neutron.api.extensions [None req-56630c97-7fc5-435d-970e-e440d917be0d None None] Extended resource: dhcp-agents {{(pid=107315) __init__ /opt/stack/neutron/neutron/api/extensions.py:156}}
Jun 17 05:52:54.399479 np0000181125 devstack@neutron-api.service[107315]: DEBUG neutron.api.extensions [None req-56630c97-7fc5-435d-970e-e440d917be0d None None] Extended resource: routers {{(pid=107315) __init__ /opt/stack/neutron/neutron/api/extensions.py:156}}
Jun 17 05:52:54.399479 np0000181125 devstack@neutron-api.service[107315]: DEBUG neutron.api.extensions [None req-56630c97-7fc5-435d-970e-e440d917be0d None None] Extended resource: flavors {{(pid=107315) __init__ /opt/stack/neutron/neutron/api/extensions.py:156}}
Jun 17 05:52:54.399479 np0000181125 devstack@neutron-api.service[107315]: DEBUG neutron.api.extensions [None req-56630c97-7fc5-435d-970e-e440d917be0d None None] Extended resource: service_profiles {{(pid=107315) __init__ /opt/stack/neutron/neutron/api/extensions.py:156}}
Jun 17 05:52:54.399479 np0000181125 devstack@neutron-api.service[107315]: DEBUG neutron.api.extensions [None req-56630c97-7fc5-435d-970e-e440d917be0d None None] Extended resource: next_providers {{(pid=107315) __init__ /opt/stack/neutron/neutron/api/extensions.py:156}}
Jun 17 05:52:54.399479 np0000181125 devstack@neutron-api.service[107315]: DEBUG neutron.api.extensions [None req-56630c97-7fc5-435d-970e-e440d917be0d None None] Extended resource: service_profiles {{(pid=107315) __init__ /opt/stack/neutron/neutron/api/extensions.py:156}}
Jun 17 05:52:54.399479 np0000181125 devstack@neutron-api.service[107315]: DEBUG neutron.api.extensions [None req-56630c97-7fc5-435d-970e-e440d917be0d None None] Extended resource: floatingip-pools {{(pid=107315) __init__ /opt/stack/neutron/neutron/api/extensions.py:156}}
Jun 17 05:52:54.399703 np0000181125 devstack@neutron-api.service[107315]: DEBUG neutron.api.extensions [None req-56630c97-7fc5-435d-970e-e440d917be0d None None] Extended resource: routers {{(pid=107315) __init__ /opt/stack/neutron/neutron/api/extensions.py:156}}
Jun 17 05:52:54.399703 np0000181125 devstack@neutron-api.service[107315]: DEBUG neutron.api.extensions [None req-56630c97-7fc5-435d-970e-e440d917be0d None None] Extended resource: floatingips {{(pid=107315) __init__ /opt/stack/neutron/neutron/api/extensions.py:156}}
Jun 17 05:52:54.399703 np0000181125 devstack@neutron-api.service[107315]: DEBUG neutron.api.extensions [None req-56630c97-7fc5-435d-970e-e440d917be0d None None] Extended resource: l3-routers {{(pid=107315) __init__ /opt/stack/neutron/neutron/api/extensions.py:156}}
Jun 17 05:52:54.399703 np0000181125 devstack@neutron-api.service[107315]: DEBUG neutron.api.extensions [None req-56630c97-7fc5-435d-970e-e440d917be0d None None] Extended resource: l3-agents {{(pid=107315) __init__ /opt/stack/neutron/neutron/api/extensions.py:156}}
Jun 17 05:52:54.399703 np0000181125 devstack@neutron-api.service[107315]: DEBUG neutron.api.extensions [None req-56630c97-7fc5-435d-970e-e440d917be0d None None] Extended resource: network-ip-availabilities {{(pid=107315) __init__ /opt/stack/neutron/neutron/api/extensions.py:156}}
Jun 17 05:52:54.399703 np0000181125 devstack@neutron-api.service[107315]: DEBUG neutron.api.extensions [None req-56630c97-7fc5-435d-970e-e440d917be0d None None] Extended resource: network-ip-availabilities {{(pid=107315) __init__ /opt/stack/neutron/neutron/api/extensions.py:156}}
Jun 17 05:52:54.399703 np0000181125 devstack@neutron-api.service[107315]: DEBUG neutron.api.extensions [None req-56630c97-7fc5-435d-970e-e440d917be0d None None] Extended resource: bindings {{(pid=107315) __init__ /opt/stack/neutron/neutron/api/extensions.py:156}}
Jun 17 05:52:54.399703 np0000181125 devstack@neutron-api.service[107315]: DEBUG neutron.api.extensions [None req-56630c97-7fc5-435d-970e-e440d917be0d None None] Extended resource: quotas {{(pid=107315) __init__ /opt/stack/neutron/neutron/api/extensions.py:156}}
Jun 17 05:52:54.399935 np0000181125 devstack@neutron-api.service[107318]: DEBUG neutron_lib.callbacks.manager [None req-7a50c034-1a33-433d-89f6-3a8abe609ae8 None None] Publish callbacks ['neutron.plugins.ml2.drivers.ovn.mech_driver.mech_driver.OVNMechanismDriver.pre_fork_initialize-998111'] for process (None), before_spawn {{(pid=107318) _notify_loop /opt/stack/data/venv/lib/python3.12/site-packages/neutron_lib/callbacks/manager.py:184}}
Jun 17 05:52:54.399935 np0000181125 devstack@neutron-api.service[107318]: DEBUG oslo_concurrency.processutils [None req-7a50c034-1a33-433d-89f6-3a8abe609ae8 None None] Running cmd (subprocess): ovsdb-client transact ssl:199.204.45.116:6641 --timeout 180 -p /opt/stack/data/CA/int-ca/private/devstack-cert.key -c /opt/stack/data/CA/int-ca/devstack-cert.crt -C /opt/stack/data/CA/int-ca/ca-chain.pem ["OVN_Northbound", {"op": "wait", "timeout": 0, "table": "Port_Group", "where": [["name", "==", "neutron_pg_drop"]], "until": "==", "rows": []}, {"op": "insert", "table": "ACL", "row": {"action": "drop", "direction": "to-lport", "match": "outport == @neutron_pg_drop && ip", "priority": 1001}, "uuid-name": "droptoport"}, {"op": "insert", "table": "ACL", "row": {"action": "drop", "direction": "from-lport", "match": "inport == @neutron_pg_drop && ip", "priority": 1001}, "uuid-name": "dropfromport"}, {"op": "insert", "table": "Port_Group", "row": {"name": "neutron_pg_drop", "acls": ["set", [["named-uuid", "droptoport"], ["named-uuid", "dropfromport"]]]}}] {{(pid=107318) execute /opt/stack/data/venv/lib/python3.12/site-packages/oslo_concurrency/processutils.py:440}}
Jun 17 05:52:54.400047 np0000181125 devstack@neutron-api.service[107315]: DEBUG neutron.api.extensions [None req-56630c97-7fc5-435d-970e-e440d917be0d None None] Extended resource: quotas {{(pid=107315) __init__ /opt/stack/neutron/neutron/api/extensions.py:156}}
Jun 17 05:52:54.400047 np0000181125 devstack@neutron-api.service[107315]: DEBUG neutron.api.extensions [None req-56630c97-7fc5-435d-970e-e440d917be0d None None] Extended resource: rbac-policies {{(pid=107315) __init__ /opt/stack/neutron/neutron/api/extensions.py:156}}
Jun 17 05:52:54.400047 np0000181125 devstack@neutron-api.service[107315]: DEBUG neutron.api.extensions [None req-56630c97-7fc5-435d-970e-e440d917be0d None None] Extended resource: default-security-group-rules {{(pid=107315) __init__ /opt/stack/neutron/neutron/api/extensions.py:156}}
Jun 17 05:52:54.400047 np0000181125 devstack@neutron-api.service[107315]: DEBUG neutron.api.extensions [None req-56630c97-7fc5-435d-970e-e440d917be0d None None] Extended resource: security-groups {{(pid=107315) __init__ /opt/stack/neutron/neutron/api/extensions.py:156}}
Jun 17 05:52:54.400047 np0000181125 devstack@neutron-api.service[107315]: DEBUG neutron.api.extensions [None req-56630c97-7fc5-435d-970e-e440d917be0d None None] Extended resource: security-group-rules {{(pid=107315) __init__ /opt/stack/neutron/neutron/api/extensions.py:156}}
Jun 17 05:52:54.400047 np0000181125 devstack@neutron-api.service[107315]: DEBUG neutron.api.extensions [None req-56630c97-7fc5-435d-970e-e440d917be0d None None] Extended resource: service-providers {{(pid=107315) __init__ /opt/stack/neutron/neutron/api/extensions.py:156}}
Jun 17 05:52:54.400047 np0000181125 devstack@neutron-api.service[107315]: DEBUG neutron.api.extensions [None req-56630c97-7fc5-435d-970e-e440d917be0d None None] Extended resource: subnetpools {{(pid=107315) __init__ /opt/stack/neutron/neutron/api/extensions.py:156}}
Jun 17 05:52:54.400047 np0000181125 devstack@neutron-api.service[107315]: DEBUG neutron.api.extensions [None req-56630c97-7fc5-435d-970e-e440d917be0d None None] Extended resource: subnetpools {{(pid=107315) __init__ /opt/stack/neutron/neutron/api/extensions.py:156}}
Jun 17 05:52:54.400265 np0000181125 devstack@neutron-api.service[107315]: DEBUG neutron.api.extensions [None req-56630c97-7fc5-435d-970e-e440d917be0d None None] Extended resource: tags {{(pid=107315) __init__ /opt/stack/neutron/neutron/api/extensions.py:156}}
Jun 17 05:52:54.400613 np0000181125 devstack@neutron-api.service[107315]: DEBUG neutron.api.extensions [None req-56630c97-7fc5-435d-970e-e440d917be0d None None] Extended resource: tags {{(pid=107315) __init__ /opt/stack/neutron/neutron/api/extensions.py:156}}
Jun 17 05:52:54.401400 np0000181125 devstack@neutron-api.service[107315]: DEBUG neutron.api.extensions [None req-56630c97-7fc5-435d-970e-e440d917be0d None None] Extended resource: tags {{(pid=107315) __init__ /opt/stack/neutron/neutron/api/extensions.py:156}}
Jun 17 05:52:54.402272 np0000181125 devstack@neutron-api.service[107315]: DEBUG neutron.api.extensions [None req-56630c97-7fc5-435d-970e-e440d917be0d None None] Extended resource: tags {{(pid=107315) __init__ /opt/stack/neutron/neutron/api/extensions.py:156}}
Jun 17 05:52:54.403229 np0000181125 devstack@neutron-api.service[107315]: DEBUG neutron.api.extensions [None req-56630c97-7fc5-435d-970e-e440d917be0d None None] Extended resource: tags {{(pid=107315) __init__ /opt/stack/neutron/neutron/api/extensions.py:156}}
Jun 17 05:52:54.404444 np0000181125 devstack@neutron-api.service[107315]: DEBUG neutron.api.extensions [None req-56630c97-7fc5-435d-970e-e440d917be0d None None] Extended resource: tags {{(pid=107315) __init__ /opt/stack/neutron/neutron/api/extensions.py:156}}
Jun 17 05:52:54.406110 np0000181125 devstack@neutron-api.service[107315]: DEBUG neutron.api.extensions [None req-56630c97-7fc5-435d-970e-e440d917be0d None None] Extended resource: tags {{(pid=107315) __init__ /opt/stack/neutron/neutron/api/extensions.py:156}}
Jun 17 05:52:54.407342 np0000181125 devstack@neutron-api.service[107315]: DEBUG neutron.api.extensions [None req-56630c97-7fc5-435d-970e-e440d917be0d None None] Extended resource: tags {{(pid=107315) __init__ /opt/stack/neutron/neutron/api/extensions.py:156}}
Jun 17 05:52:54.408497 np0000181125 devstack@neutron-api.service[107315]: DEBUG neutron.api.extensions [None req-56630c97-7fc5-435d-970e-e440d917be0d None None] Extended resource: tags {{(pid=107315) __init__ /opt/stack/neutron/neutron/api/extensions.py:156}}
Jun 17 05:52:54.409835 np0000181125 devstack@neutron-api.service[107315]: DEBUG neutron.api.extensions [None req-56630c97-7fc5-435d-970e-e440d917be0d None None] Extended resource: tags {{(pid=107315) __init__ /opt/stack/neutron/neutron/api/extensions.py:156}}
Jun 17 05:52:54.420088 np0000181125 devstack@neutron-api.service[107315]: DEBUG neutron_lib.callbacks.manager [None req-56630c97-7fc5-435d-970e-e440d917be0d None None] Publish callbacks ['neutron.plugins.ml2.drivers.ovn.mech_driver.mech_driver.OVNMechanismDriver.pre_fork_initialize-995027'] for process (None), before_spawn {{(pid=107315) _notify_loop /opt/stack/data/venv/lib/python3.12/site-packages/neutron_lib/callbacks/manager.py:184}}
Jun 17 05:52:54.420457 np0000181125 devstack@neutron-api.service[107315]: DEBUG oslo_concurrency.processutils [None req-56630c97-7fc5-435d-970e-e440d917be0d None None] Running cmd (subprocess): ovsdb-client transact ssl:199.204.45.116:6641 --timeout 180 -p /opt/stack/data/CA/int-ca/private/devstack-cert.key -c /opt/stack/data/CA/int-ca/devstack-cert.crt -C /opt/stack/data/CA/int-ca/ca-chain.pem ["OVN_Northbound", {"op": "wait", "timeout": 0, "table": "Port_Group", "where": [["name", "==", "neutron_pg_drop"]], "until": "==", "rows": []}, {"op": "insert", "table": "ACL", "row": {"action": "drop", "direction": "to-lport", "match": "outport == @neutron_pg_drop && ip", "priority": 1001}, "uuid-name": "droptoport"}, {"op": "insert", "table": "ACL", "row": {"action": "drop", "direction": "from-lport", "match": "inport == @neutron_pg_drop && ip", "priority": 1001}, "uuid-name": "dropfromport"}, {"op": "insert", "table": "Port_Group", "row": {"name": "neutron_pg_drop", "acls": ["set", [["named-uuid", "droptoport"], ["named-uuid", "dropfromport"]]]}}] {{(pid=107315) execute /opt/stack/data/venv/lib/python3.12/site-packages/oslo_concurrency/processutils.py:440}}
Jun 17 05:52:54.422239 np0000181125 devstack@neutron-api.service[107317]: DEBUG oslo_concurrency.processutils [None req-b414e3b2-cada-4334-a4af-76290cbb33f0 None None] CMD "ovsdb-client transact ssl:199.204.45.116:6641 --timeout 180 -p /opt/stack/data/CA/int-ca/private/devstack-cert.key -c /opt/stack/data/CA/int-ca/devstack-cert.crt -C /opt/stack/data/CA/int-ca/ca-chain.pem ["OVN_Northbound", {"op": "wait", "timeout": 0, "table": "Port_Group", "where": [["name", "==", "neutron_pg_drop"]], "until": "==", "rows": []}, {"op": "insert", "table": "ACL", "row": {"action": "drop", "direction": "to-lport", "match": "outport == @neutron_pg_drop && ip", "priority": 1001}, "uuid-name": "droptoport"}, {"op": "insert", "table": "ACL", "row": {"action": "drop", "direction": "from-lport", "match": "inport == @neutron_pg_drop && ip", "priority": 1001}, "uuid-name": "dropfromport"}, {"op": "insert", "table": "Port_Group", "row": {"name": "neutron_pg_drop", "acls": ["set", [["named-uuid", "droptoport"], ["named-uuid", "dropfromport"]]]}}]" returned: 0 in 0.058s {{(pid=107317) execute /opt/stack/data/venv/lib/python3.12/site-packages/oslo_concurrency/processutils.py:468}}
Jun 17 05:52:54.422774 np0000181125 devstack@neutron-api.service[107317]: DEBUG neutron_lib.callbacks.manager [None req-b414e3b2-cada-4334-a4af-76290cbb33f0 None None] Publish callbacks ['neutron.plugins.ml2.drivers.ovn.mech_driver.mech_driver.OVNMechanismDriver.post_fork_initialize-983886', 'neutron.services.pvlan.drivers.ovn.driver._initialize_pvlan_pg_drop-8594344245892', 'neutron.services.ovn_l3.plugin.OVNL3RouterPlugin._post_fork_initialize-7793401'] for process (None), after_init {{(pid=107317) _notify_loop /opt/stack/data/venv/lib/python3.12/site-packages/neutron_lib/callbacks/manager.py:184}}
Jun 17 05:52:54.423252 np0000181125 devstack@neutron-api.service[107317]: DEBUG oslo_concurrency.lockutils [None req-b414e3b2-cada-4334-a4af-76290cbb33f0 None None] Acquiring lock "singleton_lock" {{(pid=107317) lock /opt/stack/data/venv/lib/python3.12/site-packages/oslo_concurrency/lockutils.py:395}}
Jun 17 05:52:54.423394 np0000181125 devstack@neutron-api.service[107317]: DEBUG oslo_concurrency.lockutils [None req-b414e3b2-cada-4334-a4af-76290cbb33f0 None None] Acquired lock "singleton_lock" {{(pid=107317) lock /opt/stack/data/venv/lib/python3.12/site-packages/oslo_concurrency/lockutils.py:398}}
Jun 17 05:52:54.423703 np0000181125 devstack@neutron-api.service[107317]: DEBUG oslo_concurrency.lockutils [None req-b414e3b2-cada-4334-a4af-76290cbb33f0 None None] Releasing lock "singleton_lock" {{(pid=107317) lock /opt/stack/data/venv/lib/python3.12/site-packages/oslo_concurrency/lockutils.py:418}}
Jun 17 05:52:54.425980 np0000181125 devstack@neutron-api.service[107317]: DEBUG neutron.plugins.ml2.drivers.ovn.mech_driver.mech_driver [None req-b414e3b2-cada-4334-a4af-76290cbb33f0 None None] Hash Ring setup using WSGI start time 2026-06-17 05:52:47+00:00 {{(pid=107317) _init_hash_ring /opt/stack/neutron/neutron/plugins/ml2/drivers/ovn/mech_driver/mech_driver.py:404}}
Jun 17 05:52:54.434490 np0000181125 devstack@neutron-api.service[107318]: DEBUG oslo_concurrency.processutils [None req-7a50c034-1a33-433d-89f6-3a8abe609ae8 None None] CMD "ovsdb-client transact ssl:199.204.45.116:6641 --timeout 180 -p /opt/stack/data/CA/int-ca/private/devstack-cert.key -c /opt/stack/data/CA/int-ca/devstack-cert.crt -C /opt/stack/data/CA/int-ca/ca-chain.pem ["OVN_Northbound", {"op": "wait", "timeout": 0, "table": "Port_Group", "where": [["name", "==", "neutron_pg_drop"]], "until": "==", "rows": []}, {"op": "insert", "table": "ACL", "row": {"action": "drop", "direction": "to-lport", "match": "outport == @neutron_pg_drop && ip", "priority": 1001}, "uuid-name": "droptoport"}, {"op": "insert", "table": "ACL", "row": {"action": "drop", "direction": "from-lport", "match": "inport == @neutron_pg_drop && ip", "priority": 1001}, "uuid-name": "dropfromport"}, {"op": "insert", "table": "Port_Group", "row": {"name": "neutron_pg_drop", "acls": ["set", [["named-uuid", "droptoport"], ["named-uuid", "dropfromport"]]]}}]" returned: 0 in 0.039s {{(pid=107318) execute /opt/stack/data/venv/lib/python3.12/site-packages/oslo_concurrency/processutils.py:468}}
Jun 17 05:52:54.434622 np0000181125 devstack@neutron-api.service[107317]: INFO neutron.db.ovn_hash_ring_db [None req-b414e3b2-cada-4334-a4af-76290cbb33f0 None None] Nodes from host "np0000181125" and group "mechanism_driver" removed from the Hash Ring created at 2026-06-17 05:52:47+00:00
Jun 17 05:52:54.435186 np0000181125 devstack@neutron-api.service[107318]: DEBUG neutron_lib.callbacks.manager [None req-7a50c034-1a33-433d-89f6-3a8abe609ae8 None None] Publish callbacks ['neutron.plugins.ml2.drivers.ovn.mech_driver.mech_driver.OVNMechanismDriver.post_fork_initialize-998151', 'neutron.services.pvlan.drivers.ovn.driver._initialize_pvlan_pg_drop-8594344255188', 'neutron.services.ovn_l3.plugin.OVNL3RouterPlugin._post_fork_initialize-8329981'] for process (None), after_init {{(pid=107318) _notify_loop /opt/stack/data/venv/lib/python3.12/site-packages/neutron_lib/callbacks/manager.py:184}}
Jun 17 05:52:54.435828 np0000181125 devstack@neutron-api.service[107318]: DEBUG oslo_concurrency.lockutils [None req-7a50c034-1a33-433d-89f6-3a8abe609ae8 None None] Acquiring lock "singleton_lock" {{(pid=107318) lock /opt/stack/data/venv/lib/python3.12/site-packages/oslo_concurrency/lockutils.py:395}}
Jun 17 05:52:54.436040 np0000181125 devstack@neutron-api.service[107318]: DEBUG oslo_concurrency.lockutils [None req-7a50c034-1a33-433d-89f6-3a8abe609ae8 None None] Acquired lock "singleton_lock" {{(pid=107318) lock /opt/stack/data/venv/lib/python3.12/site-packages/oslo_concurrency/lockutils.py:398}}
Jun 17 05:52:54.436487 np0000181125 devstack@neutron-api.service[107318]: DEBUG oslo_concurrency.lockutils [None req-7a50c034-1a33-433d-89f6-3a8abe609ae8 None None] Releasing lock "singleton_lock" {{(pid=107318) lock /opt/stack/data/venv/lib/python3.12/site-packages/oslo_concurrency/lockutils.py:418}}
Jun 17 05:52:54.441463 np0000181125 devstack@neutron-api.service[107317]: INFO neutron.db.ovn_hash_ring_db [None req-b414e3b2-cada-4334-a4af-76290cbb33f0 None None] Node 5f3863a9e79c599c8641b73e8afa13af from host "np0000181125" and group "mechanism_driver" added to the Hash Ring
Jun 17 05:52:54.442796 np0000181125 devstack@neutron-api.service[107318]: DEBUG neutron.plugins.ml2.drivers.ovn.mech_driver.mech_driver [None req-7a50c034-1a33-433d-89f6-3a8abe609ae8 None None] Hash Ring setup using WSGI start time 2026-06-17 05:52:47+00:00 {{(pid=107318) _init_hash_ring /opt/stack/neutron/neutron/plugins/ml2/drivers/ovn/mech_driver/mech_driver.py:404}}
Jun 17 05:52:54.446246 np0000181125 devstack@neutron-api.service[107317]: DEBUG neutron.plugins.ml2.drivers.ovn.mech_driver.mech_driver [None req-b414e3b2-cada-4334-a4af-76290cbb33f0 None None] Hash Ring setup, this worker has detected 2 OVN hash ring registers in the database {{(pid=107317) _init_hash_ring /opt/stack/neutron/neutron/plugins/ml2/drivers/ovn/mech_driver/mech_driver.py:414}}
Jun 17 05:52:54.452201 np0000181125 devstack@neutron-api.service[107318]: INFO neutron.db.ovn_hash_ring_db [None req-7a50c034-1a33-433d-89f6-3a8abe609ae8 None None] Nodes from host "np0000181125" and group "mechanism_driver" removed from the Hash Ring created at 2026-06-17 05:52:47+00:00
Jun 17 05:52:54.456640 np0000181125 devstack@neutron-api.service[107318]: INFO neutron.db.ovn_hash_ring_db [None req-7a50c034-1a33-433d-89f6-3a8abe609ae8 None None] Node a5b841008c2356248230906c4c907250 from host "np0000181125" and group "mechanism_driver" added to the Hash Ring
Jun 17 05:52:54.458596 np0000181125 devstack@neutron-api.service[107317]: DEBUG neutron.plugins.ml2.drivers.ovn.mech_driver.ovsdb.maintenance [None req-b414e3b2-cada-4334-a4af-76290cbb33f0 None None] Periodic task found: HashRingHealthCheckPeriodics.touch_hash_ring_node {{(pid=107317) add_periodics /opt/stack/neutron/neutron/plugins/ml2/drivers/ovn/mech_driver/ovsdb/maintenance.py:146}}
Jun 17 05:52:54.461951 np0000181125 devstack@neutron-api.service[107317]: INFO neutron.plugins.ml2.drivers.ovn.mech_driver.mech_driver [None req-b414e3b2-cada-4334-a4af-76290cbb33f0 None None] Hash Ring probing thread for node 5f3863a9e79c599c8641b73e8afa13af has started
Jun 17 05:52:54.462160 np0000181125 devstack@neutron-api.service[107317]: INFO neutron.plugins.ml2.drivers.ovn.mech_driver.ovsdb.impl_idl_ovn [None req-b414e3b2-cada-4334-a4af-76290cbb33f0 None None] Getting OvsdbNbOvnIdl for WorkerService with retry
Jun 17 05:52:54.464885 np0000181125 devstack@neutron-api.service[107315]: DEBUG oslo_concurrency.processutils [None req-56630c97-7fc5-435d-970e-e440d917be0d None None] CMD "ovsdb-client transact ssl:199.204.45.116:6641 --timeout 180 -p /opt/stack/data/CA/int-ca/private/devstack-cert.key -c /opt/stack/data/CA/int-ca/devstack-cert.crt -C /opt/stack/data/CA/int-ca/ca-chain.pem ["OVN_Northbound", {"op": "wait", "timeout": 0, "table": "Port_Group", "where": [["name", "==", "neutron_pg_drop"]], "until": "==", "rows": []}, {"op": "insert", "table": "ACL", "row": {"action": "drop", "direction": "to-lport", "match": "outport == @neutron_pg_drop && ip", "priority": 1001}, "uuid-name": "droptoport"}, {"op": "insert", "table": "ACL", "row": {"action": "drop", "direction": "from-lport", "match": "inport == @neutron_pg_drop && ip", "priority": 1001}, "uuid-name": "dropfromport"}, {"op": "insert", "table": "Port_Group", "row": {"name": "neutron_pg_drop", "acls": ["set", [["named-uuid", "droptoport"], ["named-uuid", "dropfromport"]]]}}]" returned: 0 in 0.044s {{(pid=107315) execute /opt/stack/data/venv/lib/python3.12/site-packages/oslo_concurrency/processutils.py:468}}
Jun 17 05:52:54.465144 np0000181125 devstack@neutron-api.service[107315]: DEBUG neutron_lib.callbacks.manager [None req-56630c97-7fc5-435d-970e-e440d917be0d None None] Publish callbacks ['neutron.plugins.ml2.drivers.ovn.mech_driver.mech_driver.OVNMechanismDriver.post_fork_initialize-995067', 'neutron.services.pvlan.drivers.ovn.driver._initialize_pvlan_pg_drop-8594344254958', 'neutron.services.ovn_l3.plugin.OVNL3RouterPlugin._post_fork_initialize-650699'] for process (None), after_init {{(pid=107315) _notify_loop /opt/stack/data/venv/lib/python3.12/site-packages/neutron_lib/callbacks/manager.py:184}}
Jun 17 05:52:54.465571 np0000181125 devstack@neutron-api.service[107315]: DEBUG oslo_concurrency.lockutils [None req-56630c97-7fc5-435d-970e-e440d917be0d None None] Acquiring lock "singleton_lock" {{(pid=107315) lock /opt/stack/data/venv/lib/python3.12/site-packages/oslo_concurrency/lockutils.py:395}}
Jun 17 05:52:54.465571 np0000181125 devstack@neutron-api.service[107315]: DEBUG oslo_concurrency.lockutils [None req-56630c97-7fc5-435d-970e-e440d917be0d None None] Acquired lock "singleton_lock" {{(pid=107315) lock /opt/stack/data/venv/lib/python3.12/site-packages/oslo_concurrency/lockutils.py:398}}
Jun 17 05:52:54.465897 np0000181125 devstack@neutron-api.service[107315]: DEBUG oslo_concurrency.lockutils [None req-56630c97-7fc5-435d-970e-e440d917be0d None None] Releasing lock "singleton_lock" {{(pid=107315) lock /opt/stack/data/venv/lib/python3.12/site-packages/oslo_concurrency/lockutils.py:418}}
Jun 17 05:52:54.466249 np0000181125 devstack@neutron-api.service[107318]: DEBUG neutron.plugins.ml2.drivers.ovn.mech_driver.mech_driver [None req-7a50c034-1a33-433d-89f6-3a8abe609ae8 None None] Hash Ring setup, this worker has detected 3 OVN hash ring registers in the database {{(pid=107318) _init_hash_ring /opt/stack/neutron/neutron/plugins/ml2/drivers/ovn/mech_driver/mech_driver.py:414}}
Jun 17 05:52:54.469766 np0000181125 devstack@neutron-api.service[107315]: DEBUG neutron.plugins.ml2.drivers.ovn.mech_driver.mech_driver [None req-56630c97-7fc5-435d-970e-e440d917be0d None None] Hash Ring setup using WSGI start time 2026-06-17 05:52:47+00:00 {{(pid=107315) _init_hash_ring /opt/stack/neutron/neutron/plugins/ml2/drivers/ovn/mech_driver/mech_driver.py:404}}
Jun 17 05:52:54.476403 np0000181125 devstack@neutron-api.service[107315]: INFO neutron.db.ovn_hash_ring_db [None req-56630c97-7fc5-435d-970e-e440d917be0d None None] Nodes from host "np0000181125" and group "mechanism_driver" removed from the Hash Ring created at 2026-06-17 05:52:47+00:00
