2026-05-11 06:45:36.834 10 ERROR neutron.plugins.ml2.managers neutron_lib.exceptions.SubnetNotFound: Subnet c734cc35-2788-48f8-928f-f99145e2fc2c could not be found.
2026-05-11 06:45:36.834 10 ERROR neutron.plugins.ml2.managers 
2026-05-11 06:45:36.835 10 ERROR neutron.plugins.ml2.managers [None req-1213cba9-959b-4d12-bd67-624e66872068 - - - - - -] Failed to bind port e0ff7472-55bd-4b0b-81fb-7bd5bcf5df52 on host instance for vnic_type normal using segments [{'id': '5b271ac0-8705-4674-a39b-22f7d58af9fd', 'network_type': 'vxlan', 'physical_network': None, 'segmentation_id': 972, 'network_id': '40c97384-6b59-4637-bb1a-f94108bd97b9'}]
2026-05-11 06:45:36.835 10 INFO neutron.plugins.ml2.plugin [None req-1213cba9-959b-4d12-bd67-624e66872068 - - - - - -] Attempt 9 to bind port e0ff7472-55bd-4b0b-81fb-7bd5bcf5df52
2026-05-11 06:45:36.853 10 ERROR neutron.plugins.ml2.managers [None req-1213cba9-959b-4d12-bd67-624e66872068 - - - - - -] Mechanism driver openvswitch failed in bind_port: neutron_lib.exceptions.SubnetNotFound: Subnet c734cc35-2788-48f8-928f-f99145e2fc2c could not be found.
2026-05-11 06:45:36.853 10 ERROR neutron.plugins.ml2.managers
Traceback (most recent call last):
2026-05-11 06:45:36.853 10 ERROR neutron.plugins.ml2.managers
File "/var/lib/openstack/lib/python3.10/site-packages/neutron/plugins/ml2/managers.py", line 866, in _bind_port_level
2026-05-11 06:45:36.853 10 ERROR neutron.plugins.ml2.managers driver.obj.bind_port(context)
2026-05-11 06:45:36.853 10 ERROR neutron.plugins.ml2.managers
File "/var/lib/openstack/lib/python3.10/site-packages/neutron/plugins/ml2/drivers/openvswitch/mech_driver/mech_openvswitch.py", line 133, in bind_port
2026-05-11 06:45:36.853 10 ERROR neutron.plugins.ml2.managers super(OpenvswitchMechanismDriver, self).bind_port(context)
2026-05-11 06:45:36.853 10 ERROR neutron.plugins.ml2.managers
File "/var/lib/openstack/lib/python3.10/site-packages/neutron/plugins/ml2/drivers/mech_agent.py", line 104, in bind_port
2026-05-11 06:45:36.853 10 ERROR neutron.plugins.ml2.managers subnets = self.get_subnets_from_fixed_ips(context)
2026-05-11 06:45:36.853 10 ERROR neutron.plugins.ml2.managers
File "/var/lib/openstack/lib/python3.10/site-packages/neutron/plugins/ml2/drivers/mech_agent.py", line 149, in get_subnets_from_fixed_ips
2026-05-11 06:45:36.853 10 ERROR neutron.plugins.ml2.managers subnets.append(context._plugin.get_subnet(
2026-05-11 06:45:36.853 10 ERROR neutron.plugins.ml2.managers
File "/var/lib/openstack/lib/python3.10/site-packages/neutron_lib/db/api.py", line 223, in wrapped
2026-05-11 06:45:36.853 10 ERROR neutron.plugins.ml2.managers return f_with_retry(*args, **kwargs,
2026-05-11 06:45:36.853 10 ERROR neutron.plugins.ml2.managers
File "/var/lib/openstack/lib/python3.10/site-packages/neutron_lib/db/api.py", line 137, in wrapped
2026-05-11 06:45:36.853 10 ERROR neutron.plugins.ml2.managers with excutils.save_and_reraise_exception():
2026-05-11 06:45:36.853 10 ERROR neutron.plugins.ml2.managers
File "/var/lib/openstack/lib/python3.10/site-packages/oslo_utils/excutils.py", line 227, in __exit__
2026-05-11 06:45:36.853 10 ERROR neutron.plugins.ml2.managers self.force_reraise()
2026-05-11 06:45:36.853 10 ERROR neutron.plugins.ml2.managers
File "/var/lib/openstack/lib/python3.10/site-packages/oslo_utils/excutils.py", line 200, in force_reraise
2026-05-11 06:45:36.853 10 ERROR neutron.plugins.ml2.managers raise self.value
2026-05-11 06:45:36.853 10 ERROR neutron.plugins.ml2.managers
File "/var/lib/openstack/lib/python3.10/site-packages/neutron_lib/db/api.py", line 135, in wrapped
2026-05-11 06:45:36.853 10 ERROR neutron.plugins.ml2.managers return f(*args, **kwargs)
2026-05-11 06:45:36.853 10 ERROR neutron.plugins.ml2.managers
File "/var/lib/openstack/lib/python3.10/site-packages/oslo_db/api.py", line 144, in wrapper
2026-05-11 06:45:36.853 10 ERROR neutron.plugins.ml2.managers with excutils.save_and_reraise_exception() as ectxt:
2026-05-11 06:45:36.853 10 ERROR neutron.plugins.ml2.managers
File "/var/lib/openstack/lib/python3.10/site-packages/oslo_utils/excutils.py", line 227, in __exit__
2026-05-11 06:45:36.853 10 ERROR neutron.plugins.ml2.managers self.force_reraise()
2026-05-11 06:45:36.853 10 ERROR neutron.plugins.ml2.managers
File "/var/lib/openstack/lib/python3.10/site-packages/oslo_utils/excutils.py", line 200, in force_reraise
2026-05-11 06:45:36.853 10 ERROR neutron.plugins.ml2.managers raise self.value
2026-05-11 06:45:36.853 10 ERROR neutron.plugins.ml2.managers
File "/var/lib/openstack/lib/python3.10/site-packages/oslo_db/api.py", line 142, in wrapper
2026-05-11 06:45:36.853 10 ERROR neutron.plugins.ml2.managers return f(*args, **kwargs)
2026-05-11 06:45:36.853 10 ERROR neutron.plugins.ml2.managers
File "/var/lib/openstack/lib/python3.10/site-packages/neutron_lib/db/api.py", line 183, in wrapped
2026-05-11 06:45:36.853 10 ERROR neutron.plugins.ml2.managers with excutils.save_and_reraise_exception():
2026-05-11 06:45:36.853 10 ERROR neutron.plugins.ml2.managers
File "/var/lib/openstack/lib/python3.10/site-packages/oslo_utils/excutils.py", line 227, in __exit__
2026-05-11 06:45:36.853 10 ERROR neutron.plugins.ml2.managers self.force_reraise()
2026-05-11 06:45:36.853 10 ERROR neutron.plugins.ml2.managers
File "/var/lib/openstack/lib/python3.10/site-packages/oslo_utils/excutils.py", line 200, in force_reraise
2026-05-11 06:45:36.853 10 ERROR neutron.plugins.ml2.managers raise self.value
2026-05-11 06:45:36.853 10 ERROR neutron.plugins.ml2.managers
File "/var/lib/openstack/lib/python3.10/site-packages/neutron_lib/db/api.py", line 181, in wrapped
2026-05-11 06:45:36.853 10 ERROR neutron.plugins.ml2.managers return f(*dup_args, **dup_kwargs)
2026-05-11 06:45:36.853 10 ERROR neutron.plugins.ml2.managers
File "/var/lib/openstack/lib/python3.10/site-packages/neutron/db/db_base_plugin_v2.py", line 1198, in get_subnet
2026-05-11 06:45:36.853 10 ERROR neutron.plugins.ml2.managers subnet_obj = self._get_subnet_object(context, id)
2026-05-11 06:45:36.853 10 ERROR neutron.plugins.ml2.managers
File "/var/lib/openstack/lib/python3.10/site-packages/neutron/db/db_base_plugin_common.py", line 282, in _get_subnet_object
2026-05-11 06:45:36.853 10 ERROR neutron.plugins.ml2.managers raise exceptions.SubnetNotFound(subnet_id=id)
2026-05-11 06:45:36.853 10 ERROR neutron.plugins.ml2.managers neutron_lib.exceptions.SubnetNotFound: Subnet c734cc35-2788-48f8-928f-f99145e2fc2c could not be found.
2026-05-11 06:45:36.853 10 ERROR neutron.plugins.ml2.managers 
2026-05-11 06:45:36.854 10 ERROR neutron.plugins.ml2.managers [None req-1213cba9-959b-4d12-bd67-624e66872068 - - - - - -] Failed to bind port e0ff7472-55bd-4b0b-81fb-7bd5bcf5df52 on host instance for vnic_type normal using segments [{'id': '5b271ac0-8705-4674-a39b-22f7d58af9fd', 'network_type': 'vxlan', 'physical_network': None, 'segmentation_id': 972, 'network_id': '40c97384-6b59-4637-bb1a-f94108bd97b9'}]
2026-05-11 06:45:36.854 10 INFO neutron.plugins.ml2.plugin [None req-1213cba9-959b-4d12-bd67-624e66872068 - - - - - -] Attempt 10 to bind port e0ff7472-55bd-4b0b-81fb-7bd5bcf5df52
2026-05-11 06:45:36.871 10 ERROR neutron.plugins.ml2.managers [None req-1213cba9-959b-4d12-bd67-624e66872068 - - - - - -] Mechanism driver openvswitch failed in bind_port: neutron_lib.exceptions.SubnetNotFound: Subnet c734cc35-2788-48f8-928f-f99145e2fc2c could not be found.
2026-05-11 06:45:36.871 10 ERROR neutron.plugins.ml2.managers
Traceback (most recent call last):
2026-05-11 06:45:36.871 10 ERROR neutron.plugins.ml2.managers
File "/var/lib/openstack/lib/python3.10/site-packages/neutron/plugins/ml2/managers.py", line 866, in _bind_port_level
2026-05-11 06:45:36.871 10 ERROR neutron.plugins.ml2.managers driver.obj.bind_port(context)
2026-05-11 06:45:36.871 10 ERROR neutron.plugins.ml2.managers
File "/var/lib/openstack/lib/python3.10/site-packages/neutron/plugins/ml2/drivers/openvswitch/mech_driver/mech_openvswitch.py", line 133, in bind_port
2026-05-11 06:45:36.871 10 ERROR neutron.plugins.ml2.managers super(OpenvswitchMechanismDriver, self).bind_port(context)
2026-05-11 06:45:36.871 10 ERROR neutron.plugins.ml2.managers
File "/var/lib/openstack/lib/python3.10/site-packages/neutron/plugins/ml2/drivers/mech_agent.py", line 104, in bind_port
2026-05-11 06:45:36.871 10 ERROR neutron.plugins.ml2.managers subnets = self.get_subnets_from_fixed_ips(context)
2026-05-11 06:45:36.871 10 ERROR neutron.plugins.ml2.managers
File "/var/lib/openstack/lib/python3.10/site-packages/neutron/plugins/ml2/drivers/mech_agent.py", line 149, in get_subnets_from_fixed_ips
2026-05-11 06:45:36.871 10 ERROR neutron.plugins.ml2.managers subnets.append(context._plugin.get_subnet(
2026-05-11 06:45:36.871 10 ERROR neutron.plugins.ml2.managers
File "/var/lib/openstack/lib/python3.10/site-packages/neutron_lib/db/api.py", line 223, in wrapped
2026-05-11 06:45:36.871 10 ERROR neutron.plugins.ml2.managers return f_with_retry(*args, **kwargs,
2026-05-11 06:45:36.871 10 ERROR neutron.plugins.ml2.managers
File "/var/lib/openstack/lib/python3.10/site-packages/neutron_lib/db/api.py", line 137, in wrapped
2026-05-11 06:45:36.871 10 ERROR neutron.plugins.ml2.managers with excutils.save_and_reraise_exception():
2026-05-11 06:45:36.871 10 ERROR neutron.plugins.ml2.managers
File "/var/lib/openstack/lib/python3.10/site-packages/oslo_utils/excutils.py", line 227, in __exit__
2026-05-11 06:45:36.871 10 ERROR neutron.plugins.ml2.managers self.force_reraise()
2026-05-11 06:45:36.871 10 ERROR neutron.plugins.ml2.managers
File "/var/lib/openstack/lib/python3.10/site-packages/oslo_utils/excutils.py", line 200, in force_reraise
2026-05-11 06:45:36.871 10 ERROR neutron.plugins.ml2.managers raise self.value
2026-05-11 06:45:36.871 10 ERROR neutron.plugins.ml2.managers
File "/var/lib/openstack/lib/python3.10/site-packages/neutron_lib/db/api.py", line 135, in wrapped
2026-05-11 06:45:36.871 10 ERROR neutron.plugins.ml2.managers return f(*args, **kwargs)
2026-05-11 06:45:36.871 10 ERROR neutron.plugins.ml2.managers
File "/var/lib/openstack/lib/python3.10/site-packages/oslo_db/api.py", line 144, in wrapper
2026-05-11 06:45:36.871 10 ERROR neutron.plugins.ml2.managers with excutils.save_and_reraise_exception() as ectxt:
2026-05-11 06:45:36.871 10 ERROR neutron.plugins.ml2.managers
File "/var/lib/openstack/lib/python3.10/site-packages/oslo_utils/excutils.py", line 227, in __exit__
2026-05-11 06:45:36.871 10 ERROR neutron.plugins.ml2.managers self.force_reraise()
2026-05-11 06:45:36.871 10 ERROR neutron.plugins.ml2.managers
File "/var/lib/openstack/lib/python3.10/site-packages/oslo_utils/excutils.py", line 200, in force_reraise
2026-05-11 06:45:36.871 10 ERROR neutron.plugins.ml2.managers raise self.value
2026-05-11 06:45:36.871 10 ERROR neutron.plugins.ml2.managers
File "/var/lib/openstack/lib/python3.10/site-packages/oslo_db/api.py", line 142, in wrapper
2026-05-11 06:45:36.871 10 ERROR neutron.plugins.ml2.managers return f(*args, **kwargs)
2026-05-11 06:45:36.871 10 ERROR neutron.plugins.ml2.managers
File "/var/lib/openstack/lib/python3.10/site-packages/neutron_lib/db/api.py", line 183, in wrapped
2026-05-11 06:45:36.871 10 ERROR neutron.plugins.ml2.managers with excutils.save_and_reraise_exception():
2026-05-11 06:45:36.871 10 ERROR neutron.plugins.ml2.managers
File "/var/lib/openstack/lib/python3.10/site-packages/oslo_utils/excutils.py", line 227, in __exit__
2026-05-11 06:45:36.871 10 ERROR neutron.plugins.ml2.managers self.force_reraise()
2026-05-11 06:45:36.871 10 ERROR neutron.plugins.ml2.managers
File "/var/lib/openstack/lib/python3.10/site-packages/oslo_utils/excutils.py", line 200, in force_reraise
2026-05-11 06:45:36.871 10 ERROR neutron.plugins.ml2.managers raise self.value
2026-05-11 06:45:36.871 10 ERROR neutron.plugins.ml2.managers
File "/var/lib/openstack/lib/python3.10/site-packages/neutron_lib/db/api.py", line 181, in wrapped
2026-05-11 06:45:36.871 10 ERROR neutron.plugins.ml2.managers return f(*dup_args, **dup_kwargs)
2026-05-11 06:45:36.871 10 ERROR neutron.plugins.ml2.managers
File "/var/lib/openstack/lib/python3.10/site-packages/neutron/db/db_base_plugin_v2.py", line 1198, in get_subnet
2026-05-11 06:45:36.871 10 ERROR neutron.plugins.ml2.managers subnet_obj = self._get_subnet_object(context, id)
2026-05-11 06:45:36.871 10 ERROR neutron.plugins.ml2.managers
File "/var/lib/openstack/lib/python3.10/site-packages/neutron/db/db_base_plugin_common.py", line 282, in _get_subnet_object
2026-05-11 06:45:36.871 10 ERROR neutron.plugins.ml2.managers raise exceptions.SubnetNotFound(subnet_id=id)
2026-05-11 06:45:36.871 10 ERROR neutron.plugins.ml2.managers neutron_lib.exceptions.SubnetNotFound: Subnet c734cc35-2788-48f8-928f-f99145e2fc2c could not be found.
2026-05-11 06:45:36.871 10 ERROR neutron.plugins.ml2.managers 
2026-05-11 06:45:36.872 10 ERROR neutron.plugins.ml2.managers [None req-1213cba9-959b-4d12-bd67-624e66872068 - - - - - -] Failed to bind port e0ff7472-55bd-4b0b-81fb-7bd5bcf5df52 on host instance for vnic_type normal using segments [{'id': '5b271ac0-8705-4674-a39b-22f7d58af9fd', 'network_type': 'vxlan', 'physical_network': None, 'segmentation_id': 972, 'network_id': '40c97384-6b59-4637-bb1a-f94108bd97b9'}]
2026-05-11 06:45:39.925 10 INFO neutron.plugins.ml2.plugin [None req-f3f48941-7d4c-46b8-abb9-860f60cb354f - - - - - -] Attempt 1 to provision port c1b2eca2-8c63-4837-8ab5-0fdb88fb17dc
2026-05-11 06:45:43.894 10 INFO neutron.plugins.ml2.plugin [None req-23cfa08d-0b6d-49eb-ad7b-3b9ce5deb868 - - - - - -] Attempt 1 to provision port d4ac9a0c-c7c7-4967-b6d7-09f94297495c
2026-05-11 06:45:43.936 9 INFO neutron.plugins.ml2.plugin [None req-f3f48941-7d4c-46b8-abb9-860f60cb354f - - - - - -] Attempt 1 to provision port 13ad68b4-708f-4e7d-9e96-27f130c7342b
2026-05-11 06:45:44.249 10 INFO neutron.plugins.ml2.plugin [None req-acac7bf3-2329-45bd-9eed-fae7273937ea - - - - - -] Attempt 1 to provision port 13ad68b4-708f-4e7d-9e96-27f130c7342b
2026-05-11 06:45:44.378 9 INFO neutron.plugins.ml2.plugin [None req-f3f48941-7d4c-46b8-abb9-860f60cb354f - - - - - -] Attempt 1 to provision port d4ac9a0c-c7c7-4967-b6d7-09f94297495c
2026-05-11 06:45:45.322 10 INFO neutron.plugins.ml2.plugin [None req-5f25850c-04a4-4cd4-b10a-9e2da524f878 - - - - - -] Attempt 1 to provision port 71511547-c8bb-412e-bea8-6742e7ec95ca
2026-05-11 06:45:45.676 10 INFO neutron.plugins.ml2.plugin [None req-77017e81-4f27-4129-839c-ac5701a5396b - - - - - -] Attempt 1 to provision port 71511547-c8bb-412e-bea8-6742e7ec95ca
2026-05-11 06:45:45.903 9 INFO neutron.plugins.ml2.plugin [None req-f3f48941-7d4c-46b8-abb9-860f60cb354f - - - - - -] Attempt 1 to provision port 13ad68b4-708f-4e7d-9e96-27f130c7342b
2026-05-11 06:45:46.147 9 INFO neutron.plugins.ml2.plugin [None req-f3f48941-7d4c-46b8-abb9-860f60cb354f - - - - - -] Attempt 1 to provision port d4ac9a0c-c7c7-4967-b6d7-09f94297495c
2026-05-11 06:45:46.623 9 INFO neutron.plugins.ml2.plugin [None req-485a041e-20a8-462c-85bd-70c57f052e2d - - - - - -] Attempt 1 to provision port 3cbef1f0-d7e4-4d05-8a62-44f159e60321
2026-05-11 06:45:47.166 9 INFO neutron.plugins.ml2.plugin [None req-1129430c-38e1-482b-862a-c2d6aaeea111 - - - - - -] Attempt 1 to provision port 3cbef1f0-d7e4-4d05-8a62-44f159e60321
2026-05-11 06:45:53.853 10 INFO neutron.plugins.ml2.plugin [None req-d00a508d-d111-44f1-a159-a8d6a0bade6c - - - - - -] Attempt 1 to provision port 74061e8d-9ffd-421b-af12-24aa92412c21
2026-05-11 06:45:53.958 9 INFO neutron.plugins.ml2.plugin [None req-f3f48941-7d4c-46b8-abb9-860f60cb354f - - - - - -] Attempt 1 to provision port 74061e8d-9ffd-421b-af12-24aa92412c21
2026-05-11 06:45:54.090 10 INFO neutron.plugins.ml2.plugin [None req-d00a508d-d111-44f1-a159-a8d6a0bade6c - - - - - -] Attempt 1 to provision port 6526b154-2130-4eaa-ada7-9fcf367ad90b
2026-05-11 06:45:55.545 9 INFO neutron.plugins.ml2.plugin [None req-a7489f69-66b0-45e0-ae44-c852a300bdef - - - - - -] Attempt 1 to provision port 6526b154-2130-4eaa-ada7-9fcf367ad90b
2026-05-11 06:45:55.796 9 INFO neutron.plugins.ml2.plugin [None req-2572fc00-7c9a-4cdc-8eda-a651cb183465 - - - - - -] Attempt 1 to provision port 6526b154-2130-4eaa-ada7-9fcf367ad90b
2026-05-11 06:45:55.902 10 INFO neutron.plugins.ml2.plugin [None req-f3f48941-7d4c-46b8-abb9-860f60cb354f - - - - - -] Attempt 1 to provision port 74061e8d-9ffd-421b-af12-24aa92412c21
2026-05-11 06:45:59.938 9 INFO neutron.plugins.ml2.plugin [None req-f3f48941-7d4c-46b8-abb9-860f60cb354f - - - - - -] Attempt 1 to provision port f11546cf-aa74-4ef7-b2bb-eb8a20e349f1
2026-05-11 06:46:00.581 10 INFO neutron.plugins.ml2.plugin [None req-0ccb2a45-5be6-45cc-9fd6-794f7bb224a9 - - - - - -] Attempt 1 to provision port f11546cf-aa74-4ef7-b2bb-eb8a20e349f1
2026-05-11 06:46:01.468 10 INFO neutron.plugins.ml2.plugin [None req-b2eb9858-cf49-405a-abd5-1bd0c6339580 - - - - - -] Attempt 1 to provision port b4212641-960a-4197-b581-2f1ea9c800c1
2026-05-11 06:46:01.718 10 INFO neutron.plugins.ml2.plugin [None req-be76c75a-9566-486f-a34a-b5cefff05dde - - - - - -] Attempt 1 to provision port b4212641-960a-4197-b581-2f1ea9c800c1
2026-05-11 06:46:01.925 9 INFO neutron.plugins.ml2.plugin [None req-f3f48941-7d4c-46b8-abb9-860f60cb354f - - - - - -] Attempt 1 to provision port f11546cf-aa74-4ef7-b2bb-eb8a20e349f1
2026-05-11 06:46:05.692 9 INFO neutron.plugins.ml2.plugin [None req-c7a8cbc4-44c7-4539-a521-07dfdf06b885 - - - - - -] Attempt 1 to provision port 2f9b47bf-34cd-49d2-889b-ed2d28db1c21
2026-05-11 06:46:17.981 10 INFO neutron.plugins.ml2.plugin [None req-f3f48941-7d4c-46b8-abb9-860f60cb354f - - - - - -] Attempt 1 to provision port f0a4e25d-6ee8-4070-944f-6fbacfcc51e3
2026-05-11 06:46:19.334 9 INFO neutron.plugins.ml2.plugin [None req-979ad900-e7dd-465e-bee5-6e1c7000dd00 - - - - - -] Attempt 1 to provision port f0a4e25d-6ee8-4070-944f-6fbacfcc51e3
2026-05-11 06:46:20.061 9 INFO neutron.plugins.ml2.plugin [None req-f3f48941-7d4c-46b8-abb9-860f60cb354f - - - - - -] Attempt 1 to provision port 407bacc8-ddf0-4635-a999-ddee55e35b81
2026-05-11 06:46:20.336 10 INFO neutron.plugins.ml2.plugin [None req-3cb19bff-33d9-4aa2-a823-e30bc7f218df - - - - - -] Attempt 1 to provision port 67f240d0-27c5-4a30-a5a1-3d9a19a20cd5
2026-05-11 06:46:20.547 9 INFO neutron.plugins.ml2.plugin [None req-f3f48941-7d4c-46b8-abb9-860f60cb354f - - - - - -] Attempt 1 to provision port a7a299f5-e86f-4724-9ed3-12b9695dd0f8
2026-05-11 06:46:21.021 9 INFO neutron.plugins.ml2.plugin [None req-f3f48941-7d4c-46b8-abb9-860f60cb354f - - - - - -] Attempt 1 to provision port f0a4e25d-6ee8-4070-944f-6fbacfcc51e3
2026-05-11 06:46:21.040 9 INFO neutron.plugins.ml2.plugin [None req-a1249eab-cd8e-486e-9955-308c71aaf236 - - - - - -] Attempt 1 to provision port 407bacc8-ddf0-4635-a999-ddee55e35b81
2026-05-11 06:46:21.461 9 INFO neutron.plugins.ml2.plugin [None req-f3f48941-7d4c-46b8-abb9-860f60cb354f - - - - - -] Attempt 1 to provision port 67f240d0-27c5-4a30-a5a1-3d9a19a20cd5
2026-05-11 06:46:21.610 9 INFO neutron.plugins.ml2.plugin [None req-f3f48941-7d4c-46b8-abb9-860f60cb354f - - - - - -] No ports have port_id starting with 67f240d0-27c5-4a30-a5a1-3d9a19a20cd5
2026-05-11 06:46:21.845 10 INFO neutron.plugins.ml2.plugin [None req-5c256f02-f480-4014-bff6-eedd6f44b2e7 - - - - - -] Attempt 1 to provision port a7a299f5-e86f-4724-9ed3-12b9695dd0f8
2026-05-11 06:46:22.030 9 INFO neutron.plugins.ml2.plugin [None req-f3f48941-7d4c-46b8-abb9-860f60cb354f - - - - - -] Attempt 1 to provision port 407bacc8-ddf0-4635-a999-ddee55e35b81
2026-05-11 06:46:22.264 9 INFO neutron.plugins.ml2.plugin [None req-aaf0823d-8fe8-49fe-b557-f4438945da34 - - - - - -] Attempt 1 to provision port 03daea32-7238-461f-adc7-6417a0f3dd72
2026-05-11 06:46:22.313 9 INFO neutron.plugins.ml2.plugin [None req-f3f48941-7d4c-46b8-abb9-860f60cb354f - - - - - -] Attempt 1 to provision port a7a299f5-e86f-4724-9ed3-12b9695dd0f8
2026-05-11 06:46:22.670 9 INFO neutron.plugins.ml2.plugin [None req-f3f48941-7d4c-46b8-abb9-860f60cb354f - - - - - -] Attempt 1 to provision port 03daea32-7238-461f-adc7-6417a0f3dd72
2026-05-11 06:47:03.972 10 INFO neutron.plugins.ml2.plugin [None req-f3f48941-7d4c-46b8-abb9-860f60cb354f - - - - - -] Attempt 1 to provision port 97402cd8-d40a-4f29-8adb-0ccd1f7aa4ad
2026-05-11 06:47:05.630 9 INFO neutron.plugins.ml2.plugin [None req-f7042ef3-8c8d-400a-810a-e56a881eec15 - - - - - -] Attempt 1 to provision port 97402cd8-d40a-4f29-8adb-0ccd1f7aa4ad
2026-05-11 06:47:06.054 9 INFO neutron.plugins.ml2.plugin [None req-f3f48941-7d4c-46b8-abb9-860f60cb354f - - - - - -] Attempt 1 to provision port ce4f2b70-34d2-4e7f-9984-400c28c8da28
2026-05-11 06:47:06.308 10 INFO neutron.plugins.ml2.plugin [None req-e0b652bf-9b46-4a1d-a19c-5829afc3a4af - - - - - -] Attempt 1 to provision port 97402cd8-d40a-4f29-8adb-0ccd1f7aa4ad
2026-05-11 06:47:06.452 9 INFO neutron.plugins.ml2.plugin [None req-f3f48941-7d4c-46b8-abb9-860f60cb354f - - - - - -] Attempt 1 to provision port 97402cd8-d40a-4f29-8adb-0ccd1f7aa4ad
2026-05-11 06:47:06.721 9 INFO neutron.plugins.ml2.plugin [None req-f3f48941-7d4c-46b8-abb9-860f60cb354f - - - - - -] Attempt 1 to provision port 565b65ee-1905-42d6-aa4d-887a7c79ee4e
2026-05-11 06:47:06.886 9 INFO neutron.plugins.ml2.plugin [None req-bf4a55fd-14d6-4ea0-bd16-f6d9a85725a4 - - - - - -] Attempt 1 to provision port ce4f2b70-34d2-4e7f-9984-400c28c8da28
2026-05-11 06:47:07.073 10 INFO neutron.plugins.ml2.plugin [None req-9333f57b-723c-467c-9b93-4063fa9a57e1 - - - - - -] Attempt 1 to provision port 5ec6c3a8-4568-4e4d-bfe7-db0288443554
2026-05-11 06:47:07.439 10 INFO neutron.plugins.ml2.plugin [None req-18a48cc5-c3a7-4ccf-bf82-84e0b20bdd76 - - - - - -] Attempt 1 to provision port ce4f2b70-34d2-4e7f-9984-400c28c8da28
2026-05-11 06:47:07.980 10 INFO neutron.plugins.ml2.plugin [None req-f3f48941-7d4c-46b8-abb9-860f60cb354f - - - - - -] Attempt 1 to provision port 565b65ee-1905-42d6-aa4d-887a7c79ee4e
2026-05-11 06:47:08.009 9 INFO neutron.plugins.ml2.plugin [None req-2f2549cc-6a45-44e6-ac1f-e30d49438d94 - - - - - -] Attempt 1 to provision port 565b65ee-1905-42d6-aa4d-887a7c79ee4e
2026-05-11 06:47:08.510 10 INFO neutron.plugins.ml2.plugin [None req-b187399d-450b-4947-82d8-51efac1bb722 - - - - - -] Attempt 1 to provision port 565b65ee-1905-42d6-aa4d-887a7c79ee4e
2026-05-11 06:47:08.539 10 INFO neutron.plugins.ml2.plugin [None req-f3f48941-7d4c-46b8-abb9-860f60cb354f - - - - - -] Attempt 1 to provision port ce4f2b70-34d2-4e7f-9984-400c28c8da28
2026-05-11 06:47:09.230 10 INFO neutron.plugins.ml2.plugin [None req-b70fcac4-a857-4d3c-b83a-76e6862dce0b - - - - - -] Attempt 1 to provision port 82ff4878-f5b4-4810-a0e2-cf62ac9d75d3
2026-05-11 06:47:09.973 9 INFO neutron.plugins.ml2.plugin [None req-f3f48941-7d4c-46b8-abb9-860f60cb354f - - - - - -] Attempt 1 to provision port 9348fb07-49be-487f-9def-efc9f4451a69
2026-05-11 06:47:10.390 9 INFO neutron.plugins.ml2.plugin [None req-9ba8d2ff-8f18-4d13-8dcf-49d2b2d2ead1 - - - - - -] Attempt 1 to provision port 82ff4878-f5b4-4810-a0e2-cf62ac9d75d3
2026-05-11 06:47:11.441 9 INFO neutron.plugins.ml2.plugin [None req-2fe075b4-8c1e-4be5-9789-1f2011c69ab7 - - - - - -] Attempt 1 to provision port 9326c601-7fc1-4da4-8e9e-4b96b052cc99
2026-05-11 06:47:11.968 9 INFO neutron.plugins.ml2.plugin [None req-f3f48941-7d4c-46b8-abb9-860f60cb354f - - - - - -] Attempt 1 to provision port 9348fb07-49be-487f-9def-efc9f4451a69
2026-05-11 06:47:12.196 10 INFO neutron.plugins.ml2.plugin [None req-f0248eaa-a04c-403d-bbcd-3bba8482ab19 - - - - - -] Attempt 1 to provision port 9326c601-7fc1-4da4-8e9e-4b96b052cc99
2026-05-11 06:47:13.348 10 INFO neutron.plugins.ml2.plugin [None req-f28ac13c-d49b-4d10-9571-ddaf5728718e - - - - - -] Attempt 1 to provision port 6a98bf99-7353-4907-bdc4-f6d6d3be3226
2026-05-11 06:47:14.191 10 INFO neutron.plugins.ml2.plugin [None req-ae53bb2b-2d79-4902-aba9-ce62b504d615 - - - - - -] Attempt 1 to provision port 6a98bf99-7353-4907-bdc4-f6d6d3be3226
2026-05-11 06:47:20.049 10 INFO neutron.plugins.ml2.plugin [None req-f3f48941-7d4c-46b8-abb9-860f60cb354f - - - - - -] Attempt 1 to provision port 466171e7-501a-4f38-ab01-c9882713a1b6
2026-05-11 06:47:20.163 10 INFO neutron.notifiers.nova [-] Nova event matching ['req-7ac604f9-3678-4f0b-b935-dfa792b6a73e'] response: {'server_uuid': 'abb9a2b0-c8f8-465a-8345-6114633588a1', 'name': 'network-vif-plugged', 'status': 'completed', 'tag': '466171e7-501a-4f38-ab01-c9882713a1b6', 'code': 200}
2026-05-11 06:47:21.972 9 INFO neutron.plugins.ml2.plugin [None req-f3f48941-7d4c-46b8-abb9-860f60cb354f - - - - - -] Attempt 1 to provision port 466171e7-501a-4f38-ab01-c9882713a1b6
2026-05-11 06:47:28.127 10 INFO neutron.plugins.ml2.plugin [None req-f3f48941-7d4c-46b8-abb9-860f60cb354f - - - - - -] Attempt 1 to provision port 6332e2a5-38b4-4635-833d-fa5a779b7df7
2026-05-11 06:47:28.261 10 INFO neutron.notifiers.nova [-] Nova event matching ['req-0957e910-a16f-4079-bf92-9eb938865ccb'] response: {'server_uuid': '7c385ca2-3c21-43d3-955f-8df794490eb3', 'name': 'network-vif-plugged', 'status': 'completed', 'tag': '6332e2a5-38b4-4635-833d-fa5a779b7df7', 'code': 200}
2026-05-11 06:47:28.641 10 INFO neutron.plugins.ml2.plugin [None req-f3f48941-7d4c-46b8-abb9-860f60cb354f - - - - - -] Attempt 1 to provision port 6a98bf99-7353-4907-bdc4-f6d6d3be3226
2026-05-11 06:47:29.116 10 INFO neutron.plugins.ml2.plugin [None req-f3f48941-7d4c-46b8-abb9-860f60cb354f - - - - - -] Attempt 1 to provision port 9326c601-7fc1-4da4-8e9e-4b96b052cc99
2026-05-11 06:47:29.508 10 INFO neutron.plugins.ml2.plugin [None req-f3f48941-7d4c-46b8-abb9-860f60cb354f - - - - - -] Attempt 1 to provision port 82ff4878-f5b4-4810-a0e2-cf62ac9d75d3
2026-05-11 06:47:29.854 10 INFO neutron.plugins.ml2.plugin [None req-f3f48941-7d4c-46b8-abb9-860f60cb354f - - - - - -] Attempt 1 to provision port 5ec6c3a8-4568-4e4d-bfe7-db0288443554
2026-05-11 06:47:30.263 9 INFO neutron.plugins.ml2.plugin [None req-f3f48941-7d4c-46b8-abb9-860f60cb354f - - - - - -] Attempt 1 to provision port 6332e2a5-38b4-4635-833d-fa5a779b7df7
2026-05-11 06:47:30.605 9 INFO neutron.plugins.ml2.plugin [None req-f3f48941-7d4c-46b8-abb9-860f60cb354f - - - - - -] Attempt 1 to provision port 6a98bf99-7353-4907-bdc4-f6d6d3be3226
2026-05-11 06:47:30.914 9 INFO neutron.plugins.ml2.plugin [None req-f3f48941-7d4c-46b8-abb9-860f60cb354f - - - - - -] Attempt 1 to provision port 9326c601-7fc1-4da4-8e9e-4b96b052cc99
2026-05-11 06:47:31.168 9 INFO neutron.plugins.ml2.plugin [None req-f3f48941-7d4c-46b8-abb9-860f60cb354f - - - - - -] Attempt 1 to provision port 82ff4878-f5b4-4810-a0e2-cf62ac9d75d3
2026-05-11 06:47:31.452 9 INFO neutron.plugins.ml2.plugin [None req-f3f48941-7d4c-46b8-abb9-860f60cb354f - - - - - -] Attempt 1 to provision port 5ec6c3a8-4568-4e4d-bfe7-db0288443554
2026-05-11 06:47:47.081 9 INFO neutron.plugins.ml2.plugin [None req-400d57d9-2f8b-4307-8980-c47c869be7d3 - - - - - -] Attempt 1 to provision port d6037c4f-b7f2-4726-a582-d6e27cdb916d
2026-05-11 06:48:00.217 9 INFO neutron.plugins.ml2.plugin [None req-9e6d133a-b69d-48b2-82b3-6b0612c91fd1 - - - - - -] Attempt 1 to provision port 01ba3969-1770-45b0-82a3-7fbd1b7e98f4
2026-05-11 06:48:02.409 9 INFO neutron.plugins.ml2.plugin [None req-f3f48941-7d4c-46b8-abb9-860f60cb354f - - - - - -] Attempt 1 to provision port 01ba3969-1770-45b0-82a3-7fbd1b7e98f4
2026-05-11 06:48:02.673 9 INFO neutron.notifiers.nova [-] Nova event matching ['req-0369746b-faff-4930-820b-591647c1014f'] response: {'server_uuid': '68ff3422-4eb9-4d09-b51c-5a1ed3b51a0f', 'name': 'network-vif-plugged', 'status': 'completed', 'tag': '01ba3969-1770-45b0-82a3-7fbd1b7e98f4', 'code': 200}
2026-05-11 06:48:04.317 10 INFO neutron.plugins.ml2.plugin [None req-f3f48941-7d4c-46b8-abb9-860f60cb354f - - - - - -] Attempt 1 to provision port 01ba3969-1770-45b0-82a3-7fbd1b7e98f4
2026-05-11 06:48:40.984 10 INFO neutron.plugins.ml2.plugin [None req-d7c9bd1a-e15c-4769-98e9-dd27157fb987 - - - - - -] Attempt 1 to provision port 6099fcae-1c31-46a0-99d1-c559193d6063
2026-05-11 06:48:44.358 10 INFO neutron.plugins.ml2.plugin [None req-f3f48941-7d4c-46b8-abb9-860f60cb354f - - - - - -] Attempt 1 to provision port 6099fcae-1c31-46a0-99d1-c559193d6063
2026-05-11 06:48:44.554 10 INFO neutron.notifiers.nova [-] Nova event matching ['req-653ccc33-285d-4c15-8ffe-6933637a8158'] response: {'server_uuid': '68ff3422-4eb9-4d09-b51c-5a1ed3b51a0f', 'name': 'network-vif-plugged', 'status': 'completed', 'tag': '6099fcae-1c31-46a0-99d1-c559193d6063', 'code': 200}
2026-05-11 06:48:46.299 9 INFO neutron.plugins.ml2.plugin [None req-f3f48941-7d4c-46b8-abb9-860f60cb354f - - - - - -] Attempt 1 to provision port 6099fcae-1c31-46a0-99d1-c559193d6063
2026-05-11 06:49:16.500 9 INFO neutron.plugins.ml2.plugin [None req-f3f48941-7d4c-46b8-abb9-860f60cb354f - - - - - -] Attempt 1 to provision port c57261f1-a44b-4781-8e36-bb92c25c80ad
2026-05-11 06:49:16.627 9 INFO neutron.notifiers.nova [-] Nova event matching ['req-329f19c2-5053-434d-898f-7be515a6850d'] response: {'server_uuid': '68ff3422-4eb9-4d09-b51c-5a1ed3b51a0f', 'name': 'network-vif-plugged', 'status': 'completed', 'tag': 'c57261f1-a44b-4781-8e36-bb92c25c80ad', 'code': 200}
2026-05-11 06:49:18.330 10 INFO neutron.plugins.ml2.plugin [None req-f3f48941-7d4c-46b8-abb9-860f60cb354f - - - - - -] Attempt 1 to provision port c57261f1-a44b-4781-8e36-bb92c25c80ad
2026-05-11 06:49:24.279 10 INFO neutron.plugins.ml2.plugin [None req-f4bea055-1739-4a0f-bdda-5d2425563d87 - - - - - -] Attempt 1 to provision port 09d8167d-a5f8-464e-a47b-bf173409437b
2026-05-11 06:49:28.434 9 INFO neutron.plugins.ml2.plugin [None req-f3f48941-7d4c-46b8-abb9-860f60cb354f - - - - - -] Attempt 1 to provision port 09d8167d-a5f8-464e-a47b-bf173409437b
2026-05-11 06:49:28.560 9 INFO neutron.notifiers.nova [-] Nova event matching ['req-751f4008-e3ee-41fb-9302-424953ad39e2'] response: {'server_uuid': '68ff3422-4eb9-4d09-b51c-5a1ed3b51a0f', 'name': 'network-vif-plugged', 'status': 'completed', 'tag': '09d8167d-a5f8-464e-a47b-bf173409437b', 'code': 200}
2026-05-11 06:49:30.366 10 INFO neutron.plugins.ml2.plugin [None req-f3f48941-7d4c-46b8-abb9-860f60cb354f - - - - - -] Attempt 1 to provision port 09d8167d-a5f8-464e-a47b-bf173409437b
2026-05-11 06:49:37.847 10 INFO neutron.plugins.ml2.plugin [None req-b938c7c0-3e1f-4e43-b524-ac15d080782b - - - - - -] Attempt 1 to provision port 09d8167d-a5f8-464e-a47b-bf173409437b
2026-05-11 06:49:43.975 10 INFO neutron.plugins.ml2.plugin [None req-3875a9e0-eca3-4825-a914-430c3840df03 - - - - - -] Attempt 1 to provision port c57261f1-a44b-4781-8e36-bb92c25c80ad
2026-05-11 06:49:44.400 9 INFO neutron.plugins.ml2.plugin [None req-f3f48941-7d4c-46b8-abb9-860f60cb354f - - - - - -] Attempt 1 to provision port c57261f1-a44b-4781-8e36-bb92c25c80ad