Mar 30 12:26:59.187412 np0000161225 devstack@neutron-api.service[102326]: DEBUG neutron.common.ovn.hash_ring_manager [None req-35eecd36-de06-4fae-ad3f-0c2980e4c041 None None] Hash Ring loaded. 4 active nodes. 0 offline nodes {{(pid=102326) _load_hash_ring /opt/stack/neutron/neutron/common/ovn/hash_ring_manager.py:102}}
Mar 30 12:26:59.187692 np0000161225 devstack@neutron-api.service[102326]: DEBUG neutron.plugins.ml2.drivers.ovn.mech_driver.ovsdb.ovsdb_monitor [None req-35eecd36-de06-4fae-ad3f-0c2980e4c041 None None] Hash Ring: Node 7dbcecb85b2c56eba3ba4e96f348603c (host: np0000161225) handling event "update" for row 8d00ca97-9e44-4ca8-8467-9190b6dc079f (table: Connection) {{(pid=102326) notify /opt/stack/neutron/neutron/plugins/ml2/drivers/ovn/mech_driver/ovsdb/ovsdb_monitor.py:912}}
Mar 30 12:26:59.188498 np0000161225 devstack@neutron-api.service[102324]: DEBUG neutron.common.ovn.hash_ring_manager [None req-3c1b18e4-e711-44de-8b72-b435654ff047 None None] Hash Ring loaded. 4 active nodes. 0 offline nodes {{(pid=102324) _load_hash_ring /opt/stack/neutron/neutron/common/ovn/hash_ring_manager.py:102}}
Mar 30 12:26:59.468763 np0000161225 devstack@neutron-api.service[102323]: DEBUG neutron.pecan_wsgi.hooks.policy_enforcement [None req-d2eba859-4fde-443e-acdd-c8091f72c299 admin admin] Attributes excluded by policy engine: ['standard_attr_id'] {{(pid=102323) _exclude_attributes_by_policy /opt/stack/neutron/neutron/pecan_wsgi/hooks/policy_enforcement.py:258}}
Mar 30 12:26:59.472470 np0000161225 devstack@neutron-api.service[102323]: DEBUG neutron.pecan_wsgi.hooks.policy_enforcement [None req-d2eba859-4fde-443e-acdd-c8091f72c299 admin admin] Attributes excluded by policy engine: ['standard_attr_id'] {{(pid=102323) _exclude_attributes_by_policy /opt/stack/neutron/neutron/pecan_wsgi/hooks/policy_enforcement.py:258}}
Mar 30 12:26:59.473671 np0000161225 devstack@neutron-api.service[102323]: [pid: 102323|app: 0|req: 24/90] 199.204.45.95 () {64 vars in 1371 bytes} [Mon Mar 30 12:26:59 2026] GET /networking/v2.0/ports?device_owner=network%3Adistributed => generated 1650 bytes in 118 msecs (HTTP/1.1 200) 4 headers in 158 bytes (1 switches on core 0)
Mar 30 12:27:01.673571 np0000161225 devstack@neutron-api.service[102326]: DEBUG neutron.plugins.ml2.drivers.ovn.mech_driver.ovsdb.ovsdb_monitor [None req-35eecd36-de06-4fae-ad3f-0c2980e4c041 None None] Hash Ring: Node 7dbcecb85b2c56eba3ba4e96f348603c (host: np0000161225) handling event "update" for row 8d00ca97-9e44-4ca8-8467-9190b6dc079f (table: Connection) {{(pid=102326) notify /opt/stack/neutron/neutron/plugins/ml2/drivers/ovn/mech_driver/ovsdb/ovsdb_monitor.py:912}}
Mar 30 12:27:07.633493 np0000161225 devstack@neutron-api.service[102323]: DEBUG futurist.periodics [-] Submitting periodic callback 'neutron.plugins.ml2.drivers.ovn.mech_driver.ovsdb.maintenance.HashRingHealthCheckPeriodics.touch_hash_ring_node' {{(pid=102323) _process_scheduled /opt/stack/data/venv/lib/python3.12/site-packages/futurist/periodics.py:638}}
Mar 30 12:27:07.634624 np0000161225 devstack@neutron-api.service[102323]: DEBUG neutron.plugins.ml2.drivers.ovn.mech_driver.ovsdb.maintenance [-] Touching Hash Ring node "cc0c6ae6e8a25789ad93a6a5f2a4141a" from periodic health check thread {{(pid=102323) touch_hash_ring_node /opt/stack/neutron/neutron/plugins/ml2/drivers/ovn/mech_driver/ovsdb/maintenance.py:1232}}
Mar 30 12:27:08.492905 np0000161225 devstack@neutron-api.service[102325]: DEBUG futurist.periodics [-] Submitting periodic callback 'neutron.plugins.ml2.drivers.ovn.mech_driver.ovsdb.maintenance.HashRingHealthCheckPeriodics.touch_hash_ring_node' {{(pid=102325) _process_scheduled /opt/stack/data/venv/lib/python3.12/site-packages/futurist/periodics.py:638}}
Mar 30 12:27:08.494205 np0000161225 devstack@neutron-api.service[102325]: DEBUG neutron.plugins.ml2.drivers.ovn.mech_driver.ovsdb.maintenance [-] Touching Hash Ring node "b02358696e6d50d6a3849aee70861d72" from periodic health check thread {{(pid=102325) touch_hash_ring_node /opt/stack/neutron/neutron/plugins/ml2/drivers/ovn/mech_driver/ovsdb/maintenance.py:1232}}
Mar 30 12:27:08.519475 np0000161225 devstack@neutron-api.service[102326]: DEBUG futurist.periodics [-] Submitting periodic callback 'neutron.plugins.ml2.drivers.ovn.mech_driver.ovsdb.maintenance.HashRingHealthCheckPeriodics.touch_hash_ring_node' {{(pid=102326) _process_scheduled /opt/stack/data/venv/lib/python3.12/site-packages/futurist/periodics.py:638}}
Mar 30 12:27:08.520474 np0000161225 devstack@neutron-api.service[102326]: DEBUG neutron.plugins.ml2.drivers.ovn.mech_driver.ovsdb.maintenance [-] Touching Hash Ring node "7dbcecb85b2c56eba3ba4e96f348603c" from periodic health check thread {{(pid=102326) touch_hash_ring_node /opt/stack/neutron/neutron/plugins/ml2/drivers/ovn/mech_driver/ovsdb/maintenance.py:1232}}
Mar 30 12:27:08.660896 np0000161225 devstack@neutron-api.service[102324]: DEBUG futurist.periodics [-] Submitting periodic callback 'neutron.plugins.ml2.drivers.ovn.mech_driver.ovsdb.maintenance.HashRingHealthCheckPeriodics.touch_hash_ring_node' {{(pid=102324) _process_scheduled /opt/stack/data/venv/lib/python3.12/site-packages/futurist/periodics.py:638}}
Mar 30 12:27:08.661752 np0000161225 devstack@neutron-api.service[102324]: DEBUG neutron.plugins.ml2.drivers.ovn.mech_driver.ovsdb.maintenance [-] Touching Hash Ring node "5a626f0844a85f60b0f465ba829c5495" from periodic health check thread {{(pid=102324) touch_hash_ring_node /opt/stack/neutron/neutron/plugins/ml2/drivers/ovn/mech_driver/ovsdb/maintenance.py:1232}}
Mar 30 12:27:10.685586 np0000161225 devstack@neutron-api.service[102325]: INFO neutron.pecan_wsgi.hooks.translation [None req-8aef0be3-9bd2-4acc-8bee-9d6d93c3fca4 admin admin] GET failed (client error): The resource could not be found.
Mar 30 12:27:10.686339 np0000161225 devstack@neutron-api.service[102325]: [pid: 102325|app: 0|req: 23/91] 199.204.45.95 () {64 vars in 1327 bytes} [Mon Mar 30 12:27:10 2026] GET /networking/v2.0/networks/admin_net => generated 111 bytes in 17 msecs (HTTP/1.1 404) 4 headers in 164 bytes (1 switches on core 0)
Mar 30 12:27:10.721162 np0000161225 devstack@neutron-api.service[102326]: [pid: 102326|app: 0|req: 23/92] 199.204.45.95 () {64 vars in 1339 bytes} [Mon Mar 30 12:27:10 2026] GET /networking/v2.0/networks?name=admin_net => generated 15 bytes in 20 msecs (HTTP/1.1 200) 4 headers in 156 bytes (1 switches on core 0)
Mar 30 12:27:10.959350 np0000161225 devstack@neutron-api.service[102324]: DEBUG neutron.api.v2.base [None req-c3647a38-498a-4b42-acbd-ac5197995aa4 admin admin] Request body: {'network': {'admin_state_up': True, 'project_id': 'f6058f73b63f4ce7b834542cd7da8869', 'name': 'admin_net'}} {{(pid=102324) prepare_request_body /opt/stack/neutron/neutron/api/v2/base.py:729}}
Mar 30 12:27:10.978483 np0000161225 devstack@neutron-api.service[102324]: DEBUG neutron.pecan_wsgi.hooks.quota_enforcement [None req-c3647a38-498a-4b42-acbd-ac5197995aa4 admin admin] Made reservation on behalf of f6058f73b63f4ce7b834542cd7da8869 for: {'network': 1} {{(pid=102324) before /opt/stack/neutron/neutron/pecan_wsgi/hooks/quota_enforcement.py:66}}
Mar 30 12:27:10.981519 np0000161225 devstack@neutron-api.service[102324]: DEBUG neutron_lib.callbacks.manager [None req-c3647a38-498a-4b42-acbd-ac5197995aa4 admin admin] Publish callbacks ['neutron.plugins.ml2.plugin.SecurityGroupDbMixin._ensure_default_security_group_handler-7637202'] for network (None), before_create {{(pid=102324) _notify_loop /opt/stack/data/venv/lib/python3.12/site-packages/neutron_lib/callbacks/manager.py:184}}
Mar 30 12:27:10.986552 np0000161225 devstack@neutron-api.service[102324]: DEBUG neutron_lib.callbacks.manager [None req-c3647a38-498a-4b42-acbd-ac5197995aa4 admin admin] Publish callbacks [] for security_group (None), before_create {{(pid=102324) _notify_loop /opt/stack/data/venv/lib/python3.12/site-packages/neutron_lib/callbacks/manager.py:184}}
Mar 30 12:27:11.046842 np0000161225 devstack@neutron-api.service[102324]: DEBUG neutron_lib.callbacks.manager [None req-c3647a38-498a-4b42-acbd-ac5197995aa4 admin admin] Publish callbacks ['neutron.plugins.ml2.drivers.ovn.mech_driver.mech_driver.OVNMechanismDriver._create_security_group_precommit-301851'] for security_group (b2abe3b7-a509-473e-b5a8-e99c1b017006), precommit_create {{(pid=102324) _notify_loop /opt/stack/data/venv/lib/python3.12/site-packages/neutron_lib/callbacks/manager.py:184}}
Mar 30 12:27:11.047079 np0000161225 devstack@neutron-api.service[102324]: DEBUG neutron.db.ovn_revision_numbers_db [None req-c3647a38-498a-4b42-acbd-ac5197995aa4 admin admin] create_initial_revision uuid=b2abe3b7-a509-473e-b5a8-e99c1b017006, type=security_groups, rev=-1 {{(pid=102324) create_initial_revision /opt/stack/neutron/neutron/db/ovn_revision_numbers_db.py:98}}
Mar 30 12:27:11.048354 np0000161225 devstack@neutron-api.service[102324]: DEBUG neutron.db.ovn_revision_numbers_db [None req-c3647a38-498a-4b42-acbd-ac5197995aa4 admin admin] create_initial_revision uuid=5b9885e6-698f-429d-9cab-dadde87da7c2, type=security_group_rules, rev=-1 {{(pid=102324) create_initial_revision /opt/stack/neutron/neutron/db/ovn_revision_numbers_db.py:98}}
Mar 30 12:27:11.049412 np0000161225 devstack@neutron-api.service[102324]: DEBUG neutron.db.ovn_revision_numbers_db [None req-c3647a38-498a-4b42-acbd-ac5197995aa4 admin admin] create_initial_revision uuid=d0c853ab-4366-403d-81d1-00dbc2e0771a, type=security_group_rules, rev=-1 {{(pid=102324) create_initial_revision /opt/stack/neutron/neutron/db/ovn_revision_numbers_db.py:98}}
Mar 30 12:27:11.050545 np0000161225 devstack@neutron-api.service[102324]: DEBUG neutron.db.ovn_revision_numbers_db [None req-c3647a38-498a-4b42-acbd-ac5197995aa4 admin admin] create_initial_revision uuid=e2b4f966-1017-4d90-a2aa-51e3d1187df2, type=security_group_rules, rev=-1 {{(pid=102324) create_initial_revision /opt/stack/neutron/neutron/db/ovn_revision_numbers_db.py:98}}
Mar 30 12:27:11.051718 np0000161225 devstack@neutron-api.service[102324]: DEBUG neutron.db.ovn_revision_numbers_db [None req-c3647a38-498a-4b42-acbd-ac5197995aa4 admin admin] create_initial_revision uuid=e442fe2d-1a50-4657-964a-80cad3b3c62b, type=security_group_rules, rev=-1 {{(pid=102324) create_initial_revision /opt/stack/neutron/neutron/db/ovn_revision_numbers_db.py:98}}
Mar 30 12:27:11.059448 np0000161225 devstack@neutron-api.service[102324]: DEBUG neutron_lib.callbacks.manager [None req-c3647a38-498a-4b42-acbd-ac5197995aa4 admin admin] Publish callbacks ['neutron.plugins.ml2.drivers.ovn.mech_driver.mech_driver.OVNMechanismDriver._create_security_group-301845', 'neutron.plugins.ml2.ovo_rpc._ObjectChangeHandler.handle_event-2503326'] for security_group (b2abe3b7-a509-473e-b5a8-e99c1b017006), after_create {{(pid=102324) _notify_loop /opt/stack/data/venv/lib/python3.12/site-packages/neutron_lib/callbacks/manager.py:184}}
Mar 30 12:27:11.060104 np0000161225 devstack@neutron-api.service[102324]: DEBUG ovsdbapp.backend.ovs_idl.transaction [None req-3c1b18e4-e711-44de-8b72-b435654ff047 None None] Running txn n=1 command(idx=0): PgAddCommand(_result=None, name=pg_b2abe3b7_a509_473e_b5a8_e99c1b017006, may_exist=False, columns={'acls': [], 'external_ids': {'neutron:security_group_id': 'b2abe3b7-a509-473e-b5a8-e99c1b017006'}}) {{(pid=102324) do_commit /opt/stack/data/venv/lib/python3.12/site-packages/ovsdbapp/backend/ovs_idl/transaction.py:89}}
Mar 30 12:27:11.060545 np0000161225 devstack@neutron-api.service[102324]: DEBUG ovsdbapp.backend.ovs_idl.transaction [None req-3c1b18e4-e711-44de-8b72-b435654ff047 None None] Running txn n=1 command(idx=1): PgAclAddCommand(_result=None, entity=pg_b2abe3b7_a509_473e_b5a8_e99c1b017006, direction=to-lport, priority=1002, match=outport == @pg_b2abe3b7_a509_473e_b5a8_e99c1b017006 && ip4 && ip4.src == $pg_b2abe3b7_a509_473e_b5a8_e99c1b017006_ip4, action=allow-related, log=False, may_exist=True, severity=[], name=[], meter=[], external_ids={'neutron:security_group_rule_id': '5b9885e6-698f-429d-9cab-dadde87da7c2'}) {{(pid=102324) do_commit /opt/stack/data/venv/lib/python3.12/site-packages/ovsdbapp/backend/ovs_idl/transaction.py:89}}
Mar 30 12:27:11.060957 np0000161225 devstack@neutron-api.service[102324]: DEBUG ovsdbapp.backend.ovs_idl.transaction [None req-3c1b18e4-e711-44de-8b72-b435654ff047 None None] Running txn n=1 command(idx=2): PgAclAddCommand(_result=None, entity=pg_b2abe3b7_a509_473e_b5a8_e99c1b017006, direction=from-lport, priority=1002, match=inport == @pg_b2abe3b7_a509_473e_b5a8_e99c1b017006 && ip6, action=allow-related, log=False, may_exist=True, severity=[], name=[], meter=[], external_ids={'neutron:security_group_rule_id': 'd0c853ab-4366-403d-81d1-00dbc2e0771a'}) {{(pid=102324) do_commit /opt/stack/data/venv/lib/python3.12/site-packages/ovsdbapp/backend/ovs_idl/transaction.py:89}}
Mar 30 12:27:11.061512 np0000161225 devstack@neutron-api.service[102324]: DEBUG ovsdbapp.backend.ovs_idl.transaction [None req-3c1b18e4-e711-44de-8b72-b435654ff047 None None] Running txn n=1 command(idx=3): PgAclAddCommand(_result=None, entity=pg_b2abe3b7_a509_473e_b5a8_e99c1b017006, direction=to-lport, priority=1002, match=outport == @pg_b2abe3b7_a509_473e_b5a8_e99c1b017006 && ip6 && ip6.src == $pg_b2abe3b7_a509_473e_b5a8_e99c1b017006_ip6, action=allow-related, log=False, may_exist=True, severity=[], name=[], meter=[], external_ids={'neutron:security_group_rule_id': 'e2b4f966-1017-4d90-a2aa-51e3d1187df2'}) {{(pid=102324) do_commit /opt/stack/data/venv/lib/python3.12/site-packages/ovsdbapp/backend/ovs_idl/transaction.py:89}}
Mar 30 12:27:11.062042 np0000161225 devstack@neutron-api.service[102324]: DEBUG ovsdbapp.backend.ovs_idl.transaction [None req-3c1b18e4-e711-44de-8b72-b435654ff047 None None] Running txn n=1 command(idx=4): PgAclAddCommand(_result=None, entity=pg_b2abe3b7_a509_473e_b5a8_e99c1b017006, direction=from-lport, priority=1002, match=inport == @pg_b2abe3b7_a509_473e_b5a8_e99c1b017006 && ip4, action=allow-related, log=False, may_exist=True, severity=[], name=[], meter=[], external_ids={'neutron:security_group_rule_id': 'e442fe2d-1a50-4657-964a-80cad3b3c62b'}) {{(pid=102324) do_commit /opt/stack/data/venv/lib/python3.12/site-packages/ovsdbapp/backend/ovs_idl/transaction.py:89}}
Mar 30 12:27:11.071545 np0000161225 devstack@neutron-api.service[102323]: DEBUG neutron.plugins.ml2.drivers.ovn.mech_driver.ovsdb.ovsdb_monitor [None req-90a89138-58a6-4922-804c-7220bdd915e3 None None] Touching Hash Ring node "cc0c6ae6e8a25789ad93a6a5f2a4141a" from IDL notify handler {{(pid=102323) notify /opt/stack/neutron/neutron/plugins/ml2/drivers/ovn/mech_driver/ovsdb/ovsdb_monitor.py:904}}
Mar 30 12:27:11.072442 np0000161225 devstack@neutron-api.service[102326]: DEBUG neutron.plugins.ml2.drivers.ovn.mech_driver.ovsdb.ovsdb_monitor [None req-35eecd36-de06-4fae-ad3f-0c2980e4c041 None None] Touching Hash Ring node "7dbcecb85b2c56eba3ba4e96f348603c" from IDL notify handler {{(pid=102326) notify /opt/stack/neutron/neutron/plugins/ml2/drivers/ovn/mech_driver/ovsdb/ovsdb_monitor.py:904}}
Mar 30 12:27:11.072516 np0000161225 devstack@neutron-api.service[102325]: DEBUG neutron.plugins.ml2.drivers.ovn.mech_driver.ovsdb.ovsdb_monitor [None req-68a88540-7638-475b-a46e-1195a4826759 None None] Touching Hash Ring node "b02358696e6d50d6a3849aee70861d72" from IDL notify handler {{(pid=102325) notify /opt/stack/neutron/neutron/plugins/ml2/drivers/ovn/mech_driver/ovsdb/ovsdb_monitor.py:904}}
Mar 30 12:27:11.078095 np0000161225 devstack@neutron-api.service[102323]: DEBUG neutron.plugins.ml2.drivers.ovn.mech_driver.ovsdb.ovsdb_monitor [None req-90a89138-58a6-4922-804c-7220bdd915e3 None None] Hash Ring: Node cc0c6ae6e8a25789ad93a6a5f2a4141a (host: np0000161225) handling event "create" for row b7dfc23c-ceb5-47ea-8776-85718b20bec8 (table: ACL) {{(pid=102323) notify /opt/stack/neutron/neutron/plugins/ml2/drivers/ovn/mech_driver/ovsdb/ovsdb_monitor.py:912}}
Mar 30 12:27:11.080282 np0000161225 devstack@neutron-api.service[102326]: DEBUG neutron.plugins.ml2.drivers.ovn.mech_driver.ovsdb.ovsdb_monitor [None req-35eecd36-de06-4fae-ad3f-0c2980e4c041 None None] Hash Ring: Node 7dbcecb85b2c56eba3ba4e96f348603c (host: np0000161225) handling event "create" for row 6147bea1-2a7b-4908-a7e2-2e3e23082bc3 (table: ACL) {{(pid=102326) notify /opt/stack/neutron/neutron/plugins/ml2/drivers/ovn/mech_driver/ovsdb/ovsdb_monitor.py:912}}
Mar 30 12:27:11.080638 np0000161225 devstack@neutron-api.service[102325]: DEBUG neutron.plugins.ml2.drivers.ovn.mech_driver.ovsdb.ovsdb_monitor [None req-68a88540-7638-475b-a46e-1195a4826759 None None] Hash Ring: Node b02358696e6d50d6a3849aee70861d72 (host: np0000161225) handling event "create" for row 5fecb411-a843-49ed-8741-fc10e4030015 (table: Port_Group) {{(pid=102325) notify /opt/stack/neutron/neutron/plugins/ml2/drivers/ovn/mech_driver/ovsdb/ovsdb_monitor.py:912}}
Mar 30 12:27:11.080922 np0000161225 devstack@neutron-api.service[102326]: DEBUG neutron.plugins.ml2.drivers.ovn.mech_driver.ovsdb.ovsdb_monitor [None req-35eecd36-de06-4fae-ad3f-0c2980e4c041 None None] Touching Hash Ring node "7dbcecb85b2c56eba3ba4e96f348603c" from IDL notify handler {{(pid=102326) notify /opt/stack/neutron/neutron/plugins/ml2/drivers/ovn/mech_driver/ovsdb/ovsdb_monitor.py:904}}
Mar 30 12:27:11.082802 np0000161225 devstack@neutron-api.service[102326]: DEBUG neutron.plugins.ml2.drivers.ovn.mech_driver.ovsdb.ovsdb_monitor [None req-35eecd36-de06-4fae-ad3f-0c2980e4c041 None None] Hash Ring: Node 7dbcecb85b2c56eba3ba4e96f348603c (host: np0000161225) handling event "create" for row 9c1ca8b7-d807-4bd1-8974-92c3994de986 (table: ACL) {{(pid=102326) notify /opt/stack/neutron/neutron/plugins/ml2/drivers/ovn/mech_driver/ovsdb/ovsdb_monitor.py:912}}
Mar 30 12:27:11.083434 np0000161225 devstack@neutron-api.service[102326]: DEBUG neutron.plugins.ml2.drivers.ovn.mech_driver.ovsdb.ovsdb_monitor [None req-35eecd36-de06-4fae-ad3f-0c2980e4c041 None None] Touching Hash Ring node "7dbcecb85b2c56eba3ba4e96f348603c" from IDL notify handler {{(pid=102326) notify /opt/stack/neutron/neutron/plugins/ml2/drivers/ovn/mech_driver/ovsdb/ovsdb_monitor.py:904}}
Mar 30 12:27:11.084889 np0000161225 devstack@neutron-api.service[102326]: DEBUG neutron.plugins.ml2.drivers.ovn.mech_driver.ovsdb.ovsdb_monitor [None req-35eecd36-de06-4fae-ad3f-0c2980e4c041 None None] Hash Ring: Node 7dbcecb85b2c56eba3ba4e96f348603c (host: np0000161225) handling event "create" for row a8750a8f-7756-40df-847b-9f0692230b7c (table: ACL) {{(pid=102326) notify /opt/stack/neutron/neutron/plugins/ml2/drivers/ovn/mech_driver/ovsdb/ovsdb_monitor.py:912}}
Mar 30 12:27:11.089844 np0000161225 devstack@neutron-api.service[102324]: INFO neutron.db.ovn_revision_numbers_db [None req-c3647a38-498a-4b42-acbd-ac5197995aa4 admin admin] Successfully bumped revision number for resource b2abe3b7-a509-473e-b5a8-e99c1b017006 (type: security_groups) to 1
Mar 30 12:27:11.102872 np0000161225 devstack@neutron-api.service[102324]: INFO neutron.db.ovn_revision_numbers_db [None req-c3647a38-498a-4b42-acbd-ac5197995aa4 admin admin] Successfully bumped revision number for resource 5b9885e6-698f-429d-9cab-dadde87da7c2 (type: security_group_rules) to 0
Mar 30 12:27:11.115435 np0000161225 devstack@neutron-api.service[102324]: INFO neutron.db.ovn_revision_numbers_db [None req-c3647a38-498a-4b42-acbd-ac5197995aa4 admin admin] Successfully bumped revision number for resource d0c853ab-4366-403d-81d1-00dbc2e0771a (type: security_group_rules) to 0
Mar 30 12:27:11.128093 np0000161225 devstack@neutron-api.service[102324]: INFO neutron.db.ovn_revision_numbers_db [None req-c3647a38-498a-4b42-acbd-ac5197995aa4 admin admin] Successfully bumped revision number for resource e2b4f966-1017-4d90-a2aa-51e3d1187df2 (type: security_group_rules) to 0
Mar 30 12:27:11.140996 np0000161225 devstack@neutron-api.service[102324]: INFO neutron.db.ovn_revision_numbers_db [None req-c3647a38-498a-4b42-acbd-ac5197995aa4 admin admin] Successfully bumped revision number for resource e442fe2d-1a50-4657-964a-80cad3b3c62b (type: security_group_rules) to 0
Mar 30 12:27:11.163848 np0000161225 devstack@neutron-api.service[102324]: DEBUG neutron.api.rpc.handlers.resources_rpc [None req-c3647a38-498a-4b42-acbd-ac5197995aa4 admin admin] Pushing event updated for resources: {'SecurityGroup': ['ID=b2abe3b7-a509-473e-b5a8-e99c1b017006,revision_number=1']} {{(pid=102324) push /opt/stack/neutron/neutron/api/rpc/handlers/resources_rpc.py:237}}
Mar 30 12:27:11.167903 np0000161225 devstack@neutron-api.service[102324]: DEBUG ovsdbapp.backend.ovs_idl.transaction [None req-3c1b18e4-e711-44de-8b72-b435654ff047 None None] Running txn n=1 command(idx=0): CheckLivenessCommand(_result=None) {{(pid=102324) do_commit /opt/stack/data/venv/lib/python3.12/site-packages/ovsdbapp/backend/ovs_idl/transaction.py:89}}
Mar 30 12:27:11.171730 np0000161225 devstack@neutron-api.service[102324]: DEBUG neutron.plugins.ml2.drivers.ovn.mech_driver.ovsdb.ovsdb_monitor [None req-3c1b18e4-e711-44de-8b72-b435654ff047 None None] Touching Hash Ring node "5a626f0844a85f60b0f465ba829c5495" from IDL notify handler {{(pid=102324) notify /opt/stack/neutron/neutron/plugins/ml2/drivers/ovn/mech_driver/ovsdb/ovsdb_monitor.py:904}}
Mar 30 12:27:11.175530 np0000161225 devstack@neutron-api.service[102325]: DEBUG neutron.plugins.ml2.drivers.ovn.mech_driver.ovsdb.ovsdb_monitor [None req-67a6c237-1497-488a-8d47-ee8c2a3ba704 None None] ChassisAgentWriteEvent : Matched Chassis_Private, update, None None {{(pid=102325) matches /opt/stack/neutron/neutron/plugins/ml2/drivers/ovn/mech_driver/ovsdb/ovsdb_monitor.py:64}}
Mar 30 12:27:11.176758 np0000161225 devstack@neutron-api.service[102323]: DEBUG neutron.plugins.ml2.drivers.ovn.mech_driver.ovsdb.ovsdb_monitor [None req-56f6d41a-d06b-46d7-83bd-703969277de6 None None] ChassisAgentWriteEvent : Matched Chassis_Private, update, None None {{(pid=102323) matches /opt/stack/neutron/neutron/plugins/ml2/drivers/ovn/mech_driver/ovsdb/ovsdb_monitor.py:64}}
Mar 30 12:27:11.177061 np0000161225 devstack@neutron-api.service[102326]: DEBUG neutron.plugins.ml2.drivers.ovn.mech_driver.ovsdb.ovsdb_monitor [None req-9b651b27-d94d-4604-afa3-1e16a427811c None None] ChassisAgentWriteEvent : Matched Chassis_Private, update, None None {{(pid=102326) matches /opt/stack/neutron/neutron/plugins/ml2/drivers/ovn/mech_driver/ovsdb/ovsdb_monitor.py:64}}
Mar 30 12:27:11.177550 np0000161225 devstack@neutron-api.service[102324]: DEBUG neutron.plugins.ml2.drivers.ovn.mech_driver.ovsdb.ovsdb_monitor [-] ChassisAgentWriteEvent : Matched Chassis_Private, update, None None {{(pid=102324) matches /opt/stack/neutron/neutron/plugins/ml2/drivers/ovn/mech_driver/ovsdb/ovsdb_monitor.py:64}}
Mar 30 12:27:11.183536 np0000161225 devstack@neutron-api.service[102324]: DEBUG neutron.plugins.ml2.drivers.ovn.mech_driver.ovsdb.ovsdb_monitor [None req-3c1b18e4-e711-44de-8b72-b435654ff047 None None] Hash Ring: Node 5a626f0844a85f60b0f465ba829c5495 (host: np0000161225) handling event "update" for row d0d3d7af-800f-431a-9a27-23a663f1ab92 (table: NB_Global) {{(pid=102324) notify /opt/stack/neutron/neutron/plugins/ml2/drivers/ovn/mech_driver/ovsdb/ovsdb_monitor.py:912}}
Mar 30 12:27:11.184340 np0000161225 devstack@neutron-api.service[102323]: DEBUG neutron.common.ovn.hash_ring_manager [None req-56f6d41a-d06b-46d7-83bd-703969277de6 None None] Hash Ring loaded. 4 active nodes. 0 offline nodes {{(pid=102323) _load_hash_ring /opt/stack/neutron/neutron/common/ovn/hash_ring_manager.py:102}}
Mar 30 12:27:11.184547 np0000161225 devstack@neutron-api.service[102323]: DEBUG neutron.plugins.ml2.drivers.ovn.mech_driver.ovsdb.ovsdb_monitor [None req-56f6d41a-d06b-46d7-83bd-703969277de6 None None] Hash Ring: Node cc0c6ae6e8a25789ad93a6a5f2a4141a (host: np0000161225) handling event "update" for row dabee02c-e269-4121-8547-68b91e9d995a (table: Chassis_Private) {{(pid=102323) notify /opt/stack/neutron/neutron/plugins/ml2/drivers/ovn/mech_driver/ovsdb/ovsdb_monitor.py:912}}
Mar 30 12:27:11.184630 np0000161225 devstack@neutron-api.service[102324]: DEBUG neutron.common.ovn.hash_ring_manager [-] Hash Ring loaded. 4 active nodes. 0 offline nodes {{(pid=102324) _load_hash_ring /opt/stack/neutron/neutron/common/ovn/hash_ring_manager.py:102}}
Mar 30 12:27:11.184694 np0000161225 devstack@neutron-api.service[102326]: DEBUG neutron.common.ovn.hash_ring_manager [None req-9b651b27-d94d-4604-afa3-1e16a427811c None None] Hash Ring loaded. 4 active nodes. 0 offline nodes {{(pid=102326) _load_hash_ring /opt/stack/neutron/neutron/common/ovn/hash_ring_manager.py:102}}
Mar 30 12:27:11.185386 np0000161225 devstack@neutron-api.service[102323]: DEBUG neutron.plugins.ml2.drivers.ovn.mech_driver.ovsdb.ovsdb_monitor [None req-56f6d41a-d06b-46d7-83bd-703969277de6 None None] ChassisOVNAgentWriteEvent : Matched Chassis_Private, update, None None {{(pid=102323) matches /opt/stack/neutron/neutron/plugins/ml2/drivers/ovn/mech_driver/ovsdb/ovsdb_monitor.py:64}}
Mar 30 12:27:11.185589 np0000161225 devstack@neutron-api.service[102326]: DEBUG neutron.plugins.ml2.drivers.ovn.mech_driver.ovsdb.ovsdb_monitor [None req-9b651b27-d94d-4604-afa3-1e16a427811c None None] ChassisOVNAgentWriteEvent : Matched Chassis_Private, update, None None {{(pid=102326) matches /opt/stack/neutron/neutron/plugins/ml2/drivers/ovn/mech_driver/ovsdb/ovsdb_monitor.py:64}}
Mar 30 12:27:11.185657 np0000161225 devstack@neutron-api.service[102325]: DEBUG neutron.common.ovn.hash_ring_manager [None req-67a6c237-1497-488a-8d47-ee8c2a3ba704 None None] Hash Ring loaded. 4 active nodes. 0 offline nodes {{(pid=102325) _load_hash_ring /opt/stack/neutron/neutron/common/ovn/hash_ring_manager.py:102}}
Mar 30 12:27:11.185722 np0000161225 devstack@neutron-api.service[102323]: DEBUG neutron.plugins.ml2.drivers.ovn.mech_driver.ovsdb.ovsdb_monitor [None req-56f6d41a-d06b-46d7-83bd-703969277de6 None None] Hash Ring: Node cc0c6ae6e8a25789ad93a6a5f2a4141a (host: np0000161225) handling event "update" for row dabee02c-e269-4121-8547-68b91e9d995a (table: Chassis_Private) {{(pid=102323) notify /opt/stack/neutron/neutron/plugins/ml2/drivers/ovn/mech_driver/ovsdb/ovsdb_monitor.py:912}}
Mar 30 12:27:11.185974 np0000161225 devstack@neutron-api.service[102324]: DEBUG neutron.plugins.ml2.drivers.ovn.mech_driver.ovsdb.ovsdb_monitor [-] ChassisOVNAgentWriteEvent : Matched Chassis_Private, update, None None {{(pid=102324) matches /opt/stack/neutron/neutron/plugins/ml2/drivers/ovn/mech_driver/ovsdb/ovsdb_monitor.py:64}}
Mar 30 12:27:11.186763 np0000161225 devstack@neutron-api.service[102325]: DEBUG neutron.plugins.ml2.drivers.ovn.mech_driver.ovsdb.ovsdb_monitor [None req-67a6c237-1497-488a-8d47-ee8c2a3ba704 None None] ChassisOVNAgentWriteEvent : Matched Chassis_Private, update, None None {{(pid=102325) matches /opt/stack/neutron/neutron/plugins/ml2/drivers/ovn/mech_driver/ovsdb/ovsdb_monitor.py:64}}
Mar 30 12:27:11.186887 np0000161225 devstack@neutron-api.service[102324]: DEBUG neutron.plugins.ml2.drivers.ovn.mech_driver.ovsdb.ovsdb_monitor [None req-3c1b18e4-e711-44de-8b72-b435654ff047 None None] Touching Hash Ring node "5a626f0844a85f60b0f465ba829c5495" from IDL notify handler {{(pid=102324) notify /opt/stack/neutron/neutron/plugins/ml2/drivers/ovn/mech_driver/ovsdb/ovsdb_monitor.py:904}}
Mar 30 12:27:11.189988 np0000161225 devstack@neutron-api.service[102324]: DEBUG neutron.plugins.ml2.drivers.ovn.mech_driver.ovsdb.ovsdb_monitor [None req-3c1b18e4-e711-44de-8b72-b435654ff047 None None] Hash Ring: Node 5a626f0844a85f60b0f465ba829c5495 (host: np0000161225) handling event "update" for row d0d3d7af-800f-431a-9a27-23a663f1ab92 (table: NB_Global) {{(pid=102324) notify /opt/stack/neutron/neutron/plugins/ml2/drivers/ovn/mech_driver/ovsdb/ovsdb_monitor.py:912}}
Mar 30 12:27:11.191470 np0000161225 devstack@neutron-api.service[102324]: DEBUG neutron.plugins.ml2.drivers.ovn.mech_driver.ovsdb.ovsdb_monitor [None req-3c1b18e4-e711-44de-8b72-b435654ff047 None None] Touching Hash Ring node "5a626f0844a85f60b0f465ba829c5495" from IDL notify handler {{(pid=102324) notify /opt/stack/neutron/neutron/plugins/ml2/drivers/ovn/mech_driver/ovsdb/ovsdb_monitor.py:904}}
Mar 30 12:27:11.193501 np0000161225 devstack@neutron-api.service[102324]: DEBUG neutron.plugins.ml2.drivers.ovn.mech_driver.ovsdb.ovsdb_monitor [None req-3c1b18e4-e711-44de-8b72-b435654ff047 None None] Hash Ring: Node 5a626f0844a85f60b0f465ba829c5495 (host: np0000161225) handling event "update" for row d0d3d7af-800f-431a-9a27-23a663f1ab92 (table: NB_Global) {{(pid=102324) notify /opt/stack/neutron/neutron/plugins/ml2/drivers/ovn/mech_driver/ovsdb/ovsdb_monitor.py:912}}
Mar 30 12:27:11.194782 np0000161225 devstack@neutron-api.service[102324]: DEBUG neutron.plugins.ml2.drivers.ovn.mech_driver.ovsdb.ovsdb_monitor [None req-3c1b18e4-e711-44de-8b72-b435654ff047 None None] Touching Hash Ring node "5a626f0844a85f60b0f465ba829c5495" from IDL notify handler {{(pid=102324) notify /opt/stack/neutron/neutron/plugins/ml2/drivers/ovn/mech_driver/ovsdb/ovsdb_monitor.py:904}}
Mar 30 12:27:11.196891 np0000161225 devstack@neutron-api.service[102324]: DEBUG neutron.plugins.ml2.drivers.ovn.mech_driver.ovsdb.ovsdb_monitor [None req-3c1b18e4-e711-44de-8b72-b435654ff047 None None] Hash Ring: Node 5a626f0844a85f60b0f465ba829c5495 (host: np0000161225) handling event "update" for row d0d3d7af-800f-431a-9a27-23a663f1ab92 (table: NB_Global) {{(pid=102324) notify /opt/stack/neutron/neutron/plugins/ml2/drivers/ovn/mech_driver/ovsdb/ovsdb_monitor.py:912}}
Mar 30 12:27:11.199598 np0000161225 devstack@neutron-api.service[102324]: DEBUG neutron.api.rpc.callbacks.version_manager [None req-c3647a38-498a-4b42-acbd-ac5197995aa4 admin admin] Tracked resource versions report:
Mar 30 12:27:11.199598 np0000161225 devstack@neutron-api.service[102324]: pushed versions:
Mar 30 12:27:11.199598 np0000161225 devstack@neutron-api.service[102324]: { 'AddressGroup': {'1.2'},
Mar 30 12:27:11.199598 np0000161225 devstack@neutron-api.service[102324]: 'Agent': {'1.1'},
Mar 30 12:27:11.199598 np0000161225 devstack@neutron-api.service[102324]: 'ConntrackHelper': {'1.0'},
Mar 30 12:27:11.199598 np0000161225 devstack@neutron-api.service[102324]: 'LocalIPAssociation': {'1.0'},
Mar 30 12:27:11.199598 np0000161225 devstack@neutron-api.service[102324]: 'Log': {'1.0'},
Mar 30 12:27:11.199598 np0000161225 devstack@neutron-api.service[102324]: 'NDPProxy': {'1.0'},
Mar 30 12:27:11.199598 np0000161225 devstack@neutron-api.service[102324]: 'Network': {'1.2'},
Mar 30 12:27:11.199598 np0000161225 devstack@neutron-api.service[102324]: 'Port': {'1.10'},
Mar 30 12:27:11.199598 np0000161225 devstack@neutron-api.service[102324]: 'PortForwarding': {'1.3'},
Mar 30 12:27:11.199598 np0000161225 devstack@neutron-api.service[102324]: 'QosPolicy': {'1.10'},
Mar 30 12:27:11.199598 np0000161225 devstack@neutron-api.service[102324]: 'SecurityGroup': {'1.6'},
Mar 30 12:27:11.199598 np0000161225 devstack@neutron-api.service[102324]: 'SecurityGroupRule': {'1.3'},
Mar 30 12:27:11.199598 np0000161225 devstack@neutron-api.service[102324]: 'SubPort': {'1.0'},
Mar 30 12:27:11.199598 np0000161225 devstack@neutron-api.service[102324]: 'Subnet': {'1.2'},
Mar 30 12:27:11.199598 np0000161225 devstack@neutron-api.service[102324]: 'Trunk': {'1.1'}}
Mar 30 12:27:11.199598 np0000161225 devstack@neutron-api.service[102324]: consumer versions:
Mar 30 12:27:11.199598 np0000161225 devstack@neutron-api.service[102324]: { OVN Controller Gateway agent@np0000161225: {},
Mar 30 12:27:11.199598 np0000161225 devstack@neutron-api.service[102324]: OVN Neutron agent@np0000161225: {}}
Mar 30 12:27:11.199598 np0000161225 devstack@neutron-api.service[102324]: {{(pid=102324) report /opt/stack/neutron/neutron/api/rpc/callbacks/version_manager.py:183}}
Mar 30 12:27:11.240669 np0000161225 devstack@neutron-api.service[102324]: DEBUG neutron.plugins.ml2.drivers.helpers [None req-c3647a38-498a-4b42-acbd-ac5197995aa4 admin admin] geneve segment allocate from pool success with {'geneve_vni': 27924} {{(pid=102324) allocate_partially_specified_segment /opt/stack/neutron/neutron/plugins/ml2/drivers/helpers.py:142}}
Mar 30 12:27:11.249673 np0000161225 devstack@neutron-api.service[102324]: DEBUG neutron_lib.callbacks.manager [None req-c3647a38-498a-4b42-acbd-ac5197995aa4 admin admin] Publish callbacks ['neutron.services.segments.db._add_segment_host_mapping_for_segment-8439094457608', 'neutron.plugins.ml2.plugin.Ml2Plugin._handle_segment_change-7905962'] for segment (cbc5bd4e-a9ef-49c3-8720-331fbecfa3e0), precommit_create {{(pid=102324) _notify_loop /opt/stack/data/venv/lib/python3.12/site-packages/neutron_lib/callbacks/manager.py:184}}
Mar 30 12:27:11.249784 np0000161225 devstack@neutron-api.service[102324]: INFO neutron.db.segments_db [None req-c3647a38-498a-4b42-acbd-ac5197995aa4 admin admin] Added segment cbc5bd4e-a9ef-49c3-8720-331fbecfa3e0 of type geneve for network d458734e-054c-48f6-94cc-bd2272ee6846
Mar 30 12:27:11.263186 np0000161225 devstack@neutron-api.service[102324]: DEBUG neutron_lib.callbacks.manager [None req-c3647a38-498a-4b42-acbd-ac5197995aa4 admin admin] Publish callbacks ['neutron.services.auto_allocate.db._ensure_external_network_default_value_callback-8439093203178'] for network (d458734e-054c-48f6-94cc-bd2272ee6846), precommit_create {{(pid=102324) _notify_loop /opt/stack/data/venv/lib/python3.12/site-packages/neutron_lib/callbacks/manager.py:184}}
Mar 30 12:27:11.275708 np0000161225 devstack@neutron-api.service[102324]: DEBUG neutron.plugins.ml2.drivers.ovn.mech_driver.mech_driver [None req-c3647a38-498a-4b42-acbd-ac5197995aa4 admin admin] Validating network segment with type geneve, segmentation ID 27924, physical network None {{(pid=102324) _validate_network_segments /opt/stack/neutron/neutron/plugins/ml2/drivers/ovn/mech_driver/mech_driver.py:631}}
Mar 30 12:27:11.275873 np0000161225 devstack@neutron-api.service[102324]: DEBUG neutron.db.ovn_revision_numbers_db [None req-c3647a38-498a-4b42-acbd-ac5197995aa4 admin admin] create_initial_revision uuid=d458734e-054c-48f6-94cc-bd2272ee6846, type=networks, rev=-1 {{(pid=102324) create_initial_revision /opt/stack/neutron/neutron/db/ovn_revision_numbers_db.py:98}}
Mar 30 12:27:11.285612 np0000161225 devstack@neutron-api.service[102324]: DEBUG neutron_lib.callbacks.manager [None req-c3647a38-498a-4b42-acbd-ac5197995aa4 admin admin] Publish callbacks ['neutron.plugins.ml2.ovo_rpc._ObjectChangeHandler.handle_event-2503325'] for network (d458734e-054c-48f6-94cc-bd2272ee6846), after_create {{(pid=102324) _notify_loop /opt/stack/data/venv/lib/python3.12/site-packages/neutron_lib/callbacks/manager.py:184}}
Mar 30 12:27:11.302282 np0000161225 devstack@neutron-api.service[102324]: DEBUG neutron.api.rpc.handlers.resources_rpc [None req-c3647a38-498a-4b42-acbd-ac5197995aa4 admin admin] Pushing event updated for resources: {'Network': ['ID=d458734e-054c-48f6-94cc-bd2272ee6846,revision_number=1']} {{(pid=102324) push /opt/stack/neutron/neutron/api/rpc/handlers/resources_rpc.py:237}}
Mar 30 12:27:11.310337 np0000161225 devstack@neutron-api.service[102324]: DEBUG ovsdbapp.backend.ovs_idl.transaction [None req-3c1b18e4-e711-44de-8b72-b435654ff047 None None] Running txn n=1 command(idx=0): AddNetworkCommand(_result=None, network_uuid=d458734e-054c-48f6-94cc-bd2272ee6846, may_exist=True, columns={'external_ids': {'neutron:network_name': 'admin_net', 'neutron:mtu': '1372', 'neutron:revision_number': '1', 'neutron:availability_zone_hints': '', 'neutron:provnet-network-type': 'geneve'}, 'other_config': {'mcast_snoop': 'false', 'mcast_flood_unregistered': 'false', 'vlan-passthru': 'false'}}) {{(pid=102324) do_commit /opt/stack/data/venv/lib/python3.12/site-packages/ovsdbapp/backend/ovs_idl/transaction.py:89}}
Mar 30 12:27:11.318346 np0000161225 devstack@neutron-api.service[102325]: DEBUG neutron.plugins.ml2.drivers.ovn.mech_driver.ovsdb.ovsdb_monitor [None req-68a88540-7638-475b-a46e-1195a4826759 None None] Touching Hash Ring node "b02358696e6d50d6a3849aee70861d72" from IDL notify handler {{(pid=102325) notify /opt/stack/neutron/neutron/plugins/ml2/drivers/ovn/mech_driver/ovsdb/ovsdb_monitor.py:904}}
Mar 30 12:27:11.321790 np0000161225 devstack@neutron-api.service[102325]: DEBUG neutron.plugins.ml2.drivers.ovn.mech_driver.ovsdb.ovsdb_monitor [None req-67a6c237-1497-488a-8d47-ee8c2a3ba704 None None] Hash Ring: Node b02358696e6d50d6a3849aee70861d72 (host: np0000161225) handling event "create" for row d43ba2e1-83f0-45a0-8367-0644b22546e8 (table: Datapath_Binding) {{(pid=102325) notify /opt/stack/neutron/neutron/plugins/ml2/drivers/ovn/mech_driver/ovsdb/ovsdb_monitor.py:912}}
Mar 30 12:27:11.322372 np0000161225 devstack@neutron-api.service[102325]: DEBUG neutron.plugins.ml2.drivers.ovn.mech_driver.ovsdb.ovsdb_monitor [None req-68a88540-7638-475b-a46e-1195a4826759 None None] Hash Ring: Node b02358696e6d50d6a3849aee70861d72 (host: np0000161225) handling event "create" for row d458734e-054c-48f6-94cc-bd2272ee6846 (table: Logical_Switch) {{(pid=102325) notify /opt/stack/neutron/neutron/plugins/ml2/drivers/ovn/mech_driver/ovsdb/ovsdb_monitor.py:912}}
Mar 30 12:27:11.338437 np0000161225 devstack@neutron-api.service[102324]: INFO neutron.db.ovn_revision_numbers_db [None req-c3647a38-498a-4b42-acbd-ac5197995aa4 admin admin] Successfully bumped revision number for resource d458734e-054c-48f6-94cc-bd2272ee6846 (type: networks) to 1
Mar 30 12:27:11.351651 np0000161225 devstack@neutron-api.service[102324]: DEBUG neutron_lib.callbacks.manager [None req-c3647a38-498a-4b42-acbd-ac5197995aa4 admin admin] Publish callbacks ['neutron.plugins.ml2.plugin.SecurityGroupDbMixin._ensure_default_security_group_handler-7637202'] for port (None), before_create {{(pid=102324) _notify_loop /opt/stack/data/venv/lib/python3.12/site-packages/neutron_lib/callbacks/manager.py:184}}
Mar 30 12:27:11.409533 np0000161225 devstack@neutron-api.service[102324]: DEBUG neutron_lib.callbacks.manager [None req-c3647a38-498a-4b42-acbd-ac5197995aa4 admin admin] Publish callbacks ['neutron.plugins.ml2.drivers.ovn.mech_driver.mech_driver.OVNMechanismDriver._validate_allowed_address_pairs-302051'] for allowed_address_pair (6d5e4ddf-03fb-4cf4-b990-23f814b5976f), before_create {{(pid=102324) _notify_loop /opt/stack/data/venv/lib/python3.12/site-packages/neutron_lib/callbacks/manager.py:184}}
Mar 30 12:27:11.409982 np0000161225 devstack@neutron-api.service[102324]: DEBUG neutron_lib.callbacks.manager [None req-c3647a38-498a-4b42-acbd-ac5197995aa4 admin admin] Publish callbacks [] for port (6d5e4ddf-03fb-4cf4-b990-23f814b5976f), precommit_create {{(pid=102324) _notify_loop /opt/stack/data/venv/lib/python3.12/site-packages/neutron_lib/callbacks/manager.py:184}}
Mar 30 12:27:11.410148 np0000161225 devstack@neutron-api.service[102324]: DEBUG neutron.plugins.ml2.drivers.ovn.mech_driver.mech_driver [None req-c3647a38-498a-4b42-acbd-ac5197995aa4 admin admin] No provisioning block for port 6d5e4ddf-03fb-4cf4-b990-23f814b5976f since it does not have a host {{(pid=102324) _is_port_provisioning_required /opt/stack/neutron/neutron/plugins/ml2/drivers/ovn/mech_driver/mech_driver.py:884}}
Mar 30 12:27:11.410234 np0000161225 devstack@neutron-api.service[102324]: DEBUG neutron.db.ovn_revision_numbers_db [None req-c3647a38-498a-4b42-acbd-ac5197995aa4 admin admin] create_initial_revision uuid=6d5e4ddf-03fb-4cf4-b990-23f814b5976f, type=ports, rev=-1 {{(pid=102324) create_initial_revision /opt/stack/neutron/neutron/db/ovn_revision_numbers_db.py:98}}
Mar 30 12:27:11.437073 np0000161225 devstack@neutron-api.service[102324]: DEBUG neutron_lib.callbacks.manager [None req-c3647a38-498a-4b42-acbd-ac5197995aa4 admin admin] Publish callbacks ['neutron.plugins.ml2.ovo_rpc._ObjectChangeHandler.handle_event-2503532'] for port (6d5e4ddf-03fb-4cf4-b990-23f814b5976f), after_create {{(pid=102324) _notify_loop /opt/stack/data/venv/lib/python3.12/site-packages/neutron_lib/callbacks/manager.py:184}}
Mar 30 12:27:11.464272 np0000161225 devstack@neutron-api.service[102324]: DEBUG neutron.api.rpc.handlers.resources_rpc [None req-c3647a38-498a-4b42-acbd-ac5197995aa4 admin admin] Pushing event updated for resources: {'Port': ['ID=6d5e4ddf-03fb-4cf4-b990-23f814b5976f,revision_number=1']} {{(pid=102324) push /opt/stack/neutron/neutron/api/rpc/handlers/resources_rpc.py:237}}
Mar 30 12:27:11.471332 np0000161225 devstack@neutron-api.service[102324]: DEBUG ovsdbapp.backend.ovs_idl.transaction [None req-3c1b18e4-e711-44de-8b72-b435654ff047 None None] Running txn n=1 command(idx=0): AddLSwitchPortCommand(_result=None, lport=6d5e4ddf-03fb-4cf4-b990-23f814b5976f, lswitch=neutron-d458734e-054c-48f6-94cc-bd2272ee6846, may_exist=True, network_uuid=d458734e-054c-48f6-94cc-bd2272ee6846, columns={'addresses': ['fa:16:3e:fb:0a:50'], 'external_ids': {'neutron:port_name': '', 'neutron:device_id': 'ovnmeta-d458734e-054c-48f6-94cc-bd2272ee6846', 'neutron:project_id': 'f6058f73b63f4ce7b834542cd7da8869', 'neutron:cidrs': '', 'neutron:device_owner': 'network:distributed', 'neutron:subnet_pool_addr_scope4': '', 'neutron:subnet_pool_addr_scope6': '', 'neutron:network_name': 'neutron-d458734e-054c-48f6-94cc-bd2272ee6846', 'neutron:security_group_ids': '', 'neutron:revision_number': '1', 'neutron:vnic_type': 'normal', 'neutron:port_capabilities': '', 'neutron:mtu': ''}, 'parent_name': [], 'tag': [], 'enabled': True, 'options': {}, 'type': 'localport', 'port_security': [], 'dhcpv4_options': [], 'dhcpv6_options': []}) {{(pid=102324) do_commit /opt/stack/data/venv/lib/python3.12/site-packages/ovsdbapp/backend/ovs_idl/transaction.py:89}}
Mar 30 12:27:11.472371 np0000161225 devstack@neutron-api.service[102324]: DEBUG ovsdbapp.backend.ovs_idl.transaction [None req-3c1b18e4-e711-44de-8b72-b435654ff047 None None] Running txn n=1 command(idx=1): QoSDelCommand(_result=None, switch=neutron-d458734e-054c-48f6-94cc-bd2272ee6846, conditions=[('direction', '=', 'to-lport'), ('priority', '=', 2002), ('match', '=', 'outport == "6d5e4ddf-03fb-4cf4-b990-23f814b5976f"')], if_exists=True) {{(pid=102324) do_commit /opt/stack/data/venv/lib/python3.12/site-packages/ovsdbapp/backend/ovs_idl/transaction.py:89}}
Mar 30 12:27:11.472794 np0000161225 devstack@neutron-api.service[102324]: DEBUG ovsdbapp.backend.ovs_idl.transaction [None req-3c1b18e4-e711-44de-8b72-b435654ff047 None None] Running txn n=1 command(idx=2): QoSDelCommand(_result=None, switch=neutron-d458734e-054c-48f6-94cc-bd2272ee6846, conditions=[('direction', '=', 'from-lport'), ('priority', '=', 2002), ('match', '=', 'inport == "6d5e4ddf-03fb-4cf4-b990-23f814b5976f"')], if_exists=True) {{(pid=102324) do_commit /opt/stack/data/venv/lib/python3.12/site-packages/ovsdbapp/backend/ovs_idl/transaction.py:89}}
Mar 30 12:27:11.478601 np0000161225 devstack@neutron-api.service[102324]: DEBUG neutron.plugins.ml2.drivers.ovn.mech_driver.ovsdb.ovsdb_monitor [None req-3c1b18e4-e711-44de-8b72-b435654ff047 None None] Touching Hash Ring node "5a626f0844a85f60b0f465ba829c5495" from IDL notify handler {{(pid=102324) notify /opt/stack/neutron/neutron/plugins/ml2/drivers/ovn/mech_driver/ovsdb/ovsdb_monitor.py:904}}
Mar 30 12:27:11.483295 np0000161225 devstack@neutron-api.service[102325]: DEBUG neutron.plugins.ml2.drivers.ovn.mech_driver.ovsdb.ovsdb_monitor [None req-68a88540-7638-475b-a46e-1195a4826759 None None] Touching Hash Ring node "b02358696e6d50d6a3849aee70861d72" from IDL notify handler {{(pid=102325) notify /opt/stack/neutron/neutron/plugins/ml2/drivers/ovn/mech_driver/ovsdb/ovsdb_monitor.py:904}}
Mar 30 12:27:11.483439 np0000161225 devstack@neutron-api.service[102323]: DEBUG neutron.plugins.ml2.drivers.ovn.mech_driver.ovsdb.ovsdb_monitor [None req-56f6d41a-d06b-46d7-83bd-703969277de6 None None] Hash Ring: Node cc0c6ae6e8a25789ad93a6a5f2a4141a (host: np0000161225) handling event "create" for row 57f551cc-9a89-4fb1-b7b0-d25b54c1ba44 (table: Port_Binding) {{(pid=102323) notify /opt/stack/neutron/neutron/plugins/ml2/drivers/ovn/mech_driver/ovsdb/ovsdb_monitor.py:912}}
Mar 30 12:27:11.484411 np0000161225 devstack@neutron-api.service[102324]: DEBUG neutron.plugins.ml2.drivers.ovn.mech_driver.ovsdb.ovsdb_monitor [None req-3c1b18e4-e711-44de-8b72-b435654ff047 None None] Hash Ring: Node 5a626f0844a85f60b0f465ba829c5495 (host: np0000161225) handling event "create" for row c8b1aec3-766a-4bf7-a0af-315614e05ce4 (table: Logical_Switch_Port) {{(pid=102324) notify /opt/stack/neutron/neutron/plugins/ml2/drivers/ovn/mech_driver/ovsdb/ovsdb_monitor.py:912}}
Mar 30 12:27:11.485343 np0000161225 devstack@neutron-api.service[102324]: DEBUG ovsdbapp.backend.ovs_idl.event [None req-3c1b18e4-e711-44de-8b72-b435654ff047 None None] Matched CREATE: LogicalSwitchPortCreateEvent(events=('create',), table='Logical_Switch_Port', conditions=[], old_conditions=None), priority=20 to row=Logical_Switch_Port(uuid=c8b1aec3-766a-4bf7-a0af-315614e05ce4, addresses=['fa:16:3e:fb:0a:50'], dhcpv4_options=[], dhcpv6_options=[], dynamic_addresses=[], enabled=True, external_ids={'neutron:cidrs': '', 'neutron:device_id': 'ovnmeta-d458734e-054c-48f6-94cc-bd2272ee6846', 'neutron:device_owner': 'network:distributed', 'neutron:mtu': '', 'neutron:network_name': 'neutron-d458734e-054c-48f6-94cc-bd2272ee6846', 'neutron:port_capabilities': '', 'neutron:port_name': '', 'neutron:project_id': 'f6058f73b63f4ce7b834542cd7da8869', 'neutron:revision_number': '1', 'neutron:security_group_ids': '', 'neutron:subnet_pool_addr_scope4': '', 'neutron:subnet_pool_addr_scope6': '', 'neutron:vnic_type': 'normal'}, ha_chassis_group=[], mirror_rules=[], name='6d5e4ddf-03fb-4cf4-b990-23f814b5976f', options={}, parent_name=[], port_security=[], tag=[], tag_request=[], type='localport', up=[]) old= {{(pid=102324) matches /opt/stack/data/venv/lib/python3.12/site-packages/ovsdbapp/backend/ovs_idl/event.py:55}}
Mar 30 12:27:11.486171 np0000161225 devstack@neutron-api.service[102325]: DEBUG neutron.plugins.ml2.drivers.ovn.mech_driver.ovsdb.ovsdb_monitor [None req-68a88540-7638-475b-a46e-1195a4826759 None None] Hash Ring: Node b02358696e6d50d6a3849aee70861d72 (host: np0000161225) handling event "update" for row d458734e-054c-48f6-94cc-bd2272ee6846 (table: Logical_Switch) {{(pid=102325) notify /opt/stack/neutron/neutron/plugins/ml2/drivers/ovn/mech_driver/ovsdb/ovsdb_monitor.py:912}}
Mar 30 12:27:11.486285 np0000161225 devstack@neutron-api.service[102324]: INFO neutron.plugins.ml2.drivers.ovn.mech_driver.mech_driver [None req-f7e7db10-9ebf-4684-8dc8-ce21230ba4a0 None None] OVN reports status down for port: 6d5e4ddf-03fb-4cf4-b990-23f814b5976f
Mar 30 12:27:11.487554 np0000161225 devstack@neutron-api.service[102324]: DEBUG neutron.plugins.ml2.drivers.ovn.mech_driver.ovsdb.ovsdb_monitor [None req-3c1b18e4-e711-44de-8b72-b435654ff047 None None] Touching Hash Ring node "5a626f0844a85f60b0f465ba829c5495" from IDL notify handler {{(pid=102324) notify /opt/stack/neutron/neutron/plugins/ml2/drivers/ovn/mech_driver/ovsdb/ovsdb_monitor.py:904}}
Mar 30 12:27:11.489486 np0000161225 devstack@neutron-api.service[102324]: DEBUG neutron.plugins.ml2.drivers.ovn.mech_driver.ovsdb.ovsdb_monitor [None req-3c1b18e4-e711-44de-8b72-b435654ff047 None None] Hash Ring: Node 5a626f0844a85f60b0f465ba829c5495 (host: np0000161225) handling event "update" for row c8b1aec3-766a-4bf7-a0af-315614e05ce4 (table: Logical_Switch_Port) {{(pid=102324) notify /opt/stack/neutron/neutron/plugins/ml2/drivers/ovn/mech_driver/ovsdb/ovsdb_monitor.py:912}}
Mar 30 12:27:11.546232 np0000161225 devstack@neutron-api.service[102324]: DEBUG neutron.db.provisioning_blocks [None req-f7e7db10-9ebf-4684-8dc8-ce21230ba4a0 None None] Transition to ACTIVE for port object 6d5e4ddf-03fb-4cf4-b990-23f814b5976f will not be triggered until provisioned by entity L2. {{(pid=102324) add_provisioning_component /opt/stack/neutron/neutron/db/provisioning_blocks.py:74}}
Mar 30 12:27:11.547518 np0000161225 devstack@neutron-api.service[102324]: INFO neutron.db.ovn_revision_numbers_db [None req-c3647a38-498a-4b42-acbd-ac5197995aa4 admin admin] Successfully bumped revision number for resource 6d5e4ddf-03fb-4cf4-b990-23f814b5976f (type: ports) to 1
Mar 30 12:27:11.555815 np0000161225 devstack@neutron-api.service[102324]: DEBUG neutron.pecan_wsgi.hooks.policy_enforcement [None req-c3647a38-498a-4b42-acbd-ac5197995aa4 admin admin] Attributes excluded by policy engine: ['standard_attr_id'] {{(pid=102324) _exclude_attributes_by_policy /opt/stack/neutron/neutron/pecan_wsgi/hooks/policy_enforcement.py:258}}
Mar 30 12:27:11.556174 np0000161225 devstack@neutron-api.service[102324]: DEBUG neutron_lib.callbacks.manager [None req-c3647a38-498a-4b42-acbd-ac5197995aa4 admin admin] Publish callbacks [] for network (None), before_response {{(pid=102324) _notify_loop /opt/stack/data/venv/lib/python3.12/site-packages/neutron_lib/callbacks/manager.py:184}}
Mar 30 12:27:11.576449 np0000161225 devstack@neutron-api.service[102324]: [pid: 102324|app: 0|req: 23/93] 199.204.45.95 () {68 vars in 1351 bytes} [Mon Mar 30 12:27:10 2026] POST /networking/v2.0/networks => generated 683 bytes in 622 msecs (HTTP/1.1 201) 4 headers in 162 bytes (1 switches on core 0)
Mar 30 12:27:11.583226 np0000161225 devstack@neutron-api.service[102324]: DEBUG neutron.plugins.ml2.plugin [None req-f7e7db10-9ebf-4684-8dc8-ce21230ba4a0 None None] Current status of the port 6d5e4ddf-03fb-4cf4-b990-23f814b5976f is: DOWN; New status is: DOWN {{(pid=102324) _update_individual_port_db_status /opt/stack/neutron/neutron/plugins/ml2/plugin.py:2466}}
Mar 30 12:27:11.584798 np0000161225 devstack@neutron-api.service[102324]: DEBUG ovsdbapp.backend.ovs_idl.transaction [None req-3c1b18e4-e711-44de-8b72-b435654ff047 None None] Running txn n=1 command(idx=0): DbRemoveCommand(_result=None, table=Logical_Switch_Port, record=6d5e4ddf-03fb-4cf4-b990-23f814b5976f, column=external_ids, values=('neutron:host_id',), keyvalues={}, if_exists=True) {{(pid=102324) do_commit /opt/stack/data/venv/lib/python3.12/site-packages/ovsdbapp/backend/ovs_idl/transaction.py:89}}
