Mar 30 23:29:35.475708 np0000161738 devstack@neutron-api.service[102351]: DEBUG ovsdbapp.backend.ovs_idl [None req-3d5ba397-f6ff-47b7-a846-a4853bd7ce71 None None] Created schema index Datapath_Binding.tunnel_key {{(pid=102351) autocreate_indices /opt/stack/data/venv/lib/python3.12/site-packages/ovsdbapp/backend/ovs_idl/__init__.py:106}}
Mar 30 23:29:35.477940 np0000161738 devstack@neutron-api.service[102351]: INFO ovsdbapp.backend.ovs_idl.vlog [None req-3d5ba397-f6ff-47b7-a846-a4853bd7ce71 None None] ssl:162.253.55.207:6642: connecting...
Mar 30 23:29:35.482930 np0000161738 devstack@neutron-api.service[102351]: INFO ovsdbapp.backend.ovs_idl.vlog [None req-3d5ba397-f6ff-47b7-a846-a4853bd7ce71 None None] ssl:162.253.55.207:6642: connected
Mar 30 23:29:35.498697 np0000161738 devstack@neutron-api.service[102354]: DEBUG neutron.common.ovn.hash_ring_manager [None req-fa10feb7-dfd6-4946-b035-35aedb78edc9 None None] Allow caching, nodes 4>=4 {{(pid=102354) _wait_startup_before_caching /opt/stack/neutron/neutron/common/ovn/hash_ring_manager.py:65}}
Mar 30 23:29:35.506917 np0000161738 devstack@neutron-api.service[102352]: DEBUG neutron.common.ovn.hash_ring_manager [None req-98cbdd27-fd88-4186-bf4d-54461dcf9216 None None] Allow caching, nodes 4>=4 {{(pid=102352) _wait_startup_before_caching /opt/stack/neutron/neutron/common/ovn/hash_ring_manager.py:65}}
Mar 30 23:29:35.509459 np0000161738 devstack@neutron-api.service[102354]: DEBUG neutron.common.ovn.hash_ring_manager [None req-fa10feb7-dfd6-4946-b035-35aedb78edc9 None None] Hash Ring loaded. 4 active nodes. 0 offline nodes {{(pid=102354) _load_hash_ring /opt/stack/neutron/neutron/common/ovn/hash_ring_manager.py:102}}
Mar 30 23:29:35.511614 np0000161738 devstack@neutron-api.service[102354]: INFO neutron.plugins.ml2.drivers.ovn.mech_driver.ovsdb.impl_idl_ovn [None req-fa10feb7-dfd6-4946-b035-35aedb78edc9 None None] Getting OvsdbSbOvnIdl for WorkerService with retry
Mar 30 23:29:35.512873 np0000161738 devstack@neutron-api.service[102351]: DEBUG neutron.common.ovn.hash_ring_manager [None req-3d5ba397-f6ff-47b7-a846-a4853bd7ce71 None None] Allow caching, nodes 4>=4 {{(pid=102351) _wait_startup_before_caching /opt/stack/neutron/neutron/common/ovn/hash_ring_manager.py:65}}
Mar 30 23:29:35.514575 np0000161738 devstack@neutron-api.service[102352]: DEBUG neutron.common.ovn.hash_ring_manager [None req-98cbdd27-fd88-4186-bf4d-54461dcf9216 None None] Hash Ring loaded. 4 active nodes. 0 offline nodes {{(pid=102352) _load_hash_ring /opt/stack/neutron/neutron/common/ovn/hash_ring_manager.py:102}}
Mar 30 23:29:35.514784 np0000161738 devstack@neutron-api.service[102352]: DEBUG neutron.plugins.ml2.drivers.ovn.mech_driver.ovsdb.ovsdb_monitor [None req-98cbdd27-fd88-4186-bf4d-54461dcf9216 None None] Hash Ring: Node 64d66aa13545544fa81b840b6f6ad926 (host: np0000161738) handling event "create" for row 79e1a6c9-ac08-40eb-a93a-a7ffa9b891f1 (table: Chassis) {{(pid=102352) notify /opt/stack/neutron/neutron/plugins/ml2/drivers/ovn/mech_driver/ovsdb/ovsdb_monitor.py:912}}
Mar 30 23:29:35.515975 np0000161738 devstack@neutron-api.service[102352]: DEBUG ovsdbapp.backend.ovs_idl.event [None req-98cbdd27-fd88-4186-bf4d-54461dcf9216 None None] Matched CREATE: ChassisBandwidthConfigEvent(events=('create', 'update'), table='Chassis', conditions=None, old_conditions=None), priority=20 to row=Chassis(uuid=79e1a6c9-ac08-40eb-a93a-a7ffa9b891f1, encaps=[02bd3640-7066-4868-9e4b-b3f5510314ff], external_ids={}, hostname='np0000161738', name='771bf70c-fe6a-44c8-926e-31384b520904', nb_cfg=0, other_config={'ct-commit-nat-v2': 'true', 'ct-commit-to-zone': 'true', 'ct-next-zone': 'true', 'ct-no-masked-label': 'true', 'ct-state-save': 'true', 'datapath-type': 'system', 'fdb-timestamp': 'true', 'iface-types': 'afxdp,afxdp-nonpmd,bareudp,erspan,geneve,gre,gtpu,internal,ip6erspan,ip6gre,lisp,patch,srv6,stt,system,tap,vxlan', 'is-interconn': 'false', 'ls-dpg-column': 'true', 'mac-binding-timestamp': 'true', 'ovn-bridge-mappings': 'public:br-ex', 'ovn-chassis-mac-mappings': '', 'ovn-cms-options': 'enable-chassis-as-gw', 'ovn-ct-lb-related': 'true', 'ovn-enable-lflow-cache': 'true', 'ovn-limit-lflow-cache': '', 'ovn-memlimit-lflow-cache-kb': '', 'ovn-monitor-all': 'false', 'ovn-trim-limit-lflow-cache': '', 'ovn-trim-timeout-ms': '', 'ovn-trim-wmark-perc-lflow-cache': '', 'port-up-notif': 'true'}, transport_zones=[], vtep_logical_switches=[]) old= {{(pid=102352) matches /opt/stack/data/venv/lib/python3.12/site-packages/ovsdbapp/backend/ovs_idl/event.py:55}}
Mar 30 23:29:35.516185 np0000161738 devstack@neutron-api.service[102351]: DEBUG neutron.common.ovn.hash_ring_manager [None req-3d5ba397-f6ff-47b7-a846-a4853bd7ce71 None None] Hash Ring loaded. 4 active nodes. 0 offline nodes {{(pid=102351) _load_hash_ring /opt/stack/neutron/neutron/common/ovn/hash_ring_manager.py:102}}
Mar 30 23:29:35.516253 np0000161738 devstack@neutron-api.service[102351]: DEBUG neutron.plugins.ml2.drivers.ovn.mech_driver.ovsdb.ovsdb_monitor [None req-3d5ba397-f6ff-47b7-a846-a4853bd7ce71 None None] ChassisOVNAgentWriteEvent : Matched Chassis_Private, create, None None {{(pid=102351) matches /opt/stack/neutron/neutron/plugins/ml2/drivers/ovn/mech_driver/ovsdb/ovsdb_monitor.py:64}}
Mar 30 23:29:35.516328 np0000161738 devstack@neutron-api.service[102351]: DEBUG neutron.plugins.ml2.drivers.ovn.mech_driver.ovsdb.ovsdb_monitor [None req-3d5ba397-f6ff-47b7-a846-a4853bd7ce71 None None] ChassisAgentWriteEvent : Matched Chassis_Private, create, None None {{(pid=102351) matches /opt/stack/neutron/neutron/plugins/ml2/drivers/ovn/mech_driver/ovsdb/ovsdb_monitor.py:64}}
Mar 30 23:29:35.516680 np0000161738 devstack@neutron-api.service[102352]: DEBUG neutron.plugins.ml2.drivers.ovn.mech_driver.ovsdb.ovsdb_monitor [None req-98cbdd27-fd88-4186-bf4d-54461dcf9216 None None] ChassisOVNAgentWriteEvent : Matched Chassis_Private, create, None None {{(pid=102352) matches /opt/stack/neutron/neutron/plugins/ml2/drivers/ovn/mech_driver/ovsdb/ovsdb_monitor.py:64}}
Mar 30 23:29:35.516750 np0000161738 devstack@neutron-api.service[102351]: DEBUG neutron.plugins.ml2.drivers.ovn.mech_driver.ovsdb.ovsdb_monitor [None req-3d5ba397-f6ff-47b7-a846-a4853bd7ce71 None None] Hash Ring: Node b64d2ac6f2a15a6cb55382b93730ed83 (host: np0000161738) handling event "create" for row ab484c1e-c908-4311-9f07-797cae452855 (table: Chassis_Private) {{(pid=102351) notify /opt/stack/neutron/neutron/plugins/ml2/drivers/ovn/mech_driver/ovsdb/ovsdb_monitor.py:912}}
Mar 30 23:29:35.516852 np0000161738 devstack@neutron-api.service[102352]: DEBUG neutron.plugins.ml2.drivers.ovn.mech_driver.ovsdb.ovsdb_monitor [None req-98cbdd27-fd88-4186-bf4d-54461dcf9216 None None] ChassisAgentWriteEvent : Matched Chassis_Private, create, None None {{(pid=102352) matches /opt/stack/neutron/neutron/plugins/ml2/drivers/ovn/mech_driver/ovsdb/ovsdb_monitor.py:64}}
Mar 30 23:29:35.518461 np0000161738 devstack@neutron-api.service[102352]: INFO neutron.plugins.ml2.drivers.ovn.mech_driver.mech_driver [None req-98cbdd27-fd88-4186-bf4d-54461dcf9216 None None] WorkerService process has finished the post initialization
Mar 30 23:29:35.518761 np0000161738 devstack@neutron-api.service[102351]: INFO neutron.plugins.ml2.drivers.ovn.mech_driver.mech_driver [None req-3d5ba397-f6ff-47b7-a846-a4853bd7ce71 None None] WorkerService process has finished the post initialization
Mar 30 23:29:35.519176 np0000161738 devstack@neutron-api.service[102352]: INFO neutron.plugins.ml2.drivers.ovn.mech_driver.ovsdb.extensions.qos [-] Starting OVNClientQosExtension
Mar 30 23:29:35.519351 np0000161738 devstack@neutron-api.service[102352]: INFO neutron.plugins.ml2.drivers.ovn.mech_driver.ovsdb.extensions.placement [-] Starting OVNClientPlacementExtension
Mar 30 23:29:35.520052 np0000161738 devstack@neutron-api.service[102351]: WSGI app 0 (mountpoint='') ready in 8 seconds on interpreter 0x7b44f1aa3668 pid: 102351 (default app)
Mar 30 23:29:35.522281 np0000161738 devstack@neutron-api.service[102352]: WSGI app 0 (mountpoint='') ready in 8 seconds on interpreter 0x7b44f1aa3668 pid: 102352 (default app)
Mar 30 23:29:35.546120 np0000161738 devstack@neutron-api.service[102354]: DEBUG ovsdbapp.backend.ovs_idl [None req-fa10feb7-dfd6-4946-b035-35aedb78edc9 None None] Created lookup_table index Chassis.name {{(pid=102354) autocreate_indices /opt/stack/data/venv/lib/python3.12/site-packages/ovsdbapp/backend/ovs_idl/__init__.py:87}}
Mar 30 23:29:35.546215 np0000161738 devstack@neutron-api.service[102354]: DEBUG ovsdbapp.backend.ovs_idl [None req-fa10feb7-dfd6-4946-b035-35aedb78edc9 None None] Created lookup_table index Port_Binding.logical_port {{(pid=102354) autocreate_indices /opt/stack/data/venv/lib/python3.12/site-packages/ovsdbapp/backend/ovs_idl/__init__.py:87}}
Mar 30 23:29:35.546298 np0000161738 devstack@neutron-api.service[102354]: DEBUG ovsdbapp.backend.ovs_idl [None req-fa10feb7-dfd6-4946-b035-35aedb78edc9 None None] Created schema index Chassis_Private.name {{(pid=102354) autocreate_indices /opt/stack/data/venv/lib/python3.12/site-packages/ovsdbapp/backend/ovs_idl/__init__.py:106}}
Mar 30 23:29:35.546416 np0000161738 devstack@neutron-api.service[102354]: DEBUG ovsdbapp.backend.ovs_idl [None req-fa10feb7-dfd6-4946-b035-35aedb78edc9 None None] Created schema index Datapath_Binding.tunnel_key {{(pid=102354) autocreate_indices /opt/stack/data/venv/lib/python3.12/site-packages/ovsdbapp/backend/ovs_idl/__init__.py:106}}
Mar 30 23:29:35.549038 np0000161738 devstack@neutron-api.service[102354]: INFO ovsdbapp.backend.ovs_idl.vlog [None req-fa10feb7-dfd6-4946-b035-35aedb78edc9 None None] ssl:162.253.55.207:6642: connecting...
Mar 30 23:29:35.552811 np0000161738 devstack@neutron-api.service[102354]: INFO ovsdbapp.backend.ovs_idl.vlog [None req-fa10feb7-dfd6-4946-b035-35aedb78edc9 None None] ssl:162.253.55.207:6642: connected
Mar 30 23:29:35.583939 np0000161738 devstack@neutron-api.service[102354]: DEBUG neutron.common.ovn.hash_ring_manager [None req-fa10feb7-dfd6-4946-b035-35aedb78edc9 None None] Allow caching, nodes 4>=4 {{(pid=102354) _wait_startup_before_caching /opt/stack/neutron/neutron/common/ovn/hash_ring_manager.py:65}}
Mar 30 23:29:35.587245 np0000161738 devstack@neutron-api.service[102354]: DEBUG neutron.common.ovn.hash_ring_manager [None req-fa10feb7-dfd6-4946-b035-35aedb78edc9 None None] Hash Ring loaded. 4 active nodes. 0 offline nodes {{(pid=102354) _load_hash_ring /opt/stack/neutron/neutron/common/ovn/hash_ring_manager.py:102}}
Mar 30 23:29:35.587436 np0000161738 devstack@neutron-api.service[102354]: DEBUG neutron.plugins.ml2.drivers.ovn.mech_driver.ovsdb.ovsdb_monitor [None req-fa10feb7-dfd6-4946-b035-35aedb78edc9 None None] ChassisOVNAgentWriteEvent : Matched Chassis_Private, create, None None {{(pid=102354) matches /opt/stack/neutron/neutron/plugins/ml2/drivers/ovn/mech_driver/ovsdb/ovsdb_monitor.py:64}}
Mar 30 23:29:35.587534 np0000161738 devstack@neutron-api.service[102354]: DEBUG neutron.plugins.ml2.drivers.ovn.mech_driver.ovsdb.ovsdb_monitor [None req-fa10feb7-dfd6-4946-b035-35aedb78edc9 None None] ChassisAgentWriteEvent : Matched Chassis_Private, create, None None {{(pid=102354) matches /opt/stack/neutron/neutron/plugins/ml2/drivers/ovn/mech_driver/ovsdb/ovsdb_monitor.py:64}}
Mar 30 23:29:35.590959 np0000161738 devstack@neutron-api.service[102354]: INFO neutron.plugins.ml2.drivers.ovn.mech_driver.mech_driver [None req-fa10feb7-dfd6-4946-b035-35aedb78edc9 None None] WorkerService process has finished the post initialization
Mar 30 23:29:35.592831 np0000161738 devstack@neutron-api.service[102354]: WSGI app 0 (mountpoint='') ready in 8 seconds on interpreter 0x7b44f1aa3668 pid: 102354 (default app)
Mar 30 23:29:36.274871 np0000161738 devstack@neutron-api.service[102351]: DEBUG neutron.plugins.ml2.drivers.ovn.mech_driver.ovsdb.ovsdb_monitor [-] Hash Ring: Node b64d2ac6f2a15a6cb55382b93730ed83 (host: np0000161738) handling event "update" for row cbeedf60-8360-48b0-8d39-24fa054e5f96 (table: Connection) {{(pid=102351) notify /opt/stack/neutron/neutron/plugins/ml2/drivers/ovn/mech_driver/ovsdb/ovsdb_monitor.py:912}}
Mar 30 23:29:36.275937 np0000161738 devstack@neutron-api.service[102353]: DEBUG neutron.common.ovn.hash_ring_manager [-] Allow caching, nodes 4>=4 {{(pid=102353) _wait_startup_before_caching /opt/stack/neutron/neutron/common/ovn/hash_ring_manager.py:65}}
Mar 30 23:29:36.276382 np0000161738 devstack@neutron-api.service[102353]: DEBUG neutron.plugins.ml2.drivers.ovn.mech_driver.ovsdb.ovsdb_monitor [-] Hash Ring: Node d3021be3422f5f9fae63810f9b6204b1 (host: np0000161738) handling event "update" for row cbeedf60-8360-48b0-8d39-24fa054e5f96 (table: Connection) {{(pid=102353) notify /opt/stack/neutron/neutron/plugins/ml2/drivers/ovn/mech_driver/ovsdb/ovsdb_monitor.py:912}}
Mar 30 23:29:38.789806 np0000161738 devstack@neutron-api.service[102353]: DEBUG neutron.plugins.ml2.drivers.ovn.mech_driver.ovsdb.ovsdb_monitor [-] Hash Ring: Node d3021be3422f5f9fae63810f9b6204b1 (host: np0000161738) handling event "update" for row cbeedf60-8360-48b0-8d39-24fa054e5f96 (table: Connection) {{(pid=102353) notify /opt/stack/neutron/neutron/plugins/ml2/drivers/ovn/mech_driver/ovsdb/ovsdb_monitor.py:912}}
Mar 30 23:29:38.790450 np0000161738 devstack@neutron-api.service[102351]: DEBUG neutron.plugins.ml2.drivers.ovn.mech_driver.ovsdb.ovsdb_monitor [-] Hash Ring: Node b64d2ac6f2a15a6cb55382b93730ed83 (host: np0000161738) handling event "update" for row cbeedf60-8360-48b0-8d39-24fa054e5f96 (table: Connection) {{(pid=102351) notify /opt/stack/neutron/neutron/plugins/ml2/drivers/ovn/mech_driver/ovsdb/ovsdb_monitor.py:912}}
Mar 30 23:29:41.269614 np0000161738 devstack@neutron-api.service[102353]: DEBUG neutron.api.wsgi [None req-655851e5-e107-417d-b1cf-a998719f2909 admin admin] Missing Content-Type {{(pid=102353) get_content_type /opt/stack/neutron/neutron/api/wsgi.py:85}}
Mar 30 23:29:41.270629 np0000161738 devstack@neutron-api.service[102353]: DEBUG neutron.api.wsgi [None req-655851e5-e107-417d-b1cf-a998719f2909 admin admin] https://162.253.55.207/networking/v2.0/extensions returned with HTTP 200 {{(pid=102353) __call__ /opt/stack/neutron/neutron/api/wsgi.py:545}}
Mar 30 23:29:41.270629 np0000161738 devstack@neutron-api.service[102353]: [pid: 102353|app: 0|req: 2/2] 162.253.55.207 () {64 vars in 1323 bytes} [Mon Mar 30 23:29:40 2026] GET /networking/v2.0/extensions => generated 15208 bytes in 271 msecs (HTTP/1.1 200) 4 headers in 159 bytes (1 switches on core 0)
Mar 30 23:29:41.669647 np0000161738 devstack@neutron-api.service[102351]: DEBUG neutron.api.v2.base [None req-a2ba2e6f-ecd8-4bb3-a84f-877cc504bcca admin admin] Request body: {'subnetpool': {'name': 'shared-default-subnetpool-v4', 'default_prefixlen': 26, 'shared': True, 'is_default': True, 'prefixes': ['10.1.0.0/20']}} {{(pid=102351) prepare_request_body /opt/stack/neutron/neutron/api/v2/base.py:729}}
Mar 30 23:29:41.875314 np0000161738 devstack@neutron-api.service[102351]: DEBUG neutron.policy [None req-a2ba2e6f-ecd8-4bb3-a84f-877cc504bcca admin admin] Loaded default policies from ['neutron'] under neutron.policies entry points {{(pid=102351) register_rules /opt/stack/neutron/neutron/policy.py:65}}
Mar 30 23:29:42.036257 np0000161738 devstack@neutron-api.service[102351]: DEBUG neutron_lib.callbacks.manager [None req-a2ba2e6f-ecd8-4bb3-a84f-877cc504bcca admin admin] Publish callbacks ['neutron.objects.securitygroup.RbacNeutronDbObjectMixin.validate_rbac_policy_change-2417761024806', 'neutron.objects.address_group.RbacNeutronDbObjectMixin.validate_rbac_policy_change-2417760916587', 'neutron.objects.network.RbacNeutronDbObjectMixin.validate_rbac_policy_change-2417761051041', 'neutron.objects.qos.policy.RbacNeutronDbObjectMixin.validate_rbac_policy_change-2417761067571', 'neutron.objects.subnetpool.RbacNeutronDbObjectMixin.validate_rbac_policy_change-2417761062108', 'neutron.objects.address_scope.RbacNeutronDbObjectMixin.validate_rbac_policy_change-2417761073135', 'neutron.plugins.ml2.plugin.External_net_db_mixin._process_ext_policy_create-7859403', 'neutron.plugins.ml2.plugin.NeutronDbPluginV2.validate_network_rbac_policy_change-7834923'] for rbac-policy (None), before_create {{(pid=102351) _notify_loop /opt/stack/data/venv/lib/python3.12/site-packages/neutron_lib/callbacks/manager.py:184}}
Mar 30 23:29:42.088163 np0000161738 devstack@neutron-api.service[102351]: DEBUG neutron_lib.callbacks.manager [None req-a2ba2e6f-ecd8-4bb3-a84f-877cc504bcca admin admin] Publish callbacks [] for subnetpool (None), before_response {{(pid=102351) _notify_loop /opt/stack/data/venv/lib/python3.12/site-packages/neutron_lib/callbacks/manager.py:184}}
Mar 30 23:29:42.089062 np0000161738 devstack@neutron-api.service[102351]: [pid: 102351|app: 0|req: 1/3] 162.253.55.207 () {68 vars in 1367 bytes} [Mon Mar 30 23:29:41 2026] POST /networking/v2.0/subnetpools => generated 533 bytes in 526 msecs (HTTP/1.1 201) 4 headers in 162 bytes (1 switches on core 0)
Mar 30 23:29:42.422295 np0000161738 devstack@neutron-api.service[102352]: DEBUG neutron.api.v2.base [None req-f515de33-7cce-4e32-be62-e1c1e7efce88 admin admin] Request body: {'subnetpool': {'name': 'shared-default-subnetpool-v6', 'default_prefixlen': 64, 'shared': True, 'is_default': True, 'prefixes': ['fd53:4e18:d01c::/56']}} {{(pid=102352) prepare_request_body /opt/stack/neutron/neutron/api/v2/base.py:729}}
Mar 30 23:29:42.614836 np0000161738 devstack@neutron-api.service[102352]: DEBUG neutron.policy [None req-f515de33-7cce-4e32-be62-e1c1e7efce88 admin admin] Loaded default policies from ['neutron'] under neutron.policies entry points {{(pid=102352) register_rules /opt/stack/neutron/neutron/policy.py:65}}
Mar 30 23:29:42.766366 np0000161738 devstack@neutron-api.service[102352]: DEBUG neutron_lib.callbacks.manager [None req-f515de33-7cce-4e32-be62-e1c1e7efce88 admin admin] Publish callbacks ['neutron.objects.securitygroup.RbacNeutronDbObjectMixin.validate_rbac_policy_change-2417760894176', 'neutron.objects.address_group.RbacNeutronDbObjectMixin.validate_rbac_policy_change-2417760917207', 'neutron.objects.network.RbacNeutronDbObjectMixin.validate_rbac_policy_change-2417761052126', 'neutron.objects.qos.policy.RbacNeutronDbObjectMixin.validate_rbac_policy_change-2417761053299', 'neutron.objects.subnetpool.RbacNeutronDbObjectMixin.validate_rbac_policy_change-2417761064410', 'neutron.objects.address_scope.RbacNeutronDbObjectMixin.validate_rbac_policy_change-2417761063804', 'neutron.plugins.ml2.plugin.External_net_db_mixin._process_ext_policy_create-7346083', 'neutron.plugins.ml2.plugin.NeutronDbPluginV2.validate_network_rbac_policy_change-7367747'] for rbac-policy (None), before_create {{(pid=102352) _notify_loop /opt/stack/data/venv/lib/python3.12/site-packages/neutron_lib/callbacks/manager.py:184}}
Mar 30 23:29:42.814488 np0000161738 devstack@neutron-api.service[102352]: DEBUG neutron_lib.callbacks.manager [None req-f515de33-7cce-4e32-be62-e1c1e7efce88 admin admin] Publish callbacks [] for subnetpool (None), before_response {{(pid=102352) _notify_loop /opt/stack/data/venv/lib/python3.12/site-packages/neutron_lib/callbacks/manager.py:184}}
Mar 30 23:29:42.815248 np0000161738 devstack@neutron-api.service[102352]: [pid: 102352|app: 0|req: 1/4] 162.253.55.207 () {68 vars in 1367 bytes} [Mon Mar 30 23:29:42 2026] POST /networking/v2.0/subnetpools => generated 543 bytes in 504 msecs (HTTP/1.1 201) 4 headers in 162 bytes (1 switches on core 0)
Mar 30 23:29:43.286843 np0000161738 devstack@neutron-api.service[102354]: DEBUG neutron.api.v2.base [None req-50d97e2f-471c-429c-a979-f48a288b1a46 admin admin] Request body: {'network': {'name': 'private', 'admin_state_up': True}} {{(pid=102354) prepare_request_body /opt/stack/neutron/neutron/api/v2/base.py:729}}
Mar 30 23:29:43.313356 np0000161738 devstack@neutron-api.service[102354]: DEBUG neutron.pecan_wsgi.hooks.quota_enforcement [None req-50d97e2f-471c-429c-a979-f48a288b1a46 admin admin] Made reservation on behalf of 1cdc3d2811284985af5bebc81a44274c for: {'network': 1} {{(pid=102354) before /opt/stack/neutron/neutron/pecan_wsgi/hooks/quota_enforcement.py:66}}
Mar 30 23:29:43.510210 np0000161738 devstack@neutron-api.service[102354]: DEBUG neutron.policy [None req-50d97e2f-471c-429c-a979-f48a288b1a46 admin admin] Loaded default policies from ['neutron'] under neutron.policies entry points {{(pid=102354) register_rules /opt/stack/neutron/neutron/policy.py:65}}
Mar 30 23:29:43.615649 np0000161738 devstack@neutron-api.service[102354]: DEBUG neutron_lib.callbacks.manager [None req-50d97e2f-471c-429c-a979-f48a288b1a46 admin admin] Publish callbacks ['neutron.plugins.ml2.plugin.SecurityGroupDbMixin._ensure_default_security_group_handler-254177'] for network (None), before_create {{(pid=102354) _notify_loop /opt/stack/data/venv/lib/python3.12/site-packages/neutron_lib/callbacks/manager.py:184}}
Mar 30 23:29:43.635395 np0000161738 devstack@neutron-api.service[102354]: DEBUG neutron_lib.callbacks.manager [None req-50d97e2f-471c-429c-a979-f48a288b1a46 admin admin] Publish callbacks [] for security_group (None), before_create {{(pid=102354) _notify_loop /opt/stack/data/venv/lib/python3.12/site-packages/neutron_lib/callbacks/manager.py:184}}
Mar 30 23:29:43.727716 np0000161738 devstack@neutron-api.service[102354]: DEBUG neutron_lib.callbacks.manager [None req-50d97e2f-471c-429c-a979-f48a288b1a46 admin admin] Publish callbacks ['neutron.plugins.ml2.drivers.ovn.mech_driver.mech_driver.OVNMechanismDriver._create_security_group_precommit-342991'] for security_group (15b7ded3-0b66-4029-a830-fd8521ac0297), precommit_create {{(pid=102354) _notify_loop /opt/stack/data/venv/lib/python3.12/site-packages/neutron_lib/callbacks/manager.py:184}}
Mar 30 23:29:43.728002 np0000161738 devstack@neutron-api.service[102354]: DEBUG neutron.db.ovn_revision_numbers_db [None req-50d97e2f-471c-429c-a979-f48a288b1a46 admin admin] create_initial_revision uuid=15b7ded3-0b66-4029-a830-fd8521ac0297, type=security_groups, rev=-1 {{(pid=102354) create_initial_revision /opt/stack/neutron/neutron/db/ovn_revision_numbers_db.py:98}}
Mar 30 23:29:43.730201 np0000161738 devstack@neutron-api.service[102354]: DEBUG neutron.db.ovn_revision_numbers_db [None req-50d97e2f-471c-429c-a979-f48a288b1a46 admin admin] create_initial_revision uuid=107fb70b-fc8c-49ac-91cf-c00c23760180, type=security_group_rules, rev=-1 {{(pid=102354) create_initial_revision /opt/stack/neutron/neutron/db/ovn_revision_numbers_db.py:98}}
Mar 30 23:29:43.731258 np0000161738 devstack@neutron-api.service[102354]: DEBUG neutron.db.ovn_revision_numbers_db [None req-50d97e2f-471c-429c-a979-f48a288b1a46 admin admin] create_initial_revision uuid=93464ac2-d481-48ea-a2e3-a83b52a56ad7, type=security_group_rules, rev=-1 {{(pid=102354) create_initial_revision /opt/stack/neutron/neutron/db/ovn_revision_numbers_db.py:98}}
Mar 30 23:29:43.732216 np0000161738 devstack@neutron-api.service[102354]: DEBUG neutron.db.ovn_revision_numbers_db [None req-50d97e2f-471c-429c-a979-f48a288b1a46 admin admin] create_initial_revision uuid=a7ef3c3e-cf14-4534-9e89-0079bd21cd6d, type=security_group_rules, rev=-1 {{(pid=102354) create_initial_revision /opt/stack/neutron/neutron/db/ovn_revision_numbers_db.py:98}}
Mar 30 23:29:43.733147 np0000161738 devstack@neutron-api.service[102354]: DEBUG neutron.db.ovn_revision_numbers_db [None req-50d97e2f-471c-429c-a979-f48a288b1a46 admin admin] create_initial_revision uuid=b3efcced-7216-4e1a-a95b-e1f74cf5c878, type=security_group_rules, rev=-1 {{(pid=102354) create_initial_revision /opt/stack/neutron/neutron/db/ovn_revision_numbers_db.py:98}}
Mar 30 23:29:43.740929 np0000161738 devstack@neutron-api.service[102354]: DEBUG neutron_lib.callbacks.manager [None req-50d97e2f-471c-429c-a979-f48a288b1a46 admin admin] Publish callbacks ['neutron.plugins.ml2.drivers.ovn.mech_driver.mech_driver.OVNMechanismDriver._create_security_group-342837', 'neutron.plugins.ml2.ovo_rpc._ObjectChangeHandler.handle_event-2585529'] for security_group (15b7ded3-0b66-4029-a830-fd8521ac0297), after_create {{(pid=102354) _notify_loop /opt/stack/data/venv/lib/python3.12/site-packages/neutron_lib/callbacks/manager.py:184}}
Mar 30 23:29:43.741292 np0000161738 devstack@neutron-api.service[102354]: INFO neutron.plugins.ml2.drivers.ovn.mech_driver.ovsdb.extensions.qos [None req-50d97e2f-471c-429c-a979-f48a288b1a46 admin admin] Starting OVNClientQosExtension
Mar 30 23:29:43.741292 np0000161738 devstack@neutron-api.service[102354]: INFO neutron.plugins.ml2.drivers.ovn.mech_driver.ovsdb.extensions.placement [None req-50d97e2f-471c-429c-a979-f48a288b1a46 admin admin] Starting OVNClientPlacementExtension
Mar 30 23:29:43.742945 np0000161738 devstack@neutron-api.service[102354]: DEBUG ovsdbapp.backend.ovs_idl.transaction [-] Running txn n=1 command(idx=0): PgAddCommand(_result=None, name=pg_15b7ded3_0b66_4029_a830_fd8521ac0297, may_exist=False, columns={'acls': [], 'external_ids': {'neutron:security_group_id': '15b7ded3-0b66-4029-a830-fd8521ac0297'}}) {{(pid=102354) do_commit /opt/stack/data/venv/lib/python3.12/site-packages/ovsdbapp/backend/ovs_idl/transaction.py:89}}
Mar 30 23:29:43.745472 np0000161738 devstack@neutron-api.service[102354]: DEBUG ovsdbapp.backend.ovs_idl.transaction [-] Running txn n=1 command(idx=1): PgAclAddCommand(_result=None, entity=pg_15b7ded3_0b66_4029_a830_fd8521ac0297, direction=from-lport, priority=1002, match=inport == @pg_15b7ded3_0b66_4029_a830_fd8521ac0297 && ip6, action=allow-related, log=False, may_exist=True, severity=[], name=[], meter=[], external_ids={'neutron:security_group_rule_id': '107fb70b-fc8c-49ac-91cf-c00c23760180'}) {{(pid=102354) do_commit /opt/stack/data/venv/lib/python3.12/site-packages/ovsdbapp/backend/ovs_idl/transaction.py:89}}
Mar 30 23:29:43.746107 np0000161738 devstack@neutron-api.service[102354]: DEBUG ovsdbapp.backend.ovs_idl.transaction [-] Running txn n=1 command(idx=2): PgAclAddCommand(_result=None, entity=pg_15b7ded3_0b66_4029_a830_fd8521ac0297, direction=from-lport, priority=1002, match=inport == @pg_15b7ded3_0b66_4029_a830_fd8521ac0297 && ip4, action=allow-related, log=False, may_exist=True, severity=[], name=[], meter=[], external_ids={'neutron:security_group_rule_id': '93464ac2-d481-48ea-a2e3-a83b52a56ad7'}) {{(pid=102354) do_commit /opt/stack/data/venv/lib/python3.12/site-packages/ovsdbapp/backend/ovs_idl/transaction.py:89}}
Mar 30 23:29:43.746604 np0000161738 devstack@neutron-api.service[102354]: DEBUG ovsdbapp.backend.ovs_idl.transaction [-] Running txn n=1 command(idx=3): PgAclAddCommand(_result=None, entity=pg_15b7ded3_0b66_4029_a830_fd8521ac0297, direction=to-lport, priority=1002, match=outport == @pg_15b7ded3_0b66_4029_a830_fd8521ac0297 && ip4 && ip4.src == $pg_15b7ded3_0b66_4029_a830_fd8521ac0297_ip4, action=allow-related, log=False, may_exist=True, severity=[], name=[], meter=[], external_ids={'neutron:security_group_rule_id': 'a7ef3c3e-cf14-4534-9e89-0079bd21cd6d'}) {{(pid=102354) do_commit /opt/stack/data/venv/lib/python3.12/site-packages/ovsdbapp/backend/ovs_idl/transaction.py:89}}
Mar 30 23:29:43.747145 np0000161738 devstack@neutron-api.service[102354]: DEBUG ovsdbapp.backend.ovs_idl.transaction [-] Running txn n=1 command(idx=4): PgAclAddCommand(_result=None, entity=pg_15b7ded3_0b66_4029_a830_fd8521ac0297, direction=to-lport, priority=1002, match=outport == @pg_15b7ded3_0b66_4029_a830_fd8521ac0297 && ip6 && ip6.src == $pg_15b7ded3_0b66_4029_a830_fd8521ac0297_ip6, action=allow-related, log=False, may_exist=True, severity=[], name=[], meter=[], external_ids={'neutron:security_group_rule_id': 'b3efcced-7216-4e1a-a95b-e1f74cf5c878'}) {{(pid=102354) do_commit /opt/stack/data/venv/lib/python3.12/site-packages/ovsdbapp/backend/ovs_idl/transaction.py:89}}
Mar 30 23:29:43.812335 np0000161738 devstack@neutron-api.service[102352]: DEBUG neutron.plugins.ml2.drivers.ovn.mech_driver.ovsdb.ovsdb_monitor [-] Hash Ring: Node 64d66aa13545544fa81b840b6f6ad926 (host: np0000161738) handling event "create" for row ce5ad366-eb8d-4c4b-b498-f8b07be69225 (table: ACL) {{(pid=102352) notify /opt/stack/neutron/neutron/plugins/ml2/drivers/ovn/mech_driver/ovsdb/ovsdb_monitor.py:912}}
Mar 30 23:29:43.814082 np0000161738 devstack@neutron-api.service[102353]: DEBUG neutron.plugins.ml2.drivers.ovn.mech_driver.ovsdb.ovsdb_monitor [-] Hash Ring: Node d3021be3422f5f9fae63810f9b6204b1 (host: np0000161738) handling event "create" for row 76460e88-af1a-49db-8310-7babe0c99576 (table: ACL) {{(pid=102353) notify /opt/stack/neutron/neutron/plugins/ml2/drivers/ovn/mech_driver/ovsdb/ovsdb_monitor.py:912}}
Mar 30 23:29:43.814411 np0000161738 devstack@neutron-api.service[102354]: DEBUG neutron.plugins.ml2.drivers.ovn.mech_driver.ovsdb.ovsdb_monitor [-] Hash Ring: Node f4f0044ade1552e98db0fefdf60e0d41 (host: np0000161738) handling event "create" for row b0ee382b-16e0-4ace-a46d-2a178271b5de (table: ACL) {{(pid=102354) notify /opt/stack/neutron/neutron/plugins/ml2/drivers/ovn/mech_driver/ovsdb/ovsdb_monitor.py:912}}
Mar 30 23:29:43.814459 np0000161738 devstack@neutron-api.service[102353]: DEBUG neutron.plugins.ml2.drivers.ovn.mech_driver.ovsdb.ovsdb_monitor [-] Hash Ring: Node d3021be3422f5f9fae63810f9b6204b1 (host: np0000161738) handling event "create" for row a7a0a1fc-5e5d-4db3-be3a-0cf70cc8e4d4 (table: ACL) {{(pid=102353) notify /opt/stack/neutron/neutron/plugins/ml2/drivers/ovn/mech_driver/ovsdb/ovsdb_monitor.py:912}}
Mar 30 23:29:43.814643 np0000161738 devstack@neutron-api.service[102353]: DEBUG neutron.plugins.ml2.drivers.ovn.mech_driver.ovsdb.ovsdb_monitor [-] Hash Ring: Node d3021be3422f5f9fae63810f9b6204b1 (host: np0000161738) handling event "create" for row b0ee382b-16e0-4ace-a46d-2a178271b5de (table: ACL) {{(pid=102353) notify /opt/stack/neutron/neutron/plugins/ml2/drivers/ovn/mech_driver/ovsdb/ovsdb_monitor.py:912}}
Mar 30 23:29:43.814911 np0000161738 devstack@neutron-api.service[102353]: DEBUG neutron.plugins.ml2.drivers.ovn.mech_driver.ovsdb.ovsdb_monitor [-] Hash Ring: Node d3021be3422f5f9fae63810f9b6204b1 (host: np0000161738) handling event "create" for row ce5ad366-eb8d-4c4b-b498-f8b07be69225 (table: ACL) {{(pid=102353) notify /opt/stack/neutron/neutron/plugins/ml2/drivers/ovn/mech_driver/ovsdb/ovsdb_monitor.py:912}}
Mar 30 23:29:43.815162 np0000161738 devstack@neutron-api.service[102353]: DEBUG neutron.plugins.ml2.drivers.ovn.mech_driver.ovsdb.ovsdb_monitor [-] Hash Ring: Node d3021be3422f5f9fae63810f9b6204b1 (host: np0000161738) handling event "create" for row abd1a9c7-4092-4dcc-a2ad-49d7c52c932f (table: Port_Group) {{(pid=102353) notify /opt/stack/neutron/neutron/plugins/ml2/drivers/ovn/mech_driver/ovsdb/ovsdb_monitor.py:912}}
Mar 30 23:29:43.839385 np0000161738 devstack@neutron-api.service[102354]: INFO neutron.db.ovn_revision_numbers_db [None req-50d97e2f-471c-429c-a979-f48a288b1a46 admin admin] Successfully bumped revision number for resource 15b7ded3-0b66-4029-a830-fd8521ac0297 (type: security_groups) to 1
Mar 30 23:29:43.855576 np0000161738 devstack@neutron-api.service[102354]: INFO neutron.db.ovn_revision_numbers_db [None req-50d97e2f-471c-429c-a979-f48a288b1a46 admin admin] Successfully bumped revision number for resource 107fb70b-fc8c-49ac-91cf-c00c23760180 (type: security_group_rules) to 0
Mar 30 23:29:43.868062 np0000161738 devstack@neutron-api.service[102354]: INFO neutron.db.ovn_revision_numbers_db [None req-50d97e2f-471c-429c-a979-f48a288b1a46 admin admin] Successfully bumped revision number for resource 93464ac2-d481-48ea-a2e3-a83b52a56ad7 (type: security_group_rules) to 0
Mar 30 23:29:43.881962 np0000161738 devstack@neutron-api.service[102354]: INFO neutron.db.ovn_revision_numbers_db [None req-50d97e2f-471c-429c-a979-f48a288b1a46 admin admin] Successfully bumped revision number for resource a7ef3c3e-cf14-4534-9e89-0079bd21cd6d (type: security_group_rules) to 0
Mar 30 23:29:43.894518 np0000161738 devstack@neutron-api.service[102354]: INFO neutron.db.ovn_revision_numbers_db [None req-50d97e2f-471c-429c-a979-f48a288b1a46 admin admin] Successfully bumped revision number for resource b3efcced-7216-4e1a-a95b-e1f74cf5c878 (type: security_group_rules) to 0
Mar 30 23:29:43.920126 np0000161738 devstack@neutron-api.service[102354]: DEBUG neutron.api.rpc.handlers.resources_rpc [None req-50d97e2f-471c-429c-a979-f48a288b1a46 admin admin] Pushing event updated for resources: {'SecurityGroup': ['ID=15b7ded3-0b66-4029-a830-fd8521ac0297,revision_number=1']} {{(pid=102354) push /opt/stack/neutron/neutron/api/rpc/handlers/resources_rpc.py:237}}
Mar 30 23:29:43.928385 np0000161738 devstack@neutron-api.service[102354]: DEBUG ovsdbapp.backend.ovs_idl.transaction [-] Running txn n=1 command(idx=0): CheckLivenessCommand(_result=None) {{(pid=102354) do_commit /opt/stack/data/venv/lib/python3.12/site-packages/ovsdbapp/backend/ovs_idl/transaction.py:89}}
Mar 30 23:29:43.932682 np0000161738 devstack@neutron-api.service[102352]: DEBUG neutron.plugins.ml2.drivers.ovn.mech_driver.ovsdb.ovsdb_monitor [-] Hash Ring: Node 64d66aa13545544fa81b840b6f6ad926 (host: np0000161738) handling event "update" for row fbed3573-21b3-4bd2-bffe-c0eeba9e261e (table: NB_Global) {{(pid=102352) notify /opt/stack/neutron/neutron/plugins/ml2/drivers/ovn/mech_driver/ovsdb/ovsdb_monitor.py:912}}
Mar 30 23:29:43.933630 np0000161738 devstack@neutron-api.service[102353]: DEBUG neutron.plugins.ml2.drivers.ovn.mech_driver.ovsdb.ovsdb_monitor [-] Hash Ring: Node d3021be3422f5f9fae63810f9b6204b1 (host: np0000161738) handling event "update" for row fbed3573-21b3-4bd2-bffe-c0eeba9e261e (table: NB_Global) {{(pid=102353) notify /opt/stack/neutron/neutron/plugins/ml2/drivers/ovn/mech_driver/ovsdb/ovsdb_monitor.py:912}}
Mar 30 23:29:43.933866 np0000161738 devstack@neutron-api.service[102352]: DEBUG neutron.plugins.ml2.drivers.ovn.mech_driver.ovsdb.ovsdb_monitor [-] Hash Ring: Node 64d66aa13545544fa81b840b6f6ad926 (host: np0000161738) handling event "update" for row fbed3573-21b3-4bd2-bffe-c0eeba9e261e (table: NB_Global) {{(pid=102352) notify /opt/stack/neutron/neutron/plugins/ml2/drivers/ovn/mech_driver/ovsdb/ovsdb_monitor.py:912}}
Mar 30 23:29:43.936161 np0000161738 devstack@neutron-api.service[102353]: DEBUG neutron.plugins.ml2.drivers.ovn.mech_driver.ovsdb.ovsdb_monitor [-] Hash Ring: Node d3021be3422f5f9fae63810f9b6204b1 (host: np0000161738) handling event "update" for row fbed3573-21b3-4bd2-bffe-c0eeba9e261e (table: NB_Global) {{(pid=102353) notify /opt/stack/neutron/neutron/plugins/ml2/drivers/ovn/mech_driver/ovsdb/ovsdb_monitor.py:912}}
Mar 30 23:29:43.937285 np0000161738 devstack@neutron-api.service[102351]: DEBUG neutron.plugins.ml2.drivers.ovn.mech_driver.ovsdb.ovsdb_monitor [-] ChassisAgentWriteEvent : Matched Chassis_Private, update, None None {{(pid=102351) matches /opt/stack/neutron/neutron/plugins/ml2/drivers/ovn/mech_driver/ovsdb/ovsdb_monitor.py:64}}
Mar 30 23:29:43.939167 np0000161738 devstack@neutron-api.service[102352]: DEBUG neutron.plugins.ml2.drivers.ovn.mech_driver.ovsdb.ovsdb_monitor [-] Hash Ring: Node 64d66aa13545544fa81b840b6f6ad926 (host: np0000161738) handling event "update" for row fbed3573-21b3-4bd2-bffe-c0eeba9e261e (table: NB_Global) {{(pid=102352) notify /opt/stack/neutron/neutron/plugins/ml2/drivers/ovn/mech_driver/ovsdb/ovsdb_monitor.py:912}}
Mar 30 23:29:43.939435 np0000161738 devstack@neutron-api.service[102353]: DEBUG neutron.plugins.ml2.drivers.ovn.mech_driver.ovsdb.ovsdb_monitor [-] ChassisAgentWriteEvent : Matched Chassis_Private, update, None None {{(pid=102353) matches /opt/stack/neutron/neutron/plugins/ml2/drivers/ovn/mech_driver/ovsdb/ovsdb_monitor.py:64}}
Mar 30 23:29:43.939534 np0000161738 devstack@neutron-api.service[102351]: DEBUG neutron.plugins.ml2.drivers.ovn.mech_driver.ovsdb.ovsdb_monitor [-] Hash Ring: Node b64d2ac6f2a15a6cb55382b93730ed83 (host: np0000161738) handling event "update" for row ab484c1e-c908-4311-9f07-797cae452855 (table: Chassis_Private) {{(pid=102351) notify /opt/stack/neutron/neutron/plugins/ml2/drivers/ovn/mech_driver/ovsdb/ovsdb_monitor.py:912}}
Mar 30 23:29:43.939651 np0000161738 devstack@neutron-api.service[102352]: DEBUG neutron.plugins.ml2.drivers.ovn.mech_driver.ovsdb.ovsdb_monitor [-] ChassisAgentWriteEvent : Matched Chassis_Private, update, None None {{(pid=102352) matches /opt/stack/neutron/neutron/plugins/ml2/drivers/ovn/mech_driver/ovsdb/ovsdb_monitor.py:64}}
Mar 30 23:29:43.939946 np0000161738 devstack@neutron-api.service[102354]: DEBUG neutron.api.rpc.callbacks.version_manager [None req-50d97e2f-471c-429c-a979-f48a288b1a46 admin admin] Tracked resource versions report:
Mar 30 23:29:43.939946 np0000161738 devstack@neutron-api.service[102354]: pushed versions:
Mar 30 23:29:43.939946 np0000161738 devstack@neutron-api.service[102354]: { 'AddressGroup': {'1.2'},
Mar 30 23:29:43.939946 np0000161738 devstack@neutron-api.service[102354]: 'Agent': {'1.1'},
Mar 30 23:29:43.939946 np0000161738 devstack@neutron-api.service[102354]: 'ConntrackHelper': {'1.0'},
Mar 30 23:29:43.939946 np0000161738 devstack@neutron-api.service[102354]: 'LocalIPAssociation': {'1.0'},
Mar 30 23:29:43.939946 np0000161738 devstack@neutron-api.service[102354]: 'Log': {'1.0'},
Mar 30 23:29:43.939946 np0000161738 devstack@neutron-api.service[102354]: 'NDPProxy': {'1.0'},
Mar 30 23:29:43.939946 np0000161738 devstack@neutron-api.service[102354]: 'Network': {'1.2'},
Mar 30 23:29:43.939946 np0000161738 devstack@neutron-api.service[102354]: 'Port': {'1.10'},
Mar 30 23:29:43.939946 np0000161738 devstack@neutron-api.service[102354]: 'PortForwarding': {'1.3'},
Mar 30 23:29:43.939946 np0000161738 devstack@neutron-api.service[102354]: 'QosPolicy': {'1.10'},
Mar 30 23:29:43.939946 np0000161738 devstack@neutron-api.service[102354]: 'SecurityGroup': {'1.6'},
Mar 30 23:29:43.939946 np0000161738 devstack@neutron-api.service[102354]: 'SecurityGroupRule': {'1.3'},
Mar 30 23:29:43.939946 np0000161738 devstack@neutron-api.service[102354]: 'SubPort': {'1.0'},
Mar 30 23:29:43.939946 np0000161738 devstack@neutron-api.service[102354]: 'Subnet': {'1.2'},
Mar 30 23:29:43.939946 np0000161738 devstack@neutron-api.service[102354]: 'Trunk': {'1.1'}}
Mar 30 23:29:43.939946 np0000161738 devstack@neutron-api.service[102354]: consumer versions:
Mar 30 23:29:43.939946 np0000161738 devstack@neutron-api.service[102354]: {}
Mar 30 23:29:43.939946 np0000161738 devstack@neutron-api.service[102354]: {{(pid=102354) report /opt/stack/neutron/neutron/api/rpc/callbacks/version_manager.py:183}}
Mar 30 23:29:43.940519 np0000161738 devstack@neutron-api.service[102352]: DEBUG neutron.plugins.ml2.drivers.ovn.mech_driver.ovsdb.ovsdb_monitor [-] Hash Ring: Node 64d66aa13545544fa81b840b6f6ad926 (host: np0000161738) handling event "update" for row fbed3573-21b3-4bd2-bffe-c0eeba9e261e (table: NB_Global) {{(pid=102352) notify /opt/stack/neutron/neutron/plugins/ml2/drivers/ovn/mech_driver/ovsdb/ovsdb_monitor.py:912}}
Mar 30 23:29:43.940688 np0000161738 devstack@neutron-api.service[102353]: DEBUG neutron.plugins.ml2.drivers.ovn.mech_driver.ovsdb.ovsdb_monitor [-] Hash Ring: Node d3021be3422f5f9fae63810f9b6204b1 (host: np0000161738) handling event "update" for row fbed3573-21b3-4bd2-bffe-c0eeba9e261e (table: NB_Global) {{(pid=102353) notify /opt/stack/neutron/neutron/plugins/ml2/drivers/ovn/mech_driver/ovsdb/ovsdb_monitor.py:912}}
Mar 30 23:29:43.943118 np0000161738 devstack@neutron-api.service[102352]: DEBUG neutron.plugins.ml2.drivers.ovn.mech_driver.ovsdb.ovsdb_monitor [-] ChassisOVNAgentWriteEvent : Matched Chassis_Private, update, None None {{(pid=102352) matches /opt/stack/neutron/neutron/plugins/ml2/drivers/ovn/mech_driver/ovsdb/ovsdb_monitor.py:64}}
Mar 30 23:29:43.945122 np0000161738 devstack@neutron-api.service[102353]: DEBUG neutron.plugins.ml2.drivers.ovn.mech_driver.ovsdb.ovsdb_monitor [-] Hash Ring: Node d3021be3422f5f9fae63810f9b6204b1 (host: np0000161738) handling event "update" for row fbed3573-21b3-4bd2-bffe-c0eeba9e261e (table: NB_Global) {{(pid=102353) notify /opt/stack/neutron/neutron/plugins/ml2/drivers/ovn/mech_driver/ovsdb/ovsdb_monitor.py:912}}
Mar 30 23:29:43.945168 np0000161738 devstack@neutron-api.service[102351]: DEBUG neutron.plugins.ml2.drivers.ovn.mech_driver.ovsdb.ovsdb_monitor [-] ChassisOVNAgentWriteEvent : Matched Chassis_Private, update, None None {{(pid=102351) matches /opt/stack/neutron/neutron/plugins/ml2/drivers/ovn/mech_driver/ovsdb/ovsdb_monitor.py:64}}
Mar 30 23:29:43.945724 np0000161738 devstack@neutron-api.service[102351]: DEBUG neutron.plugins.ml2.drivers.ovn.mech_driver.ovsdb.ovsdb_monitor [-] Hash Ring: Node b64d2ac6f2a15a6cb55382b93730ed83 (host: np0000161738) handling event "update" for row ab484c1e-c908-4311-9f07-797cae452855 (table: Chassis_Private) {{(pid=102351) notify /opt/stack/neutron/neutron/plugins/ml2/drivers/ovn/mech_driver/ovsdb/ovsdb_monitor.py:912}}
Mar 30 23:29:43.947003 np0000161738 devstack@neutron-api.service[102354]: DEBUG neutron.plugins.ml2.drivers.ovn.mech_driver.ovsdb.ovsdb_monitor [-] ChassisAgentWriteEvent : Matched Chassis_Private, update, None None {{(pid=102354) matches /opt/stack/neutron/neutron/plugins/ml2/drivers/ovn/mech_driver/ovsdb/ovsdb_monitor.py:64}}
Mar 30 23:29:43.947524 np0000161738 devstack@neutron-api.service[102353]: DEBUG neutron.common.ovn.hash_ring_manager [-] Allow caching, nodes 4>=4 {{(pid=102353) _wait_startup_before_caching /opt/stack/neutron/neutron/common/ovn/hash_ring_manager.py:65}}
Mar 30 23:29:43.947692 np0000161738 devstack@neutron-api.service[102353]: DEBUG neutron.plugins.ml2.drivers.ovn.mech_driver.ovsdb.ovsdb_monitor [-] Hash Ring: Node d3021be3422f5f9fae63810f9b6204b1 (host: np0000161738) handling event "update" for row ab484c1e-c908-4311-9f07-797cae452855 (table: Chassis_Private) {{(pid=102353) notify /opt/stack/neutron/neutron/plugins/ml2/drivers/ovn/mech_driver/ovsdb/ovsdb_monitor.py:912}}
Mar 30 23:29:43.948441 np0000161738 devstack@neutron-api.service[102353]: DEBUG neutron.plugins.ml2.drivers.ovn.mech_driver.ovsdb.ovsdb_monitor [-] ChassisOVNAgentWriteEvent : Matched Chassis_Private, update, None None {{(pid=102353) matches /opt/stack/neutron/neutron/plugins/ml2/drivers/ovn/mech_driver/ovsdb/ovsdb_monitor.py:64}}
Mar 30 23:29:43.948706 np0000161738 devstack@neutron-api.service[102353]: DEBUG neutron.plugins.ml2.drivers.ovn.mech_driver.ovsdb.ovsdb_monitor [-] Hash Ring: Node d3021be3422f5f9fae63810f9b6204b1 (host: np0000161738) handling event "update" for row ab484c1e-c908-4311-9f07-797cae452855 (table: Chassis_Private) {{(pid=102353) notify /opt/stack/neutron/neutron/plugins/ml2/drivers/ovn/mech_driver/ovsdb/ovsdb_monitor.py:912}}
Mar 30 23:29:43.950818 np0000161738 devstack@neutron-api.service[102354]: DEBUG neutron.plugins.ml2.drivers.ovn.mech_driver.ovsdb.ovsdb_monitor [-] ChassisOVNAgentWriteEvent : Matched Chassis_Private, update, None None {{(pid=102354) matches /opt/stack/neutron/neutron/plugins/ml2/drivers/ovn/mech_driver/ovsdb/ovsdb_monitor.py:64}}
Mar 30 23:29:44.018059 np0000161738 devstack@neutron-api.service[102354]: DEBUG neutron.plugins.ml2.drivers.helpers [None req-50d97e2f-471c-429c-a979-f48a288b1a46 admin admin] geneve segment allocate from pool success with {'geneve_vni': 21769} {{(pid=102354) allocate_partially_specified_segment /opt/stack/neutron/neutron/plugins/ml2/drivers/helpers.py:142}}
Mar 30 23:29:44.035557 np0000161738 devstack@neutron-api.service[102354]: DEBUG neutron_lib.callbacks.manager [None req-50d97e2f-471c-429c-a979-f48a288b1a46 admin admin] Publish callbacks ['neutron.services.segments.db._add_segment_host_mapping_for_segment-8470995783150', 'neutron.plugins.ml2.plugin.Ml2Plugin._handle_segment_change-2091735'] for segment (7e4a159b-a948-4ca2-86e0-1ee017a3cff4), precommit_create {{(pid=102354) _notify_loop /opt/stack/data/venv/lib/python3.12/site-packages/neutron_lib/callbacks/manager.py:184}}
Mar 30 23:29:44.035784 np0000161738 devstack@neutron-api.service[102354]: INFO neutron.db.segments_db [None req-50d97e2f-471c-429c-a979-f48a288b1a46 admin admin] Added segment 7e4a159b-a948-4ca2-86e0-1ee017a3cff4 of type geneve for network f8d8844d-f64c-49d2-b624-d1397300fc82
Mar 30 23:29:44.088982 np0000161738 devstack@neutron-api.service[102354]: DEBUG neutron_lib.callbacks.manager [None req-50d97e2f-471c-429c-a979-f48a288b1a46 admin admin] Publish callbacks ['neutron.services.auto_allocate.db._ensure_external_network_default_value_callback-8470993154582'] for network (f8d8844d-f64c-49d2-b624-d1397300fc82), precommit_create {{(pid=102354) _notify_loop /opt/stack/data/venv/lib/python3.12/site-packages/neutron_lib/callbacks/manager.py:184}}
Mar 30 23:29:44.112617 np0000161738 devstack@neutron-api.service[102354]: DEBUG neutron.plugins.ml2.drivers.ovn.mech_driver.mech_driver [None req-50d97e2f-471c-429c-a979-f48a288b1a46 admin admin] Validating network segment with type geneve, segmentation ID 21769, physical network None {{(pid=102354) _validate_network_segments /opt/stack/neutron/neutron/plugins/ml2/drivers/ovn/mech_driver/mech_driver.py:631}}
Mar 30 23:29:44.113210 np0000161738 devstack@neutron-api.service[102354]: DEBUG neutron.db.ovn_revision_numbers_db [None req-50d97e2f-471c-429c-a979-f48a288b1a46 admin admin] create_initial_revision uuid=f8d8844d-f64c-49d2-b624-d1397300fc82, type=networks, rev=-1 {{(pid=102354) create_initial_revision /opt/stack/neutron/neutron/db/ovn_revision_numbers_db.py:98}}
Mar 30 23:29:44.141247 np0000161738 devstack@neutron-api.service[102354]: DEBUG neutron_lib.callbacks.manager [None req-50d97e2f-471c-429c-a979-f48a288b1a46 admin admin] Publish callbacks ['neutron.plugins.ml2.ovo_rpc._ObjectChangeHandler.handle_event-2585155'] for network (f8d8844d-f64c-49d2-b624-d1397300fc82), after_create {{(pid=102354) _notify_loop /opt/stack/data/venv/lib/python3.12/site-packages/neutron_lib/callbacks/manager.py:184}}
Mar 30 23:29:44.191532 np0000161738 devstack@neutron-api.service[102354]: DEBUG neutron.api.rpc.handlers.resources_rpc [None req-50d97e2f-471c-429c-a979-f48a288b1a46 admin admin] Pushing event updated for resources: {'Network': ['ID=f8d8844d-f64c-49d2-b624-d1397300fc82,revision_number=1']} {{(pid=102354) push /opt/stack/neutron/neutron/api/rpc/handlers/resources_rpc.py:237}}
Mar 30 23:29:44.200311 np0000161738 devstack@neutron-api.service[102354]: DEBUG ovsdbapp.backend.ovs_idl.transaction [-] Running txn n=1 command(idx=0): AddNetworkCommand(_result=None, network_uuid=f8d8844d-f64c-49d2-b624-d1397300fc82, may_exist=True, columns={'external_ids': {'neutron:network_name': 'private', 'neutron:mtu': '1372', 'neutron:revision_number': '1', 'neutron:availability_zone_hints': '', 'neutron:provnet-network-type': 'geneve'}, 'other_config': {'mcast_snoop': 'false', 'mcast_flood_unregistered': 'false', 'vlan-passthru': 'false'}}) {{(pid=102354) do_commit /opt/stack/data/venv/lib/python3.12/site-packages/ovsdbapp/backend/ovs_idl/transaction.py:89}}
Mar 30 23:29:44.201188 np0000161738 devstack@neutron-api.service[102354]: DEBUG neutron.common.ovn.utils [-] OVS persist_uuid supported=True {{(pid=102354) ovs_persist_uuid_supported /opt/stack/neutron/neutron/common/ovn/utils.py:1535}}
Mar 30 23:29:44.206877 np0000161738 devstack@neutron-api.service[102353]: DEBUG neutron.plugins.ml2.drivers.ovn.mech_driver.ovsdb.ovsdb_monitor [-] Hash Ring: Node d3021be3422f5f9fae63810f9b6204b1 (host: np0000161738) handling event "create" for row f8d8844d-f64c-49d2-b624-d1397300fc82 (table: Logical_Switch) {{(pid=102353) notify /opt/stack/neutron/neutron/plugins/ml2/drivers/ovn/mech_driver/ovsdb/ovsdb_monitor.py:912}}
Mar 30 23:29:44.208730 np0000161738 devstack@neutron-api.service[102351]: DEBUG neutron.plugins.ml2.drivers.ovn.mech_driver.ovsdb.ovsdb_monitor [-] Hash Ring: Node b64d2ac6f2a15a6cb55382b93730ed83 (host: np0000161738) handling event "create" for row f8d8844d-f64c-49d2-b624-d1397300fc82 (table: Logical_Switch) {{(pid=102351) notify /opt/stack/neutron/neutron/plugins/ml2/drivers/ovn/mech_driver/ovsdb/ovsdb_monitor.py:912}}
Mar 30 23:29:44.212867 np0000161738 devstack@neutron-api.service[102353]: DEBUG neutron.plugins.ml2.drivers.ovn.mech_driver.ovsdb.ovsdb_monitor [-] Hash Ring: Node d3021be3422f5f9fae63810f9b6204b1 (host: np0000161738) handling event "create" for row 7a361503-0345-4ca6-8831-131b4d1360d5 (table: Datapath_Binding) {{(pid=102353) notify /opt/stack/neutron/neutron/plugins/ml2/drivers/ovn/mech_driver/ovsdb/ovsdb_monitor.py:912}}
Mar 30 23:29:44.251945 np0000161738 devstack@neutron-api.service[102354]: INFO neutron.db.ovn_revision_numbers_db [None req-50d97e2f-471c-429c-a979-f48a288b1a46 admin admin] Successfully bumped revision number for resource f8d8844d-f64c-49d2-b624-d1397300fc82 (type: networks) to 1
Mar 30 23:29:44.319893 np0000161738 devstack@neutron-api.service[102354]: DEBUG neutron_lib.callbacks.manager [None req-50d97e2f-471c-429c-a979-f48a288b1a46 admin admin] Publish callbacks ['neutron.plugins.ml2.plugin.SecurityGroupDbMixin._ensure_default_security_group_handler-254177'] for port (None), before_create {{(pid=102354) _notify_loop /opt/stack/data/venv/lib/python3.12/site-packages/neutron_lib/callbacks/manager.py:184}}
Mar 30 23:29:44.599482 np0000161738 devstack@neutron-api.service[102354]: DEBUG neutron_lib.callbacks.manager [None req-50d97e2f-471c-429c-a979-f48a288b1a46 admin admin] Publish callbacks ['neutron.plugins.ml2.drivers.ovn.mech_driver.mech_driver.OVNMechanismDriver._validate_allowed_address_pairs-342855'] for allowed_address_pair (5bbb8d2c-fb58-4473-ad2f-b883acd4110b), before_create {{(pid=102354) _notify_loop /opt/stack/data/venv/lib/python3.12/site-packages/neutron_lib/callbacks/manager.py:184}}
Mar 30 23:29:44.599841 np0000161738 devstack@neutron-api.service[102354]: DEBUG neutron_lib.callbacks.manager [None req-50d97e2f-471c-429c-a979-f48a288b1a46 admin admin] Publish callbacks [] for port (5bbb8d2c-fb58-4473-ad2f-b883acd4110b), precommit_create {{(pid=102354) _notify_loop /opt/stack/data/venv/lib/python3.12/site-packages/neutron_lib/callbacks/manager.py:184}}
