Feb 17 22:39:39.461341 np0000156237 devstack@neutron-api.service[103342]: DEBUG neutron.api.extensions [None req-9c35e51a-5dd2-4ebb-98b8-2a394cb7eaff None None] Ext name="Subnet Onboard" alias="subnet_onboard" description="Provides support for onboarding subnets into subnet pools" updated="2018-12-18T09:00:00-00:00" {{(pid=103342) _check_extension /opt/stack/neutron/neutron/api/extensions.py:415}}
Feb 17 22:39:39.461388 np0000156237 devstack@neutron-api.service[103343]: DEBUG neutron_lib.callbacks.manager [None req-0439d29b-fed3-4acf-9270-ae5b6b107e7a None None] Subscribe: > router_interface after_delete 55550000, False {{(pid=103343) subscribe /opt/stack/data/venv/lib/python3.12/site-packages/neutron_lib/callbacks/manager.py:52}}
Feb 17 22:39:39.461531 np0000156237 devstack@neutron-api.service[103343]: DEBUG neutron_lib.callbacks.manager [None req-0439d29b-fed3-4acf-9270-ae5b6b107e7a None None] Subscribe: > router after_create 55550000, False {{(pid=103343) subscribe /opt/stack/data/venv/lib/python3.12/site-packages/neutron_lib/callbacks/manager.py:52}}
Feb 17 22:39:39.461562 np0000156237 devstack@neutron-api.service[103342]: INFO neutron.api.extensions [None req-9c35e51a-5dd2-4ebb-98b8-2a394cb7eaff None None] Extension subnet_onboard not supported by any of loaded plugins
Feb 17 22:39:39.461646 np0000156237 devstack@neutron-api.service[103342]: DEBUG neutron.api.extensions [None req-9c35e51a-5dd2-4ebb-98b8-2a394cb7eaff None None] Loading extension file: subnet_segmentid_writable.py {{(pid=103342) _load_all_extensions_from_path /opt/stack/neutron/neutron/api/extensions.py:449}}
Feb 17 22:39:39.461674 np0000156237 devstack@neutron-api.service[103343]: DEBUG neutron_lib.callbacks.manager [None req-0439d29b-fed3-4acf-9270-ae5b6b107e7a None None] Subscribe: > router precommit_create 55550000, False {{(pid=103343) subscribe /opt/stack/data/venv/lib/python3.12/site-packages/neutron_lib/callbacks/manager.py:52}}
Feb 17 22:39:39.461847 np0000156237 devstack@neutron-api.service[103343]: DEBUG neutron_lib.callbacks.manager [None req-0439d29b-fed3-4acf-9270-ae5b6b107e7a None None] Subscribe: > router after_delete 55550000, False {{(pid=103343) subscribe /opt/stack/data/venv/lib/python3.12/site-packages/neutron_lib/callbacks/manager.py:52}}
Feb 17 22:39:39.461875 np0000156237 devstack@neutron-api.service[103342]: DEBUG neutron.api.extensions [None req-9c35e51a-5dd2-4ebb-98b8-2a394cb7eaff None None] Ext name="Subnet SegmentID (writable)" alias="subnet-segmentid-writable" description="Provides a writable segment_id attribute for a subnet resource." updated="2018-03-12T00:00:00-00:00" {{(pid=103342) _check_extension /opt/stack/neutron/neutron/api/extensions.py:415}}
Feb 17 22:39:39.461962 np0000156237 devstack@neutron-api.service[103343]: DEBUG neutron_lib.callbacks.manager [None req-0439d29b-fed3-4acf-9270-ae5b6b107e7a None None] Subscribe: > router after_update 55550000, False {{(pid=103343) subscribe /opt/stack/data/venv/lib/python3.12/site-packages/neutron_lib/callbacks/manager.py:52}}
Feb 17 22:39:39.462033 np0000156237 devstack@neutron-api.service[103342]: INFO neutron.api.extensions [None req-9c35e51a-5dd2-4ebb-98b8-2a394cb7eaff None None] Extension subnet-segmentid-writable not supported by any of loaded plugins
Feb 17 22:39:39.462107 np0000156237 devstack@neutron-api.service[103343]: DEBUG neutron.services.service_base [None req-0439d29b-fed3-4acf-9270-ae5b6b107e7a None None] Loaded 'neutron.services.ovn_l3.service_providers.ovn.OvnDriver' provider for service L3_ROUTER_NAT {{(pid=103343) load_drivers /opt/stack/neutron/neutron/services/service_base.py:49}}
Feb 17 22:39:39.462134 np0000156237 devstack@neutron-api.service[103342]: DEBUG neutron.api.extensions [None req-9c35e51a-5dd2-4ebb-98b8-2a394cb7eaff None None] Loading extension file: subnet_service_types.py {{(pid=103342) _load_all_extensions_from_path /opt/stack/neutron/neutron/api/extensions.py:449}}
Feb 17 22:39:39.462285 np0000156237 devstack@neutron-api.service[103343]: DEBUG neutron_lib.callbacks.manager [None req-0439d29b-fed3-4acf-9270-ae5b6b107e7a None None] Subscribe: > process after_init 55550001, True {{(pid=103343) subscribe /opt/stack/data/venv/lib/python3.12/site-packages/neutron_lib/callbacks/manager.py:52}}
Feb 17 22:39:39.462408 np0000156237 devstack@neutron-api.service[103342]: DEBUG neutron.api.extensions [None req-9c35e51a-5dd2-4ebb-98b8-2a394cb7eaff None None] Ext name="Subnet service types" alias="subnet-service-types" description="Provides ability to set the subnet service_types field" updated="2016-03-15T18:00:00-00:00" {{(pid=103342) _check_extension /opt/stack/neutron/neutron/api/extensions.py:415}}
Feb 17 22:39:39.462472 np0000156237 devstack@neutron-api.service[103343]: DEBUG neutron.manager [None req-0439d29b-fed3-4acf-9270-ae5b6b107e7a None None] Successfully loaded L3_ROUTER_NAT plugin. Description: L3 Router Service Plugin for basic L3 forwarding using OVN {{(pid=103343) _create_and_add_service_plugin /opt/stack/neutron/neutron/manager.py:229}}
Feb 17 22:39:39.462532 np0000156237 devstack@neutron-api.service[103342]: INFO neutron.api.extensions [None req-9c35e51a-5dd2-4ebb-98b8-2a394cb7eaff None None] Loaded extension: subnet-service-types
Feb 17 22:39:39.462587 np0000156237 devstack@neutron-api.service[103343]: INFO neutron.manager [None req-0439d29b-fed3-4acf-9270-ae5b6b107e7a None None] Loading Plugin: auto_allocate
Feb 17 22:39:39.462615 np0000156237 devstack@neutron-api.service[103342]: DEBUG neutron.api.extensions [None req-9c35e51a-5dd2-4ebb-98b8-2a394cb7eaff None None] Loading extension file: subnetallocation.py {{(pid=103342) _load_all_extensions_from_path /opt/stack/neutron/neutron/api/extensions.py:449}}
Feb 17 22:39:39.462899 np0000156237 devstack@neutron-api.service[103342]: DEBUG neutron.api.extensions [None req-9c35e51a-5dd2-4ebb-98b8-2a394cb7eaff None None] Ext name="Subnet Allocation" alias="subnet_allocation" description="Enables allocation of subnets from a subnet pool" updated="2015-03-30T10:00:00-00:00" {{(pid=103342) _check_extension /opt/stack/neutron/neutron/api/extensions.py:415}}
Feb 17 22:39:39.463268 np0000156237 devstack@neutron-api.service[103342]: INFO neutron.api.extensions [None req-9c35e51a-5dd2-4ebb-98b8-2a394cb7eaff None None] Loaded extension: subnet_allocation
Feb 17 22:39:39.463306 np0000156237 devstack@neutron-api.service[103342]: DEBUG neutron.api.extensions [None req-9c35e51a-5dd2-4ebb-98b8-2a394cb7eaff None None] Loading extension file: subnetpool_prefix_ops.py {{(pid=103342) _load_all_extensions_from_path /opt/stack/neutron/neutron/api/extensions.py:449}}
Feb 17 22:39:39.463709 np0000156237 devstack@neutron-api.service[103342]: DEBUG neutron.api.extensions [None req-9c35e51a-5dd2-4ebb-98b8-2a394cb7eaff None None] Ext name="Subnet Pool Prefix Operations" alias="subnetpool-prefix-ops" description="Provides support for adjusting the prefix list of subnet pools" updated="2019-02-08T10:00:00-00:00" {{(pid=103342) _check_extension /opt/stack/neutron/neutron/api/extensions.py:415}}
Feb 17 22:39:39.463760 np0000156237 devstack@neutron-api.service[103343]: DEBUG neutron_lib.callbacks.manager [None req-0439d29b-fed3-4acf-9270-ae5b6b107e7a None None] Subscribe: network precommit_update 55550000, False {{(pid=103343) subscribe /opt/stack/data/venv/lib/python3.12/site-packages/neutron_lib/callbacks/manager.py:52}}
Feb 17 22:39:39.463864 np0000156237 devstack@neutron-api.service[103342]: INFO neutron.api.extensions [None req-9c35e51a-5dd2-4ebb-98b8-2a394cb7eaff None None] Loaded extension: subnetpool-prefix-ops
Feb 17 22:39:39.463912 np0000156237 devstack@neutron-api.service[103343]: DEBUG neutron_lib.callbacks.manager [None req-0439d29b-fed3-4acf-9270-ae5b6b107e7a None None] Subscribe: network precommit_create 55550000, False {{(pid=103343) subscribe /opt/stack/data/venv/lib/python3.12/site-packages/neutron_lib/callbacks/manager.py:52}}
Feb 17 22:39:39.464022 np0000156237 devstack@neutron-api.service[103342]: DEBUG neutron.api.extensions [None req-9c35e51a-5dd2-4ebb-98b8-2a394cb7eaff None None] Loading extension file: tag_creation.py {{(pid=103342) _load_all_extensions_from_path /opt/stack/neutron/neutron/api/extensions.py:449}}
Feb 17 22:39:39.464062 np0000156237 devstack@neutron-api.service[103343]: DEBUG neutron.manager [None req-0439d29b-fed3-4acf-9270-ae5b6b107e7a None None] Successfully loaded auto-allocated-topology plugin. Description: Auto Allocated Topology - aka get me a network. {{(pid=103343) _create_and_add_service_plugin /opt/stack/neutron/neutron/manager.py:229}}
Feb 17 22:39:39.464167 np0000156237 devstack@neutron-api.service[103343]: INFO neutron.manager [None req-0439d29b-fed3-4acf-9270-ae5b6b107e7a None None] Loading Plugin: tag
Feb 17 22:39:39.464215 np0000156237 devstack@neutron-api.service[103342]: DEBUG neutron.api.extensions [None req-9c35e51a-5dd2-4ebb-98b8-2a394cb7eaff None None] Ext name="Tag creation extension" alias="tag-creation" description="Allow to create multiple tags for a resource" updated="2024-23-07T10:00:00-00:00" {{(pid=103342) _check_extension /opt/stack/neutron/neutron/api/extensions.py:415}}
Feb 17 22:39:39.464400 np0000156237 devstack@neutron-api.service[103342]: INFO neutron.api.extensions [None req-9c35e51a-5dd2-4ebb-98b8-2a394cb7eaff None None] Loaded extension: tag-creation
Feb 17 22:39:39.464444 np0000156237 devstack@neutron-api.service[103342]: DEBUG neutron.api.extensions [None req-9c35e51a-5dd2-4ebb-98b8-2a394cb7eaff None None] Loading extension file: tag_ports_during_bulk_creation.py {{(pid=103342) _load_all_extensions_from_path /opt/stack/neutron/neutron/api/extensions.py:449}}
Feb 17 22:39:39.464720 np0000156237 devstack@neutron-api.service[103342]: DEBUG neutron.api.extensions [None req-9c35e51a-5dd2-4ebb-98b8-2a394cb7eaff None None] Ext name="Tag Ports During Bulk Creation" alias="tag-ports-during-bulk-creation" description="Allow to tag ports during bulk creation" updated="2019-12-29T19:00:00-00:00" {{(pid=103342) _check_extension /opt/stack/neutron/neutron/api/extensions.py:415}}
Feb 17 22:39:39.464871 np0000156237 devstack@neutron-api.service[103342]: INFO neutron.api.extensions [None req-9c35e51a-5dd2-4ebb-98b8-2a394cb7eaff None None] Extension tag-ports-during-bulk-creation not supported by any of loaded plugins
Feb 17 22:39:39.464988 np0000156237 devstack@neutron-api.service[103342]: DEBUG neutron.api.extensions [None req-9c35e51a-5dd2-4ebb-98b8-2a394cb7eaff None None] Loading extension file: tagging.py {{(pid=103342) _load_all_extensions_from_path /opt/stack/neutron/neutron/api/extensions.py:449}}
Feb 17 22:39:39.465745 np0000156237 devstack@neutron-api.service[103342]: DEBUG neutron.api.extensions [None req-9c35e51a-5dd2-4ebb-98b8-2a394cb7eaff None None] Ext name="Tag support for resources with standard attribute: port, subnet, subnetpool, network, security_group, router, floatingip, policy, trunk, network_segment_range" alias="standard-attr-tag" description="Enables to set tag on resources with standard attribute." updated="2017-01-01T00:00:00-00:00" {{(pid=103342) _check_extension /opt/stack/neutron/neutron/api/extensions.py:415}}
Feb 17 22:39:39.465976 np0000156237 devstack@neutron-api.service[103342]: INFO neutron.api.extensions [None req-9c35e51a-5dd2-4ebb-98b8-2a394cb7eaff None None] Loaded extension: standard-attr-tag
Feb 17 22:39:39.465976 np0000156237 devstack@neutron-api.service[103342]: DEBUG neutron.api.extensions [None req-9c35e51a-5dd2-4ebb-98b8-2a394cb7eaff None None] Loading extension file: timestamp.py {{(pid=103342) _load_all_extensions_from_path /opt/stack/neutron/neutron/api/extensions.py:449}}
Feb 17 22:39:39.466298 np0000156237 devstack@neutron-api.service[103342]: DEBUG neutron.api.extensions [None req-9c35e51a-5dd2-4ebb-98b8-2a394cb7eaff None None] Ext name="Resource timestamps" alias="standard-attr-timestamp" description="Adds created_at and updated_at fields to all Neutron resources that have Neutron standard attributes." updated="2016-09-12T10:00:00-00:00" {{(pid=103342) _check_extension /opt/stack/neutron/neutron/api/extensions.py:415}}
Feb 17 22:39:39.466563 np0000156237 devstack@neutron-api.service[103342]: INFO neutron.api.extensions [None req-9c35e51a-5dd2-4ebb-98b8-2a394cb7eaff None None] Loaded extension: standard-attr-timestamp
Feb 17 22:39:39.466563 np0000156237 devstack@neutron-api.service[103342]: DEBUG neutron.api.extensions [None req-9c35e51a-5dd2-4ebb-98b8-2a394cb7eaff None None] Loading extension file: trunk.py {{(pid=103342) _load_all_extensions_from_path /opt/stack/neutron/neutron/api/extensions.py:449}}
Feb 17 22:39:39.466911 np0000156237 devstack@neutron-api.service[103342]: DEBUG neutron.api.extensions [None req-9c35e51a-5dd2-4ebb-98b8-2a394cb7eaff None None] Ext name="Trunk Extension" alias="trunk" description="Provides support for trunk ports" updated="2016-01-01T10:00:00-00:00" {{(pid=103342) _check_extension /opt/stack/neutron/neutron/api/extensions.py:415}}
Feb 17 22:39:39.467098 np0000156237 devstack@neutron-api.service[103343]: DEBUG neutron.manager [None req-0439d29b-fed3-4acf-9270-ae5b6b107e7a None None] Successfully loaded TAG plugin. Description: Tag support {{(pid=103343) _create_and_add_service_plugin /opt/stack/neutron/neutron/manager.py:229}}
Feb 17 22:39:39.467309 np0000156237 devstack@neutron-api.service[103342]: INFO neutron.api.extensions [None req-9c35e51a-5dd2-4ebb-98b8-2a394cb7eaff None None] Extension trunk not supported by any of loaded plugins
Feb 17 22:39:39.467556 np0000156237 devstack@neutron-api.service[103343]: INFO neutron.manager [None req-0439d29b-fed3-4acf-9270-ae5b6b107e7a None None] Loading Plugin: timestamp
Feb 17 22:39:39.467699 np0000156237 devstack@neutron-api.service[103342]: DEBUG neutron.api.extensions [None req-9c35e51a-5dd2-4ebb-98b8-2a394cb7eaff None None] Loading extension file: trunk_details.py {{(pid=103342) _load_all_extensions_from_path /opt/stack/neutron/neutron/api/extensions.py:449}}
Feb 17 22:39:39.467699 np0000156237 devstack@neutron-api.service[103342]: DEBUG neutron.api.extensions [None req-9c35e51a-5dd2-4ebb-98b8-2a394cb7eaff None None] Ext name="Trunk port details" alias="trunk-details" description="Expose trunk port details" updated="2016-01-01T10:00:00-00:00" {{(pid=103342) _check_extension /opt/stack/neutron/neutron/api/extensions.py:415}}
Feb 17 22:39:39.467699 np0000156237 devstack@neutron-api.service[103342]: INFO neutron.api.extensions [None req-9c35e51a-5dd2-4ebb-98b8-2a394cb7eaff None None] Extension trunk-details not supported by any of loaded plugins
Feb 17 22:39:39.467699 np0000156237 devstack@neutron-api.service[103342]: DEBUG neutron.api.extensions [None req-9c35e51a-5dd2-4ebb-98b8-2a394cb7eaff None None] Loading extension file: uplink_status_propagation.py {{(pid=103342) _load_all_extensions_from_path /opt/stack/neutron/neutron/api/extensions.py:449}}
Feb 17 22:39:39.467699 np0000156237 devstack@neutron-api.service[103342]: DEBUG neutron.api.extensions [None req-9c35e51a-5dd2-4ebb-98b8-2a394cb7eaff None None] Ext name="Uplink status propagation extension" alias="uplink-status-propagation" description="Provides ability to propagate port uplink status." updated="2018-05-31T18:00:00-00:00" {{(pid=103342) _check_extension /opt/stack/neutron/neutron/api/extensions.py:415}}
Feb 17 22:39:39.467974 np0000156237 devstack@neutron-api.service[103342]: INFO neutron.api.extensions [None req-9c35e51a-5dd2-4ebb-98b8-2a394cb7eaff None None] Extension uplink-status-propagation not supported by any of loaded plugins
Feb 17 22:39:39.467974 np0000156237 devstack@neutron-api.service[103342]: DEBUG neutron.api.extensions [None req-9c35e51a-5dd2-4ebb-98b8-2a394cb7eaff None None] Loading extension file: uplink_status_propagation_updatable.py {{(pid=103342) _load_all_extensions_from_path /opt/stack/neutron/neutron/api/extensions.py:449}}
Feb 17 22:39:39.468902 np0000156237 devstack@neutron-api.service[103342]: DEBUG neutron.api.extensions [None req-9c35e51a-5dd2-4ebb-98b8-2a394cb7eaff None None] Ext name="Uplink status propagation updatable extension" alias="uplink-status-propagation-updatable" description="Provides ability to update the port uplink status." updated="2024-09-03T18:00:00-00:00" {{(pid=103342) _check_extension /opt/stack/neutron/neutron/api/extensions.py:415}}
Feb 17 22:39:39.469267 np0000156237 devstack@neutron-api.service[103343]: DEBUG neutron.manager [None req-0439d29b-fed3-4acf-9270-ae5b6b107e7a None None] Successfully loaded timestamp plugin. Description: Adds timestamps to Neutron resources with standard attributes {{(pid=103343) _create_and_add_service_plugin /opt/stack/neutron/neutron/manager.py:229}}
Feb 17 22:39:39.469483 np0000156237 devstack@neutron-api.service[103342]: INFO neutron.api.extensions [None req-9c35e51a-5dd2-4ebb-98b8-2a394cb7eaff None None] Extension uplink-status-propagation-updatable not supported by any of loaded plugins
Feb 17 22:39:39.469483 np0000156237 devstack@neutron-api.service[103342]: DEBUG neutron.api.extensions [None req-9c35e51a-5dd2-4ebb-98b8-2a394cb7eaff None None] Loading extension file: vlantransparent.py {{(pid=103342) _load_all_extensions_from_path /opt/stack/neutron/neutron/api/extensions.py:449}}
Feb 17 22:39:39.469687 np0000156237 devstack@neutron-api.service[103343]: INFO neutron.manager [None req-0439d29b-fed3-4acf-9270-ae5b6b107e7a None None] Loading Plugin: network_ip_availability
Feb 17 22:39:39.469867 np0000156237 devstack@neutron-api.service[103342]: DEBUG neutron.api.extensions [None req-9c35e51a-5dd2-4ebb-98b8-2a394cb7eaff None None] Ext name="Vlantransparent" alias="vlan-transparent" description="Provides Vlan Transparent Networks" updated="2015-03-23T09:00:00-00:00" {{(pid=103342) _check_extension /opt/stack/neutron/neutron/api/extensions.py:415}}
Feb 17 22:39:39.469867 np0000156237 devstack@neutron-api.service[103342]: INFO neutron.api.extensions [None req-9c35e51a-5dd2-4ebb-98b8-2a394cb7eaff None None] Loaded extension: vlan-transparent
Feb 17 22:39:39.470605 np0000156237 devstack@neutron-api.service[103342]: INFO neutron.quota.resource_registry [None req-9c35e51a-5dd2-4ebb-98b8-2a394cb7eaff None None] Creating instance of TrackedResource for resource:network
Feb 17 22:39:39.470837 np0000156237 devstack@neutron-api.service[103342]: INFO neutron.quota.resource_registry [None req-9c35e51a-5dd2-4ebb-98b8-2a394cb7eaff None None] Creating instance of TrackedResource for resource:subnet
Feb 17 22:39:39.470929 np0000156237 devstack@neutron-api.service[103342]: INFO neutron.quota.resource_registry [None req-9c35e51a-5dd2-4ebb-98b8-2a394cb7eaff None None] Creating instance of TrackedResource for resource:subnetpool
Feb 17 22:39:39.471065 np0000156237 devstack@neutron-api.service[103342]: INFO neutron.quota.resource_registry [None req-9c35e51a-5dd2-4ebb-98b8-2a394cb7eaff None None] Creating instance of TrackedResource for resource:port
Feb 17 22:39:39.471210 np0000156237 devstack@neutron-api.service[103343]: DEBUG neutron_lib.callbacks.manager [None req-0439d29b-fed3-4acf-9270-ae5b6b107e7a None None] Subscribe: > rbac-policy before_create 55550000, False {{(pid=103343) subscribe /opt/stack/data/venv/lib/python3.12/site-packages/neutron_lib/callbacks/manager.py:52}}
Feb 17 22:39:39.471380 np0000156237 devstack@neutron-api.service[103343]: DEBUG neutron_lib.callbacks.manager [None req-0439d29b-fed3-4acf-9270-ae5b6b107e7a None None] Subscribe: > rbac-policy before_update 55550000, False {{(pid=103343) subscribe /opt/stack/data/venv/lib/python3.12/site-packages/neutron_lib/callbacks/manager.py:52}}
Feb 17 22:39:39.471561 np0000156237 devstack@neutron-api.service[103343]: DEBUG neutron_lib.callbacks.manager [None req-0439d29b-fed3-4acf-9270-ae5b6b107e7a None None] Subscribe: > rbac-policy before_delete 55550000, False {{(pid=103343) subscribe /opt/stack/data/venv/lib/python3.12/site-packages/neutron_lib/callbacks/manager.py:52}}
Feb 17 22:39:39.471999 np0000156237 devstack@neutron-api.service[103343]: DEBUG neutron.manager [None req-0439d29b-fed3-4acf-9270-ae5b6b107e7a None None] Successfully loaded network-ip-availability plugin. Description: Provides IP availability data for each network and subnet. {{(pid=103343) _create_and_add_service_plugin /opt/stack/neutron/neutron/manager.py:229}}
Feb 17 22:39:39.472112 np0000156237 devstack@neutron-api.service[103343]: INFO neutron.manager [None req-0439d29b-fed3-4acf-9270-ae5b6b107e7a None None] Loading Plugin: flavors
Feb 17 22:39:39.472614 np0000156237 devstack@neutron-api.service[103342]: DEBUG neutron.api.v2.resource_helper [None req-9c35e51a-5dd2-4ebb-98b8-2a394cb7eaff None None] Service L3_ROUTER_NAT assigned prefix: {{(pid=103342) build_resource_info /opt/stack/neutron/neutron/api/v2/resource_helper.py:77}}
Feb 17 22:39:39.472969 np0000156237 devstack@neutron-api.service[103342]: DEBUG neutron.api.v2.resource_helper [None req-9c35e51a-5dd2-4ebb-98b8-2a394cb7eaff None None] Service FLAVORS assigned prefix: {{(pid=103342) build_resource_info /opt/stack/neutron/neutron/api/v2/resource_helper.py:77}}
Feb 17 22:39:39.473296 np0000156237 devstack@neutron-api.service[103343]: DEBUG neutron.manager [None req-0439d29b-fed3-4acf-9270-ae5b6b107e7a None None] Successfully loaded FLAVORS plugin. Description: Neutron Flavors and Service Profiles manager plugin {{(pid=103343) _create_and_add_service_plugin /opt/stack/neutron/neutron/manager.py:229}}
Feb 17 22:39:39.473480 np0000156237 devstack@neutron-api.service[103343]: INFO neutron.manager [None req-0439d29b-fed3-4acf-9270-ae5b6b107e7a None None] Loading Plugin: revisions
Feb 17 22:39:39.473825 np0000156237 devstack@neutron-api.service[103342]: DEBUG neutron.api.v2.resource_helper [None req-9c35e51a-5dd2-4ebb-98b8-2a394cb7eaff None None] Service L3_ROUTER_NAT assigned prefix: {{(pid=103342) build_resource_info /opt/stack/neutron/neutron/api/v2/resource_helper.py:77}}
Feb 17 22:39:39.475383 np0000156237 devstack@neutron-api.service[103342]: DEBUG neutron.api.v2.resource_helper [None req-9c35e51a-5dd2-4ebb-98b8-2a394cb7eaff None None] Service L3_ROUTER_NAT assigned prefix: {{(pid=103342) build_resource_info /opt/stack/neutron/neutron/api/v2/resource_helper.py:77}}
Feb 17 22:39:39.475383 np0000156237 devstack@neutron-api.service[103342]: INFO neutron.quota.resource_registry [None req-9c35e51a-5dd2-4ebb-98b8-2a394cb7eaff None None] Creating instance of TrackedResource for resource:router
Feb 17 22:39:39.475383 np0000156237 devstack@neutron-api.service[103342]: INFO neutron.quota.resource_registry [None req-9c35e51a-5dd2-4ebb-98b8-2a394cb7eaff None None] Creating instance of TrackedResource for resource:floatingip
Feb 17 22:39:39.475816 np0000156237 devstack@neutron-api.service[103343]: DEBUG neutron.manager [None req-0439d29b-fed3-4acf-9270-ae5b6b107e7a None None] Successfully loaded revision_plugin plugin. Description: Adds revision numbers to resources. {{(pid=103343) _create_and_add_service_plugin /opt/stack/neutron/neutron/manager.py:229}}
Feb 17 22:39:39.475816 np0000156237 devstack@neutron-api.service[103343]: DEBUG oslo_concurrency.lockutils [None req-0439d29b-fed3-4acf-9270-ae5b6b107e7a None None] Lock "manager" "released" by "neutron.manager.NeutronManager._create_instance" :: held 4.701s {{(pid=103343) inner /opt/stack/data/venv/lib/python3.12/site-packages/oslo_concurrency/lockutils.py:538}}
Feb 17 22:39:39.475816 np0000156237 devstack@neutron-api.service[103343]: DEBUG neutron.api.extensions [None req-0439d29b-fed3-4acf-9270-ae5b6b107e7a None None] get_extension_paths = OrderedDict({'/opt/stack/neutron/neutron/extensions': 1}) {{(pid=103343) get_extensions_path /opt/stack/neutron/neutron/api/extensions.py:640}}
Feb 17 22:39:39.475816 np0000156237 devstack@neutron-api.service[103343]: INFO neutron.api.extensions [None req-0439d29b-fed3-4acf-9270-ae5b6b107e7a None None] Initializing extension manager.
Feb 17 22:39:39.476156 np0000156237 devstack@neutron-api.service[103342]: DEBUG neutron_lib.callbacks.manager [None req-9c35e51a-5dd2-4ebb-98b8-2a394cb7eaff None None] Subscribe: > rbac-policy before_create 55550000, False {{(pid=103342) subscribe /opt/stack/data/venv/lib/python3.12/site-packages/neutron_lib/callbacks/manager.py:52}}
Feb 17 22:39:39.476453 np0000156237 devstack@neutron-api.service[103343]: DEBUG neutron.api.extensions [None req-0439d29b-fed3-4acf-9270-ae5b6b107e7a None None] Loading extension file: __init__.py {{(pid=103343) _load_all_extensions_from_path /opt/stack/neutron/neutron/api/extensions.py:449}}
Feb 17 22:39:39.476453 np0000156237 devstack@neutron-api.service[103343]: DEBUG neutron.api.extensions [None req-0439d29b-fed3-4acf-9270-ae5b6b107e7a None None] Loading extension file: __pycache__ {{(pid=103343) _load_all_extensions_from_path /opt/stack/neutron/neutron/api/extensions.py:449}}
Feb 17 22:39:39.476754 np0000156237 devstack@neutron-api.service[103342]: DEBUG neutron_lib.callbacks.manager [None req-9c35e51a-5dd2-4ebb-98b8-2a394cb7eaff None None] Subscribe: > rbac-policy before_update 55550000, False {{(pid=103342) subscribe /opt/stack/data/venv/lib/python3.12/site-packages/neutron_lib/callbacks/manager.py:52}}
Feb 17 22:39:39.477017 np0000156237 devstack@neutron-api.service[103343]: DEBUG neutron.api.extensions [None req-0439d29b-fed3-4acf-9270-ae5b6b107e7a None None] Loading extension file: address_group.py {{(pid=103343) _load_all_extensions_from_path /opt/stack/neutron/neutron/api/extensions.py:449}}
Feb 17 22:39:39.477257 np0000156237 devstack@neutron-api.service[103342]: DEBUG neutron_lib.callbacks.manager [None req-9c35e51a-5dd2-4ebb-98b8-2a394cb7eaff None None] Subscribe: > rbac-policy before_delete 55550000, False {{(pid=103342) subscribe /opt/stack/data/venv/lib/python3.12/site-packages/neutron_lib/callbacks/manager.py:52}}
Feb 17 22:39:39.477561 np0000156237 devstack@neutron-api.service[103343]: DEBUG neutron.api.extensions [None req-0439d29b-fed3-4acf-9270-ae5b6b107e7a None None] Ext name="Address group" alias="address-group" description="Support address group" updated="2020-07-15T10:00:00-00:00" {{(pid=103343) _check_extension /opt/stack/neutron/neutron/api/extensions.py:415}}
Feb 17 22:39:39.477561 np0000156237 devstack@neutron-api.service[103343]: INFO neutron.api.extensions [None req-0439d29b-fed3-4acf-9270-ae5b6b107e7a None None] Loaded extension: address-group
Feb 17 22:39:39.477561 np0000156237 devstack@neutron-api.service[103343]: DEBUG neutron.api.extensions [None req-0439d29b-fed3-4acf-9270-ae5b6b107e7a None None] Loading extension file: address_scope.py {{(pid=103343) _load_all_extensions_from_path /opt/stack/neutron/neutron/api/extensions.py:449}}
Feb 17 22:39:39.477868 np0000156237 devstack@neutron-api.service[103343]: DEBUG neutron.api.extensions [None req-0439d29b-fed3-4acf-9270-ae5b6b107e7a None None] Ext name="Address scope" alias="address-scope" description="Address scopes extension." updated="2015-07-26T10:00:00-00:00" {{(pid=103343) _check_extension /opt/stack/neutron/neutron/api/extensions.py:415}}
Feb 17 22:39:39.477927 np0000156237 devstack@neutron-api.service[103340]: INFO neutron.plugins.ml2.drivers.type_vlan [None req-e86487d3-691b-43cc-85ca-046afca9304f None None] VlanTypeDriver initialization complete
Feb 17 22:39:39.478210 np0000156237 devstack@neutron-api.service[103343]: INFO neutron.api.extensions [None req-0439d29b-fed3-4acf-9270-ae5b6b107e7a None None] Loaded extension: address-scope
Feb 17 22:39:39.478210 np0000156237 devstack@neutron-api.service[103343]: DEBUG neutron.api.extensions [None req-0439d29b-fed3-4acf-9270-ae5b6b107e7a None None] Loading extension file: admin_state_down_before_update.py {{(pid=103343) _load_all_extensions_from_path /opt/stack/neutron/neutron/api/extensions.py:449}}
Feb 17 22:39:39.478299 np0000156237 devstack@neutron-api.service[103340]: INFO neutron.plugins.ml2.managers [None req-e86487d3-691b-43cc-85ca-046afca9304f None None] Initializing extension driver 'port_security'
Feb 17 22:39:39.478433 np0000156237 devstack@neutron-api.service[103343]: DEBUG neutron.api.extensions [None req-0439d29b-fed3-4acf-9270-ae5b6b107e7a None None] Ext name="Enforce Router's Admin State Down Before Update Extension" alias="router-admin-state-down-before-update" description="Ensure that the admin state of a router is DOWN (admin_state_up=False) before updating the distributed attribute" updated="2019-07-02T15:56:00" {{(pid=103343) _check_extension /opt/stack/neutron/neutron/api/extensions.py:415}}
Feb 17 22:39:39.478533 np0000156237 devstack@neutron-api.service[103340]: INFO neutron.plugins.ml2.extensions.port_security [None req-e86487d3-691b-43cc-85ca-046afca9304f None None] PortSecurityExtensionDriver initialization complete
Feb 17 22:39:39.478659 np0000156237 devstack@neutron-api.service[103343]: INFO neutron.api.extensions [None req-0439d29b-fed3-4acf-9270-ae5b6b107e7a None None] Extension router-admin-state-down-before-update not supported by any of loaded plugins
Feb 17 22:39:39.478773 np0000156237 devstack@neutron-api.service[103343]: DEBUG neutron.api.extensions [None req-0439d29b-fed3-4acf-9270-ae5b6b107e7a None None] Loading extension file: agent.py {{(pid=103343) _load_all_extensions_from_path /opt/stack/neutron/neutron/api/extensions.py:449}}
Feb 17 22:39:39.478806 np0000156237 devstack@neutron-api.service[103340]: INFO neutron.plugins.ml2.managers [None req-e86487d3-691b-43cc-85ca-046afca9304f None None] Initializing extension driver 'qos'
Feb 17 22:39:39.478957 np0000156237 devstack@neutron-api.service[103342]: INFO neutron.quota.resource_registry [None req-9c35e51a-5dd2-4ebb-98b8-2a394cb7eaff None None] Creating instance of CountableResource for resource:rbac_policy
Feb 17 22:39:39.479069 np0000156237 devstack@neutron-api.service[103340]: DEBUG neutron.plugins.ml2.extensions.qos [None req-e86487d3-691b-43cc-85ca-046afca9304f None None] QosExtensionDriver initialization complete {{(pid=103340) initialize /opt/stack/neutron/neutron/plugins/ml2/extensions/qos.py:31}}
Feb 17 22:39:39.479141 np0000156237 devstack@neutron-api.service[103343]: DEBUG neutron.api.extensions [None req-0439d29b-fed3-4acf-9270-ae5b6b107e7a None None] Ext name="agent" alias="agent" description="The agent management extension." updated="2013-02-03T10:00:00-00:00" {{(pid=103343) _check_extension /opt/stack/neutron/neutron/api/extensions.py:415}}
Feb 17 22:39:39.479432 np0000156237 devstack@neutron-api.service[103343]: INFO neutron.api.extensions [None req-0439d29b-fed3-4acf-9270-ae5b6b107e7a None None] Loaded extension: agent
Feb 17 22:39:39.479467 np0000156237 devstack@neutron-api.service[103340]: INFO neutron.plugins.ml2.managers [None req-e86487d3-691b-43cc-85ca-046afca9304f None None] Initializing mechanism driver 'ovn'
Feb 17 22:39:39.479564 np0000156237 devstack@neutron-api.service[103343]: DEBUG neutron.api.extensions [None req-0439d29b-fed3-4acf-9270-ae5b6b107e7a None None] Loading extension file: agent_resources_synced.py {{(pid=103343) _load_all_extensions_from_path /opt/stack/neutron/neutron/api/extensions.py:449}}
Feb 17 22:39:39.479800 np0000156237 devstack@neutron-api.service[103340]: INFO neutron.plugins.ml2.drivers.ovn.mech_driver.mech_driver [None req-e86487d3-691b-43cc-85ca-046afca9304f None None] Starting OVNMechanismDriver
Feb 17 22:39:39.479871 np0000156237 devstack@neutron-api.service[103342]: INFO neutron.quota.resource_registry [None req-9c35e51a-5dd2-4ebb-98b8-2a394cb7eaff None None] Creating instance of TrackedResource for resource:security_group
Feb 17 22:39:39.479898 np0000156237 devstack@neutron-api.service[103343]: DEBUG neutron.api.extensions [None req-0439d29b-fed3-4acf-9270-ae5b6b107e7a None None] Ext name="Agent's Resource View Synced to Placement" alias="agent-resources-synced" description="Stores success/failure of last sync to Placement" updated="2018-12-19T00:00:00-00:00" {{(pid=103343) _check_extension /opt/stack/neutron/neutron/api/extensions.py:415}}
Feb 17 22:39:39.480108 np0000156237 devstack@neutron-api.service[103343]: INFO neutron.api.extensions [None req-0439d29b-fed3-4acf-9270-ae5b6b107e7a None None] Extension agent-resources-synced not supported by any of loaded plugins
Feb 17 22:39:39.480980 np0000156237 devstack@neutron-api.service[103343]: DEBUG neutron.api.extensions [None req-0439d29b-fed3-4acf-9270-ae5b6b107e7a None None] Loading extension file: allowedaddresspairs.py {{(pid=103343) _load_all_extensions_from_path /opt/stack/neutron/neutron/api/extensions.py:449}}
Feb 17 22:39:39.481024 np0000156237 devstack@neutron-api.service[103342]: INFO neutron.quota.resource_registry [None req-9c35e51a-5dd2-4ebb-98b8-2a394cb7eaff None None] Creating instance of TrackedResource for resource:security_group_rule
Feb 17 22:39:39.481051 np0000156237 devstack@neutron-api.service[103343]: DEBUG neutron.api.extensions [None req-0439d29b-fed3-4acf-9270-ae5b6b107e7a None None] Ext name="Allowed Address Pairs" alias="allowed-address-pairs" description="Provides allowed address pairs" updated="2013-07-23T10:00:00-00:00" {{(pid=103343) _check_extension /opt/stack/neutron/neutron/api/extensions.py:415}}
Feb 17 22:39:39.481165 np0000156237 devstack@neutron-api.service[103343]: INFO neutron.api.extensions [None req-0439d29b-fed3-4acf-9270-ae5b6b107e7a None None] Loaded extension: allowed-address-pairs
Feb 17 22:39:39.481194 np0000156237 devstack@neutron-api.service[103342]: DEBUG neutron.api.v2.resource_helper [None req-9c35e51a-5dd2-4ebb-98b8-2a394cb7eaff None None] Service CORE assigned prefix: {{(pid=103342) build_resource_info /opt/stack/neutron/neutron/api/v2/resource_helper.py:77}}
Feb 17 22:39:39.481279 np0000156237 devstack@neutron-api.service[103343]: DEBUG neutron.api.extensions [None req-0439d29b-fed3-4acf-9270-ae5b6b107e7a None None] Loading extension file: auto_allocated_topology.py {{(pid=103343) _load_all_extensions_from_path /opt/stack/neutron/neutron/api/extensions.py:449}}
Feb 17 22:39:39.481371 np0000156237 devstack@neutron-api.service[103342]: INFO neutron.quota.resource_registry [None req-9c35e51a-5dd2-4ebb-98b8-2a394cb7eaff None None] Creating instance of TrackedResource for resource:subnetpool
Feb 17 22:39:39.481555 np0000156237 devstack@neutron-api.service[103342]: WARNING neutron.quota.resource_registry [None req-9c35e51a-5dd2-4ebb-98b8-2a394cb7eaff None None] subnetpool is already registered
Feb 17 22:39:39.481597 np0000156237 devstack@neutron-api.service[103343]: DEBUG neutron.api.extensions [None req-0439d29b-fed3-4acf-9270-ae5b6b107e7a None None] Ext name="Auto Allocated Topology Services" alias="auto-allocated-topology" description="Auto Allocated Topology Services." updated="2016-01-01T00:00:00-00:00" {{(pid=103343) _check_extension /opt/stack/neutron/neutron/api/extensions.py:415}}
Feb 17 22:39:39.481818 np0000156237 devstack@neutron-api.service[103343]: INFO neutron.api.extensions [None req-0439d29b-fed3-4acf-9270-ae5b6b107e7a None None] Loaded extension: auto-allocated-topology
Feb 17 22:39:39.481944 np0000156237 devstack@neutron-api.service[103343]: DEBUG neutron.api.extensions [None req-0439d29b-fed3-4acf-9270-ae5b6b107e7a None None] Loading extension file: availability_zone.py {{(pid=103343) _load_all_extensions_from_path /opt/stack/neutron/neutron/api/extensions.py:449}}
Feb 17 22:39:39.482312 np0000156237 devstack@neutron-api.service[103343]: DEBUG neutron.api.extensions [None req-0439d29b-fed3-4acf-9270-ae5b6b107e7a None None] Ext name="Availability Zone" alias="availability_zone" description="The availability zone extension." updated="2015-01-01T10:00:00-00:00" {{(pid=103343) _check_extension /opt/stack/neutron/neutron/api/extensions.py:415}}
Feb 17 22:39:39.482566 np0000156237 devstack@neutron-api.service[103343]: INFO neutron.api.extensions [None req-0439d29b-fed3-4acf-9270-ae5b6b107e7a None None] Loaded extension: availability_zone
Feb 17 22:39:39.482701 np0000156237 devstack@neutron-api.service[103343]: DEBUG neutron.api.extensions [None req-0439d29b-fed3-4acf-9270-ae5b6b107e7a None None] Loading extension file: availability_zone_filter.py {{(pid=103343) _load_all_extensions_from_path /opt/stack/neutron/neutron/api/extensions.py:449}}
Feb 17 22:39:39.482998 np0000156237 devstack@neutron-api.service[103343]: DEBUG neutron.api.extensions [None req-0439d29b-fed3-4acf-9270-ae5b6b107e7a None None] Ext name="Availability Zone Filter Extension" alias="availability_zone_filter" description="Add filter parameters to AvailabilityZone resource" updated="2018-06-22T10:00:00-00:00" {{(pid=103343) _check_extension /opt/stack/neutron/neutron/api/extensions.py:415}}
Feb 17 22:39:39.483034 np0000156237 devstack@neutron-api.service[103340]: DEBUG neutron_lib.callbacks.manager [None req-e86487d3-691b-43cc-85ca-046afca9304f None None] Subscribe: > process before_spawn 55550000, False {{(pid=103340) subscribe /opt/stack/data/venv/lib/python3.12/site-packages/neutron_lib/callbacks/manager.py:52}}
Feb 17 22:39:39.483223 np0000156237 devstack@neutron-api.service[103343]: INFO neutron.api.extensions [None req-0439d29b-fed3-4acf-9270-ae5b6b107e7a None None] Extension availability_zone_filter not supported by any of loaded plugins
Feb 17 22:39:39.483293 np0000156237 devstack@neutron-api.service[103340]: DEBUG neutron_lib.callbacks.manager [None req-e86487d3-691b-43cc-85ca-046afca9304f None None] Subscribe: > process after_init 55550000, True {{(pid=103340) subscribe /opt/stack/data/venv/lib/python3.12/site-packages/neutron_lib/callbacks/manager.py:52}}
Feb 17 22:39:39.483368 np0000156237 devstack@neutron-api.service[103343]: DEBUG neutron.api.extensions [None req-0439d29b-fed3-4acf-9270-ae5b6b107e7a None None] Loading extension file: data_plane_status.py {{(pid=103343) _load_all_extensions_from_path /opt/stack/neutron/neutron/api/extensions.py:449}}
Feb 17 22:39:39.483684 np0000156237 devstack@neutron-api.service[103343]: DEBUG neutron.api.extensions [None req-0439d29b-fed3-4acf-9270-ae5b6b107e7a None None] Ext name="Port data plane status extension" alias="data-plane-status" description="Expose status of underlying data plane" updated="2017-01-24T10:00:00-00:00" {{(pid=103343) _check_extension /opt/stack/neutron/neutron/api/extensions.py:415}}
Feb 17 22:39:39.483761 np0000156237 devstack@neutron-api.service[103340]: DEBUG neutron_lib.callbacks.manager [None req-e86487d3-691b-43cc-85ca-046afca9304f None None] Subscribe: > segment after_create 55550000, False {{(pid=103340) subscribe /opt/stack/data/venv/lib/python3.12/site-packages/neutron_lib/callbacks/manager.py:52}}
Feb 17 22:39:39.483923 np0000156237 devstack@neutron-api.service[103343]: INFO neutron.api.extensions [None req-0439d29b-fed3-4acf-9270-ae5b6b107e7a None None] Extension data-plane-status not supported by any of loaded plugins
Feb 17 22:39:39.483950 np0000156237 devstack@neutron-api.service[103340]: DEBUG neutron_lib.callbacks.manager [None req-e86487d3-691b-43cc-85ca-046afca9304f None None] Subscribe: > segment after_create 55550000, False {{(pid=103340) subscribe /opt/stack/data/venv/lib/python3.12/site-packages/neutron_lib/callbacks/manager.py:52}}
Feb 17 22:39:39.484036 np0000156237 devstack@neutron-api.service[103343]: DEBUG neutron.api.extensions [None req-0439d29b-fed3-4acf-9270-ae5b6b107e7a None None] Loading extension file: default_subnetpools.py {{(pid=103343) _load_all_extensions_from_path /opt/stack/neutron/neutron/api/extensions.py:449}}
Feb 17 22:39:39.484110 np0000156237 devstack@neutron-api.service[103340]: DEBUG neutron_lib.callbacks.manager [None req-e86487d3-691b-43cc-85ca-046afca9304f None None] Subscribe: > segment after_delete 55550000, False {{(pid=103340) subscribe /opt/stack/data/venv/lib/python3.12/site-packages/neutron_lib/callbacks/manager.py:52}}
Feb 17 22:39:39.484273 np0000156237 devstack@neutron-api.service[103340]: DEBUG neutron_lib.callbacks.manager [None req-e86487d3-691b-43cc-85ca-046afca9304f None None] Subscribe: > allowed_address_pair before_create 55550000, False {{(pid=103340) subscribe /opt/stack/data/venv/lib/python3.12/site-packages/neutron_lib/callbacks/manager.py:52}}
Feb 17 22:39:39.484314 np0000156237 devstack@neutron-api.service[103343]: DEBUG neutron.api.extensions [None req-0439d29b-fed3-4acf-9270-ae5b6b107e7a None None] Ext name="Default Subnetpools" alias="default-subnetpools" description="Provides ability to mark and use a subnetpool as the default." updated="2016-02-18T18:00:00-00:00" {{(pid=103343) _check_extension /opt/stack/neutron/neutron/api/extensions.py:415}}
Feb 17 22:39:39.484448 np0000156237 devstack@neutron-api.service[103342]: DEBUG neutron.api.v2.resource_helper [None req-9c35e51a-5dd2-4ebb-98b8-2a394cb7eaff None None] Service L3_ROUTER_NAT assigned prefix: {{(pid=103342) build_resource_info /opt/stack/neutron/neutron/api/v2/resource_helper.py:77}}
Feb 17 22:39:39.484479 np0000156237 devstack@neutron-api.service[103340]: DEBUG neutron_lib.callbacks.manager [None req-e86487d3-691b-43cc-85ca-046afca9304f None None] Subscribe: > security_group precommit_create 55550000, False {{(pid=103340) subscribe /opt/stack/data/venv/lib/python3.12/site-packages/neutron_lib/callbacks/manager.py:52}}
Feb 17 22:39:39.484546 np0000156237 devstack@neutron-api.service[103343]: INFO neutron.api.extensions [None req-0439d29b-fed3-4acf-9270-ae5b6b107e7a None None] Loaded extension: default-subnetpools
Feb 17 22:39:39.484669 np0000156237 devstack@neutron-api.service[103340]: DEBUG neutron_lib.callbacks.manager [None req-e86487d3-691b-43cc-85ca-046afca9304f None None] Subscribe: > security_group after_update 55550000, False {{(pid=103340) subscribe /opt/stack/data/venv/lib/python3.12/site-packages/neutron_lib/callbacks/manager.py:52}}
Feb 17 22:39:39.484728 np0000156237 devstack@neutron-api.service[103343]: DEBUG neutron.api.extensions [None req-0439d29b-fed3-4acf-9270-ae5b6b107e7a None None] Loading extension file: dhcpagentscheduler.py {{(pid=103343) _load_all_extensions_from_path /opt/stack/neutron/neutron/api/extensions.py:449}}
Feb 17 22:39:39.484810 np0000156237 devstack@neutron-api.service[103340]: DEBUG neutron_lib.callbacks.manager [None req-e86487d3-691b-43cc-85ca-046afca9304f None None] Subscribe: > security_group after_create 55550000, False {{(pid=103340) subscribe /opt/stack/data/venv/lib/python3.12/site-packages/neutron_lib/callbacks/manager.py:52}}
Feb 17 22:39:39.484874 np0000156237 devstack@neutron-api.service[103342]: DEBUG neutron.api.v2.resource_helper [None req-9c35e51a-5dd2-4ebb-98b8-2a394cb7eaff None None] Service FLAVORS assigned prefix: {{(pid=103342) build_resource_info /opt/stack/neutron/neutron/api/v2/resource_helper.py:77}}
Feb 17 22:39:39.484925 np0000156237 devstack@neutron-api.service[103340]: DEBUG neutron_lib.callbacks.manager [None req-e86487d3-691b-43cc-85ca-046afca9304f None None] Subscribe: > security_group precommit_delete 55550000, False {{(pid=103340) subscribe /opt/stack/data/venv/lib/python3.12/site-packages/neutron_lib/callbacks/manager.py:52}}
Feb 17 22:39:39.485081 np0000156237 devstack@neutron-api.service[103340]: DEBUG neutron_lib.callbacks.manager [None req-e86487d3-691b-43cc-85ca-046afca9304f None None] Subscribe: > security_group after_delete 55550000, False {{(pid=103340) subscribe /opt/stack/data/venv/lib/python3.12/site-packages/neutron_lib/callbacks/manager.py:52}}
Feb 17 22:39:39.485163 np0000156237 devstack@neutron-api.service[103343]: DEBUG neutron.api.extensions [None req-0439d29b-fed3-4acf-9270-ae5b6b107e7a None None] Ext name="DHCP Agent Scheduler" alias="dhcp_agent_scheduler" description="Schedule networks among dhcp agents" updated="2013-02-07T10:00:00-00:00" {{(pid=103343) _check_extension /opt/stack/neutron/neutron/api/extensions.py:415}}
Feb 17 22:39:39.485239 np0000156237 devstack@neutron-api.service[103340]: DEBUG neutron_lib.callbacks.manager [None req-e86487d3-691b-43cc-85ca-046afca9304f None None] Subscribe: > security_group_rule precommit_create 55550000, False {{(pid=103340) subscribe /opt/stack/data/venv/lib/python3.12/site-packages/neutron_lib/callbacks/manager.py:52}}
Feb 17 22:39:39.485454 np0000156237 devstack@neutron-api.service[103340]: DEBUG neutron_lib.callbacks.manager [None req-e86487d3-691b-43cc-85ca-046afca9304f None None] Subscribe: > security_group_rule after_create 55550000, False {{(pid=103340) subscribe /opt/stack/data/venv/lib/python3.12/site-packages/neutron_lib/callbacks/manager.py:52}}
Feb 17 22:39:39.485513 np0000156237 devstack@neutron-api.service[103343]: INFO neutron.api.extensions [None req-0439d29b-fed3-4acf-9270-ae5b6b107e7a None None] Loaded extension: dhcp_agent_scheduler
Feb 17 22:39:39.485550 np0000156237 devstack@neutron-api.service[103343]: DEBUG neutron.api.extensions [None req-0439d29b-fed3-4acf-9270-ae5b6b107e7a None None] Loading extension file: dns.py {{(pid=103343) _load_all_extensions_from_path /opt/stack/neutron/neutron/api/extensions.py:449}}
Feb 17 22:39:39.485574 np0000156237 devstack@neutron-api.service[103340]: DEBUG neutron_lib.callbacks.manager [None req-e86487d3-691b-43cc-85ca-046afca9304f None None] Subscribe: > security_group_rule before_delete 55550000, False {{(pid=103340) subscribe /opt/stack/data/venv/lib/python3.12/site-packages/neutron_lib/callbacks/manager.py:52}}
Feb 17 22:39:39.485723 np0000156237 devstack@neutron-api.service[103340]: DEBUG neutron_lib.callbacks.manager [None req-e86487d3-691b-43cc-85ca-046afca9304f None None] Subscribe: > address_group after_create 55550000, False {{(pid=103340) subscribe /opt/stack/data/venv/lib/python3.12/site-packages/neutron_lib/callbacks/manager.py:52}}
Feb 17 22:39:39.485763 np0000156237 devstack@neutron-api.service[103342]: DEBUG neutron.api.v2.resource_helper [None req-9c35e51a-5dd2-4ebb-98b8-2a394cb7eaff None None] Service L3_ROUTER_NAT assigned prefix: {{(pid=103342) build_resource_info /opt/stack/neutron/neutron/api/v2/resource_helper.py:77}}
Feb 17 22:39:39.486614 np0000156237 devstack@neutron-api.service[103343]: DEBUG neutron.api.extensions [None req-0439d29b-fed3-4acf-9270-ae5b6b107e7a None None] Ext name="DNS Integration" alias="dns-integration" description="Provides integration with DNS." updated="2015-08-15T18:00:00-00:00" {{(pid=103343) _check_extension /opt/stack/neutron/neutron/api/extensions.py:415}}
Feb 17 22:39:39.486719 np0000156237 devstack@neutron-api.service[103340]: DEBUG neutron_lib.callbacks.manager [None req-e86487d3-691b-43cc-85ca-046afca9304f None None] Subscribe: > address_group after_update 55550000, False {{(pid=103340) subscribe /opt/stack/data/venv/lib/python3.12/site-packages/neutron_lib/callbacks/manager.py:52}}
Feb 17 22:39:39.486719 np0000156237 devstack@neutron-api.service[103340]: DEBUG neutron_lib.callbacks.manager [None req-e86487d3-691b-43cc-85ca-046afca9304f None None] Subscribe: > address_group after_delete 55550000, False {{(pid=103340) subscribe /opt/stack/data/venv/lib/python3.12/site-packages/neutron_lib/callbacks/manager.py:52}}
Feb 17 22:39:39.486822 np0000156237 devstack@neutron-api.service[103343]: INFO neutron.api.extensions [None req-0439d29b-fed3-4acf-9270-ae5b6b107e7a None None] Loaded extension: dns-integration
Feb 17 22:39:39.486822 np0000156237 devstack@neutron-api.service[103343]: DEBUG neutron.api.extensions [None req-0439d29b-fed3-4acf-9270-ae5b6b107e7a None None] Loading extension file: dns_domain_ports.py {{(pid=103343) _load_all_extensions_from_path /opt/stack/neutron/neutron/api/extensions.py:449}}
Feb 17 22:39:39.486867 np0000156237 devstack@neutron-api.service[103342]: DEBUG neutron.api.v2.resource_helper [None req-9c35e51a-5dd2-4ebb-98b8-2a394cb7eaff None None] Service L3_ROUTER_NAT assigned prefix: {{(pid=103342) build_resource_info /opt/stack/neutron/neutron/api/v2/resource_helper.py:77}}
Feb 17 22:39:39.486893 np0000156237 devstack@neutron-api.service[103340]: DEBUG neutron_lib.callbacks.manager [None req-e86487d3-691b-43cc-85ca-046afca9304f None None] Subscribe: > qos_plugin after_init 55550000, False {{(pid=103340) subscribe /opt/stack/data/venv/lib/python3.12/site-packages/neutron_lib/callbacks/manager.py:52}}
Feb 17 22:39:39.486917 np0000156237 devstack@neutron-api.service[103342]: INFO neutron.quota.resource_registry [None req-9c35e51a-5dd2-4ebb-98b8-2a394cb7eaff None None] Creating instance of TrackedResource for resource:router
Feb 17 22:39:39.486943 np0000156237 devstack@neutron-api.service[103343]: DEBUG neutron.api.extensions [None req-0439d29b-fed3-4acf-9270-ae5b6b107e7a None None] Ext name="dns_domain for ports" alias="dns-domain-ports" description="Allows the DNS domain to be specified for a network port." updated="2017-04-24T10:00:00-00:00" {{(pid=103343) _check_extension /opt/stack/neutron/neutron/api/extensions.py:415}}
Feb 17 22:39:39.486968 np0000156237 devstack@neutron-api.service[103342]: WARNING neutron.quota.resource_registry [None req-9c35e51a-5dd2-4ebb-98b8-2a394cb7eaff None None] router is already registered
Feb 17 22:39:39.486993 np0000156237 devstack@neutron-api.service[103340]: DEBUG neutron_lib.callbacks.manager [None req-e86487d3-691b-43cc-85ca-046afca9304f None None] Subscribe: > trunk_plugin after_init 55550000, False {{(pid=103340) subscribe /opt/stack/data/venv/lib/python3.12/site-packages/neutron_lib/callbacks/manager.py:52}}
Feb 17 22:39:39.487018 np0000156237 devstack@neutron-api.service[103343]: INFO neutron.api.extensions [None req-0439d29b-fed3-4acf-9270-ae5b6b107e7a None None] Loaded extension: dns-domain-ports
Feb 17 22:39:39.487018 np0000156237 devstack@neutron-api.service[103343]: DEBUG neutron.api.extensions [None req-0439d29b-fed3-4acf-9270-ae5b6b107e7a None None] Loading extension file: dns_integration_domain_keywords.py {{(pid=103343) _load_all_extensions_from_path /opt/stack/neutron/neutron/api/extensions.py:449}}
Feb 17 22:39:39.487125 np0000156237 devstack@neutron-api.service[103340]: DEBUG neutron_lib.callbacks.manager [None req-e86487d3-691b-43cc-85ca-046afca9304f None None] Subscribe: > logging-plugin after_init 55550000, False {{(pid=103340) subscribe /opt/stack/data/venv/lib/python3.12/site-packages/neutron_lib/callbacks/manager.py:52}}
