Jun 22 06:17:54.946052 np0000182457 nova-scheduler[108806]: DEBUG cotyledon.oslo_config_glue [-] workarounds.disable_group_policy_check_upcall = False {{(pid=108806) log_opt_values /opt/stack/data/venv/lib/python3.12/site-packages/oslo_config/cfg.py:3253}}
Jun 22 06:17:54.946052 np0000182457 nova-scheduler[108806]: DEBUG cotyledon.oslo_config_glue [-] workarounds.disable_libvirt_livesnapshot = False {{(pid=108806) log_opt_values /opt/stack/data/venv/lib/python3.12/site-packages/oslo_config/cfg.py:3253}}
Jun 22 06:17:54.946052 np0000182457 nova-scheduler[108806]: DEBUG cotyledon.oslo_config_glue [-] workarounds.disable_rootwrap = False {{(pid=108806) log_opt_values /opt/stack/data/venv/lib/python3.12/site-packages/oslo_config/cfg.py:3253}}
Jun 22 06:17:54.946052 np0000182457 nova-scheduler[108806]: DEBUG cotyledon.oslo_config_glue [-] workarounds.enable_numa_live_migration = False {{(pid=108806) log_opt_values /opt/stack/data/venv/lib/python3.12/site-packages/oslo_config/cfg.py:3253}}
Jun 22 06:17:54.946052 np0000182457 nova-scheduler[108806]: DEBUG cotyledon.oslo_config_glue [-] workarounds.enable_qemu_monitor_announce_self = False {{(pid=108806) log_opt_values /opt/stack/data/venv/lib/python3.12/site-packages/oslo_config/cfg.py:3253}}
Jun 22 06:17:54.946052 np0000182457 nova-scheduler[108806]: DEBUG cotyledon.oslo_config_glue [-] workarounds.ensure_libvirt_rbd_instance_dir_cleanup = False {{(pid=108806) log_opt_values /opt/stack/data/venv/lib/python3.12/site-packages/oslo_config/cfg.py:3253}}
Jun 22 06:17:54.946052 np0000182457 nova-scheduler[108806]: DEBUG cotyledon.oslo_config_glue [-] workarounds.handle_virt_lifecycle_events = True {{(pid=108806) log_opt_values /opt/stack/data/venv/lib/python3.12/site-packages/oslo_config/cfg.py:3253}}
Jun 22 06:17:54.946052 np0000182457 nova-scheduler[108806]: DEBUG cotyledon.oslo_config_glue [-] workarounds.libvirt_disable_apic = False {{(pid=108806) log_opt_values /opt/stack/data/venv/lib/python3.12/site-packages/oslo_config/cfg.py:3253}}
Jun 22 06:17:54.946052 np0000182457 nova-scheduler[108806]: DEBUG cotyledon.oslo_config_glue [-] workarounds.never_download_image_if_on_rbd = False {{(pid=108806) log_opt_values /opt/stack/data/venv/lib/python3.12/site-packages/oslo_config/cfg.py:3253}}
Jun 22 06:17:54.946343 np0000182457 nova-scheduler[108806]: DEBUG cotyledon.oslo_config_glue [-] workarounds.qemu_monitor_announce_self_count = 3 {{(pid=108806) log_opt_values /opt/stack/data/venv/lib/python3.12/site-packages/oslo_config/cfg.py:3253}}
Jun 22 06:17:54.946343 np0000182457 nova-scheduler[108806]: DEBUG cotyledon.oslo_config_glue [-] workarounds.qemu_monitor_announce_self_interval = 1 {{(pid=108806) log_opt_values /opt/stack/data/venv/lib/python3.12/site-packages/oslo_config/cfg.py:3253}}
Jun 22 06:17:54.946343 np0000182457 nova-scheduler[108806]: DEBUG cotyledon.oslo_config_glue [-] workarounds.reserve_disk_resource_for_image_cache = False {{(pid=108806) log_opt_values /opt/stack/data/venv/lib/python3.12/site-packages/oslo_config/cfg.py:3253}}
Jun 22 06:17:54.946343 np0000182457 nova-scheduler[108806]: DEBUG cotyledon.oslo_config_glue [-] workarounds.skip_cpu_compare_at_startup = False {{(pid=108806) log_opt_values /opt/stack/data/venv/lib/python3.12/site-packages/oslo_config/cfg.py:3253}}
Jun 22 06:17:54.946343 np0000182457 nova-scheduler[108806]: DEBUG cotyledon.oslo_config_glue [-] workarounds.skip_cpu_compare_on_dest = False {{(pid=108806) log_opt_values /opt/stack/data/venv/lib/python3.12/site-packages/oslo_config/cfg.py:3253}}
Jun 22 06:17:54.946343 np0000182457 nova-scheduler[108806]: DEBUG cotyledon.oslo_config_glue [-] workarounds.skip_hypervisor_version_check_on_lm = False {{(pid=108806) log_opt_values /opt/stack/data/venv/lib/python3.12/site-packages/oslo_config/cfg.py:3253}}
Jun 22 06:17:54.946343 np0000182457 nova-scheduler[108806]: DEBUG cotyledon.oslo_config_glue [-] workarounds.skip_reserve_in_use_ironic_nodes = False {{(pid=108806) log_opt_values /opt/stack/data/venv/lib/python3.12/site-packages/oslo_config/cfg.py:3253}}
Jun 22 06:17:54.946343 np0000182457 nova-scheduler[108806]: DEBUG cotyledon.oslo_config_glue [-] workarounds.unified_limits_count_pcpu_as_vcpu = False {{(pid=108806) log_opt_values /opt/stack/data/venv/lib/python3.12/site-packages/oslo_config/cfg.py:3253}}
Jun 22 06:17:54.946541 np0000182457 nova-scheduler[108806]: DEBUG cotyledon.oslo_config_glue [-] workarounds.wait_for_vif_plugged_event_during_hard_reboot = [] {{(pid=108806) log_opt_values /opt/stack/data/venv/lib/python3.12/site-packages/oslo_config/cfg.py:3253}}
Jun 22 06:17:54.946541 np0000182457 nova-scheduler[108806]: DEBUG cotyledon.oslo_config_glue [-] wsgi.api_paste_config = /etc/nova/api-paste.ini {{(pid=108806) log_opt_values /opt/stack/data/venv/lib/python3.12/site-packages/oslo_config/cfg.py:3253}}
Jun 22 06:17:54.946541 np0000182457 nova-scheduler[108806]: DEBUG cotyledon.oslo_config_glue [-] wsgi.secure_proxy_ssl_header = None {{(pid=108806) log_opt_values /opt/stack/data/venv/lib/python3.12/site-packages/oslo_config/cfg.py:3253}}
Jun 22 06:17:54.946541 np0000182457 nova-scheduler[108806]: DEBUG cotyledon.oslo_config_glue [-] zvm.ca_file = None {{(pid=108806) log_opt_values /opt/stack/data/venv/lib/python3.12/site-packages/oslo_config/cfg.py:3253}}
Jun 22 06:17:54.946541 np0000182457 nova-scheduler[108806]: DEBUG cotyledon.oslo_config_glue [-] zvm.cloud_connector_url = None {{(pid=108806) log_opt_values /opt/stack/data/venv/lib/python3.12/site-packages/oslo_config/cfg.py:3253}}
Jun 22 06:17:54.946541 np0000182457 nova-scheduler[108806]: DEBUG cotyledon.oslo_config_glue [-] zvm.image_tmp_path = /opt/stack/data/nova/images {{(pid=108806) log_opt_values /opt/stack/data/venv/lib/python3.12/site-packages/oslo_config/cfg.py:3253}}
Jun 22 06:17:54.946541 np0000182457 nova-scheduler[108806]: DEBUG cotyledon.oslo_config_glue [-] zvm.reachable_timeout = 300 {{(pid=108806) log_opt_values /opt/stack/data/venv/lib/python3.12/site-packages/oslo_config/cfg.py:3253}}
Jun 22 06:17:54.946541 np0000182457 nova-scheduler[108806]: DEBUG cotyledon.oslo_config_glue [-] oslo_versionedobjects.fatal_exception_format_errors = False {{(pid=108806) log_opt_values /opt/stack/data/venv/lib/python3.12/site-packages/oslo_config/cfg.py:3253}}
Jun 22 06:17:54.946541 np0000182457 nova-scheduler[108806]: DEBUG cotyledon.oslo_config_glue [-] oslo_middleware.http_basic_auth_user_file = /etc/htpasswd {{(pid=108806) log_opt_values /opt/stack/data/venv/lib/python3.12/site-packages/oslo_config/cfg.py:3253}}
Jun 22 06:17:54.946783 np0000182457 nova-scheduler[108806]: DEBUG cotyledon.oslo_config_glue [-] oslo_messaging_metrics.metrics_buffer_size = 1000 {{(pid=108806) log_opt_values /opt/stack/data/venv/lib/python3.12/site-packages/oslo_config/cfg.py:3253}}
Jun 22 06:17:54.946783 np0000182457 nova-scheduler[108806]: DEBUG cotyledon.oslo_config_glue [-] oslo_messaging_metrics.metrics_enabled = False {{(pid=108806) log_opt_values /opt/stack/data/venv/lib/python3.12/site-packages/oslo_config/cfg.py:3253}}
Jun 22 06:17:54.946783 np0000182457 nova-scheduler[108806]: DEBUG cotyledon.oslo_config_glue [-] oslo_messaging_metrics.metrics_process_name = {{(pid=108806) log_opt_values /opt/stack/data/venv/lib/python3.12/site-packages/oslo_config/cfg.py:3253}}
Jun 22 06:17:54.946783 np0000182457 nova-scheduler[108806]: DEBUG cotyledon.oslo_config_glue [-] oslo_messaging_metrics.metrics_socket_file = /var/tmp/metrics_collector.sock {{(pid=108806) log_opt_values /opt/stack/data/venv/lib/python3.12/site-packages/oslo_config/cfg.py:3253}}
Jun 22 06:17:54.946783 np0000182457 nova-scheduler[108806]: DEBUG cotyledon.oslo_config_glue [-] oslo_messaging_metrics.metrics_thread_stop_timeout = 10 {{(pid=108806) log_opt_values /opt/stack/data/venv/lib/python3.12/site-packages/oslo_config/cfg.py:3253}}
Jun 22 06:17:54.946783 np0000182457 nova-scheduler[108806]: DEBUG cotyledon.oslo_config_glue [-] profiler.connection_string = messaging:// {{(pid=108806) log_opt_values /opt/stack/data/venv/lib/python3.12/site-packages/oslo_config/cfg.py:3253}}
Jun 22 06:17:54.946783 np0000182457 nova-scheduler[108806]: DEBUG cotyledon.oslo_config_glue [-] profiler.enabled = False {{(pid=108806) log_opt_values /opt/stack/data/venv/lib/python3.12/site-packages/oslo_config/cfg.py:3253}}
Jun 22 06:17:54.946968 np0000182457 nova-scheduler[108798]: INFO dbcounter [None req-360bc60f-c10f-4183-913d-7b5dda458ac0 None None] Registered counter for database nova_cell0
Jun 22 06:17:54.946997 np0000182457 nova-scheduler[108806]: DEBUG cotyledon.oslo_config_glue [-] profiler.es_doc_type = notification {{(pid=108806) log_opt_values /opt/stack/data/venv/lib/python3.12/site-packages/oslo_config/cfg.py:3253}}
Jun 22 06:17:54.946997 np0000182457 nova-scheduler[108806]: DEBUG cotyledon.oslo_config_glue [-] profiler.es_scroll_size = 10000 {{(pid=108806) log_opt_values /opt/stack/data/venv/lib/python3.12/site-packages/oslo_config/cfg.py:3253}}
Jun 22 06:17:54.946997 np0000182457 nova-scheduler[108806]: DEBUG cotyledon.oslo_config_glue [-] profiler.es_scroll_time = 2m {{(pid=108806) log_opt_values /opt/stack/data/venv/lib/python3.12/site-packages/oslo_config/cfg.py:3253}}
Jun 22 06:17:54.946997 np0000182457 nova-scheduler[108806]: DEBUG cotyledon.oslo_config_glue [-] profiler.filter_error_trace = False {{(pid=108806) log_opt_values /opt/stack/data/venv/lib/python3.12/site-packages/oslo_config/cfg.py:3253}}
Jun 22 06:17:54.946997 np0000182457 nova-scheduler[108806]: DEBUG cotyledon.oslo_config_glue [-] profiler.hmac_keys = **** {{(pid=108806) log_opt_values /opt/stack/data/venv/lib/python3.12/site-packages/oslo_config/cfg.py:3253}}
Jun 22 06:17:54.946997 np0000182457 nova-scheduler[108806]: DEBUG cotyledon.oslo_config_glue [-] profiler.sentinel_service_name = mymaster {{(pid=108806) log_opt_values /opt/stack/data/venv/lib/python3.12/site-packages/oslo_config/cfg.py:3253}}
Jun 22 06:17:54.946997 np0000182457 nova-scheduler[108806]: DEBUG cotyledon.oslo_config_glue [-] profiler.socket_timeout = 0.1 {{(pid=108806) log_opt_values /opt/stack/data/venv/lib/python3.12/site-packages/oslo_config/cfg.py:3253}}
Jun 22 06:17:54.946997 np0000182457 nova-scheduler[108806]: DEBUG cotyledon.oslo_config_glue [-] profiler.trace_requests = False {{(pid=108806) log_opt_values /opt/stack/data/venv/lib/python3.12/site-packages/oslo_config/cfg.py:3253}}
Jun 22 06:17:54.946997 np0000182457 nova-scheduler[108806]: DEBUG cotyledon.oslo_config_glue [-] profiler.trace_sqlalchemy = False {{(pid=108806) log_opt_values /opt/stack/data/venv/lib/python3.12/site-packages/oslo_config/cfg.py:3253}}
Jun 22 06:17:54.947216 np0000182457 nova-scheduler[108806]: DEBUG cotyledon.oslo_config_glue [-] profiler_jaeger.process_tags = {} {{(pid=108806) log_opt_values /opt/stack/data/venv/lib/python3.12/site-packages/oslo_config/cfg.py:3253}}
Jun 22 06:17:54.947216 np0000182457 nova-scheduler[108806]: DEBUG cotyledon.oslo_config_glue [-] profiler_jaeger.service_name_prefix = None {{(pid=108806) log_opt_values /opt/stack/data/venv/lib/python3.12/site-packages/oslo_config/cfg.py:3253}}
Jun 22 06:17:54.947216 np0000182457 nova-scheduler[108806]: DEBUG cotyledon.oslo_config_glue [-] profiler_otlp.service_name_prefix = None {{(pid=108806) log_opt_values /opt/stack/data/venv/lib/python3.12/site-packages/oslo_config/cfg.py:3253}}
Jun 22 06:17:54.947216 np0000182457 nova-scheduler[108806]: DEBUG cotyledon.oslo_config_glue [-] oslo_messaging_rabbit.amqp_auto_delete = False {{(pid=108806) log_opt_values /opt/stack/data/venv/lib/python3.12/site-packages/oslo_config/cfg.py:3253}}
Jun 22 06:17:54.947216 np0000182457 nova-scheduler[108806]: DEBUG cotyledon.oslo_config_glue [-] oslo_messaging_rabbit.amqp_durable_queues = False {{(pid=108806) log_opt_values /opt/stack/data/venv/lib/python3.12/site-packages/oslo_config/cfg.py:3253}}
Jun 22 06:17:54.947216 np0000182457 nova-scheduler[108806]: DEBUG cotyledon.oslo_config_glue [-] oslo_messaging_rabbit.conn_pool_min_size = 2 {{(pid=108806) log_opt_values /opt/stack/data/venv/lib/python3.12/site-packages/oslo_config/cfg.py:3253}}
Jun 22 06:17:54.947216 np0000182457 nova-scheduler[108806]: DEBUG cotyledon.oslo_config_glue [-] oslo_messaging_rabbit.conn_pool_ttl = 1200 {{(pid=108806) log_opt_values /opt/stack/data/venv/lib/python3.12/site-packages/oslo_config/cfg.py:3253}}
Jun 22 06:17:54.947216 np0000182457 nova-scheduler[108806]: DEBUG cotyledon.oslo_config_glue [-] oslo_messaging_rabbit.direct_mandatory_flag = True {{(pid=108806) log_opt_values /opt/stack/data/venv/lib/python3.12/site-packages/oslo_config/cfg.py:3253}}
Jun 22 06:17:54.947216 np0000182457 nova-scheduler[108806]: DEBUG cotyledon.oslo_config_glue [-] oslo_messaging_rabbit.enable_cancel_on_failover = False {{(pid=108806) log_opt_values /opt/stack/data/venv/lib/python3.12/site-packages/oslo_config/cfg.py:3253}}
Jun 22 06:17:54.947433 np0000182457 nova-scheduler[108806]: DEBUG cotyledon.oslo_config_glue [-] oslo_messaging_rabbit.heartbeat_rate = 3 {{(pid=108806) log_opt_values /opt/stack/data/venv/lib/python3.12/site-packages/oslo_config/cfg.py:3253}}
Jun 22 06:17:54.947433 np0000182457 nova-scheduler[108806]: DEBUG cotyledon.oslo_config_glue [-] oslo_messaging_rabbit.heartbeat_timeout_threshold = 60 {{(pid=108806) log_opt_values /opt/stack/data/venv/lib/python3.12/site-packages/oslo_config/cfg.py:3253}}
Jun 22 06:17:54.947433 np0000182457 nova-scheduler[108806]: DEBUG cotyledon.oslo_config_glue [-] oslo_messaging_rabbit.hostname = np0000182457 {{(pid=108806) log_opt_values /opt/stack/data/venv/lib/python3.12/site-packages/oslo_config/cfg.py:3253}}
Jun 22 06:17:54.947433 np0000182457 nova-scheduler[108806]: DEBUG cotyledon.oslo_config_glue [-] oslo_messaging_rabbit.kombu_compression = None {{(pid=108806) log_opt_values /opt/stack/data/venv/lib/python3.12/site-packages/oslo_config/cfg.py:3253}}
Jun 22 06:17:54.947433 np0000182457 nova-scheduler[108806]: DEBUG cotyledon.oslo_config_glue [-] oslo_messaging_rabbit.kombu_failover_strategy = round-robin {{(pid=108806) log_opt_values /opt/stack/data/venv/lib/python3.12/site-packages/oslo_config/cfg.py:3253}}
Jun 22 06:17:54.947433 np0000182457 nova-scheduler[108806]: DEBUG cotyledon.oslo_config_glue [-] oslo_messaging_rabbit.kombu_missing_consumer_retry_timeout = 60 {{(pid=108806) log_opt_values /opt/stack/data/venv/lib/python3.12/site-packages/oslo_config/cfg.py:3253}}
Jun 22 06:17:54.947433 np0000182457 nova-scheduler[108806]: DEBUG cotyledon.oslo_config_glue [-] oslo_messaging_rabbit.kombu_reconnect_delay = 1.0 {{(pid=108806) log_opt_values /opt/stack/data/venv/lib/python3.12/site-packages/oslo_config/cfg.py:3253}}
Jun 22 06:17:54.947433 np0000182457 nova-scheduler[108806]: DEBUG cotyledon.oslo_config_glue [-] oslo_messaging_rabbit.kombu_reconnect_splay = 0.0 {{(pid=108806) log_opt_values /opt/stack/data/venv/lib/python3.12/site-packages/oslo_config/cfg.py:3253}}
Jun 22 06:17:54.947652 np0000182457 nova-scheduler[108806]: DEBUG cotyledon.oslo_config_glue [-] oslo_messaging_rabbit.processname = nova-scheduler {{(pid=108806) log_opt_values /opt/stack/data/venv/lib/python3.12/site-packages/oslo_config/cfg.py:3253}}
Jun 22 06:17:54.947652 np0000182457 nova-scheduler[108806]: DEBUG cotyledon.oslo_config_glue [-] oslo_messaging_rabbit.rabbit_ha_queues = False {{(pid=108806) log_opt_values /opt/stack/data/venv/lib/python3.12/site-packages/oslo_config/cfg.py:3253}}
Jun 22 06:17:54.947652 np0000182457 nova-scheduler[108806]: DEBUG cotyledon.oslo_config_glue [-] oslo_messaging_rabbit.rabbit_interval_max = 30 {{(pid=108806) log_opt_values /opt/stack/data/venv/lib/python3.12/site-packages/oslo_config/cfg.py:3253}}
Jun 22 06:17:54.947652 np0000182457 nova-scheduler[108806]: DEBUG cotyledon.oslo_config_glue [-] oslo_messaging_rabbit.rabbit_login_method = AMQPLAIN {{(pid=108806) log_opt_values /opt/stack/data/venv/lib/python3.12/site-packages/oslo_config/cfg.py:3253}}
Jun 22 06:17:54.947652 np0000182457 nova-scheduler[108806]: DEBUG cotyledon.oslo_config_glue [-] oslo_messaging_rabbit.rabbit_qos_prefetch_count = 0 {{(pid=108806) log_opt_values /opt/stack/data/venv/lib/python3.12/site-packages/oslo_config/cfg.py:3253}}
Jun 22 06:17:54.947652 np0000182457 nova-scheduler[108806]: DEBUG cotyledon.oslo_config_glue [-] oslo_messaging_rabbit.rabbit_quorum_delivery_limit = 0 {{(pid=108806) log_opt_values /opt/stack/data/venv/lib/python3.12/site-packages/oslo_config/cfg.py:3253}}
Jun 22 06:17:54.947652 np0000182457 nova-scheduler[108806]: DEBUG cotyledon.oslo_config_glue [-] oslo_messaging_rabbit.rabbit_quorum_max_memory_bytes = 0 {{(pid=108806) log_opt_values /opt/stack/data/venv/lib/python3.12/site-packages/oslo_config/cfg.py:3253}}
Jun 22 06:17:54.947652 np0000182457 nova-scheduler[108806]: DEBUG cotyledon.oslo_config_glue [-] oslo_messaging_rabbit.rabbit_quorum_max_memory_length = 0 {{(pid=108806) log_opt_values /opt/stack/data/venv/lib/python3.12/site-packages/oslo_config/cfg.py:3253}}
Jun 22 06:17:54.947846 np0000182457 nova-scheduler[108806]: DEBUG cotyledon.oslo_config_glue [-] oslo_messaging_rabbit.rabbit_quorum_queue = False {{(pid=108806) log_opt_values /opt/stack/data/venv/lib/python3.12/site-packages/oslo_config/cfg.py:3253}}
Jun 22 06:17:54.947846 np0000182457 nova-scheduler[108806]: DEBUG cotyledon.oslo_config_glue [-] oslo_messaging_rabbit.rabbit_retry_backoff = 2 {{(pid=108806) log_opt_values /opt/stack/data/venv/lib/python3.12/site-packages/oslo_config/cfg.py:3253}}
Jun 22 06:17:54.947846 np0000182457 nova-scheduler[108806]: DEBUG cotyledon.oslo_config_glue [-] oslo_messaging_rabbit.rabbit_retry_interval = 1 {{(pid=108806) log_opt_values /opt/stack/data/venv/lib/python3.12/site-packages/oslo_config/cfg.py:3253}}
Jun 22 06:17:54.947846 np0000182457 nova-scheduler[108806]: DEBUG cotyledon.oslo_config_glue [-] oslo_messaging_rabbit.rabbit_stream_fanout = False {{(pid=108806) log_opt_values /opt/stack/data/venv/lib/python3.12/site-packages/oslo_config/cfg.py:3253}}
Jun 22 06:17:54.947846 np0000182457 nova-scheduler[108806]: DEBUG cotyledon.oslo_config_glue [-] oslo_messaging_rabbit.rabbit_transient_queues_ttl = 1800 {{(pid=108806) log_opt_values /opt/stack/data/venv/lib/python3.12/site-packages/oslo_config/cfg.py:3253}}
Jun 22 06:17:54.947846 np0000182457 nova-scheduler[108806]: DEBUG cotyledon.oslo_config_glue [-] oslo_messaging_rabbit.rabbit_transient_quorum_queue = False {{(pid=108806) log_opt_values /opt/stack/data/venv/lib/python3.12/site-packages/oslo_config/cfg.py:3253}}
Jun 22 06:17:54.947846 np0000182457 nova-scheduler[108806]: DEBUG cotyledon.oslo_config_glue [-] oslo_messaging_rabbit.rpc_conn_pool_size = 30 {{(pid=108806) log_opt_values /opt/stack/data/venv/lib/python3.12/site-packages/oslo_config/cfg.py:3253}}
Jun 22 06:17:54.947846 np0000182457 nova-scheduler[108806]: DEBUG cotyledon.oslo_config_glue [-] oslo_messaging_rabbit.ssl = False {{(pid=108806) log_opt_values /opt/stack/data/venv/lib/python3.12/site-packages/oslo_config/cfg.py:3253}}
Jun 22 06:17:54.947846 np0000182457 nova-scheduler[108806]: DEBUG cotyledon.oslo_config_glue [-] oslo_messaging_rabbit.ssl_ca_file = {{(pid=108806) log_opt_values /opt/stack/data/venv/lib/python3.12/site-packages/oslo_config/cfg.py:3253}}
Jun 22 06:17:54.948061 np0000182457 nova-scheduler[108806]: DEBUG cotyledon.oslo_config_glue [-] oslo_messaging_rabbit.ssl_cert_file = {{(pid=108806) log_opt_values /opt/stack/data/venv/lib/python3.12/site-packages/oslo_config/cfg.py:3253}}
Jun 22 06:17:54.948061 np0000182457 nova-scheduler[108806]: DEBUG cotyledon.oslo_config_glue [-] oslo_messaging_rabbit.ssl_enforce_fips_mode = False {{(pid=108806) log_opt_values /opt/stack/data/venv/lib/python3.12/site-packages/oslo_config/cfg.py:3253}}
Jun 22 06:17:54.948061 np0000182457 nova-scheduler[108806]: DEBUG cotyledon.oslo_config_glue [-] oslo_messaging_rabbit.ssl_enforce_hostname_verification = True {{(pid=108806) log_opt_values /opt/stack/data/venv/lib/python3.12/site-packages/oslo_config/cfg.py:3253}}
Jun 22 06:17:54.948061 np0000182457 nova-scheduler[108806]: DEBUG cotyledon.oslo_config_glue [-] oslo_messaging_rabbit.ssl_key_file = {{(pid=108806) log_opt_values /opt/stack/data/venv/lib/python3.12/site-packages/oslo_config/cfg.py:3253}}
Jun 22 06:17:54.948061 np0000182457 nova-scheduler[108806]: DEBUG cotyledon.oslo_config_glue [-] oslo_messaging_rabbit.ssl_version = {{(pid=108806) log_opt_values /opt/stack/data/venv/lib/python3.12/site-packages/oslo_config/cfg.py:3253}}
Jun 22 06:17:54.948061 np0000182457 nova-scheduler[108806]: DEBUG cotyledon.oslo_config_glue [-] oslo_messaging_rabbit.use_queue_manager = False {{(pid=108806) log_opt_values /opt/stack/data/venv/lib/python3.12/site-packages/oslo_config/cfg.py:3253}}
Jun 22 06:17:54.948061 np0000182457 nova-scheduler[108806]: DEBUG cotyledon.oslo_config_glue [-] oslo_messaging_notifications.driver = ['messagingv2'] {{(pid=108806) log_opt_values /opt/stack/data/venv/lib/python3.12/site-packages/oslo_config/cfg.py:3253}}
Jun 22 06:17:54.948061 np0000182457 nova-scheduler[108806]: DEBUG cotyledon.oslo_config_glue [-] oslo_messaging_notifications.retry = -1 {{(pid=108806) log_opt_values /opt/stack/data/venv/lib/python3.12/site-packages/oslo_config/cfg.py:3253}}
Jun 22 06:17:54.948061 np0000182457 nova-scheduler[108806]: DEBUG cotyledon.oslo_config_glue [-] oslo_messaging_notifications.topics = ['notifications'] {{(pid=108806) log_opt_values /opt/stack/data/venv/lib/python3.12/site-packages/oslo_config/cfg.py:3253}}
Jun 22 06:17:54.948282 np0000182457 nova-scheduler[108806]: DEBUG cotyledon.oslo_config_glue [-] oslo_messaging_notifications.transport_url = **** {{(pid=108806) log_opt_values /opt/stack/data/venv/lib/python3.12/site-packages/oslo_config/cfg.py:3253}}
Jun 22 06:17:54.948282 np0000182457 nova-scheduler[108806]: DEBUG cotyledon.oslo_config_glue [-] oslo_limit.auth_section = None {{(pid=108806) log_opt_values /opt/stack/data/venv/lib/python3.12/site-packages/oslo_config/cfg.py:3253}}
Jun 22 06:17:54.948282 np0000182457 nova-scheduler[108806]: DEBUG cotyledon.oslo_config_glue [-] oslo_limit.auth_type = None {{(pid=108806) log_opt_values /opt/stack/data/venv/lib/python3.12/site-packages/oslo_config/cfg.py:3253}}
Jun 22 06:17:54.948282 np0000182457 nova-scheduler[108806]: DEBUG cotyledon.oslo_config_glue [-] oslo_limit.cafile = None {{(pid=108806) log_opt_values /opt/stack/data/venv/lib/python3.12/site-packages/oslo_config/cfg.py:3253}}
Jun 22 06:17:54.948282 np0000182457 nova-scheduler[108806]: DEBUG cotyledon.oslo_config_glue [-] oslo_limit.certfile = None {{(pid=108806) log_opt_values /opt/stack/data/venv/lib/python3.12/site-packages/oslo_config/cfg.py:3253}}
Jun 22 06:17:54.948282 np0000182457 nova-scheduler[108806]: DEBUG cotyledon.oslo_config_glue [-] oslo_limit.collect_timing = False {{(pid=108806) log_opt_values /opt/stack/data/venv/lib/python3.12/site-packages/oslo_config/cfg.py:3253}}
Jun 22 06:17:54.948282 np0000182457 nova-scheduler[108806]: DEBUG cotyledon.oslo_config_glue [-] oslo_limit.connect_retries = None {{(pid=108806) log_opt_values /opt/stack/data/venv/lib/python3.12/site-packages/oslo_config/cfg.py:3253}}
Jun 22 06:17:54.948282 np0000182457 nova-scheduler[108806]: DEBUG cotyledon.oslo_config_glue [-] oslo_limit.connect_retry_delay = None {{(pid=108806) log_opt_values /opt/stack/data/venv/lib/python3.12/site-packages/oslo_config/cfg.py:3253}}
Jun 22 06:17:54.948282 np0000182457 nova-scheduler[108806]: DEBUG cotyledon.oslo_config_glue [-] oslo_limit.endpoint_id = None {{(pid=108806) log_opt_values /opt/stack/data/venv/lib/python3.12/site-packages/oslo_config/cfg.py:3253}}
Jun 22 06:17:54.948509 np0000182457 nova-scheduler[108806]: DEBUG cotyledon.oslo_config_glue [-] oslo_limit.endpoint_interface = public {{(pid=108806) log_opt_values /opt/stack/data/venv/lib/python3.12/site-packages/oslo_config/cfg.py:3253}}
Jun 22 06:17:54.948509 np0000182457 nova-scheduler[108806]: DEBUG cotyledon.oslo_config_glue [-] oslo_limit.endpoint_override = None {{(pid=108806) log_opt_values /opt/stack/data/venv/lib/python3.12/site-packages/oslo_config/cfg.py:3253}}
Jun 22 06:17:54.948509 np0000182457 nova-scheduler[108806]: DEBUG cotyledon.oslo_config_glue [-] oslo_limit.endpoint_region_name = None {{(pid=108806) log_opt_values /opt/stack/data/venv/lib/python3.12/site-packages/oslo_config/cfg.py:3253}}
Jun 22 06:17:54.948509 np0000182457 nova-scheduler[108806]: DEBUG cotyledon.oslo_config_glue [-] oslo_limit.endpoint_service_name = None {{(pid=108806) log_opt_values /opt/stack/data/venv/lib/python3.12/site-packages/oslo_config/cfg.py:3253}}
Jun 22 06:17:54.948509 np0000182457 nova-scheduler[108806]: DEBUG cotyledon.oslo_config_glue [-] oslo_limit.endpoint_service_type = None {{(pid=108806) log_opt_values /opt/stack/data/venv/lib/python3.12/site-packages/oslo_config/cfg.py:3253}}
Jun 22 06:17:54.948509 np0000182457 nova-scheduler[108806]: DEBUG cotyledon.oslo_config_glue [-] oslo_limit.insecure = False {{(pid=108806) log_opt_values /opt/stack/data/venv/lib/python3.12/site-packages/oslo_config/cfg.py:3253}}
Jun 22 06:17:54.948509 np0000182457 nova-scheduler[108806]: DEBUG cotyledon.oslo_config_glue [-] oslo_limit.keyfile = None {{(pid=108806) log_opt_values /opt/stack/data/venv/lib/python3.12/site-packages/oslo_config/cfg.py:3253}}
Jun 22 06:17:54.948509 np0000182457 nova-scheduler[108806]: DEBUG cotyledon.oslo_config_glue [-] oslo_limit.max_version = None {{(pid=108806) log_opt_values /opt/stack/data/venv/lib/python3.12/site-packages/oslo_config/cfg.py:3253}}
Jun 22 06:17:54.948509 np0000182457 nova-scheduler[108806]: DEBUG cotyledon.oslo_config_glue [-] oslo_limit.min_version = None {{(pid=108806) log_opt_values /opt/stack/data/venv/lib/python3.12/site-packages/oslo_config/cfg.py:3253}}
Jun 22 06:17:54.948751 np0000182457 nova-scheduler[108806]: DEBUG cotyledon.oslo_config_glue [-] oslo_limit.region_name = None {{(pid=108806) log_opt_values /opt/stack/data/venv/lib/python3.12/site-packages/oslo_config/cfg.py:3253}}
Jun 22 06:17:54.948751 np0000182457 nova-scheduler[108806]: DEBUG cotyledon.oslo_config_glue [-] oslo_limit.retriable_status_codes = None {{(pid=108806) log_opt_values /opt/stack/data/venv/lib/python3.12/site-packages/oslo_config/cfg.py:3253}}
Jun 22 06:17:54.948751 np0000182457 nova-scheduler[108806]: DEBUG cotyledon.oslo_config_glue [-] oslo_limit.service_name = None {{(pid=108806) log_opt_values /opt/stack/data/venv/lib/python3.12/site-packages/oslo_config/cfg.py:3253}}
Jun 22 06:17:54.948751 np0000182457 nova-scheduler[108806]: DEBUG cotyledon.oslo_config_glue [-] oslo_limit.service_type = None {{(pid=108806) log_opt_values /opt/stack/data/venv/lib/python3.12/site-packages/oslo_config/cfg.py:3253}}
Jun 22 06:17:54.948751 np0000182457 nova-scheduler[108806]: DEBUG cotyledon.oslo_config_glue [-] oslo_limit.split_loggers = False {{(pid=108806) log_opt_values /opt/stack/data/venv/lib/python3.12/site-packages/oslo_config/cfg.py:3253}}
Jun 22 06:17:54.948751 np0000182457 nova-scheduler[108806]: DEBUG cotyledon.oslo_config_glue [-] oslo_limit.status_code_retries = None {{(pid=108806) log_opt_values /opt/stack/data/venv/lib/python3.12/site-packages/oslo_config/cfg.py:3253}}
Jun 22 06:17:54.948751 np0000182457 nova-scheduler[108806]: DEBUG cotyledon.oslo_config_glue [-] oslo_limit.status_code_retry_delay = None {{(pid=108806) log_opt_values /opt/stack/data/venv/lib/python3.12/site-packages/oslo_config/cfg.py:3253}}
Jun 22 06:17:54.948751 np0000182457 nova-scheduler[108806]: DEBUG cotyledon.oslo_config_glue [-] oslo_limit.timeout = None {{(pid=108806) log_opt_values /opt/stack/data/venv/lib/python3.12/site-packages/oslo_config/cfg.py:3253}}
Jun 22 06:17:54.948751 np0000182457 nova-scheduler[108806]: DEBUG cotyledon.oslo_config_glue [-] oslo_limit.valid_interfaces = None {{(pid=108806) log_opt_values /opt/stack/data/venv/lib/python3.12/site-packages/oslo_config/cfg.py:3253}}
Jun 22 06:17:54.948974 np0000182457 nova-scheduler[108806]: DEBUG cotyledon.oslo_config_glue [-] oslo_limit.version = None {{(pid=108806) log_opt_values /opt/stack/data/venv/lib/python3.12/site-packages/oslo_config/cfg.py:3253}}
Jun 22 06:17:54.948974 np0000182457 nova-scheduler[108806]: DEBUG cotyledon.oslo_config_glue [-] oslo_reports.file_event_handler = None {{(pid=108806) log_opt_values /opt/stack/data/venv/lib/python3.12/site-packages/oslo_config/cfg.py:3253}}
Jun 22 06:17:54.948974 np0000182457 nova-scheduler[108806]: DEBUG cotyledon.oslo_config_glue [-] oslo_reports.file_event_handler_interval = 1 {{(pid=108806) log_opt_values /opt/stack/data/venv/lib/python3.12/site-packages/oslo_config/cfg.py:3253}}
Jun 22 06:17:54.948974 np0000182457 nova-scheduler[108806]: DEBUG cotyledon.oslo_config_glue [-] oslo_reports.log_dir = None {{(pid=108806) log_opt_values /opt/stack/data/venv/lib/python3.12/site-packages/oslo_config/cfg.py:3253}}
Jun 22 06:17:54.948974 np0000182457 nova-scheduler[108806]: DEBUG cotyledon.oslo_config_glue [-] ******************************************************************************** {{(pid=108806) log_opt_values /opt/stack/data/venv/lib/python3.12/site-packages/oslo_config/cfg.py:3260}}
Jun 22 06:17:54.948974 np0000182457 nova-scheduler[108806]: DEBUG cotyledon._service_worker [-] Run service ServiceWrapper(3) [108806] {{(pid=108806) wait_forever /opt/stack/data/venv/lib/python3.12/site-packages/cotyledon/_service_worker.py:218}}
Jun 22 06:17:54.948974 np0000182457 nova-scheduler[108806]: INFO nova.service [-] Starting scheduler node (version 33.1.0)
Jun 22 06:17:54.948974 np0000182457 nova-scheduler[108806]: INFO dbcounter [None req-b5d3e30d-922b-4766-916a-e5b3e4631d28 None None] Registered counter for database nova_cell0
Jun 22 06:17:54.949159 np0000182457 nova-scheduler[108780]: DEBUG oslo_db.sqlalchemy.engines [None req-0ad6b539-6d6b-4d33-b04c-3996d52732cf None None] MySQL server mode set to STRICT_TRANS_TABLES,STRICT_ALL_TABLES,NO_ZERO_IN_DATE,NO_ZERO_DATE,ERROR_FOR_DIVISION_BY_ZERO,TRADITIONAL,NO_ENGINE_SUBSTITUTION {{(pid=108780) _check_effective_sql_mode /opt/stack/data/venv/lib/python3.12/site-packages/oslo_db/sqlalchemy/engines.py:325}}
Jun 22 06:17:54.949196 np0000182457 nova-scheduler[108790]: DEBUG oslo_db.sqlalchemy.engines [None req-988c1362-2f0f-488a-9646-00f10c33f5e2 None None] MySQL server mode set to STRICT_TRANS_TABLES,STRICT_ALL_TABLES,NO_ZERO_IN_DATE,NO_ZERO_DATE,ERROR_FOR_DIVISION_BY_ZERO,TRADITIONAL,NO_ENGINE_SUBSTITUTION {{(pid=108790) _check_effective_sql_mode /opt/stack/data/venv/lib/python3.12/site-packages/oslo_db/sqlalchemy/engines.py:325}}
Jun 22 06:17:54.949229 np0000182457 nova-scheduler[108798]: DEBUG oslo_db.sqlalchemy.engines [None req-360bc60f-c10f-4183-913d-7b5dda458ac0 None None] MySQL server mode set to STRICT_TRANS_TABLES,STRICT_ALL_TABLES,NO_ZERO_IN_DATE,NO_ZERO_DATE,ERROR_FOR_DIVISION_BY_ZERO,TRADITIONAL,NO_ENGINE_SUBSTITUTION {{(pid=108798) _check_effective_sql_mode /opt/stack/data/venv/lib/python3.12/site-packages/oslo_db/sqlalchemy/engines.py:325}}
Jun 22 06:17:54.949260 np0000182457 nova-scheduler[108780]: DEBUG dbcounter [-] [108780] Writer thread running {{(pid=108780) stat_writer /opt/stack/data/venv/lib/python3.12/site-packages/dbcounter.py:102}}
Jun 22 06:17:54.956767 np0000182457 nova-scheduler[108790]: DEBUG dbcounter [-] [108790] Writer thread running {{(pid=108790) stat_writer /opt/stack/data/venv/lib/python3.12/site-packages/dbcounter.py:102}}
Jun 22 06:17:54.960887 np0000182457 nova-scheduler[108798]: DEBUG dbcounter [-] [108798] Writer thread running {{(pid=108798) stat_writer /opt/stack/data/venv/lib/python3.12/site-packages/dbcounter.py:102}}
Jun 22 06:17:54.972885 np0000182457 nova-scheduler[108806]: DEBUG oslo_db.sqlalchemy.engines [None req-b5d3e30d-922b-4766-916a-e5b3e4631d28 None None] MySQL server mode set to STRICT_TRANS_TABLES,STRICT_ALL_TABLES,NO_ZERO_IN_DATE,NO_ZERO_DATE,ERROR_FOR_DIVISION_BY_ZERO,TRADITIONAL,NO_ENGINE_SUBSTITUTION {{(pid=108806) _check_effective_sql_mode /opt/stack/data/venv/lib/python3.12/site-packages/oslo_db/sqlalchemy/engines.py:325}}
Jun 22 06:17:54.973090 np0000182457 nova-scheduler[108780]: DEBUG nova.service [None req-0ad6b539-6d6b-4d33-b04c-3996d52732cf None None] Creating RPC server for service: nova-scheduler on topic: scheduler {{(pid=108780) start /opt/stack/nova/nova/service.py:196}}
Jun 22 06:17:54.978645 np0000182457 nova-scheduler[108790]: DEBUG nova.service [None req-988c1362-2f0f-488a-9646-00f10c33f5e2 None None] Creating RPC server for service: nova-scheduler on topic: scheduler {{(pid=108790) start /opt/stack/nova/nova/service.py:196}}
Jun 22 06:17:54.979134 np0000182457 nova-scheduler[108798]: DEBUG nova.service [None req-360bc60f-c10f-4183-913d-7b5dda458ac0 None None] Creating RPC server for service: nova-scheduler on topic: scheduler {{(pid=108798) start /opt/stack/nova/nova/service.py:196}}
Jun 22 06:17:54.983627 np0000182457 nova-scheduler[108806]: DEBUG dbcounter [-] [108806] Writer thread running {{(pid=108806) stat_writer /opt/stack/data/venv/lib/python3.12/site-packages/dbcounter.py:102}}
Jun 22 06:17:54.987241 np0000182457 nova-scheduler[108806]: DEBUG nova.service [None req-b5d3e30d-922b-4766-916a-e5b3e4631d28 None None] Creating RPC server for service: nova-scheduler on topic: scheduler {{(pid=108806) start /opt/stack/nova/nova/service.py:196}}
Jun 22 06:17:55.001880 np0000182457 nova-scheduler[108780]: DEBUG nova.service [None req-0ad6b539-6d6b-4d33-b04c-3996d52732cf None None] Join ServiceGroup membership for this service scheduler {{(pid=108780) start /opt/stack/nova/nova/service.py:222}}
Jun 22 06:17:55.002093 np0000182457 nova-scheduler[108780]: DEBUG nova.servicegroup.drivers.db [None req-0ad6b539-6d6b-4d33-b04c-3996d52732cf None None] DB_Driver: join new ServiceGroup member np0000182457 to the scheduler group, service = {{(pid=108780) join /opt/stack/nova/nova/servicegroup/drivers/db.py:44}}
Jun 22 06:17:55.002145 np0000182457 nova-scheduler[108790]: DEBUG nova.service [None req-988c1362-2f0f-488a-9646-00f10c33f5e2 None None] Join ServiceGroup membership for this service scheduler {{(pid=108790) start /opt/stack/nova/nova/service.py:222}}
Jun 22 06:17:55.002241 np0000182457 nova-scheduler[108798]: DEBUG nova.service [None req-360bc60f-c10f-4183-913d-7b5dda458ac0 None None] Join ServiceGroup membership for this service scheduler {{(pid=108798) start /opt/stack/nova/nova/service.py:222}}
Jun 22 06:17:55.002370 np0000182457 nova-scheduler[108790]: DEBUG nova.servicegroup.drivers.db [None req-988c1362-2f0f-488a-9646-00f10c33f5e2 None None] DB_Driver: join new ServiceGroup member np0000182457 to the scheduler group, service = {{(pid=108790) join /opt/stack/nova/nova/servicegroup/drivers/db.py:44}}
Jun 22 06:17:55.002488 np0000182457 nova-scheduler[108798]: DEBUG nova.servicegroup.drivers.db [None req-360bc60f-c10f-4183-913d-7b5dda458ac0 None None] DB_Driver: join new ServiceGroup member np0000182457 to the scheduler group, service = {{(pid=108798) join /opt/stack/nova/nova/servicegroup/drivers/db.py:44}}
Jun 22 06:17:55.022546 np0000182457 nova-scheduler[108806]: DEBUG nova.service [None req-b5d3e30d-922b-4766-916a-e5b3e4631d28 None None] Join ServiceGroup membership for this service scheduler {{(pid=108806) start /opt/stack/nova/nova/service.py:222}}
Jun 22 06:17:55.022546 np0000182457 nova-scheduler[108806]: DEBUG nova.servicegroup.drivers.db [None req-b5d3e30d-922b-4766-916a-e5b3e4631d28 None None] DB_Driver: join new ServiceGroup member np0000182457 to the scheduler group, service = {{(pid=108806) join /opt/stack/nova/nova/servicegroup/drivers/db.py:44}}
Jun 22 06:18:00.027159 np0000182457 nova-scheduler[108780]: DEBUG oslo.service.backend._threading.loopingcall [-] Fixed interval looping call 'nova.servicegroup.drivers.db.DbDriver._report_state' sleeping for 119.98 seconds {{(pid=108780) _run_loop /opt/stack/data/venv/lib/python3.12/site-packages/oslo_service/backend/_threading/loopingcall.py:125}}
Jun 22 06:18:00.029327 np0000182457 nova-scheduler[108790]: DEBUG oslo.service.backend._threading.loopingcall [-] Fixed interval looping call 'nova.servicegroup.drivers.db.DbDriver._report_state' sleeping for 119.98 seconds {{(pid=108790) _run_loop /opt/stack/data/venv/lib/python3.12/site-packages/oslo_service/backend/_threading/loopingcall.py:125}}
Jun 22 06:18:00.030061 np0000182457 nova-scheduler[108798]: DEBUG oslo.service.backend._threading.loopingcall [-] Fixed interval looping call 'nova.servicegroup.drivers.db.DbDriver._report_state' sleeping for 119.98 seconds {{(pid=108798) _run_loop /opt/stack/data/venv/lib/python3.12/site-packages/oslo_service/backend/_threading/loopingcall.py:125}}
Jun 22 06:18:00.038063 np0000182457 nova-scheduler[108806]: DEBUG oslo.service.backend._threading.loopingcall [-] Fixed interval looping call 'nova.servicegroup.drivers.db.DbDriver._report_state' sleeping for 119.99 seconds {{(pid=108806) _run_loop /opt/stack/data/venv/lib/python3.12/site-packages/oslo_service/backend/_threading/loopingcall.py:125}}
Jun 22 06:18:03.476466 np0000182457 nova-scheduler[108074]: DEBUG dbcounter [-] [108074] Writing DB stats nova_api:SELECT=3 {{(pid=108074) stat_writer /opt/stack/data/venv/lib/python3.12/site-packages/dbcounter.py:115}}
Jun 22 06:18:03.643262 np0000182457 nova-scheduler[108074]: DEBUG dbcounter [-] [108074] Writing DB stats nova_cell0:SELECT=1 {{(pid=108074) stat_writer /opt/stack/data/venv/lib/python3.12/site-packages/dbcounter.py:115}}
Jun 22 06:18:03.651825 np0000182457 nova-scheduler[108074]: DEBUG dbcounter [-] [108074] Writing DB stats nova_cell1:SELECT=1 {{(pid=108074) stat_writer /opt/stack/data/venv/lib/python3.12/site-packages/dbcounter.py:115}}
Jun 22 06:18:10.014217 np0000182457 nova-scheduler[108780]: DEBUG dbcounter [-] [108780] Writing DB stats nova_cell0:SELECT=4,nova_cell0:INSERT=1,nova_cell0:UPDATE=1 {{(pid=108780) stat_writer /opt/stack/data/venv/lib/python3.12/site-packages/dbcounter.py:115}}
Jun 22 06:18:10.017875 np0000182457 nova-scheduler[108798]: DEBUG dbcounter [-] [108798] Writing DB stats nova_cell0:SELECT=5,nova_cell0:INSERT=1,nova_cell0:UPDATE=1 {{(pid=108798) stat_writer /opt/stack/data/venv/lib/python3.12/site-packages/dbcounter.py:115}}
Jun 22 06:18:10.024897 np0000182457 nova-scheduler[108790]: DEBUG dbcounter [-] [108790] Writing DB stats nova_cell0:SELECT=5,nova_cell0:INSERT=1,nova_cell0:UPDATE=1 {{(pid=108790) stat_writer /opt/stack/data/venv/lib/python3.12/site-packages/dbcounter.py:115}}
Jun 22 06:18:10.034003 np0000182457 nova-scheduler[108806]: DEBUG dbcounter [-] [108806] Writing DB stats nova_cell0:SELECT=3 {{(pid=108806) stat_writer /opt/stack/data/venv/lib/python3.12/site-packages/dbcounter.py:115}}
Jun 22 06:18:13.024116 np0000182457 nova-scheduler[108806]: DEBUG oslo.service.backend._threading.loopingcall [None req-aee35a4d-d340-4155-a218-94aa950bf237 None None] Dynamic interval looping call 'nova.service.Service.periodic_tasks' sleeping for 60.00 seconds {{(pid=108806) _run_loop /opt/stack/data/venv/lib/python3.12/site-packages/oslo_service/backend/_threading/loopingcall.py:125}}
Jun 22 06:18:27.006628 np0000182457 nova-scheduler[108790]: DEBUG oslo.service.backend._threading.loopingcall [None req-7b30e813-ffef-483f-a9aa-946b67a48aef None None] Dynamic interval looping call 'nova.service.Service.periodic_tasks' sleeping for 60.00 seconds {{(pid=108790) _run_loop /opt/stack/data/venv/lib/python3.12/site-packages/oslo_service/backend/_threading/loopingcall.py:125}}
Jun 22 06:18:27.008032 np0000182457 nova-scheduler[108798]: DEBUG oslo.service.backend._threading.loopingcall [None req-16bc7523-0480-4716-96a6-6f0c7c858a55 None None] Dynamic interval looping call 'nova.service.Service.periodic_tasks' sleeping for 60.00 seconds {{(pid=108798) _run_loop /opt/stack/data/venv/lib/python3.12/site-packages/oslo_service/backend/_threading/loopingcall.py:125}}
Jun 22 06:18:51.008142 np0000182457 nova-scheduler[108780]: DEBUG oslo.service.backend._threading.loopingcall [None req-f6672441-147e-4e52-bfc5-58e501d0a7ae None None] Dynamic interval looping call 'nova.service.Service.periodic_tasks' sleeping for 60.00 seconds {{(pid=108780) _run_loop /opt/stack/data/venv/lib/python3.12/site-packages/oslo_service/backend/_threading/loopingcall.py:125}}
Jun 22 06:19:13.025451 np0000182457 nova-scheduler[108806]: DEBUG oslo.service.backend._threading.loopingcall [None req-aee35a4d-d340-4155-a218-94aa950bf237 None None] Dynamic interval looping call 'nova.service.Service.periodic_tasks' sleeping for 60.00 seconds {{(pid=108806) _run_loop /opt/stack/data/venv/lib/python3.12/site-packages/oslo_service/backend/_threading/loopingcall.py:125}}
Jun 22 06:19:27.007464 np0000182457 nova-scheduler[108790]: DEBUG oslo.service.backend._threading.loopingcall [None req-7b30e813-ffef-483f-a9aa-946b67a48aef None None] Dynamic interval looping call 'nova.service.Service.periodic_tasks' sleeping for 60.00 seconds {{(pid=108790) _run_loop /opt/stack/data/venv/lib/python3.12/site-packages/oslo_service/backend/_threading/loopingcall.py:125}}
Jun 22 06:19:27.007997 np0000182457 nova-scheduler[108798]: DEBUG oslo.service.backend._threading.loopingcall [None req-16bc7523-0480-4716-96a6-6f0c7c858a55 None None] Dynamic interval looping call 'nova.service.Service.periodic_tasks' sleeping for 60.00 seconds {{(pid=108798) _run_loop /opt/stack/data/venv/lib/python3.12/site-packages/oslo_service/backend/_threading/loopingcall.py:125}}
Jun 22 06:19:51.009790 np0000182457 nova-scheduler[108780]: DEBUG oslo.service.backend._threading.loopingcall [None req-f6672441-147e-4e52-bfc5-58e501d0a7ae None None] Dynamic interval looping call 'nova.service.Service.periodic_tasks' sleeping for 60.00 seconds {{(pid=108780) _run_loop /opt/stack/data/venv/lib/python3.12/site-packages/oslo_service/backend/_threading/loopingcall.py:125}}
Jun 22 06:20:00.024125 np0000182457 nova-scheduler[108790]: DEBUG oslo.service.backend._threading.loopingcall [-] Fixed interval looping call 'nova.servicegroup.drivers.db.DbDriver._report_state' sleeping for 119.99 seconds {{(pid=108790) _run_loop /opt/stack/data/venv/lib/python3.12/site-packages/oslo_service/backend/_threading/loopingcall.py:125}}
Jun 22 06:20:00.024430 np0000182457 nova-scheduler[108780]: DEBUG oslo.service.backend._threading.loopingcall [-] Fixed interval looping call 'nova.servicegroup.drivers.db.DbDriver._report_state' sleeping for 119.98 seconds {{(pid=108780) _run_loop /opt/stack/data/venv/lib/python3.12/site-packages/oslo_service/backend/_threading/loopingcall.py:125}}
Jun 22 06:20:00.024821 np0000182457 nova-scheduler[108798]: DEBUG oslo.service.backend._threading.loopingcall [-] Fixed interval looping call 'nova.servicegroup.drivers.db.DbDriver._report_state' sleeping for 119.99 seconds {{(pid=108798) _run_loop /opt/stack/data/venv/lib/python3.12/site-packages/oslo_service/backend/_threading/loopingcall.py:125}}
Jun 22 06:20:00.035472 np0000182457 nova-scheduler[108806]: DEBUG oslo.service.backend._threading.loopingcall [-] Fixed interval looping call 'nova.servicegroup.drivers.db.DbDriver._report_state' sleeping for 119.99 seconds {{(pid=108806) _run_loop /opt/stack/data/venv/lib/python3.12/site-packages/oslo_service/backend/_threading/loopingcall.py:125}}
Jun 22 06:20:10.013069 np0000182457 nova-scheduler[108780]: DEBUG dbcounter [-] [108780] Writing DB stats nova_cell0:SELECT=1,nova_cell0:UPDATE=1 {{(pid=108780) stat_writer /opt/stack/data/venv/lib/python3.12/site-packages/dbcounter.py:115}}
Jun 22 06:20:10.020006 np0000182457 nova-scheduler[108790]: DEBUG dbcounter [-] [108790] Writing DB stats nova_cell0:SELECT=1,nova_cell0:UPDATE=1 {{(pid=108790) stat_writer /opt/stack/data/venv/lib/python3.12/site-packages/dbcounter.py:115}}
Jun 22 06:20:10.021901 np0000182457 nova-scheduler[108798]: DEBUG dbcounter [-] [108798] Writing DB stats nova_cell0:SELECT=1,nova_cell0:UPDATE=1 {{(pid=108798) stat_writer /opt/stack/data/venv/lib/python3.12/site-packages/dbcounter.py:115}}
Jun 22 06:20:10.031868 np0000182457 nova-scheduler[108806]: DEBUG dbcounter [-] [108806] Writing DB stats nova_cell0:SELECT=1 {{(pid=108806) stat_writer /opt/stack/data/venv/lib/python3.12/site-packages/dbcounter.py:115}}
Jun 22 06:20:13.026276 np0000182457 nova-scheduler[108806]: DEBUG oslo.service.backend._threading.loopingcall [None req-aee35a4d-d340-4155-a218-94aa950bf237 None None] Dynamic interval looping call 'nova.service.Service.periodic_tasks' sleeping for 60.00 seconds {{(pid=108806) _run_loop /opt/stack/data/venv/lib/python3.12/site-packages/oslo_service/backend/_threading/loopingcall.py:125}}
Jun 22 06:20:27.008465 np0000182457 nova-scheduler[108790]: DEBUG oslo.service.backend._threading.loopingcall [None req-7b30e813-ffef-483f-a9aa-946b67a48aef None None] Dynamic interval looping call 'nova.service.Service.periodic_tasks' sleeping for 60.00 seconds {{(pid=108790) _run_loop /opt/stack/data/venv/lib/python3.12/site-packages/oslo_service/backend/_threading/loopingcall.py:125}}
Jun 22 06:20:27.009055 np0000182457 nova-scheduler[108798]: DEBUG oslo.service.backend._threading.loopingcall [None req-16bc7523-0480-4716-96a6-6f0c7c858a55 None None] Dynamic interval looping call 'nova.service.Service.periodic_tasks' sleeping for 60.00 seconds {{(pid=108798) _run_loop /opt/stack/data/venv/lib/python3.12/site-packages/oslo_service/backend/_threading/loopingcall.py:125}}
Jun 22 06:20:51.010654 np0000182457 nova-scheduler[108780]: DEBUG oslo.service.backend._threading.loopingcall [None req-f6672441-147e-4e52-bfc5-58e501d0a7ae None None] Dynamic interval looping call 'nova.service.Service.periodic_tasks' sleeping for 60.00 seconds {{(pid=108780) _run_loop /opt/stack/data/venv/lib/python3.12/site-packages/oslo_service/backend/_threading/loopingcall.py:125}}
Jun 22 06:21:13.028586 np0000182457 nova-scheduler[108806]: DEBUG oslo.service.backend._threading.loopingcall [None req-aee35a4d-d340-4155-a218-94aa950bf237 None None] Dynamic interval looping call 'nova.service.Service.periodic_tasks' sleeping for 60.00 seconds {{(pid=108806) _run_loop /opt/stack/data/venv/lib/python3.12/site-packages/oslo_service/backend/_threading/loopingcall.py:125}}
Jun 22 06:21:27.009096 np0000182457 nova-scheduler[108790]: DEBUG oslo.service.backend._threading.loopingcall [None req-7b30e813-ffef-483f-a9aa-946b67a48aef None None] Dynamic interval looping call 'nova.service.Service.periodic_tasks' sleeping for 60.00 seconds {{(pid=108790) _run_loop /opt/stack/data/venv/lib/python3.12/site-packages/oslo_service/backend/_threading/loopingcall.py:125}}
Jun 22 06:21:27.010172 np0000182457 nova-scheduler[108798]: DEBUG oslo.service.backend._threading.loopingcall [None req-16bc7523-0480-4716-96a6-6f0c7c858a55 None None] Dynamic interval looping call 'nova.service.Service.periodic_tasks' sleeping for 60.00 seconds {{(pid=108798) _run_loop /opt/stack/data/venv/lib/python3.12/site-packages/oslo_service/backend/_threading/loopingcall.py:125}}
Jun 22 06:21:51.011659 np0000182457 nova-scheduler[108780]: DEBUG oslo.service.backend._threading.loopingcall [None req-f6672441-147e-4e52-bfc5-58e501d0a7ae None None] Dynamic interval looping call 'nova.service.Service.periodic_tasks' sleeping for 60.00 seconds {{(pid=108780) _run_loop /opt/stack/data/venv/lib/python3.12/site-packages/oslo_service/backend/_threading/loopingcall.py:125}}
Jun 22 06:22:00.015078 np0000182457 nova-scheduler[108780]: DEBUG oslo.service.backend._threading.loopingcall [-] Fixed interval looping call 'nova.servicegroup.drivers.db.DbDriver._report_state' sleeping for 119.99 seconds {{(pid=108780) _run_loop /opt/stack/data/venv/lib/python3.12/site-packages/oslo_service/backend/_threading/loopingcall.py:125}}
Jun 22 06:22:00.021098 np0000182457 nova-scheduler[108798]: DEBUG oslo.service.backend._threading.loopingcall [-] Fixed interval looping call 'nova.servicegroup.drivers.db.DbDriver._report_state' sleeping for 119.99 seconds {{(pid=108798) _run_loop /opt/stack/data/venv/lib/python3.12/site-packages/oslo_service/backend/_threading/loopingcall.py:125}}
Jun 22 06:22:00.021559 np0000182457 nova-scheduler[108790]: DEBUG oslo.service.backend._threading.loopingcall [-] Fixed interval looping call 'nova.servicegroup.drivers.db.DbDriver._report_state' sleeping for 119.99 seconds {{(pid=108790) _run_loop /opt/stack/data/venv/lib/python3.12/site-packages/oslo_service/backend/_threading/loopingcall.py:125}}
Jun 22 06:22:00.034038 np0000182457 nova-scheduler[108806]: DEBUG oslo.service.backend._threading.loopingcall [-] Fixed interval looping call 'nova.servicegroup.drivers.db.DbDriver._report_state' sleeping for 119.99 seconds {{(pid=108806) _run_loop /opt/stack/data/venv/lib/python3.12/site-packages/oslo_service/backend/_threading/loopingcall.py:125}}
Jun 22 06:22:10.010497 np0000182457 nova-scheduler[108780]: DEBUG dbcounter [-] [108780] Writing DB stats nova_cell0:SELECT=1,nova_cell0:UPDATE=1 {{(pid=108780) stat_writer /opt/stack/data/venv/lib/python3.12/site-packages/dbcounter.py:115}}
Jun 22 06:22:10.017798 np0000182457 nova-scheduler[108790]: DEBUG dbcounter [-] [108790] Writing DB stats nova_cell0:SELECT=1 {{(pid=108790) stat_writer /opt/stack/data/venv/lib/python3.12/site-packages/dbcounter.py:115}}
Jun 22 06:22:10.018521 np0000182457 nova-scheduler[108798]: DEBUG dbcounter [-] [108798] Writing DB stats nova_cell0:SELECT=1 {{(pid=108798) stat_writer /opt/stack/data/venv/lib/python3.12/site-packages/dbcounter.py:115}}
Jun 22 06:22:10.029555 np0000182457 nova-scheduler[108806]: DEBUG dbcounter [-] [108806] Writing DB stats nova_cell0:SELECT=1 {{(pid=108806) stat_writer /opt/stack/data/venv/lib/python3.12/site-packages/dbcounter.py:115}}
Jun 22 06:22:13.029280 np0000182457 nova-scheduler[108806]: DEBUG oslo.service.backend._threading.loopingcall [None req-aee35a4d-d340-4155-a218-94aa950bf237 None None] Dynamic interval looping call 'nova.service.Service.periodic_tasks' sleeping for 60.00 seconds {{(pid=108806) _run_loop /opt/stack/data/venv/lib/python3.12/site-packages/oslo_service/backend/_threading/loopingcall.py:125}}
