Jun 26 22:04:17.812521 np0000183218 systemd[1]: Starting devstack@n-api-meta.service - Devstack devstack@n-api-meta.service...
Jun 26 22:04:17.819788 np0000183218 devstack@n-api-meta.service[108447]: [uWSGI] getting INI configuration from /etc/nova/nova-metadata-uwsgi.ini
Jun 26 22:04:17.822631 np0000183218 devstack@n-api-meta.service[108447]: *** Starting uWSGI 2.0.24-debian (64bit) on [Fri Jun 26 22:04:17 2026] ***
Jun 26 22:04:17.822631 np0000183218 devstack@n-api-meta.service[108447]: compiled with version: 13.2.0 on 17 April 2024 16:23:48
Jun 26 22:04:17.822631 np0000183218 devstack@n-api-meta.service[108447]: os: Linux-6.8.0-124-generic #124-Ubuntu SMP PREEMPT_DYNAMIC Tue May 26 13:00:45 UTC 2026
Jun 26 22:04:17.822631 np0000183218 devstack@n-api-meta.service[108447]: nodename: np0000183218
Jun 26 22:04:17.822631 np0000183218 devstack@n-api-meta.service[108447]: machine: x86_64
Jun 26 22:04:17.822631 np0000183218 devstack@n-api-meta.service[108447]: clock source: unix
Jun 26 22:04:17.822631 np0000183218 devstack@n-api-meta.service[108447]: pcre jit disabled
Jun 26 22:04:17.822631 np0000183218 devstack@n-api-meta.service[108447]: detected number of CPU cores: 16
Jun 26 22:04:17.822631 np0000183218 devstack@n-api-meta.service[108447]: current working directory: /
Jun 26 22:04:17.822631 np0000183218 devstack@n-api-meta.service[108447]: detected binary path: /usr/bin/uwsgi-core
Jun 26 22:04:17.822631 np0000183218 devstack@n-api-meta.service[108447]: your processes number limit is 256917
Jun 26 22:04:17.822631 np0000183218 devstack@n-api-meta.service[108447]: your memory page size is 4096 bytes
Jun 26 22:04:17.822631 np0000183218 devstack@n-api-meta.service[108447]: detected max file descriptor number: 2048
Jun 26 22:04:17.822631 np0000183218 devstack@n-api-meta.service[108447]: lock engine: pthread robust mutexes
Jun 26 22:04:17.823335 np0000183218 devstack@n-api-meta.service[108447]: thunder lock: enabled
Jun 26 22:04:17.823335 np0000183218 devstack@n-api-meta.service[108447]: uWSGI http bound on 0.0.0.0:8775 fd 5
Jun 26 22:04:17.823335 np0000183218 devstack@n-api-meta.service[108447]: uwsgi socket 0 bound to TCP address 127.0.0.1:36393 (port auto-assigned) fd 4
Jun 26 22:04:17.823335 np0000183218 devstack@n-api-meta.service[108447]: Python version: 3.12.3 (main, Mar 23 2026, 19:04:32) [GCC 13.3.0]
Jun 26 22:04:17.823335 np0000183218 devstack@n-api-meta.service[108447]: PEP 405 virtualenv detected: /opt/stack/data/venv
Jun 26 22:04:17.823335 np0000183218 devstack@n-api-meta.service[108447]: Set PythonHome to /opt/stack/data/venv
Jun 26 22:04:17.860680 np0000183218 devstack@n-api-meta.service[108447]: Python main interpreter initialized at 0x7d8c5e8a3668
Jun 26 22:04:17.860680 np0000183218 devstack@n-api-meta.service[108447]: python threads support enabled
Jun 26 22:04:17.860680 np0000183218 devstack@n-api-meta.service[108447]: your server socket listen backlog is limited to 100 connections
Jun 26 22:04:17.860680 np0000183218 devstack@n-api-meta.service[108447]: your mercy for graceful operations on workers is 80 seconds
Jun 26 22:04:17.861192 np0000183218 devstack@n-api-meta.service[108447]: mapped 671795 bytes (656 KB) for 4 cores
Jun 26 22:04:17.861340 np0000183218 devstack@n-api-meta.service[108447]: *** Operational MODE: preforking ***
Jun 26 22:04:17.861543 np0000183218 devstack@n-api-meta.service[108447]: *** uWSGI is running in multiple interpreter mode ***
Jun 26 22:04:17.861543 np0000183218 devstack@n-api-meta.service[108447]: spawned uWSGI master process (pid: 108447)
Jun 26 22:04:17.861765 np0000183218 systemd[1]: Started devstack@n-api-meta.service - Devstack devstack@n-api-meta.service.
Jun 26 22:04:17.862319 np0000183218 devstack@n-api-meta.service[108447]: spawned uWSGI worker 1 (pid: 108448, cores: 1)
Jun 26 22:04:17.863077 np0000183218 devstack@n-api-meta.service[108447]: spawned uWSGI worker 2 (pid: 108449, cores: 1)
Jun 26 22:04:17.863535 np0000183218 devstack@n-api-meta.service[108447]: spawned uWSGI worker 3 (pid: 108450, cores: 1)
Jun 26 22:04:17.864045 np0000183218 devstack@n-api-meta.service[108447]: spawned uWSGI worker 4 (pid: 108451, cores: 1)
Jun 26 22:04:17.864488 np0000183218 devstack@n-api-meta.service[108447]: spawned uWSGI http 1 (pid: 108452)
Jun 26 22:04:17.864488 np0000183218 devstack@n-api-meta.service[108447]: running "unix_signal:15 gracefully_kill_them_all" (master-start)...
Jun 26 22:04:19.903895 np0000183218 devstack@n-api-meta.service[108449]: INFO dbcounter [None req-068de85a-8686-4859-a951-855c8697601e None None] Registered counter for database nova_api
Jun 26 22:04:19.942146 np0000183218 devstack@n-api-meta.service[108448]: INFO dbcounter [None req-5f60aa39-f743-4bef-95f4-f09bec2e819c None None] Registered counter for database nova_api
Jun 26 22:04:19.953741 np0000183218 devstack@n-api-meta.service[108449]: DEBUG oslo_db.sqlalchemy.engines [None req-068de85a-8686-4859-a951-855c8697601e None None] MySQL server mode set to STRICT_TRANS_TABLES,STRICT_ALL_TABLES,NO_ZERO_IN_DATE,NO_ZERO_DATE,ERROR_FOR_DIVISION_BY_ZERO,TRADITIONAL,NO_ENGINE_SUBSTITUTION {{(pid=108449) _check_effective_sql_mode /opt/stack/data/venv/lib/python3.12/site-packages/oslo_db/sqlalchemy/engines.py:325}}
Jun 26 22:04:19.979721 np0000183218 devstack@n-api-meta.service[108451]: INFO dbcounter [None req-0eb2cd17-0f28-4cc3-aaf5-7a4fcab7e125 None None] Registered counter for database nova_api
Jun 26 22:04:19.990672 np0000183218 devstack@n-api-meta.service[108449]: DEBUG dbcounter [-] [108449] Writer thread running {{(pid=108449) stat_writer /opt/stack/data/venv/lib/python3.12/site-packages/dbcounter.py:102}}
Jun 26 22:04:19.994702 np0000183218 devstack@n-api-meta.service[108449]: DEBUG nova.context [None req-068de85a-8686-4859-a951-855c8697601e None None] Found 2 cells: 00000000-0000-0000-0000-000000000000(cell0),cb8a6070-3f71-4716-a709-1d6e32ec184d(cell1) {{(pid=108449) load_cells /opt/stack/nova/nova/context.py:509}}
Jun 26 22:04:19.994702 np0000183218 devstack@n-api-meta.service[108449]: INFO nova.utils [None req-068de85a-8686-4859-a951-855c8697601e None None] The cell worker thread pool MainProcess.cell_worker is initialized
Jun 26 22:04:19.996120 np0000183218 devstack@n-api-meta.service[108448]: DEBUG oslo_db.sqlalchemy.engines [None req-5f60aa39-f743-4bef-95f4-f09bec2e819c None None] MySQL server mode set to STRICT_TRANS_TABLES,STRICT_ALL_TABLES,NO_ZERO_IN_DATE,NO_ZERO_DATE,ERROR_FOR_DIVISION_BY_ZERO,TRADITIONAL,NO_ENGINE_SUBSTITUTION {{(pid=108448) _check_effective_sql_mode /opt/stack/data/venv/lib/python3.12/site-packages/oslo_db/sqlalchemy/engines.py:325}}
Jun 26 22:04:19.997338 np0000183218 devstack@n-api-meta.service[108449]: DEBUG oslo_concurrency.lockutils [None req-068de85a-8686-4859-a951-855c8697601e None None] Acquiring lock "00000000-0000-0000-0000-000000000000" by "nova.context.set_target_cell..get_or_set_cached_cell_and_set_connections" {{(pid=108449) inner /opt/stack/data/venv/lib/python3.12/site-packages/oslo_concurrency/lockutils.py:511}}
Jun 26 22:04:19.997338 np0000183218 devstack@n-api-meta.service[108449]: DEBUG oslo_concurrency.lockutils [None req-068de85a-8686-4859-a951-855c8697601e None None] Lock "00000000-0000-0000-0000-000000000000" acquired by "nova.context.set_target_cell..get_or_set_cached_cell_and_set_connections" :: waited 0.000s {{(pid=108449) inner /opt/stack/data/venv/lib/python3.12/site-packages/oslo_concurrency/lockutils.py:524}}
Jun 26 22:04:19.997873 np0000183218 devstack@n-api-meta.service[108449]: DEBUG oslo_concurrency.lockutils [None req-068de85a-8686-4859-a951-855c8697601e None None] Lock "00000000-0000-0000-0000-000000000000" "released" by "nova.context.set_target_cell..get_or_set_cached_cell_and_set_connections" :: held 0.001s {{(pid=108449) inner /opt/stack/data/venv/lib/python3.12/site-packages/oslo_concurrency/lockutils.py:543}}
Jun 26 22:04:19.998694 np0000183218 devstack@n-api-meta.service[108449]: DEBUG oslo_concurrency.lockutils [None req-068de85a-8686-4859-a951-855c8697601e None None] Acquiring lock "cb8a6070-3f71-4716-a709-1d6e32ec184d" by "nova.context.set_target_cell..get_or_set_cached_cell_and_set_connections" {{(pid=108449) inner /opt/stack/data/venv/lib/python3.12/site-packages/oslo_concurrency/lockutils.py:511}}
Jun 26 22:04:19.998848 np0000183218 devstack@n-api-meta.service[108449]: DEBUG oslo_concurrency.lockutils [None req-068de85a-8686-4859-a951-855c8697601e None None] Lock "cb8a6070-3f71-4716-a709-1d6e32ec184d" acquired by "nova.context.set_target_cell..get_or_set_cached_cell_and_set_connections" :: waited 0.000s {{(pid=108449) inner /opt/stack/data/venv/lib/python3.12/site-packages/oslo_concurrency/lockutils.py:524}}
Jun 26 22:04:19.999805 np0000183218 devstack@n-api-meta.service[108449]: DEBUG oslo_concurrency.lockutils [None req-068de85a-8686-4859-a951-855c8697601e None None] Lock "cb8a6070-3f71-4716-a709-1d6e32ec184d" "released" by "nova.context.set_target_cell..get_or_set_cached_cell_and_set_connections" :: held 0.001s {{(pid=108449) inner /opt/stack/data/venv/lib/python3.12/site-packages/oslo_concurrency/lockutils.py:543}}
Jun 26 22:04:20.003220 np0000183218 devstack@n-api-meta.service[108449]: INFO dbcounter [None req-068de85a-8686-4859-a951-855c8697601e None None] Registered counter for database nova_cell0
Jun 26 22:04:20.013015 np0000183218 devstack@n-api-meta.service[108449]: INFO dbcounter [None req-068de85a-8686-4859-a951-855c8697601e None None] Registered counter for database nova_cell1
Jun 26 22:04:20.034085 np0000183218 devstack@n-api-meta.service[108451]: DEBUG oslo_db.sqlalchemy.engines [None req-0eb2cd17-0f28-4cc3-aaf5-7a4fcab7e125 None None] MySQL server mode set to STRICT_TRANS_TABLES,STRICT_ALL_TABLES,NO_ZERO_IN_DATE,NO_ZERO_DATE,ERROR_FOR_DIVISION_BY_ZERO,TRADITIONAL,NO_ENGINE_SUBSTITUTION {{(pid=108451) _check_effective_sql_mode /opt/stack/data/venv/lib/python3.12/site-packages/oslo_db/sqlalchemy/engines.py:325}}
Jun 26 22:04:20.034519 np0000183218 devstack@n-api-meta.service[108450]: INFO dbcounter [None req-a0fd5a14-a593-407a-b436-02b5b7aa7940 None None] Registered counter for database nova_api
Jun 26 22:04:20.037835 np0000183218 devstack@n-api-meta.service[108448]: DEBUG dbcounter [-] [108448] Writer thread running {{(pid=108448) stat_writer /opt/stack/data/venv/lib/python3.12/site-packages/dbcounter.py:102}}
Jun 26 22:04:20.041189 np0000183218 devstack@n-api-meta.service[108448]: DEBUG nova.context [None req-5f60aa39-f743-4bef-95f4-f09bec2e819c None None] Found 2 cells: 00000000-0000-0000-0000-000000000000(cell0),cb8a6070-3f71-4716-a709-1d6e32ec184d(cell1) {{(pid=108448) load_cells /opt/stack/nova/nova/context.py:509}}
Jun 26 22:04:20.041468 np0000183218 devstack@n-api-meta.service[108448]: INFO nova.utils [None req-5f60aa39-f743-4bef-95f4-f09bec2e819c None None] The cell worker thread pool MainProcess.cell_worker is initialized
Jun 26 22:04:20.044057 np0000183218 devstack@n-api-meta.service[108448]: DEBUG oslo_concurrency.lockutils [None req-5f60aa39-f743-4bef-95f4-f09bec2e819c None None] Acquiring lock "00000000-0000-0000-0000-000000000000" by "nova.context.set_target_cell..get_or_set_cached_cell_and_set_connections" {{(pid=108448) inner /opt/stack/data/venv/lib/python3.12/site-packages/oslo_concurrency/lockutils.py:511}}
Jun 26 22:04:20.044185 np0000183218 devstack@n-api-meta.service[108448]: DEBUG oslo_concurrency.lockutils [None req-5f60aa39-f743-4bef-95f4-f09bec2e819c None None] Lock "00000000-0000-0000-0000-000000000000" acquired by "nova.context.set_target_cell..get_or_set_cached_cell_and_set_connections" :: waited 0.000s {{(pid=108448) inner /opt/stack/data/venv/lib/python3.12/site-packages/oslo_concurrency/lockutils.py:524}}
Jun 26 22:04:20.044633 np0000183218 devstack@n-api-meta.service[108448]: DEBUG oslo_concurrency.lockutils [None req-5f60aa39-f743-4bef-95f4-f09bec2e819c None None] Lock "00000000-0000-0000-0000-000000000000" "released" by "nova.context.set_target_cell..get_or_set_cached_cell_and_set_connections" :: held 0.001s {{(pid=108448) inner /opt/stack/data/venv/lib/python3.12/site-packages/oslo_concurrency/lockutils.py:543}}
Jun 26 22:04:20.045671 np0000183218 devstack@n-api-meta.service[108448]: DEBUG oslo_concurrency.lockutils [None req-5f60aa39-f743-4bef-95f4-f09bec2e819c None None] Acquiring lock "cb8a6070-3f71-4716-a709-1d6e32ec184d" by "nova.context.set_target_cell..get_or_set_cached_cell_and_set_connections" {{(pid=108448) inner /opt/stack/data/venv/lib/python3.12/site-packages/oslo_concurrency/lockutils.py:511}}
Jun 26 22:04:20.045870 np0000183218 devstack@n-api-meta.service[108448]: DEBUG oslo_concurrency.lockutils [None req-5f60aa39-f743-4bef-95f4-f09bec2e819c None None] Lock "cb8a6070-3f71-4716-a709-1d6e32ec184d" acquired by "nova.context.set_target_cell..get_or_set_cached_cell_and_set_connections" :: waited 0.000s {{(pid=108448) inner /opt/stack/data/venv/lib/python3.12/site-packages/oslo_concurrency/lockutils.py:524}}
Jun 26 22:04:20.047027 np0000183218 devstack@n-api-meta.service[108448]: DEBUG oslo_concurrency.lockutils [None req-5f60aa39-f743-4bef-95f4-f09bec2e819c None None] Lock "cb8a6070-3f71-4716-a709-1d6e32ec184d" "released" by "nova.context.set_target_cell..get_or_set_cached_cell_and_set_connections" :: held 0.001s {{(pid=108448) inner /opt/stack/data/venv/lib/python3.12/site-packages/oslo_concurrency/lockutils.py:543}}
Jun 26 22:04:20.051228 np0000183218 devstack@n-api-meta.service[108448]: INFO dbcounter [None req-5f60aa39-f743-4bef-95f4-f09bec2e819c None None] Registered counter for database nova_cell0
Jun 26 22:04:20.056671 np0000183218 devstack@n-api-meta.service[108448]: INFO dbcounter [None req-5f60aa39-f743-4bef-95f4-f09bec2e819c None None] Registered counter for database nova_cell1
Jun 26 22:04:20.070202 np0000183218 devstack@n-api-meta.service[108451]: DEBUG dbcounter [-] [108451] Writer thread running {{(pid=108451) stat_writer /opt/stack/data/venv/lib/python3.12/site-packages/dbcounter.py:102}}
Jun 26 22:04:20.073289 np0000183218 devstack@n-api-meta.service[108451]: DEBUG nova.context [None req-0eb2cd17-0f28-4cc3-aaf5-7a4fcab7e125 None None] Found 2 cells: 00000000-0000-0000-0000-000000000000(cell0),cb8a6070-3f71-4716-a709-1d6e32ec184d(cell1) {{(pid=108451) load_cells /opt/stack/nova/nova/context.py:509}}
Jun 26 22:04:20.073550 np0000183218 devstack@n-api-meta.service[108451]: INFO nova.utils [None req-0eb2cd17-0f28-4cc3-aaf5-7a4fcab7e125 None None] The cell worker thread pool MainProcess.cell_worker is initialized
Jun 26 22:04:20.075973 np0000183218 devstack@n-api-meta.service[108451]: DEBUG oslo_concurrency.lockutils [None req-0eb2cd17-0f28-4cc3-aaf5-7a4fcab7e125 None None] Acquiring lock "00000000-0000-0000-0000-000000000000" by "nova.context.set_target_cell..get_or_set_cached_cell_and_set_connections" {{(pid=108451) inner /opt/stack/data/venv/lib/python3.12/site-packages/oslo_concurrency/lockutils.py:511}}
Jun 26 22:04:20.076240 np0000183218 devstack@n-api-meta.service[108451]: DEBUG oslo_concurrency.lockutils [None req-0eb2cd17-0f28-4cc3-aaf5-7a4fcab7e125 None None] Lock "00000000-0000-0000-0000-000000000000" acquired by "nova.context.set_target_cell..get_or_set_cached_cell_and_set_connections" :: waited 0.000s {{(pid=108451) inner /opt/stack/data/venv/lib/python3.12/site-packages/oslo_concurrency/lockutils.py:524}}
Jun 26 22:04:20.076777 np0000183218 devstack@n-api-meta.service[108451]: DEBUG oslo_concurrency.lockutils [None req-0eb2cd17-0f28-4cc3-aaf5-7a4fcab7e125 None None] Lock "00000000-0000-0000-0000-000000000000" "released" by "nova.context.set_target_cell..get_or_set_cached_cell_and_set_connections" :: held 0.001s {{(pid=108451) inner /opt/stack/data/venv/lib/python3.12/site-packages/oslo_concurrency/lockutils.py:543}}
Jun 26 22:04:20.077923 np0000183218 devstack@n-api-meta.service[108451]: DEBUG oslo_concurrency.lockutils [None req-0eb2cd17-0f28-4cc3-aaf5-7a4fcab7e125 None None] Acquiring lock "cb8a6070-3f71-4716-a709-1d6e32ec184d" by "nova.context.set_target_cell..get_or_set_cached_cell_and_set_connections" {{(pid=108451) inner /opt/stack/data/venv/lib/python3.12/site-packages/oslo_concurrency/lockutils.py:511}}
Jun 26 22:04:20.078159 np0000183218 devstack@n-api-meta.service[108451]: DEBUG oslo_concurrency.lockutils [None req-0eb2cd17-0f28-4cc3-aaf5-7a4fcab7e125 None None] Lock "cb8a6070-3f71-4716-a709-1d6e32ec184d" acquired by "nova.context.set_target_cell..get_or_set_cached_cell_and_set_connections" :: waited 0.000s {{(pid=108451) inner /opt/stack/data/venv/lib/python3.12/site-packages/oslo_concurrency/lockutils.py:524}}
Jun 26 22:04:20.079464 np0000183218 devstack@n-api-meta.service[108451]: DEBUG oslo_concurrency.lockutils [None req-0eb2cd17-0f28-4cc3-aaf5-7a4fcab7e125 None None] Lock "cb8a6070-3f71-4716-a709-1d6e32ec184d" "released" by "nova.context.set_target_cell..get_or_set_cached_cell_and_set_connections" :: held 0.001s {{(pid=108451) inner /opt/stack/data/venv/lib/python3.12/site-packages/oslo_concurrency/lockutils.py:543}}
Jun 26 22:04:20.083107 np0000183218 devstack@n-api-meta.service[108451]: INFO dbcounter [None req-0eb2cd17-0f28-4cc3-aaf5-7a4fcab7e125 None None] Registered counter for database nova_cell0
Jun 26 22:04:20.085415 np0000183218 devstack@n-api-meta.service[108450]: DEBUG oslo_db.sqlalchemy.engines [None req-a0fd5a14-a593-407a-b436-02b5b7aa7940 None None] MySQL server mode set to STRICT_TRANS_TABLES,STRICT_ALL_TABLES,NO_ZERO_IN_DATE,NO_ZERO_DATE,ERROR_FOR_DIVISION_BY_ZERO,TRADITIONAL,NO_ENGINE_SUBSTITUTION {{(pid=108450) _check_effective_sql_mode /opt/stack/data/venv/lib/python3.12/site-packages/oslo_db/sqlalchemy/engines.py:325}}
Jun 26 22:04:20.089403 np0000183218 devstack@n-api-meta.service[108451]: INFO dbcounter [None req-0eb2cd17-0f28-4cc3-aaf5-7a4fcab7e125 None None] Registered counter for database nova_cell1
Jun 26 22:04:20.091523 np0000183218 devstack@n-api-meta.service[108449]: DEBUG oslo_db.sqlalchemy.engines [None req-068de85a-8686-4859-a951-855c8697601e None None] MySQL server mode set to STRICT_TRANS_TABLES,STRICT_ALL_TABLES,NO_ZERO_IN_DATE,NO_ZERO_DATE,ERROR_FOR_DIVISION_BY_ZERO,TRADITIONAL,NO_ENGINE_SUBSTITUTION {{(pid=108449) _check_effective_sql_mode /opt/stack/data/venv/lib/python3.12/site-packages/oslo_db/sqlalchemy/engines.py:325}}
Jun 26 22:04:20.097209 np0000183218 devstack@n-api-meta.service[108449]: DEBUG oslo_db.sqlalchemy.engines [None req-068de85a-8686-4859-a951-855c8697601e None None] MySQL server mode set to STRICT_TRANS_TABLES,STRICT_ALL_TABLES,NO_ZERO_IN_DATE,NO_ZERO_DATE,ERROR_FOR_DIVISION_BY_ZERO,TRADITIONAL,NO_ENGINE_SUBSTITUTION {{(pid=108449) _check_effective_sql_mode /opt/stack/data/venv/lib/python3.12/site-packages/oslo_db/sqlalchemy/engines.py:325}}
Jun 26 22:04:20.128467 np0000183218 devstack@n-api-meta.service[108450]: DEBUG dbcounter [-] [108450] Writer thread running {{(pid=108450) stat_writer /opt/stack/data/venv/lib/python3.12/site-packages/dbcounter.py:102}}
Jun 26 22:04:20.132010 np0000183218 devstack@n-api-meta.service[108450]: DEBUG nova.context [None req-a0fd5a14-a593-407a-b436-02b5b7aa7940 None None] Found 2 cells: 00000000-0000-0000-0000-000000000000(cell0),cb8a6070-3f71-4716-a709-1d6e32ec184d(cell1) {{(pid=108450) load_cells /opt/stack/nova/nova/context.py:509}}
Jun 26 22:04:20.132302 np0000183218 devstack@n-api-meta.service[108450]: INFO nova.utils [None req-a0fd5a14-a593-407a-b436-02b5b7aa7940 None None] The cell worker thread pool MainProcess.cell_worker is initialized
Jun 26 22:04:20.134905 np0000183218 devstack@n-api-meta.service[108450]: DEBUG oslo_concurrency.lockutils [None req-a0fd5a14-a593-407a-b436-02b5b7aa7940 None None] Acquiring lock "00000000-0000-0000-0000-000000000000" by "nova.context.set_target_cell..get_or_set_cached_cell_and_set_connections" {{(pid=108450) inner /opt/stack/data/venv/lib/python3.12/site-packages/oslo_concurrency/lockutils.py:511}}
Jun 26 22:04:20.135154 np0000183218 devstack@n-api-meta.service[108450]: DEBUG oslo_concurrency.lockutils [None req-a0fd5a14-a593-407a-b436-02b5b7aa7940 None None] Lock "00000000-0000-0000-0000-000000000000" acquired by "nova.context.set_target_cell..get_or_set_cached_cell_and_set_connections" :: waited 0.000s {{(pid=108450) inner /opt/stack/data/venv/lib/python3.12/site-packages/oslo_concurrency/lockutils.py:524}}
Jun 26 22:04:20.135702 np0000183218 devstack@n-api-meta.service[108450]: DEBUG oslo_concurrency.lockutils [None req-a0fd5a14-a593-407a-b436-02b5b7aa7940 None None] Lock "00000000-0000-0000-0000-000000000000" "released" by "nova.context.set_target_cell..get_or_set_cached_cell_and_set_connections" :: held 0.001s {{(pid=108450) inner /opt/stack/data/venv/lib/python3.12/site-packages/oslo_concurrency/lockutils.py:543}}
Jun 26 22:04:20.136535 np0000183218 devstack@n-api-meta.service[108450]: DEBUG oslo_concurrency.lockutils [None req-a0fd5a14-a593-407a-b436-02b5b7aa7940 None None] Acquiring lock "cb8a6070-3f71-4716-a709-1d6e32ec184d" by "nova.context.set_target_cell..get_or_set_cached_cell_and_set_connections" {{(pid=108450) inner /opt/stack/data/venv/lib/python3.12/site-packages/oslo_concurrency/lockutils.py:511}}
Jun 26 22:04:20.138833 np0000183218 devstack@n-api-meta.service[108450]: DEBUG oslo_concurrency.lockutils [None req-a0fd5a14-a593-407a-b436-02b5b7aa7940 None None] Lock "cb8a6070-3f71-4716-a709-1d6e32ec184d" acquired by "nova.context.set_target_cell..get_or_set_cached_cell_and_set_connections" :: waited 0.000s {{(pid=108450) inner /opt/stack/data/venv/lib/python3.12/site-packages/oslo_concurrency/lockutils.py:524}}
Jun 26 22:04:20.140827 np0000183218 devstack@n-api-meta.service[108450]: INFO dbcounter [None req-a0fd5a14-a593-407a-b436-02b5b7aa7940 None None] Registered counter for database nova_cell0
Jun 26 22:04:20.141436 np0000183218 devstack@n-api-meta.service[108448]: DEBUG oslo_db.sqlalchemy.engines [None req-5f60aa39-f743-4bef-95f4-f09bec2e819c None None] MySQL server mode set to STRICT_TRANS_TABLES,STRICT_ALL_TABLES,NO_ZERO_IN_DATE,NO_ZERO_DATE,ERROR_FOR_DIVISION_BY_ZERO,TRADITIONAL,NO_ENGINE_SUBSTITUTION {{(pid=108448) _check_effective_sql_mode /opt/stack/data/venv/lib/python3.12/site-packages/oslo_db/sqlalchemy/engines.py:325}}
Jun 26 22:04:20.143234 np0000183218 devstack@n-api-meta.service[108450]: DEBUG oslo_concurrency.lockutils [None req-a0fd5a14-a593-407a-b436-02b5b7aa7940 None None] Lock "cb8a6070-3f71-4716-a709-1d6e32ec184d" "released" by "nova.context.set_target_cell..get_or_set_cached_cell_and_set_connections" :: held 0.004s {{(pid=108450) inner /opt/stack/data/venv/lib/python3.12/site-packages/oslo_concurrency/lockutils.py:543}}
Jun 26 22:04:20.147291 np0000183218 devstack@n-api-meta.service[108448]: DEBUG oslo_db.sqlalchemy.engines [None req-5f60aa39-f743-4bef-95f4-f09bec2e819c None None] MySQL server mode set to STRICT_TRANS_TABLES,STRICT_ALL_TABLES,NO_ZERO_IN_DATE,NO_ZERO_DATE,ERROR_FOR_DIVISION_BY_ZERO,TRADITIONAL,NO_ENGINE_SUBSTITUTION {{(pid=108448) _check_effective_sql_mode /opt/stack/data/venv/lib/python3.12/site-packages/oslo_db/sqlalchemy/engines.py:325}}
Jun 26 22:04:20.148047 np0000183218 devstack@n-api-meta.service[108450]: INFO dbcounter [None req-a0fd5a14-a593-407a-b436-02b5b7aa7940 None None] Registered counter for database nova_cell1
Jun 26 22:04:20.165812 np0000183218 devstack@n-api-meta.service[108451]: DEBUG oslo_db.sqlalchemy.engines [None req-0eb2cd17-0f28-4cc3-aaf5-7a4fcab7e125 None None] MySQL server mode set to STRICT_TRANS_TABLES,STRICT_ALL_TABLES,NO_ZERO_IN_DATE,NO_ZERO_DATE,ERROR_FOR_DIVISION_BY_ZERO,TRADITIONAL,NO_ENGINE_SUBSTITUTION {{(pid=108451) _check_effective_sql_mode /opt/stack/data/venv/lib/python3.12/site-packages/oslo_db/sqlalchemy/engines.py:325}}
Jun 26 22:04:20.179125 np0000183218 devstack@n-api-meta.service[108451]: DEBUG oslo_db.sqlalchemy.engines [None req-0eb2cd17-0f28-4cc3-aaf5-7a4fcab7e125 None None] MySQL server mode set to STRICT_TRANS_TABLES,STRICT_ALL_TABLES,NO_ZERO_IN_DATE,NO_ZERO_DATE,ERROR_FOR_DIVISION_BY_ZERO,TRADITIONAL,NO_ENGINE_SUBSTITUTION {{(pid=108451) _check_effective_sql_mode /opt/stack/data/venv/lib/python3.12/site-packages/oslo_db/sqlalchemy/engines.py:325}}
Jun 26 22:04:20.203513 np0000183218 devstack@n-api-meta.service[108449]: DEBUG dbcounter [-] [108449] Writer thread running {{(pid=108449) stat_writer /opt/stack/data/venv/lib/python3.12/site-packages/dbcounter.py:102}}
Jun 26 22:04:20.210892 np0000183218 devstack@n-api-meta.service[108449]: DEBUG dbcounter [-] [108449] Writer thread running {{(pid=108449) stat_writer /opt/stack/data/venv/lib/python3.12/site-packages/dbcounter.py:102}}
Jun 26 22:04:20.217532 np0000183218 devstack@n-api-meta.service[108449]: INFO dbcounter [None req-068de85a-8686-4859-a951-855c8697601e None None] Registered counter for database nova_cell0
Jun 26 22:04:20.234242 np0000183218 devstack@n-api-meta.service[108450]: DEBUG oslo_db.sqlalchemy.engines [None req-a0fd5a14-a593-407a-b436-02b5b7aa7940 None None] MySQL server mode set to STRICT_TRANS_TABLES,STRICT_ALL_TABLES,NO_ZERO_IN_DATE,NO_ZERO_DATE,ERROR_FOR_DIVISION_BY_ZERO,TRADITIONAL,NO_ENGINE_SUBSTITUTION {{(pid=108450) _check_effective_sql_mode /opt/stack/data/venv/lib/python3.12/site-packages/oslo_db/sqlalchemy/engines.py:325}}
Jun 26 22:04:20.239120 np0000183218 devstack@n-api-meta.service[108450]: DEBUG oslo_db.sqlalchemy.engines [None req-a0fd5a14-a593-407a-b436-02b5b7aa7940 None None] MySQL server mode set to STRICT_TRANS_TABLES,STRICT_ALL_TABLES,NO_ZERO_IN_DATE,NO_ZERO_DATE,ERROR_FOR_DIVISION_BY_ZERO,TRADITIONAL,NO_ENGINE_SUBSTITUTION {{(pid=108450) _check_effective_sql_mode /opt/stack/data/venv/lib/python3.12/site-packages/oslo_db/sqlalchemy/engines.py:325}}
Jun 26 22:04:20.259094 np0000183218 devstack@n-api-meta.service[108448]: DEBUG dbcounter [-] [108448] Writer thread running {{(pid=108448) stat_writer /opt/stack/data/venv/lib/python3.12/site-packages/dbcounter.py:102}}
Jun 26 22:04:20.263535 np0000183218 devstack@n-api-meta.service[108448]: DEBUG dbcounter [-] [108448] Writer thread running {{(pid=108448) stat_writer /opt/stack/data/venv/lib/python3.12/site-packages/dbcounter.py:102}}
Jun 26 22:04:20.270013 np0000183218 devstack@n-api-meta.service[108449]: DEBUG oslo_db.sqlalchemy.engines [None req-068de85a-8686-4859-a951-855c8697601e None None] MySQL server mode set to STRICT_TRANS_TABLES,STRICT_ALL_TABLES,NO_ZERO_IN_DATE,NO_ZERO_DATE,ERROR_FOR_DIVISION_BY_ZERO,TRADITIONAL,NO_ENGINE_SUBSTITUTION {{(pid=108449) _check_effective_sql_mode /opt/stack/data/venv/lib/python3.12/site-packages/oslo_db/sqlalchemy/engines.py:325}}
Jun 26 22:04:20.270142 np0000183218 devstack@n-api-meta.service[108448]: INFO dbcounter [None req-5f60aa39-f743-4bef-95f4-f09bec2e819c None None] Registered counter for database nova_cell0
Jun 26 22:04:20.281434 np0000183218 devstack@n-api-meta.service[108449]: DEBUG dbcounter [-] [108449] Writer thread running {{(pid=108449) stat_writer /opt/stack/data/venv/lib/python3.12/site-packages/dbcounter.py:102}}
Jun 26 22:04:20.293513 np0000183218 devstack@n-api-meta.service[108451]: DEBUG dbcounter [-] [108451] Writer thread running {{(pid=108451) stat_writer /opt/stack/data/venv/lib/python3.12/site-packages/dbcounter.py:102}}
Jun 26 22:04:20.300831 np0000183218 devstack@n-api-meta.service[108451]: DEBUG dbcounter [-] [108451] Writer thread running {{(pid=108451) stat_writer /opt/stack/data/venv/lib/python3.12/site-packages/dbcounter.py:102}}
Jun 26 22:04:20.308309 np0000183218 devstack@n-api-meta.service[108451]: INFO dbcounter [None req-0eb2cd17-0f28-4cc3-aaf5-7a4fcab7e125 None None] Registered counter for database nova_cell0
Jun 26 22:04:20.325868 np0000183218 devstack@n-api-meta.service[108448]: DEBUG oslo_db.sqlalchemy.engines [None req-5f60aa39-f743-4bef-95f4-f09bec2e819c None None] MySQL server mode set to STRICT_TRANS_TABLES,STRICT_ALL_TABLES,NO_ZERO_IN_DATE,NO_ZERO_DATE,ERROR_FOR_DIVISION_BY_ZERO,TRADITIONAL,NO_ENGINE_SUBSTITUTION {{(pid=108448) _check_effective_sql_mode /opt/stack/data/venv/lib/python3.12/site-packages/oslo_db/sqlalchemy/engines.py:325}}
Jun 26 22:04:20.333178 np0000183218 devstack@n-api-meta.service[108449]: WARNING nova.api.metadata.handler [None req-068de85a-8686-4859-a951-855c8697601e None None] metadata_proxy_shared_secret is not configured, the metadata information returned by the proxy cannot be trusted
Jun 26 22:04:20.335764 np0000183218 devstack@n-api-meta.service[108449]: DEBUG nova.api.openstack.wsgi_app [None req-068de85a-8686-4859-a951-855c8697601e None None] ******************************************************************************** {{(pid=108449) log_opt_values /opt/stack/data/venv/lib/python3.12/site-packages/oslo_config/cfg.py:3226}}
Jun 26 22:04:20.335860 np0000183218 devstack@n-api-meta.service[108449]: DEBUG nova.api.openstack.wsgi_app [None req-068de85a-8686-4859-a951-855c8697601e None None] Configuration options gathered from: {{(pid=108449) log_opt_values /opt/stack/data/venv/lib/python3.12/site-packages/oslo_config/cfg.py:3227}}
Jun 26 22:04:20.336041 np0000183218 devstack@n-api-meta.service[108449]: DEBUG nova.api.openstack.wsgi_app [None req-068de85a-8686-4859-a951-855c8697601e None None] command line args: [] {{(pid=108449) log_opt_values /opt/stack/data/venv/lib/python3.12/site-packages/oslo_config/cfg.py:3228}}
Jun 26 22:04:20.336204 np0000183218 devstack@n-api-meta.service[108449]: DEBUG nova.api.openstack.wsgi_app [None req-068de85a-8686-4859-a951-855c8697601e None None] config files: ['/etc/nova/api-paste.ini', '/etc/nova/nova.conf'] {{(pid=108449) log_opt_values /opt/stack/data/venv/lib/python3.12/site-packages/oslo_config/cfg.py:3229}}
Jun 26 22:04:20.336321 np0000183218 devstack@n-api-meta.service[108449]: DEBUG nova.api.openstack.wsgi_app [None req-068de85a-8686-4859-a951-855c8697601e None None] ================================================================================ {{(pid=108449) log_opt_values /opt/stack/data/venv/lib/python3.12/site-packages/oslo_config/cfg.py:3234}}
Jun 26 22:04:20.336497 np0000183218 devstack@n-api-meta.service[108449]: DEBUG nova.api.openstack.wsgi_app [None req-068de85a-8686-4859-a951-855c8697601e None None] allow_resize_to_same_host = True {{(pid=108449) log_opt_values /opt/stack/data/venv/lib/python3.12/site-packages/oslo_config/cfg.py:3242}}
Jun 26 22:04:20.336634 np0000183218 devstack@n-api-meta.service[108449]: DEBUG nova.api.openstack.wsgi_app [None req-068de85a-8686-4859-a951-855c8697601e None None] arq_binding_timeout = 300 {{(pid=108449) log_opt_values /opt/stack/data/venv/lib/python3.12/site-packages/oslo_config/cfg.py:3242}}
Jun 26 22:04:20.336789 np0000183218 devstack@n-api-meta.service[108449]: DEBUG nova.api.openstack.wsgi_app [None req-068de85a-8686-4859-a951-855c8697601e None None] block_device_allocate_retries = 60 {{(pid=108449) log_opt_values /opt/stack/data/venv/lib/python3.12/site-packages/oslo_config/cfg.py:3242}}
Jun 26 22:04:20.336937 np0000183218 devstack@n-api-meta.service[108449]: DEBUG nova.api.openstack.wsgi_app [None req-068de85a-8686-4859-a951-855c8697601e None None] block_device_allocate_retries_interval = 3 {{(pid=108449) log_opt_values /opt/stack/data/venv/lib/python3.12/site-packages/oslo_config/cfg.py:3242}}
Jun 26 22:04:20.337200 np0000183218 devstack@n-api-meta.service[108449]: DEBUG nova.api.openstack.wsgi_app [None req-068de85a-8686-4859-a951-855c8697601e None None] cell_worker_thread_pool_size = 5 {{(pid=108449) log_opt_values /opt/stack/data/venv/lib/python3.12/site-packages/oslo_config/cfg.py:3242}}
Jun 26 22:04:20.337343 np0000183218 devstack@n-api-meta.service[108449]: DEBUG nova.api.openstack.wsgi_app [None req-068de85a-8686-4859-a951-855c8697601e None None] cert = self.pem {{(pid=108449) log_opt_values /opt/stack/data/venv/lib/python3.12/site-packages/oslo_config/cfg.py:3242}}
Jun 26 22:04:20.337406 np0000183218 devstack@n-api-meta.service[108448]: DEBUG dbcounter [-] [108448] Writer thread running {{(pid=108448) stat_writer /opt/stack/data/venv/lib/python3.12/site-packages/dbcounter.py:102}}
Jun 26 22:04:20.337482 np0000183218 devstack@n-api-meta.service[108449]: DEBUG nova.api.openstack.wsgi_app [None req-068de85a-8686-4859-a951-855c8697601e None None] compute_driver = libvirt.LibvirtDriver {{(pid=108449) log_opt_values /opt/stack/data/venv/lib/python3.12/site-packages/oslo_config/cfg.py:3242}}
Jun 26 22:04:20.337635 np0000183218 devstack@n-api-meta.service[108449]: DEBUG nova.api.openstack.wsgi_app [None req-068de85a-8686-4859-a951-855c8697601e None None] compute_monitors = [] {{(pid=108449) log_opt_values /opt/stack/data/venv/lib/python3.12/site-packages/oslo_config/cfg.py:3242}}
Jun 26 22:04:20.337799 np0000183218 devstack@n-api-meta.service[108449]: DEBUG nova.api.openstack.wsgi_app [None req-068de85a-8686-4859-a951-855c8697601e None None] config_dir = [] {{(pid=108449) log_opt_values /opt/stack/data/venv/lib/python3.12/site-packages/oslo_config/cfg.py:3242}}
Jun 26 22:04:20.337932 np0000183218 devstack@n-api-meta.service[108449]: DEBUG nova.api.openstack.wsgi_app [None req-068de85a-8686-4859-a951-855c8697601e None None] config_drive_format = iso9660 {{(pid=108449) log_opt_values /opt/stack/data/venv/lib/python3.12/site-packages/oslo_config/cfg.py:3242}}
Jun 26 22:04:20.338031 np0000183218 devstack@n-api-meta.service[108449]: DEBUG nova.api.openstack.wsgi_app [None req-068de85a-8686-4859-a951-855c8697601e None None] config_file = ['/etc/nova/api-paste.ini', '/etc/nova/nova.conf'] {{(pid=108449) log_opt_values /opt/stack/data/venv/lib/python3.12/site-packages/oslo_config/cfg.py:3242}}
Jun 26 22:04:20.338168 np0000183218 devstack@n-api-meta.service[108449]: DEBUG nova.api.openstack.wsgi_app [None req-068de85a-8686-4859-a951-855c8697601e None None] config_source = [] {{(pid=108449) log_opt_values /opt/stack/data/venv/lib/python3.12/site-packages/oslo_config/cfg.py:3242}}
Jun 26 22:04:20.338312 np0000183218 devstack@n-api-meta.service[108449]: DEBUG nova.api.openstack.wsgi_app [None req-068de85a-8686-4859-a951-855c8697601e None None] console_host = np0000183218 {{(pid=108449) log_opt_values /opt/stack/data/venv/lib/python3.12/site-packages/oslo_config/cfg.py:3242}}
Jun 26 22:04:20.338422 np0000183218 devstack@n-api-meta.service[108449]: DEBUG nova.api.openstack.wsgi_app [None req-068de85a-8686-4859-a951-855c8697601e None None] control_exchange = nova {{(pid=108449) log_opt_values /opt/stack/data/venv/lib/python3.12/site-packages/oslo_config/cfg.py:3242}}
Jun 26 22:04:20.338585 np0000183218 devstack@n-api-meta.service[108449]: DEBUG nova.api.openstack.wsgi_app [None req-068de85a-8686-4859-a951-855c8697601e None None] cpu_allocation_ratio = None {{(pid=108449) log_opt_values /opt/stack/data/venv/lib/python3.12/site-packages/oslo_config/cfg.py:3242}}
Jun 26 22:04:20.338825 np0000183218 devstack@n-api-meta.service[108449]: DEBUG nova.api.openstack.wsgi_app [None req-068de85a-8686-4859-a951-855c8697601e None None] daemon = False {{(pid=108449) log_opt_values /opt/stack/data/venv/lib/python3.12/site-packages/oslo_config/cfg.py:3242}}
Jun 26 22:04:20.338944 np0000183218 devstack@n-api-meta.service[108449]: DEBUG nova.api.openstack.wsgi_app [None req-068de85a-8686-4859-a951-855c8697601e None None] debug = True {{(pid=108449) log_opt_values /opt/stack/data/venv/lib/python3.12/site-packages/oslo_config/cfg.py:3242}}
Jun 26 22:04:20.339128 np0000183218 devstack@n-api-meta.service[108449]: DEBUG nova.api.openstack.wsgi_app [None req-068de85a-8686-4859-a951-855c8697601e None None] default_access_ip_network_name = None {{(pid=108449) log_opt_values /opt/stack/data/venv/lib/python3.12/site-packages/oslo_config/cfg.py:3242}}
Jun 26 22:04:20.339269 np0000183218 devstack@n-api-meta.service[108449]: DEBUG nova.api.openstack.wsgi_app [None req-068de85a-8686-4859-a951-855c8697601e None None] default_availability_zone = nova {{(pid=108449) log_opt_values /opt/stack/data/venv/lib/python3.12/site-packages/oslo_config/cfg.py:3242}}
Jun 26 22:04:20.339383 np0000183218 devstack@n-api-meta.service[108449]: DEBUG nova.api.openstack.wsgi_app [None req-068de85a-8686-4859-a951-855c8697601e None None] default_ephemeral_format = ext4 {{(pid=108449) log_opt_values /opt/stack/data/venv/lib/python3.12/site-packages/oslo_config/cfg.py:3242}}
Jun 26 22:04:20.339491 np0000183218 devstack@n-api-meta.service[108449]: DEBUG nova.api.openstack.wsgi_app [None req-068de85a-8686-4859-a951-855c8697601e None None] default_green_pool_size = 1000 {{(pid=108449) log_opt_values /opt/stack/data/venv/lib/python3.12/site-packages/oslo_config/cfg.py:3242}}
Jun 26 22:04:20.339705 np0000183218 devstack@n-api-meta.service[108449]: DEBUG nova.api.openstack.wsgi_app [None req-068de85a-8686-4859-a951-855c8697601e None None] default_log_levels = ['amqp=WARN', 'boto=WARN', 'sqlalchemy=WARN', 'suds=INFO', 'oslo.messaging=INFO', 'oslo_messaging=INFO', 'iso8601=WARN', 'requests.packages.urllib3.connectionpool=WARN', 'urllib3.connectionpool=WARN', 'websocket=WARN', 'requests.packages.urllib3.util.retry=WARN', 'urllib3.util.retry=WARN', 'keystonemiddleware=WARN', 'routes.middleware=WARN', 'stevedore=WARN', 'taskflow=WARN', 'keystoneauth=WARN', 'oslo.cache=INFO', 'oslo_policy=INFO', 'dogpile.core.dogpile=INFO', 'glanceclient=WARN', 'oslo.privsep.daemon=INFO'] {{(pid=108449) log_opt_values /opt/stack/data/venv/lib/python3.12/site-packages/oslo_config/cfg.py:3242}}
Jun 26 22:04:20.339948 np0000183218 devstack@n-api-meta.service[108449]: DEBUG nova.api.openstack.wsgi_app [None req-068de85a-8686-4859-a951-855c8697601e None None] default_schedule_zone = None {{(pid=108449) log_opt_values /opt/stack/data/venv/lib/python3.12/site-packages/oslo_config/cfg.py:3242}}
Jun 26 22:04:20.340119 np0000183218 devstack@n-api-meta.service[108449]: DEBUG nova.api.openstack.wsgi_app [None req-068de85a-8686-4859-a951-855c8697601e None None] default_thread_pool_size = 10 {{(pid=108449) log_opt_values /opt/stack/data/venv/lib/python3.12/site-packages/oslo_config/cfg.py:3242}}
Jun 26 22:04:20.340229 np0000183218 devstack@n-api-meta.service[108449]: DEBUG nova.api.openstack.wsgi_app [None req-068de85a-8686-4859-a951-855c8697601e None None] disk_allocation_ratio = None {{(pid=108449) log_opt_values /opt/stack/data/venv/lib/python3.12/site-packages/oslo_config/cfg.py:3242}}
Jun 26 22:04:20.340347 np0000183218 devstack@n-api-meta.service[108449]: DEBUG nova.api.openstack.wsgi_app [None req-068de85a-8686-4859-a951-855c8697601e None None] enable_new_services = True {{(pid=108449) log_opt_values /opt/stack/data/venv/lib/python3.12/site-packages/oslo_config/cfg.py:3242}}
Jun 26 22:04:20.340459 np0000183218 devstack@n-api-meta.service[108449]: DEBUG nova.api.openstack.wsgi_app [None req-068de85a-8686-4859-a951-855c8697601e None None] flat_injected = False {{(pid=108449) log_opt_values /opt/stack/data/venv/lib/python3.12/site-packages/oslo_config/cfg.py:3242}}
Jun 26 22:04:20.340604 np0000183218 devstack@n-api-meta.service[108449]: DEBUG nova.api.openstack.wsgi_app [None req-068de85a-8686-4859-a951-855c8697601e None None] force_config_drive = False {{(pid=108449) log_opt_values /opt/stack/data/venv/lib/python3.12/site-packages/oslo_config/cfg.py:3242}}
Jun 26 22:04:20.340695 np0000183218 devstack@n-api-meta.service[108449]: DEBUG nova.api.openstack.wsgi_app [None req-068de85a-8686-4859-a951-855c8697601e None None] force_raw_images = True {{(pid=108449) log_opt_values /opt/stack/data/venv/lib/python3.12/site-packages/oslo_config/cfg.py:3242}}
Jun 26 22:04:20.340914 np0000183218 devstack@n-api-meta.service[108449]: DEBUG nova.api.openstack.wsgi_app [None req-068de85a-8686-4859-a951-855c8697601e None None] graceful_shutdown_timeout = 5 {{(pid=108449) log_opt_values /opt/stack/data/venv/lib/python3.12/site-packages/oslo_config/cfg.py:3242}}
Jun 26 22:04:20.341096 np0000183218 devstack@n-api-meta.service[108449]: DEBUG nova.api.openstack.wsgi_app [None req-068de85a-8686-4859-a951-855c8697601e None None] heal_instance_info_cache_interval = -1 {{(pid=108449) log_opt_values /opt/stack/data/venv/lib/python3.12/site-packages/oslo_config/cfg.py:3242}}
Jun 26 22:04:20.341293 np0000183218 devstack@n-api-meta.service[108449]: DEBUG nova.api.openstack.wsgi_app [None req-068de85a-8686-4859-a951-855c8697601e None None] host = np0000183218 {{(pid=108449) log_opt_values /opt/stack/data/venv/lib/python3.12/site-packages/oslo_config/cfg.py:3242}}
Jun 26 22:04:20.341430 np0000183218 devstack@n-api-meta.service[108449]: DEBUG nova.api.openstack.wsgi_app [None req-068de85a-8686-4859-a951-855c8697601e None None] initial_cpu_allocation_ratio = 4.0 {{(pid=108449) log_opt_values /opt/stack/data/venv/lib/python3.12/site-packages/oslo_config/cfg.py:3242}}
Jun 26 22:04:20.341563 np0000183218 devstack@n-api-meta.service[108449]: DEBUG nova.api.openstack.wsgi_app [None req-068de85a-8686-4859-a951-855c8697601e None None] initial_disk_allocation_ratio = 1.0 {{(pid=108449) log_opt_values /opt/stack/data/venv/lib/python3.12/site-packages/oslo_config/cfg.py:3242}}
Jun 26 22:04:20.341766 np0000183218 devstack@n-api-meta.service[108449]: DEBUG nova.api.openstack.wsgi_app [None req-068de85a-8686-4859-a951-855c8697601e None None] initial_ram_allocation_ratio = 1.0 {{(pid=108449) log_opt_values /opt/stack/data/venv/lib/python3.12/site-packages/oslo_config/cfg.py:3242}}
Jun 26 22:04:20.341926 np0000183218 devstack@n-api-meta.service[108449]: DEBUG nova.api.openstack.wsgi_app [None req-068de85a-8686-4859-a951-855c8697601e None None] injected_network_template = /opt/stack/nova/nova/virt/interfaces.template {{(pid=108449) log_opt_values /opt/stack/data/venv/lib/python3.12/site-packages/oslo_config/cfg.py:3242}}
Jun 26 22:04:20.342116 np0000183218 devstack@n-api-meta.service[108449]: DEBUG nova.api.openstack.wsgi_app [None req-068de85a-8686-4859-a951-855c8697601e None None] instance_build_timeout = 0 {{(pid=108449) log_opt_values /opt/stack/data/venv/lib/python3.12/site-packages/oslo_config/cfg.py:3242}}
Jun 26 22:04:20.342275 np0000183218 devstack@n-api-meta.service[108449]: DEBUG nova.api.openstack.wsgi_app [None req-068de85a-8686-4859-a951-855c8697601e None None] instance_delete_interval = 300 {{(pid=108449) log_opt_values /opt/stack/data/venv/lib/python3.12/site-packages/oslo_config/cfg.py:3242}}
Jun 26 22:04:20.342418 np0000183218 devstack@n-api-meta.service[108449]: DEBUG nova.api.openstack.wsgi_app [None req-068de85a-8686-4859-a951-855c8697601e None None] instance_format = [instance: %(uuid)s] {{(pid=108449) log_opt_values /opt/stack/data/venv/lib/python3.12/site-packages/oslo_config/cfg.py:3242}}
Jun 26 22:04:20.342649 np0000183218 devstack@n-api-meta.service[108449]: DEBUG nova.api.openstack.wsgi_app [None req-068de85a-8686-4859-a951-855c8697601e None None] instance_name_template = instance-%08x {{(pid=108449) log_opt_values /opt/stack/data/venv/lib/python3.12/site-packages/oslo_config/cfg.py:3242}}
Jun 26 22:04:20.342829 np0000183218 devstack@n-api-meta.service[108449]: DEBUG nova.api.openstack.wsgi_app [None req-068de85a-8686-4859-a951-855c8697601e None None] instance_usage_audit = False {{(pid=108449) log_opt_values /opt/stack/data/venv/lib/python3.12/site-packages/oslo_config/cfg.py:3242}}
Jun 26 22:04:20.342992 np0000183218 devstack@n-api-meta.service[108449]: DEBUG nova.api.openstack.wsgi_app [None req-068de85a-8686-4859-a951-855c8697601e None None] instance_usage_audit_period = month {{(pid=108449) log_opt_values /opt/stack/data/venv/lib/python3.12/site-packages/oslo_config/cfg.py:3242}}
Jun 26 22:04:20.343224 np0000183218 devstack@n-api-meta.service[108449]: DEBUG nova.api.openstack.wsgi_app [None req-068de85a-8686-4859-a951-855c8697601e None None] instance_uuid_format = [instance: %(uuid)s] {{(pid=108449) log_opt_values /opt/stack/data/venv/lib/python3.12/site-packages/oslo_config/cfg.py:3242}}
Jun 26 22:04:20.343399 np0000183218 devstack@n-api-meta.service[108449]: DEBUG nova.api.openstack.wsgi_app [None req-068de85a-8686-4859-a951-855c8697601e None None] instances_path = /opt/stack/data/nova/instances {{(pid=108449) log_opt_values /opt/stack/data/venv/lib/python3.12/site-packages/oslo_config/cfg.py:3242}}
Jun 26 22:04:20.343564 np0000183218 devstack@n-api-meta.service[108449]: DEBUG nova.api.openstack.wsgi_app [None req-068de85a-8686-4859-a951-855c8697601e None None] internal_service_availability_zone = internal {{(pid=108449) log_opt_values /opt/stack/data/venv/lib/python3.12/site-packages/oslo_config/cfg.py:3242}}
Jun 26 22:04:20.343711 np0000183218 devstack@n-api-meta.service[108449]: DEBUG nova.api.openstack.wsgi_app [None req-068de85a-8686-4859-a951-855c8697601e None None] key = None {{(pid=108449) log_opt_values /opt/stack/data/venv/lib/python3.12/site-packages/oslo_config/cfg.py:3242}}
Jun 26 22:04:20.344503 np0000183218 devstack@n-api-meta.service[108449]: DEBUG nova.api.openstack.wsgi_app [None req-068de85a-8686-4859-a951-855c8697601e None None] live_migration_retry_count = 30 {{(pid=108449) log_opt_values /opt/stack/data/venv/lib/python3.12/site-packages/oslo_config/cfg.py:3242}}
Jun 26 22:04:20.344709 np0000183218 devstack@n-api-meta.service[108449]: DEBUG nova.api.openstack.wsgi_app [None req-068de85a-8686-4859-a951-855c8697601e None None] log_color = False {{(pid=108449) log_opt_values /opt/stack/data/venv/lib/python3.12/site-packages/oslo_config/cfg.py:3242}}
Jun 26 22:04:20.344902 np0000183218 devstack@n-api-meta.service[108449]: DEBUG nova.api.openstack.wsgi_app [None req-068de85a-8686-4859-a951-855c8697601e None None] log_config_append = None {{(pid=108449) log_opt_values /opt/stack/data/venv/lib/python3.12/site-packages/oslo_config/cfg.py:3242}}
Jun 26 22:04:20.345115 np0000183218 devstack@n-api-meta.service[108449]: DEBUG nova.api.openstack.wsgi_app [None req-068de85a-8686-4859-a951-855c8697601e None None] log_date_format = %Y-%m-%d %H:%M:%S {{(pid=108449) log_opt_values /opt/stack/data/venv/lib/python3.12/site-packages/oslo_config/cfg.py:3242}}
Jun 26 22:04:20.345342 np0000183218 devstack@n-api-meta.service[108449]: DEBUG nova.api.openstack.wsgi_app [None req-068de85a-8686-4859-a951-855c8697601e None None] log_dir = None {{(pid=108449) log_opt_values /opt/stack/data/venv/lib/python3.12/site-packages/oslo_config/cfg.py:3242}}
Jun 26 22:04:20.345525 np0000183218 devstack@n-api-meta.service[108449]: DEBUG nova.api.openstack.wsgi_app [None req-068de85a-8686-4859-a951-855c8697601e None None] log_file = None {{(pid=108449) log_opt_values /opt/stack/data/venv/lib/python3.12/site-packages/oslo_config/cfg.py:3242}}
Jun 26 22:04:20.345637 np0000183218 devstack@n-api-meta.service[108449]: DEBUG nova.api.openstack.wsgi_app [None req-068de85a-8686-4859-a951-855c8697601e None None] log_options = True {{(pid=108449) log_opt_values /opt/stack/data/venv/lib/python3.12/site-packages/oslo_config/cfg.py:3242}}
Jun 26 22:04:20.345825 np0000183218 devstack@n-api-meta.service[108449]: DEBUG nova.api.openstack.wsgi_app [None req-068de85a-8686-4859-a951-855c8697601e None None] log_rotate_interval = 1 {{(pid=108449) log_opt_values /opt/stack/data/venv/lib/python3.12/site-packages/oslo_config/cfg.py:3242}}
Jun 26 22:04:20.345993 np0000183218 devstack@n-api-meta.service[108449]: DEBUG nova.api.openstack.wsgi_app [None req-068de85a-8686-4859-a951-855c8697601e None None] log_rotate_interval_type = days {{(pid=108449) log_opt_values /opt/stack/data/venv/lib/python3.12/site-packages/oslo_config/cfg.py:3242}}
Jun 26 22:04:20.346148 np0000183218 devstack@n-api-meta.service[108449]: DEBUG nova.api.openstack.wsgi_app [None req-068de85a-8686-4859-a951-855c8697601e None None] log_rotation_type = none {{(pid=108449) log_opt_values /opt/stack/data/venv/lib/python3.12/site-packages/oslo_config/cfg.py:3242}}
Jun 26 22:04:20.346258 np0000183218 devstack@n-api-meta.service[108449]: DEBUG nova.api.openstack.wsgi_app [None req-068de85a-8686-4859-a951-855c8697601e None None] logging_context_format_string = %(color)s%(levelname)s %(name)s [%(global_request_id)s %(request_id)s %(project_name)s %(user_name)s%(color)s] %(instance)s%(color)s%(message)s {{(pid=108449) log_opt_values /opt/stack/data/venv/lib/python3.12/site-packages/oslo_config/cfg.py:3242}}
Jun 26 22:04:20.346364 np0000183218 devstack@n-api-meta.service[108449]: DEBUG nova.api.openstack.wsgi_app [None req-068de85a-8686-4859-a951-855c8697601e None None] logging_debug_format_suffix = {{(pid=%(process)d) %(funcName)s %(pathname)s:%(lineno)d}} {{(pid=108449) log_opt_values /opt/stack/data/venv/lib/python3.12/site-packages/oslo_config/cfg.py:3242}}
Jun 26 22:04:20.346510 np0000183218 devstack@n-api-meta.service[108449]: DEBUG nova.api.openstack.wsgi_app [None req-068de85a-8686-4859-a951-855c8697601e None None] logging_default_format_string = %(color)s%(levelname)s %(name)s [-%(color)s] %(instance)s%(color)s%(message)s {{(pid=108449) log_opt_values /opt/stack/data/venv/lib/python3.12/site-packages/oslo_config/cfg.py:3242}}
Jun 26 22:04:20.346696 np0000183218 devstack@n-api-meta.service[108449]: DEBUG nova.api.openstack.wsgi_app [None req-068de85a-8686-4859-a951-855c8697601e None None] logging_exception_prefix = ERROR %(name)s %(instance)s {{(pid=108449) log_opt_values /opt/stack/data/venv/lib/python3.12/site-packages/oslo_config/cfg.py:3242}}
Jun 26 22:04:20.346809 np0000183218 devstack@n-api-meta.service[108449]: DEBUG nova.api.openstack.wsgi_app [None req-068de85a-8686-4859-a951-855c8697601e None None] logging_user_identity_format = %(user)s %(project)s %(domain)s %(system_scope)s %(user_domain)s %(project_domain)s {{(pid=108449) log_opt_values /opt/stack/data/venv/lib/python3.12/site-packages/oslo_config/cfg.py:3242}}
Jun 26 22:04:20.346946 np0000183218 devstack@n-api-meta.service[108449]: DEBUG nova.api.openstack.wsgi_app [None req-068de85a-8686-4859-a951-855c8697601e None None] long_rpc_timeout = 1800 {{(pid=108449) log_opt_values /opt/stack/data/venv/lib/python3.12/site-packages/oslo_config/cfg.py:3242}}
Jun 26 22:04:20.347104 np0000183218 devstack@n-api-meta.service[108449]: DEBUG nova.api.openstack.wsgi_app [None req-068de85a-8686-4859-a951-855c8697601e None None] manager_shutdown_timeout = 160 {{(pid=108449) log_opt_values /opt/stack/data/venv/lib/python3.12/site-packages/oslo_config/cfg.py:3242}}
