2026-06-30 19:16:03.530 7 INFO placement.requestlog [None req-b137abf1-c846-4799-9216-9c77e9d5283d 19733eac35ea4064bda1121e7dda19e9 4dafa868f61048df87eb31c270c692d4 - - ee46d1370670492ea6ac602cb641f5a1 ee46d1370670492ea6ac602cb641f5a1] 10.0.0.239 "GET /resource_providers/88f86a3b-9407-47c5-a81f-5a60235964e4/aggregates" status: 404 len: 235 microversion: 1.1 [pid: 7|app: 0|req: 351/701] 10.0.0.239 () {32 vars in 816 bytes} [Tue Jun 30 19:16:03 2026] GET /resource_providers/88f86a3b-9407-47c5-a81f-5a60235964e4/aggregates => generated 235 bytes in 13 msecs (HTTP/1.1 404) 5 headers in 202 bytes (1 switches on core 0)
2026-06-30 19:16:03.559 8 INFO placement.requestlog [None req-9ffbd778-deee-4863-ac6b-1a4470dc3c63 19733eac35ea4064bda1121e7dda19e9 4dafa868f61048df87eb31c270c692d4 - - ee46d1370670492ea6ac602cb641f5a1 ee46d1370670492ea6ac602cb641f5a1] 10.0.0.239 "DELETE /resource_providers/88f86a3b-9407-47c5-a81f-5a60235964e4" status: 404 len: 246 microversion: 1.1 [pid: 8|app: 0|req: 351/702] 10.0.0.239 () {34 vars in 816 bytes} [Tue Jun 30 19:16:03 2026] DELETE /resource_providers/88f86a3b-9407-47c5-a81f-5a60235964e4 => generated 246 bytes in 13 msecs (HTTP/1.1 404) 6 headers in 231 bytes (1 switches on core 0)
2026-06-30 19:16:03.563 7 INFO placement.requestlog [None req-f20798ff-b74f-40e8-8230-8ccfb7c223b7 19733eac35ea4064bda1121e7dda19e9 4dafa868f61048df87eb31c270c692d4 - - ee46d1370670492ea6ac602cb641f5a1 ee46d1370670492ea6ac602cb641f5a1] 10.0.0.239 "DELETE /resource_providers/88f86a3b-9407-47c5-a81f-5a60235964e4" status: 404 len: 246 microversion: 1.1 [pid: 7|app: 0|req: 352/703] 10.0.0.239 () {34 vars in 816 bytes} [Tue Jun 30 19:16:03 2026] DELETE /resource_providers/88f86a3b-9407-47c5-a81f-5a60235964e4 => generated 246 bytes in 17 msecs (HTTP/1.1 404) 6 headers in 231 bytes (1 switches on core 0)
2026-06-30 19:16:04.024 8 INFO placement.requestlog [None req-9ea38815-58d9-4f2e-a83f-2cf2f6b7c0c0 19733eac35ea4064bda1121e7dda19e9 4dafa868f61048df87eb31c270c692d4 - - ee46d1370670492ea6ac602cb641f5a1 ee46d1370670492ea6ac602cb641f5a1] 10.0.0.239 "GET /resource_providers/0bab2088-0b92-47f2-aa17-943e819a8b22/aggregates" status: 404 len: 235 microversion: 1.1 [pid: 8|app: 0|req: 352/704] 10.0.0.239 () {32 vars in 816 bytes} [Tue Jun 30 19:16:04 2026] GET /resource_providers/0bab2088-0b92-47f2-aa17-943e819a8b22/aggregates => generated 235 bytes in 15 msecs (HTTP/1.1 404) 5 headers in 202 bytes (1 switches on core 0)
2026-06-30 19:16:04.029 7 INFO placement.requestlog [None req-9f9689b9-d715-42c6-9dc7-8983d882ef16 19733eac35ea4064bda1121e7dda19e9 4dafa868f61048df87eb31c270c692d4 - - ee46d1370670492ea6ac602cb641f5a1 ee46d1370670492ea6ac602cb641f5a1] 10.0.0.239 "GET /resource_providers/0bab2088-0b92-47f2-aa17-943e819a8b22/aggregates" status: 404 len: 235 microversion: 1.1 [pid: 7|app: 0|req: 353/705] 10.0.0.239 () {32 vars in 816 bytes} [Tue Jun 30 19:16:04 2026] GET /resource_providers/0bab2088-0b92-47f2-aa17-943e819a8b22/aggregates => generated 235 bytes in 10 msecs (HTTP/1.1 404) 5 headers in 202 bytes (1 switches on core 0)
2026-06-30 19:16:04.051 7 INFO placement.requestlog [None req-ae7e696f-9d08-424d-a513-8f641cb1686c 19733eac35ea4064bda1121e7dda19e9 4dafa868f61048df87eb31c270c692d4 - - ee46d1370670492ea6ac602cb641f5a1 ee46d1370670492ea6ac602cb641f5a1] 10.0.0.239 "DELETE /resource_providers/0bab2088-0b92-47f2-aa17-943e819a8b22" status: 404 len: 246 microversion: 1.1 [pid: 7|app: 0|req: 354/706] 10.0.0.239 () {34 vars in 816 bytes} [Tue Jun 30 19:16:04 2026] DELETE /resource_providers/0bab2088-0b92-47f2-aa17-943e819a8b22 => generated 246 bytes in 11 msecs (HTTP/1.1 404) 6 headers in 231 bytes (1 switches on core 0)
2026-06-30 19:16:04.062 8 INFO placement.requestlog [None req-e1dc969f-9ce8-4748-9283-6cbbc7c6e776 19733eac35ea4064bda1121e7dda19e9 4dafa868f61048df87eb31c270c692d4 - - ee46d1370670492ea6ac602cb641f5a1 ee46d1370670492ea6ac602cb641f5a1] 10.0.0.239 "DELETE /resource_providers/0bab2088-0b92-47f2-aa17-943e819a8b22" status: 404 len: 246 microversion: 1.1 [pid: 8|app: 0|req: 353/707] 10.0.0.239 () {34 vars in 816 bytes} [Tue Jun 30 19:16:04 2026] DELETE /resource_providers/0bab2088-0b92-47f2-aa17-943e819a8b22 => generated 246 bytes in 23 msecs (HTTP/1.1 404) 6 headers in 231 bytes (1 switches on core 0)
2026-06-30 19:16:05.585 7 INFO placement.requestlog [None req-9eba0d9a-7e52-4a94-b1ae-d5b34fe7ff4e 19733eac35ea4064bda1121e7dda19e9 4dafa868f61048df87eb31c270c692d4 - - ee46d1370670492ea6ac602cb641f5a1 ee46d1370670492ea6ac602cb641f5a1] 10.0.0.239 "GET /resource_providers/491d117f-dc7e-4b89-919f-63c78145ffc9/aggregates" status: 404 len: 235 microversion: 1.1 [pid: 7|app: 0|req: 355/708] 10.0.0.239 () {32 vars in 816 bytes} [Tue Jun 30 19:16:05 2026] GET /resource_providers/491d117f-dc7e-4b89-919f-63c78145ffc9/aggregates => generated 235 bytes in 14 msecs (HTTP/1.1 404) 5 headers in 202 bytes (1 switches on core 0)
2026-06-30 19:16:05.592 8 INFO placement.requestlog [None req-714d7e02-d4a9-4574-a534-52b18237d163 19733eac35ea4064bda1121e7dda19e9 4dafa868f61048df87eb31c270c692d4 - - ee46d1370670492ea6ac602cb641f5a1 ee46d1370670492ea6ac602cb641f5a1] 10.0.0.239 "GET /resource_providers/491d117f-dc7e-4b89-919f-63c78145ffc9/aggregates" status: 404 len: 235 microversion: 1.1 [pid: 8|app: 0|req: 354/709] 10.0.0.239 () {32 vars in 816 bytes} [Tue Jun 30 19:16:05 2026] GET /resource_providers/491d117f-dc7e-4b89-919f-63c78145ffc9/aggregates => generated 235 bytes in 15 msecs (HTTP/1.1 404) 5 headers in 202 bytes (1 switches on core 0)
2026-06-30 19:16:05.609 7 INFO placement.requestlog [None req-6312ab39-fc44-4e23-a353-fca6f9945c64 19733eac35ea4064bda1121e7dda19e9 4dafa868f61048df87eb31c270c692d4 - - ee46d1370670492ea6ac602cb641f5a1 ee46d1370670492ea6ac602cb641f5a1] 10.0.0.239 "DELETE /resource_providers/491d117f-dc7e-4b89-919f-63c78145ffc9" status: 404 len: 246 microversion: 1.1 [pid: 7|app: 0|req: 356/710] 10.0.0.239 () {34 vars in 816 bytes} [Tue Jun 30 19:16:05 2026] DELETE /resource_providers/491d117f-dc7e-4b89-919f-63c78145ffc9 => generated 246 bytes in 13 msecs (HTTP/1.1 404) 6 headers in 231 bytes (1 switches on core 0)
2026-06-30 19:16:05.615 8 INFO placement.requestlog [None req-8e42dd45-9597-45e8-ab93-79161b769e5e 19733eac35ea4064bda1121e7dda19e9 4dafa868f61048df87eb31c270c692d4 - - ee46d1370670492ea6ac602cb641f5a1 ee46d1370670492ea6ac602cb641f5a1] 10.0.0.239 "DELETE /resource_providers/491d117f-dc7e-4b89-919f-63c78145ffc9" status: 404 len: 246 microversion: 1.1 [pid: 8|app: 0|req: 355/711] 10.0.0.239 () {34 vars in 816 bytes} [Tue Jun 30 19:16:05 2026] DELETE /resource_providers/491d117f-dc7e-4b89-919f-63c78145ffc9 => generated 246 bytes in 14 msecs (HTTP/1.1 404) 6 headers in 231 bytes (1 switches on core 0)
2026-06-30 19:16:06.248 7 INFO placement.requestlog [None req-f3d8cbec-f153-4dfa-bce1-140b831301a6 19733eac35ea4064bda1121e7dda19e9 4dafa868f61048df87eb31c270c692d4 - - ee46d1370670492ea6ac602cb641f5a1 ee46d1370670492ea6ac602cb641f5a1] 10.0.0.239 "GET /resource_providers/d15309d8-fc2e-46a7-8ed5-fa553f33abef/aggregates" status: 404 len: 235 microversion: 1.1 [pid: 7|app: 0|req: 357/712] 10.0.0.239 () {32 vars in 816 bytes} [Tue Jun 30 19:16:06 2026] GET /resource_providers/d15309d8-fc2e-46a7-8ed5-fa553f33abef/aggregates => generated 235 bytes in 18 msecs (HTTP/1.1 404) 5 headers in 202 bytes (1 switches on core 0)
2026-06-30 19:16:06.256 8 INFO placement.requestlog [None req-c25699af-8037-4502-87b7-2cbefe67b730 19733eac35ea4064bda1121e7dda19e9 4dafa868f61048df87eb31c270c692d4 - - ee46d1370670492ea6ac602cb641f5a1 ee46d1370670492ea6ac602cb641f5a1] 10.0.0.239 "GET /resource_providers/d15309d8-fc2e-46a7-8ed5-fa553f33abef/aggregates" status: 404 len: 235 microversion: 1.1 [pid: 8|app: 0|req: 356/713] 10.0.0.239 () {32 vars in 816 bytes} [Tue Jun 30 19:16:06 2026] GET /resource_providers/d15309d8-fc2e-46a7-8ed5-fa553f33abef/aggregates => generated 235 bytes in 18 msecs (HTTP/1.1 404) 5 headers in 202 bytes (1 switches on core 0)
2026-06-30 19:16:06.269 7 INFO placement.requestlog [None req-aa1ef3d4-2ceb-45ac-a244-bc1cfe766fe0 19733eac35ea4064bda1121e7dda19e9 4dafa868f61048df87eb31c270c692d4 - - ee46d1370670492ea6ac602cb641f5a1 ee46d1370670492ea6ac602cb641f5a1] 10.0.0.239 "DELETE /resource_providers/d15309d8-fc2e-46a7-8ed5-fa553f33abef" status: 404 len: 246 microversion: 1.1 [pid: 7|app: 0|req: 358/714] 10.0.0.239 () {34 vars in 816 bytes} [Tue Jun 30 19:16:06 2026] DELETE /resource_providers/d15309d8-fc2e-46a7-8ed5-fa553f33abef => generated 246 bytes in 10 msecs (HTTP/1.1 404) 6 headers in 231 bytes (1 switches on core 0)
2026-06-30 19:16:06.294 8 INFO placement.requestlog [None req-a36ce09d-5aad-495f-90b8-2c2dcbdfabe8 19733eac35ea4064bda1121e7dda19e9 4dafa868f61048df87eb31c270c692d4 - - ee46d1370670492ea6ac602cb641f5a1 ee46d1370670492ea6ac602cb641f5a1] 10.0.0.239 "DELETE /resource_providers/d15309d8-fc2e-46a7-8ed5-fa553f33abef" status: 404 len: 246 microversion: 1.1 [pid: 8|app: 0|req: 357/715] 10.0.0.239 () {34 vars in 816 bytes} [Tue Jun 30 19:16:06 2026] DELETE /resource_providers/d15309d8-fc2e-46a7-8ed5-fa553f33abef => generated 246 bytes in 13 msecs (HTTP/1.1 404) 6 headers in 231 bytes (1 switches on core 0)
2026-06-30 19:16:06.306 7 INFO placement.requestlog [None req-0b780b8b-e4d5-4505-882b-98cc50cd1d98 19733eac35ea4064bda1121e7dda19e9 4dafa868f61048df87eb31c270c692d4 - - ee46d1370670492ea6ac602cb641f5a1 ee46d1370670492ea6ac602cb641f5a1] 10.0.0.239 "GET /resource_providers/eda3a33f-29c2-457a-861e-beb5e8504345/aggregates" status: 404 len: 235 microversion: 1.1 [pid: 7|app: 0|req: 359/716] 10.0.0.239 () {32 vars in 816 bytes} [Tue Jun 30 19:16:06 2026] GET /resource_providers/eda3a33f-29c2-457a-861e-beb5e8504345/aggregates => generated 235 bytes in 13 msecs (HTTP/1.1 404) 5 headers in 202 bytes (1 switches on core 0)
2026-06-30 19:16:06.322 8 INFO placement.requestlog [None req-effd6e5e-55f9-46b2-8227-41cc72a362bc 19733eac35ea4064bda1121e7dda19e9 4dafa868f61048df87eb31c270c692d4 - - ee46d1370670492ea6ac602cb641f5a1 ee46d1370670492ea6ac602cb641f5a1] 10.0.0.239 "GET /resource_providers/eda3a33f-29c2-457a-861e-beb5e8504345/aggregates" status: 404 len: 235 microversion: 1.1 [pid: 8|app: 0|req: 358/717] 10.0.0.239 () {32 vars in 816 bytes} [Tue Jun 30 19:16:06 2026] GET /resource_providers/eda3a33f-29c2-457a-861e-beb5e8504345/aggregates => generated 235 bytes in 15 msecs (HTTP/1.1 404) 5 headers in 202 bytes (1 switches on core 0)
2026-06-30 19:16:06.326 7 INFO placement.requestlog [None req-988cac33-e383-4e5e-a5b9-832552ea60d6 19733eac35ea4064bda1121e7dda19e9 4dafa868f61048df87eb31c270c692d4 - - ee46d1370670492ea6ac602cb641f5a1 ee46d1370670492ea6ac602cb641f5a1] 10.0.0.239 "DELETE /resource_providers/eda3a33f-29c2-457a-861e-beb5e8504345" status: 404 len: 246 microversion: 1.1 [pid: 7|app: 0|req: 360/718] 10.0.0.239 () {34 vars in 816 bytes} [Tue Jun 30 19:16:06 2026] DELETE /resource_providers/eda3a33f-29c2-457a-861e-beb5e8504345 => generated 246 bytes in 14 msecs (HTTP/1.1 404) 6 headers in 231 bytes (1 switches on core 0)
2026-06-30 19:16:06.346 8 INFO placement.requestlog [None req-25320740-b36f-42e1-9d02-5a5769cda750 19733eac35ea4064bda1121e7dda19e9 4dafa868f61048df87eb31c270c692d4 - - ee46d1370670492ea6ac602cb641f5a1 ee46d1370670492ea6ac602cb641f5a1] 10.0.0.239 "DELETE /resource_providers/eda3a33f-29c2-457a-861e-beb5e8504345" status: 404 len: 246 microversion: 1.1 [pid: 8|app: 0|req: 359/719] 10.0.0.239 () {34 vars in 816 bytes} [Tue Jun 30 19:16:06 2026] DELETE /resource_providers/eda3a33f-29c2-457a-861e-beb5e8504345 => generated 246 bytes in 14 msecs (HTTP/1.1 404) 6 headers in 231 bytes (1 switches on core 0)
2026-06-30 19:16:09.457 7 INFO placement.requestlog [None req-62d63135-9222-4769-a3c0-c593b51dd7f5 - - - - - -] 10.0.0.104 "GET /" status: 200 len: 136 microversion: 1.0
2026-06-30 19:16:09.459 8 INFO placement.requestlog [None req-dd38ae17-5f5d-401d-b14f-6d8153ef2201 - - - - - -] 10.0.0.104 "GET /" status: 200 len: 136 microversion: 1.0
2026-06-30 19:16:10.345 7 INFO placement.requestlog [None req-415901d7-209b-451b-bb28-fcb5f1131157 19733eac35ea4064bda1121e7dda19e9 4dafa868f61048df87eb31c270c692d4 - - ee46d1370670492ea6ac602cb641f5a1 ee46d1370670492ea6ac602cb641f5a1] 10.0.0.239 "GET /resource_providers/c2e42f70-579e-4c38-a742-f9e73808e0f7/aggregates" status: 404 len: 235 microversion: 1.1 [pid: 7|app: 0|req: 362/722] 10.0.0.239 () {32 vars in 816 bytes} [Tue Jun 30 19:16:10 2026] GET /resource_providers/c2e42f70-579e-4c38-a742-f9e73808e0f7/aggregates => generated 235 bytes in 11 msecs (HTTP/1.1 404) 5 headers in 202 bytes (1 switches on core 0)
2026-06-30 19:16:10.349 8 INFO placement.requestlog [None req-870b3efd-0262-42da-a3a7-a9f12daedec6 19733eac35ea4064bda1121e7dda19e9 4dafa868f61048df87eb31c270c692d4 - - ee46d1370670492ea6ac602cb641f5a1 ee46d1370670492ea6ac602cb641f5a1] 10.0.0.239 "GET /resource_providers/c2e42f70-579e-4c38-a742-f9e73808e0f7/aggregates" status: 404 len: 235 microversion: 1.1 [pid: 8|app: 0|req: 361/723] 10.0.0.239 () {32 vars in 816 bytes} [Tue Jun 30 19:16:10 2026] GET /resource_providers/c2e42f70-579e-4c38-a742-f9e73808e0f7/aggregates => generated 235 bytes in 14 msecs (HTTP/1.1 404) 5 headers in 202 bytes (1 switches on core 0)
2026-06-30 19:16:10.386 8 INFO placement.requestlog [None req-6a28f423-9955-4d99-a0dd-5c6c8f562481 19733eac35ea4064bda1121e7dda19e9 4dafa868f61048df87eb31c270c692d4 - - ee46d1370670492ea6ac602cb641f5a1 ee46d1370670492ea6ac602cb641f5a1] 10.0.0.239 "DELETE /resource_providers/c2e42f70-579e-4c38-a742-f9e73808e0f7" status: 404 len: 246 microversion: 1.1 [pid: 8|app: 0|req: 362/724] 10.0.0.239 () {34 vars in 816 bytes} [Tue Jun 30 19:16:10 2026] DELETE /resource_providers/c2e42f70-579e-4c38-a742-f9e73808e0f7 => generated 246 bytes in 11 msecs (HTTP/1.1 404) 6 headers in 231 bytes (1 switches on core 0)
2026-06-30 19:16:10.389 7 INFO placement.requestlog [None req-21ef9340-ac7f-46f4-b82b-ad03125c339f 19733eac35ea4064bda1121e7dda19e9 4dafa868f61048df87eb31c270c692d4 - - ee46d1370670492ea6ac602cb641f5a1 ee46d1370670492ea6ac602cb641f5a1] 10.0.0.239 "DELETE /resource_providers/c2e42f70-579e-4c38-a742-f9e73808e0f7" status: 404 len: 246 microversion: 1.1 [pid: 7|app: 0|req: 363/725] 10.0.0.239 () {34 vars in 816 bytes} [Tue Jun 30 19:16:10 2026] DELETE /resource_providers/c2e42f70-579e-4c38-a742-f9e73808e0f7 => generated 246 bytes in 14 msecs (HTTP/1.1 404) 6 headers in 231 bytes (1 switches on core 0)
2026-06-30 19:16:12.412 7 INFO placement.requestlog [None req-e44e31f3-ebdf-4713-b1c9-b93a82848820 19733eac35ea4064bda1121e7dda19e9 4dafa868f61048df87eb31c270c692d4 - - ee46d1370670492ea6ac602cb641f5a1 ee46d1370670492ea6ac602cb641f5a1] 10.0.0.239 "GET /resource_providers/d7cd79f0-b7c4-4ae6-a56f-c48b5bcb4b50/aggregates" status: 404 len: 235 microversion: 1.1 [pid: 7|app: 0|req: 364/726] 10.0.0.239 () {32 vars in 816 bytes} [Tue Jun 30 19:16:12 2026] GET /resource_providers/d7cd79f0-b7c4-4ae6-a56f-c48b5bcb4b50/aggregates => generated 235 bytes in 11 msecs (HTTP/1.1 404) 5 headers in 202 bytes (1 switches on core 0)
2026-06-30 19:16:12.420 8 INFO placement.requestlog [None req-9320e94d-ffd8-4f7d-b88f-254f65fbb7b8 19733eac35ea4064bda1121e7dda19e9 4dafa868f61048df87eb31c270c692d4 - - ee46d1370670492ea6ac602cb641f5a1 ee46d1370670492ea6ac602cb641f5a1] 10.0.0.239 "GET /resource_providers/d7cd79f0-b7c4-4ae6-a56f-c48b5bcb4b50/aggregates" status: 404 len: 235 microversion: 1.1 [pid: 8|app: 0|req: 363/727] 10.0.0.239 () {32 vars in 816 bytes} [Tue Jun 30 19:16:12 2026] GET /resource_providers/d7cd79f0-b7c4-4ae6-a56f-c48b5bcb4b50/aggregates => generated 235 bytes in 26 msecs (HTTP/1.1 404) 5 headers in 202 bytes (1 switches on core 0)
2026-06-30 19:16:12.427 7 INFO placement.requestlog [None req-510a7a46-c18d-4d88-becd-16176b16644a 19733eac35ea4064bda1121e7dda19e9 4dafa868f61048df87eb31c270c692d4 - - ee46d1370670492ea6ac602cb641f5a1 ee46d1370670492ea6ac602cb641f5a1] 10.0.0.239 "DELETE /resource_providers/d7cd79f0-b7c4-4ae6-a56f-c48b5bcb4b50" status: 404 len: 246 microversion: 1.1 [pid: 7|app: 0|req: 365/728] 10.0.0.239 () {34 vars in 816 bytes} [Tue Jun 30 19:16:12 2026] DELETE /resource_providers/d7cd79f0-b7c4-4ae6-a56f-c48b5bcb4b50 => generated 246 bytes in 8 msecs (HTTP/1.1 404) 6 headers in 231 bytes (1 switches on core 0)
2026-06-30 19:16:12.448 7 INFO placement.requestlog [None req-abeb3eab-a066-436b-85ac-199ec43d2531 19733eac35ea4064bda1121e7dda19e9 4dafa868f61048df87eb31c270c692d4 - - ee46d1370670492ea6ac602cb641f5a1 ee46d1370670492ea6ac602cb641f5a1] 10.0.0.239 "GET /resource_providers/e5051fae-1d20-435a-81f0-6b06b5ad89a2/aggregates" status: 404 len: 235 microversion: 1.1 [pid: 7|app: 0|req: 366/729] 10.0.0.239 () {32 vars in 816 bytes} [Tue Jun 30 19:16:12 2026] GET /resource_providers/e5051fae-1d20-435a-81f0-6b06b5ad89a2/aggregates => generated 235 bytes in 10 msecs (HTTP/1.1 404) 5 headers in 202 bytes (1 switches on core 0)
2026-06-30 19:16:12.452 8 INFO placement.requestlog [None req-0214d555-dc2d-4cda-bbc5-691a7f3f2b59 19733eac35ea4064bda1121e7dda19e9 4dafa868f61048df87eb31c270c692d4 - - ee46d1370670492ea6ac602cb641f5a1 ee46d1370670492ea6ac602cb641f5a1] 10.0.0.239 "DELETE /resource_providers/d7cd79f0-b7c4-4ae6-a56f-c48b5bcb4b50" status: 404 len: 246 microversion: 1.1 [pid: 8|app: 0|req: 364/730] 10.0.0.239 () {34 vars in 816 bytes} [Tue Jun 30 19:16:12 2026] DELETE /resource_providers/d7cd79f0-b7c4-4ae6-a56f-c48b5bcb4b50 => generated 246 bytes in 15 msecs (HTTP/1.1 404) 6 headers in 231 bytes (1 switches on core 0)
2026-06-30 19:16:12.473 7 INFO placement.requestlog [None req-42a5405e-0a82-42ac-be47-217663c82227 19733eac35ea4064bda1121e7dda19e9 4dafa868f61048df87eb31c270c692d4 - - ee46d1370670492ea6ac602cb641f5a1 ee46d1370670492ea6ac602cb641f5a1] 10.0.0.239 "DELETE /resource_providers/e5051fae-1d20-435a-81f0-6b06b5ad89a2" status: 404 len: 246 microversion: 1.1 [pid: 7|app: 0|req: 367/731] 10.0.0.239 () {34 vars in 816 bytes} [Tue Jun 30 19:16:12 2026] DELETE /resource_providers/e5051fae-1d20-435a-81f0-6b06b5ad89a2 => generated 246 bytes in 15 msecs (HTTP/1.1 404) 6 headers in 231 bytes (1 switches on core 0)
2026-06-30 19:16:12.478 8 INFO placement.requestlog [None req-f5c4a061-088a-4371-9df1-31678e651d00 19733eac35ea4064bda1121e7dda19e9 4dafa868f61048df87eb31c270c692d4 - - ee46d1370670492ea6ac602cb641f5a1 ee46d1370670492ea6ac602cb641f5a1] 10.0.0.239 "GET /resource_providers/e5051fae-1d20-435a-81f0-6b06b5ad89a2/aggregates" status: 404 len: 235 microversion: 1.1 [pid: 8|app: 0|req: 365/732] 10.0.0.239 () {32 vars in 816 bytes} [Tue Jun 30 19:16:12 2026] GET /resource_providers/e5051fae-1d20-435a-81f0-6b06b5ad89a2/aggregates => generated 235 bytes in 11 msecs (HTTP/1.1 404) 5 headers in 202 bytes (1 switches on core 0)
2026-06-30 19:16:12.500 8 INFO placement.requestlog [None req-f123e927-7931-4666-88c9-1f4a45ac2b71 19733eac35ea4064bda1121e7dda19e9 4dafa868f61048df87eb31c270c692d4 - - ee46d1370670492ea6ac602cb641f5a1 ee46d1370670492ea6ac602cb641f5a1] 10.0.0.239 "DELETE /resource_providers/e5051fae-1d20-435a-81f0-6b06b5ad89a2" status: 404 len: 246 microversion: 1.1 [pid: 8|app: 0|req: 366/733] 10.0.0.239 () {34 vars in 816 bytes} [Tue Jun 30 19:16:12 2026] DELETE /resource_providers/e5051fae-1d20-435a-81f0-6b06b5ad89a2 => generated 246 bytes in 15 msecs (HTTP/1.1 404) 6 headers in 231 bytes (1 switches on core 0)
2026-06-30 19:16:12.512 7 INFO placement.requestlog [None req-5c594117-805f-4129-b8f8-b1f5ef5826df 19733eac35ea4064bda1121e7dda19e9 4dafa868f61048df87eb31c270c692d4 - - ee46d1370670492ea6ac602cb641f5a1 ee46d1370670492ea6ac602cb641f5a1] 10.0.0.239 "GET /resource_providers/a5611f4a-b669-49a1-a3f8-444a1261bde0/aggregates" status: 404 len: 235 microversion: 1.1 [pid: 7|app: 0|req: 368/734] 10.0.0.239 () {32 vars in 816 bytes} [Tue Jun 30 19:16:12 2026] GET /resource_providers/a5611f4a-b669-49a1-a3f8-444a1261bde0/aggregates => generated 235 bytes in 28 msecs (HTTP/1.1 404) 5 headers in 202 bytes (1 switches on core 0)
2026-06-30 19:16:12.518 8 INFO placement.requestlog [None req-fb00bb5a-9fb1-467e-95bc-78ba5818d762 19733eac35ea4064bda1121e7dda19e9 4dafa868f61048df87eb31c270c692d4 - - ee46d1370670492ea6ac602cb641f5a1 ee46d1370670492ea6ac602cb641f5a1] 10.0.0.239 "GET /resource_providers/a5611f4a-b669-49a1-a3f8-444a1261bde0/aggregates" status: 404 len: 235 microversion: 1.1 [pid: 8|app: 0|req: 367/735] 10.0.0.239 () {32 vars in 816 bytes} [Tue Jun 30 19:16:12 2026] GET /resource_providers/a5611f4a-b669-49a1-a3f8-444a1261bde0/aggregates => generated 235 bytes in 10 msecs (HTTP/1.1 404) 5 headers in 202 bytes (1 switches on core 0)
2026-06-30 19:16:12.542 7 INFO placement.requestlog [None req-905bf4a9-a397-4488-9b62-897d7b2166b0 19733eac35ea4064bda1121e7dda19e9 4dafa868f61048df87eb31c270c692d4 - - ee46d1370670492ea6ac602cb641f5a1 ee46d1370670492ea6ac602cb641f5a1] 10.0.0.239 "DELETE /resource_providers/a5611f4a-b669-49a1-a3f8-444a1261bde0" status: 404 len: 246 microversion: 1.1 [pid: 7|app: 0|req: 369/736] 10.0.0.239 () {34 vars in 816 bytes} [Tue Jun 30 19:16:12 2026] DELETE /resource_providers/a5611f4a-b669-49a1-a3f8-444a1261bde0 => generated 246 bytes in 25 msecs (HTTP/1.1 404) 6 headers in 231 bytes (1 switches on core 0)
2026-06-30 19:16:12.557 8 INFO placement.requestlog [None req-b4e1d292-da2e-40b1-9ac0-6db5f0bdde60 19733eac35ea4064bda1121e7dda19e9 4dafa868f61048df87eb31c270c692d4 - - ee46d1370670492ea6ac602cb641f5a1 ee46d1370670492ea6ac602cb641f5a1] 10.0.0.239 "DELETE /resource_providers/a5611f4a-b669-49a1-a3f8-444a1261bde0" status: 404 len: 246 microversion: 1.1 [pid: 8|app: 0|req: 368/737] 10.0.0.239 () {34 vars in 816 bytes} [Tue Jun 30 19:16:12 2026] DELETE /resource_providers/a5611f4a-b669-49a1-a3f8-444a1261bde0 => generated 246 bytes in 18 msecs (HTTP/1.1 404) 6 headers in 231 bytes (1 switches on core 0)
2026-06-30 19:16:16.780 7 INFO placement.requestlog [req-24fe9252-ee9d-48e3-abfd-e46f08d765ab req-14919eb6-8d20-48a2-a578-7590e490e49a cba55747316b4032b7c07b20c36c378c 4dafa868f61048df87eb31c270c692d4 - - ee46d1370670492ea6ac602cb641f5a1 ee46d1370670492ea6ac602cb641f5a1] 10.0.0.53 "GET /allocation_candidates?limit=1000&resources=DISK_GB%3A1%2CMEMORY_MB%3A512%2CVCPU%3A1&root_required=%21COMPUTE_STATUS_DISABLED" status: 200 len: 2149 microversion: 1.36 [pid: 7|app: 0|req: 370/738] 10.0.0.53 () {34 vars in 1011 bytes} [Tue Jun 30 19:16:16 2026] GET /allocation_candidates?limit=1000&resources=DISK_GB%3A1%2CMEMORY_MB%3A512%2CVCPU%3A1&root_required=%21COMPUTE_STATUS_DISABLED => generated 2149 bytes in 41 msecs (HTTP/1.1 200) 8 headers in 297 bytes (1 switches on core 0)
2026-06-30 19:16:16.840 8 INFO placement.requestlog [req-24fe9252-ee9d-48e3-abfd-e46f08d765ab req-4c5b7772-152b-44fc-8d64-9190df5f73b6 cba55747316b4032b7c07b20c36c378c 4dafa868f61048df87eb31c270c692d4 - - ee46d1370670492ea6ac602cb641f5a1 ee46d1370670492ea6ac602cb641f5a1] 10.0.0.53 "GET /allocations/32d2f250-4a0c-4f27-a202-2a235b3f9f49" status: 200 len: 19 microversion: 1.28 [pid: 8|app: 0|req: 369/739] 10.0.0.53 () {34 vars in 860 bytes} [Tue Jun 30 19:16:16 2026] GET /allocations/32d2f250-4a0c-4f27-a202-2a235b3f9f49 => generated 19 bytes in 33 msecs (HTTP/1.1 200) 8 headers in 295 bytes (1 switches on core 0)
2026-06-30 19:16:16.913 7 INFO placement.requestlog [req-24fe9252-ee9d-48e3-abfd-e46f08d765ab req-f1d822f4-a4fe-4be7-84b4-78a331dafb34 cba55747316b4032b7c07b20c36c378c 4dafa868f61048df87eb31c270c692d4 - - ee46d1370670492ea6ac602cb641f5a1 ee46d1370670492ea6ac602cb641f5a1] 10.0.0.53 "PUT /allocations/32d2f250-4a0c-4f27-a202-2a235b3f9f49" status: 204 len: 0 microversion: 1.36 [pid: 7|app: 0|req: 371/740] 10.0.0.53 () {38 vars in 913 bytes} [Tue Jun 30 19:16:16 2026] PUT /allocations/32d2f250-4a0c-4f27-a202-2a235b3f9f49 => generated 0 bytes in 63 msecs (HTTP/1.1 204) 5 headers in 199 bytes (1 switches on core 0)
2026-06-30 19:16:17.175 8 INFO placement.requestlog [req-24fe9252-ee9d-48e3-abfd-e46f08d765ab req-151daba7-26fa-466c-86c0-bc2e80477954 cba55747316b4032b7c07b20c36c378c 4dafa868f61048df87eb31c270c692d4 - - ee46d1370670492ea6ac602cb641f5a1 ee46d1370670492ea6ac602cb641f5a1] 199.19.213.241 "GET /allocations/32d2f250-4a0c-4f27-a202-2a235b3f9f49" status: 200 len: 257 microversion: 1.28 [pid: 8|app: 0|req: 370/741] 199.19.213.241 () {34 vars in 863 bytes} [Tue Jun 30 19:16:17 2026] GET /allocations/32d2f250-4a0c-4f27-a202-2a235b3f9f49 => generated 257 bytes in 17 msecs (HTTP/1.1 200) 8 headers in 296 bytes (1 switches on core 0)
2026-06-30 19:16:17.318 7 INFO placement.requestlog [req-24fe9252-ee9d-48e3-abfd-e46f08d765ab req-736bdf70-04db-4929-a74b-225cf31303de cba55747316b4032b7c07b20c36c378c 4dafa868f61048df87eb31c270c692d4 - - ee46d1370670492ea6ac602cb641f5a1 ee46d1370670492ea6ac602cb641f5a1] 199.19.213.241 "GET /resource_providers/0d88bef9-0d72-4836-89e5-02ff223267b3/allocations" status: 200 len: 252 microversion: 1.0 [pid: 7|app: 0|req: 372/742] 199.19.213.241 () {32 vars in 857 bytes} [Tue Jun 30 19:16:17 2026] GET /resource_providers/0d88bef9-0d72-4836-89e5-02ff223267b3/allocations => generated 252 bytes in 17 msecs (HTTP/1.1 200) 6 headers in 224 bytes (1 switches on core 0)
2026-06-30 19:16:17.340 8 INFO placement.requestlog [req-24fe9252-ee9d-48e3-abfd-e46f08d765ab req-acd2a96a-4be5-4225-90a9-43a14b0ec323 cba55747316b4032b7c07b20c36c378c 4dafa868f61048df87eb31c270c692d4 - - ee46d1370670492ea6ac602cb641f5a1 ee46d1370670492ea6ac602cb641f5a1] 199.19.213.241 "GET /allocations/1c7b696a-8a7c-4147-b74b-b62c185960b0" status: 200 len: 257 microversion: 1.28 [pid: 8|app: 0|req: 371/743] 199.19.213.241 () {34 vars in 863 bytes} [Tue Jun 30 19:16:17 2026] GET /allocations/1c7b696a-8a7c-4147-b74b-b62c185960b0 => generated 257 bytes in 15 msecs (HTTP/1.1 200) 8 headers in 296 bytes (1 switches on core 0)
2026-06-30 19:16:17.367 7 INFO placement.requestlog [req-24fe9252-ee9d-48e3-abfd-e46f08d765ab req-7fe2a3bd-54b6-406d-9203-00456864542f cba55747316b4032b7c07b20c36c378c 4dafa868f61048df87eb31c270c692d4 - - ee46d1370670492ea6ac602cb641f5a1 ee46d1370670492ea6ac602cb641f5a1] 199.19.213.241 "GET /allocations/32d2f250-4a0c-4f27-a202-2a235b3f9f49" status: 200 len: 257 microversion: 1.28 [pid: 7|app: 0|req: 373/744] 199.19.213.241 () {34 vars in 863 bytes} [Tue Jun 30 19:16:17 2026] GET /allocations/32d2f250-4a0c-4f27-a202-2a235b3f9f49 => generated 257 bytes in 18 msecs (HTTP/1.1 200) 8 headers in 296 bytes (1 switches on core 0)
2026-06-30 19:16:18.169 8 INFO placement.requestlog [req-e575b738-a4a8-40d2-97e4-9ba1db2fea3d req-b900da15-fdf6-4561-a029-0229e43a25d0 cba55747316b4032b7c07b20c36c378c 4dafa868f61048df87eb31c270c692d4 - - ee46d1370670492ea6ac602cb641f5a1 ee46d1370670492ea6ac602cb641f5a1] 199.19.213.241 "GET /resource_providers/0d88bef9-0d72-4836-89e5-02ff223267b3/allocations" status: 200 len: 252 microversion: 1.0 [pid: 8|app: 0|req: 372/745] 199.19.213.241 () {32 vars in 857 bytes} [Tue Jun 30 19:16:18 2026] GET /resource_providers/0d88bef9-0d72-4836-89e5-02ff223267b3/allocations => generated 252 bytes in 18 msecs (HTTP/1.1 200) 6 headers in 224 bytes (1 switches on core 0)
2026-06-30 19:16:18.241 7 INFO placement.requestlog [req-e575b738-a4a8-40d2-97e4-9ba1db2fea3d req-f8d47fa7-fa5d-4425-8577-4f9bd9b2b1bf cba55747316b4032b7c07b20c36c378c 4dafa868f61048df87eb31c270c692d4 - - ee46d1370670492ea6ac602cb641f5a1 ee46d1370670492ea6ac602cb641f5a1] 199.19.213.241 "GET /resource_providers/0d88bef9-0d72-4836-89e5-02ff223267b3/allocations" status: 200 len: 252 microversion: 1.0 [pid: 7|app: 0|req: 374/746] 199.19.213.241 () {32 vars in 857 bytes} [Tue Jun 30 19:16:18 2026] GET /resource_providers/0d88bef9-0d72-4836-89e5-02ff223267b3/allocations => generated 252 bytes in 21 msecs (HTTP/1.1 200) 6 headers in 224 bytes (1 switches on core 0)
2026-06-30 19:16:18.270 8 INFO placement.requestlog [req-e575b738-a4a8-40d2-97e4-9ba1db2fea3d req-67fa8cc2-c1a7-4ddd-85fc-287729beb805 cba55747316b4032b7c07b20c36c378c 4dafa868f61048df87eb31c270c692d4 - - ee46d1370670492ea6ac602cb641f5a1 ee46d1370670492ea6ac602cb641f5a1] 199.19.213.241 "GET /allocations/1c7b696a-8a7c-4147-b74b-b62c185960b0" status: 200 len: 257 microversion: 1.28 [pid: 8|app: 0|req: 373/747] 199.19.213.241 () {34 vars in 863 bytes} [Tue Jun 30 19:16:18 2026] GET /allocations/1c7b696a-8a7c-4147-b74b-b62c185960b0 => generated 257 bytes in 22 msecs (HTTP/1.1 200) 8 headers in 296 bytes (1 switches on core 0)
2026-06-30 19:16:18.294 7 INFO placement.requestlog [req-e575b738-a4a8-40d2-97e4-9ba1db2fea3d req-aeb7ce7a-92b5-4334-8dbf-ddbeff2af930 cba55747316b4032b7c07b20c36c378c 4dafa868f61048df87eb31c270c692d4 - - ee46d1370670492ea6ac602cb641f5a1 ee46d1370670492ea6ac602cb641f5a1] 199.19.213.241 "GET /allocations/32d2f250-4a0c-4f27-a202-2a235b3f9f49" status: 200 len: 257 microversion: 1.28 [pid: 7|app: 0|req: 375/748] 199.19.213.241 () {34 vars in 863 bytes} [Tue Jun 30 19:16:18 2026] GET /allocations/32d2f250-4a0c-4f27-a202-2a235b3f9f49 => generated 257 bytes in 16 msecs (HTTP/1.1 200) 8 headers in 296 bytes (1 switches on core 0)
2026-06-30 19:16:19.457 8 INFO placement.requestlog [None req-0bc73b41-ddd0-4113-96de-ee5c278fa5fa - - - - - -] 10.0.0.104 "GET /" status: 200 len: 136 microversion: 1.0
2026-06-30 19:16:19.457 7 INFO placement.requestlog [None req-c0b426de-1cd1-4f5e-a798-1e637bbc83f3 - - - - - -] 10.0.0.104 "GET /" status: 200 len: 136 microversion: 1.0
2026-06-30 19:16:20.886 7 INFO placement.requestlog [None req-f9b2cef7-1f67-4124-95ca-e7a5d2a34cea 19733eac35ea4064bda1121e7dda19e9 4dafa868f61048df87eb31c270c692d4 - - ee46d1370670492ea6ac602cb641f5a1 ee46d1370670492ea6ac602cb641f5a1] 10.0.0.239 "GET /resource_providers/6e9668f3-7d84-47fa-be4e-fe517564c63d/aggregates" status: 404 len: 235 microversion: 1.1 [pid: 7|app: 0|req: 377/751] 10.0.0.239 () {32 vars in 816 bytes} [Tue Jun 30 19:16:20 2026] GET /resource_providers/6e9668f3-7d84-47fa-be4e-fe517564c63d/aggregates => generated 235 bytes in 13 msecs (HTTP/1.1 404) 5 headers in 202 bytes (1 switches on core 0)
2026-06-30 19:16:20.887 8 INFO placement.requestlog [None req-053c49ae-e60e-4501-a43c-71a9d5a0406a 19733eac35ea4064bda1121e7dda19e9 4dafa868f61048df87eb31c270c692d4 - - ee46d1370670492ea6ac602cb641f5a1 ee46d1370670492ea6ac602cb641f5a1] 10.0.0.239 "GET /resource_providers/6e9668f3-7d84-47fa-be4e-fe517564c63d/aggregates" status: 404 len: 235 microversion: 1.1 [pid: 8|app: 0|req: 375/752] 10.0.0.239 () {32 vars in 816 bytes} [Tue Jun 30 19:16:20 2026] GET /resource_providers/6e9668f3-7d84-47fa-be4e-fe517564c63d/aggregates => generated 235 bytes in 14 msecs (HTTP/1.1 404) 5 headers in 202 bytes (1 switches on core 0)
2026-06-30 19:16:20.927 7 INFO placement.requestlog [None req-3d08e795-354e-45a5-9b72-e7ace7bf6602 19733eac35ea4064bda1121e7dda19e9 4dafa868f61048df87eb31c270c692d4 - - ee46d1370670492ea6ac602cb641f5a1 ee46d1370670492ea6ac602cb641f5a1] 10.0.0.239 "DELETE /resource_providers/6e9668f3-7d84-47fa-be4e-fe517564c63d" status: 404 len: 246 microversion: 1.1 [pid: 7|app: 0|req: 378/753] 10.0.0.239 () {34 vars in 816 bytes} [Tue Jun 30 19:16:20 2026] DELETE /resource_providers/6e9668f3-7d84-47fa-be4e-fe517564c63d => generated 246 bytes in 21 msecs (HTTP/1.1 404) 6 headers in 231 bytes (1 switches on core 0)
2026-06-30 19:16:20.928 8 INFO placement.requestlog [None req-ddd1636a-07cb-438c-9612-1dc27aed5833 19733eac35ea4064bda1121e7dda19e9 4dafa868f61048df87eb31c270c692d4 - - ee46d1370670492ea6ac602cb641f5a1 ee46d1370670492ea6ac602cb641f5a1] 10.0.0.239 "DELETE /resource_providers/6e9668f3-7d84-47fa-be4e-fe517564c63d" status: 404 len: 246 microversion: 1.1 [pid: 8|app: 0|req: 376/754] 10.0.0.239 () {34 vars in 816 bytes} [Tue Jun 30 19:16:20 2026] DELETE /resource_providers/6e9668f3-7d84-47fa-be4e-fe517564c63d => generated 246 bytes in 12 msecs (HTTP/1.1 404) 6 headers in 231 bytes (1 switches on core 0)
2026-06-30 19:16:22.963 7 INFO placement.requestlog [None req-1f4b4e4b-25d5-487d-b6b0-d85a164f6f92 19733eac35ea4064bda1121e7dda19e9 4dafa868f61048df87eb31c270c692d4 - - ee46d1370670492ea6ac602cb641f5a1 ee46d1370670492ea6ac602cb641f5a1] 10.0.0.239 "GET /resource_providers/8033bc7e-4fec-471c-8a61-abf1a2c853d9/aggregates" status: 404 len: 235 microversion: 1.1 [pid: 7|app: 0|req: 379/755] 10.0.0.239 () {32 vars in 816 bytes} [Tue Jun 30 19:16:22 2026] GET /resource_providers/8033bc7e-4fec-471c-8a61-abf1a2c853d9/aggregates => generated 235 bytes in 13 msecs (HTTP/1.1 404) 5 headers in 202 bytes (1 switches on core 0)
2026-06-30 19:16:22.979 8 INFO placement.requestlog [None req-de2c0411-d002-4dab-bcab-e9cc52471657 19733eac35ea4064bda1121e7dda19e9 4dafa868f61048df87eb31c270c692d4 - - ee46d1370670492ea6ac602cb641f5a1 ee46d1370670492ea6ac602cb641f5a1] 10.0.0.239 "GET /resource_providers/8033bc7e-4fec-471c-8a61-abf1a2c853d9/aggregates" status: 404 len: 235 microversion: 1.1 [pid: 8|app: 0|req: 377/756] 10.0.0.239 () {32 vars in 816 bytes} [Tue Jun 30 19:16:22 2026] GET /resource_providers/8033bc7e-4fec-471c-8a61-abf1a2c853d9/aggregates => generated 235 bytes in 17 msecs (HTTP/1.1 404) 5 headers in 202 bytes (1 switches on core 0)
2026-06-30 19:16:22.986 7 INFO placement.requestlog [None req-7c490dfa-7e77-44a9-853f-37f2a06bfd7e 19733eac35ea4064bda1121e7dda19e9 4dafa868f61048df87eb31c270c692d4 - - ee46d1370670492ea6ac602cb641f5a1 ee46d1370670492ea6ac602cb641f5a1] 10.0.0.239 "DELETE /resource_providers/8033bc7e-4fec-471c-8a61-abf1a2c853d9" status: 404 len: 246 microversion: 1.1 [pid: 7|app: 0|req: 380/757] 10.0.0.239 () {34 vars in 816 bytes} [Tue Jun 30 19:16:22 2026] DELETE /resource_providers/8033bc7e-4fec-471c-8a61-abf1a2c853d9 => generated 246 bytes in 12 msecs (HTTP/1.1 404) 6 headers in 231 bytes (1 switches on core 0)
2026-06-30 19:16:23.007 8 INFO placement.requestlog [None req-f9813421-8705-40e5-b99a-8c138c238aab 19733eac35ea4064bda1121e7dda19e9 4dafa868f61048df87eb31c270c692d4 - - ee46d1370670492ea6ac602cb641f5a1 ee46d1370670492ea6ac602cb641f5a1] 10.0.0.239 "DELETE /resource_providers/8033bc7e-4fec-471c-8a61-abf1a2c853d9" status: 404 len: 246 microversion: 1.1 [pid: 8|app: 0|req: 378/758] 10.0.0.239 () {34 vars in 816 bytes} [Tue Jun 30 19:16:22 2026] DELETE /resource_providers/8033bc7e-4fec-471c-8a61-abf1a2c853d9 => generated 246 bytes in 13 msecs (HTTP/1.1 404) 6 headers in 231 bytes (1 switches on core 0)
2026-06-30 19:16:26.547 8 INFO placement.requestlog [None req-a0e9194c-4d6f-49e2-ac96-6900af1efde3 19733eac35ea4064bda1121e7dda19e9 4dafa868f61048df87eb31c270c692d4 - - ee46d1370670492ea6ac602cb641f5a1 ee46d1370670492ea6ac602cb641f5a1] 10.0.0.239 "GET /resource_providers/88690755-4c06-4043-8db6-2b7dd47f95f0/aggregates" status: 404 len: 235 microversion: 1.1 [pid: 8|app: 0|req: 379/759] 10.0.0.239 () {32 vars in 816 bytes} [Tue Jun 30 19:16:26 2026] GET /resource_providers/88690755-4c06-4043-8db6-2b7dd47f95f0/aggregates => generated 235 bytes in 8 msecs (HTTP/1.1 404) 5 headers in 202 bytes (1 switches on core 0)
2026-06-30 19:16:26.562 7 INFO placement.requestlog [None req-da6524f3-254d-4776-9a51-08dc98191df7 19733eac35ea4064bda1121e7dda19e9 4dafa868f61048df87eb31c270c692d4 - - ee46d1370670492ea6ac602cb641f5a1 ee46d1370670492ea6ac602cb641f5a1] 10.0.0.239 "GET /resource_providers/88690755-4c06-4043-8db6-2b7dd47f95f0/aggregates" status: 404 len: 235 microversion: 1.1 [pid: 7|app: 0|req: 381/760] 10.0.0.239 () {32 vars in 816 bytes} [Tue Jun 30 19:16:26 2026] GET /resource_providers/88690755-4c06-4043-8db6-2b7dd47f95f0/aggregates => generated 235 bytes in 23 msecs (HTTP/1.1 404) 5 headers in 202 bytes (1 switches on core 0)
2026-06-30 19:16:26.568 8 INFO placement.requestlog [None req-9a580875-e737-4c60-bc70-06b2bb4c6f27 19733eac35ea4064bda1121e7dda19e9 4dafa868f61048df87eb31c270c692d4 - - ee46d1370670492ea6ac602cb641f5a1 ee46d1370670492ea6ac602cb641f5a1] 10.0.0.239 "DELETE /resource_providers/88690755-4c06-4043-8db6-2b7dd47f95f0" status: 404 len: 246 microversion: 1.1 [pid: 8|app: 0|req: 380/761] 10.0.0.239 () {34 vars in 816 bytes} [Tue Jun 30 19:16:26 2026] DELETE /resource_providers/88690755-4c06-4043-8db6-2b7dd47f95f0 => generated 246 bytes in 12 msecs (HTTP/1.1 404) 6 headers in 231 bytes (1 switches on core 0)
2026-06-30 19:16:26.603 7 INFO placement.requestlog [None req-611d5383-647c-47b2-a65b-6aa464fd7ede 19733eac35ea4064bda1121e7dda19e9 4dafa868f61048df87eb31c270c692d4 - - ee46d1370670492ea6ac602cb641f5a1 ee46d1370670492ea6ac602cb641f5a1] 10.0.0.239 "DELETE /resource_providers/88690755-4c06-4043-8db6-2b7dd47f95f0" status: 404 len: 246 microversion: 1.1 [pid: 7|app: 0|req: 382/762] 10.0.0.239 () {34 vars in 816 bytes} [Tue Jun 30 19:16:26 2026] DELETE /resource_providers/88690755-4c06-4043-8db6-2b7dd47f95f0 => generated 246 bytes in 13 msecs (HTTP/1.1 404) 6 headers in 231 bytes (1 switches on core 0)
2026-06-30 19:16:27.897 8 INFO placement.requestlog [req-ef2f8039-6a31-4954-8c5b-d433f7eb2f95 req-a269593c-79f0-467b-a8c4-d2d7f420d659 cba55747316b4032b7c07b20c36c378c 4dafa868f61048df87eb31c270c692d4 - - ee46d1370670492ea6ac602cb641f5a1 ee46d1370670492ea6ac602cb641f5a1] 199.19.213.241 "GET /resource_providers/0d88bef9-0d72-4836-89e5-02ff223267b3/allocations" status: 200 len: 252 microversion: 1.0 [pid: 8|app: 0|req: 381/763] 199.19.213.241 () {32 vars in 857 bytes} [Tue Jun 30 19:16:27 2026] GET /resource_providers/0d88bef9-0d72-4836-89e5-02ff223267b3/allocations => generated 252 bytes in 18 msecs (HTTP/1.1 200) 6 headers in 224 bytes (1 switches on core 0)
2026-06-30 19:16:27.917 7 INFO placement.requestlog [req-ef2f8039-6a31-4954-8c5b-d433f7eb2f95 req-af5b246f-4af6-46b9-b6d9-f0a164908732 cba55747316b4032b7c07b20c36c378c 4dafa868f61048df87eb31c270c692d4 - - ee46d1370670492ea6ac602cb641f5a1 ee46d1370670492ea6ac602cb641f5a1] 199.19.213.241 "GET /allocations/1c7b696a-8a7c-4147-b74b-b62c185960b0" status: 200 len: 257 microversion: 1.28 [pid: 7|app: 0|req: 383/764] 199.19.213.241 () {34 vars in 863 bytes} [Tue Jun 30 19:16:27 2026] GET /allocations/1c7b696a-8a7c-4147-b74b-b62c185960b0 => generated 257 bytes in 11 msecs (HTTP/1.1 200) 8 headers in 296 bytes (1 switches on core 0)
2026-06-30 19:16:27.936 8 INFO placement.requestlog [req-ef2f8039-6a31-4954-8c5b-d433f7eb2f95 req-96e05cce-313f-445e-9acc-c4cbf43fd30b cba55747316b4032b7c07b20c36c378c 4dafa868f61048df87eb31c270c692d4 - - ee46d1370670492ea6ac602cb641f5a1 ee46d1370670492ea6ac602cb641f5a1] 199.19.213.241 "GET /allocations/32d2f250-4a0c-4f27-a202-2a235b3f9f49" status: 200 len: 257 microversion: 1.28 [pid: 8|app: 0|req: 382/765] 199.19.213.241 () {34 vars in 863 bytes} [Tue Jun 30 19:16:27 2026] GET /allocations/32d2f250-4a0c-4f27-a202-2a235b3f9f49 => generated 257 bytes in 13 msecs (HTTP/1.1 200) 8 headers in 296 bytes (1 switches on core 0)
2026-06-30 19:16:28.000 7 INFO placement.requestlog [req-ef2f8039-6a31-4954-8c5b-d433f7eb2f95 req-aaf25c6b-d94d-4aa4-b014-3b2658f16bbe cba55747316b4032b7c07b20c36c378c 4dafa868f61048df87eb31c270c692d4 - - ee46d1370670492ea6ac602cb641f5a1 ee46d1370670492ea6ac602cb641f5a1] 199.19.213.241 "DELETE /allocations/1c7b696a-8a7c-4147-b74b-b62c185960b0" status: 204 len: 0 microversion: 1.0 [pid: 7|app: 0|req: 384/766] 199.19.213.241 () {34 vars in 841 bytes} [Tue Jun 30 19:16:27 2026] DELETE /allocations/1c7b696a-8a7c-4147-b74b-b62c185960b0 => generated 0 bytes in 26 msecs (HTTP/1.1 204) 5 headers in 198 bytes (1 switches on core 0)
2026-06-30 19:16:28.729 8 INFO placement.requestlog [None req-8d87f5e2-940c-4ba8-ab24-1c33ef01689f 19733eac35ea4064bda1121e7dda19e9 4dafa868f61048df87eb31c270c692d4 - - ee46d1370670492ea6ac602cb641f5a1 ee46d1370670492ea6ac602cb641f5a1] 10.0.0.239 "GET /resource_providers/0189c9ff-5fb5-49e7-8072-f0e6eb7ee7f9/aggregates" status: 404 len: 235 microversion: 1.1 [pid: 8|app: 0|req: 383/767] 10.0.0.239 () {32 vars in 816 bytes} [Tue Jun 30 19:16:28 2026] GET /resource_providers/0189c9ff-5fb5-49e7-8072-f0e6eb7ee7f9/aggregates => generated 235 bytes in 11 msecs (HTTP/1.1 404) 5 headers in 202 bytes (1 switches on core 0)
2026-06-30 19:16:28.737 7 INFO placement.requestlog [None req-32a5b510-7193-45a1-ac6b-21012b00564b 19733eac35ea4064bda1121e7dda19e9 4dafa868f61048df87eb31c270c692d4 - - ee46d1370670492ea6ac602cb641f5a1 ee46d1370670492ea6ac602cb641f5a1] 10.0.0.239 "GET /resource_providers/0189c9ff-5fb5-49e7-8072-f0e6eb7ee7f9/aggregates" status: 404 len: 235 microversion: 1.1 [pid: 7|app: 0|req: 385/768] 10.0.0.239 () {32 vars in 816 bytes} [Tue Jun 30 19:16:28 2026] GET /resource_providers/0189c9ff-5fb5-49e7-8072-f0e6eb7ee7f9/aggregates => generated 235 bytes in 19 msecs (HTTP/1.1 404) 5 headers in 202 bytes (1 switches on core 0)
2026-06-30 19:16:28.749 8 INFO placement.requestlog [None req-87dac0fa-207e-4ace-b20c-50a56a56b1a3 19733eac35ea4064bda1121e7dda19e9 4dafa868f61048df87eb31c270c692d4 - - ee46d1370670492ea6ac602cb641f5a1 ee46d1370670492ea6ac602cb641f5a1] 10.0.0.239 "DELETE /resource_providers/0189c9ff-5fb5-49e7-8072-f0e6eb7ee7f9" status: 404 len: 246 microversion: 1.1 [pid: 8|app: 0|req: 384/769] 10.0.0.239 () {34 vars in 816 bytes} [Tue Jun 30 19:16:28 2026] DELETE /resource_providers/0189c9ff-5fb5-49e7-8072-f0e6eb7ee7f9 => generated 246 bytes in 13 msecs (HTTP/1.1 404) 6 headers in 231 bytes (1 switches on core 0)
2026-06-30 19:16:28.754 7 INFO placement.requestlog [None req-6ebf24a5-084d-4356-90fa-65b033709363 19733eac35ea4064bda1121e7dda19e9 4dafa868f61048df87eb31c270c692d4 - - ee46d1370670492ea6ac602cb641f5a1 ee46d1370670492ea6ac602cb641f5a1] 10.0.0.239 "DELETE /resource_providers/0189c9ff-5fb5-49e7-8072-f0e6eb7ee7f9" status: 404 len: 246 microversion: 1.1 [pid: 7|app: 0|req: 386/770] 10.0.0.239 () {34 vars in 816 bytes} [Tue Jun 30 19:16:28 2026] DELETE /resource_providers/0189c9ff-5fb5-49e7-8072-f0e6eb7ee7f9 => generated 246 bytes in 9 msecs (HTTP/1.1 404) 6 headers in 231 bytes (1 switches on core 0)
2026-06-30 19:16:28.768 7 INFO placement.requestlog [None req-78b23a1b-4782-4abc-8aad-bdf3080f9937 19733eac35ea4064bda1121e7dda19e9 4dafa868f61048df87eb31c270c692d4 - - ee46d1370670492ea6ac602cb641f5a1 ee46d1370670492ea6ac602cb641f5a1] 10.0.0.239 "GET /resource_providers/7c2bbd7a-16e5-482b-8700-65c382b7a83f/aggregates" status: 404 len: 235 microversion: 1.1 [pid: 7|app: 0|req: 387/771] 10.0.0.239 () {32 vars in 816 bytes} [Tue Jun 30 19:16:28 2026] GET /resource_providers/7c2bbd7a-16e5-482b-8700-65c382b7a83f/aggregates => generated 235 bytes in 8 msecs (HTTP/1.1 404) 5 headers in 202 bytes (1 switches on core 0)
2026-06-30 19:16:28.772 8 INFO placement.requestlog [None req-1f4ede51-f00f-4510-a383-3276640a6fc6 19733eac35ea4064bda1121e7dda19e9 4dafa868f61048df87eb31c270c692d4 - - ee46d1370670492ea6ac602cb641f5a1 ee46d1370670492ea6ac602cb641f5a1] 10.0.0.239 "GET /resource_providers/7c2bbd7a-16e5-482b-8700-65c382b7a83f/aggregates" status: 404 len: 235 microversion: 1.1 [pid: 8|app: 0|req: 385/772] 10.0.0.239 () {32 vars in 816 bytes} [Tue Jun 30 19:16:28 2026] GET /resource_providers/7c2bbd7a-16e5-482b-8700-65c382b7a83f/aggregates => generated 235 bytes in 13 msecs (HTTP/1.1 404) 5 headers in 202 bytes (1 switches on core 0)
2026-06-30 19:16:28.791 8 INFO placement.requestlog [None req-85428476-ce39-4698-b7a1-178ee482fdcb 19733eac35ea4064bda1121e7dda19e9 4dafa868f61048df87eb31c270c692d4 - - ee46d1370670492ea6ac602cb641f5a1 ee46d1370670492ea6ac602cb641f5a1] 10.0.0.239 "DELETE /resource_providers/7c2bbd7a-16e5-482b-8700-65c382b7a83f" status: 404 len: 246 microversion: 1.1 [pid: 8|app: 0|req: 386/773] 10.0.0.239 () {34 vars in 816 bytes} [Tue Jun 30 19:16:28 2026] DELETE /resource_providers/7c2bbd7a-16e5-482b-8700-65c382b7a83f => generated 246 bytes in 10 msecs (HTTP/1.1 404) 6 headers in 231 bytes (1 switches on core 0)
2026-06-30 19:16:28.793 7 INFO placement.requestlog [None req-8fe32adc-77e2-4d68-b091-b22f9a78ffde 19733eac35ea4064bda1121e7dda19e9 4dafa868f61048df87eb31c270c692d4 - - ee46d1370670492ea6ac602cb641f5a1 ee46d1370670492ea6ac602cb641f5a1] 10.0.0.239 "DELETE /resource_providers/7c2bbd7a-16e5-482b-8700-65c382b7a83f" status: 404 len: 246 microversion: 1.1 [pid: 7|app: 0|req: 388/774] 10.0.0.239 () {34 vars in 816 bytes} [Tue Jun 30 19:16:28 2026] DELETE /resource_providers/7c2bbd7a-16e5-482b-8700-65c382b7a83f => generated 246 bytes in 12 msecs (HTTP/1.1 404) 6 headers in 231 bytes (1 switches on core 0)
2026-06-30 19:16:28.815 8 INFO placement.requestlog [None req-07120003-7aa5-44d1-b20a-57958ec7bf6c 19733eac35ea4064bda1121e7dda19e9 4dafa868f61048df87eb31c270c692d4 - - ee46d1370670492ea6ac602cb641f5a1 ee46d1370670492ea6ac602cb641f5a1] 10.0.0.239 "GET /resource_providers/b502cb03-02c7-48df-8e65-435a2cdb5883/aggregates" status: 404 len: 235 microversion: 1.1 [pid: 8|app: 0|req: 387/775] 10.0.0.239 () {32 vars in 816 bytes} [Tue Jun 30 19:16:28 2026] GET /resource_providers/b502cb03-02c7-48df-8e65-435a2cdb5883/aggregates => generated 235 bytes in 15 msecs (HTTP/1.1 404) 5 headers in 202 bytes (1 switches on core 0)
2026-06-30 19:16:28.831 7 INFO placement.requestlog [None req-bbdb7bd2-61b3-4b02-8ec5-c7be7e7579b4 19733eac35ea4064bda1121e7dda19e9 4dafa868f61048df87eb31c270c692d4 - - ee46d1370670492ea6ac602cb641f5a1 ee46d1370670492ea6ac602cb641f5a1] 10.0.0.239 "GET /resource_providers/b502cb03-02c7-48df-8e65-435a2cdb5883/aggregates" status: 404 len: 235 microversion: 1.1 [pid: 7|app: 0|req: 389/776] 10.0.0.239 () {32 vars in 816 bytes} [Tue Jun 30 19:16:28 2026] GET /resource_providers/b502cb03-02c7-48df-8e65-435a2cdb5883/aggregates => generated 235 bytes in 19 msecs (HTTP/1.1 404) 5 headers in 202 bytes (1 switches on core 0)
2026-06-30 19:16:28.838 8 INFO placement.requestlog [None req-75aed857-8d37-4e8b-9238-3c01f6746612 19733eac35ea4064bda1121e7dda19e9 4dafa868f61048df87eb31c270c692d4 - - ee46d1370670492ea6ac602cb641f5a1 ee46d1370670492ea6ac602cb641f5a1] 10.0.0.239 "DELETE /resource_providers/b502cb03-02c7-48df-8e65-435a2cdb5883" status: 404 len: 246 microversion: 1.1 [pid: 8|app: 0|req: 388/777] 10.0.0.239 () {34 vars in 816 bytes} [Tue Jun 30 19:16:28 2026] DELETE /resource_providers/b502cb03-02c7-48df-8e65-435a2cdb5883 => generated 246 bytes in 12 msecs (HTTP/1.1 404) 6 headers in 231 bytes (1 switches on core 0)
2026-06-30 19:16:28.846 7 INFO placement.requestlog [None req-2bf68c11-f122-41e3-8f83-a515c7292561 19733eac35ea4064bda1121e7dda19e9 4dafa868f61048df87eb31c270c692d4 - - ee46d1370670492ea6ac602cb641f5a1 ee46d1370670492ea6ac602cb641f5a1] 10.0.0.239 "DELETE /resource_providers/b502cb03-02c7-48df-8e65-435a2cdb5883" status: 404 len: 246 microversion: 1.1 [pid: 7|app: 0|req: 390/778] 10.0.0.239 () {34 vars in 816 bytes} [Tue Jun 30 19:16:28 2026] DELETE /resource_providers/b502cb03-02c7-48df-8e65-435a2cdb5883 => generated 246 bytes in 11 msecs (HTTP/1.1 404) 6 headers in 231 bytes (1 switches on core 0)
2026-06-30 19:16:29.457 8 INFO placement.requestlog [None req-346c974e-8483-49d0-957c-ad24840a7864 - - - - - -] 10.0.0.104 "GET /" status: 200 len: 136 microversion: 1.0
2026-06-30 19:16:29.457 7 INFO placement.requestlog [None req-ffb36963-9e94-4d9a-aeaf-24bac2cc21f1 - - - - - -] 10.0.0.104 "GET /" status: 200 len: 136 microversion: 1.0
2026-06-30 19:16:31.772 8 INFO placement.requestlog [None req-b01a8008-6065-4189-80eb-d3a05aaad70f 19733eac35ea4064bda1121e7dda19e9 4dafa868f61048df87eb31c270c692d4 - - ee46d1370670492ea6ac602cb641f5a1 ee46d1370670492ea6ac602cb641f5a1] 10.0.0.239 "GET /resource_providers/00779103-4a2f-4bf2-bef4-da2ce4172d47/aggregates" status: 404 len: 235 microversion: 1.1
2026-06-30 19:16:31.772 7 INFO placement.requestlog [None req-fa072c3f-9d9c-403f-bb87-835542722ca5 19733eac35ea4064bda1121e7dda19e9 4dafa868f61048df87eb31c270c692d4 - - ee46d1370670492ea6ac602cb641f5a1 ee46d1370670492ea6ac602cb641f5a1] 10.0.0.239 "GET /resource_providers/00779103-4a2f-4bf2-bef4-da2ce4172d47/aggregates" status: 404 len: 235 microversion: 1.1 [pid: 8|app: 0|req: 390/781] 10.0.0.239 () {32 vars in 816 bytes} [Tue Jun 30 19:16:31 2026] GET /resource_providers/00779103-4a2f-4bf2-bef4-da2ce4172d47/aggregates => generated 235 bytes in 13 msecs (HTTP/1.1 404) 5 headers in 202 bytes (1 switches on core 0) [pid: 7|app: 0|req: 392/782] 10.0.0.239 () {32 vars in 816 bytes} [Tue Jun 30 19:16:31 2026] GET /resource_providers/00779103-4a2f-4bf2-bef4-da2ce4172d47/aggregates => generated 235 bytes in 13 msecs (HTTP/1.1 404) 5 headers in 202 bytes (1 switches on core 0)
2026-06-30 19:16:31.807 8 INFO placement.requestlog [None req-b3db0be0-5cf2-4899-ade3-2c9f65be6a11 19733eac35ea4064bda1121e7dda19e9 4dafa868f61048df87eb31c270c692d4 - - ee46d1370670492ea6ac602cb641f5a1 ee46d1370670492ea6ac602cb641f5a1] 10.0.0.239 "DELETE /resource_providers/00779103-4a2f-4bf2-bef4-da2ce4172d47" status: 404 len: 246 microversion: 1.1 [pid: 8|app: 0|req: 391/783] 10.0.0.239 () {34 vars in 816 bytes} [Tue Jun 30 19:16:31 2026] DELETE /resource_providers/00779103-4a2f-4bf2-bef4-da2ce4172d47 => generated 246 bytes in 14 msecs (HTTP/1.1 404) 6 headers in 231 bytes (1 switches on core 0)
2026-06-30 19:16:31.809 7 INFO placement.requestlog [None req-63f83bbe-ed69-4086-8176-da46324679fa 19733eac35ea4064bda1121e7dda19e9 4dafa868f61048df87eb31c270c692d4 - - ee46d1370670492ea6ac602cb641f5a1 ee46d1370670492ea6ac602cb641f5a1] 10.0.0.239 "DELETE /resource_providers/00779103-4a2f-4bf2-bef4-da2ce4172d47" status: 404 len: 246 microversion: 1.1 [pid: 7|app: 0|req: 393/784] 10.0.0.239 () {34 vars in 816 bytes} [Tue Jun 30 19:16:31 2026] DELETE /resource_providers/00779103-4a2f-4bf2-bef4-da2ce4172d47 => generated 246 bytes in 14 msecs (HTTP/1.1 404) 6 headers in 231 bytes (1 switches on core 0)
2026-06-30 19:16:33.836 8 INFO placement.requestlog [None req-f0b46d2c-df01-4ed0-abac-5f213bad5a1c 19733eac35ea4064bda1121e7dda19e9 4dafa868f61048df87eb31c270c692d4 - - ee46d1370670492ea6ac602cb641f5a1 ee46d1370670492ea6ac602cb641f5a1] 10.0.0.239 "GET /resource_providers/e75d2e6c-9c52-40a3-8053-c18258060058/aggregates" status: 404 len: 235 microversion: 1.1 [pid: 8|app: 0|req: 392/785] 10.0.0.239 () {32 vars in 816 bytes} [Tue Jun 30 19:16:33 2026] GET /resource_providers/e75d2e6c-9c52-40a3-8053-c18258060058/aggregates => generated 235 bytes in 10 msecs (HTTP/1.1 404) 5 headers in 202 bytes (1 switches on core 0)
