Jun 26 09:51:19.066014 np0000183162 devstack@neutron-api.service[103268]: DEBUG neutron.plugins.ml2.drivers.ovn.mech_driver.ovsdb.ovsdb_monitor [None req-40caacc4-415e-4b1f-b823-1e7d7778b4ca None None] Touching Hash Ring node "625339b923cd5b2392792c3b1d1c750c" from IDL notify handler {{(pid=103268) notify /opt/stack/neutron/neutron/plugins/ml2/drivers/ovn/mech_driver/ovsdb/ovsdb_monitor.py:1007}}
Jun 26 09:51:19.070640 np0000183162 devstack@neutron-api.service[103270]: DEBUG neutron.plugins.ml2.drivers.ovn.mech_driver.ovsdb.ovsdb_monitor [None req-0136ef1a-ec0b-4878-89e0-f1f392573784 None None] Touching Hash Ring node "0d9dae64ccd45477b9260c0a82438548" from IDL notify handler {{(pid=103270) notify /opt/stack/neutron/neutron/plugins/ml2/drivers/ovn/mech_driver/ovsdb/ovsdb_monitor.py:1007}}
Jun 26 09:51:19.075042 np0000183162 devstack@neutron-api.service[103268]: DEBUG neutron.plugins.ml2.drivers.ovn.mech_driver.ovsdb.ovsdb_monitor [None req-40caacc4-415e-4b1f-b823-1e7d7778b4ca None None] Hash Ring: Node 625339b923cd5b2392792c3b1d1c750c (host: np0000183162) handling event "update" for row a941ba16-5a96-4760-9ed2-9b7870bf4a46 (table: Logical_Switch_Port) {{(pid=103268) notify /opt/stack/neutron/neutron/plugins/ml2/drivers/ovn/mech_driver/ovsdb/ovsdb_monitor.py:1015}}
Jun 26 09:51:19.075896 np0000183162 devstack@neutron-api.service[103270]: DEBUG neutron.plugins.ml2.drivers.ovn.mech_driver.ovsdb.ovsdb_monitor [None req-0136ef1a-ec0b-4878-89e0-f1f392573784 None None] Hash Ring: Node 0d9dae64ccd45477b9260c0a82438548 (host: np0000183162) handling event "update" for row a941ba16-5a96-4760-9ed2-9b7870bf4a46 (table: Logical_Switch_Port) {{(pid=103270) notify /opt/stack/neutron/neutron/plugins/ml2/drivers/ovn/mech_driver/ovsdb/ovsdb_monitor.py:1015}}
Jun 26 09:51:19.076995 np0000183162 devstack@neutron-api.service[103270]: DEBUG neutron.plugins.ml2.drivers.ovn.mech_driver.ovsdb.ovsdb_monitor [None req-9582ef03-aeab-476f-a8ec-abc5d7c3af69 None None] Touching Hash Ring node "0d9dae64ccd45477b9260c0a82438548" from IDL notify handler {{(pid=103270) notify /opt/stack/neutron/neutron/plugins/ml2/drivers/ovn/mech_driver/ovsdb/ovsdb_monitor.py:1007}}
Jun 26 09:51:19.077712 np0000183162 devstack@neutron-api.service[103268]: DEBUG neutron.plugins.ml2.drivers.ovn.mech_driver.ovsdb.ovsdb_monitor [None req-e3b5fed1-9a36-47dc-8d4d-b0cdc19f9099 None None] Touching Hash Ring node "625339b923cd5b2392792c3b1d1c750c" from IDL notify handler {{(pid=103268) notify /opt/stack/neutron/neutron/plugins/ml2/drivers/ovn/mech_driver/ovsdb/ovsdb_monitor.py:1007}}
Jun 26 09:51:19.080678 np0000183162 devstack@neutron-api.service[103270]: DEBUG neutron.plugins.ml2.drivers.ovn.mech_driver.ovsdb.ovsdb_monitor [None req-9582ef03-aeab-476f-a8ec-abc5d7c3af69 None None] Hash Ring: Node 0d9dae64ccd45477b9260c0a82438548 (host: np0000183162) handling event "update" for row 45f5f53e-fa43-4daa-a095-e190f8f6447d (table: Port_Binding) {{(pid=103270) notify /opt/stack/neutron/neutron/plugins/ml2/drivers/ovn/mech_driver/ovsdb/ovsdb_monitor.py:1015}}
Jun 26 09:51:19.084551 np0000183162 devstack@neutron-api.service[103268]: DEBUG neutron.plugins.ml2.drivers.ovn.mech_driver.ovsdb.ovsdb_monitor [None req-e3b5fed1-9a36-47dc-8d4d-b0cdc19f9099 None None] Hash Ring: Node 625339b923cd5b2392792c3b1d1c750c (host: np0000183162) handling event "update" for row 45f5f53e-fa43-4daa-a095-e190f8f6447d (table: Port_Binding) {{(pid=103268) notify /opt/stack/neutron/neutron/plugins/ml2/drivers/ovn/mech_driver/ovsdb/ovsdb_monitor.py:1015}}
Jun 26 09:51:19.120270 np0000183162 devstack@neutron-api.service[103270]: DEBUG ovsdbapp.backend.ovs_idl.event [None req-0136ef1a-ec0b-4878-89e0-f1f392573784 None None] Matched UPDATE: LogicalSwitchPortUpdateLogicalRouterPortEvent(events=('update',), table='Logical_Switch_Port', conditions=None, old_conditions=None), priority=20 to row=Logical_Switch_Port(uuid=a941ba16-5a96-4760-9ed2-9b7870bf4a46, addresses=['router'], dhcpv4_options=[], dhcpv6_options=[], dynamic_addresses=[], enabled=True, external_ids={'neutron:cidrs': '10.1.0.1/26', 'neutron:device_id': '70032bfe-9e13-441b-af5b-7ad701f87b7e', 'neutron:device_owner': 'network:router_interface', 'neutron:mtu': '', 'neutron:network_name': 'neutron-f714cb14-a054-44b9-b657-43c10d072a36', 'neutron:port_capabilities': '', 'neutron:port_name': '', 'neutron:project_id': '1d7a7f525fbb429c9b56ebec0536a689', 'neutron:revision_number': '2', 'neutron:security_group_ids': '', 'neutron:subnet_pool_addr_scope4': '', 'neutron:subnet_pool_addr_scope6': '', 'neutron:vnic_type': 'normal'}, ha_chassis_group=[], mirror_rules=[], name='fbebb827-dad9-4c57-b196-fe5db01a8e2c', options={'router-port': 'lrp-fbebb827-dad9-4c57-b196-fe5db01a8e2c'}, parent_name=[], port_security=[], tag=[], tag_request=[], type='router', up=True) old=Logical_Switch_Port(uuid=a941ba16-5a96-4760-9ed2-9b7870bf4a46, external_ids={'neutron:cidrs': '10.1.0.1/26', 'neutron:device_id': '70032bfe-9e13-441b-af5b-7ad701f87b7e', 'neutron:device_owner': 'network:router_interface', 'neutron:mtu': '', 'neutron:network_name': 'neutron-f714cb14-a054-44b9-b657-43c10d072a36', 'neutron:port_capabilities': '', 'neutron:port_name': '', 'neutron:project_id': '1d7a7f525fbb429c9b56ebec0536a689', 'neutron:revision_number': '1', 'neutron:security_group_ids': '', 'neutron:subnet_pool_addr_scope4': '', 'neutron:subnet_pool_addr_scope6': '', 'neutron:vnic_type': 'normal'}) {{(pid=103270) matches /opt/stack/data/venv/lib/python3.12/site-packages/ovsdbapp/backend/ovs_idl/event.py:55}}
Jun 26 09:51:19.120970 np0000183162 devstack@neutron-api.service[103268]: DEBUG ovsdbapp.backend.ovs_idl.event [None req-40caacc4-415e-4b1f-b823-1e7d7778b4ca None None] Matched UPDATE: LogicalSwitchPortUpdateLogicalRouterPortEvent(events=('update',), table='Logical_Switch_Port', conditions=None, old_conditions=None), priority=20 to row=Logical_Switch_Port(uuid=a941ba16-5a96-4760-9ed2-9b7870bf4a46, addresses=['router'], dhcpv4_options=[], dhcpv6_options=[], dynamic_addresses=[], enabled=True, external_ids={'neutron:cidrs': '10.1.0.1/26', 'neutron:device_id': '70032bfe-9e13-441b-af5b-7ad701f87b7e', 'neutron:device_owner': 'network:router_interface', 'neutron:mtu': '', 'neutron:network_name': 'neutron-f714cb14-a054-44b9-b657-43c10d072a36', 'neutron:port_capabilities': '', 'neutron:port_name': '', 'neutron:project_id': '1d7a7f525fbb429c9b56ebec0536a689', 'neutron:revision_number': '2', 'neutron:security_group_ids': '', 'neutron:subnet_pool_addr_scope4': '', 'neutron:subnet_pool_addr_scope6': '', 'neutron:vnic_type': 'normal'}, ha_chassis_group=[], mirror_rules=[], name='fbebb827-dad9-4c57-b196-fe5db01a8e2c', options={'router-port': 'lrp-fbebb827-dad9-4c57-b196-fe5db01a8e2c'}, parent_name=[], port_security=[], tag=[], tag_request=[], type='router', up=True) old=Logical_Switch_Port(uuid=a941ba16-5a96-4760-9ed2-9b7870bf4a46, external_ids={'neutron:cidrs': '10.1.0.1/26', 'neutron:device_id': '70032bfe-9e13-441b-af5b-7ad701f87b7e', 'neutron:device_owner': 'network:router_interface', 'neutron:mtu': '', 'neutron:network_name': 'neutron-f714cb14-a054-44b9-b657-43c10d072a36', 'neutron:port_capabilities': '', 'neutron:port_name': '', 'neutron:project_id': '1d7a7f525fbb429c9b56ebec0536a689', 'neutron:revision_number': '1', 'neutron:security_group_ids': '', 'neutron:subnet_pool_addr_scope4': '', 'neutron:subnet_pool_addr_scope6': '', 'neutron:vnic_type': 'normal'}) {{(pid=103268) matches /opt/stack/data/venv/lib/python3.12/site-packages/ovsdbapp/backend/ovs_idl/event.py:55}}
Jun 26 09:51:19.128791 np0000183162 devstack@neutron-api.service[103271]: DEBUG neutron.objects.ports [None req-30ead6f1-8cc9-4d86-b565-096e8706cd9e admin admin] Time-cost: Fetching 0 ports in 0 security groups {{(pid=103271) get_objects /opt/stack/neutron/neutron/objects/ports.py:506}}
Jun 26 09:51:19.130213 np0000183162 devstack@neutron-api.service[103271]: DEBUG neutron_lib.callbacks.manager [None req-30ead6f1-8cc9-4d86-b565-096e8706cd9e admin admin] Publish callbacks ['neutron.plugins.ml2.ovo_rpc._ObjectChangeHandler.handle_event-2957327'] for subnet (0c857dac-decd-4049-bc25-595574cd13b9), after_create {{(pid=103271) _notify_loop /opt/stack/data/venv/lib/python3.12/site-packages/neutron_lib/callbacks/manager.py:184}}
Jun 26 09:51:19.141114 np0000183162 devstack@neutron-api.service[103271]: DEBUG neutron.api.rpc.handlers.resources_rpc [None req-30ead6f1-8cc9-4d86-b565-096e8706cd9e admin admin] Pushing event updated for resources: {'Subnet': ['ID=0c857dac-decd-4049-bc25-595574cd13b9,revision_number=0']} {{(pid=103271) push /opt/stack/neutron/neutron/api/rpc/handlers/resources_rpc.py:237}}
Jun 26 09:51:19.169330 np0000183162 devstack@neutron-api.service[103271]: INFO neutron.db.ovn_revision_numbers_db [None req-30ead6f1-8cc9-4d86-b565-096e8706cd9e admin admin] Successfully bumped revision number for resource 0c857dac-decd-4049-bc25-595574cd13b9 (type: subnets) to 0
Jun 26 09:51:19.170871 np0000183162 devstack@neutron-api.service[103268]: INFO neutron.db.ovn_revision_numbers_db [None req-58eb0387-ce7c-4c84-8448-5da0d169aed0 None None] Successfully bumped revision number for resource fbebb827-dad9-4c57-b196-fe5db01a8e2c (type: ports) to 2
Jun 26 09:51:19.170959 np0000183162 devstack@neutron-api.service[103271]: DEBUG neutron.pecan_wsgi.hooks.policy_enforcement [None req-30ead6f1-8cc9-4d86-b565-096e8706cd9e admin admin] Attributes excluded by policy engine: ['standard_attr_id', 'shared', 'network'] {{(pid=103271) _exclude_attributes_by_policy /opt/stack/neutron/neutron/pecan_wsgi/hooks/policy_enforcement.py:259}}
Jun 26 09:51:19.170959 np0000183162 devstack@neutron-api.service[103271]: DEBUG neutron_lib.callbacks.manager [None req-30ead6f1-8cc9-4d86-b565-096e8706cd9e admin admin] Publish callbacks [] for subnet (None), before_response {{(pid=103271) _notify_loop /opt/stack/data/venv/lib/python3.12/site-packages/neutron_lib/callbacks/manager.py:184}}
Jun 26 09:51:19.174671 np0000183162 devstack@neutron-api.service[103268]: DEBUG neutron_lib.callbacks.manager [None req-58eb0387-ce7c-4c84-8448-5da0d169aed0 None None] Publish callbacks ['neutron.plugins.ml2.ovo_rpc._ObjectChangeHandler.handle_event-1981914', 'neutron.services.ovn_l3.plugin.OVNL3RouterPlugin._port_update-8652184286442'] for port (fbebb827-dad9-4c57-b196-fe5db01a8e2c), after_update {{(pid=103268) _notify_loop /opt/stack/data/venv/lib/python3.12/site-packages/neutron_lib/callbacks/manager.py:184}}
Jun 26 09:51:19.180682 np0000183162 devstack@neutron-api.service[103271]: [pid: 103271|app: 0|req: 5/21] 199.204.45.140 () {68 vars in 1355 bytes} [Fri Jun 26 09:51:18 2026] POST /networking/v2.0/subnets => generated 640 bytes in 226 msecs (HTTP/1.1 201) 4 headers in 162 bytes (1 switches on core 0)
Jun 26 09:51:19.216899 np0000183162 devstack@neutron-api.service[103268]: DEBUG neutron.api.rpc.handlers.resources_rpc [None req-42c2bc22-d56c-4308-be20-cd1217c9f6ad None None] Pushing event updated for resources: {'Port': ['ID=fbebb827-dad9-4c57-b196-fe5db01a8e2c,revision_number=2']} {{(pid=103268) push /opt/stack/neutron/neutron/api/rpc/handlers/resources_rpc.py:237}}
Jun 26 09:51:19.222500 np0000183162 devstack@neutron-api.service[103268]: DEBUG neutron.api.rpc.callbacks.version_manager [None req-42c2bc22-d56c-4308-be20-cd1217c9f6ad None None] Tracked resource versions report:
Jun 26 09:51:19.222500 np0000183162 devstack@neutron-api.service[103268]: pushed versions:
Jun 26 09:51:19.222500 np0000183162 devstack@neutron-api.service[103268]: { 'AddressGroup': {'1.2'},
Jun 26 09:51:19.222500 np0000183162 devstack@neutron-api.service[103268]: 'Agent': {'1.1'},
Jun 26 09:51:19.222500 np0000183162 devstack@neutron-api.service[103268]: 'ConntrackHelper': {'1.0'},
Jun 26 09:51:19.222500 np0000183162 devstack@neutron-api.service[103268]: 'LocalIPAssociation': {'1.0'},
Jun 26 09:51:19.222500 np0000183162 devstack@neutron-api.service[103268]: 'Log': {'1.0'},
Jun 26 09:51:19.222500 np0000183162 devstack@neutron-api.service[103268]: 'NDPProxy': {'1.0'},
Jun 26 09:51:19.222500 np0000183162 devstack@neutron-api.service[103268]: 'Network': {'1.3'},
Jun 26 09:51:19.222500 np0000183162 devstack@neutron-api.service[103268]: 'Port': {'1.11'},
Jun 26 09:51:19.222500 np0000183162 devstack@neutron-api.service[103268]: 'PortForwarding': {'1.3'},
Jun 26 09:51:19.222500 np0000183162 devstack@neutron-api.service[103268]: 'QosPolicy': {'1.10'},
Jun 26 09:51:19.222500 np0000183162 devstack@neutron-api.service[103268]: 'SecurityGroup': {'1.6'},
Jun 26 09:51:19.222500 np0000183162 devstack@neutron-api.service[103268]: 'SecurityGroupRule': {'1.3'},
Jun 26 09:51:19.222500 np0000183162 devstack@neutron-api.service[103268]: 'SubPort': {'1.0'},
Jun 26 09:51:19.222500 np0000183162 devstack@neutron-api.service[103268]: 'Subnet': {'1.2'},
Jun 26 09:51:19.222500 np0000183162 devstack@neutron-api.service[103268]: 'Trunk': {'1.1'}}
Jun 26 09:51:19.222500 np0000183162 devstack@neutron-api.service[103268]: consumer versions:
Jun 26 09:51:19.222500 np0000183162 devstack@neutron-api.service[103268]: { OVN Controller Gateway agent@np0000183162: {},
Jun 26 09:51:19.222500 np0000183162 devstack@neutron-api.service[103268]: OVN Neutron agent@np0000183162: {}}
Jun 26 09:51:19.222500 np0000183162 devstack@neutron-api.service[103268]: {{(pid=103268) report /opt/stack/neutron/neutron/api/rpc/callbacks/version_manager.py:183}}
Jun 26 09:51:19.250557 np0000183162 devstack@neutron-api.service[103270]: DEBUG neutron.plugins.ml2.plugin [None req-f58a556f-6e91-4568-9599-55e8261ed178 None None] Current status of the port fbebb827-dad9-4c57-b196-fe5db01a8e2c is: ACTIVE; New status is: ACTIVE {{(pid=103270) _update_individual_port_db_status /opt/stack/neutron/neutron/plugins/ml2/plugin.py:2473}}
Jun 26 09:51:19.548122 np0000183162 devstack@neutron-api.service[103268]: DEBUG neutron.api.wsgi [None req-c0a2b2f0-f18d-4476-b6c1-9ac77494769a admin admin] Missing Content-Type {{(pid=103268) get_content_type /opt/stack/neutron/neutron/api/wsgi.py:80}}
Jun 26 09:51:19.584285 np0000183162 devstack@neutron-api.service[103268]: [pid: 103268|app: 0|req: 7/22] 199.204.45.140 () {64 vars in 1412 bytes} [Fri Jun 26 09:51:19 2026] GET /networking/v2.0/routers/70032bfe-9e13-441b-af5b-7ad701f87b7e => generated 599 bytes in 41 msecs (HTTP/1.1 200) 4 headers in 157 bytes (1 switches on core 0)
Jun 26 09:51:19.635954 np0000183162 devstack@neutron-api.service[103269]: DEBUG neutron.pecan_wsgi.hooks.policy_enforcement [None req-68ad366b-32c6-4253-8c8d-5b33bbffe49e admin admin] Attributes excluded by policy engine: ['standard_attr_id'] {{(pid=103269) _exclude_attributes_by_policy /opt/stack/neutron/neutron/pecan_wsgi/hooks/policy_enforcement.py:259}}
Jun 26 09:51:19.637382 np0000183162 devstack@neutron-api.service[103269]: [pid: 103269|app: 0|req: 6/23] 199.204.45.140 () {64 vars in 1415 bytes} [Fri Jun 26 09:51:19 2026] GET /networking/v2.0/networks/b5f4db1d-df4a-4abb-a8c9-29f6d7ae054b => generated 717 bytes in 41 msecs (HTTP/1.1 200) 4 headers in 157 bytes (1 switches on core 0)
Jun 26 09:51:19.654750 np0000183162 devstack@neutron-api.service[103270]: DEBUG neutron.api.wsgi [None req-9134e720-1bd4-4132-bee8-2bb5996ac1ca admin admin] Missing Content-Type {{(pid=103270) get_content_type /opt/stack/neutron/neutron/api/wsgi.py:80}}
Jun 26 09:51:19.655146 np0000183162 devstack@neutron-api.service[103270]: DEBUG neutron.api.wsgi [None req-9134e720-1bd4-4132-bee8-2bb5996ac1ca admin admin] https://199.204.45.140/networking/v2.0/extensions/external-gateway-multihoming returned with HTTP 200 {{(pid=103270) __call__ /opt/stack/neutron/neutron/api/wsgi.py:540}}
Jun 26 09:51:19.655627 np0000183162 devstack@neutron-api.service[103270]: [pid: 103270|app: 0|req: 6/24] 199.204.45.140 () {64 vars in 1397 bytes} [Fri Jun 26 09:51:19 2026] GET /networking/v2.0/extensions/external-gateway-multihoming => generated 227 bytes in 4 msecs (HTTP/1.1 200) 4 headers in 157 bytes (1 switches on core 0)
Jun 26 09:51:19.910090 np0000183162 devstack@neutron-api.service[103271]: DEBUG neutron_lib.callbacks.manager [None req-57e9a478-d1dd-4db7-b774-3730eeecc6e3 admin admin] Publish callbacks [] for router_gateway (70032bfe-9e13-441b-af5b-7ad701f87b7e), precommit_update {{(pid=103271) _notify_loop /opt/stack/data/venv/lib/python3.12/site-packages/neutron_lib/callbacks/manager.py:184}}
Jun 26 09:51:19.991537 np0000183162 devstack@neutron-api.service[103271]: DEBUG neutron_lib.callbacks.manager [None req-57e9a478-d1dd-4db7-b774-3730eeecc6e3 admin admin] Publish callbacks [] for router_gateway (70032bfe-9e13-441b-af5b-7ad701f87b7e), before_create {{(pid=103271) _notify_loop /opt/stack/data/venv/lib/python3.12/site-packages/neutron_lib/callbacks/manager.py:184}}
Jun 26 09:51:20.026515 np0000183162 devstack@neutron-api.service[103271]: DEBUG neutron_lib.callbacks.manager [None req-57e9a478-d1dd-4db7-b774-3730eeecc6e3 admin admin] Publish callbacks ['neutron.plugins.ml2.plugin.SecurityGroupDbMixin._ensure_default_security_group_handler-174782'] for port (None), before_create {{(pid=103271) _notify_loop /opt/stack/data/venv/lib/python3.12/site-packages/neutron_lib/callbacks/manager.py:184}}
Jun 26 09:51:20.086782 np0000183162 devstack@neutron-api.service[103271]: DEBUG neutron.db.db_base_plugin_common [None req-57e9a478-d1dd-4db7-b774-3730eeecc6e3 admin admin] Allocated IP 172.24.5.66 (b5f4db1d-df4a-4abb-a8c9-29f6d7ae054b/0c857dac-decd-4049-bc25-595574cd13b9/18e71a1b-cef0-431d-aedd-8c394c796b41) {{(pid=103271) _store_ip_allocation /opt/stack/neutron/neutron/db/db_base_plugin_common.py:131}}
Jun 26 09:51:20.136290 np0000183162 devstack@neutron-api.service[103271]: DEBUG neutron_lib.callbacks.manager [None req-57e9a478-d1dd-4db7-b774-3730eeecc6e3 admin admin] Publish callbacks ['neutron.plugins.ml2.drivers.ovn.mech_driver.mech_driver.OVNMechanismDriver._validate_allowed_address_pairs-271889'] for allowed_address_pair (18e71a1b-cef0-431d-aedd-8c394c796b41), before_create {{(pid=103271) _notify_loop /opt/stack/data/venv/lib/python3.12/site-packages/neutron_lib/callbacks/manager.py:184}}
Jun 26 09:51:20.136803 np0000183162 devstack@neutron-api.service[103271]: DEBUG neutron_lib.callbacks.manager [None req-57e9a478-d1dd-4db7-b774-3730eeecc6e3 admin admin] Publish callbacks [] for port (18e71a1b-cef0-431d-aedd-8c394c796b41), precommit_create {{(pid=103271) _notify_loop /opt/stack/data/venv/lib/python3.12/site-packages/neutron_lib/callbacks/manager.py:184}}
Jun 26 09:51:20.136957 np0000183162 devstack@neutron-api.service[103271]: DEBUG neutron.plugins.ml2.drivers.ovn.mech_driver.mech_driver [None req-57e9a478-d1dd-4db7-b774-3730eeecc6e3 admin admin] No provisioning block for port 18e71a1b-cef0-431d-aedd-8c394c796b41 since it does not have a host {{(pid=103271) _is_port_provisioning_required /opt/stack/neutron/neutron/plugins/ml2/drivers/ovn/mech_driver/mech_driver.py:899}}
Jun 26 09:51:20.137037 np0000183162 devstack@neutron-api.service[103271]: DEBUG neutron.db.ovn_revision_numbers_db [None req-57e9a478-d1dd-4db7-b774-3730eeecc6e3 admin admin] create_initial_revision uuid=18e71a1b-cef0-431d-aedd-8c394c796b41, type=ports, rev=-1 {{(pid=103271) create_initial_revision /opt/stack/neutron/neutron/db/ovn_revision_numbers_db.py:98}}
Jun 26 09:51:20.219090 np0000183162 devstack@neutron-api.service[103271]: DEBUG neutron.db.ovn_revision_numbers_db [None req-57e9a478-d1dd-4db7-b774-3730eeecc6e3 admin admin] create_initial_revision uuid=18e71a1b-cef0-431d-aedd-8c394c796b41, type=router_ports, rev=-1 {{(pid=103271) create_initial_revision /opt/stack/neutron/neutron/db/ovn_revision_numbers_db.py:98}}
Jun 26 09:51:20.248042 np0000183162 devstack@neutron-api.service[103271]: DEBUG neutron_lib.callbacks.manager [None req-57e9a478-d1dd-4db7-b774-3730eeecc6e3 admin admin] Publish callbacks ['neutron.plugins.ml2.ovo_rpc._ObjectChangeHandler.handle_event-2957349'] for port (18e71a1b-cef0-431d-aedd-8c394c796b41), after_create {{(pid=103271) _notify_loop /opt/stack/data/venv/lib/python3.12/site-packages/neutron_lib/callbacks/manager.py:184}}
Jun 26 09:51:20.278925 np0000183162 devstack@neutron-api.service[103271]: DEBUG neutron.api.rpc.handlers.resources_rpc [None req-57e9a478-d1dd-4db7-b774-3730eeecc6e3 admin admin] Pushing event updated for resources: {'Port': ['ID=18e71a1b-cef0-431d-aedd-8c394c796b41,revision_number=1']} {{(pid=103271) push /opt/stack/neutron/neutron/api/rpc/handlers/resources_rpc.py:237}}
Jun 26 09:51:20.320654 np0000183162 devstack@neutron-api.service[103271]: DEBUG neutron.plugins.ml2.drivers.ovn.mech_driver.ovsdb.commands [None req-57e9a478-d1dd-4db7-b774-3730eeecc6e3 admin admin] Converting tag [] to a tag_request {{(pid=103271) _tag_column_to_tag_request /opt/stack/neutron/neutron/plugins/ml2/drivers/ovn/mech_driver/ovsdb/commands.py:205}}
Jun 26 09:51:20.321831 np0000183162 devstack@neutron-api.service[103271]: DEBUG ovsdbapp.backend.ovs_idl.transaction [None req-9359cad5-4ae0-4aa6-9eb3-bae768e24262 None None] Running txn n=1 command(idx=0): AddLSwitchPortCommand(_result=None, lport=18e71a1b-cef0-431d-aedd-8c394c796b41, lswitch=neutron-b5f4db1d-df4a-4abb-a8c9-29f6d7ae054b, may_exist=True, network_uuid=b5f4db1d-df4a-4abb-a8c9-29f6d7ae054b, columns={'addresses': ['unknown'], 'external_ids': {'neutron:port_name': '', 'neutron:device_id': '70032bfe-9e13-441b-af5b-7ad701f87b7e', 'neutron:project_id': '', 'neutron:cidrs': '172.24.5.66/24', 'neutron:device_owner': 'network:router_gateway', 'neutron:subnet_pool_addr_scope4': '', 'neutron:subnet_pool_addr_scope6': '', 'neutron:network_name': 'neutron-b5f4db1d-df4a-4abb-a8c9-29f6d7ae054b', 'neutron:security_group_ids': '', 'neutron:revision_number': '1', 'neutron:vnic_type': 'normal', 'neutron:port_capabilities': '', 'neutron:mtu': ''}, 'parent_name': [], 'enabled': True, 'options': {}, 'type': '', 'port_security': [], 'dhcpv4_options': [], 'dhcpv6_options': [], 'tag_request': []}) {{(pid=103271) do_commit /opt/stack/data/venv/lib/python3.12/site-packages/ovsdbapp/backend/ovs_idl/transaction.py:89}}
Jun 26 09:51:20.322831 np0000183162 devstack@neutron-api.service[103271]: DEBUG ovsdbapp.backend.ovs_idl.transaction [None req-9359cad5-4ae0-4aa6-9eb3-bae768e24262 None None] Running txn n=1 command(idx=1): QoSDelCommand(_result=None, switch=neutron-b5f4db1d-df4a-4abb-a8c9-29f6d7ae054b, conditions=[('direction', '=', 'to-lport'), ('priority', '=', 2002), ('match', '=', 'outport == "18e71a1b-cef0-431d-aedd-8c394c796b41"')], if_exists=True) {{(pid=103271) do_commit /opt/stack/data/venv/lib/python3.12/site-packages/ovsdbapp/backend/ovs_idl/transaction.py:89}}
Jun 26 09:51:20.323212 np0000183162 devstack@neutron-api.service[103271]: DEBUG ovsdbapp.backend.ovs_idl.transaction [None req-9359cad5-4ae0-4aa6-9eb3-bae768e24262 None None] Running txn n=1 command(idx=2): QoSDelCommand(_result=None, switch=neutron-b5f4db1d-df4a-4abb-a8c9-29f6d7ae054b, conditions=[('direction', '=', 'from-lport'), ('priority', '=', 2002), ('match', '=', 'inport == "18e71a1b-cef0-431d-aedd-8c394c796b41"')], if_exists=True) {{(pid=103271) do_commit /opt/stack/data/venv/lib/python3.12/site-packages/ovsdbapp/backend/ovs_idl/transaction.py:89}}
Jun 26 09:51:20.323629 np0000183162 devstack@neutron-api.service[103271]: DEBUG ovsdbapp.backend.ovs_idl.transaction [None req-9359cad5-4ae0-4aa6-9eb3-bae768e24262 None None] Running txn n=1 command(idx=3): UpdateLSwitchPortQosOptionsCommand(_result=None, lport=AddLSwitchPortCommand(_result=d0fd0d77-33f2-4cf2-8727-099c7c274c82, lport=18e71a1b-cef0-431d-aedd-8c394c796b41, lswitch=neutron-b5f4db1d-df4a-4abb-a8c9-29f6d7ae054b, may_exist=True, network_uuid=b5f4db1d-df4a-4abb-a8c9-29f6d7ae054b, columns={'addresses': ['unknown'], 'external_ids': {'neutron:port_name': '', 'neutron:device_id': '70032bfe-9e13-441b-af5b-7ad701f87b7e', 'neutron:project_id': '', 'neutron:cidrs': '172.24.5.66/24', 'neutron:device_owner': 'network:router_gateway', 'neutron:subnet_pool_addr_scope4': '', 'neutron:subnet_pool_addr_scope6': '', 'neutron:network_name': 'neutron-b5f4db1d-df4a-4abb-a8c9-29f6d7ae054b', 'neutron:security_group_ids': '', 'neutron:revision_number': '1', 'neutron:vnic_type': 'normal', 'neutron:port_capabilities': '', 'neutron:mtu': ''}, 'parent_name': [], 'enabled': True, 'options': {}, 'type': '', 'port_security': [], 'tag_request': []}), if_exists=True, qos={'qos_max_rate': None, 'qos_burst': None, 'qos_min_rate': None}) {{(pid=103271) do_commit /opt/stack/data/venv/lib/python3.12/site-packages/ovsdbapp/backend/ovs_idl/transaction.py:89}}
Jun 26 09:51:20.374393 np0000183162 devstack@neutron-api.service[103268]: DEBUG neutron.plugins.ml2.drivers.ovn.mech_driver.ovsdb.ovsdb_monitor [None req-40caacc4-415e-4b1f-b823-1e7d7778b4ca None None] Touching Hash Ring node "625339b923cd5b2392792c3b1d1c750c" from IDL notify handler {{(pid=103268) notify /opt/stack/neutron/neutron/plugins/ml2/drivers/ovn/mech_driver/ovsdb/ovsdb_monitor.py:1007}}
Jun 26 09:51:20.381225 np0000183162 devstack@neutron-api.service[103269]: DEBUG neutron.plugins.ml2.drivers.ovn.mech_driver.ovsdb.ovsdb_monitor [None req-aa4cf46c-1eca-4965-b39d-f002aa49669b None None] Touching Hash Ring node "844c995da2f45bc8b446d7e53780bd4f" from IDL notify handler {{(pid=103269) notify /opt/stack/neutron/neutron/plugins/ml2/drivers/ovn/mech_driver/ovsdb/ovsdb_monitor.py:1007}}
Jun 26 09:51:20.383413 np0000183162 devstack@neutron-api.service[103268]: DEBUG neutron.plugins.ml2.drivers.ovn.mech_driver.ovsdb.ovsdb_monitor [None req-e3b5fed1-9a36-47dc-8d4d-b0cdc19f9099 None None] Touching Hash Ring node "625339b923cd5b2392792c3b1d1c750c" from IDL notify handler {{(pid=103268) notify /opt/stack/neutron/neutron/plugins/ml2/drivers/ovn/mech_driver/ovsdb/ovsdb_monitor.py:1007}}
Jun 26 09:51:20.387352 np0000183162 devstack@neutron-api.service[103268]: DEBUG neutron.plugins.ml2.drivers.ovn.mech_driver.ovsdb.ovsdb_monitor [None req-40caacc4-415e-4b1f-b823-1e7d7778b4ca None None] Hash Ring: Node 625339b923cd5b2392792c3b1d1c750c (host: np0000183162) handling event "update" for row b5f4db1d-df4a-4abb-a8c9-29f6d7ae054b (table: Logical_Switch) {{(pid=103268) notify /opt/stack/neutron/neutron/plugins/ml2/drivers/ovn/mech_driver/ovsdb/ovsdb_monitor.py:1015}}
Jun 26 09:51:20.389097 np0000183162 devstack@neutron-api.service[103268]: DEBUG neutron.plugins.ml2.drivers.ovn.mech_driver.ovsdb.ovsdb_monitor [None req-e3b5fed1-9a36-47dc-8d4d-b0cdc19f9099 None None] Hash Ring: Node 625339b923cd5b2392792c3b1d1c750c (host: np0000183162) handling event "create" for row c94c5f94-ec26-4ead-afb3-b5008e84ef62 (table: Port_Binding) {{(pid=103268) notify /opt/stack/neutron/neutron/plugins/ml2/drivers/ovn/mech_driver/ovsdb/ovsdb_monitor.py:1015}}
Jun 26 09:51:20.389487 np0000183162 devstack@neutron-api.service[103268]: DEBUG neutron.plugins.ml2.drivers.ovn.mech_driver.ovsdb.ovsdb_monitor [None req-40caacc4-415e-4b1f-b823-1e7d7778b4ca None None] Touching Hash Ring node "625339b923cd5b2392792c3b1d1c750c" from IDL notify handler {{(pid=103268) notify /opt/stack/neutron/neutron/plugins/ml2/drivers/ovn/mech_driver/ovsdb/ovsdb_monitor.py:1007}}
Jun 26 09:51:20.390019 np0000183162 devstack@neutron-api.service[103269]: DEBUG neutron.plugins.ml2.drivers.ovn.mech_driver.ovsdb.ovsdb_monitor [None req-aa4cf46c-1eca-4965-b39d-f002aa49669b None None] Hash Ring: Node 844c995da2f45bc8b446d7e53780bd4f (host: np0000183162) handling event "create" for row c94c5f94-ec26-4ead-afb3-b5008e84ef62 (table: Port_Binding) {{(pid=103269) notify /opt/stack/neutron/neutron/plugins/ml2/drivers/ovn/mech_driver/ovsdb/ovsdb_monitor.py:1015}}
Jun 26 09:51:20.392173 np0000183162 devstack@neutron-api.service[103268]: DEBUG neutron.plugins.ml2.drivers.ovn.mech_driver.ovsdb.ovsdb_monitor [None req-40caacc4-415e-4b1f-b823-1e7d7778b4ca None None] Hash Ring: Node 625339b923cd5b2392792c3b1d1c750c (host: np0000183162) handling event "create" for row 2885f9a3-d353-4587-965a-8e2d562547d3 (table: Logical_Switch_Port) {{(pid=103268) notify /opt/stack/neutron/neutron/plugins/ml2/drivers/ovn/mech_driver/ovsdb/ovsdb_monitor.py:1015}}
Jun 26 09:51:20.393601 np0000183162 devstack@neutron-api.service[103268]: DEBUG ovsdbapp.backend.ovs_idl.event [None req-40caacc4-415e-4b1f-b823-1e7d7778b4ca None None] Matched CREATE: LogicalSwitchPortCreateEvent(events=('create',), table='Logical_Switch_Port', conditions=[], old_conditions=None), priority=20 to row=Logical_Switch_Port(uuid=2885f9a3-d353-4587-965a-8e2d562547d3, addresses=['unknown'], dhcpv4_options=[], dhcpv6_options=[], dynamic_addresses=[], enabled=True, external_ids={'neutron:cidrs': '172.24.5.66/24', 'neutron:device_id': '70032bfe-9e13-441b-af5b-7ad701f87b7e', 'neutron:device_owner': 'network:router_gateway', 'neutron:mtu': '', 'neutron:network_name': 'neutron-b5f4db1d-df4a-4abb-a8c9-29f6d7ae054b', 'neutron:port_capabilities': '', 'neutron:port_name': '', 'neutron:project_id': '', 'neutron:revision_number': '1', 'neutron:security_group_ids': '', 'neutron:subnet_pool_addr_scope4': '', 'neutron:subnet_pool_addr_scope6': '', 'neutron:vnic_type': 'normal'}, ha_chassis_group=[], mirror_rules=[], name='18e71a1b-cef0-431d-aedd-8c394c796b41', options={}, parent_name=[], port_security=[], tag=[], tag_request=[], type='', up=[]) old= {{(pid=103268) matches /opt/stack/data/venv/lib/python3.12/site-packages/ovsdbapp/backend/ovs_idl/event.py:55}}
Jun 26 09:51:20.395522 np0000183162 devstack@neutron-api.service[103268]: DEBUG neutron.plugins.ml2.drivers.ovn.mech_driver.ovsdb.ovsdb_monitor [None req-40caacc4-415e-4b1f-b823-1e7d7778b4ca None None] Touching Hash Ring node "625339b923cd5b2392792c3b1d1c750c" from IDL notify handler {{(pid=103268) notify /opt/stack/neutron/neutron/plugins/ml2/drivers/ovn/mech_driver/ovsdb/ovsdb_monitor.py:1007}}
Jun 26 09:51:20.397848 np0000183162 devstack@neutron-api.service[103268]: DEBUG neutron.plugins.ml2.drivers.ovn.mech_driver.ovsdb.ovsdb_monitor [None req-40caacc4-415e-4b1f-b823-1e7d7778b4ca None None] Hash Ring: Node 625339b923cd5b2392792c3b1d1c750c (host: np0000183162) handling event "update" for row 2885f9a3-d353-4587-965a-8e2d562547d3 (table: Logical_Switch_Port) {{(pid=103268) notify /opt/stack/neutron/neutron/plugins/ml2/drivers/ovn/mech_driver/ovsdb/ovsdb_monitor.py:1015}}
Jun 26 09:51:20.411100 np0000183162 devstack@neutron-api.service[103271]: INFO neutron.db.ovn_revision_numbers_db [None req-57e9a478-d1dd-4db7-b774-3730eeecc6e3 admin admin] Successfully bumped revision number for resource 18e71a1b-cef0-431d-aedd-8c394c796b41 (type: ports) to 1
Jun 26 09:51:20.529476 np0000183162 devstack@neutron-api.service[103271]: DEBUG neutron_lib.callbacks.manager [None req-57e9a478-d1dd-4db7-b774-3730eeecc6e3 admin admin] Publish callbacks [] for router_gateway (70032bfe-9e13-441b-af5b-7ad701f87b7e), after_create {{(pid=103271) _notify_loop /opt/stack/data/venv/lib/python3.12/site-packages/neutron_lib/callbacks/manager.py:184}}
Jun 26 09:51:20.927273 np0000183162 devstack@neutron-api.service[103271]: DEBUG neutron_lib.callbacks.manager [None req-57e9a478-d1dd-4db7-b774-3730eeecc6e3 admin admin] Publish callbacks ['neutron.services.ovn_l3.plugin.ExtraGatewaysDbOnlyMixin._process_bfd_ecmp_update-272594', 'neutron.services.ovn_l3.service_providers.driver_controller.DriverController._update_router_provider-1747'] for router (70032bfe-9e13-441b-af5b-7ad701f87b7e), precommit_update {{(pid=103271) _notify_loop /opt/stack/data/venv/lib/python3.12/site-packages/neutron_lib/callbacks/manager.py:184}}
Jun 26 09:51:20.929806 np0000183162 devstack@neutron-api.service[103271]: DEBUG neutron_lib.callbacks.manager [None req-57e9a478-d1dd-4db7-b774-3730eeecc6e3 admin admin] Publish callbacks ['neutron.services.ovn_l3.service_providers.ovn.OvnDriver._process_router_update-26164'] for router (70032bfe-9e13-441b-af5b-7ad701f87b7e), after_update {{(pid=103271) _notify_loop /opt/stack/data/venv/lib/python3.12/site-packages/neutron_lib/callbacks/manager.py:184}}
Jun 26 09:51:21.027939 np0000183162 devstack@neutron-api.service[103271]: ERROR ovsdbapp.backend.ovs_idl.command [None req-57e9a478-d1dd-4db7-b774-3730eeecc6e3 admin admin] Error executing command (DbGetCommand): ovsdbapp.backend.ovs_idl.idlutils.RowNotFound: Cannot find Logical_Router_Port with name=lrp-18e71a1b-cef0-431d-aedd-8c394c796b41
Jun 26 09:51:21.027939 np0000183162 devstack@neutron-api.service[103271]: ERROR ovsdbapp.backend.ovs_idl.command
Traceback (most recent call last):
Jun 26 09:51:21.027939 np0000183162 devstack@neutron-api.service[103271]: ERROR ovsdbapp.backend.ovs_idl.command
File "/opt/stack/data/venv/lib/python3.12/site-packages/ovsdbapp/backend/ovs_idl/command.py", line 47, in execute
Jun 26 09:51:21.027939 np0000183162 devstack@neutron-api.service[103271]: ERROR ovsdbapp.backend.ovs_idl.command self.run_idl(None)
Jun 26 09:51:21.027939 np0000183162 devstack@neutron-api.service[103271]: ERROR ovsdbapp.backend.ovs_idl.command
File "/opt/stack/data/venv/lib/python3.12/site-packages/ovsdbapp/backend/ovs_idl/command.py", line 235, in run_idl
Jun 26 09:51:21.027939 np0000183162 devstack@neutron-api.service[103271]: ERROR ovsdbapp.backend.ovs_idl.command record = self.api.lookup(self.table, self.record)
Jun 26 09:51:21.027939 np0000183162 devstack@neutron-api.service[103271]: ERROR ovsdbapp.backend.ovs_idl.command ^^^^^^^^^^^^^^^^^^^^^^^^^^^^^^^^^^^^^^^^
Jun 26 09:51:21.027939 np0000183162 devstack@neutron-api.service[103271]: ERROR ovsdbapp.backend.ovs_idl.command
File "/opt/stack/data/venv/lib/python3.12/site-packages/ovsdbapp/backend/ovs_idl/__init__.py", line 184, in lookup
Jun 26 09:51:21.027939 np0000183162 devstack@neutron-api.service[103271]: ERROR ovsdbapp.backend.ovs_idl.command return self._lookup(table, record)
Jun 26 09:51:21.027939 np0000183162 devstack@neutron-api.service[103271]: ERROR ovsdbapp.backend.ovs_idl.command ^^^^^^^^^^^^^^^^^^^^^^^^^^^
Jun 26 09:51:21.027939 np0000183162 devstack@neutron-api.service[103271]: ERROR ovsdbapp.backend.ovs_idl.command
File "/opt/stack/data/venv/lib/python3.12/site-packages/ovsdbapp/backend/ovs_idl/__init__.py", line 235, in _lookup
Jun 26 09:51:21.027939 np0000183162 devstack@neutron-api.service[103271]: ERROR ovsdbapp.backend.ovs_idl.command row = idlutils.row_by_value(self, rl.table, rl.column, record)
Jun 26 09:51:21.027939 np0000183162 devstack@neutron-api.service[103271]: ERROR ovsdbapp.backend.ovs_idl.command ^^^^^^^^^^^^^^^^^^^^^^^^^^^^^^^^^^^^^^^^^^^^^^^^^^^^^^^^
Jun 26 09:51:21.027939 np0000183162 devstack@neutron-api.service[103271]: ERROR ovsdbapp.backend.ovs_idl.command
File "/opt/stack/data/venv/lib/python3.12/site-packages/ovsdbapp/backend/ovs_idl/idlutils.py", line 116, in row_by_value
Jun 26 09:51:21.027939 np0000183162 devstack@neutron-api.service[103271]: ERROR ovsdbapp.backend.ovs_idl.command raise RowNotFound(table=table, col=column, match=match)
Jun 26 09:51:21.027939 np0000183162 devstack@neutron-api.service[103271]: ERROR ovsdbapp.backend.ovs_idl.command ovsdbapp.backend.ovs_idl.idlutils.RowNotFound: Cannot find Logical_Router_Port with name=lrp-18e71a1b-cef0-431d-aedd-8c394c796b41
Jun 26 09:51:21.027939 np0000183162 devstack@neutron-api.service[103271]: ERROR ovsdbapp.backend.ovs_idl.command
Jun 26 09:51:21.205435 np0000183162 devstack@neutron-api.service[103271]: DEBUG ovsdbapp.backend.ovs_idl.transaction [None req-9359cad5-4ae0-4aa6-9eb3-bae768e24262 None None] Running txn n=1 command(idx=0): CheckRevisionNumberCommand(_result=None, name=neutron-70032bfe-9e13-441b-af5b-7ad701f87b7e, resource={'id': '70032bfe-9e13-441b-af5b-7ad701f87b7e', 'name': 'router1', 'project_id': '1d7a7f525fbb429c9b56ebec0536a689', 'admin_state_up': True, 'status': 'ACTIVE', 'enable_snat': True, 'external_gateway_info': {'network_id': 'b5f4db1d-df4a-4abb-a8c9-29f6d7ae054b', 'external_fixed_ips': [{'subnet_id': '0c857dac-decd-4049-bc25-595574cd13b9', 'ip_address': '172.24.5.66'}], 'enable_snat': True}, 'gw_port_id': '18e71a1b-cef0-431d-aedd-8c394c796b41', 'description': '', 'availability_zones': [], 'distributed': False, 'ha': True, 'ha_vr_id': 0, 'availability_zone_hints': [], 'enable_default_route_ecmp': False, 'enable_default_route_bfd': False, 'external_gateways': [{'network_id': 'b5f4db1d-df4a-4abb-a8c9-29f6d7ae054b', 'external_fixed_ips': [{'ip_address': '172.24.5.66', 'subnet_id': '0c857dac-decd-4049-bc25-595574cd13b9'}]}], 'routes': [], 'flavor_id': None, 'tags': [], 'created_at': '2026-06-26T09:51:15Z', 'updated_at': '2026-06-26T09:51:20Z', 'revision_number': 3, 'tenant_id': '1d7a7f525fbb429c9b56ebec0536a689'}, resource_type=routers, if_exists=True) {{(pid=103271) do_commit /opt/stack/data/venv/lib/python3.12/site-packages/ovsdbapp/backend/ovs_idl/transaction.py:89}}
Jun 26 09:51:21.206082 np0000183162 devstack@neutron-api.service[103271]: DEBUG ovsdbapp.backend.ovs_idl.transaction [None req-9359cad5-4ae0-4aa6-9eb3-bae768e24262 None None] Running txn n=1 command(idx=1): DeleteLRouterExtGwCommand(_result=None, lrouter=neutron-70032bfe-9e13-441b-af5b-7ad701f87b7e, if_exists=True, maintain_bfd=True) {{(pid=103271) do_commit /opt/stack/data/venv/lib/python3.12/site-packages/ovsdbapp/backend/ovs_idl/transaction.py:89}}
Jun 26 09:51:21.206955 np0000183162 devstack@neutron-api.service[103271]: DEBUG ovsdbapp.backend.ovs_idl.transaction [None req-9359cad5-4ae0-4aa6-9eb3-bae768e24262 None None] Running txn n=1 command(idx=2): DeleteNATRuleInLRouterCommand(_result=None, lrouter=neutron-70032bfe-9e13-441b-af5b-7ad701f87b7e, type=snat, logical_ip=0.0.0.0/0, external_ip=172.24.5.66, if_exists=True) {{(pid=103271) do_commit /opt/stack/data/venv/lib/python3.12/site-packages/ovsdbapp/backend/ovs_idl/transaction.py:89}}
Jun 26 09:51:21.207353 np0000183162 devstack@neutron-api.service[103271]: DEBUG ovsdbapp.backend.ovs_idl.transaction [None req-9359cad5-4ae0-4aa6-9eb3-bae768e24262 None None] Running txn n=1 command(idx=3): DelStaticRoutesCommand(_result=None, lrouter=neutron-70032bfe-9e13-441b-af5b-7ad701f87b7e, routes=[('0.0.0.0/0', '172.24.5.1')], if_exists=True) {{(pid=103271) do_commit /opt/stack/data/venv/lib/python3.12/site-packages/ovsdbapp/backend/ovs_idl/transaction.py:89}}
Jun 26 09:51:21.207799 np0000183162 devstack@neutron-api.service[103271]: DEBUG ovsdbapp.backend.ovs_idl.transaction [None req-9359cad5-4ae0-4aa6-9eb3-bae768e24262 None None] Running txn n=1 command(idx=4): DelLRouterPortCommand(_result=None, name=lrp-18e71a1b-cef0-431d-aedd-8c394c796b41, lrouter=neutron-70032bfe-9e13-441b-af5b-7ad701f87b7e, if_exists=True) {{(pid=103271) do_commit /opt/stack/data/venv/lib/python3.12/site-packages/ovsdbapp/backend/ovs_idl/transaction.py:89}}
Jun 26 09:51:21.208158 np0000183162 devstack@neutron-api.service[103271]: DEBUG ovsdbapp.backend.ovs_idl.transaction [None req-9359cad5-4ae0-4aa6-9eb3-bae768e24262 None None] Running txn n=1 command(idx=5): AddLRouterPortCommand(_result=None, name=lrp-18e71a1b-cef0-431d-aedd-8c394c796b41, lrouter=neutron-70032bfe-9e13-441b-af5b-7ad701f87b7e, may_exist=True, columns={'mac': 'fa:16:3e:c6:f1:01', 'networks': ['172.24.5.66/24'], 'external_ids': {'neutron:revision_number': '1', 'neutron:subnet_ids': '0c857dac-decd-4049-bc25-595574cd13b9', 'neutron:network_name': 'neutron-b5f4db1d-df4a-4abb-a8c9-29f6d7ae054b', 'neutron:is_ext_gw': 'True', 'neutron:router_name': 'neutron-70032bfe-9e13-441b-af5b-7ad701f87b7e'}, 'options': {'reside-on-redirect-chassis': 'true', 'gateway_mtu': '1372'}}) {{(pid=103271) do_commit /opt/stack/data/venv/lib/python3.12/site-packages/ovsdbapp/backend/ovs_idl/transaction.py:89}}
Jun 26 09:51:21.209006 np0000183162 devstack@neutron-api.service[103271]: DEBUG ovsdbapp.backend.ovs_idl.transaction [None req-9359cad5-4ae0-4aa6-9eb3-bae768e24262 None None] Running txn n=1 command(idx=6): ScheduleNewGatewayCommand(_result=None, g_name=lrp-18e71a1b-cef0-431d-aedd-8c394c796b41, sb_api=, lrouter_name=neutron-70032bfe-9e13-441b-af5b-7ad701f87b7e, ovn_client=, scheduler=, physnet=public, az_hints=[]) {{(pid=103271) do_commit /opt/stack/data/venv/lib/python3.12/site-packages/ovsdbapp/backend/ovs_idl/transaction.py:89}}
Jun 26 09:51:21.210264 np0000183162 devstack@neutron-api.service[103271]: DEBUG neutron.plugins.ml2.drivers.ovn.mech_driver.ovsdb.ovn_client [None req-9359cad5-4ae0-4aa6-9eb3-bae768e24262 None None] Chassis candidates for scheduling gateway router ports for "public" physical network: ['13f46e31-89fc-4137-83f5-8b302b03a2e5'] {{(pid=103271) get_candidates_for_scheduling /opt/stack/neutron/neutron/plugins/ml2/drivers/ovn/mech_driver/ovsdb/ovn_client.py:1759}}
Jun 26 09:51:21.210826 np0000183162 devstack@neutron-api.service[103271]: DEBUG neutron.scheduler.l3_ovn_scheduler [None req-9359cad5-4ae0-4aa6-9eb3-bae768e24262 None None] Gateway lrp-18e71a1b-cef0-431d-aedd-8c394c796b41 scheduled on chassis ['13f46e31-89fc-4137-83f5-8b302b03a2e5'] {{(pid=103271) _schedule_gateway /opt/stack/neutron/neutron/scheduler/l3_ovn_scheduler.py:88}}
Jun 26 09:51:21.211316 np0000183162 devstack@neutron-api.service[103271]: DEBUG ovsdbapp.backend.ovs_idl.transaction [None req-9359cad5-4ae0-4aa6-9eb3-bae768e24262 None None] Running txn n=1 command(idx=7): SetLRouterPortInLSwitchPortCommand(_result=None, lswitch_port=18e71a1b-cef0-431d-aedd-8c394c796b41, lrouter_port=lrp-18e71a1b-cef0-431d-aedd-8c394c796b41, is_gw_port=True, if_exists=True, lsp_address=router) {{(pid=103271) do_commit /opt/stack/data/venv/lib/python3.12/site-packages/ovsdbapp/backend/ovs_idl/transaction.py:89}}
Jun 26 09:51:21.211632 np0000183162 devstack@neutron-api.service[103271]: DEBUG ovsdbapp.backend.ovs_idl.transaction [None req-9359cad5-4ae0-4aa6-9eb3-bae768e24262 None None] Running txn n=1 command(idx=8): AddStaticRouteCommand(_result=None, lrouter=neutron-70032bfe-9e13-441b-af5b-7ad701f87b7e, maintain_bfd=False, columns={'ip_prefix': '0.0.0.0/0', 'nexthop': '172.24.5.1', 'external_ids': {'neutron:is_ext_gw': 'true', 'neutron:subnet_id': '0c857dac-decd-4049-bc25-595574cd13b9', 'neutron:is_static_route': 'true'}}) {{(pid=103271) do_commit /opt/stack/data/venv/lib/python3.12/site-packages/ovsdbapp/backend/ovs_idl/transaction.py:89}}
Jun 26 09:51:21.211916 np0000183162 devstack@neutron-api.service[103271]: DEBUG ovsdbapp.backend.ovs_idl.transaction [None req-9359cad5-4ae0-4aa6-9eb3-bae768e24262 None None] Running txn n=1 command(idx=9): AddNATRuleInLRouterCommand(_result=None, lrouter=neutron-70032bfe-9e13-441b-af5b-7ad701f87b7e, nat_uuid=None, columns={'type': 'snat', 'logical_ip': '0.0.0.0/0', 'external_ip': '172.24.5.66'}) {{(pid=103271) do_commit /opt/stack/data/venv/lib/python3.12/site-packages/ovsdbapp/backend/ovs_idl/transaction.py:89}}
Jun 26 09:51:21.212218 np0000183162 devstack@neutron-api.service[103271]: DEBUG ovsdbapp.backend.ovs_idl.transaction [None req-9359cad5-4ae0-4aa6-9eb3-bae768e24262 None None] Running txn n=1 command(idx=10): UpdateLRouterCommand(_result=None, name=neutron-70032bfe-9e13-441b-af5b-7ad701f87b7e, columns={'external_ids': {'neutron:router_name': 'router1', 'neutron:revision_number': '3', 'neutron:availability_zone_hints': ''}, 'enabled': True}, if_exists=True) {{(pid=103271) do_commit /opt/stack/data/venv/lib/python3.12/site-packages/ovsdbapp/backend/ovs_idl/transaction.py:89}}
Jun 26 09:51:21.212533 np0000183162 devstack@neutron-api.service[103271]: DEBUG ovsdbapp.backend.ovs_idl.transaction [None req-9359cad5-4ae0-4aa6-9eb3-bae768e24262 None None] Running txn n=1 command(idx=11): QoSDelCommand(_result=None, switch=neutron-b5f4db1d-df4a-4abb-a8c9-29f6d7ae054b, conditions=[('direction', '=', 'from-lport'), ('priority', '=', 2002), ('match', '=', 'inport == "18e71a1b-cef0-431d-aedd-8c394c796b41"')], if_exists=True) {{(pid=103271) do_commit /opt/stack/data/venv/lib/python3.12/site-packages/ovsdbapp/backend/ovs_idl/transaction.py:89}}
Jun 26 09:51:21.212751 np0000183162 devstack@neutron-api.service[103271]: DEBUG ovsdbapp.backend.ovs_idl.transaction [None req-9359cad5-4ae0-4aa6-9eb3-bae768e24262 None None] Running txn n=1 command(idx=12): QoSDelCommand(_result=None, switch=neutron-b5f4db1d-df4a-4abb-a8c9-29f6d7ae054b, conditions=[('direction', '=', 'to-lport'), ('priority', '=', 2002), ('match', '=', 'outport == "18e71a1b-cef0-431d-aedd-8c394c796b41"')], if_exists=True) {{(pid=103271) do_commit /opt/stack/data/venv/lib/python3.12/site-packages/ovsdbapp/backend/ovs_idl/transaction.py:89}}
Jun 26 09:51:21.222024 np0000183162 devstack@neutron-api.service[103271]: DEBUG neutron.plugins.ml2.drivers.ovn.mech_driver.ovsdb.ovsdb_monitor [None req-9359cad5-4ae0-4aa6-9eb3-bae768e24262 None None] Touching Hash Ring node "997f21b658715645b7b32fa3d6275444" from IDL notify handler {{(pid=103271) notify /opt/stack/neutron/neutron/plugins/ml2/drivers/ovn/mech_driver/ovsdb/ovsdb_monitor.py:1007}}
Jun 26 09:51:21.231057 np0000183162 devstack@neutron-api.service[103271]: DEBUG neutron.plugins.ml2.drivers.ovn.mech_driver.ovsdb.ovsdb_monitor [None req-a914123c-83aa-4a40-a58f-e2166d16de34 None None] Touching Hash Ring node "997f21b658715645b7b32fa3d6275444" from IDL notify handler {{(pid=103271) notify /opt/stack/neutron/neutron/plugins/ml2/drivers/ovn/mech_driver/ovsdb/ovsdb_monitor.py:1007}}
Jun 26 09:51:21.232308 np0000183162 devstack@neutron-api.service[103269]: DEBUG neutron.plugins.ml2.drivers.ovn.mech_driver.ovsdb.ovsdb_monitor [None req-aa4cf46c-1eca-4965-b39d-f002aa49669b None None] Touching Hash Ring node "844c995da2f45bc8b446d7e53780bd4f" from IDL notify handler {{(pid=103269) notify /opt/stack/neutron/neutron/plugins/ml2/drivers/ovn/mech_driver/ovsdb/ovsdb_monitor.py:1007}}
Jun 26 09:51:21.235226 np0000183162 devstack@neutron-api.service[103268]: DEBUG neutron.plugins.ml2.drivers.ovn.mech_driver.ovsdb.ovsdb_monitor [None req-40caacc4-415e-4b1f-b823-1e7d7778b4ca None None] Touching Hash Ring node "625339b923cd5b2392792c3b1d1c750c" from IDL notify handler {{(pid=103268) notify /opt/stack/neutron/neutron/plugins/ml2/drivers/ovn/mech_driver/ovsdb/ovsdb_monitor.py:1007}}
Jun 26 09:51:21.239657 np0000183162 devstack@neutron-api.service[103268]: DEBUG neutron.plugins.ml2.drivers.ovn.mech_driver.ovsdb.ovsdb_monitor [None req-e3b5fed1-9a36-47dc-8d4d-b0cdc19f9099 None None] Touching Hash Ring node "625339b923cd5b2392792c3b1d1c750c" from IDL notify handler {{(pid=103268) notify /opt/stack/neutron/neutron/plugins/ml2/drivers/ovn/mech_driver/ovsdb/ovsdb_monitor.py:1007}}
Jun 26 09:51:21.239755 np0000183162 devstack@neutron-api.service[103271]: DEBUG neutron.plugins.ml2.drivers.ovn.mech_driver.ovsdb.ovsdb_monitor [None req-9359cad5-4ae0-4aa6-9eb3-bae768e24262 None None] Hash Ring: Node 997f21b658715645b7b32fa3d6275444 (host: np0000183162) handling event "create" for row db7d82e3-f351-482f-ac3b-a63350f236cc (table: HA_Chassis) {{(pid=103271) notify /opt/stack/neutron/neutron/plugins/ml2/drivers/ovn/mech_driver/ovsdb/ovsdb_monitor.py:1015}}
Jun 26 09:51:21.239863 np0000183162 devstack@neutron-api.service[103270]: DEBUG neutron.plugins.ml2.drivers.ovn.mech_driver.ovsdb.ovsdb_monitor [None req-9582ef03-aeab-476f-a8ec-abc5d7c3af69 None None] Touching Hash Ring node "0d9dae64ccd45477b9260c0a82438548" from IDL notify handler {{(pid=103270) notify /opt/stack/neutron/neutron/plugins/ml2/drivers/ovn/mech_driver/ovsdb/ovsdb_monitor.py:1007}}
Jun 26 09:51:21.240363 np0000183162 devstack@neutron-api.service[103271]: DEBUG neutron.plugins.ml2.drivers.ovn.mech_driver.ovsdb.ovsdb_monitor [None req-9359cad5-4ae0-4aa6-9eb3-bae768e24262 None None] Touching Hash Ring node "997f21b658715645b7b32fa3d6275444" from IDL notify handler {{(pid=103271) notify /opt/stack/neutron/neutron/plugins/ml2/drivers/ovn/mech_driver/ovsdb/ovsdb_monitor.py:1007}}
Jun 26 09:51:21.246264 np0000183162 devstack@neutron-api.service[103271]: DEBUG neutron.plugins.ml2.drivers.ovn.mech_driver.ovsdb.ovsdb_monitor [None req-9359cad5-4ae0-4aa6-9eb3-bae768e24262 None None] Hash Ring: Node 997f21b658715645b7b32fa3d6275444 (host: np0000183162) handling event "update" for row 97a2f0dc-6e31-404c-b1a4-94b1689409a8 (table: Logical_Router) {{(pid=103271) notify /opt/stack/neutron/neutron/plugins/ml2/drivers/ovn/mech_driver/ovsdb/ovsdb_monitor.py:1015}}
Jun 26 09:51:21.246398 np0000183162 devstack@neutron-api.service[103269]: DEBUG neutron.plugins.ml2.drivers.ovn.mech_driver.ovsdb.ovsdb_monitor [None req-aa4cf46c-1eca-4965-b39d-f002aa49669b None None] Hash Ring: Node 844c995da2f45bc8b446d7e53780bd4f (host: np0000183162) handling event "update" for row c94c5f94-ec26-4ead-afb3-b5008e84ef62 (table: Port_Binding) {{(pid=103269) notify /opt/stack/neutron/neutron/plugins/ml2/drivers/ovn/mech_driver/ovsdb/ovsdb_monitor.py:1015}}
Jun 26 09:51:21.247681 np0000183162 devstack@neutron-api.service[103271]: DEBUG neutron.plugins.ml2.drivers.ovn.mech_driver.ovsdb.ovsdb_monitor [None req-9359cad5-4ae0-4aa6-9eb3-bae768e24262 None None] Touching Hash Ring node "997f21b658715645b7b32fa3d6275444" from IDL notify handler {{(pid=103271) notify /opt/stack/neutron/neutron/plugins/ml2/drivers/ovn/mech_driver/ovsdb/ovsdb_monitor.py:1007}}
Jun 26 09:51:21.251149 np0000183162 devstack@neutron-api.service[103271]: DEBUG neutron.plugins.ml2.drivers.ovn.mech_driver.ovsdb.ovsdb_monitor [None req-9359cad5-4ae0-4aa6-9eb3-bae768e24262 None None] Hash Ring: Node 997f21b658715645b7b32fa3d6275444 (host: np0000183162) handling event "create" for row 12313c91-3a17-4034-9179-611d9b353117 (table: Logical_Router_Port) {{(pid=103271) notify /opt/stack/neutron/neutron/plugins/ml2/drivers/ovn/mech_driver/ovsdb/ovsdb_monitor.py:1015}}
