+ COMMAND=start + start + for KEYSTONE_WSGI_SCRIPT in keystone-wsgi-public ++ type -p keystone-wsgi-public + cp -a /var/lib/openstack/bin/keystone-wsgi-public /var/www/cgi-bin/keystone/ + '[' -f /etc/apache2/envvars ']' + source /etc/apache2/envvars ++ unset HOME ++ '[' '' '!=' '' ']' ++ SUFFIX= ++ export APACHE_RUN_USER=www-data ++ APACHE_RUN_USER=www-data ++ export APACHE_RUN_GROUP=www-data ++ APACHE_RUN_GROUP=www-data ++ export APACHE_PID_FILE=/var/run/apache2/apache2.pid ++ APACHE_PID_FILE=/var/run/apache2/apache2.pid ++ export APACHE_RUN_DIR=/var/run/apache2 ++ APACHE_RUN_DIR=/var/run/apache2 ++ export APACHE_LOCK_DIR=/var/lock/apache2 ++ APACHE_LOCK_DIR=/var/lock/apache2 ++ export APACHE_LOG_DIR=/var/log/apache2 ++ APACHE_LOG_DIR=/var/log/apache2 ++ export LANG=C ++ LANG=C ++ export LANG + '[' -f /var/run/apache2/apache2.pid ']' + exec apache2 -DFOREGROUND AH00558: apache2: Could not reliably determine the server's fully qualified domain name, using 10.0.0.250. Set the 'ServerName' directive globally to suppress this message AH00558: apache2: Could not reliably determine the server's fully qualified domain name, using 10.0.0.250. Set the 'ServerName' directive globally to suppress this message
[Thu Jun 25 22:38:29.765161 2026] [mpm_event:notice] [pid 1:tid 140454519027584] AH00489: Apache/2.4.58 (Ubuntu) mod_wsgi/5.0.0 Python/3.12 configured -- resuming normal operations
[Thu Jun 25 22:38:29.765295 2026] [core:notice] [pid 1:tid 140454519027584] AH00094: Command line: 'apache2 -D FOREGROUND'
[Thu Jun 25 22:39:21.985998 2026] [wsgi:error] [pid 12:tid 140453882255040] /var/lib/openstack/lib/python3.12/site-packages/oslo_utils/importutils.py:77: EventletDeprecationWarning:
[Thu Jun 25 22:39:21.986039 2026] [wsgi:error] [pid 12:tid 140453882255040] Eventlet is deprecated. It is currently being maintained in bugfix mode, and
[Thu Jun 25 22:39:21.986041 2026] [wsgi:error] [pid 12:tid 140453882255040] we strongly recommend against using it for new projects.
[Thu Jun 25 22:39:21.986042 2026] [wsgi:error] [pid 12:tid 140453882255040]
[Thu Jun 25 22:39:21.986043 2026] [wsgi:error] [pid 12:tid 140453882255040] If you are already using Eventlet, we recommend migrating to a different
[Thu Jun 25 22:39:21.986044 2026] [wsgi:error] [pid 12:tid 140453882255040] framework. For more detail see
[Thu Jun 25 22:39:21.986045 2026] [wsgi:error] [pid 12:tid 140453882255040] https://eventlet.readthedocs.io/en/latest/asyncio/migration.html
[Thu Jun 25 22:39:21.986046 2026] [wsgi:error] [pid 12:tid 140453882255040]
[Thu Jun 25 22:39:21.986047 2026] [wsgi:error] [pid 12:tid 140453882255040] __import__(import_str)
[Thu Jun 25 22:39:22.019571 2026] [wsgi:error] [pid 9:tid 140453882255040] /var/lib/openstack/lib/python3.12/site-packages/oslo_utils/importutils.py:77: EventletDeprecationWarning:
[Thu Jun 25 22:39:22.019608 2026] [wsgi:error] [pid 9:tid 140453882255040] Eventlet is deprecated. It is currently being maintained in bugfix mode, and
[Thu Jun 25 22:39:22.019610 2026] [wsgi:error] [pid 9:tid 140453882255040] we strongly recommend against using it for new projects.
[Thu Jun 25 22:39:22.019611 2026] [wsgi:error] [pid 9:tid 140453882255040]
[Thu Jun 25 22:39:22.019612 2026] [wsgi:error] [pid 9:tid 140453882255040] If you are already using Eventlet, we recommend migrating to a different
[Thu Jun 25 22:39:22.019613 2026] [wsgi:error] [pid 9:tid 140453882255040] framework. For more detail see
[Thu Jun 25 22:39:22.019615 2026] [wsgi:error] [pid 9:tid 140453882255040] https://eventlet.readthedocs.io/en/latest/asyncio/migration.html
[Thu Jun 25 22:39:22.019616 2026] [wsgi:error] [pid 9:tid 140453882255040]
[Thu Jun 25 22:39:22.019617 2026] [wsgi:error] [pid 9:tid 140453882255040] __import__(import_str) 10.0.0.209 - - [25/Jun/2026:22:39:21 +0000] "GET /v3/ HTTP/1.1" 200 250 10.0.0.209 - - [25/Jun/2026:22:39:21 +0000] "GET /v3/ HTTP/1.1" 200 250
[Thu Jun 25 22:39:27.356386 2026] [wsgi:error] [pid 11:tid 140453882255040] /var/lib/openstack/lib/python3.12/site-packages/oslo_utils/importutils.py:77: EventletDeprecationWarning:
[Thu Jun 25 22:39:27.356435 2026] [wsgi:error] [pid 11:tid 140453882255040] Eventlet is deprecated. It is currently being maintained in bugfix mode, and
[Thu Jun 25 22:39:27.356437 2026] [wsgi:error] [pid 11:tid 140453882255040] we strongly recommend against using it for new projects.
[Thu Jun 25 22:39:27.356438 2026] [wsgi:error] [pid 11:tid 140453882255040]
[Thu Jun 25 22:39:27.356439 2026] [wsgi:error] [pid 11:tid 140453882255040] If you are already using Eventlet, we recommend migrating to a different
[Thu Jun 25 22:39:27.356441 2026] [wsgi:error] [pid 11:tid 140453882255040] framework. For more detail see
[Thu Jun 25 22:39:27.356442 2026] [wsgi:error] [pid 11:tid 140453882255040] https://eventlet.readthedocs.io/en/latest/asyncio/migration.html
[Thu Jun 25 22:39:27.356443 2026] [wsgi:error] [pid 11:tid 140453882255040]
[Thu Jun 25 22:39:27.356444 2026] [wsgi:error] [pid 11:tid 140453882255040] __import__(import_str) 10.0.0.209 - - [25/Jun/2026:22:39:26 +0000] "GET /v3/ HTTP/1.1" 200 250
[Thu Jun 25 22:39:34.924800 2026] [wsgi:error] [pid 10:tid 140453882255040] /var/lib/openstack/lib/python3.12/site-packages/oslo_utils/importutils.py:77: EventletDeprecationWarning:
[Thu Jun 25 22:39:34.924843 2026] [wsgi:error] [pid 10:tid 140453882255040] Eventlet is deprecated. It is currently being maintained in bugfix mode, and
[Thu Jun 25 22:39:34.924844 2026] [wsgi:error] [pid 10:tid 140453882255040] we strongly recommend against using it for new projects.
[Thu Jun 25 22:39:34.924846 2026] [wsgi:error] [pid 10:tid 140453882255040]
[Thu Jun 25 22:39:34.924847 2026] [wsgi:error] [pid 10:tid 140453882255040] If you are already using Eventlet, we recommend migrating to a different
[Thu Jun 25 22:39:34.924848 2026] [wsgi:error] [pid 10:tid 140453882255040] framework. For more detail see
[Thu Jun 25 22:39:34.924849 2026] [wsgi:error] [pid 10:tid 140453882255040] https://eventlet.readthedocs.io/en/latest/asyncio/migration.html
[Thu Jun 25 22:39:34.924850 2026] [wsgi:error] [pid 10:tid 140453882255040]
[Thu Jun 25 22:39:34.924851 2026] [wsgi:error] [pid 10:tid 140453882255040] __import__(import_str) 10.0.0.181 - - [25/Jun/2026:22:39:34 +0000] "GET / HTTP/1.1" 300 295
[Thu Jun 25 22:39:39.577301 2026] [wsgi:error] [pid 9:tid 140453882255040] [remote 10.0.0.181:46016] 2026-06-25 22:39:39.574 9 WARNING keystone.identity.core [None req-b63f20c0-a32a-4338-bd10-b4ebc5652f34 - - - - - -] Invalid domain name (atmosphere) found in config file name: keystone.exception.DomainNotFound: Could not find domain: atmosphere.
[Thu Jun 25 22:39:39.628300 2026] [wsgi:error] [pid 9:tid 140453882255040] [remote 10.0.0.181:46016] 2026-06-25 22:39:39.627 9 WARNING keystone.common.password_hashing [None req-b63f20c0-a32a-4338-bd10-b4ebc5652f34 - - - - - -] Truncating password to algorithm specific maximum length 72 characters.
[Thu Jun 25 22:39:39.912274 2026] [wsgi:error] [pid 9:tid 140453882255040] [remote 10.0.0.181:46016] 2026-06-25 22:39:39.912 9 WARNING keystone.common.fernet_utils [None req-b63f20c0-a32a-4338-bd10-b4ebc5652f34 - - - - - -] key_repository is world readable: /etc/keystone/fernet-keys/ 10.0.0.181 - - [25/Jun/2026:22:39:39 +0000] "POST /v3/auth/tokens HTTP/1.1" 201 1360
[Thu Jun 25 22:39:40.294445 2026] [wsgi:error] [pid 12:tid 140453882255040] [remote 10.0.0.181:46016] 2026-06-25 22:39:40.292 12 WARNING keystone.identity.core [None req-bdd0edeb-4966-48f9-bef8-3a6a8c1da3fa - - - - - -] Invalid domain name (atmosphere) found in config file name: keystone.exception.DomainNotFound: Could not find domain: atmosphere. 10.0.0.181 - - [25/Jun/2026:22:39:40 +0000] "POST /v3/domains HTTP/1.1" 201 261 10.0.0.128 - - [25/Jun/2026:22:39:52 +0000] "GET / HTTP/1.1" 300 295
[Thu Jun 25 22:39:52.718492 2026] [wsgi:error] [pid 10:tid 140453882255040] [remote 10.0.0.128:55260] 2026-06-25 22:39:52.717 10 WARNING keystone.common.password_hashing [None req-dea493eb-0ce1-48c0-ae8f-9d7c29911fe6 - - - - - -] Truncating password to algorithm specific maximum length 72 characters.
[Thu Jun 25 22:39:52.988636 2026] [wsgi:error] [pid 10:tid 140453882255040] [remote 10.0.0.128:55260] 2026-06-25 22:39:52.988 10 WARNING keystone.common.fernet_utils [None req-dea493eb-0ce1-48c0-ae8f-9d7c29911fe6 - - - - - -] key_repository is world readable: /etc/keystone/fernet-keys/ 10.0.0.128 - - [25/Jun/2026:22:39:52 +0000] "POST /v3/auth/tokens HTTP/1.1" 201 1360 10.0.0.128 - - [25/Jun/2026:22:39:53 +0000] "GET /v3/roles/admin HTTP/1.1" 404 83
[Thu Jun 25 22:39:53.268873 2026] [wsgi:error] [pid 12:tid 140453882255040] [remote 10.0.0.128:55260] 2026-06-25 22:39:53.268 12 WARNING keystone.common.rbac_enforcer.enforcer [None req-4b6f47c6-b17d-4b8b-9bb5-1306dd60c965 186dcc8493234cd28f3322225628688f a27eb7e62385489aa87bc7c59c0ea25f - - default default] Deprecated policy rules found. Use oslopolicy-policy-generator and oslopolicy-policy-upgrade to detect and resolve deprecated policies in your configuration. 10.0.0.128 - - [25/Jun/2026:22:39:53 +0000] "GET /v3/roles?name=admin HTTP/1.1" 200 389
[Thu Jun 25 22:39:53.730436 2026] [wsgi:error] [pid 11:tid 140453882255040] [remote 10.0.0.128:55260] 2026-06-25 22:39:53.730 11 WARNING keystone.common.rbac_enforcer.enforcer [None req-c4380d82-39e0-48c3-8e56-8d9a6888e7e1 186dcc8493234cd28f3322225628688f a27eb7e62385489aa87bc7c59c0ea25f - - default default] Deprecated policy rules found. Use oslopolicy-policy-generator and oslopolicy-policy-upgrade to detect and resolve deprecated policies in your configuration. 10.0.0.128 - - [25/Jun/2026:22:39:53 +0000] "GET /v3/users/admin-RegionOne HTTP/1.1" 404 93
[Thu Jun 25 22:39:53.873327 2026] [wsgi:error] [pid 10:tid 140453882255040] [remote 10.0.0.128:55260] 2026-06-25 22:39:53.873 10 WARNING keystone.common.rbac_enforcer.enforcer [None req-e6e05b60-0b9a-4144-8bf2-b429cb103bbf 186dcc8493234cd28f3322225628688f a27eb7e62385489aa87bc7c59c0ea25f - - default default] Deprecated policy rules found. Use oslopolicy-policy-generator and oslopolicy-policy-upgrade to detect and resolve deprecated policies in your configuration. 10.0.0.128 - - [25/Jun/2026:22:39:53 +0000] "GET /v3/users?name=admin-RegionOne HTTP/1.1" 200 422
[Thu Jun 25 22:39:54.041637 2026] [wsgi:error] [pid 9:tid 140453882255040] [remote 10.0.0.128:55260] 2026-06-25 22:39:54.041 9 WARNING keystone.common.rbac_enforcer.enforcer [None req-69e7a9f3-3a50-4c0f-8a26-e35057439c64 186dcc8493234cd28f3322225628688f a27eb7e62385489aa87bc7c59c0ea25f - - default default] Deprecated policy rules found. Use oslopolicy-policy-generator and oslopolicy-policy-upgrade to detect and resolve deprecated policies in your configuration. 10.0.0.128 - - [25/Jun/2026:22:39:53 +0000] "GET /v3/domains/default HTTP/1.1" 200 224 10.0.0.128 - - [25/Jun/2026:22:39:54 +0000] "PUT /v3/domains/default/users/186dcc8493234cd28f3322225628688f/roles/fd9a69d69fa64316bc8d6e70c279526d HTTP/1.1" 204 - 10.0.0.209 - - [25/Jun/2026:22:40:04 +0000] "GET / HTTP/1.1" 300 281 10.0.0.209 - - [25/Jun/2026:22:40:05 +0000] "GET /v3 HTTP/1.1" 200 266
[Thu Jun 25 22:40:05.789550 2026] [wsgi:error] [pid 9:tid 140453882255040] [remote 10.0.0.209:34730] 2026-06-25 22:40:05.789 9 WARNING keystone.common.password_hashing [None req-6ea53c00-fa01-476c-8ef1-f2b095bb8a74 - - - - - -] Truncating password to algorithm specific maximum length 72 characters.
[Thu Jun 25 22:40:06.072394 2026] [wsgi:error] [pid 9:tid 140453882255040] [remote 10.0.0.209:34730] 2026-06-25 22:40:06.072 9 WARNING keystone.common.fernet_utils [None req-6ea53c00-fa01-476c-8ef1-f2b095bb8a74 - - - - - -] key_repository is world readable: /etc/keystone/fernet-keys/ 10.0.0.209 - - [25/Jun/2026:22:40:05 +0000] "POST /v3/auth/tokens HTTP/1.1" 201 1360 10.0.0.209 - - [25/Jun/2026:22:40:06 +0000] "GET / HTTP/1.1" 300 281 10.0.0.209 - - [25/Jun/2026:22:40:06 +0000] "GET /v3/domains/atmosphere HTTP/1.1" 404 90 10.0.0.209 - - [25/Jun/2026:22:40:06 +0000] "GET /v3/domains?name=atmosphere HTTP/1.1" 200 370 10.0.0.209 - - [25/Jun/2026:22:40:06 +0000] "GET /v3/domains/5315f811f93045688b17d50ad5f58c1a HTTP/1.1" 200 247 10.0.0.209 - - [25/Jun/2026:22:40:07 +0000] "GET /v3 HTTP/1.1" 200 266
[Thu Jun 25 22:40:07.061656 2026] [wsgi:error] [pid 11:tid 140453882255040] [remote 10.0.0.209:34730] 2026-06-25 22:40:07.061 11 WARNING keystone.common.password_hashing [None req-c8de2b2a-d0a0-4576-b4da-de7e685e575c - - - - - -] Truncating password to algorithm specific maximum length 72 characters.
[Thu Jun 25 22:40:07.341522 2026] [wsgi:error] [pid 11:tid 140453882255040] [remote 10.0.0.209:34730] 2026-06-25 22:40:07.341 11 WARNING keystone.common.fernet_utils [None req-c8de2b2a-d0a0-4576-b4da-de7e685e575c - - - - - -] key_repository is world readable: /etc/keystone/fernet-keys/ 10.0.0.209 - - [25/Jun/2026:22:40:07 +0000] "POST /v3/auth/tokens HTTP/1.1" 201 1360 10.0.0.209 - - [25/Jun/2026:22:40:07 +0000] "GET / HTTP/1.1" 300 281 10.0.0.209 - - [25/Jun/2026:22:40:07 +0000] "GET /v3/OS-FEDERATION/identity_providers/atmosphere HTTP/1.1" 404 101 10.0.0.209 - - [25/Jun/2026:22:40:07 +0000] "GET /v3/OS-FEDERATION/identity_providers HTTP/1.1" 200 156 10.0.0.209 - - [25/Jun/2026:22:40:07 +0000] "PUT /v3/OS-FEDERATION/identity_providers/atmosphere HTTP/1.1" 201 342 10.0.0.209 - - [25/Jun/2026:22:40:08 +0000] "GET /v3 HTTP/1.1" 200 266
[Thu Jun 25 22:40:08.085426 2026] [wsgi:error] [pid 9:tid 140453882255040] [remote 10.0.0.209:34730] 2026-06-25 22:40:08.085 9 WARNING keystone.common.password_hashing [None req-42aee7b8-3ca1-4d08-93fb-74471127190c - - - - - -] Truncating password to algorithm specific maximum length 72 characters.
[Thu Jun 25 22:40:08.375202 2026] [wsgi:error] [pid 9:tid 140453882255040] [remote 10.0.0.209:34730] 2026-06-25 22:40:08.375 9 WARNING keystone.common.fernet_utils [None req-42aee7b8-3ca1-4d08-93fb-74471127190c - - - - - -] key_repository is world readable: /etc/keystone/fernet-keys/ 10.0.0.209 - - [25/Jun/2026:22:40:08 +0000] "POST /v3/auth/tokens HTTP/1.1" 201 1360 10.0.0.209 - - [25/Jun/2026:22:40:08 +0000] "GET / HTTP/1.1" 300 281 10.0.0.209 - - [25/Jun/2026:22:40:08 +0000] "GET /v3/OS-FEDERATION/mappings/atmosphere-openid HTTP/1.1" 404 98 10.0.0.209 - - [25/Jun/2026:22:40:08 +0000] "GET /v3/OS-FEDERATION/mappings HTTP/1.1" 200 136 10.0.0.209 - - [25/Jun/2026:22:40:08 +0000] "PUT /v3/OS-FEDERATION/mappings/atmosphere-openid HTTP/1.1" 201 357 10.0.0.209 - - [25/Jun/2026:22:40:09 +0000] "GET /v3 HTTP/1.1" 200 266
[Thu Jun 25 22:40:09.088371 2026] [wsgi:error] [pid 11:tid 140453882255040] [remote 10.0.0.209:34730] 2026-06-25 22:40:09.088 11 WARNING keystone.common.password_hashing [None req-872cdcc7-237d-45ce-988d-69b063fd8a10 - - - - - -] Truncating password to algorithm specific maximum length 72 characters.
[Thu Jun 25 22:40:09.374829 2026] [wsgi:error] [pid 11:tid 140453882255040] [remote 10.0.0.209:34730] 2026-06-25 22:40:09.374 11 WARNING keystone.common.fernet_utils [None req-872cdcc7-237d-45ce-988d-69b063fd8a10 - - - - - -] key_repository is world readable: /etc/keystone/fernet-keys/ 10.0.0.209 - - [25/Jun/2026:22:40:09 +0000] "POST /v3/auth/tokens HTTP/1.1" 201 1360 10.0.0.209 - - [25/Jun/2026:22:40:09 +0000] "GET / HTTP/1.1" 300 281 10.0.0.209 - - [25/Jun/2026:22:40:09 +0000] "GET /v3/OS-FEDERATION/identity_providers/atmosphere/protocols/openid?idp_id=atmosphere HTTP/1.1" 404 131 10.0.0.209 - - [25/Jun/2026:22:40:09 +0000] "GET /v3/OS-FEDERATION/identity_providers/atmosphere/protocols HTTP/1.1" 200 168 10.0.0.209 - - [25/Jun/2026:22:40:09 +0000] "PUT /v3/OS-FEDERATION/identity_providers/atmosphere/protocols/openid HTTP/1.1" 201 224 10.0.0.209 - - [25/Jun/2026:22:40:21 +0000] "GET /v3/ HTTP/1.1" 200 250 10.0.0.209 - - [25/Jun/2026:22:40:21 +0000] "GET /v3/ HTTP/1.1" 200 250 10.0.0.209 - - [25/Jun/2026:22:41:21 +0000] "GET /v3/ HTTP/1.1" 200 250 10.0.0.209 - - [25/Jun/2026:22:41:21 +0000] "GET /v3/ HTTP/1.1" 200 250 10.0.0.122 - - [25/Jun/2026:22:41:29 +0000] "GET / HTTP/1.1" 300 295
[Thu Jun 25 22:41:29.957981 2026] [wsgi:error] [pid 9:tid 140453882255040] [remote 10.0.0.122:35726] 2026-06-25 22:41:29.957 9 WARNING keystone.common.password_hashing [None req-d59840dd-f370-4db8-9671-bbade2167d27 - - - - - -] Truncating password to algorithm specific maximum length 72 characters.
[Thu Jun 25 22:41:30.237029 2026] [wsgi:error] [pid 9:tid 140453882255040] [remote 10.0.0.122:35726] 2026-06-25 22:41:30.236 9 WARNING keystone.common.fernet_utils [None req-d59840dd-f370-4db8-9671-bbade2167d27 - - - - - -] key_repository is world readable: /etc/keystone/fernet-keys/ 10.0.0.122 - - [25/Jun/2026:22:41:29 +0000] "POST /v3/auth/tokens HTTP/1.1" 201 1360 10.0.0.122 - - [25/Jun/2026:22:41:30 +0000] "GET /v3/services HTTP/1.1" 200 355 10.0.0.122 - - [25/Jun/2026:22:41:34 +0000] "GET / HTTP/1.1" 300 295
[Thu Jun 25 22:41:34.167205 2026] [wsgi:error] [pid 10:tid 140453882255040] [remote 10.0.0.122:35734] 2026-06-25 22:41:34.166 10 WARNING keystone.common.password_hashing [None req-d8febbc2-0c8d-40c7-bbc2-cc1f035e889d - - - - - -] Truncating password to algorithm specific maximum length 72 characters.
[Thu Jun 25 22:41:34.477400 2026] [wsgi:error] [pid 10:tid 140453882255040] [remote 10.0.0.122:35734] 2026-06-25 22:41:34.477 10 WARNING keystone.common.fernet_utils [None req-d8febbc2-0c8d-40c7-bbc2-cc1f035e889d - - - - - -] key_repository is world readable: /etc/keystone/fernet-keys/ 10.0.0.122 - - [25/Jun/2026:22:41:34 +0000] "POST /v3/auth/tokens HTTP/1.1" 201 1360 10.0.0.122 - - [25/Jun/2026:22:41:34 +0000] "GET /v3/services HTTP/1.1" 200 355 10.0.0.122 - - [25/Jun/2026:22:41:38 +0000] "GET / HTTP/1.1" 300 295
[Thu Jun 25 22:41:38.088545 2026] [wsgi:error] [pid 11:tid 140453882255040] [remote 10.0.0.122:35746] 2026-06-25 22:41:38.088 11 WARNING keystone.common.password_hashing [None req-01831c6c-a6e3-418a-93fb-183bbe5b545a - - - - - -] Truncating password to algorithm specific maximum length 72 characters.
[Thu Jun 25 22:41:38.358847 2026] [wsgi:error] [pid 11:tid 140453882255040] [remote 10.0.0.122:35746] 2026-06-25 22:41:38.358 11 WARNING keystone.common.fernet_utils [None req-01831c6c-a6e3-418a-93fb-183bbe5b545a - - - - - -] key_repository is world readable: /etc/keystone/fernet-keys/ 10.0.0.122 - - [25/Jun/2026:22:41:38 +0000] "POST /v3/auth/tokens HTTP/1.1" 201 1360 10.0.0.122 - - [25/Jun/2026:22:41:38 +0000] "GET /v3/services HTTP/1.1" 200 355 10.0.0.122 - - [25/Jun/2026:22:41:41 +0000] "GET / HTTP/1.1" 300 295
[Thu Jun 25 22:41:41.988743 2026] [wsgi:error] [pid 12:tid 140453882255040] [remote 10.0.0.122:39546] 2026-06-25 22:41:41.988 12 WARNING keystone.common.password_hashing [None req-8bf1738a-2a4e-4989-bd4d-460b7a0ccf3b - - - - - -] Truncating password to algorithm specific maximum length 72 characters.
[Thu Jun 25 22:41:42.265769 2026] [wsgi:error] [pid 12:tid 140453882255040] [remote 10.0.0.122:39546] 2026-06-25 22:41:42.265 12 WARNING keystone.common.fernet_utils [None req-8bf1738a-2a4e-4989-bd4d-460b7a0ccf3b - - - - - -] key_repository is world readable: /etc/keystone/fernet-keys/ 10.0.0.122 - - [25/Jun/2026:22:41:41 +0000] "POST /v3/auth/tokens HTTP/1.1" 201 1360 10.0.0.122 - - [25/Jun/2026:22:41:42 +0000] "POST /v3/services HTTP/1.1" 201 296 10.0.0.38 - - [25/Jun/2026:22:41:53 +0000] "GET / HTTP/1.1" 300 295
[Thu Jun 25 22:41:53.268351 2026] [wsgi:error] [pid 9:tid 140453882255040] [remote 10.0.0.38:45526] 2026-06-25 22:41:53.268 9 WARNING keystone.common.password_hashing [None req-cd4edc78-87dd-4b16-a9d9-199d5862cd74 - - - - - -] Truncating password to algorithm specific maximum length 72 characters. 10.0.0.38 - - [25/Jun/2026:22:41:53 +0000] "GET / HTTP/1.1" 300 295
[Thu Jun 25 22:41:53.426016 2026] [wsgi:error] [pid 11:tid 140453882255040] [remote 10.0.0.38:45540] 2026-06-25 22:41:53.425 11 WARNING keystone.common.password_hashing [None req-ecd609ed-b72b-4570-9742-0454bbc0dc63 - - - - - -] Truncating password to algorithm specific maximum length 72 characters. 10.0.0.38 - - [25/Jun/2026:22:41:53 +0000] "GET / HTTP/1.1" 300 295
[Thu Jun 25 22:41:53.481658 2026] [wsgi:error] [pid 12:tid 140453882255040] [remote 10.0.0.38:45556] 2026-06-25 22:41:53.481 12 WARNING keystone.common.password_hashing [None req-a82d5236-6d71-4006-a277-f93d8a4af50d - - - - - -] Truncating password to algorithm specific maximum length 72 characters.
[Thu Jun 25 22:41:53.546496 2026] [wsgi:error] [pid 9:tid 140453882255040] [remote 10.0.0.38:45526] 2026-06-25 22:41:53.546 9 WARNING keystone.common.fernet_utils [None req-cd4edc78-87dd-4b16-a9d9-199d5862cd74 - - - - - -] key_repository is world readable: /etc/keystone/fernet-keys/ 10.0.0.38 - - [25/Jun/2026:22:41:53 +0000] "POST /v3/auth/tokens HTTP/1.1" 201 1464 10.0.0.38 - - [25/Jun/2026:22:41:53 +0000] "GET /v3/services HTTP/1.1" 200 639
[Thu Jun 25 22:41:53.710605 2026] [wsgi:error] [pid 11:tid 140453882255040] [remote 10.0.0.38:45540] 2026-06-25 22:41:53.710 11 WARNING keystone.common.fernet_utils [None req-ecd609ed-b72b-4570-9742-0454bbc0dc63 - - - - - -] key_repository is world readable: /etc/keystone/fernet-keys/ 10.0.0.38 - - [25/Jun/2026:22:41:53 +0000] "POST /v3/auth/tokens HTTP/1.1" 201 1464
[Thu Jun 25 22:41:53.779977 2026] [wsgi:error] [pid 12:tid 140453882255040] [remote 10.0.0.38:45556] 2026-06-25 22:41:53.779 12 WARNING keystone.common.fernet_utils [None req-a82d5236-6d71-4006-a277-f93d8a4af50d - - - - - -] key_repository is world readable: /etc/keystone/fernet-keys/ 10.0.0.38 - - [25/Jun/2026:22:41:53 +0000] "POST /v3/auth/tokens HTTP/1.1" 201 1464 10.0.0.38 - - [25/Jun/2026:22:41:53 +0000] "GET /v3/services HTTP/1.1" 200 639 10.0.0.38 - - [25/Jun/2026:22:41:53 +0000] "GET /v3/services HTTP/1.1" 200 639 10.0.0.38 - - [25/Jun/2026:22:41:55 +0000] "GET / HTTP/1.1" 300 295 10.0.0.38 - - [25/Jun/2026:22:41:55 +0000] "GET / HTTP/1.1" 300 295
[Thu Jun 25 22:41:55.400340 2026] [wsgi:error] [pid 12:tid 140453882255040] [remote 10.0.0.38:45562] 2026-06-25 22:41:55.399 12 WARNING keystone.common.password_hashing [None req-202b2027-dd30-4a95-8679-01ed5cda0600 - - - - - -] Truncating password to algorithm specific maximum length 72 characters.
[Thu Jun 25 22:41:55.411112 2026] [wsgi:error] [pid 10:tid 140453882255040] [remote 10.0.0.38:45564] 2026-06-25 22:41:55.410 10 WARNING keystone.common.password_hashing [None req-8617e193-9954-4677-9dca-7c88357b1577 - - - - - -] Truncating password to algorithm specific maximum length 72 characters. 10.0.0.38 - - [25/Jun/2026:22:41:55 +0000] "GET / HTTP/1.1" 300 295
[Thu Jun 25 22:41:55.507846 2026] [wsgi:error] [pid 9:tid 140453882255040] [remote 10.0.0.38:45578] 2026-06-25 22:41:55.507 9 WARNING keystone.common.password_hashing [None req-173f4077-1ea6-4ed6-891e-12c91f1eed60 - - - - - -] Truncating password to algorithm specific maximum length 72 characters.
[Thu Jun 25 22:41:55.691634 2026] [wsgi:error] [pid 10:tid 140453882255040] [remote 10.0.0.38:45564] 2026-06-25 22:41:55.691 10 WARNING keystone.common.fernet_utils [None req-8617e193-9954-4677-9dca-7c88357b1577 - - - - - -] key_repository is world readable: /etc/keystone/fernet-keys/
[Thu Jun 25 22:41:55.694012 2026] [wsgi:error] [pid 12:tid 140453882255040] [remote 10.0.0.38:45562] 2026-06-25 22:41:55.693 12 WARNING keystone.common.fernet_utils [None req-202b2027-dd30-4a95-8679-01ed5cda0600 - - - - - -] key_repository is world readable: /etc/keystone/fernet-keys/ 10.0.0.38 - - [25/Jun/2026:22:41:55 +0000] "POST /v3/auth/tokens HTTP/1.1" 201 1464 10.0.0.38 - - [25/Jun/2026:22:41:55 +0000] "POST /v3/auth/tokens HTTP/1.1" 201 1464
[Thu Jun 25 22:41:55.786843 2026] [wsgi:error] [pid 9:tid 140453882255040] [remote 10.0.0.38:45578] 2026-06-25 22:41:55.786 9 WARNING keystone.common.fernet_utils [None req-173f4077-1ea6-4ed6-891e-12c91f1eed60 - - - - - -] key_repository is world readable: /etc/keystone/fernet-keys/ 10.0.0.38 - - [25/Jun/2026:22:41:55 +0000] "POST /v3/auth/tokens HTTP/1.1" 201 1464 10.0.0.38 - - [25/Jun/2026:22:41:55 +0000] "GET /v3/endpoints HTTP/1.1" 200 1227 10.0.0.38 - - [25/Jun/2026:22:41:55 +0000] "GET /v3/endpoints HTTP/1.1" 200 1227 10.0.0.38 - - [25/Jun/2026:22:41:55 +0000] "GET /v3/services/e2328afdce024434a7d320afac321dec HTTP/1.1" 200 233 10.0.0.38 - - [25/Jun/2026:22:41:55 +0000] "GET /v3/services/e2328afdce024434a7d320afac321dec HTTP/1.1" 200 233 10.0.0.38 - - [25/Jun/2026:22:41:55 +0000] "GET /v3/services/e2328afdce024434a7d320afac321dec HTTP/1.1" 200 233 10.0.0.38 - - [25/Jun/2026:22:41:55 +0000] "GET /v3/services/e2328afdce024434a7d320afac321dec HTTP/1.1" 200 233 10.0.0.38 - - [25/Jun/2026:22:41:55 +0000] "GET /v3/services/e2328afdce024434a7d320afac321dec HTTP/1.1" 200 233 10.0.0.38 - - [25/Jun/2026:22:41:55 +0000] "GET /v3/services/e2328afdce024434a7d320afac321dec HTTP/1.1" 200 233 10.0.0.38 - - [25/Jun/2026:22:41:55 +0000] "GET /v3/endpoints HTTP/1.1" 200 1227 10.0.0.38 - - [25/Jun/2026:22:41:55 +0000] "GET /v3/services/e2328afdce024434a7d320afac321dec HTTP/1.1" 200 233 10.0.0.38 - - [25/Jun/2026:22:41:55 +0000] "GET /v3/services/e2328afdce024434a7d320afac321dec HTTP/1.1" 200 233 10.0.0.38 - - [25/Jun/2026:22:41:55 +0000] "GET /v3/services/e2328afdce024434a7d320afac321dec HTTP/1.1" 200 233 10.0.0.38 - - [25/Jun/2026:22:41:57 +0000] "GET / HTTP/1.1" 300 295
[Thu Jun 25 22:41:57.409244 2026] [wsgi:error] [pid 11:tid 140453882255040] [remote 10.0.0.38:45584] 2026-06-25 22:41:57.409 11 WARNING keystone.common.password_hashing [None req-393bbe47-240f-4156-ab79-2f94b866e897 - - - - - -] Truncating password to algorithm specific maximum length 72 characters. 10.0.0.38 - - [25/Jun/2026:22:41:57 +0000] "GET / HTTP/1.1" 300 295 10.0.0.38 - - [25/Jun/2026:22:41:57 +0000] "GET / HTTP/1.1" 300 295
[Thu Jun 25 22:41:57.482704 2026] [wsgi:error] [pid 10:tid 140453882255040] [remote 10.0.0.38:45604] 2026-06-25 22:41:57.482 10 WARNING keystone.common.password_hashing [None req-7d32b887-69eb-459f-9989-d0546ed47e04 - - - - - -] Truncating password to algorithm specific maximum length 72 characters.
[Thu Jun 25 22:41:57.492927 2026] [wsgi:error] [pid 9:tid 140453882255040] [remote 10.0.0.38:45600] 2026-06-25 22:41:57.492 9 WARNING keystone.common.password_hashing [None req-195be270-dac3-4919-bb76-291fdce64652 - - - - - -] Truncating password to algorithm specific maximum length 72 characters.
[Thu Jun 25 22:41:57.682004 2026] [wsgi:error] [pid 11:tid 140453882255040] [remote 10.0.0.38:45584] 2026-06-25 22:41:57.681 11 WARNING keystone.common.fernet_utils [None req-393bbe47-240f-4156-ab79-2f94b866e897 - - - - - -] key_repository is world readable: /etc/keystone/fernet-keys/ 10.0.0.38 - - [25/Jun/2026:22:41:57 +0000] "POST /v3/auth/tokens HTTP/1.1" 201 1464
[Thu Jun 25 22:41:57.751698 2026] [wsgi:error] [pid 10:tid 140453882255040] [remote 10.0.0.38:45604] 2026-06-25 22:41:57.751 10 WARNING keystone.common.fernet_utils [None req-7d32b887-69eb-459f-9989-d0546ed47e04 - - - - - -] key_repository is world readable: /etc/keystone/fernet-keys/ 10.0.0.38 - - [25/Jun/2026:22:41:57 +0000] "POST /v3/auth/tokens HTTP/1.1" 201 1464
[Thu Jun 25 22:41:57.766575 2026] [wsgi:error] [pid 9:tid 140453882255040] [remote 10.0.0.38:45600] 2026-06-25 22:41:57.766 9 WARNING keystone.common.fernet_utils [None req-195be270-dac3-4919-bb76-291fdce64652 - - - - - -] key_repository is world readable: /etc/keystone/fernet-keys/ 10.0.0.38 - - [25/Jun/2026:22:41:57 +0000] "POST /v3/auth/tokens HTTP/1.1" 201 1464 10.0.0.38 - - [25/Jun/2026:22:41:57 +0000] "GET /v3/services/89e7081b309449a19ea1e47b6cfebdde HTTP/1.1" 200 296 10.0.0.38 - - [25/Jun/2026:22:41:57 +0000] "GET /v3/regions/RegionOne HTTP/1.1" 200 173 10.0.0.38 - - [25/Jun/2026:22:41:57 +0000] "GET /v3/services/89e7081b309449a19ea1e47b6cfebdde HTTP/1.1" 200 296 10.0.0.38 - - [25/Jun/2026:22:41:57 +0000] "GET /v3/services/89e7081b309449a19ea1e47b6cfebdde HTTP/1.1" 200 296 10.0.0.38 - - [25/Jun/2026:22:41:57 +0000] "GET /v3/regions/RegionOne HTTP/1.1" 200 173 10.0.0.38 - - [25/Jun/2026:22:41:57 +0000] "GET /v3/regions/RegionOne HTTP/1.1" 200 173 10.0.0.38 - - [25/Jun/2026:22:41:57 +0000] "POST /v3/endpoints HTTP/1.1" 201 370 10.0.0.38 - - [25/Jun/2026:22:41:57 +0000] "POST /v3/endpoints HTTP/1.1" 201 383 10.0.0.38 - - [25/Jun/2026:22:41:57 +0000] "POST /v3/endpoints HTTP/1.1" 201 380 10.0.0.38 - - [25/Jun/2026:22:41:59 +0000] "GET / HTTP/1.1" 300 295 10.0.0.38 - - [25/Jun/2026:22:41:59 +0000] "GET / HTTP/1.1" 300 295
[Thu Jun 25 22:41:59.452975 2026] [wsgi:error] [pid 12:tid 140453882255040] [remote 10.0.0.38:40890] 2026-06-25 22:41:59.452 12 WARNING keystone.common.password_hashing [None req-299f949b-5db1-45e2-8967-74b71af068e4 - - - - - -] Truncating password to algorithm specific maximum length 72 characters.
[Thu Jun 25 22:41:59.454118 2026] [wsgi:error] [pid 10:tid 140453882255040] [remote 10.0.0.38:40892] 2026-06-25 22:41:59.453 10 WARNING keystone.common.password_hashing [None req-fa453419-f9d7-4baa-a039-18e4fa7f0277 - - - - - -] Truncating password to algorithm specific maximum length 72 characters. 10.0.0.38 - - [25/Jun/2026:22:41:59 +0000] "GET / HTTP/1.1" 300 295
[Thu Jun 25 22:41:59.491795 2026] [wsgi:error] [pid 11:tid 140453882255040] [remote 10.0.0.38:40908] 2026-06-25 22:41:59.491 11 WARNING keystone.common.password_hashing [None req-8da518a2-f901-45af-a60b-b35bc43847d7 - - - - - -] Truncating password to algorithm specific maximum length 72 characters.
[Thu Jun 25 22:41:59.731030 2026] [wsgi:error] [pid 10:tid 140453882255040] [remote 10.0.0.38:40892] 2026-06-25 22:41:59.730 10 WARNING keystone.common.fernet_utils [None req-fa453419-f9d7-4baa-a039-18e4fa7f0277 - - - - - -] key_repository is world readable: /etc/keystone/fernet-keys/
[Thu Jun 25 22:41:59.739728 2026] [wsgi:error] [pid 12:tid 140453882255040] [remote 10.0.0.38:40890] 2026-06-25 22:41:59.739 12 WARNING keystone.common.fernet_utils [None req-299f949b-5db1-45e2-8967-74b71af068e4 - - - - - -] key_repository is world readable: /etc/keystone/fernet-keys/ 10.0.0.38 - - [25/Jun/2026:22:41:59 +0000] "POST /v3/auth/tokens HTTP/1.1" 201 1992
[Thu Jun 25 22:41:59.762664 2026] [wsgi:error] [pid 11:tid 140453882255040] [remote 10.0.0.38:40908] 2026-06-25 22:41:59.762 11 WARNING keystone.common.fernet_utils [None req-8da518a2-f901-45af-a60b-b35bc43847d7 - - - - - -] key_repository is world readable: /etc/keystone/fernet-keys/ 10.0.0.38 - - [25/Jun/2026:22:41:59 +0000] "POST /v3/auth/tokens HTTP/1.1" 201 1992 10.0.0.38 - - [25/Jun/2026:22:41:59 +0000] "POST /v3/auth/tokens HTTP/1.1" 201 1992 10.0.0.38 - - [25/Jun/2026:22:41:59 +0000] "GET /v3/endpoints/45c0011fe5c64d15af889b6ce7b9592d HTTP/1.1" 200 383 10.0.0.38 - - [25/Jun/2026:22:41:59 +0000] "GET /v3/endpoints/3f7e9287125b4a2787fd0fa3bec432ba HTTP/1.1" 200 380 10.0.0.38 - - [25/Jun/2026:22:41:59 +0000] "GET /v3/endpoints/c16d59a784404996beffe7265f612881 HTTP/1.1" 200 370 10.0.0.38 - - [25/Jun/2026:22:41:59 +0000] "GET /v3/services/89e7081b309449a19ea1e47b6cfebdde HTTP/1.1" 200 296 10.0.0.38 - - [25/Jun/2026:22:41:59 +0000] "GET /v3/services/89e7081b309449a19ea1e47b6cfebdde HTTP/1.1" 200 296 10.0.0.38 - - [25/Jun/2026:22:41:59 +0000] "GET /v3/services/89e7081b309449a19ea1e47b6cfebdde HTTP/1.1" 200 296 10.0.0.251 - - [25/Jun/2026:22:42:12 +0000] "GET / HTTP/1.1" 300 295
[Thu Jun 25 22:42:12.708095 2026] [wsgi:error] [pid 12:tid 140453882255040] [remote 10.0.0.251:36548] 2026-06-25 22:42:12.707 12 WARNING keystone.common.password_hashing [None req-0e4df060-2959-44ce-a636-a68662a61874 - - - - - -] Truncating password to algorithm specific maximum length 72 characters.
[Thu Jun 25 22:42:12.995683 2026] [wsgi:error] [pid 12:tid 140453882255040] [remote 10.0.0.251:36548] 2026-06-25 22:42:12.995 12 WARNING keystone.common.fernet_utils [None req-0e4df060-2959-44ce-a636-a68662a61874 - - - - - -] key_repository is world readable: /etc/keystone/fernet-keys/ 10.0.0.251 - - [25/Jun/2026:22:42:12 +0000] "POST /v3/auth/tokens HTTP/1.1" 201 1992 10.0.0.251 - - [25/Jun/2026:22:42:13 +0000] "POST /v3/domains HTTP/1.1" 201 284 10.0.0.251 - - [25/Jun/2026:22:42:14 +0000] "GET / HTTP/1.1" 300 295
[Thu Jun 25 22:42:14.859776 2026] [wsgi:error] [pid 11:tid 140453882255040] [remote 10.0.0.251:36560] 2026-06-25 22:42:14.859 11 WARNING keystone.common.password_hashing [None req-17bbeaae-460b-4507-8dba-8a30e732e112 - - - - - -] Truncating password to algorithm specific maximum length 72 characters.
[Thu Jun 25 22:42:15.128565 2026] [wsgi:error] [pid 11:tid 140453882255040] [remote 10.0.0.251:36560] 2026-06-25 22:42:15.128 11 WARNING keystone.common.fernet_utils [None req-17bbeaae-460b-4507-8dba-8a30e732e112 - - - - - -] key_repository is world readable: /etc/keystone/fernet-keys/ 10.0.0.251 - - [25/Jun/2026:22:42:14 +0000] "POST /v3/auth/tokens HTTP/1.1" 201 1992
[Thu Jun 25 22:42:15.332966 2026] [wsgi:error] [pid 12:tid 140453882255040] [remote 10.0.0.251:36560] 2026-06-25 22:42:15.318 12 ERROR keystone.server.flask.application [None req-5db6d5c6-b6fc-4bc8-be1d-d83ce01135a8 186dcc8493234cd28f3322225628688f a27eb7e62385489aa87bc7c59c0ea25f - - default default] Conflict occurred attempting to store project - it is not permitted to have two projects acting as domains with the same name: service.: keystone.exception.Conflict: Conflict occurred attempting to store project - it is not permitted to have two projects acting as domains with the same name: service.
[Thu Jun 25 22:42:15.332992 2026] [wsgi:error] [pid 12:tid 140453882255040] [remote 10.0.0.251:36560] 2026-06-25 22:42:15.318 12 ERROR keystone.server.flask.application
Traceback (most recent call last):
[Thu Jun 25 22:42:15.332994 2026] [wsgi:error] [pid 12:tid 140453882255040] [remote 10.0.0.251:36560] 2026-06-25 22:42:15.318 12 ERROR keystone.server.flask.application
File "/var/lib/openstack/lib/python3.12/site-packages/sqlalchemy/engine/base.py", line 1969, in _exec_single_context
[Thu Jun 25 22:42:15.332996 2026] [wsgi:error] [pid 12:tid 140453882255040] [remote 10.0.0.251:36560] 2026-06-25 22:42:15.318 12 ERROR keystone.server.flask.application self.dialect.do_execute(
[Thu Jun 25 22:42:15.332998 2026] [wsgi:error] [pid 12:tid 140453882255040] [remote 10.0.0.251:36560] 2026-06-25 22:42:15.318 12 ERROR keystone.server.flask.application
File "/var/lib/openstack/lib/python3.12/site-packages/sqlalchemy/engine/default.py", line 952, in do_execute
[Thu Jun 25 22:42:15.332999 2026] [wsgi:error] [pid 12:tid 140453882255040] [remote 10.0.0.251:36560] 2026-06-25 22:42:15.318 12 ERROR keystone.server.flask.application cursor.execute(statement, parameters)
[Thu Jun 25 22:42:15.333001 2026] [wsgi:error] [pid 12:tid 140453882255040] [remote 10.0.0.251:36560] 2026-06-25 22:42:15.318 12 ERROR keystone.server.flask.application
File "/var/lib/openstack/lib/python3.12/site-packages/pymysql/cursors.py", line 159, in execute
[Thu Jun 25 22:42:15.333002 2026] [wsgi:error] [pid 12:tid 140453882255040] [remote 10.0.0.251:36560] 2026-06-25 22:42:15.318 12 ERROR keystone.server.flask.application result = self._query(query)
[Thu Jun 25 22:42:15.333004 2026] [wsgi:error] [pid 12:tid 140453882255040] [remote 10.0.0.251:36560] 2026-06-25 22:42:15.318 12 ERROR keystone.server.flask.application ^^^^^^^^^^^^^^^^^^
[Thu Jun 25 22:42:15.333005 2026] [wsgi:error] [pid 12:tid 140453882255040] [remote 10.0.0.251:36560] 2026-06-25 22:42:15.318 12 ERROR keystone.server.flask.application
File "/var/lib/openstack/lib/python3.12/site-packages/pymysql/cursors.py", line 330, in _query
[Thu Jun 25 22:42:15.333007 2026] [wsgi:error] [pid 12:tid 140453882255040] [remote 10.0.0.251:36560] 2026-06-25 22:42:15.318 12 ERROR keystone.server.flask.application conn.query(q)
[Thu Jun 25 22:42:15.333008 2026] [wsgi:error] [pid 12:tid 140453882255040] [remote 10.0.0.251:36560] 2026-06-25 22:42:15.318 12 ERROR keystone.server.flask.application
File "/var/lib/openstack/lib/python3.12/site-packages/pymysql/connections.py", line 582, in query
[Thu Jun 25 22:42:15.333009 2026] [wsgi:error] [pid 12:tid 140453882255040] [remote 10.0.0.251:36560] 2026-06-25 22:42:15.318 12 ERROR keystone.server.flask.application self._affected_rows = self._read_query_result(unbuffered=unbuffered)
[Thu Jun 25 22:42:15.333011 2026] [wsgi:error] [pid 12:tid 140453882255040] [remote 10.0.0.251:36560] 2026-06-25 22:42:15.318 12 ERROR keystone.server.flask.application ^^^^^^^^^^^^^^^^^^^^^^^^^^^^^^^^^^^^^^^^^^^^^^
[Thu Jun 25 22:42:15.333012 2026] [wsgi:error] [pid 12:tid 140453882255040] [remote 10.0.0.251:36560] 2026-06-25 22:42:15.318 12 ERROR keystone.server.flask.application
File "/var/lib/openstack/lib/python3.12/site-packages/pymysql/connections.py", line 847, in _read_query_result
[Thu Jun 25 22:42:15.333014 2026] [wsgi:error] [pid 12:tid 140453882255040] [remote 10.0.0.251:36560] 2026-06-25 22:42:15.318 12 ERROR keystone.server.flask.application result.read()
[Thu Jun 25 22:42:15.333017 2026] [wsgi:error] [pid 12:tid 140453882255040] [remote 10.0.0.251:36560] 2026-06-25 22:42:15.318 12 ERROR keystone.server.flask.application
File "/var/lib/openstack/lib/python3.12/site-packages/pymysql/connections.py", line 1245, in read
[Thu Jun 25 22:42:15.333019 2026] [wsgi:error] [pid 12:tid 140453882255040] [remote 10.0.0.251:36560] 2026-06-25 22:42:15.318 12 ERROR keystone.server.flask.application first_packet = self.connection._read_packet()
[Thu Jun 25 22:42:15.333020 2026] [wsgi:error] [pid 12:tid 140453882255040] [remote 10.0.0.251:36560] 2026-06-25 22:42:15.318 12 ERROR keystone.server.flask.application ^^^^^^^^^^^^^^^^^^^^^^^^^^^^^^
[Thu Jun 25 22:42:15.333022 2026] [wsgi:error] [pid 12:tid 140453882255040] [remote 10.0.0.251:36560] 2026-06-25 22:42:15.318 12 ERROR keystone.server.flask.application
File "/var/lib/openstack/lib/python3.12/site-packages/pymysql/connections.py", line 803, in _read_packet
[Thu Jun 25 22:42:15.333023 2026] [wsgi:error] [pid 12:tid 140453882255040] [remote 10.0.0.251:36560] 2026-06-25 22:42:15.318 12 ERROR keystone.server.flask.application packet.raise_for_error()
[Thu Jun 25 22:42:15.333024 2026] [wsgi:error] [pid 12:tid 140453882255040] [remote 10.0.0.251:36560] 2026-06-25 22:42:15.318 12 ERROR keystone.server.flask.application
File "/var/lib/openstack/lib/python3.12/site-packages/pymysql/protocol.py", line 219, in raise_for_error
[Thu Jun 25 22:42:15.333026 2026] [wsgi:error] [pid 12:tid 140453882255040] [remote 10.0.0.251:36560] 2026-06-25 22:42:15.318 12 ERROR keystone.server.flask.application err.raise_mysql_exception(self._data)
[Thu Jun 25 22:42:15.333027 2026] [wsgi:error] [pid 12:tid 140453882255040] [remote 10.0.0.251:36560] 2026-06-25 22:42:15.318 12 ERROR keystone.server.flask.application
File "/var/lib/openstack/lib/python3.12/site-packages/pymysql/err.py", line 154, in raise_mysql_exception
[Thu Jun 25 22:42:15.333029 2026] [wsgi:error] [pid 12:tid 140453882255040] [remote 10.0.0.251:36560] 2026-06-25 22:42:15.318 12 ERROR keystone.server.flask.application raise errorclass(errno, errval, sqlstate=sqlstate)
[Thu Jun 25 22:42:15.333030 2026] [wsgi:error] [pid 12:tid 140453882255040] [remote 10.0.0.251:36560] 2026-06-25 22:42:15.318 12 ERROR keystone.server.flask.application pymysql.err.IntegrityError: (1062, "Duplicate entry '<>-service' for key 'project.ixu_project_name_domain_id'")
[Thu Jun 25 22:42:15.333032 2026] [wsgi:error] [pid 12:tid 140453882255040] [remote 10.0.0.251:36560] 2026-06-25 22:42:15.318 12 ERROR keystone.server.flask.application
[Thu Jun 25 22:42:15.333033 2026] [wsgi:error] [pid 12:tid 140453882255040] [remote 10.0.0.251:36560] 2026-06-25 22:42:15.318 12 ERROR keystone.server.flask.application The above exception was the direct cause of the following exception:
[Thu Jun 25 22:42:15.333035 2026] [wsgi:error] [pid 12:tid 140453882255040] [remote 10.0.0.251:36560] 2026-06-25 22:42:15.318 12 ERROR keystone.server.flask.application
[Thu Jun 25 22:42:15.333036 2026] [wsgi:error] [pid 12:tid 140453882255040] [remote 10.0.0.251:36560] 2026-06-25 22:42:15.318 12 ERROR keystone.server.flask.application
Traceback (most recent call last):
[Thu Jun 25 22:42:15.333037 2026] [wsgi:error] [pid 12:tid 140453882255040] [remote 10.0.0.251:36560] 2026-06-25 22:42:15.318 12 ERROR keystone.server.flask.application
File "/var/lib/openstack/lib/python3.12/site-packages/keystone/common/sql/core.py", line 575, in wrapper
[Thu Jun 25 22:42:15.333039 2026] [wsgi:error] [pid 12:tid 140453882255040] [remote 10.0.0.251:36560] 2026-06-25 22:42:15.318 12 ERROR keystone.server.flask.application return method(*args, **kwargs)
[Thu Jun 25 22:42:15.333040 2026] [wsgi:error] [pid 12:tid 140453882255040] [remote 10.0.0.251:36560] 2026-06-25 22:42:15.318 12 ERROR keystone.server.flask.application ^^^^^^^^^^^^^^^^^^^^^^^
[Thu Jun 25 22:42:15.333042 2026] [wsgi:error] [pid 12:tid 140453882255040] [remote 10.0.0.251:36560] 2026-06-25 22:42:15.318 12 ERROR keystone.server.flask.application
File "/var/lib/openstack/lib/python3.12/site-packages/keystone/resource/backends/sql.py", line 278, in create_project
[Thu Jun 25 22:42:15.333044 2026] [wsgi:error] [pid 12:tid 140453882255040] [remote 10.0.0.251:36560] 2026-06-25 22:42:15.318 12 ERROR keystone.server.flask.application with sql.session_for_write() as session:
[Thu Jun 25 22:42:15.333045 2026] [wsgi:error] [pid 12:tid 140453882255040] [remote 10.0.0.251:36560] 2026-06-25 22:42:15.318 12 ERROR keystone.server.flask.application
File "/usr/lib/python3.12/contextlib.py", line 144, in __exit__
[Thu Jun 25 22:42:15.333046 2026] [wsgi:error] [pid 12:tid 140453882255040] [remote 10.0.0.251:36560] 2026-06-25 22:42:15.318 12 ERROR keystone.server.flask.application next(self.gen)
[Thu Jun 25 22:42:15.333071 2026] [wsgi:error] [pid 12:tid 140453882255040] [remote 10.0.0.251:36560] 2026-06-25 22:42:15.318 12 ERROR keystone.server.flask.application
File "/var/lib/openstack/lib/python3.12/site-packages/oslo_db/sqlalchemy/enginefacade.py", line 1175, in _transaction_scope
[Thu Jun 25 22:42:15.333073 2026] [wsgi:error] [pid 12:tid 140453882255040] [remote 10.0.0.251:36560] 2026-06-25 22:42:15.318 12 ERROR keystone.server.flask.application with current._produce_block(
[Thu Jun 25 22:42:15.333075 2026] [wsgi:error] [pid 12:tid 140453882255040] [remote 10.0.0.251:36560] 2026-06-25 22:42:15.318 12 ERROR keystone.server.flask.application
File "/usr/lib/python3.12/contextlib.py", line 144, in __exit__
[Thu Jun 25 22:42:15.333076 2026] [wsgi:error] [pid 12:tid 140453882255040] [remote 10.0.0.251:36560] 2026-06-25 22:42:15.318 12 ERROR keystone.server.flask.application next(self.gen)
[Thu Jun 25 22:42:15.333078 2026] [wsgi:error] [pid 12:tid 140453882255040] [remote 10.0.0.251:36560] 2026-06-25 22:42:15.318 12 ERROR keystone.server.flask.application
File "/var/lib/openstack/lib/python3.12/site-packages/oslo_db/sqlalchemy/enginefacade.py", line 837, in _session
[Thu Jun 25 22:42:15.333079 2026] [wsgi:error] [pid 12:tid 140453882255040] [remote 10.0.0.251:36560] 2026-06-25 22:42:15.318 12 ERROR keystone.server.flask.application with excutils.save_and_reraise_exception():
[Thu Jun 25 22:42:15.333081 2026] [wsgi:error] [pid 12:tid 140453882255040] [remote 10.0.0.251:36560] 2026-06-25 22:42:15.318 12 ERROR keystone.server.flask.application
File "/var/lib/openstack/lib/python3.12/site-packages/oslo_utils/excutils.py", line 266, in __exit__
[Thu Jun 25 22:42:15.333083 2026] [wsgi:error] [pid 12:tid 140453882255040] [remote 10.0.0.251:36560] 2026-06-25 22:42:15.318 12 ERROR keystone.server.flask.application self.force_reraise()
[Thu Jun 25 22:42:15.333084 2026] [wsgi:error] [pid 12:tid 140453882255040] [remote 10.0.0.251:36560] 2026-06-25 22:42:15.318 12 ERROR keystone.server.flask.application
File "/var/lib/openstack/lib/python3.12/site-packages/oslo_utils/excutils.py", line 232, in force_reraise
[Thu Jun 25 22:42:15.333086 2026] [wsgi:error] [pid 12:tid 140453882255040] [remote 10.0.0.251:36560] 2026-06-25 22:42:15.318 12 ERROR keystone.server.flask.application raise self.value
[Thu Jun 25 22:42:15.333087 2026] [wsgi:error] [pid 12:tid 140453882255040] [remote 10.0.0.251:36560] 2026-06-25 22:42:15.318 12 ERROR keystone.server.flask.application
File "/var/lib/openstack/lib/python3.12/site-packages/oslo_db/sqlalchemy/enginefacade.py", line 835, in _session
[Thu Jun 25 22:42:15.333089 2026] [wsgi:error] [pid 12:tid 140453882255040] [remote 10.0.0.251:36560] 2026-06-25 22:42:15.318 12 ERROR keystone.server.flask.application self._end_session_transaction(self.session)
[Thu Jun 25 22:42:15.333090 2026] [wsgi:error] [pid 12:tid 140453882255040] [remote 10.0.0.251:36560] 2026-06-25 22:42:15.318 12 ERROR keystone.server.flask.application
File "/var/lib/openstack/lib/python3.12/site-packages/oslo_db/sqlalchemy/enginefacade.py", line 748, in _end_session_transaction
[Thu Jun 25 22:42:15.333092 2026] [wsgi:error] [pid 12:tid 140453882255040] [remote 10.0.0.251:36560] 2026-06-25 22:42:15.318 12 ERROR keystone.server.flask.application session.commit()
[Thu Jun 25 22:42:15.333093 2026] [wsgi:error] [pid 12:tid 140453882255040] [remote 10.0.0.251:36560] 2026-06-25 22:42:15.318 12 ERROR keystone.server.flask.application
File "/var/lib/openstack/lib/python3.12/site-packages/sqlalchemy/orm/session.py", line 2034, in commit
[Thu Jun 25 22:42:15.333095 2026] [wsgi:error] [pid 12:tid 140453882255040] [remote 10.0.0.251:36560] 2026-06-25 22:42:15.318 12 ERROR keystone.server.flask.application trans.commit(_to_root=True)
[Thu Jun 25 22:42:15.333097 2026] [wsgi:error] [pid 12:tid 140453882255040] [remote 10.0.0.251:36560] 2026-06-25 22:42:15.318 12 ERROR keystone.server.flask.application File "", line 2, in commit
[Thu Jun 25 22:42:15.333099 2026] [wsgi:error] [pid 12:tid 140453882255040] [remote 10.0.0.251:36560] 2026-06-25 22:42:15.318 12 ERROR keystone.server.flask.application
File "/var/lib/openstack/lib/python3.12/site-packages/sqlalchemy/orm/state_changes.py", line 137, in _go
[Thu Jun 25 22:42:15.333100 2026] [wsgi:error] [pid 12:tid 140453882255040] [remote 10.0.0.251:36560] 2026-06-25 22:42:15.318 12 ERROR keystone.server.flask.application ret_value = fn(self, *arg, **kw)
[Thu Jun 25 22:42:15.333102 2026] [wsgi:error] [pid 12:tid 140453882255040] [remote 10.0.0.251:36560] 2026-06-25 22:42:15.318 12 ERROR keystone.server.flask.application ^^^^^^^^^^^^^^^^^^^^
[Thu Jun 25 22:42:15.333106 2026] [wsgi:error] [pid 12:tid 140453882255040] [remote 10.0.0.251:36560] 2026-06-25 22:42:15.318 12 ERROR keystone.server.flask.application
File "/var/lib/openstack/lib/python3.12/site-packages/sqlalchemy/orm/session.py", line 1315, in commit
[Thu Jun 25 22:42:15.333107 2026] [wsgi:error] [pid 12:tid 140453882255040] [remote 10.0.0.251:36560] 2026-06-25 22:42:15.318 12 ERROR keystone.server.flask.application self._prepare_impl()
[Thu Jun 25 22:42:15.333109 2026] [wsgi:error] [pid 12:tid 140453882255040] [remote 10.0.0.251:36560] 2026-06-25 22:42:15.318 12 ERROR keystone.server.flask.application File "", line 2, in _prepare_impl
[Thu Jun 25 22:42:15.333111 2026] [wsgi:error] [pid 12:tid 140453882255040] [remote 10.0.0.251:36560] 2026-06-25 22:42:15.318 12 ERROR keystone.server.flask.application
File "/var/lib/openstack/lib/python3.12/site-packages/sqlalchemy/orm/state_changes.py", line 137, in _go
[Thu Jun 25 22:42:15.333112 2026] [wsgi:error] [pid 12:tid 140453882255040] [remote 10.0.0.251:36560] 2026-06-25 22:42:15.318 12 ERROR keystone.server.flask.application ret_value = fn(self, *arg, **kw)
[Thu Jun 25 22:42:15.333114 2026] [wsgi:error] [pid 12:tid 140453882255040] [remote 10.0.0.251:36560] 2026-06-25 22:42:15.318 12 ERROR keystone.server.flask.application ^^^^^^^^^^^^^^^^^^^^
[Thu Jun 25 22:42:15.333116 2026] [wsgi:error] [pid 12:tid 140453882255040] [remote 10.0.0.251:36560] 2026-06-25 22:42:15.318 12 ERROR keystone.server.flask.application
File "/var/lib/openstack/lib/python3.12/site-packages/sqlalchemy/orm/session.py", line 1290, in _prepare_impl
[Thu Jun 25 22:42:15.333118 2026] [wsgi:error] [pid 12:tid 140453882255040] [remote 10.0.0.251:36560] 2026-06-25 22:42:15.318 12 ERROR keystone.server.flask.application self.session.flush()
[Thu Jun 25 22:42:15.333121 2026] [wsgi:error] [pid 12:tid 140453882255040] [remote 10.0.0.251:36560] 2026-06-25 22:42:15.318 12 ERROR keystone.server.flask.application
File "/var/lib/openstack/lib/python3.12/site-packages/sqlalchemy/orm/session.py", line 4352, in flush
[Thu Jun 25 22:42:15.333123 2026] [wsgi:error] [pid 12:tid 140453882255040] [remote 10.0.0.251:36560] 2026-06-25 22:42:15.318 12 ERROR keystone.server.flask.application self._flush(objects)
[Thu Jun 25 22:42:15.333125 2026] [wsgi:error] [pid 12:tid 140453882255040] [remote 10.0.0.251:36560] 2026-06-25 22:42:15.318 12 ERROR keystone.server.flask.application
File "/var/lib/openstack/lib/python3.12/site-packages/sqlalchemy/orm/session.py", line 4487, in _flush
[Thu Jun 25 22:42:15.333127 2026] [wsgi:error] [pid 12:tid 140453882255040] [remote 10.0.0.251:36560] 2026-06-25 22:42:15.318 12 ERROR keystone.server.flask.application with util.safe_reraise():
[Thu Jun 25 22:42:15.333129 2026] [wsgi:error] [pid 12:tid 140453882255040] [remote 10.0.0.251:36560] 2026-06-25 22:42:15.318 12 ERROR keystone.server.flask.application
File "/var/lib/openstack/lib/python3.12/site-packages/sqlalchemy/util/langhelpers.py", line 122, in __exit__
[Thu Jun 25 22:42:15.333131 2026] [wsgi:error] [pid 12:tid 140453882255040] [remote 10.0.0.251:36560] 2026-06-25 22:42:15.318 12 ERROR keystone.server.flask.application raise exc_value.with_traceback(exc_tb)
[Thu Jun 25 22:42:15.333133 2026] [wsgi:error] [pid 12:tid 140453882255040] [remote 10.0.0.251:36560] 2026-06-25 22:42:15.318 12 ERROR keystone.server.flask.application
File "/var/lib/openstack/lib/python3.12/site-packages/sqlalchemy/orm/session.py", line 4448, in _flush
[Thu Jun 25 22:42:15.333135 2026] [wsgi:error] [pid 12:tid 140453882255040] [remote 10.0.0.251:36560] 2026-06-25 22:42:15.318 12 ERROR keystone.server.flask.application flush_context.execute()
[Thu Jun 25 22:42:15.333137 2026] [wsgi:error] [pid 12:tid 140453882255040] [remote 10.0.0.251:36560] 2026-06-25 22:42:15.318 12 ERROR keystone.server.flask.application
