2026-05-29 07:05:34.024 8 INFO neutron.db.ovn_revision_numbers_db [None req-8b62f24e-7530-458a-8a57-ffafbff8ab8f ad4a66ecc6b84ed89c41657ba7ed3a8e 3b41fc1ba1284c32873d388c20587a4c - - default default] Successfully bumped revision number for resource d42e03b4-3c82-4e37-af1d-71d037facaff (type: subnets) to 1 [pid: 8|app: 0|req: 869/1833] 10.0.0.219 () {34 vars in 740 bytes} [Fri May 29 07:05:33 2026] PUT /v2.0/subnets/d42e03b4-3c82-4e37-af1d-71d037facaff => generated 636 bytes in 253 msecs (HTTP/1.1 200) 4 headers in 157 bytes (1 switches on core 0) [pid: 8|app: 0|req: 870/1834] 10.0.0.219 () {34 vars in 746 bytes} [Fri May 29 07:05:34 2026] PUT /v2.0/ports/69b6a42d-1eea-4610-9e09-3576cf7ad822/tags => generated 19 bytes in 83 msecs (HTTP/1.1 200) 4 headers in 156 bytes (1 switches on core 0) /var/lib/openstack/lib/python3.12/site-packages/pycadf/identifier.py:70: UserWarning: Invalid uuid: neutron. To ensure interoperability, identifiers should be a valid uuid. warnings.warn(('Invalid uuid: %s. To ensure interoperability, '
2026-05-29 07:05:34.266 7 INFO neutron.services.segments.plugin [-] Segment 84bd5943-83f8-4060-ac6b-c13acc0d1789 resource provider aggregate not found
2026-05-29 07:05:34.267 7 INFO neutron.services.segments.plugin [-] Segment 84bd5943-83f8-4060-ac6b-c13acc0d1789 resource provider aggregate not found
2026-05-29 07:05:34.290 7 INFO neutron.services.segments.plugin [-] Segment 84bd5943-83f8-4060-ac6b-c13acc0d1789 resource provider not found; error: Placement Client Error (4xx): {"errors": [{"status": 404, "title": "Not Found", "detail": "The resource could not be found.\n\n No resource provider with uuid 84bd5943-83f8-4060-ac6b-c13acc0d1789 found for delete ", "request_id": "req-f830220e-a2fb-43df-99cb-2db2b87e7f1b"}]}
2026-05-29 07:05:34.292 8 INFO neutron_taas.services.taas.taas_plugin [None req-f0868eb5-f67e-4068-ae44-7bfe4f79f861 ad4a66ecc6b84ed89c41657ba7ed3a8e 3b41fc1ba1284c32873d388c20587a4c - - default default] TaaS: Handle Delete Port: d96c3d2e-abbb-495f-aec7-f04c437ddb7a
2026-05-29 07:05:34.290 7 INFO neutron.services.segments.plugin [-] Segment 84bd5943-83f8-4060-ac6b-c13acc0d1789 resource provider not found; error: Placement Client Error (4xx): {"errors": [{"status": 404, "title": "Not Found", "detail": "The resource could not be found.\n\n No resource provider with uuid 84bd5943-83f8-4060-ac6b-c13acc0d1789 found for delete ", "request_id": "req-cd565140-3e7a-4097-92f1-0cd25f7305f4"}]}
2026-05-29 07:05:34.300 8 INFO neutron_taas.services.taas.tap_mirror_plugin [None req-f0868eb5-f67e-4068-ae44-7bfe4f79f861 ad4a66ecc6b84ed89c41657ba7ed3a8e 3b41fc1ba1284c32873d388c20587a4c - - default default] Tap Mirror: Handle Delete Port: d96c3d2e-abbb-495f-aec7-f04c437ddb7a [pid: 7|app: 0|req: 965/1835] 10.0.0.219 () {32 vars in 725 bytes} [Fri May 29 07:05:33 2026] DELETE /v2.0/networks/f90031ad-74b8-4920-9504-83635305719c => generated 0 bytes in 550 msecs (HTTP/1.1 204) 3 headers in 131 bytes (1 switches on core 0) [pid: 7|app: 0|req: 966/1836] 10.0.0.219 () {32 vars in 659 bytes} [Fri May 29 07:05:34 2026] GET /v2.0/ports?tags=red => generated 2253 bytes in 117 msecs (HTTP/1.1 200) 4 headers in 158 bytes (1 switches on core 0)
2026-05-29 07:05:34.536 7 INFO neutron.db.segments_db [None req-7747dc5e-b3ca-4719-84bf-6255fb9134b6 34aebeef78be4b7caa63f19c90579d70 909afb8a153249eba5f49087c6b74a01 - - default default] Added segment 8df3198c-c210-48b1-9d3b-a6b4786db937 of type geneve for network 06bc69f7-71c6-4473-9906-f169386ba4d2
2026-05-29 07:05:34.679 7 INFO neutron.db.ovn_revision_numbers_db [None req-7747dc5e-b3ca-4719-84bf-6255fb9134b6 34aebeef78be4b7caa63f19c90579d70 909afb8a153249eba5f49087c6b74a01 - - default default] Successfully bumped revision number for resource 06bc69f7-71c6-4473-9906-f169386ba4d2 (type: networks) to 1
2026-05-29 07:05:34.695 8 INFO neutron.services.segments.plugin [-] Segment e31eb1b3-6158-4df6-a948-a10b6340beaa resource provider aggregate not found
2026-05-29 07:05:34.705 8 INFO neutron.services.segments.plugin [-] Segment e31eb1b3-6158-4df6-a948-a10b6340beaa resource provider aggregate not found
2026-05-29 07:05:34.714 8 INFO neutron.services.segments.plugin [-] Segment e31eb1b3-6158-4df6-a948-a10b6340beaa resource provider not found; error: Placement Client Error (4xx): {"errors": [{"status": 404, "title": "Not Found", "detail": "The resource could not be found.\n\n No resource provider with uuid e31eb1b3-6158-4df6-a948-a10b6340beaa found for delete ", "request_id": "req-b86e09bb-1195-44ed-b4bd-60091c3bdc9a"}]}
2026-05-29 07:05:34.726 8 INFO neutron.services.segments.plugin [-] Segment e31eb1b3-6158-4df6-a948-a10b6340beaa resource provider not found; error: Placement Client Error (4xx): {"errors": [{"status": 404, "title": "Not Found", "detail": "The resource could not be found.\n\n No resource provider with uuid e31eb1b3-6158-4df6-a948-a10b6340beaa found for delete ", "request_id": "req-076acbd7-7b9e-48fe-9ba2-dab53f5a6e7f"}]} [pid: 8|app: 0|req: 871/1837] 10.0.0.219 () {32 vars in 725 bytes} [Fri May 29 07:05:34 2026] DELETE /v2.0/networks/b4ec1e9c-61f1-4a77-b8ea-af5b41a2ae37 => generated 0 bytes in 642 msecs (HTTP/1.1 204) 3 headers in 131 bytes (1 switches on core 0)
2026-05-29 07:05:34.862 7 WARNING neutron.scheduler.dhcp_agent_scheduler [None req-7747dc5e-b3ca-4719-84bf-6255fb9134b6 34aebeef78be4b7caa63f19c90579d70 909afb8a153249eba5f49087c6b74a01 - - default default] No more DHCP agents
2026-05-29 07:05:34.864 7 WARNING neutron.api.rpc.agentnotifiers.dhcp_rpc_agent_api [None req-7747dc5e-b3ca-4719-84bf-6255fb9134b6 34aebeef78be4b7caa63f19c90579d70 909afb8a153249eba5f49087c6b74a01 - - default default] Unable to schedule network 06bc69f7-71c6-4473-9906-f169386ba4d2: no agents available; will retry on subsequent port and subnet creation events. [pid: 8|app: 0|req: 872/1838] 10.0.0.219 () {32 vars in 673 bytes} [Fri May 29 07:05:34 2026] GET /v2.0/ports?tags=red%2Cblue => generated 1513 bytes in 122 msecs (HTTP/1.1 200) 4 headers in 158 bytes (1 switches on core 0)
2026-05-29 07:05:34.912 8 INFO neutron.pecan_wsgi.hooks.translation [None req-57063b55-886c-458e-a867-2c990a4399e0 ad4a66ecc6b84ed89c41657ba7ed3a8e 3b41fc1ba1284c32873d388c20587a4c - - default default] DELETE failed (client error): The resource could not be found. [pid: 8|app: 0|req: 873/1839] 10.0.0.219 () {32 vars in 725 bytes} [Fri May 29 07:05:34 2026] DELETE /v2.0/networks/b4ec1e9c-61f1-4a77-b8ea-af5b41a2ae37 => generated 138 bytes in 37 msecs (HTTP/1.1 404) 4 headers in 164 bytes (1 switches on core 0)
2026-05-29 07:05:34.951 7 INFO neutron.db.ovn_revision_numbers_db [None req-7747dc5e-b3ca-4719-84bf-6255fb9134b6 34aebeef78be4b7caa63f19c90579d70 909afb8a153249eba5f49087c6b74a01 - - default default] Successfully bumped revision number for resource 7fee68df-f117-4510-ba48-2cf7b2d293fc (type: ports) to 1
2026-05-29 07:05:34.953 8 INFO neutron.plugins.ml2.drivers.ovn.mech_driver.mech_driver [None req-7d14df7d-9936-484e-b424-5f655b0f7791 - - - - - -] OVN reports status down for port: 7fee68df-f117-4510-ba48-2cf7b2d293fc [pid: 7|app: 0|req: 967/1840] 10.0.0.219 () {34 vars in 669 bytes} [Fri May 29 07:05:34 2026] POST /v2.0/networks => generated 768 bytes in 534 msecs (HTTP/1.1 201) 4 headers in 162 bytes (1 switches on core 0) [pid: 8|app: 0|req: 874/1841] 10.0.0.219 () {32 vars in 669 bytes} [Fri May 29 07:05:34 2026] GET /v2.0/ports?tags-any=blue => generated 1513 bytes in 94 msecs (HTTP/1.1 200) 4 headers in 158 bytes (1 switches on core 0) [pid: 7|app: 0|req: 968/1842] 10.0.0.219 () {32 vars in 693 bytes} [Fri May 29 07:05:34 2026] GET /v2.0/networks?router%3Aexternal=True => generated 689 bytes in 45 msecs (HTTP/1.1 200) 4 headers in 157 bytes (1 switches on core 0) [pid: 7|app: 0|req: 969/1843] 10.0.0.219 () {32 vars in 681 bytes} [Fri May 29 07:05:35 2026] GET /v2.0/ports?tags-any=red%2Cblue => generated 2253 bytes in 119 msecs (HTTP/1.1 200) 4 headers in 158 bytes (1 switches on core 0) [pid: 7|app: 0|req: 970/1844] 10.0.0.219 () {32 vars in 741 bytes} [Fri May 29 07:05:35 2026] GET /v2.0/subnets?network_id=f335f809-edd1-43ca-8865-fdc41e095345 => generated 649 bytes in 27 msecs (HTTP/1.1 200) 4 headers in 157 bytes (1 switches on core 0)
2026-05-29 07:05:35.196 8 WARNING neutron.scheduler.dhcp_agent_scheduler [None req-5a6be1c2-eaea-4ba2-94d4-b4b103f93ecf 34aebeef78be4b7caa63f19c90579d70 909afb8a153249eba5f49087c6b74a01 - - default default] No more DHCP agents
2026-05-29 07:05:35.197 8 WARNING neutron.api.rpc.agentnotifiers.dhcp_rpc_agent_api [None req-5a6be1c2-eaea-4ba2-94d4-b4b103f93ecf 34aebeef78be4b7caa63f19c90579d70 909afb8a153249eba5f49087c6b74a01 - - default default] Unable to schedule network 06bc69f7-71c6-4473-9906-f169386ba4d2: no agents available; will retry on subsequent port and subnet creation events. [pid: 7|app: 0|req: 971/1845] 10.0.0.219 () {32 vars in 667 bytes} [Fri May 29 07:05:35 2026] GET /v2.0/ports?not-tags=red => generated 5268 bytes in 83 msecs (HTTP/1.1 200) 4 headers in 158 bytes (1 switches on core 0) [pid: 7|app: 0|req: 972/1846] 10.0.0.219 () {32 vars in 652 bytes} [Fri May 29 07:05:35 2026] GET /v2.0/extensions => generated 20541 bytes in 4 msecs (HTTP/1.1 200) 4 headers in 159 bytes (1 switches on core 0) [pid: 7|app: 0|req: 973/1847] 10.0.0.219 () {32 vars in 681 bytes} [Fri May 29 07:05:35 2026] GET /v2.0/ports?not-tags=red%2Cblue => generated 6008 bytes in 84 msecs (HTTP/1.1 200) 4 headers in 158 bytes (1 switches on core 0) [pid: 7|app: 0|req: 974/1848] 10.0.0.219 () {32 vars in 648 bytes} [Fri May 29 07:05:35 2026] GET /v2.0/networks => generated 1385 bytes in 38 msecs (HTTP/1.1 200) 4 headers in 158 bytes (1 switches on core 0)
2026-05-29 07:05:35.608 8 INFO neutron.db.ovn_revision_numbers_db [None req-0bbdc826-5fcb-40b8-b1ed-f392e1f26cbb - - - - - -] Successfully bumped revision number for resource 7fee68df-f117-4510-ba48-2cf7b2d293fc (type: ports) to 2
2026-05-29 07:05:35.644 8 INFO neutron.db.ovn_revision_numbers_db [None req-0bbdc826-5fcb-40b8-b1ed-f392e1f26cbb - - - - - -] Successfully bumped revision number for resource 280ee605-2dc9-4063-97d7-aa94ea69336b (type: subnets) to 0
2026-05-29 07:05:35.673 7 INFO neutron.db.ovn_revision_numbers_db [None req-bce5b4cc-3672-4933-84db-0a2310774b7c ee72858e38174eb2b0e90b125025c30e 279e07e17c5f4c0696424614471af01f - - default default] Successfully bumped revision number for resource 277d7d55-54e2-41af-a0d3-8e9735fcf8f2 (type: security_groups) to 1 [pid: 8|app: 0|req: 875/1849] 10.0.0.219 () {34 vars in 668 bytes} [Fri May 29 07:05:35 2026] POST /v2.0/subnets => generated 647 bytes in 668 msecs (HTTP/1.1 201) 4 headers in 162 bytes (1 switches on core 0)
2026-05-29 07:05:35.686 7 INFO neutron.db.ovn_revision_numbers_db [None req-bce5b4cc-3672-4933-84db-0a2310774b7c ee72858e38174eb2b0e90b125025c30e 279e07e17c5f4c0696424614471af01f - - default default] Successfully bumped revision number for resource 29ca0536-cbe5-4c2c-b752-068c09c0b47d (type: security_group_rules) to 0
2026-05-29 07:05:35.700 7 INFO neutron.db.ovn_revision_numbers_db [None req-bce5b4cc-3672-4933-84db-0a2310774b7c ee72858e38174eb2b0e90b125025c30e 279e07e17c5f4c0696424614471af01f - - default default] Successfully bumped revision number for resource 498cb1d0-ece4-44bc-950a-365ff91d39f9 (type: security_group_rules) to 0
2026-05-29 07:05:35.713 7 INFO neutron.db.ovn_revision_numbers_db [None req-bce5b4cc-3672-4933-84db-0a2310774b7c ee72858e38174eb2b0e90b125025c30e 279e07e17c5f4c0696424614471af01f - - default default] Successfully bumped revision number for resource 8ed1b036-ac29-46e8-b36b-621a70cdd4be (type: security_group_rules) to 0
2026-05-29 07:05:35.730 7 INFO neutron.db.ovn_revision_numbers_db [None req-bce5b4cc-3672-4933-84db-0a2310774b7c ee72858e38174eb2b0e90b125025c30e 279e07e17c5f4c0696424614471af01f - - default default] Successfully bumped revision number for resource d9fb0b13-2861-4351-8560-26b9d868880a (type: security_group_rules) to 0
2026-05-29 07:05:35.804 7 INFO neutron.db.segments_db [None req-bce5b4cc-3672-4933-84db-0a2310774b7c ee72858e38174eb2b0e90b125025c30e 279e07e17c5f4c0696424614471af01f - - default default] Added segment ffdcfcf0-db50-4841-83e0-b1f0eaec37e5 of type geneve for network d8b7a47e-675b-4623-bf25-9dac0c2cef86 [pid: 8|app: 0|req: 876/1850] 10.0.0.219 () {32 vars in 677 bytes} [Fri May 29 07:05:35 2026] GET /v2.0/ports?not-tags-any=blue => generated 6008 bytes in 164 msecs (HTTP/1.1 200) 4 headers in 158 bytes (1 switches on core 0) [pid: 8|app: 0|req: 877/1851] 10.0.0.219 () {32 vars in 646 bytes} [Fri May 29 07:05:35 2026] GET /v2.0/subnets => generated 1280 bytes in 35 msecs (HTTP/1.1 200) 4 headers in 158 bytes (1 switches on core 0)
2026-05-29 07:05:35.885 8 WARNING neutron.api.v2.base [None req-40efdff4-75d9-4b06-9ed1-23b8baf5689f 34aebeef78be4b7caa63f19c90579d70 909afb8a153249eba5f49087c6b74a01 - - default default] An exception happened while processing the request body. The exception message is [Invalid input for target_tenant. Reason: '1234123412341234123412341234123412341234123412341234123412341234123412341234123412341234123412341234123412341234123412341234123412341234123412341234123412341234123412341234123412341234123412341234123412341234123412341234123412341234123412341234123412341234123412341234123412341234123412341234123412341234123412341234123412341234123412341234123412341234123412341234123412341234123412341234123412341234' exceeds maximum length of 255.].: webob.exc.HTTPBadRequest: Invalid input for target_tenant. Reason: '1234123412341234123412341234123412341234123412341234123412341234123412341234123412341234123412341234123412341234123412341234123412341234123412341234123412341234123412341234123412341234123412341234123412341234123412341234123412341234123412341234123412341234123412341234123412341234123412341234123412341234123412341234123412341234123412341234123412341234123412341234123412341234123412341234123412341234' exceeds maximum length of 255.
2026-05-29 07:05:35.886 8 INFO neutron.api.v2.resource [None req-40efdff4-75d9-4b06-9ed1-23b8baf5689f 34aebeef78be4b7caa63f19c90579d70 909afb8a153249eba5f49087c6b74a01 - - default default] create failed (client error): Invalid input for target_tenant. Reason: '1234123412341234123412341234123412341234123412341234123412341234123412341234123412341234123412341234123412341234123412341234123412341234123412341234123412341234123412341234123412341234123412341234123412341234123412341234123412341234123412341234123412341234123412341234123412341234123412341234123412341234123412341234123412341234123412341234123412341234123412341234123412341234123412341234123412341234' exceeds maximum length of 255. [pid: 8|app: 0|req: 878/1852] 10.0.0.219 () {34 vars in 680 bytes} [Fri May 29 07:05:35 2026] POST /v2.0/rbac-policies => generated 547 bytes in 6 msecs (HTTP/1.1 400) 4 headers in 166 bytes (1 switches on core 0)
2026-05-29 07:05:35.915 7 INFO neutron.db.ovn_revision_numbers_db [None req-bce5b4cc-3672-4933-84db-0a2310774b7c ee72858e38174eb2b0e90b125025c30e 279e07e17c5f4c0696424614471af01f - - default default] Successfully bumped revision number for resource d8b7a47e-675b-4623-bf25-9dac0c2cef86 (type: networks) to 1 [pid: 8|app: 0|req: 879/1853] 10.0.0.219 () {32 vars in 689 bytes} [Fri May 29 07:05:35 2026] GET /v2.0/ports?not-tags-any=red%2Cblue => generated 5268 bytes in 57 msecs (HTTP/1.1 200) 4 headers in 158 bytes (1 switches on core 0) [pid: 8|app: 0|req: 880/1854] 10.0.0.219 () {32 vars in 722 bytes} [Fri May 29 07:05:35 2026] GET /v2.0/networks/ead96f30-72ac-473b-8844-f0c61ae209bd => generated 707 bytes in 42 msecs (HTTP/1.1 200) 4 headers in 157 bytes (1 switches on core 0)
2026-05-29 07:05:36.088 7 WARNING neutron.scheduler.dhcp_agent_scheduler [None req-bce5b4cc-3672-4933-84db-0a2310774b7c ee72858e38174eb2b0e90b125025c30e 279e07e17c5f4c0696424614471af01f - - default default] No more DHCP agents
2026-05-29 07:05:36.090 7 WARNING neutron.api.rpc.agentnotifiers.dhcp_rpc_agent_api [None req-bce5b4cc-3672-4933-84db-0a2310774b7c ee72858e38174eb2b0e90b125025c30e 279e07e17c5f4c0696424614471af01f - - default default] Unable to schedule network d8b7a47e-675b-4623-bf25-9dac0c2cef86: no agents available; will retry on subsequent port and subnet creation events.
2026-05-29 07:05:36.103 8 INFO neutron_taas.services.taas.taas_plugin [None req-b40ee0a7-af89-4f5f-afcf-2a2c98ba4a92 34aebeef78be4b7caa63f19c90579d70 909afb8a153249eba5f49087c6b74a01 - - default default] TaaS: Handle Delete Port: 7fee68df-f117-4510-ba48-2cf7b2d293fc
2026-05-29 07:05:36.108 8 INFO neutron_taas.services.taas.tap_mirror_plugin [None req-b40ee0a7-af89-4f5f-afcf-2a2c98ba4a92 34aebeef78be4b7caa63f19c90579d70 909afb8a153249eba5f49087c6b74a01 - - default default] Tap Mirror: Handle Delete Port: 7fee68df-f117-4510-ba48-2cf7b2d293fc
2026-05-29 07:05:36.148 7 INFO neutron.plugins.ml2.drivers.ovn.mech_driver.mech_driver [None req-825c5b18-e6af-47bf-a095-57a8a095e10d - - - - - -] OVN reports status down for port: d55d9463-8daa-4050-b0c3-33c545b10f63
2026-05-29 07:05:36.205 7 INFO neutron.db.ovn_revision_numbers_db [None req-bce5b4cc-3672-4933-84db-0a2310774b7c ee72858e38174eb2b0e90b125025c30e 279e07e17c5f4c0696424614471af01f - - default default] Successfully bumped revision number for resource d55d9463-8daa-4050-b0c3-33c545b10f63 (type: ports) to 1 [pid: 7|app: 0|req: 975/1855] 10.0.0.219 () {34 vars in 670 bytes} [Fri May 29 07:05:35 2026] POST /v2.0/networks => generated 780 bytes in 871 msecs (HTTP/1.1 201) 4 headers in 162 bytes (1 switches on core 0)
2026-05-29 07:05:36.377 7 INFO neutron_taas.services.taas.taas_plugin [None req-de3f9e4b-b235-4c68-9014-96a4a2109f7f 2385ca740279438c90d180b3eca6e1a3 af1e4a9d0cb245769064b3b43f00ef7b - - default default] TaaS: Handle Delete Port: ba528652-3454-4588-9653-bfc6f61eda24
2026-05-29 07:05:36.379 7 INFO neutron_taas.services.taas.tap_mirror_plugin [None req-de3f9e4b-b235-4c68-9014-96a4a2109f7f 2385ca740279438c90d180b3eca6e1a3 af1e4a9d0cb245769064b3b43f00ef7b - - default default] Tap Mirror: Handle Delete Port: ba528652-3454-4588-9653-bfc6f61eda24 [pid: 7|app: 0|req: 976/1856] 10.0.0.219 () {32 vars in 719 bytes} [Fri May 29 07:05:36 2026] DELETE /v2.0/ports/ba528652-3454-4588-9653-bfc6f61eda24 => generated 0 bytes in 216 msecs (HTTP/1.1 204) 3 headers in 131 bytes (1 switches on core 0) [pid: 8|app: 0|req: 881/1857] 10.0.0.219 () {32 vars in 725 bytes} [Fri May 29 07:05:35 2026] DELETE /v2.0/networks/06bc69f7-71c6-4473-9906-f169386ba4d2 => generated 0 bytes in 501 msecs (HTTP/1.1 204) 3 headers in 131 bytes (1 switches on core 0) [pid: 7|app: 0|req: 977/1858] 10.0.0.219 () {32 vars in 720 bytes} [Fri May 29 07:05:36 2026] GET /v2.0/subnets/8262afd9-6b2c-46aa-902c-3d63523fa41e => generated 641 bytes in 29 msecs (HTTP/1.1 200) 4 headers in 157 bytes (1 switches on core 0)
2026-05-29 07:05:36.650 7 INFO neutron_taas.services.taas.taas_plugin [None req-fa22a33b-5fdb-46dc-912c-7d66db32faf2 2385ca740279438c90d180b3eca6e1a3 af1e4a9d0cb245769064b3b43f00ef7b - - default default] TaaS: Handle Delete Port: 0eee1481-4b9f-413e-9440-c4f49d666715
2026-05-29 07:05:36.655 7 INFO neutron_taas.services.taas.tap_mirror_plugin [None req-fa22a33b-5fdb-46dc-912c-7d66db32faf2 2385ca740279438c90d180b3eca6e1a3 af1e4a9d0cb245769064b3b43f00ef7b - - default default] Tap Mirror: Handle Delete Port: 0eee1481-4b9f-413e-9440-c4f49d666715
2026-05-29 07:05:36.700 8 WARNING neutron.scheduler.dhcp_agent_scheduler [None req-35665529-e6ee-4a30-8772-7671b36336b5 ee72858e38174eb2b0e90b125025c30e 279e07e17c5f4c0696424614471af01f - - default default] No more DHCP agents
2026-05-29 07:05:36.702 8 WARNING neutron.api.rpc.agentnotifiers.dhcp_rpc_agent_api [None req-35665529-e6ee-4a30-8772-7671b36336b5 ee72858e38174eb2b0e90b125025c30e 279e07e17c5f4c0696424614471af01f - - default default] Unable to schedule network d8b7a47e-675b-4623-bf25-9dac0c2cef86: no agents available; will retry on subsequent port and subnet creation events.
2026-05-29 07:05:36.755 8 INFO neutron.services.segments.plugin [-] Segment 8df3198c-c210-48b1-9d3b-a6b4786db937 resource provider aggregate not found
2026-05-29 07:05:36.770 8 INFO neutron.services.segments.plugin [-] Segment 8df3198c-c210-48b1-9d3b-a6b4786db937 resource provider aggregate not found [pid: 7|app: 0|req: 978/1859] 10.0.0.219 () {32 vars in 719 bytes} [Fri May 29 07:05:36 2026] DELETE /v2.0/ports/0eee1481-4b9f-413e-9440-c4f49d666715 => generated 0 bytes in 283 msecs (HTTP/1.1 204) 3 headers in 131 bytes (1 switches on core 0)
2026-05-29 07:05:36.803 8 INFO neutron.services.segments.plugin [-] Segment 8df3198c-c210-48b1-9d3b-a6b4786db937 resource provider not found; error: Placement Client Error (4xx): {"errors": [{"status": 404, "title": "Not Found", "detail": "The resource could not be found.\n\n No resource provider with uuid 8df3198c-c210-48b1-9d3b-a6b4786db937 found for delete ", "request_id": "req-27032136-d8cb-4820-a4b2-0d6c0c3284dc"}]}
2026-05-29 07:05:36.810 8 INFO neutron.services.segments.plugin [-] Segment 8df3198c-c210-48b1-9d3b-a6b4786db937 resource provider not found; error: Placement Client Error (4xx): {"errors": [{"status": 404, "title": "Not Found", "detail": "The resource could not be found.\n\n No resource provider with uuid 8df3198c-c210-48b1-9d3b-a6b4786db937 found for delete ", "request_id": "req-98d596c8-3781-4613-bf30-5230b3413fd8"}]}
2026-05-29 07:05:36.870 7 INFO neutron.db.segments_db [None req-0ded7e62-423f-4001-8471-74432e59319d 34aebeef78be4b7caa63f19c90579d70 909afb8a153249eba5f49087c6b74a01 - - default default] Added segment 67705330-46b8-4e73-bacc-dce9516d8c31 of type geneve for network fa814b64-072f-4cfb-bdf5-812c7be5e34e
2026-05-29 07:05:37.038 7 INFO neutron.db.ovn_revision_numbers_db [None req-0ded7e62-423f-4001-8471-74432e59319d 34aebeef78be4b7caa63f19c90579d70 909afb8a153249eba5f49087c6b74a01 - - default default] Successfully bumped revision number for resource fa814b64-072f-4cfb-bdf5-812c7be5e34e (type: networks) to 1
2026-05-29 07:05:37.186 7 WARNING neutron.scheduler.dhcp_agent_scheduler [None req-0ded7e62-423f-4001-8471-74432e59319d 34aebeef78be4b7caa63f19c90579d70 909afb8a153249eba5f49087c6b74a01 - - default default] No more DHCP agents
2026-05-29 07:05:37.187 7 WARNING neutron.api.rpc.agentnotifiers.dhcp_rpc_agent_api [None req-0ded7e62-423f-4001-8471-74432e59319d 34aebeef78be4b7caa63f19c90579d70 909afb8a153249eba5f49087c6b74a01 - - default default] Unable to schedule network fa814b64-072f-4cfb-bdf5-812c7be5e34e: no agents available; will retry on subsequent port and subnet creation events.
2026-05-29 07:05:37.248 8 INFO neutron.plugins.ml2.drivers.ovn.mech_driver.mech_driver [None req-7d14df7d-9936-484e-b424-5f655b0f7791 - - - - - -] OVN reports status down for port: 906b8016-eb3b-4ce3-94d3-5a95bc4b700e
2026-05-29 07:05:37.271 7 INFO neutron.db.ovn_revision_numbers_db [None req-0ded7e62-423f-4001-8471-74432e59319d 34aebeef78be4b7caa63f19c90579d70 909afb8a153249eba5f49087c6b74a01 - - default default] Successfully bumped revision number for resource 906b8016-eb3b-4ce3-94d3-5a95bc4b700e (type: ports) to 1
2026-05-29 07:05:37.284 8 INFO neutron.db.ovn_revision_numbers_db [None req-8ab52265-9be4-4206-8e4e-137d82642e11 - - - - - -] Successfully bumped revision number for resource d55d9463-8daa-4050-b0c3-33c545b10f63 (type: ports) to 2 [pid: 7|app: 0|req: 979/1860] 10.0.0.219 () {34 vars in 669 bytes} [Fri May 29 07:05:36 2026] POST /v2.0/networks => generated 767 bytes in 515 msecs (HTTP/1.1 201) 4 headers in 162 bytes (1 switches on core 0)
2026-05-29 07:05:37.305 7 INFO neutron.pecan_wsgi.hooks.translation [None req-16e0d7cc-1d47-4bab-990d-aa0f3c7b1139 ad4a66ecc6b84ed89c41657ba7ed3a8e 3b41fc1ba1284c32873d388c20587a4c - - default default] DELETE failed (client error): The resource could not be found. [pid: 7|app: 0|req: 980/1861] 10.0.0.219 () {32 vars in 723 bytes} [Fri May 29 07:05:37 2026] DELETE /v2.0/subnets/d42e03b4-3c82-4e37-af1d-71d037facaff => generated 136 bytes in 13 msecs (HTTP/1.1 404) 4 headers in 164 bytes (1 switches on core 0)
2026-05-29 07:05:37.333 8 INFO neutron.db.ovn_revision_numbers_db [None req-8ab52265-9be4-4206-8e4e-137d82642e11 - - - - - -] Successfully bumped revision number for resource a339212c-8937-401b-885d-b444f5c3a13a (type: subnets) to 0 [pid: 8|app: 0|req: 882/1862] 10.0.0.219 () {34 vars in 668 bytes} [Fri May 29 07:05:36 2026] POST /v2.0/subnets => generated 687 bytes in 864 msecs (HTTP/1.1 201) 4 headers in 162 bytes (1 switches on core 0)
2026-05-29 07:05:37.416 7 INFO neutron_taas.services.taas.taas_plugin [None req-057b60e9-1094-4e69-b2e0-61ba5fe68492 2385ca740279438c90d180b3eca6e1a3 af1e4a9d0cb245769064b3b43f00ef7b - - default default] TaaS: Handle Delete Port: 722d7909-072c-4e17-8d85-72f62b8182fb
2026-05-29 07:05:37.420 7 INFO neutron_taas.services.taas.tap_mirror_plugin [None req-057b60e9-1094-4e69-b2e0-61ba5fe68492 2385ca740279438c90d180b3eca6e1a3 af1e4a9d0cb245769064b3b43f00ef7b - - default default] Tap Mirror: Handle Delete Port: 722d7909-072c-4e17-8d85-72f62b8182fb
2026-05-29 07:05:37.516 8 WARNING neutron.scheduler.dhcp_agent_scheduler [None req-8388cdfd-ef8f-4510-8e6d-b21bfb29f19a 34aebeef78be4b7caa63f19c90579d70 909afb8a153249eba5f49087c6b74a01 - - default default] No more DHCP agents
2026-05-29 07:05:37.518 8 WARNING neutron.api.rpc.agentnotifiers.dhcp_rpc_agent_api [None req-8388cdfd-ef8f-4510-8e6d-b21bfb29f19a 34aebeef78be4b7caa63f19c90579d70 909afb8a153249eba5f49087c6b74a01 - - default default] Unable to schedule network fa814b64-072f-4cfb-bdf5-812c7be5e34e: no agents available; will retry on subsequent port and subnet creation events. [pid: 7|app: 0|req: 981/1863] 10.0.0.219 () {32 vars in 719 bytes} [Fri May 29 07:05:37 2026] DELETE /v2.0/ports/722d7909-072c-4e17-8d85-72f62b8182fb => generated 0 bytes in 227 msecs (HTTP/1.1 204) 3 headers in 131 bytes (1 switches on core 0)
2026-05-29 07:05:37.549 7 INFO neutron.pecan_wsgi.hooks.translation [None req-0cc85c61-21ea-483e-83b6-c53683adfa55 ad4a66ecc6b84ed89c41657ba7ed3a8e 3b41fc1ba1284c32873d388c20587a4c - - default default] DELETE failed (client error): The resource could not be found. [pid: 7|app: 0|req: 982/1864] 10.0.0.219 () {32 vars in 725 bytes} [Fri May 29 07:05:37 2026] DELETE /v2.0/networks/b4ec1e9c-61f1-4a77-b8ea-af5b41a2ae37 => generated 138 bytes in 14 msecs (HTTP/1.1 404) 4 headers in 164 bytes (1 switches on core 0)
2026-05-29 07:05:37.868 8 INFO neutron.db.ovn_revision_numbers_db [None req-bb9ff0db-024c-4499-a5ce-84a3958dea1d - - - - - -] Successfully bumped revision number for resource 906b8016-eb3b-4ce3-94d3-5a95bc4b700e (type: ports) to 2
2026-05-29 07:05:37.897 8 INFO neutron.db.ovn_revision_numbers_db [None req-bb9ff0db-024c-4499-a5ce-84a3958dea1d - - - - - -] Successfully bumped revision number for resource de267050-562c-4422-87b3-bd092a5b20b2 (type: subnets) to 0 [pid: 8|app: 0|req: 883/1865] 10.0.0.219 () {34 vars in 668 bytes} [Fri May 29 07:05:37 2026] POST /v2.0/subnets => generated 647 bytes in 561 msecs (HTTP/1.1 201) 4 headers in 162 bytes (1 switches on core 0)
2026-05-29 07:05:38.011 7 WARNING neutron.scheduler.dhcp_agent_scheduler [None req-d8dc677c-9808-4164-bf6b-b0b2789af604 ee72858e38174eb2b0e90b125025c30e 279e07e17c5f4c0696424614471af01f - - default default] No more DHCP agents
2026-05-29 07:05:38.012 7 WARNING neutron.api.rpc.agentnotifiers.dhcp_rpc_agent_api [None req-d8dc677c-9808-4164-bf6b-b0b2789af604 ee72858e38174eb2b0e90b125025c30e 279e07e17c5f4c0696424614471af01f - - default default] Unable to schedule network f335f809-edd1-43ca-8865-fdc41e095345: no agents available; will retry on subsequent port and subnet creation events.
2026-05-29 07:05:38.022 8 INFO neutron_taas.services.taas.taas_plugin [None req-aeb66e3b-ac24-4a55-9f02-5426dbabaa54 2385ca740279438c90d180b3eca6e1a3 af1e4a9d0cb245769064b3b43f00ef7b - - default default] TaaS: Handle Delete Port: 69b6a42d-1eea-4610-9e09-3576cf7ad822
2026-05-29 07:05:38.025 8 INFO neutron_taas.services.taas.tap_mirror_plugin [None req-aeb66e3b-ac24-4a55-9f02-5426dbabaa54 2385ca740279438c90d180b3eca6e1a3 af1e4a9d0cb245769064b3b43f00ef7b - - default default] Tap Mirror: Handle Delete Port: 69b6a42d-1eea-4610-9e09-3576cf7ad822
2026-05-29 07:05:38.111 7 INFO neutron.plugins.ml2.drivers.ovn.mech_driver.mech_driver [None req-825c5b18-e6af-47bf-a095-57a8a095e10d - - - - - -] OVN reports status down for port: fd418b3b-8276-4454-9763-4894d7c71a8a [pid: 8|app: 0|req: 884/1866] 10.0.0.219 () {32 vars in 719 bytes} [Fri May 29 07:05:37 2026] DELETE /v2.0/ports/69b6a42d-1eea-4610-9e09-3576cf7ad822 => generated 0 bytes in 218 msecs (HTTP/1.1 204) 3 headers in 131 bytes (1 switches on core 0)
2026-05-29 07:05:38.176 7 INFO neutron.db.ovn_revision_numbers_db [None req-d8dc677c-9808-4164-bf6b-b0b2789af604 ee72858e38174eb2b0e90b125025c30e 279e07e17c5f4c0696424614471af01f - - default default] Successfully bumped revision number for resource fd418b3b-8276-4454-9763-4894d7c71a8a (type: ports) to 1 [pid: 8|app: 0|req: 885/1867] 10.0.0.219 () {32 vars in 723 bytes} [Fri May 29 07:05:38 2026] DELETE /v2.0/subnets/8262afd9-6b2c-46aa-902c-3d63523fa41e => generated 0 bytes in 147 msecs (HTTP/1.1 204) 3 headers in 131 bytes (1 switches on core 0) [pid: 8|app: 0|req: 886/1868] 10.0.0.219 () {34 vars in 680 bytes} [Fri May 29 07:05:38 2026] POST /v2.0/rbac-policies => generated 324 bytes in 214 msecs (HTTP/1.1 201) 4 headers in 162 bytes (1 switches on core 0)
2026-05-29 07:05:38.605 8 INFO neutron_taas.services.taas.taas_plugin [None req-8cb8165f-194b-48f4-bbad-3c05715cef2c 2385ca740279438c90d180b3eca6e1a3 af1e4a9d0cb245769064b3b43f00ef7b - - default default] TaaS: Handle Delete Port: 43334dec-ea0e-44ef-90b8-1041b220441d
2026-05-29 07:05:38.608 8 INFO neutron_taas.services.taas.tap_mirror_plugin [None req-8cb8165f-194b-48f4-bbad-3c05715cef2c 2385ca740279438c90d180b3eca6e1a3 af1e4a9d0cb245769064b3b43f00ef7b - - default default] Tap Mirror: Handle Delete Port: 43334dec-ea0e-44ef-90b8-1041b220441d [pid: 8|app: 0|req: 887/1869] 10.0.0.219 () {32 vars in 719 bytes} [Fri May 29 07:05:38 2026] DELETE /v2.0/ports/43334dec-ea0e-44ef-90b8-1041b220441d => generated 0 bytes in 218 msecs (HTTP/1.1 204) 3 headers in 131 bytes (1 switches on core 0)
2026-05-29 07:05:38.833 8 INFO neutron_taas.services.taas.taas_plugin [None req-76eb6d7c-6160-44ea-8158-df10d7a5afb8 ad4a66ecc6b84ed89c41657ba7ed3a8e 3b41fc1ba1284c32873d388c20587a4c - - default default] TaaS: Handle Delete Port: 6e40f6c1-027d-4236-a742-bb7f667d4cc5
2026-05-29 07:05:38.838 8 INFO neutron_taas.services.taas.tap_mirror_plugin [None req-76eb6d7c-6160-44ea-8158-df10d7a5afb8 ad4a66ecc6b84ed89c41657ba7ed3a8e 3b41fc1ba1284c32873d388c20587a4c - - default default] Tap Mirror: Handle Delete Port: 6e40f6c1-027d-4236-a742-bb7f667d4cc5
2026-05-29 07:05:38.857 7 INFO neutron.plugins.ml2.drivers.ovn.mech_driver.ovsdb.commands [None req-0e82012f-f310-4a5c-a43d-fa0911b9883d - - - - - -] Schedule LRP lrp-fd418b3b-8276-4454-9763-4894d7c71a8a on gateway 5c942cf1-1be4-4a32-8acb-c6c7cdb02f59 with priority 1
2026-05-29 07:05:38.868 7 INFO neutron.plugins.ml2.drivers.ovn.mech_driver.mech_driver [None req-825c5b18-e6af-47bf-a095-57a8a095e10d - - - - - -] OVN reports status up for port: fd418b3b-8276-4454-9763-4894d7c71a8a
2026-05-29 07:05:38.917 7 INFO neutron.plugins.ml2.plugin [None req-825c5b18-e6af-47bf-a095-57a8a095e10d - - - - - -] Attempt 1 to provision port fd418b3b-8276-4454-9763-4894d7c71a8a
2026-05-29 07:05:38.927 7 INFO neutron.plugins.ml2.drivers.ovn.mech_driver.ovsdb.ovsdb_monitor [None req-6cf8a4d3-3fbc-412a-a5fc-9bf5b74c02cb - - - - - -] Router 0c91936a-a608-41c3-bcff-fa2c9cafb597 is bound to host instance
2026-05-29 07:05:38.940 7 INFO neutron.db.ovn_revision_numbers_db [None req-d8dc677c-9808-4164-bf6b-b0b2789af604 ee72858e38174eb2b0e90b125025c30e 279e07e17c5f4c0696424614471af01f - - default default] Successfully bumped revision number for resource fd418b3b-8276-4454-9763-4894d7c71a8a (type: router_ports) to 1
2026-05-29 07:05:39.055 8 INFO neutron.services.segments.plugin [-] Segment 2be56488-fd49-4d2c-8cc9-1f8d6e366561 resource provider aggregate not found
2026-05-29 07:05:39.069 8 INFO neutron.services.segments.plugin [-] Segment 2be56488-fd49-4d2c-8cc9-1f8d6e366561 resource provider aggregate not found
2026-05-29 07:05:39.074 8 INFO neutron.services.segments.plugin [-] Segment 2be56488-fd49-4d2c-8cc9-1f8d6e366561 resource provider not found; error: Placement Client Error (4xx): {"errors": [{"status": 404, "title": "Not Found", "detail": "The resource could not be found.\n\n No resource provider with uuid 2be56488-fd49-4d2c-8cc9-1f8d6e366561 found for delete ", "request_id": "req-95ab6f2a-e56d-46f3-acf1-0d4c7b8ccd3a"}]}
2026-05-29 07:05:39.093 8 INFO neutron.services.segments.plugin [-] Segment 2be56488-fd49-4d2c-8cc9-1f8d6e366561 resource provider not found; error: Placement Client Error (4xx): {"errors": [{"status": 404, "title": "Not Found", "detail": "The resource could not be found.\n\n No resource provider with uuid 2be56488-fd49-4d2c-8cc9-1f8d6e366561 found for delete ", "request_id": "req-0d585e15-0662-4b07-9ee0-767e3c2e5240"}]} [pid: 8|app: 0|req: 888/1870] 10.0.0.219 () {32 vars in 725 bytes} [Fri May 29 07:05:38 2026] DELETE /v2.0/networks/ead96f30-72ac-473b-8844-f0c61ae209bd => generated 0 bytes in 399 msecs (HTTP/1.1 204) 3 headers in 131 bytes (1 switches on core 0)
2026-05-29 07:05:39.159 7 INFO neutron.db.ovn_revision_numbers_db [None req-d8dc677c-9808-4164-bf6b-b0b2789af604 ee72858e38174eb2b0e90b125025c30e 279e07e17c5f4c0696424614471af01f - - default default] Successfully bumped revision number for resource 0c91936a-a608-41c3-bcff-fa2c9cafb597 (type: routers) to 2 [pid: 7|app: 0|req: 983/1871] 10.0.0.219 () {34 vars in 668 bytes} [Fri May 29 07:05:37 2026] POST /v2.0/routers => generated 965 bytes in 1655 msecs (HTTP/1.1 201) 4 headers in 162 bytes (1 switches on core 0)
2026-05-29 07:05:39.241 8 INFO neutron_taas.services.taas.taas_plugin [None req-1a7f3de9-f4e3-4ee8-b811-de831112d208 2385ca740279438c90d180b3eca6e1a3 af1e4a9d0cb245769064b3b43f00ef7b - - default default] TaaS: Handle Delete Port: cb24e513-4eb8-4d75-9121-67daec8786f3
2026-05-29 07:05:39.243 8 INFO neutron_taas.services.taas.tap_mirror_plugin [None req-1a7f3de9-f4e3-4ee8-b811-de831112d208 2385ca740279438c90d180b3eca6e1a3 af1e4a9d0cb245769064b3b43f00ef7b - - default default] Tap Mirror: Handle Delete Port: cb24e513-4eb8-4d75-9121-67daec8786f3 [pid: 7|app: 0|req: 984/1872] 10.0.0.219 () {32 vars in 722 bytes} [Fri May 29 07:05:39 2026] GET /v2.0/networks/fa814b64-072f-4cfb-bdf5-812c7be5e34e => generated 692 bytes in 220 msecs (HTTP/1.1 200) 4 headers in 157 bytes (1 switches on core 0) [pid: 8|app: 0|req: 889/1873] 10.0.0.219 () {32 vars in 725 bytes} [Fri May 29 07:05:39 2026] DELETE /v2.0/networks/e0327ece-8f1c-4522-b717-7761d14ed21d => generated 0 bytes in 348 msecs (HTTP/1.1 204) 3 headers in 131 bytes (1 switches on core 0)
2026-05-29 07:05:39.590 8 INFO neutron_taas.services.taas.taas_plugin [None req-eede486f-146b-400c-960a-cdf5d7d288b9 2385ca740279438c90d180b3eca6e1a3 af1e4a9d0cb245769064b3b43f00ef7b - - default default] TaaS: Handle Delete Port: 75a1b42e-325d-41ec-931b-e4a8a982d55c
2026-05-29 07:05:39.592 8 INFO neutron_taas.services.taas.tap_mirror_plugin [None req-eede486f-146b-400c-960a-cdf5d7d288b9 2385ca740279438c90d180b3eca6e1a3 af1e4a9d0cb245769064b3b43f00ef7b - - default default] Tap Mirror: Handle Delete Port: 75a1b42e-325d-41ec-931b-e4a8a982d55c [pid: 8|app: 0|req: 890/1874] 10.0.0.219 () {32 vars in 725 bytes} [Fri May 29 07:05:39 2026] DELETE /v2.0/networks/7d4bab8e-4beb-4b71-b088-8fc4bce475e1 => generated 0 bytes in 348 msecs (HTTP/1.1 204) 3 headers in 131 bytes (1 switches on core 0) [pid: 8|app: 0|req: 891/1875] 10.0.0.219 () {32 vars in 773 bytes} [Fri May 29 07:05:39 2026] GET /v2.0/security-groups?tenant_id=3b41fc1ba1284c32873d388c20587a4c&name=default => generated 2925 bytes in 84 msecs (HTTP/1.1 200) 4 headers in 158 bytes (1 switches on core 0)
2026-05-29 07:05:39.959 8 INFO neutron.pecan_wsgi.hooks.translation [None req-6fe788cf-fcf6-433d-b9c7-306d21b36fd8 f95c269593b240afa2021df4ba7ad59c 4bdc7aff166e4766ad2d9193d7b196bd - - default default] GET failed (client error): The resource could not be found. [pid: 8|app: 0|req: 892/1876] 10.0.0.219 () {32 vars in 722 bytes} [Fri May 29 07:05:39 2026] GET /v2.0/networks/fa814b64-072f-4cfb-bdf5-812c7be5e34e => generated 138 bytes in 58 msecs (HTTP/1.1 404) 4 headers in 164 bytes (1 switches on core 0)
2026-05-29 07:05:40.113 8 INFO neutron_taas.services.taas.taas_plugin [None req-27fff270-92b6-40bc-a26d-8d4fd3e11245 2385ca740279438c90d180b3eca6e1a3 af1e4a9d0cb245769064b3b43f00ef7b - - default default] TaaS: Handle Delete Port: e43fc736-d632-465a-a674-b8e59f288045
2026-05-29 07:05:40.116 8 INFO neutron_taas.services.taas.tap_mirror_plugin [None req-27fff270-92b6-40bc-a26d-8d4fd3e11245 2385ca740279438c90d180b3eca6e1a3 af1e4a9d0cb245769064b3b43f00ef7b - - default default] Tap Mirror: Handle Delete Port: e43fc736-d632-465a-a674-b8e59f288045 [pid: 8|app: 0|req: 893/1877] 10.0.0.219 () {32 vars in 725 bytes} [Fri May 29 07:05:39 2026] DELETE /v2.0/networks/87c72efd-bdff-40bd-b62e-03e950f68553 => generated 0 bytes in 338 msecs (HTTP/1.1 204) 3 headers in 131 bytes (1 switches on core 0)
2026-05-29 07:05:40.330 7 WARNING neutron.scheduler.dhcp_agent_scheduler [None req-23151b7b-09da-492d-b522-4360b0820d7f ee72858e38174eb2b0e90b125025c30e 279e07e17c5f4c0696424614471af01f - - default default] No more DHCP agents
2026-05-29 07:05:40.334 7 WARNING neutron.api.rpc.agentnotifiers.dhcp_rpc_agent_api [None req-23151b7b-09da-492d-b522-4360b0820d7f ee72858e38174eb2b0e90b125025c30e 279e07e17c5f4c0696424614471af01f - - default default] Unable to schedule network d8b7a47e-675b-4623-bf25-9dac0c2cef86: no agents available; will retry on subsequent port and subnet creation events. [pid: 8|app: 0|req: 894/1878] 10.0.0.219 () {32 vars in 739 bytes} [Fri May 29 07:05:40 2026] DELETE /v2.0/security-groups/1d1a0671-f046-42ce-870d-a0dd3f634a23 => generated 0 bytes in 203 msecs (HTTP/1.1 204) 2 headers in 112 bytes (1 switches on core 0)
2026-05-29 07:05:40.576 7 INFO neutron.db.ovn_revision_numbers_db [None req-f83c3211-ebe6-45b4-8a87-f7701c62ac75 - - - - - -] Successfully bumped revision number for resource fd418b3b-8276-4454-9763-4894d7c71a8a (type: ports) to 4
2026-05-29 07:05:40.587 7 INFO neutron.db.ovn_revision_numbers_db [None req-23151b7b-09da-492d-b522-4360b0820d7f ee72858e38174eb2b0e90b125025c30e 279e07e17c5f4c0696424614471af01f - - default default] Successfully bumped revision number for resource 9b2510c9-b6d9-4273-a3e7-42aaac791abf (type: ports) to 1
2026-05-29 07:05:40.659 8 INFO neutron_taas.services.taas.taas_plugin [None req-fa392a6f-6c07-41c6-b99e-7b67d9a4c77d 34aebeef78be4b7caa63f19c90579d70 909afb8a153249eba5f49087c6b74a01 - - default default] TaaS: Handle Delete Port: 906b8016-eb3b-4ce3-94d3-5a95bc4b700e
2026-05-29 07:05:40.664 8 INFO neutron_taas.services.taas.tap_mirror_plugin [None req-fa392a6f-6c07-41c6-b99e-7b67d9a4c77d 34aebeef78be4b7caa63f19c90579d70 909afb8a153249eba5f49087c6b74a01 - - default default] Tap Mirror: Handle Delete Port: 906b8016-eb3b-4ce3-94d3-5a95bc4b700e [pid: 8|app: 0|req: 895/1879] 10.0.0.219 () {32 vars in 725 bytes} [Fri May 29 07:05:40 2026] DELETE /v2.0/networks/fa814b64-072f-4cfb-bdf5-812c7be5e34e => generated 0 bytes in 495 msecs (HTTP/1.1 204) 3 headers in 131 bytes (1 switches on core 0)
2026-05-29 07:05:41.112 8 INFO neutron.services.segments.plugin [-] Segment 990c3685-baa4-4ea6-99d8-f3f953bf6e56 resource provider aggregate not found
2026-05-29 07:05:41.120 8 INFO neutron.services.segments.plugin [-] Segment 990c3685-baa4-4ea6-99d8-f3f953bf6e56 resource provider aggregate not found
2026-05-29 07:05:41.141 8 INFO neutron.services.segments.plugin [-] Segment 990c3685-baa4-4ea6-99d8-f3f953bf6e56 resource provider not found; error: Placement Client Error (4xx): {"errors": [{"status": 404, "title": "Not Found", "detail": "The resource could not be found.\n\n No resource provider with uuid 990c3685-baa4-4ea6-99d8-f3f953bf6e56 found for delete ", "request_id": "req-ab49234f-8f3a-41d0-8b04-74174604519d"}]}
2026-05-29 07:05:41.145 8 INFO neutron.services.segments.plugin [-] Segment 990c3685-baa4-4ea6-99d8-f3f953bf6e56 resource provider not found; error: Placement Client Error (4xx): {"errors": [{"status": 404, "title": "Not Found", "detail": "The resource could not be found.\n\n No resource provider with uuid 990c3685-baa4-4ea6-99d8-f3f953bf6e56 found for delete ", "request_id": "req-54157771-758e-42d9-95d7-29dad988d546"}]}
2026-05-29 07:05:41.155 8 INFO neutron_taas.services.taas.taas_plugin [None req-c43dd6a8-dd1a-4ff6-a459-018533b815f1 2385ca740279438c90d180b3eca6e1a3 af1e4a9d0cb245769064b3b43f00ef7b - - default default] TaaS: Handle Delete Port: 89f62606-e2f7-4708-864d-f1d680d60081
2026-05-29 07:05:41.159 8 INFO neutron_taas.services.taas.tap_mirror_plugin [None req-c43dd6a8-dd1a-4ff6-a459-018533b815f1 2385ca740279438c90d180b3eca6e1a3 af1e4a9d0cb245769064b3b43f00ef7b - - default default] Tap Mirror: Handle Delete Port: 89f62606-e2f7-4708-864d-f1d680d60081
2026-05-29 07:05:41.162 8 INFO neutron.services.segments.plugin [-] Segment d6db6ebc-a9af-4aae-aa5c-239e21e66fd2 resource provider aggregate not found
2026-05-29 07:05:41.166 8 INFO neutron.services.segments.plugin [-] Segment d6db6ebc-a9af-4aae-aa5c-239e21e66fd2 resource provider aggregate not found
2026-05-29 07:05:41.175 7 INFO neutron.db.ovn_revision_numbers_db [None req-f83c3211-ebe6-45b4-8a87-f7701c62ac75 - - - - - -] Successfully bumped revision number for resource fd418b3b-8276-4454-9763-4894d7c71a8a (type: ports) to 5
2026-05-29 07:05:41.186 8 INFO neutron.services.segments.plugin [-] Segment d6db6ebc-a9af-4aae-aa5c-239e21e66fd2 resource provider not found; error: Placement Client Error (4xx): {"errors": [{"status": 404, "title": "Not Found", "detail": "The resource could not be found.\n\n No resource provider with uuid d6db6ebc-a9af-4aae-aa5c-239e21e66fd2 found for delete ", "request_id": "req-63c8bfa3-d4a5-4037-a41d-5de485b9e724"}]}
2026-05-29 07:05:41.191 8 INFO neutron.services.segments.plugin [-] Segment d6db6ebc-a9af-4aae-aa5c-239e21e66fd2 resource provider not found; error: Placement Client Error (4xx): {"errors": [{"status": 404, "title": "Not Found", "detail": "The resource could not be found.\n\n No resource provider with uuid d6db6ebc-a9af-4aae-aa5c-239e21e66fd2 found for delete ", "request_id": "req-3e454ff4-7a46-4ff0-9ab9-782631a17b21"}]}
2026-05-29 07:05:41.217 8 INFO neutron.services.segments.plugin [-] Segment 3b629185-65da-453f-aa6b-4a777a9b342a resource provider aggregate not found
2026-05-29 07:05:41.218 8 INFO neutron.services.segments.plugin [-] Segment 3b629185-65da-453f-aa6b-4a777a9b342a resource provider aggregate not found
2026-05-29 07:05:41.240 8 INFO neutron.services.segments.plugin [-] Segment 3b629185-65da-453f-aa6b-4a777a9b342a resource provider not found; error: Placement Client Error (4xx): {"errors": [{"status": 404, "title": "Not Found", "detail": "The resource could not be found.\n\n No resource provider with uuid 3b629185-65da-453f-aa6b-4a777a9b342a found for delete ", "request_id": "req-2b5d7b75-ee5c-4802-aa1f-1e0bee850830"}]}
2026-05-29 07:05:41.245 8 INFO neutron.services.segments.plugin [-] Segment 3b629185-65da-453f-aa6b-4a777a9b342a resource provider not found; error: Placement Client Error (4xx): {"errors": [{"status": 404, "title": "Not Found", "detail": "The resource could not be found.\n\n No resource provider with uuid 3b629185-65da-453f-aa6b-4a777a9b342a found for delete ", "request_id": "req-2f97242c-0982-4b20-870e-cf760da8ea99"}]}
2026-05-29 07:05:41.257 8 INFO neutron.services.segments.plugin [-] Segment 67705330-46b8-4e73-bacc-dce9516d8c31 resource provider aggregate not found
2026-05-29 07:05:41.270 8 INFO neutron.services.segments.plugin [-] Segment 67705330-46b8-4e73-bacc-dce9516d8c31 resource provider aggregate not found
2026-05-29 07:05:41.278 8 INFO neutron.services.segments.plugin [-] Segment 67705330-46b8-4e73-bacc-dce9516d8c31 resource provider not found; error: Placement Client Error (4xx): {"errors": [{"status": 404, "title": "Not Found", "detail": "The resource could not be found.\n\n No resource provider with uuid 67705330-46b8-4e73-bacc-dce9516d8c31 found for delete ", "request_id": "req-c9d713da-b8c7-4b8b-a828-3b41596c5963"}]}
2026-05-29 07:05:41.301 8 INFO neutron.services.segments.plugin [-] Segment 67705330-46b8-4e73-bacc-dce9516d8c31 resource provider not found; error: Placement Client Error (4xx): {"errors": [{"status": 404, "title": "Not Found", "detail": "The resource could not be found.\n\n No resource provider with uuid 67705330-46b8-4e73-bacc-dce9516d8c31 found for delete ", "request_id": "req-b6576858-28a3-4cfd-8ee5-18978da9e0ea"}]} [pid: 8|app: 0|req: 896/1880] 10.0.0.219 () {32 vars in 725 bytes} [Fri May 29 07:05:41 2026] DELETE /v2.0/networks/52b1cc81-b3e0-460e-b5a9-967a86e3e155 => generated 0 bytes in 437 msecs (HTTP/1.1 204) 3 headers in 131 bytes (1 switches on core 0)
2026-05-29 07:05:41.450 8 INFO neutron.pecan_wsgi.hooks.translation [None req-d77340c0-4b16-42ae-aa0e-48e85677f09d 34aebeef78be4b7caa63f19c90579d70 909afb8a153249eba5f49087c6b74a01 - - default default] DELETE failed (client error): The resource could not be found. [pid: 8|app: 0|req: 897/1881] 10.0.0.219 () {32 vars in 723 bytes} [Fri May 29 07:05:41 2026] DELETE /v2.0/subnets/c81f9b3b-1f82-456e-b3b7-fc33ff677733 => generated 136 bytes in 11 msecs (HTTP/1.1 404) 4 headers in 164 bytes (1 switches on core 0)
2026-05-29 07:05:41.507 7 INFO neutron.plugins.ml2.drivers.ovn.mech_driver.mech_driver [None req-825c5b18-e6af-47bf-a095-57a8a095e10d - - - - - -] OVN reports status down for port: 9b2510c9-b6d9-4273-a3e7-42aaac791abf
2026-05-29 07:05:41.571 8 INFO neutron_taas.services.taas.taas_plugin [None req-40fea2dd-3bb3-4a9d-84a5-af22a0fa178f 2385ca740279438c90d180b3eca6e1a3 af1e4a9d0cb245769064b3b43f00ef7b - - default default] TaaS: Handle Delete Port: 6bec978b-b833-4d8f-87b2-25cd5f7cd66c
2026-05-29 07:05:41.575 8 INFO neutron_taas.services.taas.tap_mirror_plugin [None req-40fea2dd-3bb3-4a9d-84a5-af22a0fa178f 2385ca740279438c90d180b3eca6e1a3 af1e4a9d0cb245769064b3b43f00ef7b - - default default] Tap Mirror: Handle Delete Port: 6bec978b-b833-4d8f-87b2-25cd5f7cd66c
2026-05-29 07:05:41.619 7 WARNING neutron.plugins.ml2.drivers.ovn.mech_driver.ovsdb.ovn_client [None req-825c5b18-e6af-47bf-a095-57a8a095e10d - - - - - -] Logical_Switch_Port 9b2510c9-b6d9-4273-a3e7-42aaac791abf host information not removed, the port state is up
2026-05-29 07:05:41.620 7 INFO neutron.plugins.ml2.drivers.ovn.mech_driver.mech_driver [None req-825c5b18-e6af-47bf-a095-57a8a095e10d - - - - - -] OVN reports status up for port: 9b2510c9-b6d9-4273-a3e7-42aaac791abf
2026-05-29 07:05:41.638 7 INFO neutron.plugins.ml2.plugin [None req-825c5b18-e6af-47bf-a095-57a8a095e10d - - - - - -] Attempt 1 to provision port 9b2510c9-b6d9-4273-a3e7-42aaac791abf
2026-05-29 07:05:41.724 7 WARNING neutron.scheduler.dhcp_agent_scheduler [None req-23151b7b-09da-492d-b522-4360b0820d7f ee72858e38174eb2b0e90b125025c30e 279e07e17c5f4c0696424614471af01f - - default default] No more DHCP agents
2026-05-29 07:05:41.726 7 WARNING neutron.api.rpc.agentnotifiers.dhcp_rpc_agent_api [None req-23151b7b-09da-492d-b522-4360b0820d7f ee72858e38174eb2b0e90b125025c30e 279e07e17c5f4c0696424614471af01f - - default default] Unable to schedule network d8b7a47e-675b-4623-bf25-9dac0c2cef86: no agents available; will retry on subsequent port and subnet creation events. [pid: 8|app: 0|req: 898/1882] 10.0.0.219 () {32 vars in 725 bytes} [Fri May 29 07:05:41 2026] DELETE /v2.0/networks/62500646-b3df-454f-9042-b8ea4da8fa79 => generated 0 bytes in 345 msecs (HTTP/1.1 204) 3 headers in 131 bytes (1 switches on core 0)
2026-05-29 07:05:41.810 8 INFO neutron.pecan_wsgi.hooks.translation [None req-3a650045-4404-49de-bde1-4d3aa028fc65 34aebeef78be4b7caa63f19c90579d70 909afb8a153249eba5f49087c6b74a01 - - default default] DELETE failed (client error): The resource could not be found. [pid: 8|app: 0|req: 899/1883] 10.0.0.219 () {32 vars in 723 bytes} [Fri May 29 07:05:41 2026] DELETE /v2.0/subnets/280ee605-2dc9-4063-97d7-aa94ea69336b => generated 136 bytes in 16 msecs (HTTP/1.1 404) 4 headers in 164 bytes (1 switches on core 0)
2026-05-29 07:05:41.829 8 INFO neutron.pecan_wsgi.hooks.translation [None req-93a577b6-b397-4408-9a9e-6eea432d0087 34aebeef78be4b7caa63f19c90579d70 909afb8a153249eba5f49087c6b74a01 - - default default] DELETE failed (client error): The resource could not be found. [pid: 8|app: 0|req: 900/1884] 10.0.0.219 () {32 vars in 723 bytes} [Fri May 29 07:05:41 2026] DELETE /v2.0/subnets/de267050-562c-4422-87b3-bd092a5b20b2 => generated 136 bytes in 13 msecs (HTTP/1.1 404) 4 headers in 164 bytes (1 switches on core 0)
2026-05-29 07:05:42.298 7 INFO neutron.db.ovn_revision_numbers_db [None req-825c5b18-e6af-47bf-a095-57a8a095e10d - - - - - -] Successfully bumped revision number for resource 9b2510c9-b6d9-4273-a3e7-42aaac791abf (type: ports) to 2
2026-05-29 07:05:42.493 8 INFO neutron.db.ovn_revision_numbers_db [None req-39220740-4acb-4434-96c4-4206ab090759 c649d6789ef9449bb2eafcf222d4b68f f4ae89dd178f4dfaabba2c2c5da8f163 - - default default] Successfully bumped revision number for resource 79cf8d54-8610-434c-b342-4159f2188ec0 (type: security_groups) to 1
2026-05-29 07:05:42.504 8 INFO neutron.db.ovn_revision_numbers_db [None req-39220740-4acb-4434-96c4-4206ab090759 c649d6789ef9449bb2eafcf222d4b68f f4ae89dd178f4dfaabba2c2c5da8f163 - - default default] Successfully bumped revision number for resource 490c8dfc-d911-4429-999a-cb21f68e4eab (type: security_group_rules) to 0
