2026-05-29 07:11:08.154 8 INFO neutron.notifiers.nova [-] Nova event matching ['req-569787b4-a087-4fff-bdce-5fa7e0113359'] response: {'name': 'network-changed', 'server_uuid': '40d37264-7205-4e9c-af94-6548a273caf2', 'tag': '20717fe1-60c5-4bca-9671-1e509c77279c', 'status': 'completed', 'code': 200} [pid: 8|app: 0|req: 1753/3523] 10.0.0.94 () {34 vars in 988 bytes} [Fri May 29 07:11:08 2026] GET /v2.0/ports?device_id=40d37264-7205-4e9c-af94-6548a273caf2 => generated 1200 bytes in 86 msecs (HTTP/1.1 200) 4 headers in 158 bytes (1 switches on core 0) [pid: 7|app: 0|req: 1771/3524] 10.0.0.94 () {34 vars in 1038 bytes} [Fri May 29 07:11:08 2026] GET /v2.0/security-groups?id=8e94d0f0-c64c-4e6d-be72-d0f05193aa0d&fields=id&fields=name => generated 112 bytes in 39 msecs (HTTP/1.1 200) 4 headers in 157 bytes (1 switches on core 0) [pid: 8|app: 0|req: 1754/3525] 199.19.213.242 () {34 vars in 1079 bytes} [Fri May 29 07:11:08 2026] GET /v2.0/ports?tenant_id=3c01af6f6fce445f97191c1cba25fd10&device_id=40d37264-7205-4e9c-af94-6548a273caf2 => generated 1438 bytes in 43 msecs (HTTP/1.1 200) 4 headers in 158 bytes (1 switches on core 0) [pid: 7|app: 0|req: 1772/3526] 199.19.213.242 () {34 vars in 985 bytes} [Fri May 29 07:11:08 2026] GET /v2.0/networks?id=c568d8fc-15ae-4e3f-83fe-43121e5cf361 => generated 841 bytes in 42 msecs (HTTP/1.1 200) 4 headers in 157 bytes (1 switches on core 0) [pid: 8|app: 0|req: 1755/3527] 199.19.213.242 () {34 vars in 1057 bytes} [Fri May 29 07:11:08 2026] GET /v2.0/floatingips?fixed_ip_address=10.2.1.143&port_id=20717fe1-60c5-4bca-9671-1e509c77279c => generated 19 bytes in 31 msecs (HTTP/1.1 200) 4 headers in 156 bytes (1 switches on core 0) [pid: 7|app: 0|req: 1773/3528] 199.19.213.242 () {34 vars in 1103 bytes} [Fri May 29 07:11:08 2026] GET /v2.0/floatingips?fixed_ip_address=fd7b%3Af9f7%3Afff%3A4eca%3A%3A2e3&port_id=20717fe1-60c5-4bca-9671-1e509c77279c => generated 19 bytes in 28 msecs (HTTP/1.1 200) 4 headers in 156 bytes (1 switches on core 0) [pid: 8|app: 0|req: 1756/3529] 199.19.213.242 () {34 vars in 1063 bytes} [Fri May 29 07:11:08 2026] GET /v2.0/subnets?id=3e5f1f9a-180d-4511-887b-03f398777b6c&id=e1fede73-b860-4262-8306-9409714eb0bb => generated 1411 bytes in 31 msecs (HTTP/1.1 200) 4 headers in 158 bytes (1 switches on core 0) [pid: 7|app: 0|req: 1774/3530] 199.19.213.242 () {34 vars in 1051 bytes} [Fri May 29 07:11:08 2026] GET /v2.0/ports?network_id=c568d8fc-15ae-4e3f-83fe-43121e5cf361&device_owner=network%3Adhcp => generated 12 bytes in 17 msecs (HTTP/1.1 200) 4 headers in 156 bytes (1 switches on core 0) [pid: 8|app: 0|req: 1757/3531] 199.19.213.242 () {34 vars in 1051 bytes} [Fri May 29 07:11:08 2026] GET /v2.0/ports?network_id=c568d8fc-15ae-4e3f-83fe-43121e5cf361&device_owner=network%3Adhcp => generated 12 bytes in 19 msecs (HTTP/1.1 200) 4 headers in 156 bytes (1 switches on core 0) [pid: 7|app: 0|req: 1775/3532] 199.19.213.242 () {34 vars in 1011 bytes} [Fri May 29 07:11:08 2026] GET /v2.0/networks/c568d8fc-15ae-4e3f-83fe-43121e5cf361?fields=segments => generated 14 bytes in 45 msecs (HTTP/1.1 200) 4 headers in 156 bytes (1 switches on core 0) [pid: 8|app: 0|req: 1758/3533] 199.19.213.242 () {34 vars in 1111 bytes} [Fri May 29 07:11:08 2026] GET /v2.0/networks/c568d8fc-15ae-4e3f-83fe-43121e5cf361?fields=provider%3Aphysical_network&fields=provider%3Anetwork_type => generated 79 bytes in 40 msecs (HTTP/1.1 200) 4 headers in 156 bytes (1 switches on core 0)
2026-05-29 07:11:09.340 8 INFO neutron.plugins.ml2.drivers.ovn.mech_driver.mech_driver [None req-35ab2c47-384e-45de-a8ab-1c08451a38ec - - - - - -] OVN reports status down for port: 20717fe1-60c5-4bca-9671-1e509c77279c
2026-05-29 07:11:09.596 8 INFO neutron.db.ovn_revision_numbers_db [None req-35ab2c47-384e-45de-a8ab-1c08451a38ec - - - - - -] Successfully bumped revision number for resource 20717fe1-60c5-4bca-9671-1e509c77279c (type: ports) to 6
2026-05-29 07:11:10.195 8 INFO neutron.notifiers.nova [-] Nova event matching ['req-0a0047f7-1552-43b7-857e-1741806ab137'] response: {'server_uuid': '40d37264-7205-4e9c-af94-6548a273caf2', 'name': 'network-vif-unplugged', 'status': 'completed', 'tag': '20717fe1-60c5-4bca-9671-1e509c77279c', 'code': 200}
2026-05-29 07:11:10.195 8 INFO neutron.notifiers.nova [-] Nova event matching ['req-0a0047f7-1552-43b7-857e-1741806ab137'] response: {'server_uuid': '40d37264-7205-4e9c-af94-6548a273caf2', 'name': 'network-vif-unplugged', 'status': 'completed', 'tag': '20717fe1-60c5-4bca-9671-1e509c77279c', 'code': 200} [pid: 7|app: 0|req: 1776/3534] 199.19.213.242 () {34 vars in 993 bytes} [Fri May 29 07:11:10 2026] GET /v2.0/ports?device_id=40d37264-7205-4e9c-af94-6548a273caf2 => generated 1198 bytes in 95 msecs (HTTP/1.1 200) 4 headers in 158 bytes (1 switches on core 0) /var/lib/openstack/lib/python3.12/site-packages/pycadf/identifier.py:70: UserWarning: Invalid uuid: neutron. To ensure interoperability, identifiers should be a valid uuid. warnings.warn(('Invalid uuid: %s. To ensure interoperability, '
2026-05-29 07:11:10.778 8 INFO neutron_taas.services.taas.taas_plugin [req-2b33670a-defb-4d71-80af-e3ba73cf8c28 req-47ba8b42-c4f6-4175-8032-af45e24b6462 9a650b1900b64401b1b7e4589b99274f 3c01af6f6fce445f97191c1cba25fd10 - - default default] TaaS: Handle Delete Port: 20717fe1-60c5-4bca-9671-1e509c77279c
2026-05-29 07:11:10.782 8 INFO neutron_taas.services.taas.tap_mirror_plugin [req-2b33670a-defb-4d71-80af-e3ba73cf8c28 req-47ba8b42-c4f6-4175-8032-af45e24b6462 9a650b1900b64401b1b7e4589b99274f 3c01af6f6fce445f97191c1cba25fd10 - - default default] Tap Mirror: Handle Delete Port: 20717fe1-60c5-4bca-9671-1e509c77279c [pid: 8|app: 0|req: 1759/3535] 199.19.213.242 () {36 vars in 996 bytes} [Fri May 29 07:11:10 2026] DELETE /v2.0/ports/20717fe1-60c5-4bca-9671-1e509c77279c => generated 0 bytes in 314 msecs (HTTP/1.1 204) 3 headers in 131 bytes (1 switches on core 0)
2026-05-29 07:11:12.235 8 INFO neutron.notifiers.nova [-] Nova event matching ['req-d8cf807b-e61c-4308-bc64-0348b569f99c'] response: {'server_uuid': '40d37264-7205-4e9c-af94-6548a273caf2', 'name': 'network-vif-deleted', 'tag': '20717fe1-60c5-4bca-9671-1e509c77279c', 'status': 'completed', 'code': 200} [pid: 7|app: 0|req: 1777/3536] 10.0.0.94 () {34 vars in 988 bytes} [Fri May 29 07:11:13 2026] GET /v2.0/ports?device_id=40d37264-7205-4e9c-af94-6548a273caf2 => generated 12 bytes in 23 msecs (HTTP/1.1 200) 4 headers in 156 bytes (1 switches on core 0) [pid: 8|app: 0|req: 1761/3539] 10.0.0.219 () {32 vars in 749 bytes} [Fri May 29 07:11:18 2026] DELETE /v2.0/security-group-rules/bfac19e6-2986-4857-b0f4-587e09c5b8d8 => generated 0 bytes in 168 msecs (HTTP/1.1 204) 2 headers in 112 bytes (1 switches on core 0)
2026-05-29 07:11:18.770 7 INFO neutron.api.v2.resource [None req-c5ada3fc-1cdc-40d6-8bfd-9c1f66f930b7 9a650b1900b64401b1b7e4589b99274f 3c01af6f6fce445f97191c1cba25fd10 - - default default] show failed (client error): The resource could not be found. [pid: 7|app: 0|req: 1779/3540] 10.0.0.219 () {32 vars in 746 bytes} [Fri May 29 07:11:18 2026] GET /v2.0/security-group-rules/bfac19e6-2986-4857-b0f4-587e09c5b8d8 => generated 155 bytes in 10 msecs (HTTP/1.1 404) 4 headers in 164 bytes (1 switches on core 0) [pid: 8|app: 0|req: 1762/3541] 10.0.0.219 () {32 vars in 749 bytes} [Fri May 29 07:11:18 2026] DELETE /v2.0/security-group-rules/2964516e-d610-4bc2-8619-0596865b8c5c => generated 0 bytes in 153 msecs (HTTP/1.1 204) 2 headers in 112 bytes (1 switches on core 0)
2026-05-29 07:11:18.946 7 INFO neutron.api.v2.resource [None req-888f3059-bb28-4320-93fb-820df232746c 9a650b1900b64401b1b7e4589b99274f 3c01af6f6fce445f97191c1cba25fd10 - - default default] show failed (client error): The resource could not be found. [pid: 7|app: 0|req: 1780/3542] 10.0.0.219 () {32 vars in 746 bytes} [Fri May 29 07:11:18 2026] GET /v2.0/security-group-rules/2964516e-d610-4bc2-8619-0596865b8c5c => generated 155 bytes in 13 msecs (HTTP/1.1 404) 4 headers in 164 bytes (1 switches on core 0) [pid: 8|app: 0|req: 1763/3543] 10.0.0.219 () {32 vars in 749 bytes} [Fri May 29 07:11:18 2026] DELETE /v2.0/security-group-rules/073ff884-4811-4067-b925-fe071677c0b6 => generated 0 bytes in 134 msecs (HTTP/1.1 204) 2 headers in 112 bytes (1 switches on core 0)
2026-05-29 07:11:19.106 7 INFO neutron.api.v2.resource [None req-37f3068c-a6a5-4e30-a79a-2e6e38d42b5e 9a650b1900b64401b1b7e4589b99274f 3c01af6f6fce445f97191c1cba25fd10 - - default default] show failed (client error): The resource could not be found. [pid: 7|app: 0|req: 1781/3544] 10.0.0.219 () {32 vars in 746 bytes} [Fri May 29 07:11:19 2026] GET /v2.0/security-group-rules/073ff884-4811-4067-b925-fe071677c0b6 => generated 155 bytes in 15 msecs (HTTP/1.1 404) 4 headers in 164 bytes (1 switches on core 0) [pid: 8|app: 0|req: 1764/3545] 10.0.0.219 () {32 vars in 749 bytes} [Fri May 29 07:11:19 2026] DELETE /v2.0/security-group-rules/72e4d786-642d-4bb8-8fca-f05ed08beb56 => generated 0 bytes in 127 msecs (HTTP/1.1 204) 2 headers in 112 bytes (1 switches on core 0)
2026-05-29 07:11:19.254 7 INFO neutron.api.v2.resource [None req-caa8312c-b9c4-4e3c-907f-86a8ad0e477a 9a650b1900b64401b1b7e4589b99274f 3c01af6f6fce445f97191c1cba25fd10 - - default default] show failed (client error): The resource could not be found. [pid: 7|app: 0|req: 1782/3546] 10.0.0.219 () {32 vars in 746 bytes} [Fri May 29 07:11:19 2026] GET /v2.0/security-group-rules/72e4d786-642d-4bb8-8fca-f05ed08beb56 => generated 155 bytes in 13 msecs (HTTP/1.1 404) 4 headers in 164 bytes (1 switches on core 0) [pid: 8|app: 0|req: 1765/3547] 10.0.0.219 () {32 vars in 749 bytes} [Fri May 29 07:11:19 2026] DELETE /v2.0/security-group-rules/5fef7b55-055d-4187-8617-942b0508fc08 => generated 0 bytes in 137 msecs (HTTP/1.1 204) 2 headers in 112 bytes (1 switches on core 0)
2026-05-29 07:11:19.409 7 INFO neutron.api.v2.resource [None req-ef9b8ed4-dd92-40d2-8141-f179aa8b84b6 9a650b1900b64401b1b7e4589b99274f 3c01af6f6fce445f97191c1cba25fd10 - - default default] show failed (client error): The resource could not be found. [pid: 7|app: 0|req: 1783/3548] 10.0.0.219 () {32 vars in 746 bytes} [Fri May 29 07:11:19 2026] GET /v2.0/security-group-rules/5fef7b55-055d-4187-8617-942b0508fc08 => generated 155 bytes in 11 msecs (HTTP/1.1 404) 4 headers in 164 bytes (1 switches on core 0) [pid: 8|app: 0|req: 1766/3549] 10.0.0.219 () {32 vars in 749 bytes} [Fri May 29 07:11:19 2026] DELETE /v2.0/security-group-rules/361c75cd-7e58-49f6-bd61-82989d9a3ad8 => generated 0 bytes in 131 msecs (HTTP/1.1 204) 2 headers in 112 bytes (1 switches on core 0)
2026-05-29 07:11:19.562 7 INFO neutron.api.v2.resource [None req-da6ac4f0-2163-46f3-944f-3b13f5da0bfb 9a650b1900b64401b1b7e4589b99274f 3c01af6f6fce445f97191c1cba25fd10 - - default default] show failed (client error): The resource could not be found. [pid: 7|app: 0|req: 1784/3550] 10.0.0.219 () {32 vars in 746 bytes} [Fri May 29 07:11:19 2026] GET /v2.0/security-group-rules/361c75cd-7e58-49f6-bd61-82989d9a3ad8 => generated 155 bytes in 13 msecs (HTTP/1.1 404) 4 headers in 164 bytes (1 switches on core 0) [pid: 8|app: 0|req: 1767/3551] 10.0.0.219 () {32 vars in 749 bytes} [Fri May 29 07:11:19 2026] DELETE /v2.0/security-group-rules/5d4ff4c7-3d9a-4bb6-9787-c92c175fcce4 => generated 0 bytes in 121 msecs (HTTP/1.1 204) 2 headers in 112 bytes (1 switches on core 0)
2026-05-29 07:11:19.704 7 INFO neutron.api.v2.resource [None req-3cc25794-b434-46e5-b0a3-d8ca778cf6cc 9a650b1900b64401b1b7e4589b99274f 3c01af6f6fce445f97191c1cba25fd10 - - default default] show failed (client error): The resource could not be found. [pid: 7|app: 0|req: 1785/3552] 10.0.0.219 () {32 vars in 746 bytes} [Fri May 29 07:11:19 2026] GET /v2.0/security-group-rules/5d4ff4c7-3d9a-4bb6-9787-c92c175fcce4 => generated 155 bytes in 13 msecs (HTTP/1.1 404) 4 headers in 164 bytes (1 switches on core 0) [pid: 8|app: 0|req: 1768/3553] 10.0.0.219 () {32 vars in 749 bytes} [Fri May 29 07:11:19 2026] DELETE /v2.0/security-group-rules/a7c8180c-a44e-4b2e-aa71-e55c21a97993 => generated 0 bytes in 139 msecs (HTTP/1.1 204) 2 headers in 112 bytes (1 switches on core 0)
2026-05-29 07:11:19.860 7 INFO neutron.api.v2.resource [None req-c86192fa-202e-4d1c-9307-2fa62bd9edb8 9a650b1900b64401b1b7e4589b99274f 3c01af6f6fce445f97191c1cba25fd10 - - default default] show failed (client error): The resource could not be found. [pid: 7|app: 0|req: 1786/3554] 10.0.0.219 () {32 vars in 746 bytes} [Fri May 29 07:11:19 2026] GET /v2.0/security-group-rules/a7c8180c-a44e-4b2e-aa71-e55c21a97993 => generated 155 bytes in 9 msecs (HTTP/1.1 404) 4 headers in 164 bytes (1 switches on core 0) [pid: 8|app: 0|req: 1769/3555] 10.0.0.219 () {32 vars in 749 bytes} [Fri May 29 07:11:19 2026] DELETE /v2.0/security-group-rules/f8d04574-30a7-4ca7-9581-9d53096d3e65 => generated 0 bytes in 106 msecs (HTTP/1.1 204) 2 headers in 112 bytes (1 switches on core 0)
2026-05-29 07:11:19.989 7 INFO neutron.api.v2.resource [None req-bfdeb8f2-e842-4d45-b193-395bf69e109e 9a650b1900b64401b1b7e4589b99274f 3c01af6f6fce445f97191c1cba25fd10 - - default default] show failed (client error): The resource could not be found. [pid: 7|app: 0|req: 1787/3556] 10.0.0.219 () {32 vars in 746 bytes} [Fri May 29 07:11:19 2026] GET /v2.0/security-group-rules/f8d04574-30a7-4ca7-9581-9d53096d3e65 => generated 155 bytes in 15 msecs (HTTP/1.1 404) 4 headers in 164 bytes (1 switches on core 0) [pid: 8|app: 0|req: 1770/3557] 10.0.0.219 () {32 vars in 749 bytes} [Fri May 29 07:11:19 2026] DELETE /v2.0/security-group-rules/53718a9a-afd0-4834-bc99-44d213be45e0 => generated 0 bytes in 105 msecs (HTTP/1.1 204) 2 headers in 112 bytes (1 switches on core 0)
2026-05-29 07:11:20.121 7 INFO neutron.api.v2.resource [None req-02840312-eaca-4a9e-a5eb-b48d186eed06 9a650b1900b64401b1b7e4589b99274f 3c01af6f6fce445f97191c1cba25fd10 - - default default] show failed (client error): The resource could not be found. [pid: 7|app: 0|req: 1788/3558] 10.0.0.219 () {32 vars in 746 bytes} [Fri May 29 07:11:20 2026] GET /v2.0/security-group-rules/53718a9a-afd0-4834-bc99-44d213be45e0 => generated 155 bytes in 15 msecs (HTTP/1.1 404) 4 headers in 164 bytes (1 switches on core 0) [pid: 8|app: 0|req: 1771/3559] 10.0.0.219 () {32 vars in 749 bytes} [Fri May 29 07:11:20 2026] DELETE /v2.0/security-group-rules/bc5237f4-e981-4e3d-995f-eaea3a33cecd => generated 0 bytes in 107 msecs (HTTP/1.1 204) 2 headers in 112 bytes (1 switches on core 0)
2026-05-29 07:11:20.254 7 INFO neutron.api.v2.resource [None req-2272f807-0dbd-4eb1-8acb-927fce6e80d6 9a650b1900b64401b1b7e4589b99274f 3c01af6f6fce445f97191c1cba25fd10 - - default default] show failed (client error): The resource could not be found. [pid: 7|app: 0|req: 1789/3560] 10.0.0.219 () {32 vars in 746 bytes} [Fri May 29 07:11:20 2026] GET /v2.0/security-group-rules/bc5237f4-e981-4e3d-995f-eaea3a33cecd => generated 155 bytes in 15 msecs (HTTP/1.1 404) 4 headers in 164 bytes (1 switches on core 0) [pid: 8|app: 0|req: 1772/3561] 10.0.0.219 () {32 vars in 739 bytes} [Fri May 29 07:11:20 2026] DELETE /v2.0/security-groups/8e94d0f0-c64c-4e6d-be72-d0f05193aa0d => generated 0 bytes in 106 msecs (HTTP/1.1 204) 2 headers in 112 bytes (1 switches on core 0)
2026-05-29 07:11:20.384 7 INFO neutron.api.v2.resource [None req-0cb0340e-10d5-4601-a1e7-301f1bdf7a3d 9a650b1900b64401b1b7e4589b99274f 3c01af6f6fce445f97191c1cba25fd10 - - default default] show failed (client error): The resource could not be found. [pid: 7|app: 0|req: 1790/3562] 10.0.0.219 () {32 vars in 736 bytes} [Fri May 29 07:11:20 2026] GET /v2.0/security-groups/8e94d0f0-c64c-4e6d-be72-d0f05193aa0d => generated 146 bytes in 14 msecs (HTTP/1.1 404) 4 headers in 164 bytes (1 switches on core 0)
2026-05-29 07:11:20.720 8 INFO neutron_taas.services.taas.taas_plugin [None req-5200bfd3-6394-4a2a-9dfd-04df74025022 9a650b1900b64401b1b7e4589b99274f 3c01af6f6fce445f97191c1cba25fd10 - - default default] TaaS: Handle Delete Port: 195ad9ba-55eb-4ef3-a5dc-99cd95c12f38
2026-05-29 07:11:20.723 8 INFO neutron_taas.services.taas.tap_mirror_plugin [None req-5200bfd3-6394-4a2a-9dfd-04df74025022 9a650b1900b64401b1b7e4589b99274f 3c01af6f6fce445f97191c1cba25fd10 - - default default] Tap Mirror: Handle Delete Port: 195ad9ba-55eb-4ef3-a5dc-99cd95c12f38 [pid: 8|app: 0|req: 1773/3563] 10.0.0.219 () {34 vars in 788 bytes} [Fri May 29 07:11:20 2026] PUT /v2.0/routers/01e02d4d-0bdf-4433-9e14-ad57b52a8c7d/remove_router_interface => generated 309 bytes in 803 msecs (HTTP/1.1 200) 4 headers in 157 bytes (1 switches on core 0)
2026-05-29 07:11:21.343 7 INFO neutron.api.v2.resource [None req-c35c325a-325c-4bb5-ba42-f4a00b4944d6 9a650b1900b64401b1b7e4589b99274f 3c01af6f6fce445f97191c1cba25fd10 - - default default] remove_router_interface failed (client error): The resource could not be found. [pid: 7|app: 0|req: 1791/3564] 10.0.0.219 () {34 vars in 788 bytes} [Fri May 29 07:11:21 2026] PUT /v2.0/routers/01e02d4d-0bdf-4433-9e14-ad57b52a8c7d/remove_router_interface => generated 198 bytes in 101 msecs (HTTP/1.1 404) 4 headers in 164 bytes (1 switches on core 0) /var/lib/openstack/lib/python3.12/site-packages/pycadf/identifier.py:70: UserWarning: Invalid uuid: neutron. To ensure interoperability, identifiers should be a valid uuid. warnings.warn(('Invalid uuid: %s. To ensure interoperability, '
2026-05-29 07:11:21.637 8 INFO neutron_taas.services.taas.taas_plugin [None req-9b09bec7-766b-4787-9287-cdbeff89947a 9a650b1900b64401b1b7e4589b99274f 3c01af6f6fce445f97191c1cba25fd10 - - default default] TaaS: Handle Delete Port: 85d1592a-14d0-4ab9-8c18-26c2594d8c24
2026-05-29 07:11:21.640 8 INFO neutron_taas.services.taas.tap_mirror_plugin [None req-9b09bec7-766b-4787-9287-cdbeff89947a 9a650b1900b64401b1b7e4589b99274f 3c01af6f6fce445f97191c1cba25fd10 - - default default] Tap Mirror: Handle Delete Port: 85d1592a-14d0-4ab9-8c18-26c2594d8c24 [pid: 8|app: 0|req: 1774/3565] 10.0.0.219 () {34 vars in 788 bytes} [Fri May 29 07:11:21 2026] PUT /v2.0/routers/01e02d4d-0bdf-4433-9e14-ad57b52a8c7d/remove_router_interface => generated 309 bytes in 825 msecs (HTTP/1.1 200) 4 headers in 157 bytes (1 switches on core 0)
2026-05-29 07:11:22.273 7 INFO neutron.api.v2.resource [None req-f9db3dec-2b92-4ee7-8086-eb1311be81a0 9a650b1900b64401b1b7e4589b99274f 3c01af6f6fce445f97191c1cba25fd10 - - default default] remove_router_interface failed (client error): The resource could not be found. [pid: 7|app: 0|req: 1792/3566] 10.0.0.219 () {34 vars in 788 bytes} [Fri May 29 07:11:22 2026] PUT /v2.0/routers/01e02d4d-0bdf-4433-9e14-ad57b52a8c7d/remove_router_interface => generated 198 bytes in 96 msecs (HTTP/1.1 404) 4 headers in 164 bytes (1 switches on core 0) /var/lib/openstack/lib/python3.12/site-packages/pycadf/identifier.py:70: UserWarning: Invalid uuid: neutron. To ensure interoperability, identifiers should be a valid uuid. warnings.warn(('Invalid uuid: %s. To ensure interoperability, '
2026-05-29 07:11:22.578 8 INFO neutron_taas.services.taas.taas_plugin [None req-7ffff231-bf7e-48ea-8138-0f4e7805a209 9a650b1900b64401b1b7e4589b99274f 3c01af6f6fce445f97191c1cba25fd10 - - default default] TaaS: Handle Delete Port: 688476ab-8ffd-4b6c-9896-d27b3adb7c57
2026-05-29 07:11:22.582 8 INFO neutron_taas.services.taas.tap_mirror_plugin [None req-7ffff231-bf7e-48ea-8138-0f4e7805a209 9a650b1900b64401b1b7e4589b99274f 3c01af6f6fce445f97191c1cba25fd10 - - default default] Tap Mirror: Handle Delete Port: 688476ab-8ffd-4b6c-9896-d27b3adb7c57 [pid: 8|app: 0|req: 1775/3567] 10.0.0.219 () {34 vars in 788 bytes} [Fri May 29 07:11:22 2026] PUT /v2.0/routers/01e02d4d-0bdf-4433-9e14-ad57b52a8c7d/remove_router_interface => generated 309 bytes in 870 msecs (HTTP/1.1 200) 4 headers in 157 bytes (1 switches on core 0)
2026-05-29 07:11:23.249 7 INFO neutron.api.v2.resource [None req-66126012-1fdd-4132-9808-a55a92c25a21 9a650b1900b64401b1b7e4589b99274f 3c01af6f6fce445f97191c1cba25fd10 - - default default] remove_router_interface failed (client error): The resource could not be found. [pid: 7|app: 0|req: 1793/3568] 10.0.0.219 () {34 vars in 788 bytes} [Fri May 29 07:11:23 2026] PUT /v2.0/routers/01e02d4d-0bdf-4433-9e14-ad57b52a8c7d/remove_router_interface => generated 198 bytes in 97 msecs (HTTP/1.1 404) 4 headers in 164 bytes (1 switches on core 0) /var/lib/openstack/lib/python3.12/site-packages/pycadf/identifier.py:70: UserWarning: Invalid uuid: neutron. To ensure interoperability, identifiers should be a valid uuid. warnings.warn(('Invalid uuid: %s. To ensure interoperability, '
2026-05-29 07:11:23.554 8 INFO neutron_taas.services.taas.taas_plugin [None req-03f07df6-665c-47b8-a0ee-3da93acc3b14 9a650b1900b64401b1b7e4589b99274f 3c01af6f6fce445f97191c1cba25fd10 - - default default] TaaS: Handle Delete Port: d663b873-db29-419e-867c-98a3cede5e43
2026-05-29 07:11:23.558 8 INFO neutron_taas.services.taas.tap_mirror_plugin [None req-03f07df6-665c-47b8-a0ee-3da93acc3b14 9a650b1900b64401b1b7e4589b99274f 3c01af6f6fce445f97191c1cba25fd10 - - default default] Tap Mirror: Handle Delete Port: d663b873-db29-419e-867c-98a3cede5e43 [pid: 8|app: 0|req: 1776/3569] 10.0.0.219 () {32 vars in 723 bytes} [Fri May 29 07:11:23 2026] DELETE /v2.0/routers/01e02d4d-0bdf-4433-9e14-ad57b52a8c7d => generated 0 bytes in 1231 msecs (HTTP/1.1 204) 2 headers in 112 bytes (1 switches on core 0)
2026-05-29 07:11:24.509 7 INFO neutron.api.v2.resource [None req-1767fefe-d838-4558-9be2-4dd51cf86c32 9a650b1900b64401b1b7e4589b99274f 3c01af6f6fce445f97191c1cba25fd10 - - default default] show failed (client error): The resource could not be found. [pid: 7|app: 0|req: 1794/3570] 10.0.0.219 () {32 vars in 720 bytes} [Fri May 29 07:11:24 2026] GET /v2.0/routers/01e02d4d-0bdf-4433-9e14-ad57b52a8c7d => generated 135 bytes in 20 msecs (HTTP/1.1 404) 4 headers in 164 bytes (1 switches on core 0) [pid: 8|app: 0|req: 1777/3571] 10.0.0.219 () {32 vars in 723 bytes} [Fri May 29 07:11:24 2026] DELETE /v2.0/subnets/57a423d9-3b55-4944-a8b8-b2c523e2ebf6 => generated 0 bytes in 121 msecs (HTTP/1.1 204) 3 headers in 131 bytes (1 switches on core 0)
2026-05-29 07:11:24.656 7 INFO neutron.pecan_wsgi.hooks.translation [None req-d1a3dd12-67f9-4c6b-9357-c5f35b3f6ed2 9a650b1900b64401b1b7e4589b99274f 3c01af6f6fce445f97191c1cba25fd10 - - default default] GET failed (client error): The resource could not be found. [pid: 7|app: 0|req: 1795/3572] 10.0.0.219 () {32 vars in 720 bytes} [Fri May 29 07:11:24 2026] GET /v2.0/subnets/57a423d9-3b55-4944-a8b8-b2c523e2ebf6 => generated 136 bytes in 15 msecs (HTTP/1.1 404) 4 headers in 164 bytes (1 switches on core 0) [pid: 8|app: 0|req: 1778/3573] 10.0.0.219 () {32 vars in 723 bytes} [Fri May 29 07:11:24 2026] DELETE /v2.0/subnets/002dc175-060a-442b-a420-1ee7a84bc542 => generated 0 bytes in 171 msecs (HTTP/1.1 204) 3 headers in 131 bytes (1 switches on core 0)
2026-05-29 07:11:24.856 7 INFO neutron.pecan_wsgi.hooks.translation [None req-4f3d698e-0a3d-494c-991e-3d8f4dc0c5d6 9a650b1900b64401b1b7e4589b99274f 3c01af6f6fce445f97191c1cba25fd10 - - default default] GET failed (client error): The resource could not be found. [pid: 7|app: 0|req: 1796/3574] 10.0.0.219 () {32 vars in 720 bytes} [Fri May 29 07:11:24 2026] GET /v2.0/subnets/002dc175-060a-442b-a420-1ee7a84bc542 => generated 136 bytes in 16 msecs (HTTP/1.1 404) 4 headers in 164 bytes (1 switches on core 0)
2026-05-29 07:11:24.966 8 INFO neutron_taas.services.taas.taas_plugin [None req-621afa4d-89e2-491c-b986-a34c8994b6ec 9a650b1900b64401b1b7e4589b99274f 3c01af6f6fce445f97191c1cba25fd10 - - default default] TaaS: Handle Delete Port: 1d2fdcc9-643e-493a-b25d-b20932b1e263
2026-05-29 07:11:24.968 8 INFO neutron_taas.services.taas.tap_mirror_plugin [None req-621afa4d-89e2-491c-b986-a34c8994b6ec 9a650b1900b64401b1b7e4589b99274f 3c01af6f6fce445f97191c1cba25fd10 - - default default] Tap Mirror: Handle Delete Port: 1d2fdcc9-643e-493a-b25d-b20932b1e263
2026-05-29 07:11:25.117 8 INFO neutron.services.segments.plugin [-] Segment 6a9bd9a2-ecbf-4df4-a67e-04716e6a15b7 resource provider aggregate not found
2026-05-29 07:11:25.122 8 INFO neutron.services.segments.plugin [-] Segment 6a9bd9a2-ecbf-4df4-a67e-04716e6a15b7 resource provider aggregate not found
2026-05-29 07:11:25.139 8 INFO neutron.services.segments.plugin [-] Segment 6a9bd9a2-ecbf-4df4-a67e-04716e6a15b7 resource provider not found; error: Placement Client Error (4xx): {"errors": [{"status": 404, "title": "Not Found", "detail": "The resource could not be found.\n\n No resource provider with uuid 6a9bd9a2-ecbf-4df4-a67e-04716e6a15b7 found for delete ", "request_id": "req-c3ee0204-83ef-431e-99cc-ba2cba0038ff"}]}
2026-05-29 07:11:25.140 8 INFO neutron.services.segments.plugin [-] Segment 6a9bd9a2-ecbf-4df4-a67e-04716e6a15b7 resource provider not found; error: Placement Client Error (4xx): {"errors": [{"status": 404, "title": "Not Found", "detail": "The resource could not be found.\n\n No resource provider with uuid 6a9bd9a2-ecbf-4df4-a67e-04716e6a15b7 found for delete ", "request_id": "req-16b9d02d-740f-4ed2-a902-8e2f6c26a33d"}]} [pid: 8|app: 0|req: 1779/3575] 10.0.0.219 () {32 vars in 725 bytes} [Fri May 29 07:11:24 2026] DELETE /v2.0/networks/b9235e4d-7f9f-4cf0-8fca-fc44b74b7bd8 => generated 0 bytes in 301 msecs (HTTP/1.1 204) 3 headers in 131 bytes (1 switches on core 0)
2026-05-29 07:11:25.184 7 INFO neutron.pecan_wsgi.hooks.translation [None req-a79566e8-28ad-4a57-ab6e-3298b151cb5f 9a650b1900b64401b1b7e4589b99274f 3c01af6f6fce445f97191c1cba25fd10 - - default default] GET failed (client error): The resource could not be found. [pid: 7|app: 0|req: 1797/3576] 10.0.0.219 () {32 vars in 722 bytes} [Fri May 29 07:11:25 2026] GET /v2.0/networks/b9235e4d-7f9f-4cf0-8fca-fc44b74b7bd8 => generated 138 bytes in 16 msecs (HTTP/1.1 404) 4 headers in 164 bytes (1 switches on core 0) [pid: 8|app: 0|req: 1780/3577] 10.0.0.219 () {32 vars in 723 bytes} [Fri May 29 07:11:25 2026] DELETE /v2.0/subnets/3e5f1f9a-180d-4511-887b-03f398777b6c => generated 0 bytes in 133 msecs (HTTP/1.1 204) 3 headers in 131 bytes (1 switches on core 0)
2026-05-29 07:11:25.346 7 INFO neutron.pecan_wsgi.hooks.translation [None req-889ce599-5b68-4b6e-ba6b-d50ac8eaf8f9 9a650b1900b64401b1b7e4589b99274f 3c01af6f6fce445f97191c1cba25fd10 - - default default] GET failed (client error): The resource could not be found. [pid: 7|app: 0|req: 1798/3578] 10.0.0.219 () {32 vars in 720 bytes} [Fri May 29 07:11:25 2026] GET /v2.0/subnets/3e5f1f9a-180d-4511-887b-03f398777b6c => generated 136 bytes in 18 msecs (HTTP/1.1 404) 4 headers in 164 bytes (1 switches on core 0) [pid: 8|app: 0|req: 1781/3579] 10.0.0.219 () {32 vars in 723 bytes} [Fri May 29 07:11:25 2026] DELETE /v2.0/subnets/e1fede73-b860-4262-8306-9409714eb0bb => generated 0 bytes in 149 msecs (HTTP/1.1 204) 3 headers in 131 bytes (1 switches on core 0)
2026-05-29 07:11:25.523 7 INFO neutron.pecan_wsgi.hooks.translation [None req-5c6746d1-1265-4740-ab1f-2f3bc20e2049 9a650b1900b64401b1b7e4589b99274f 3c01af6f6fce445f97191c1cba25fd10 - - default default] GET failed (client error): The resource could not be found. [pid: 7|app: 0|req: 1799/3580] 10.0.0.219 () {32 vars in 720 bytes} [Fri May 29 07:11:25 2026] GET /v2.0/subnets/e1fede73-b860-4262-8306-9409714eb0bb => generated 136 bytes in 20 msecs (HTTP/1.1 404) 4 headers in 164 bytes (1 switches on core 0)
2026-05-29 07:11:25.657 8 INFO neutron_taas.services.taas.taas_plugin [None req-90e9b6cf-6a52-4228-a96e-d1d08cec9640 9a650b1900b64401b1b7e4589b99274f 3c01af6f6fce445f97191c1cba25fd10 - - default default] TaaS: Handle Delete Port: 9922f92f-4692-49a6-ab5a-12bf6ee74c5f
2026-05-29 07:11:25.659 8 INFO neutron_taas.services.taas.tap_mirror_plugin [None req-90e9b6cf-6a52-4228-a96e-d1d08cec9640 9a650b1900b64401b1b7e4589b99274f 3c01af6f6fce445f97191c1cba25fd10 - - default default] Tap Mirror: Handle Delete Port: 9922f92f-4692-49a6-ab5a-12bf6ee74c5f [pid: 8|app: 0|req: 1782/3581] 10.0.0.219 () {32 vars in 725 bytes} [Fri May 29 07:11:25 2026] DELETE /v2.0/networks/c568d8fc-15ae-4e3f-83fe-43121e5cf361 => generated 0 bytes in 315 msecs (HTTP/1.1 204) 3 headers in 131 bytes (1 switches on core 0)
2026-05-29 07:11:25.862 7 INFO neutron.pecan_wsgi.hooks.translation [None req-ff71ab8e-3ccc-4d05-9800-5b2ac6a7c848 9a650b1900b64401b1b7e4589b99274f 3c01af6f6fce445f97191c1cba25fd10 - - default default] GET failed (client error): The resource could not be found. [pid: 7|app: 0|req: 1800/3582] 10.0.0.219 () {32 vars in 722 bytes} [Fri May 29 07:11:25 2026] GET /v2.0/networks/c568d8fc-15ae-4e3f-83fe-43121e5cf361 => generated 138 bytes in 14 msecs (HTTP/1.1 404) 4 headers in 164 bytes (1 switches on core 0) [pid: 8|app: 0|req: 1783/3583] 10.0.0.219 () {32 vars in 723 bytes} [Fri May 29 07:11:25 2026] DELETE /v2.0/subnets/84b1e71c-0bb2-43e8-956b-59a24697092c => generated 0 bytes in 131 msecs (HTTP/1.1 204) 3 headers in 131 bytes (1 switches on core 0)
2026-05-29 07:11:26.018 7 INFO neutron.pecan_wsgi.hooks.translation [None req-e5384df3-9dca-4dd3-889f-b410fb916639 9a650b1900b64401b1b7e4589b99274f 3c01af6f6fce445f97191c1cba25fd10 - - default default] GET failed (client error): The resource could not be found. [pid: 7|app: 0|req: 1801/3584] 10.0.0.219 () {32 vars in 720 bytes} [Fri May 29 07:11:26 2026] GET /v2.0/subnets/84b1e71c-0bb2-43e8-956b-59a24697092c => generated 136 bytes in 16 msecs (HTTP/1.1 404) 4 headers in 164 bytes (1 switches on core 0) [pid: 8|app: 0|req: 1784/3585] 10.0.0.219 () {32 vars in 723 bytes} [Fri May 29 07:11:26 2026] DELETE /v2.0/subnets/d48323ca-4e84-48ee-9a92-58cc28f28b1a => generated 0 bytes in 160 msecs (HTTP/1.1 204) 3 headers in 131 bytes (1 switches on core 0)
2026-05-29 07:11:26.202 7 INFO neutron.pecan_wsgi.hooks.translation [None req-6998aa8f-c0cf-4150-b5d3-b390f4575908 9a650b1900b64401b1b7e4589b99274f 3c01af6f6fce445f97191c1cba25fd10 - - default default] GET failed (client error): The resource could not be found. [pid: 7|app: 0|req: 1802/3586] 10.0.0.219 () {32 vars in 720 bytes} [Fri May 29 07:11:26 2026] GET /v2.0/subnets/d48323ca-4e84-48ee-9a92-58cc28f28b1a => generated 136 bytes in 15 msecs (HTTP/1.1 404) 4 headers in 164 bytes (1 switches on core 0)
2026-05-29 07:11:26.320 8 INFO neutron_taas.services.taas.taas_plugin [None req-07ebee37-a91b-454a-9483-6a29fbb8c5ee 9a650b1900b64401b1b7e4589b99274f 3c01af6f6fce445f97191c1cba25fd10 - - default default] TaaS: Handle Delete Port: a8444f5f-9560-4e91-bcc0-168aed92256d
2026-05-29 07:11:26.323 8 INFO neutron_taas.services.taas.tap_mirror_plugin [None req-07ebee37-a91b-454a-9483-6a29fbb8c5ee 9a650b1900b64401b1b7e4589b99274f 3c01af6f6fce445f97191c1cba25fd10 - - default default] Tap Mirror: Handle Delete Port: a8444f5f-9560-4e91-bcc0-168aed92256d [pid: 8|app: 0|req: 1785/3587] 10.0.0.219 () {32 vars in 725 bytes} [Fri May 29 07:11:26 2026] DELETE /v2.0/networks/54015da8-cc5c-4b6a-ae72-3ce03232f1c0 => generated 0 bytes in 317 msecs (HTTP/1.1 204) 3 headers in 131 bytes (1 switches on core 0)
2026-05-29 07:11:26.545 7 INFO neutron.pecan_wsgi.hooks.translation [None req-ff96a61d-c4a8-4fae-ab26-b4ef8faf95d8 9a650b1900b64401b1b7e4589b99274f 3c01af6f6fce445f97191c1cba25fd10 - - default default] GET failed (client error): The resource could not be found. [pid: 7|app: 0|req: 1803/3588] 10.0.0.219 () {32 vars in 722 bytes} [Fri May 29 07:11:26 2026] GET /v2.0/networks/54015da8-cc5c-4b6a-ae72-3ce03232f1c0 => generated 138 bytes in 14 msecs (HTTP/1.1 404) 4 headers in 164 bytes (1 switches on core 0)
2026-05-29 07:11:27.157 8 INFO neutron.services.segments.plugin [-] Segment 636c85e0-d312-468c-b820-2078ed81ca3a resource provider aggregate not found
2026-05-29 07:11:27.162 8 INFO neutron.services.segments.plugin [-] Segment 636c85e0-d312-468c-b820-2078ed81ca3a resource provider aggregate not found
2026-05-29 07:11:27.175 8 INFO neutron.services.segments.plugin [-] Segment 636c85e0-d312-468c-b820-2078ed81ca3a resource provider not found; error: Placement Client Error (4xx): {"errors": [{"status": 404, "title": "Not Found", "detail": "The resource could not be found.\n\n No resource provider with uuid 636c85e0-d312-468c-b820-2078ed81ca3a found for delete ", "request_id": "req-a241f907-b5da-4739-b8ba-3385d22aaf3b"}]}
2026-05-29 07:11:27.176 8 INFO neutron.services.segments.plugin [-] Segment 636c85e0-d312-468c-b820-2078ed81ca3a resource provider not found; error: Placement Client Error (4xx): {"errors": [{"status": 404, "title": "Not Found", "detail": "The resource could not be found.\n\n No resource provider with uuid 636c85e0-d312-468c-b820-2078ed81ca3a found for delete ", "request_id": "req-4d620bad-3fa9-4df6-9957-4e5144ef66e9"}]}
2026-05-29 07:11:27.191 8 INFO neutron.services.segments.plugin [-] Segment 8a9531a3-1cbb-4cec-8834-00d141574d60 resource provider aggregate not found
2026-05-29 07:11:27.196 8 INFO neutron.services.segments.plugin [-] Segment 8a9531a3-1cbb-4cec-8834-00d141574d60 resource provider aggregate not found
2026-05-29 07:11:27.208 8 INFO neutron.services.segments.plugin [-] Segment 8a9531a3-1cbb-4cec-8834-00d141574d60 resource provider not found; error: Placement Client Error (4xx): {"errors": [{"status": 404, "title": "Not Found", "detail": "The resource could not be found.\n\n No resource provider with uuid 8a9531a3-1cbb-4cec-8834-00d141574d60 found for delete ", "request_id": "req-98d46a92-292f-4ee3-ac48-4ac94aaf144a"}]}
2026-05-29 07:11:27.211 8 INFO neutron.services.segments.plugin [-] Segment 8a9531a3-1cbb-4cec-8834-00d141574d60 resource provider not found; error: Placement Client Error (4xx): {"errors": [{"status": 404, "title": "Not Found", "detail": "The resource could not be found.\n\n No resource provider with uuid 8a9531a3-1cbb-4cec-8834-00d141574d60 found for delete ", "request_id": "req-e05368e6-aae1-480c-8a75-0595afaea3b7"}]} [pid: 8|app: 0|req: 1786/3589] 10.0.0.219 () {32 vars in 773 bytes} [Fri May 29 07:11:28 2026] GET /v2.0/security-groups?tenant_id=3c01af6f6fce445f97191c1cba25fd10&name=default => generated 2925 bytes in 204 msecs (HTTP/1.1 200) 4 headers in 158 bytes (1 switches on core 0) [pid: 7|app: 0|req: 1804/3590] 10.0.0.219 () {32 vars in 739 bytes} [Fri May 29 07:11:28 2026] DELETE /v2.0/security-groups/0835e368-58e3-4716-8581-dce3ffd96b5d => generated 0 bytes in 230 msecs (HTTP/1.1 204) 2 headers in 112 bytes (1 switches on core 0)
2026-05-29 07:11:28.924 8 INFO neutron.db.ovn_revision_numbers_db [None req-ded2255f-6eeb-4f75-9439-3292c93c3f88 ee72858e38174eb2b0e90b125025c30e 279e07e17c5f4c0696424614471af01f - - default default] Successfully bumped revision number for resource 668ee2c0-dfec-45bf-a624-21c01e397dc2 (type: security_groups) to 1
2026-05-29 07:11:28.935 8 INFO neutron.db.ovn_revision_numbers_db [None req-ded2255f-6eeb-4f75-9439-3292c93c3f88 ee72858e38174eb2b0e90b125025c30e 279e07e17c5f4c0696424614471af01f - - default default] Successfully bumped revision number for resource 708793eb-dd38-4b09-974d-c8c1dc16c538 (type: security_group_rules) to 0
2026-05-29 07:11:28.946 8 INFO neutron.db.ovn_revision_numbers_db [None req-ded2255f-6eeb-4f75-9439-3292c93c3f88 ee72858e38174eb2b0e90b125025c30e 279e07e17c5f4c0696424614471af01f - - default default] Successfully bumped revision number for resource aeec9c40-f4d8-47f1-9409-6ba8f0162bd2 (type: security_group_rules) to 0
2026-05-29 07:11:28.959 8 INFO neutron.db.ovn_revision_numbers_db [None req-ded2255f-6eeb-4f75-9439-3292c93c3f88 ee72858e38174eb2b0e90b125025c30e 279e07e17c5f4c0696424614471af01f - - default default] Successfully bumped revision number for resource b14bfc3f-af49-4328-992f-4d1587ced2e2 (type: security_group_rules) to 0
2026-05-29 07:11:28.970 8 INFO neutron.db.ovn_revision_numbers_db [None req-ded2255f-6eeb-4f75-9439-3292c93c3f88 ee72858e38174eb2b0e90b125025c30e 279e07e17c5f4c0696424614471af01f - - default default] Successfully bumped revision number for resource fddc403b-256a-4450-a109-29f7180e72f9 (type: security_group_rules) to 0 [pid: 8|app: 0|req: 1787/3591] 10.0.0.219 () {32 vars in 773 bytes} [Fri May 29 07:11:28 2026] GET /v2.0/security-groups?tenant_id=12e4f3fc15e84ca195c76afadb40cb22&name=default => generated 2929 bytes in 203 msecs (HTTP/1.1 200) 4 headers in 158 bytes (1 switches on core 0) [pid: 7|app: 0|req: 1805/3592] 10.0.0.219 () {32 vars in 739 bytes} [Fri May 29 07:11:29 2026] DELETE /v2.0/security-groups/668ee2c0-dfec-45bf-a624-21c01e397dc2 => generated 0 bytes in 190 msecs (HTTP/1.1 204) 2 headers in 112 bytes (1 switches on core 0)
2026-05-29 07:11:29.477 8 INFO neutron.db.ovn_revision_numbers_db [None req-9d6cfe2e-3e4a-4386-8e4e-5b9e6dfd7f2b ee72858e38174eb2b0e90b125025c30e 279e07e17c5f4c0696424614471af01f - - default default] Successfully bumped revision number for resource 2e829fa5-75b1-43ef-929d-69a937c12181 (type: security_groups) to 1
2026-05-29 07:11:29.489 8 INFO neutron.db.ovn_revision_numbers_db [None req-9d6cfe2e-3e4a-4386-8e4e-5b9e6dfd7f2b ee72858e38174eb2b0e90b125025c30e 279e07e17c5f4c0696424614471af01f - - default default] Successfully bumped revision number for resource 2862da7e-fdc4-4212-bce9-8c11286fdd9f (type: security_group_rules) to 0
2026-05-29 07:11:29.502 8 INFO neutron.db.ovn_revision_numbers_db [None req-9d6cfe2e-3e4a-4386-8e4e-5b9e6dfd7f2b ee72858e38174eb2b0e90b125025c30e 279e07e17c5f4c0696424614471af01f - - default default] Successfully bumped revision number for resource 4cb0bfb3-30e4-4e5a-9071-5e8dbfc9db61 (type: security_group_rules) to 0
2026-05-29 07:11:29.514 8 INFO neutron.db.ovn_revision_numbers_db [None req-9d6cfe2e-3e4a-4386-8e4e-5b9e6dfd7f2b ee72858e38174eb2b0e90b125025c30e 279e07e17c5f4c0696424614471af01f - - default default] Successfully bumped revision number for resource 50047c3d-d21d-4683-8e81-8da28e0b299d (type: security_group_rules) to 0
2026-05-29 07:11:29.524 8 INFO neutron.db.ovn_revision_numbers_db [None req-9d6cfe2e-3e4a-4386-8e4e-5b9e6dfd7f2b ee72858e38174eb2b0e90b125025c30e 279e07e17c5f4c0696424614471af01f - - default default] Successfully bumped revision number for resource f6e5c9c5-8757-48de-8f2d-6cfbc8119a4d (type: security_group_rules) to 0 [pid: 8|app: 0|req: 1788/3593] 10.0.0.219 () {32 vars in 773 bytes} [Fri May 29 07:11:29 2026] GET /v2.0/security-groups?tenant_id=b17ed92b441446a6b4b06d744d4cdad4&name=default => generated 2929 bytes in 218 msecs (HTTP/1.1 200) 4 headers in 158 bytes (1 switches on core 0) [pid: 7|app: 0|req: 1806/3594] 10.0.0.219 () {32 vars in 739 bytes} [Fri May 29 07:11:29 2026] DELETE /v2.0/security-groups/2e829fa5-75b1-43ef-929d-69a937c12181 => generated 0 bytes in 228 msecs (HTTP/1.1 204) 2 headers in 112 bytes (1 switches on core 0)
2026-05-29 07:11:30.050 8 INFO neutron.db.ovn_revision_numbers_db [None req-3a5f0b1c-891e-4fc9-a083-e7f8e7ccd004 ee72858e38174eb2b0e90b125025c30e 279e07e17c5f4c0696424614471af01f - - default default] Successfully bumped revision number for resource 136a814f-30e1-4de6-b712-294711548524 (type: security_groups) to 1
2026-05-29 07:11:30.061 8 INFO neutron.db.ovn_revision_numbers_db [None req-3a5f0b1c-891e-4fc9-a083-e7f8e7ccd004 ee72858e38174eb2b0e90b125025c30e 279e07e17c5f4c0696424614471af01f - - default default] Successfully bumped revision number for resource 26e7de8e-65a7-430b-b324-53be62c111e4 (type: security_group_rules) to 0
2026-05-29 07:11:30.071 8 INFO neutron.db.ovn_revision_numbers_db [None req-3a5f0b1c-891e-4fc9-a083-e7f8e7ccd004 ee72858e38174eb2b0e90b125025c30e 279e07e17c5f4c0696424614471af01f - - default default] Successfully bumped revision number for resource 576404d4-9a3e-4063-a68b-eda1ad1381be (type: security_group_rules) to 0
2026-05-29 07:11:30.085 8 INFO neutron.db.ovn_revision_numbers_db [None req-3a5f0b1c-891e-4fc9-a083-e7f8e7ccd004 ee72858e38174eb2b0e90b125025c30e 279e07e17c5f4c0696424614471af01f - - default default] Successfully bumped revision number for resource 8cbac11a-cf5e-4bbe-b95a-4ceb3096cd8f (type: security_group_rules) to 0
2026-05-29 07:11:30.097 8 INFO neutron.db.ovn_revision_numbers_db [None req-3a5f0b1c-891e-4fc9-a083-e7f8e7ccd004 ee72858e38174eb2b0e90b125025c30e 279e07e17c5f4c0696424614471af01f - - default default] Successfully bumped revision number for resource d63468e6-c769-4c39-ad9d-dc9fdaa1383f (type: security_group_rules) to 0 [pid: 8|app: 0|req: 1789/3595] 10.0.0.219 () {32 vars in 773 bytes} [Fri May 29 07:11:29 2026] GET /v2.0/security-groups?tenant_id=a8c84a710e624c0ea1fdde9f3972d0c3&name=default => generated 2929 bytes in 204 msecs (HTTP/1.1 200) 4 headers in 158 bytes (1 switches on core 0) [pid: 7|app: 0|req: 1807/3596] 10.0.0.219 () {32 vars in 739 bytes} [Fri May 29 07:11:30 2026] DELETE /v2.0/security-groups/136a814f-30e1-4de6-b712-294711548524 => generated 0 bytes in 916 msecs (HTTP/1.1 204) 2 headers in 112 bytes (1 switches on core 0)
2026-05-29 07:11:31.282 8 INFO neutron.db.ovn_revision_numbers_db [None req-84b74784-0f61-4c70-a329-db09b4147588 ee72858e38174eb2b0e90b125025c30e 279e07e17c5f4c0696424614471af01f - - default default] Successfully bumped revision number for resource 161152ae-4c61-46b3-890b-3447031aac53 (type: security_groups) to 1
2026-05-29 07:11:31.296 8 INFO neutron.db.ovn_revision_numbers_db [None req-84b74784-0f61-4c70-a329-db09b4147588 ee72858e38174eb2b0e90b125025c30e 279e07e17c5f4c0696424614471af01f - - default default] Successfully bumped revision number for resource 103b49bb-32c8-469b-a096-ad586af77c78 (type: security_group_rules) to 0
2026-05-29 07:11:31.307 8 INFO neutron.db.ovn_revision_numbers_db [None req-84b74784-0f61-4c70-a329-db09b4147588 ee72858e38174eb2b0e90b125025c30e 279e07e17c5f4c0696424614471af01f - - default default] Successfully bumped revision number for resource 3139fcc9-72c8-49da-be66-98493a8ea22d (type: security_group_rules) to 0
2026-05-29 07:11:31.318 8 INFO neutron.db.ovn_revision_numbers_db [None req-84b74784-0f61-4c70-a329-db09b4147588 ee72858e38174eb2b0e90b125025c30e 279e07e17c5f4c0696424614471af01f - - default default] Successfully bumped revision number for resource 38b836f4-ad11-4f32-a835-81438fd26645 (type: security_group_rules) to 0
2026-05-29 07:11:31.329 8 INFO neutron.db.ovn_revision_numbers_db [None req-84b74784-0f61-4c70-a329-db09b4147588 ee72858e38174eb2b0e90b125025c30e 279e07e17c5f4c0696424614471af01f - - default default] Successfully bumped revision number for resource 51d3d0d2-bfde-4a34-9aba-7308029249d8 (type: security_group_rules) to 0 [pid: 8|app: 0|req: 1790/3597] 10.0.0.219 () {32 vars in 773 bytes} [Fri May 29 07:11:31 2026] GET /v2.0/security-groups?tenant_id=4e28bbcd341647d7a6aebfd1a2b4b291&name=default => generated 2929 bytes in 203 msecs (HTTP/1.1 200) 4 headers in 158 bytes (1 switches on core 0) [pid: 7|app: 0|req: 1808/3598] 10.0.0.219 () {32 vars in 739 bytes} [Fri May 29 07:11:31 2026] DELETE /v2.0/security-groups/161152ae-4c61-46b3-890b-3447031aac53 => generated 0 bytes in 234 msecs (HTTP/1.1 204) 2 headers in 112 bytes (1 switches on core 0)
2026-05-29 07:11:31.849 8 INFO neutron.db.ovn_revision_numbers_db [None req-0349152f-6d2c-433f-a3b8-158096607426 ee72858e38174eb2b0e90b125025c30e 279e07e17c5f4c0696424614471af01f - - default default] Successfully bumped revision number for resource f9c21c17-6898-43d4-b2f6-a7a9b3d9b4a9 (type: security_groups) to 1
2026-05-29 07:11:31.859 8 INFO neutron.db.ovn_revision_numbers_db [None req-0349152f-6d2c-433f-a3b8-158096607426 ee72858e38174eb2b0e90b125025c30e 279e07e17c5f4c0696424614471af01f - - default default] Successfully bumped revision number for resource 1d71e97a-cb15-491a-9d48-1cd136f716f5 (type: security_group_rules) to 0
2026-05-29 07:11:31.868 8 INFO neutron.db.ovn_revision_numbers_db [None req-0349152f-6d2c-433f-a3b8-158096607426 ee72858e38174eb2b0e90b125025c30e 279e07e17c5f4c0696424614471af01f - - default default] Successfully bumped revision number for resource 359f21aa-2bce-4c54-b910-464b5b45a195 (type: security_group_rules) to 0
2026-05-29 07:11:31.877 8 INFO neutron.db.ovn_revision_numbers_db [None req-0349152f-6d2c-433f-a3b8-158096607426 ee72858e38174eb2b0e90b125025c30e 279e07e17c5f4c0696424614471af01f - - default default] Successfully bumped revision number for resource 5b42b2a6-d440-4f00-8a9b-295757c1e277 (type: security_group_rules) to 0
2026-05-29 07:11:31.886 8 INFO neutron.db.ovn_revision_numbers_db [None req-0349152f-6d2c-433f-a3b8-158096607426 ee72858e38174eb2b0e90b125025c30e 279e07e17c5f4c0696424614471af01f - - default default] Successfully bumped revision number for resource bc8d3717-bd7c-45d8-a0e3-c20f4cae0f32 (type: security_group_rules) to 0 [pid: 8|app: 0|req: 1791/3601] 10.0.0.219 () {32 vars in 773 bytes} [Fri May 29 07:11:31 2026] GET /v2.0/security-groups?tenant_id=78e37329fcfa497788534694bda41e42&name=default => generated 2929 bytes in 186 msecs (HTTP/1.1 200) 4 headers in 158 bytes (1 switches on core 0) [pid: 7|app: 0|req: 1811/3602] 10.0.0.219 () {32 vars in 739 bytes} [Fri May 29 07:11:31 2026] DELETE /v2.0/security-groups/f9c21c17-6898-43d4-b2f6-a7a9b3d9b4a9 => generated 0 bytes in 210 msecs (HTTP/1.1 204) 2 headers in 112 bytes (1 switches on core 0)
2026-05-29 07:11:32.386 8 INFO neutron.db.ovn_revision_numbers_db [None req-e32da46d-7d84-47de-904b-3d740830613c ee72858e38174eb2b0e90b125025c30e 279e07e17c5f4c0696424614471af01f - - default default] Successfully bumped revision number for resource 2ea69bbe-ba5a-49b9-a23e-0114bb0f1a21 (type: security_groups) to 1
2026-05-29 07:11:32.399 8 INFO neutron.db.ovn_revision_numbers_db [None req-e32da46d-7d84-47de-904b-3d740830613c ee72858e38174eb2b0e90b125025c30e 279e07e17c5f4c0696424614471af01f - - default default] Successfully bumped revision number for resource 088961d4-c8b0-4353-9b2e-f5b344cb8e8e (type: security_group_rules) to 0
2026-05-29 07:11:32.409 8 INFO neutron.db.ovn_revision_numbers_db [None req-e32da46d-7d84-47de-904b-3d740830613c ee72858e38174eb2b0e90b125025c30e 279e07e17c5f4c0696424614471af01f - - default default] Successfully bumped revision number for resource 2ba97a63-606a-4917-89cb-9f27098b5549 (type: security_group_rules) to 0
2026-05-29 07:11:32.422 8 INFO neutron.db.ovn_revision_numbers_db [None req-e32da46d-7d84-47de-904b-3d740830613c ee72858e38174eb2b0e90b125025c30e 279e07e17c5f4c0696424614471af01f - - default default] Successfully bumped revision number for resource b8397553-68f4-4a88-b5a7-853eb97067ad (type: security_group_rules) to 0
2026-05-29 07:11:32.433 8 INFO neutron.db.ovn_revision_numbers_db [None req-e32da46d-7d84-47de-904b-3d740830613c ee72858e38174eb2b0e90b125025c30e 279e07e17c5f4c0696424614471af01f - - default default] Successfully bumped revision number for resource c72463ae-008f-4c27-a96b-7730e75fe6a2 (type: security_group_rules) to 0 [pid: 8|app: 0|req: 1792/3603] 10.0.0.219 () {32 vars in 773 bytes} [Fri May 29 07:11:32 2026] GET /v2.0/security-groups?tenant_id=e98cfba03cda4587ac738bce931131ee&name=default => generated 2929 bytes in 207 msecs (HTTP/1.1 200) 4 headers in 158 bytes (1 switches on core 0) [pid: 7|app: 0|req: 1812/3604] 10.0.0.219 () {32 vars in 739 bytes} [Fri May 29 07:11:32 2026] DELETE /v2.0/security-groups/2ea69bbe-ba5a-49b9-a23e-0114bb0f1a21 => generated 0 bytes in 247 msecs (HTTP/1.1 204) 2 headers in 112 bytes (1 switches on core 0)
