2026-05-29 07:06:20.970 7 INFO neutron_taas.services.taas.tap_mirror_plugin [None req-49ae9fa2-ae74-486f-8670-1daf0598c6b5 ca1aaaf08fa347d9bf1b38f20d356525 d941749ba2a0461a8eae450c96560af3 - - default default] Tap Mirror: Handle Delete Port: 9b14e5e7-82af-4f9f-87f4-d8eee612255b [pid: 8|app: 0|req: 1081/2244] 10.0.0.219 () {32 vars in 739 bytes} [Fri May 29 07:06:20 2026] DELETE /v2.0/security-groups/391eb2a0-273a-4700-8ba2-5e256ba035a1 => generated 0 bytes in 251 msecs (HTTP/1.1 204) 2 headers in 112 bytes (1 switches on core 0) [pid: 7|app: 0|req: 1164/2245] 10.0.0.219 () {32 vars in 725 bytes} [Fri May 29 07:06:20 2026] DELETE /v2.0/networks/5bfa5bf5-3180-4ca0-ae17-dafc65b5cbba => generated 0 bytes in 414 msecs (HTTP/1.1 204) 3 headers in 131 bytes (1 switches on core 0) [pid: 8|app: 0|req: 1082/2246] 10.0.0.219 () {32 vars in 739 bytes} [Fri May 29 07:06:21 2026] DELETE /v2.0/security-groups/f8bc0d2d-8224-4955-9135-e281cc4c3759 => generated 0 bytes in 211 msecs (HTTP/1.1 204) 2 headers in 112 bytes (1 switches on core 0)
2026-05-29 07:06:21.628 8 INFO neutron.db.ovn_revision_numbers_db [None req-ede4a7fc-960a-46ce-a5fd-eb29e0bf1eec ee72858e38174eb2b0e90b125025c30e 279e07e17c5f4c0696424614471af01f - - default default] Successfully bumped revision number for resource dda380a0-c948-4d2d-8a85-ee323a661e6a (type: security_groups) to 1
2026-05-29 07:06:21.640 7 WARNING neutron.scheduler.dhcp_agent_scheduler [None req-2af618c9-5916-467b-8049-a3c177e27d04 ca1aaaf08fa347d9bf1b38f20d356525 d941749ba2a0461a8eae450c96560af3 - - default default] No more DHCP agents
2026-05-29 07:06:21.641 8 INFO neutron.db.ovn_revision_numbers_db [None req-ede4a7fc-960a-46ce-a5fd-eb29e0bf1eec ee72858e38174eb2b0e90b125025c30e 279e07e17c5f4c0696424614471af01f - - default default] Successfully bumped revision number for resource 3e959164-2f19-484e-bb56-0a0e0dadea2e (type: security_group_rules) to 0
2026-05-29 07:06:21.641 7 WARNING neutron.api.rpc.agentnotifiers.dhcp_rpc_agent_api [None req-2af618c9-5916-467b-8049-a3c177e27d04 ca1aaaf08fa347d9bf1b38f20d356525 d941749ba2a0461a8eae450c96560af3 - - default default] Unable to schedule network f335f809-edd1-43ca-8865-fdc41e095345: no agents available; will retry on subsequent port and subnet creation events.
2026-05-29 07:06:21.652 8 INFO neutron.db.ovn_revision_numbers_db [None req-ede4a7fc-960a-46ce-a5fd-eb29e0bf1eec ee72858e38174eb2b0e90b125025c30e 279e07e17c5f4c0696424614471af01f - - default default] Successfully bumped revision number for resource 42dea105-e947-4c4b-b48a-2e5a23477a74 (type: security_group_rules) to 0
2026-05-29 07:06:21.663 8 INFO neutron.db.ovn_revision_numbers_db [None req-ede4a7fc-960a-46ce-a5fd-eb29e0bf1eec ee72858e38174eb2b0e90b125025c30e 279e07e17c5f4c0696424614471af01f - - default default] Successfully bumped revision number for resource ad725162-b29b-4844-a801-5fd3313e2703 (type: security_group_rules) to 0
2026-05-29 07:06:21.673 8 INFO neutron.db.ovn_revision_numbers_db [None req-ede4a7fc-960a-46ce-a5fd-eb29e0bf1eec ee72858e38174eb2b0e90b125025c30e 279e07e17c5f4c0696424614471af01f - - default default] Successfully bumped revision number for resource c459b4f6-5f77-4da6-a449-0c414c03998a (type: security_group_rules) to 0 [pid: 8|app: 0|req: 1083/2247] 10.0.0.219 () {32 vars in 773 bytes} [Fri May 29 07:06:21 2026] GET /v2.0/security-groups?tenant_id=dfed6ddcafbf4c79b4099b56a6510296&name=default => generated 2925 bytes in 220 msecs (HTTP/1.1 200) 4 headers in 158 bytes (1 switches on core 0)
2026-05-29 07:06:21.766 7 INFO neutron.plugins.ml2.drivers.ovn.mech_driver.mech_driver [None req-d30276db-5db2-4daf-881d-3ce479887b18 - - - - - -] OVN reports status down for port: 875daba0-69fb-47eb-a182-2f15be08879a
2026-05-29 07:06:21.824 7 INFO neutron.db.ovn_revision_numbers_db [None req-2af618c9-5916-467b-8049-a3c177e27d04 ca1aaaf08fa347d9bf1b38f20d356525 d941749ba2a0461a8eae450c96560af3 - - default default] Successfully bumped revision number for resource 875daba0-69fb-47eb-a182-2f15be08879a (type: ports) to 1 [pid: 8|app: 0|req: 1084/2248] 10.0.0.219 () {32 vars in 739 bytes} [Fri May 29 07:06:21 2026] DELETE /v2.0/security-groups/dda380a0-c948-4d2d-8a85-ee323a661e6a => generated 0 bytes in 305 msecs (HTTP/1.1 204) 2 headers in 112 bytes (1 switches on core 0)
2026-05-29 07:06:22.343 8 INFO neutron.db.ovn_revision_numbers_db [None req-41da7b39-6986-4ab0-a0a7-16b390499d3c ee72858e38174eb2b0e90b125025c30e 279e07e17c5f4c0696424614471af01f - - default default] Successfully bumped revision number for resource 3bb89c01-d97c-4155-9a59-049b6864dc77 (type: security_groups) to 1
2026-05-29 07:06:22.356 8 INFO neutron.db.ovn_revision_numbers_db [None req-41da7b39-6986-4ab0-a0a7-16b390499d3c ee72858e38174eb2b0e90b125025c30e 279e07e17c5f4c0696424614471af01f - - default default] Successfully bumped revision number for resource 06de1fb5-f8b6-4144-ab83-2a76bb75c661 (type: security_group_rules) to 0
2026-05-29 07:06:22.374 8 INFO neutron.db.ovn_revision_numbers_db [None req-41da7b39-6986-4ab0-a0a7-16b390499d3c ee72858e38174eb2b0e90b125025c30e 279e07e17c5f4c0696424614471af01f - - default default] Successfully bumped revision number for resource 393bacac-3f38-40c4-be33-04774b2f0ee3 (type: security_group_rules) to 0
2026-05-29 07:06:22.388 8 INFO neutron.db.ovn_revision_numbers_db [None req-41da7b39-6986-4ab0-a0a7-16b390499d3c ee72858e38174eb2b0e90b125025c30e 279e07e17c5f4c0696424614471af01f - - default default] Successfully bumped revision number for resource 527da650-7ff3-4561-b4a0-132861eeaf2e (type: security_group_rules) to 0
2026-05-29 07:06:22.402 8 INFO neutron.db.ovn_revision_numbers_db [None req-41da7b39-6986-4ab0-a0a7-16b390499d3c ee72858e38174eb2b0e90b125025c30e 279e07e17c5f4c0696424614471af01f - - default default] Successfully bumped revision number for resource 92394f9e-fe5a-4f33-b856-63968789b16b (type: security_group_rules) to 0 [pid: 8|app: 0|req: 1085/2249] 10.0.0.219 () {32 vars in 773 bytes} [Fri May 29 07:06:22 2026] GET /v2.0/security-groups?tenant_id=e4c9f4ab45494c9199b5c80bab02aacf&name=default => generated 2925 bytes in 288 msecs (HTTP/1.1 200) 4 headers in 158 bytes (1 switches on core 0) [pid: 8|app: 0|req: 1086/2250] 10.0.0.94 () {34 vars in 988 bytes} [Fri May 29 07:06:22 2026] GET /v2.0/ports?device_id=b10f85d0-907e-4e33-b360-63210c66ffc4 => generated 1014 bytes in 96 msecs (HTTP/1.1 200) 4 headers in 158 bytes (1 switches on core 0)
2026-05-29 07:06:22.569 7 INFO neutron.plugins.ml2.drivers.ovn.mech_driver.ovsdb.commands [None req-0e82012f-f310-4a5c-a43d-fa0911b9883d - - - - - -] Schedule LRP lrp-875daba0-69fb-47eb-a182-2f15be08879a on gateway 5c942cf1-1be4-4a32-8acb-c6c7cdb02f59 with priority 1
2026-05-29 07:06:22.613 7 INFO neutron.plugins.ml2.drivers.ovn.mech_driver.mech_driver [None req-d30276db-5db2-4daf-881d-3ce479887b18 - - - - - -] OVN reports status up for port: 875daba0-69fb-47eb-a182-2f15be08879a
2026-05-29 07:06:22.640 7 INFO neutron.plugins.ml2.plugin [None req-d30276db-5db2-4daf-881d-3ce479887b18 - - - - - -] Attempt 1 to provision port 875daba0-69fb-47eb-a182-2f15be08879a
2026-05-29 07:06:22.683 7 INFO neutron.db.ovn_revision_numbers_db [None req-2af618c9-5916-467b-8049-a3c177e27d04 ca1aaaf08fa347d9bf1b38f20d356525 d941749ba2a0461a8eae450c96560af3 - - default default] Successfully bumped revision number for resource 875daba0-69fb-47eb-a182-2f15be08879a (type: router_ports) to 1 [pid: 8|app: 0|req: 1087/2251] 10.0.0.219 () {32 vars in 739 bytes} [Fri May 29 07:06:22 2026] DELETE /v2.0/security-groups/3bb89c01-d97c-4155-9a59-049b6864dc77 => generated 0 bytes in 270 msecs (HTTP/1.1 204) 2 headers in 112 bytes (1 switches on core 0)
2026-05-29 07:06:22.840 7 INFO neutron.db.ovn_revision_numbers_db [None req-2af618c9-5916-467b-8049-a3c177e27d04 ca1aaaf08fa347d9bf1b38f20d356525 d941749ba2a0461a8eae450c96560af3 - - default default] Successfully bumped revision number for resource 83601ff1-2860-42ac-bd44-b7907a09641c (type: routers) to 2 [pid: 7|app: 0|req: 1165/2252] 10.0.0.219 () {34 vars in 668 bytes} [Fri May 29 07:06:21 2026] POST /v2.0/routers => generated 952 bytes in 1640 msecs (HTTP/1.1 201) 4 headers in 162 bytes (1 switches on core 0) [pid: 8|app: 0|req: 1088/2253] 10.0.0.94 () {34 vars in 1118 bytes} [Fri May 29 07:06:22 2026] GET /v2.0/security-groups?id=39058a30-5507-41c8-8adf-30053b08b041&id=27caf624-01ed-4099-ac30-ebd9251f7a99&fields=id&fields=name => generated 207 bytes in 45 msecs (HTTP/1.1 200) 4 headers in 157 bytes (1 switches on core 0) [pid: 7|app: 0|req: 1166/2254] 10.0.0.219 () {32 vars in 720 bytes} [Fri May 29 07:06:22 2026] GET /v2.0/routers/83601ff1-2860-42ac-bd44-b7907a09641c => generated 958 bytes in 52 msecs (HTTP/1.1 200) 4 headers in 157 bytes (1 switches on core 0)
2026-05-29 07:06:22.982 7 INFO neutron.services.segments.plugin [-] Segment bbc5f6d1-1b05-49a3-a896-a291992b42e1 resource provider aggregate not found
2026-05-29 07:06:22.985 7 INFO neutron.services.segments.plugin [-] Segment bbc5f6d1-1b05-49a3-a896-a291992b42e1 resource provider aggregate not found
2026-05-29 07:06:22.997 7 INFO neutron.services.segments.plugin [-] Segment bbc5f6d1-1b05-49a3-a896-a291992b42e1 resource provider not found; error: Placement Client Error (4xx): {"errors": [{"status": 404, "title": "Not Found", "detail": "The resource could not be found.\n\n No resource provider with uuid bbc5f6d1-1b05-49a3-a896-a291992b42e1 found for delete ", "request_id": "req-5f7f5752-fb69-473e-8331-28e194975a1d"}]}
2026-05-29 07:06:23.006 7 INFO neutron.services.segments.plugin [-] Segment bbc5f6d1-1b05-49a3-a896-a291992b42e1 resource provider not found; error: Placement Client Error (4xx): {"errors": [{"status": 404, "title": "Not Found", "detail": "The resource could not be found.\n\n No resource provider with uuid bbc5f6d1-1b05-49a3-a896-a291992b42e1 found for delete ", "request_id": "req-9c3f4f18-06fb-4e65-adbe-7887d63f7482"}]} [pid: 8|app: 0|req: 1089/2255] 10.0.0.219 () {32 vars in 646 bytes} [Fri May 29 07:06:22 2026] GET /v2.0/routers => generated 961 bytes in 120 msecs (HTTP/1.1 200) 4 headers in 157 bytes (1 switches on core 0)
2026-05-29 07:06:23.538 7 INFO neutron.db.ovn_revision_numbers_db [None req-d86b7f2b-d6cb-46e4-bb8e-bb7b8dd5f65b ca1aaaf08fa347d9bf1b38f20d356525 d941749ba2a0461a8eae450c96560af3 - - default default] Successfully bumped revision number for resource 83601ff1-2860-42ac-bd44-b7907a09641c (type: routers) to 3 [pid: 7|app: 0|req: 1167/2256] 10.0.0.219 () {34 vars in 740 bytes} [Fri May 29 07:06:23 2026] PUT /v2.0/routers/83601ff1-2860-42ac-bd44-b7907a09641c => generated 965 bytes in 499 msecs (HTTP/1.1 200) 4 headers in 157 bytes (1 switches on core 0) [pid: 8|app: 0|req: 1090/2257] 10.0.0.219 () {32 vars in 720 bytes} [Fri May 29 07:06:23 2026] GET /v2.0/routers/83601ff1-2860-42ac-bd44-b7907a09641c => generated 965 bytes in 124 msecs (HTTP/1.1 200) 4 headers in 157 bytes (1 switches on core 0) [pid: 7|app: 0|req: 1168/2258] 10.0.0.219 () {32 vars in 735 bytes} [Fri May 29 07:06:23 2026] GET /v2.0/ports?device_id=83601ff1-2860-42ac-bd44-b7907a09641c => generated 12 bytes in 20 msecs (HTTP/1.1 200) 4 headers in 156 bytes (1 switches on core 0)
2026-05-29 07:06:24.004 8 INFO neutron_taas.services.taas.taas_plugin [None req-43a45c43-d61c-43b4-979b-351a055f17b2 ca1aaaf08fa347d9bf1b38f20d356525 d941749ba2a0461a8eae450c96560af3 - - default default] TaaS: Handle Delete Port: 875daba0-69fb-47eb-a182-2f15be08879a
2026-05-29 07:06:24.007 8 INFO neutron_taas.services.taas.tap_mirror_plugin [None req-43a45c43-d61c-43b4-979b-351a055f17b2 ca1aaaf08fa347d9bf1b38f20d356525 d941749ba2a0461a8eae450c96560af3 - - default default] Tap Mirror: Handle Delete Port: 875daba0-69fb-47eb-a182-2f15be08879a [pid: 7|app: 0|req: 1169/2259] 10.0.0.94 () {34 vars in 988 bytes} [Fri May 29 07:06:23 2026] GET /v2.0/ports?device_id=b10f85d0-907e-4e33-b360-63210c66ffc4 => generated 1014 bytes in 105 msecs (HTTP/1.1 200) 4 headers in 158 bytes (1 switches on core 0) [pid: 7|app: 0|req: 1170/2260] 10.0.0.94 () {34 vars in 1118 bytes} [Fri May 29 07:06:24 2026] GET /v2.0/security-groups?id=39058a30-5507-41c8-8adf-30053b08b041&id=27caf624-01ed-4099-ac30-ebd9251f7a99&fields=id&fields=name => generated 207 bytes in 40 msecs (HTTP/1.1 200) 4 headers in 157 bytes (1 switches on core 0) [pid: 8|app: 0|req: 1091/2261] 10.0.0.219 () {32 vars in 723 bytes} [Fri May 29 07:06:23 2026] DELETE /v2.0/routers/83601ff1-2860-42ac-bd44-b7907a09641c => generated 0 bytes in 720 msecs (HTTP/1.1 204) 2 headers in 112 bytes (1 switches on core 0) [pid: 8|app: 0|req: 1092/2262] 10.0.0.219 () {32 vars in 735 bytes} [Fri May 29 07:06:24 2026] GET /v2.0/ports?device_id=83601ff1-2860-42ac-bd44-b7907a09641c => generated 12 bytes in 24 msecs (HTTP/1.1 200) 4 headers in 156 bytes (1 switches on core 0)
2026-05-29 07:06:24.477 8 INFO neutron.api.v2.resource [None req-70bb7087-c673-44a9-a849-95cd0b1e3e52 ca1aaaf08fa347d9bf1b38f20d356525 d941749ba2a0461a8eae450c96560af3 - - default default] delete failed (client error): The resource could not be found. [pid: 8|app: 0|req: 1093/2263] 10.0.0.219 () {32 vars in 723 bytes} [Fri May 29 07:06:24 2026] DELETE /v2.0/routers/83601ff1-2860-42ac-bd44-b7907a09641c => generated 135 bytes in 19 msecs (HTTP/1.1 404) 4 headers in 164 bytes (1 switches on core 0) [pid: 8|app: 0|req: 1094/2264] 10.0.0.219 () {32 vars in 735 bytes} [Fri May 29 07:06:24 2026] GET /v2.0/ports?device_id=fb1f74a5-9bfa-4809-a57d-fc1172262a2d => generated 12 bytes in 16 msecs (HTTP/1.1 200) 4 headers in 156 bytes (1 switches on core 0)
2026-05-29 07:06:24.529 8 INFO neutron.api.v2.resource [None req-ac2a9ddc-5905-48f3-a41d-afa5f243bab6 ca1aaaf08fa347d9bf1b38f20d356525 d941749ba2a0461a8eae450c96560af3 - - default default] delete failed (client error): The resource could not be found. [pid: 8|app: 0|req: 1095/2265] 10.0.0.219 () {32 vars in 723 bytes} [Fri May 29 07:06:24 2026] DELETE /v2.0/routers/fb1f74a5-9bfa-4809-a57d-fc1172262a2d => generated 135 bytes in 24 msecs (HTTP/1.1 404) 4 headers in 164 bytes (1 switches on core 0) [pid: 8|app: 0|req: 1096/2266] 199.19.213.242 () {34 vars in 993 bytes} [Fri May 29 07:06:24 2026] GET /v2.0/ports?device_id=b10f85d0-907e-4e33-b360-63210c66ffc4 => generated 1014 bytes in 36 msecs (HTTP/1.1 200) 4 headers in 158 bytes (1 switches on core 0)
2026-05-29 07:06:24.579 8 INFO neutron.pecan_wsgi.hooks.translation [None req-3b1abf82-9823-49d3-8ac4-c1b7a1a00634 ca1aaaf08fa347d9bf1b38f20d356525 d941749ba2a0461a8eae450c96560af3 - - default default] DELETE failed (client error): The resource could not be found. [pid: 8|app: 0|req: 1097/2267] 10.0.0.219 () {32 vars in 723 bytes} [Fri May 29 07:06:24 2026] DELETE /v2.0/subnets/9b76ede3-2fed-45c8-8f46-19b3112bd446 => generated 136 bytes in 14 msecs (HTTP/1.1 404) 4 headers in 164 bytes (1 switches on core 0)
2026-05-29 07:06:24.629 7 INFO neutron.db.ovn_revision_numbers_db [None req-2c73a993-ccc9-4212-a8aa-7423a3d51699 01d09036b41f477b94766efa197de94f a0ffb5e6f10b437fa19968c1af193a6e - - default default] Successfully bumped revision number for resource 6c57eb74-85f5-4c09-b4ba-ec1c7d2923c9 (type: security_groups) to 1
2026-05-29 07:06:24.642 7 INFO neutron.db.ovn_revision_numbers_db [None req-2c73a993-ccc9-4212-a8aa-7423a3d51699 01d09036b41f477b94766efa197de94f a0ffb5e6f10b437fa19968c1af193a6e - - default default] Successfully bumped revision number for resource 643440fb-df4a-40d9-8938-33bb30b5e18c (type: security_group_rules) to 0
2026-05-29 07:06:24.657 7 INFO neutron.db.ovn_revision_numbers_db [None req-2c73a993-ccc9-4212-a8aa-7423a3d51699 01d09036b41f477b94766efa197de94f a0ffb5e6f10b437fa19968c1af193a6e - - default default] Successfully bumped revision number for resource 6b805759-60af-4cbe-9be7-7f6687e3af4a (type: security_group_rules) to 0
2026-05-29 07:06:24.671 7 INFO neutron.db.ovn_revision_numbers_db [None req-2c73a993-ccc9-4212-a8aa-7423a3d51699 01d09036b41f477b94766efa197de94f a0ffb5e6f10b437fa19968c1af193a6e - - default default] Successfully bumped revision number for resource d4bcd1ab-6e20-4e05-95e4-986c46a91790 (type: security_group_rules) to 0
2026-05-29 07:06:24.684 7 INFO neutron.db.ovn_revision_numbers_db [None req-2c73a993-ccc9-4212-a8aa-7423a3d51699 01d09036b41f477b94766efa197de94f a0ffb5e6f10b437fa19968c1af193a6e - - default default] Successfully bumped revision number for resource e942b595-0cc4-42a0-810a-700590cf9eae (type: security_group_rules) to 0
2026-05-29 07:06:24.716 8 INFO neutron_taas.services.taas.taas_plugin [req-8e26aefe-8734-4121-bca5-d668b0729e81 req-80790da8-f171-4e61-a5b1-fe90c428d0dc 6aaaea68d4c84a67ac5e1458ffa4acb3 105e5dc02cee4cda881561380abefed9 - - default default] TaaS: Handle Delete Port: 1c27de11-8fcc-4c71-b7d1-f5d0cd63cc0f
2026-05-29 07:06:24.719 8 INFO neutron_taas.services.taas.tap_mirror_plugin [req-8e26aefe-8734-4121-bca5-d668b0729e81 req-80790da8-f171-4e61-a5b1-fe90c428d0dc 6aaaea68d4c84a67ac5e1458ffa4acb3 105e5dc02cee4cda881561380abefed9 - - default default] Tap Mirror: Handle Delete Port: 1c27de11-8fcc-4c71-b7d1-f5d0cd63cc0f
2026-05-29 07:06:24.768 7 INFO neutron.db.segments_db [None req-2c73a993-ccc9-4212-a8aa-7423a3d51699 01d09036b41f477b94766efa197de94f a0ffb5e6f10b437fa19968c1af193a6e - - default default] Added segment 57c78e28-fc0a-43c9-ba04-831abed28927 of type geneve for network 9300058d-e02c-4777-9443-7872e13b2dc6
2026-05-29 07:06:24.926 7 INFO neutron.db.ovn_revision_numbers_db [None req-2c73a993-ccc9-4212-a8aa-7423a3d51699 01d09036b41f477b94766efa197de94f a0ffb5e6f10b437fa19968c1af193a6e - - default default] Successfully bumped revision number for resource 9300058d-e02c-4777-9443-7872e13b2dc6 (type: networks) to 1
2026-05-29 07:06:24.938 8 INFO neutron.db.l3_db [req-8e26aefe-8734-4121-bca5-d668b0729e81 req-80790da8-f171-4e61-a5b1-fe90c428d0dc 6aaaea68d4c84a67ac5e1458ffa4acb3 105e5dc02cee4cda881561380abefed9 - - default default] Floating IP 06c0fb4c-fd9c-4a70-a9ed-afc33c7b0dda disassociated. External IP: 10.96.250.201, port: 1c27de11-8fcc-4c71-b7d1-f5d0cd63cc0f. [pid: 8|app: 0|req: 1098/2268] 199.19.213.242 () {36 vars in 996 bytes} [Fri May 29 07:06:24 2026] DELETE /v2.0/ports/1c27de11-8fcc-4c71-b7d1-f5d0cd63cc0f => generated 0 bytes in 489 msecs (HTTP/1.1 204) 3 headers in 131 bytes (1 switches on core 0) [pid: 8|app: 0|req: 1099/2269] 10.0.0.219 () {32 vars in 735 bytes} [Fri May 29 07:06:25 2026] GET /v2.0/ports?device_id=4a7cbf01-f250-405e-bc38-bb5d06f2a513 => generated 12 bytes in 23 msecs (HTTP/1.1 200) 4 headers in 156 bytes (1 switches on core 0)
2026-05-29 07:06:25.105 8 INFO neutron.notifiers.nova [-] Nova event matching ['req-6aaf2c48-19ce-4d5e-aa1e-fb5a09f393ab'] response: {'server_uuid': 'b10f85d0-907e-4e33-b360-63210c66ffc4', 'name': 'network-vif-deleted', 'tag': '1c27de11-8fcc-4c71-b7d1-f5d0cd63cc0f', 'status': 'completed', 'code': 200}
2026-05-29 07:06:25.115 8 INFO neutron.api.v2.resource [None req-92217560-e884-431c-9535-83fbaed21485 ca1aaaf08fa347d9bf1b38f20d356525 d941749ba2a0461a8eae450c96560af3 - - default default] delete failed (client error): The resource could not be found. [pid: 8|app: 0|req: 1100/2270] 10.0.0.219 () {32 vars in 723 bytes} [Fri May 29 07:06:25 2026] DELETE /v2.0/routers/4a7cbf01-f250-405e-bc38-bb5d06f2a513 => generated 135 bytes in 18 msecs (HTTP/1.1 404) 4 headers in 164 bytes (1 switches on core 0)
2026-05-29 07:06:25.130 8 INFO neutron.pecan_wsgi.hooks.translation [None req-7972b6b6-4063-4e08-926e-9bc68e3e2444 ca1aaaf08fa347d9bf1b38f20d356525 d941749ba2a0461a8eae450c96560af3 - - default default] DELETE failed (client error): The resource could not be found. [pid: 8|app: 0|req: 1101/2271] 10.0.0.219 () {32 vars in 723 bytes} [Fri May 29 07:06:25 2026] DELETE /v2.0/subnets/cda345bd-2a1d-4bf2-89b8-af4174b19c81 => generated 136 bytes in 13 msecs (HTTP/1.1 404) 4 headers in 164 bytes (1 switches on core 0)
2026-05-29 07:06:25.141 7 WARNING neutron.scheduler.dhcp_agent_scheduler [None req-2c73a993-ccc9-4212-a8aa-7423a3d51699 01d09036b41f477b94766efa197de94f a0ffb5e6f10b437fa19968c1af193a6e - - default default] No more DHCP agents
2026-05-29 07:06:25.143 7 WARNING neutron.api.rpc.agentnotifiers.dhcp_rpc_agent_api [None req-2c73a993-ccc9-4212-a8aa-7423a3d51699 01d09036b41f477b94766efa197de94f a0ffb5e6f10b437fa19968c1af193a6e - - default default] Unable to schedule network 9300058d-e02c-4777-9443-7872e13b2dc6: no agents available; will retry on subsequent port and subnet creation events. [pid: 8|app: 0|req: 1102/2272] 10.0.0.219 () {32 vars in 735 bytes} [Fri May 29 07:06:25 2026] GET /v2.0/ports?device_id=58468e25-a0ec-4361-b946-80c2b34f6427 => generated 12 bytes in 22 msecs (HTTP/1.1 200) 4 headers in 156 bytes (1 switches on core 0)
2026-05-29 07:06:25.169 8 WARNING neutron.plugins.ml2.drivers.ovn.mech_driver.ovsdb.ovn_client [None req-688e8b49-e33e-4050-a358-f2a4b24a4bca - - - - - -] No port found with ID f129f778-9030-4a3d-89a4-7c937e87040a: RuntimeError: No port found with ID f129f778-9030-4a3d-89a4-7c937e87040a
2026-05-29 07:06:25.191 8 INFO neutron.plugins.ml2.drivers.ovn.mech_driver.mech_driver [None req-688e8b49-e33e-4050-a358-f2a4b24a4bca - - - - - -] OVN reports status down for port: 65b9ad3e-9008-4f9e-b853-42d6ed0e3d96
2026-05-29 07:06:25.224 8 INFO neutron.api.v2.resource [None req-5030687b-0e37-41cf-90fb-41982642cd29 ca1aaaf08fa347d9bf1b38f20d356525 d941749ba2a0461a8eae450c96560af3 - - default default] delete failed (client error): The resource could not be found. [pid: 8|app: 0|req: 1103/2273] 10.0.0.219 () {32 vars in 723 bytes} [Fri May 29 07:06:25 2026] DELETE /v2.0/routers/58468e25-a0ec-4361-b946-80c2b34f6427 => generated 135 bytes in 59 msecs (HTTP/1.1 404) 4 headers in 164 bytes (1 switches on core 0)
2026-05-29 07:06:25.240 7 INFO neutron.db.ovn_revision_numbers_db [None req-2c73a993-ccc9-4212-a8aa-7423a3d51699 01d09036b41f477b94766efa197de94f a0ffb5e6f10b437fa19968c1af193a6e - - default default] Successfully bumped revision number for resource 66d7b5e4-18e4-4050-81a1-60623805c2ca (type: ports) to 1 [pid: 8|app: 0|req: 1104/2274] 10.0.0.94 () {34 vars in 988 bytes} [Fri May 29 07:06:25 2026] GET /v2.0/ports?device_id=b10f85d0-907e-4e33-b360-63210c66ffc4 => generated 12 bytes in 39 msecs (HTTP/1.1 200) 4 headers in 156 bytes (1 switches on core 0) [pid: 7|app: 0|req: 1171/2275] 10.0.0.219 () {34 vars in 669 bytes} [Fri May 29 07:06:24 2026] POST /v2.0/networks => generated 665 bytes in 923 msecs (HTTP/1.1 201) 4 headers in 162 bytes (1 switches on core 0)
2026-05-29 07:06:25.310 8 INFO neutron.pecan_wsgi.hooks.translation [None req-09863987-401b-4adf-a680-cb7794ef5de3 ca1aaaf08fa347d9bf1b38f20d356525 d941749ba2a0461a8eae450c96560af3 - - default default] DELETE failed (client error): The resource could not be found. [pid: 8|app: 0|req: 1105/2276] 10.0.0.219 () {32 vars in 723 bytes} [Fri May 29 07:06:25 2026] DELETE /v2.0/subnets/fc0dd199-32ad-4143-ba7f-17efe3613e87 => generated 136 bytes in 50 msecs (HTTP/1.1 404) 4 headers in 164 bytes (1 switches on core 0)
2026-05-29 07:06:25.318 8 INFO neutron.plugins.ml2.drivers.ovn.mech_driver.mech_driver [None req-688e8b49-e33e-4050-a358-f2a4b24a4bca - - - - - -] OVN reports status down for port: 66d7b5e4-18e4-4050-81a1-60623805c2ca /var/lib/openstack/lib/python3.12/site-packages/pycadf/identifier.py:70: UserWarning: Invalid uuid: neutron. To ensure interoperability, identifiers should be a valid uuid. warnings.warn(('Invalid uuid: %s. To ensure interoperability, '
2026-05-29 07:06:25.359 8 INFO neutron.pecan_wsgi.hooks.translation [None req-f2f59fc9-8661-494e-9652-553c95e068a0 ca1aaaf08fa347d9bf1b38f20d356525 d941749ba2a0461a8eae450c96560af3 - - default default] DELETE failed (client error): The resource could not be found. [pid: 8|app: 0|req: 1106/2277] 10.0.0.219 () {32 vars in 723 bytes} [Fri May 29 07:06:25 2026] DELETE /v2.0/subnets/9a750f98-1d38-4680-8fef-3fdcdf62f0b1 => generated 136 bytes in 45 msecs (HTTP/1.1 404) 4 headers in 164 bytes (1 switches on core 0)
2026-05-29 07:06:25.474 7 WARNING neutron.scheduler.dhcp_agent_scheduler [None req-393d7910-ca70-493d-ae22-ef8ee0629a4e 01d09036b41f477b94766efa197de94f a0ffb5e6f10b437fa19968c1af193a6e - - default default] No more DHCP agents
2026-05-29 07:06:25.475 7 WARNING neutron.api.rpc.agentnotifiers.dhcp_rpc_agent_api [None req-393d7910-ca70-493d-ae22-ef8ee0629a4e 01d09036b41f477b94766efa197de94f a0ffb5e6f10b437fa19968c1af193a6e - - default default] Unable to schedule network 9300058d-e02c-4777-9443-7872e13b2dc6: no agents available; will retry on subsequent port and subnet creation events.
2026-05-29 07:06:25.889 7 INFO neutron.db.ovn_revision_numbers_db [None req-f66c9385-f736-499f-a5a4-581886cd7ddd - - - - - -] Successfully bumped revision number for resource 66d7b5e4-18e4-4050-81a1-60623805c2ca (type: ports) to 2
2026-05-29 07:06:25.924 7 INFO neutron.db.ovn_revision_numbers_db [None req-f66c9385-f736-499f-a5a4-581886cd7ddd - - - - - -] Successfully bumped revision number for resource 638a0b2c-f14d-4833-a9d9-43af034d0612 (type: subnets) to 0 [pid: 7|app: 0|req: 1172/2278] 10.0.0.219 () {34 vars in 668 bytes} [Fri May 29 07:06:25 2026] POST /v2.0/subnets => generated 626 bytes in 654 msecs (HTTP/1.1 201) 4 headers in 162 bytes (1 switches on core 0) [pid: 8|app: 0|req: 1107/2279] 10.0.0.219 () {32 vars in 773 bytes} [Fri May 29 07:06:25 2026] GET /v2.0/security-groups?tenant_id=d941749ba2a0461a8eae450c96560af3&name=default => generated 2925 bytes in 208 msecs (HTTP/1.1 200) 4 headers in 158 bytes (1 switches on core 0) [pid: 8|app: 0|req: 1108/2280] 10.0.0.219 () {32 vars in 739 bytes} [Fri May 29 07:06:26 2026] DELETE /v2.0/security-groups/28ed6f1a-e3a1-4a39-acb7-83c72cda633a => generated 0 bytes in 206 msecs (HTTP/1.1 204) 2 headers in 112 bytes (1 switches on core 0)
2026-05-29 07:06:26.337 7 WARNING neutron.scheduler.dhcp_agent_scheduler [None req-286fd6b4-454f-4d7d-99c4-0cbe6d94469c 01d09036b41f477b94766efa197de94f a0ffb5e6f10b437fa19968c1af193a6e - - default default] No more DHCP agents
2026-05-29 07:06:26.338 7 WARNING neutron.api.rpc.agentnotifiers.dhcp_rpc_agent_api [None req-286fd6b4-454f-4d7d-99c4-0cbe6d94469c 01d09036b41f477b94766efa197de94f a0ffb5e6f10b437fa19968c1af193a6e - - default default] Unable to schedule network f335f809-edd1-43ca-8865-fdc41e095345: no agents available; will retry on subsequent port and subnet creation events. [pid: 8|app: 0|req: 1109/2281] 10.0.0.94 () {34 vars in 988 bytes} [Fri May 29 07:06:26 2026] GET /v2.0/ports?device_id=b10f85d0-907e-4e33-b360-63210c66ffc4 => generated 12 bytes in 23 msecs (HTTP/1.1 200) 4 headers in 156 bytes (1 switches on core 0)
2026-05-29 07:06:26.466 7 INFO neutron.db.ovn_revision_numbers_db [None req-286fd6b4-454f-4d7d-99c4-0cbe6d94469c 01d09036b41f477b94766efa197de94f a0ffb5e6f10b437fa19968c1af193a6e - - default default] Successfully bumped revision number for resource 74bdb4a0-f30c-42fc-bd02-f02326c23419 (type: ports) to 1
2026-05-29 07:06:27.035 8 INFO neutron.db.ovn_revision_numbers_db [None req-85e33ce7-68b9-4d22-a5af-b395d9ca3a11 f959aa8f61104c8c87fac819fd9efc37 8829860d9bbc42db86b8239f70310461 - - default default] Successfully bumped revision number for resource 42bae7b0-319d-4c9d-bd30-2a62953da162 (type: security_groups) to 1
2026-05-29 07:06:27.045 8 INFO neutron.db.ovn_revision_numbers_db [None req-85e33ce7-68b9-4d22-a5af-b395d9ca3a11 f959aa8f61104c8c87fac819fd9efc37 8829860d9bbc42db86b8239f70310461 - - default default] Successfully bumped revision number for resource 1d267985-2e91-4fdb-ae22-e4d364a00c2c (type: security_group_rules) to 0
2026-05-29 07:06:27.054 8 INFO neutron.db.ovn_revision_numbers_db [None req-85e33ce7-68b9-4d22-a5af-b395d9ca3a11 f959aa8f61104c8c87fac819fd9efc37 8829860d9bbc42db86b8239f70310461 - - default default] Successfully bumped revision number for resource 48319476-edd9-4b52-97bf-b1f24f55dd65 (type: security_group_rules) to 0
2026-05-29 07:06:27.063 8 INFO neutron.db.ovn_revision_numbers_db [None req-85e33ce7-68b9-4d22-a5af-b395d9ca3a11 f959aa8f61104c8c87fac819fd9efc37 8829860d9bbc42db86b8239f70310461 - - default default] Successfully bumped revision number for resource 4be2b73d-56fd-4bc2-a78c-4d56e3944cc5 (type: security_group_rules) to 0
2026-05-29 07:06:27.072 8 INFO neutron.db.ovn_revision_numbers_db [None req-85e33ce7-68b9-4d22-a5af-b395d9ca3a11 f959aa8f61104c8c87fac819fd9efc37 8829860d9bbc42db86b8239f70310461 - - default default] Successfully bumped revision number for resource dc0ebda9-8992-4151-984c-7b60755b9b4f (type: security_group_rules) to 0
2026-05-29 07:06:27.097 7 INFO neutron.plugins.ml2.drivers.ovn.mech_driver.ovsdb.commands [None req-0e82012f-f310-4a5c-a43d-fa0911b9883d - - - - - -] Schedule LRP lrp-74bdb4a0-f30c-42fc-bd02-f02326c23419 on gateway 5c942cf1-1be4-4a32-8acb-c6c7cdb02f59 with priority 1
2026-05-29 07:06:27.159 7 INFO neutron.db.ovn_revision_numbers_db [None req-286fd6b4-454f-4d7d-99c4-0cbe6d94469c 01d09036b41f477b94766efa197de94f a0ffb5e6f10b437fa19968c1af193a6e - - default default] Successfully bumped revision number for resource 74bdb4a0-f30c-42fc-bd02-f02326c23419 (type: router_ports) to 1
2026-05-29 07:06:27.215 8 INFO neutron.db.ovn_revision_numbers_db [None req-85e33ce7-68b9-4d22-a5af-b395d9ca3a11 f959aa8f61104c8c87fac819fd9efc37 8829860d9bbc42db86b8239f70310461 - - default default] Successfully bumped revision number for resource e5ab59ef-9bdc-40c9-84ff-2fd40522ae0e (type: security_groups) to 1
2026-05-29 07:06:27.229 7 INFO neutron.db.ovn_revision_numbers_db [None req-286fd6b4-454f-4d7d-99c4-0cbe6d94469c 01d09036b41f477b94766efa197de94f a0ffb5e6f10b437fa19968c1af193a6e - - default default] Successfully bumped revision number for resource b50e4ff2-aab8-4f8c-ba05-17a2b82e34ec (type: routers) to 2
2026-05-29 07:06:27.230 8 INFO neutron.db.ovn_revision_numbers_db [None req-85e33ce7-68b9-4d22-a5af-b395d9ca3a11 f959aa8f61104c8c87fac819fd9efc37 8829860d9bbc42db86b8239f70310461 - - default default] Successfully bumped revision number for resource 1571efa1-49b7-43ab-b91b-670935aa3565 (type: security_group_rules) to 0
2026-05-29 07:06:27.243 8 INFO neutron.db.ovn_revision_numbers_db [None req-85e33ce7-68b9-4d22-a5af-b395d9ca3a11 f959aa8f61104c8c87fac819fd9efc37 8829860d9bbc42db86b8239f70310461 - - default default] Successfully bumped revision number for resource 481187d2-fd0c-4329-a656-352037cbb34e (type: security_group_rules) to 0 [pid: 7|app: 0|req: 1173/2282] 10.0.0.219 () {34 vars in 668 bytes} [Fri May 29 07:06:25 2026] POST /v2.0/routers => generated 935 bytes in 1299 msecs (HTTP/1.1 201) 4 headers in 162 bytes (1 switches on core 0) [pid: 8|app: 0|req: 1110/2283] 10.0.0.219 () {34 vars in 683 bytes} [Fri May 29 07:06:26 2026] POST /v2.0/security-groups => generated 1601 bytes in 473 msecs (HTTP/1.1 201) 4 headers in 163 bytes (1 switches on core 0)
2026-05-29 07:06:27.393 8 INFO neutron.db.ovn_revision_numbers_db [None req-902e0b9d-2977-4fc1-9cd7-593560cb55ee f959aa8f61104c8c87fac819fd9efc37 8829860d9bbc42db86b8239f70310461 - - default default] Successfully bumped revision number for resource e187ecdf-3495-4ca3-b7db-3f02052fa649 (type: security_groups) to 1
2026-05-29 07:06:27.406 8 INFO neutron.db.ovn_revision_numbers_db [None req-902e0b9d-2977-4fc1-9cd7-593560cb55ee f959aa8f61104c8c87fac819fd9efc37 8829860d9bbc42db86b8239f70310461 - - default default] Successfully bumped revision number for resource 5101d8df-cc29-49ca-8f8b-582b64b88e51 (type: security_group_rules) to 0
2026-05-29 07:06:27.417 8 INFO neutron.db.ovn_revision_numbers_db [None req-902e0b9d-2977-4fc1-9cd7-593560cb55ee f959aa8f61104c8c87fac819fd9efc37 8829860d9bbc42db86b8239f70310461 - - default default] Successfully bumped revision number for resource 900805c8-a637-4b33-8f9d-c5bc81b6f173 (type: security_group_rules) to 0
2026-05-29 07:06:27.440 7 WARNING neutron.plugins.ml2.drivers.ovn.mech_driver.ovsdb.ovn_client [None req-d30276db-5db2-4daf-881d-3ce479887b18 - - - - - -] No port found with ID 875daba0-69fb-47eb-a182-2f15be08879a: RuntimeError: No port found with ID 875daba0-69fb-47eb-a182-2f15be08879a
2026-05-29 07:06:27.440 7 INFO neutron.plugins.ml2.drivers.ovn.mech_driver.mech_driver [None req-d30276db-5db2-4daf-881d-3ce479887b18 - - - - - -] OVN reports status down for port: 1c27de11-8fcc-4c71-b7d1-f5d0cd63cc0f
2026-05-29 07:06:27.454 7 INFO neutron.plugins.ml2.drivers.ovn.mech_driver.mech_driver [None req-d30276db-5db2-4daf-881d-3ce479887b18 - - - - - -] OVN reports status down for port: 74bdb4a0-f30c-42fc-bd02-f02326c23419 [pid: 8|app: 0|req: 1111/2284] 10.0.0.219 () {34 vars in 683 bytes} [Fri May 29 07:06:27 2026] POST /v2.0/security-groups => generated 1601 bytes in 175 msecs (HTTP/1.1 201) 4 headers in 163 bytes (1 switches on core 0) [pid: 8|app: 0|req: 1112/2285] 10.0.0.94 () {34 vars in 988 bytes} [Fri May 29 07:06:27 2026] GET /v2.0/ports?device_id=b10f85d0-907e-4e33-b360-63210c66ffc4 => generated 12 bytes in 17 msecs (HTTP/1.1 200) 4 headers in 156 bytes (1 switches on core 0)
2026-05-29 07:06:27.606 8 INFO neutron.db.ovn_revision_numbers_db [None req-d9723806-2ff4-4939-b510-50df1ecf034f f959aa8f61104c8c87fac819fd9efc37 8829860d9bbc42db86b8239f70310461 - - default default] Successfully bumped revision number for resource 4abdd405-00c2-483e-8735-899239fb1244 (type: security_groups) to 1
2026-05-29 07:06:27.618 7 WARNING neutron.plugins.ml2.drivers.ovn.mech_driver.ovsdb.ovn_client [None req-d30276db-5db2-4daf-881d-3ce479887b18 - - - - - -] Logical_Switch_Port 74bdb4a0-f30c-42fc-bd02-f02326c23419 host information not removed, the port state is up
2026-05-29 07:06:27.622 7 INFO neutron.plugins.ml2.drivers.ovn.mech_driver.mech_driver [None req-d30276db-5db2-4daf-881d-3ce479887b18 - - - - - -] OVN reports status up for port: 74bdb4a0-f30c-42fc-bd02-f02326c23419
2026-05-29 07:06:27.623 8 INFO neutron.db.ovn_revision_numbers_db [None req-d9723806-2ff4-4939-b510-50df1ecf034f f959aa8f61104c8c87fac819fd9efc37 8829860d9bbc42db86b8239f70310461 - - default default] Successfully bumped revision number for resource 79549c2d-fc43-4fe3-a0c9-4005b841d05d (type: security_group_rules) to 0
2026-05-29 07:06:27.645 8 INFO neutron.db.ovn_revision_numbers_db [None req-d9723806-2ff4-4939-b510-50df1ecf034f f959aa8f61104c8c87fac819fd9efc37 8829860d9bbc42db86b8239f70310461 - - default default] Successfully bumped revision number for resource aee74ea1-567e-4c12-a947-0e9b4e320460 (type: security_group_rules) to 0
2026-05-29 07:06:27.657 7 INFO neutron.plugins.ml2.plugin [None req-d30276db-5db2-4daf-881d-3ce479887b18 - - - - - -] Attempt 1 to provision port 74bdb4a0-f30c-42fc-bd02-f02326c23419 [pid: 8|app: 0|req: 1113/2286] 10.0.0.219 () {34 vars in 683 bytes} [Fri May 29 07:06:27 2026] POST /v2.0/security-groups => generated 1601 bytes in 203 msecs (HTTP/1.1 201) 4 headers in 163 bytes (1 switches on core 0)
2026-05-29 07:06:27.804 8 INFO neutron.db.ovn_revision_numbers_db [None req-ca00aaf8-78d3-4d05-90a3-77abe1c3ee4a f959aa8f61104c8c87fac819fd9efc37 8829860d9bbc42db86b8239f70310461 - - default default] Successfully bumped revision number for resource 5a5f6dbe-e282-49e6-a852-82066dfc5056 (type: security_groups) to 1
2026-05-29 07:06:27.815 8 INFO neutron.db.ovn_revision_numbers_db [None req-ca00aaf8-78d3-4d05-90a3-77abe1c3ee4a f959aa8f61104c8c87fac819fd9efc37 8829860d9bbc42db86b8239f70310461 - - default default] Successfully bumped revision number for resource 6582210a-9eda-4bf1-8541-a9444b4ba124 (type: security_group_rules) to 0
2026-05-29 07:06:27.824 8 INFO neutron.db.ovn_revision_numbers_db [None req-ca00aaf8-78d3-4d05-90a3-77abe1c3ee4a f959aa8f61104c8c87fac819fd9efc37 8829860d9bbc42db86b8239f70310461 - - default default] Successfully bumped revision number for resource c7258636-2a8a-4eb7-a173-c7ada9984a4a (type: security_group_rules) to 0 [pid: 8|app: 0|req: 1114/2287] 10.0.0.219 () {34 vars in 683 bytes} [Fri May 29 07:06:27 2026] POST /v2.0/security-groups => generated 1601 bytes in 174 msecs (HTTP/1.1 201) 4 headers in 163 bytes (1 switches on core 0)
2026-05-29 07:06:27.981 8 INFO neutron.db.ovn_revision_numbers_db [None req-5f1ea2e6-a372-4f5f-8f46-7209df74b316 f959aa8f61104c8c87fac819fd9efc37 8829860d9bbc42db86b8239f70310461 - - default default] Successfully bumped revision number for resource 38539196-d567-4ca3-82e9-63b3b243980b (type: security_groups) to 1
2026-05-29 07:06:27.993 7 WARNING neutron.scheduler.dhcp_agent_scheduler [None req-2db21f8c-3c42-4d6b-926f-3fc4c1126f5f 01d09036b41f477b94766efa197de94f a0ffb5e6f10b437fa19968c1af193a6e - - default default] No more DHCP agents
2026-05-29 07:06:27.994 7 WARNING neutron.api.rpc.agentnotifiers.dhcp_rpc_agent_api [None req-2db21f8c-3c42-4d6b-926f-3fc4c1126f5f 01d09036b41f477b94766efa197de94f a0ffb5e6f10b437fa19968c1af193a6e - - default default] Unable to schedule network 9300058d-e02c-4777-9443-7872e13b2dc6: no agents available; will retry on subsequent port and subnet creation events.
2026-05-29 07:06:27.994 8 INFO neutron.db.ovn_revision_numbers_db [None req-5f1ea2e6-a372-4f5f-8f46-7209df74b316 f959aa8f61104c8c87fac819fd9efc37 8829860d9bbc42db86b8239f70310461 - - default default] Successfully bumped revision number for resource cb545ab7-a927-4767-a7da-1fb48b339d44 (type: security_group_rules) to 0
2026-05-29 07:06:28.009 8 INFO neutron.db.ovn_revision_numbers_db [None req-5f1ea2e6-a372-4f5f-8f46-7209df74b316 f959aa8f61104c8c87fac819fd9efc37 8829860d9bbc42db86b8239f70310461 - - default default] Successfully bumped revision number for resource cc0f070c-d4d0-4074-85b2-7faa6b21ee86 (type: security_group_rules) to 0 [pid: 8|app: 0|req: 1115/2288] 10.0.0.219 () {34 vars in 683 bytes} [Fri May 29 07:06:27 2026] POST /v2.0/security-groups => generated 1601 bytes in 182 msecs (HTTP/1.1 201) 4 headers in 163 bytes (1 switches on core 0) [pid: 8|app: 0|req: 1116/2289] 10.0.0.219 () {34 vars in 766 bytes} [Fri May 29 07:06:28 2026] PUT /v2.0/security-groups/e5ab59ef-9bdc-40c9-84ff-2fd40522ae0e/tags => generated 17 bytes in 63 msecs (HTTP/1.1 200) 4 headers in 156 bytes (1 switches on core 0)
2026-05-29 07:06:28.146 7 INFO neutron.db.ovn_revision_numbers_db [None req-2db21f8c-3c42-4d6b-926f-3fc4c1126f5f 01d09036b41f477b94766efa197de94f a0ffb5e6f10b437fa19968c1af193a6e - - default default] Successfully bumped revision number for resource 82d8aa95-b83b-4813-9c26-168d7b1519c2 (type: ports) to 1 [pid: 8|app: 0|req: 1117/2290] 10.0.0.219 () {34 vars in 766 bytes} [Fri May 29 07:06:28 2026] PUT /v2.0/security-groups/e187ecdf-3495-4ca3-b7db-3f02052fa649/tags => generated 25 bytes in 46 msecs (HTTP/1.1 200) 4 headers in 156 bytes (1 switches on core 0) [pid: 8|app: 0|req: 1118/2291] 10.0.0.219 () {34 vars in 766 bytes} [Fri May 29 07:06:28 2026] PUT /v2.0/security-groups/4abdd405-00c2-483e-8735-899239fb1244/tags => generated 34 bytes in 42 msecs (HTTP/1.1 200) 4 headers in 156 bytes (1 switches on core 0) [pid: 8|app: 0|req: 1119/2292] 10.0.0.219 () {34 vars in 766 bytes} [Fri May 29 07:06:28 2026] PUT /v2.0/security-groups/5a5f6dbe-e282-49e6-a852-82066dfc5056/tags => generated 19 bytes in 36 msecs (HTTP/1.1 200) 4 headers in 156 bytes (1 switches on core 0) [pid: 8|app: 0|req: 1120/2293] 10.0.0.219 () {32 vars in 679 bytes} [Fri May 29 07:06:28 2026] GET /v2.0/security-groups?tags=red => generated 4804 bytes in 39 msecs (HTTP/1.1 200) 4 headers in 158 bytes (1 switches on core 0) [pid: 8|app: 0|req: 1121/2294] 10.0.0.219 () {32 vars in 693 bytes} [Fri May 29 07:06:28 2026] GET /v2.0/security-groups?tags=red%2Cblue => generated 3218 bytes in 60 msecs (HTTP/1.1 200) 4 headers in 158 bytes (1 switches on core 0) [pid: 8|app: 0|req: 1122/2295] 10.0.0.219 () {32 vars in 689 bytes} [Fri May 29 07:06:28 2026] GET /v2.0/security-groups?tags-any=blue => generated 3218 bytes in 46 msecs (HTTP/1.1 200) 4 headers in 158 bytes (1 switches on core 0)
2026-05-29 07:06:28.731 8 INFO neutron.db.ovn_revision_numbers_db [None req-a61aaf0b-1fb6-4600-a4a1-b35251a71fc1 ee72858e38174eb2b0e90b125025c30e 279e07e17c5f4c0696424614471af01f - - default default] Successfully bumped revision number for resource 6f51e481-ad54-4417-8bbf-260957836527 (type: security_groups) to 1
2026-05-29 07:06:28.744 8 INFO neutron.db.ovn_revision_numbers_db [None req-a61aaf0b-1fb6-4600-a4a1-b35251a71fc1 ee72858e38174eb2b0e90b125025c30e 279e07e17c5f4c0696424614471af01f - - default default] Successfully bumped revision number for resource 3603bf68-e78a-4667-81b8-b8415320c44b (type: security_group_rules) to 0
2026-05-29 07:06:28.769 8 INFO neutron.db.ovn_revision_numbers_db [None req-a61aaf0b-1fb6-4600-a4a1-b35251a71fc1 ee72858e38174eb2b0e90b125025c30e 279e07e17c5f4c0696424614471af01f - - default default] Successfully bumped revision number for resource 5f20068f-61e5-47a6-9a7d-f11ea03dfefe (type: security_group_rules) to 0
2026-05-29 07:06:28.784 8 INFO neutron.db.ovn_revision_numbers_db [None req-a61aaf0b-1fb6-4600-a4a1-b35251a71fc1 ee72858e38174eb2b0e90b125025c30e 279e07e17c5f4c0696424614471af01f - - default default] Successfully bumped revision number for resource 83defa96-014a-4b34-b057-e3263cffee10 (type: security_group_rules) to 0
2026-05-29 07:06:28.797 8 INFO neutron.db.ovn_revision_numbers_db [None req-a61aaf0b-1fb6-4600-a4a1-b35251a71fc1 ee72858e38174eb2b0e90b125025c30e 279e07e17c5f4c0696424614471af01f - - default default] Successfully bumped revision number for resource b34f5810-32eb-41ad-8a24-36975a903e6f (type: security_group_rules) to 0 [pid: 8|app: 0|req: 1123/2296] 10.0.0.219 () {32 vars in 773 bytes} [Fri May 29 07:06:28 2026] GET /v2.0/security-groups?tenant_id=9261031b46ab4af1952d99d7c50293ea&name=default => generated 2925 bytes in 427 msecs (HTTP/1.1 200) 4 headers in 158 bytes (1 switches on core 0) [pid: 8|app: 0|req: 1124/2297] 10.0.0.219 () {32 vars in 701 bytes} [Fri May 29 07:06:28 2026] GET /v2.0/security-groups?tags-any=red%2Cblue => generated 4804 bytes in 33 msecs (HTTP/1.1 200) 4 headers in 158 bytes (1 switches on core 0)
2026-05-29 07:06:28.911 7 WARNING neutron.scheduler.dhcp_agent_scheduler [None req-2db21f8c-3c42-4d6b-926f-3fc4c1126f5f 01d09036b41f477b94766efa197de94f a0ffb5e6f10b437fa19968c1af193a6e - - default default] No more DHCP agents
2026-05-29 07:06:28.913 7 WARNING neutron.api.rpc.agentnotifiers.dhcp_rpc_agent_api [None req-2db21f8c-3c42-4d6b-926f-3fc4c1126f5f 01d09036b41f477b94766efa197de94f a0ffb5e6f10b437fa19968c1af193a6e - - default default] Unable to schedule network 9300058d-e02c-4777-9443-7872e13b2dc6: no agents available; will retry on subsequent port and subnet creation events. [pid: 8|app: 0|req: 1125/2298] 10.0.0.219 () {32 vars in 739 bytes} [Fri May 29 07:06:28 2026] DELETE /v2.0/security-groups/27caf624-01ed-4099-ac30-ebd9251f7a99 => generated 0 bytes in 128 msecs (HTTP/1.1 204) 2 headers in 112 bytes (1 switches on core 0) [pid: 8|app: 0|req: 1126/2299] 10.0.0.219 () {32 vars in 739 bytes} [Fri May 29 07:06:29 2026] DELETE /v2.0/security-groups/6f51e481-ad54-4417-8bbf-260957836527 => generated 0 bytes in 246 msecs (HTTP/1.1 204) 2 headers in 112 bytes (1 switches on core 0) [pid: 8|app: 0|req: 1127/2300] 10.0.0.219 () {32 vars in 687 bytes} [Fri May 29 07:06:29 2026] GET /v2.0/security-groups?not-tags=red => generated 6094 bytes in 39 msecs (HTTP/1.1 200) 4 headers in 158 bytes (1 switches on core 0)
2026-05-29 07:06:29.307 8 INFO neutron.api.v2.resource [None req-48fa477c-872e-4a69-a098-f0e2c8d95f6f 6aaaea68d4c84a67ac5e1458ffa4acb3 105e5dc02cee4cda881561380abefed9 - - default default] show failed (client error): The resource could not be found. [pid: 8|app: 0|req: 1128/2301] 10.0.0.219 () {32 vars in 736 bytes} [Fri May 29 07:06:29 2026] GET /v2.0/security-groups/27caf624-01ed-4099-ac30-ebd9251f7a99 => generated 146 bytes in 8 msecs (HTTP/1.1 404) 4 headers in 164 bytes (1 switches on core 0)
2026-05-29 07:06:29.318 7 INFO neutron.db.ovn_revision_numbers_db [None req-2db21f8c-3c42-4d6b-926f-3fc4c1126f5f 01d09036b41f477b94766efa197de94f a0ffb5e6f10b437fa19968c1af193a6e - - default default] Successfully bumped revision number for resource 82d8aa95-b83b-4813-9c26-168d7b1519c2 (type: router_ports) to 1 [pid: 7|app: 0|req: 1174/2302] 10.0.0.219 () {34 vars in 782 bytes} [Fri May 29 07:06:27 2026] PUT /v2.0/routers/b50e4ff2-aab8-4f8c-ba05-17a2b82e34ec/add_router_interface => generated 309 bytes in 2076 msecs (HTTP/1.1 200) 4 headers in 157 bytes (1 switches on core 0) [pid: 8|app: 0|req: 1129/2303] 10.0.0.219 () {32 vars in 701 bytes} [Fri May 29 07:06:29 2026] GET /v2.0/security-groups?not-tags=red%2Cblue => generated 7680 bytes in 46 msecs (HTTP/1.1 200) 4 headers in 158 bytes (1 switches on core 0)
2026-05-29 07:06:29.447 7 INFO neutron_taas.services.taas.taas_plugin [None req-3d749da4-1e3e-4621-9c7c-6028e8f5be7d 6aaaea68d4c84a67ac5e1458ffa4acb3 105e5dc02cee4cda881561380abefed9 - - default default] TaaS: Handle Delete Port: c5d58d7d-48aa-4d83-96be-e030fadac6dc
2026-05-29 07:06:29.449 7 INFO neutron_taas.services.taas.tap_mirror_plugin [None req-3d749da4-1e3e-4621-9c7c-6028e8f5be7d 6aaaea68d4c84a67ac5e1458ffa4acb3 105e5dc02cee4cda881561380abefed9 - - default default] Tap Mirror: Handle Delete Port: c5d58d7d-48aa-4d83-96be-e030fadac6dc [pid: 7|app: 0|req: 1175/2304] 10.0.0.219 () {32 vars in 731 bytes} [Fri May 29 07:06:29 2026] DELETE /v2.0/floatingips/06c0fb4c-fd9c-4a70-a9ed-afc33c7b0dda => generated 0 bytes in 302 msecs (HTTP/1.1 204) 2 headers in 112 bytes (1 switches on core 0) [pid: 7|app: 0|req: 1176/2305] 10.0.0.219 () {32 vars in 697 bytes} [Fri May 29 07:06:29 2026] GET /v2.0/security-groups?not-tags-any=blue => generated 7680 bytes in 43 msecs (HTTP/1.1 200) 4 headers in 158 bytes (1 switches on core 0) [pid: 7|app: 0|req: 1177/2306] 10.0.0.219 () {32 vars in 739 bytes} [Fri May 29 07:06:29 2026] DELETE /v2.0/security-groups/39058a30-5507-41c8-8adf-30053b08b041 => generated 0 bytes in 188 msecs (HTTP/1.1 204) 2 headers in 112 bytes (1 switches on core 0) [pid: 7|app: 0|req: 1178/2307] 10.0.0.219 () {32 vars in 709 bytes} [Fri May 29 07:06:29 2026] GET /v2.0/security-groups?not-tags-any=red%2Cblue => generated 6094 bytes in 40 msecs (HTTP/1.1 200) 4 headers in 158 bytes (1 switches on core 0)
2026-05-29 07:06:29.979 8 WARNING neutron.scheduler.dhcp_agent_scheduler [None req-1505840e-964a-4fae-83d8-8d6c67baef8b - - - - - -] No more DHCP agents
2026-05-29 07:06:29.980 8 WARNING neutron.api.rpc.agentnotifiers.dhcp_rpc_agent_api [None req-1505840e-964a-4fae-83d8-8d6c67baef8b - - - - - -] Unable to schedule network f335f809-edd1-43ca-8865-fdc41e095345: no agents available; will retry on subsequent port and subnet creation events.
2026-05-29 07:06:30.106 8 INFO neutron.db.ovn_revision_numbers_db [None req-1505840e-964a-4fae-83d8-8d6c67baef8b - - - - - -] Successfully bumped revision number for resource 2a71ee22-d4d3-4c5b-a91f-2e58b5aa0e3b (type: ports) to 1
2026-05-29 07:06:30.209 7 INFO neutron_taas.services.taas.taas_plugin [None req-945e5572-fade-4bcf-8160-340369488af0 ee72858e38174eb2b0e90b125025c30e 279e07e17c5f4c0696424614471af01f - - default default] TaaS: Handle Delete Port: 9b2510c9-b6d9-4273-a3e7-42aaac791abf
2026-05-29 07:06:30.212 7 INFO neutron_taas.services.taas.tap_mirror_plugin [None req-945e5572-fade-4bcf-8160-340369488af0 ee72858e38174eb2b0e90b125025c30e 279e07e17c5f4c0696424614471af01f - - default default] Tap Mirror: Handle Delete Port: 9b2510c9-b6d9-4273-a3e7-42aaac791abf
2026-05-29 07:06:30.320 8 INFO neutron.db.ovn_revision_numbers_db [None req-1505840e-964a-4fae-83d8-8d6c67baef8b - - - - - -] Successfully bumped revision number for resource 2a71ee22-d4d3-4c5b-a91f-2e58b5aa0e3b (type: ports) to 3
2026-05-29 07:06:30.379 8 INFO neutron.db.segments_db [None req-1505840e-964a-4fae-83d8-8d6c67baef8b - - - - - -] Added segment 91ab9b81-2800-4a16-98c0-31800b2bbcbb of type geneve for network 44f0ef1b-bb3e-4b3a-8470-758b7cc38f6d
2026-05-29 07:06:30.514 8 INFO neutron.db.ovn_revision_numbers_db [None req-3dbbf128-fcc2-444a-a966-9f598bd5f3b3 - - - - - -] Successfully bumped revision number for resource 44f0ef1b-bb3e-4b3a-8470-758b7cc38f6d (type: networks) to 1
2026-05-29 07:06:30.658 8 WARNING neutron.scheduler.dhcp_agent_scheduler [None req-3dbbf128-fcc2-444a-a966-9f598bd5f3b3 - - - - - -] No more DHCP agents
2026-05-29 07:06:30.659 8 WARNING neutron.api.rpc.agentnotifiers.dhcp_rpc_agent_api [None req-3dbbf128-fcc2-444a-a966-9f598bd5f3b3 - - - - - -] Unable to schedule network 44f0ef1b-bb3e-4b3a-8470-758b7cc38f6d: no agents available; will retry on subsequent port and subnet creation events.
2026-05-29 07:06:30.731 8 INFO neutron.db.ovn_revision_numbers_db [None req-3dbbf128-fcc2-444a-a966-9f598bd5f3b3 - - - - - -] Successfully bumped revision number for resource 0b284b98-31d1-4ba3-923a-2782b203881f (type: ports) to 1
2026-05-29 07:06:30.832 8 WARNING neutron.scheduler.dhcp_agent_scheduler [None req-3dbbf128-fcc2-444a-a966-9f598bd5f3b3 - - - - - -] No more DHCP agents
2026-05-29 07:06:30.833 8 WARNING neutron.api.rpc.agentnotifiers.dhcp_rpc_agent_api [None req-3dbbf128-fcc2-444a-a966-9f598bd5f3b3 - - - - - -] Unable to schedule network 44f0ef1b-bb3e-4b3a-8470-758b7cc38f6d: no agents available; will retry on subsequent port and subnet creation events.
2026-05-29 07:06:30.855 8 INFO neutron.db.ovn_revision_numbers_db [None req-3dbbf128-fcc2-444a-a966-9f598bd5f3b3 - - - - - -] Successfully bumped revision number for resource d0b4cb15-9d97-416f-a2ee-332326df2dc7 (type: subnets) to 0 [pid: 7|app: 0|req: 1179/2308] 10.0.0.219 () {34 vars in 788 bytes} [Fri May 29 07:06:29 2026] PUT /v2.0/routers/0c91936a-a608-41c3-bcff-fa2c9cafb597/remove_router_interface => generated 309 bytes in 1089 msecs (HTTP/1.1 200) 4 headers in 157 bytes (1 switches on core 0) /var/lib/openstack/lib/python3.12/site-packages/pycadf/identifier.py:70: UserWarning: Invalid uuid: neutron. To ensure interoperability, identifiers should be a valid uuid. warnings.warn(('Invalid uuid: %s. To ensure interoperability, ' [pid: 7|app: 0|req: 1180/2309] 10.0.0.219 () {32 vars in 739 bytes} [Fri May 29 07:06:30 2026] DELETE /v2.0/security-groups/e5ab59ef-9bdc-40c9-84ff-2fd40522ae0e => generated 0 bytes in 120 msecs (HTTP/1.1 204) 2 headers in 112 bytes (1 switches on core 0)
