2026-04-23 09:32:35.299 7 INFO neutron_taas.services.taas.tap_mirror_plugin [None req-4bdbdb41-0a0b-4539-a1c1-ccd6c961e0fb a3ce890cfbec4e23953f862651472505 78661887968346fcbd4915c8d0d1c72f - - default default] Tap Mirror: Handle Delete Port: d2820101-3033-4929-a130-37b6cbc45140 [pid: 8|app: 0|req: 503/1016] 10.0.0.10 () {32 vars in 739 bytes} [Thu Apr 23 09:32:35 2026] DELETE /v2.0/security-groups/097489c4-0d5e-47d9-9149-e6498c4c7bf2 => generated 0 bytes in 189 msecs (HTTP/1.1 204) 2 headers in 112 bytes (1 switches on core 0) [pid: 8|app: 0|req: 504/1017] 10.0.0.10 () {32 vars in 739 bytes} [Thu Apr 23 09:32:35 2026] DELETE /v2.0/security-groups/d789ff16-c694-4ec4-8a5c-2c25f1d8bc76 => generated 0 bytes in 205 msecs (HTTP/1.1 204) 2 headers in 112 bytes (1 switches on core 0)
2026-04-23 09:32:35.620 8 INFO neutron.api.v2.resource [None req-198b8ca7-b72f-4354-8aed-ea5379c288c8 9616c732e5c24e7a99f3f1ec32a03197 7aeb52299fac4549a9262c98438b0a37 - - default default] show failed (client error): The resource could not be found. [pid: 8|app: 0|req: 505/1018] 10.0.0.10 () {32 vars in 736 bytes} [Thu Apr 23 09:32:35 2026] GET /v2.0/security-groups/d789ff16-c694-4ec4-8a5c-2c25f1d8bc76 => generated 146 bytes in 11 msecs (HTTP/1.1 404) 4 headers in 164 bytes (1 switches on core 0)
2026-04-23 09:32:35.740 8 INFO neutron_taas.services.taas.taas_plugin [None req-016cbe6a-9855-4010-b824-30ecf3853368 9616c732e5c24e7a99f3f1ec32a03197 7aeb52299fac4549a9262c98438b0a37 - - default default] TaaS: Handle Delete Port: ca33025d-326a-4003-af87-f56e42e0f6db
2026-04-23 09:32:35.744 8 INFO neutron_taas.services.taas.tap_mirror_plugin [None req-016cbe6a-9855-4010-b824-30ecf3853368 9616c732e5c24e7a99f3f1ec32a03197 7aeb52299fac4549a9262c98438b0a37 - - default default] Tap Mirror: Handle Delete Port: ca33025d-326a-4003-af87-f56e42e0f6db [pid: 7|app: 0|req: 514/1019] 10.0.0.10 () {32 vars in 723 bytes} [Thu Apr 23 09:32:34 2026] DELETE /v2.0/routers/509cbbca-270a-453b-b166-6e061510d15e => generated 0 bytes in 863 msecs (HTTP/1.1 204) 2 headers in 112 bytes (1 switches on core 0) [pid: 8|app: 0|req: 506/1020] 10.0.0.10 () {32 vars in 731 bytes} [Thu Apr 23 09:32:35 2026] DELETE /v2.0/floatingips/a5772e53-3e22-4d3c-8f77-8848308f600b => generated 0 bytes in 322 msecs (HTTP/1.1 204) 2 headers in 112 bytes (1 switches on core 0) [pid: 7|app: 0|req: 515/1021] 10.0.0.10 () {32 vars in 723 bytes} [Thu Apr 23 09:32:35 2026] DELETE /v2.0/subnets/b726be53-18da-48dc-bdce-09a432fbc03f => generated 0 bytes in 152 msecs (HTTP/1.1 204) 3 headers in 131 bytes (1 switches on core 0)
2026-04-23 09:32:36.106 8 INFO neutron_taas.services.taas.taas_plugin [None req-e149ee1c-931c-494e-b042-f1152bc3a00c a3ce890cfbec4e23953f862651472505 78661887968346fcbd4915c8d0d1c72f - - default default] TaaS: Handle Delete Port: 897c56c6-ddf1-4af0-8146-0e5a03d689d7
2026-04-23 09:32:36.109 8 INFO neutron_taas.services.taas.tap_mirror_plugin [None req-e149ee1c-931c-494e-b042-f1152bc3a00c a3ce890cfbec4e23953f862651472505 78661887968346fcbd4915c8d0d1c72f - - default default] Tap Mirror: Handle Delete Port: 897c56c6-ddf1-4af0-8146-0e5a03d689d7
2026-04-23 09:32:36.310 8 INFO neutron.services.segments.plugin [-] Segment a77a15fd-23f5-4947-a8d1-d490097c2f8c resource provider aggregate not found
2026-04-23 09:32:36.314 8 INFO neutron.services.segments.plugin [-] Segment a77a15fd-23f5-4947-a8d1-d490097c2f8c resource provider aggregate not found
2026-04-23 09:32:36.335 8 INFO neutron.services.segments.plugin [-] Segment a77a15fd-23f5-4947-a8d1-d490097c2f8c resource provider not found; error: Placement Client Error (4xx): {"errors": [{"status": 404, "title": "Not Found", "detail": "The resource could not be found.\n\n No resource provider with uuid a77a15fd-23f5-4947-a8d1-d490097c2f8c found for delete ", "request_id": "req-26650f1f-9485-476a-8903-8a20b34c35a1"}]}
2026-04-23 09:32:36.336 8 INFO neutron.services.segments.plugin [-] Segment a77a15fd-23f5-4947-a8d1-d490097c2f8c resource provider not found; error: Placement Client Error (4xx): {"errors": [{"status": 404, "title": "Not Found", "detail": "The resource could not be found.\n\n No resource provider with uuid a77a15fd-23f5-4947-a8d1-d490097c2f8c found for delete ", "request_id": "req-288f16b9-83a3-4aea-806b-ae5c4fc83978"}]}
2026-04-23 09:32:36.354 7 INFO neutron_taas.services.taas.taas_plugin [None req-f9dfd063-dfbc-4567-8170-dcb4d7cc675d a3ce890cfbec4e23953f862651472505 78661887968346fcbd4915c8d0d1c72f - - default default] TaaS: Handle Delete Port: 8a2f37ca-8780-4f49-bf95-be7e361d0c86
2026-04-23 09:32:36.359 7 INFO neutron_taas.services.taas.tap_mirror_plugin [None req-f9dfd063-dfbc-4567-8170-dcb4d7cc675d a3ce890cfbec4e23953f862651472505 78661887968346fcbd4915c8d0d1c72f - - default default] Tap Mirror: Handle Delete Port: 8a2f37ca-8780-4f49-bf95-be7e361d0c86 [pid: 8|app: 0|req: 507/1022] 10.0.0.10 () {32 vars in 725 bytes} [Thu Apr 23 09:32:35 2026] DELETE /v2.0/networks/c77cee07-dcdf-405c-bbf4-1c7d813d27ea => generated 0 bytes in 414 msecs (HTTP/1.1 204) 3 headers in 131 bytes (1 switches on core 0)
2026-04-23 09:32:36.541 8 WARNING neutron.db.securitygroups_db [None req-c2c3c26f-985e-42d6-93f3-e55464105a6f a3ce890cfbec4e23953f862651472505 78661887968346fcbd4915c8d0d1c72f - - default default] project_id key not found in filters, using tenant_id instead. This support has been deprecated and will be removed in a future release. [pid: 8|app: 0|req: 508/1023] 10.0.0.10 () {32 vars in 773 bytes} [Thu Apr 23 09:32:36 2026] GET /v2.0/security-groups?tenant_id=317ff90bf7214ba7ba8fb4eabfd3b187&name=default => generated 2925 bytes in 40 msecs (HTTP/1.1 200) 4 headers in 158 bytes (1 switches on core 0) [pid: 8|app: 0|req: 509/1024] 10.0.0.10 () {32 vars in 739 bytes} [Thu Apr 23 09:32:36 2026] DELETE /v2.0/security-groups/827dc6d2-986f-4d89-b36f-c82d5bceb638 => generated 0 bytes in 162 msecs (HTTP/1.1 204) 2 headers in 112 bytes (1 switches on core 0) [pid: 7|app: 0|req: 516/1025] 10.0.0.10 () {34 vars in 788 bytes} [Thu Apr 23 09:32:36 2026] PUT /v2.0/routers/16d28cc8-1b12-4895-bb1d-ce3ccf5434eb/remove_router_interface => generated 310 bytes in 933 msecs (HTTP/1.1 200) 4 headers in 157 bytes (1 switches on core 0)
2026-04-23 09:32:37.287 8 INFO neutron_taas.services.taas.taas_plugin [None req-e632865c-7f77-41be-9945-2505afe4179c a3ce890cfbec4e23953f862651472505 78661887968346fcbd4915c8d0d1c72f - - default default] TaaS: Handle Delete Port: 5b935c07-c74c-4c07-b626-2ef3097da82d
2026-04-23 09:32:37.290 8 INFO neutron_taas.services.taas.tap_mirror_plugin [None req-e632865c-7f77-41be-9945-2505afe4179c a3ce890cfbec4e23953f862651472505 78661887968346fcbd4915c8d0d1c72f - - default default] Tap Mirror: Handle Delete Port: 5b935c07-c74c-4c07-b626-2ef3097da82d [pid: 8|app: 0|req: 510/1026] 10.0.0.10 () {32 vars in 723 bytes} [Thu Apr 23 09:32:36 2026] DELETE /v2.0/routers/16d28cc8-1b12-4895-bb1d-ce3ccf5434eb => generated 0 bytes in 782 msecs (HTTP/1.1 204) 2 headers in 112 bytes (1 switches on core 0) /var/lib/openstack/lib/python3.12/site-packages/pycadf/identifier.py:70: UserWarning: Invalid uuid: neutron. To ensure interoperability, identifiers should be a valid uuid. warnings.warn(('Invalid uuid: %s. To ensure interoperability, ' [pid: 7|app: 0|req: 517/1027] 10.0.0.10 () {32 vars in 723 bytes} [Thu Apr 23 09:32:37 2026] DELETE /v2.0/subnets/43072046-7cac-4b4a-a248-938f884362e0 => generated 0 bytes in 191 msecs (HTTP/1.1 204) 3 headers in 131 bytes (1 switches on core 0)
2026-04-23 09:32:38.092 8 INFO neutron_taas.services.taas.taas_plugin [None req-805ae9a1-304b-4cec-a475-518fe16a56a8 a3ce890cfbec4e23953f862651472505 78661887968346fcbd4915c8d0d1c72f - - default default] TaaS: Handle Delete Port: 1f7450f0-95da-4685-935e-8dfbbe5fe738
2026-04-23 09:32:38.094 8 INFO neutron_taas.services.taas.tap_mirror_plugin [None req-805ae9a1-304b-4cec-a475-518fe16a56a8 a3ce890cfbec4e23953f862651472505 78661887968346fcbd4915c8d0d1c72f - - default default] Tap Mirror: Handle Delete Port: 1f7450f0-95da-4685-935e-8dfbbe5fe738
2026-04-23 09:32:38.324 7 WARNING neutron.db.securitygroups_db [None req-4936853a-c173-47a0-9e35-2370f2cebbd0 a3ce890cfbec4e23953f862651472505 78661887968346fcbd4915c8d0d1c72f - - default default] project_id key not found in filters, using tenant_id instead. This support has been deprecated and will be removed in a future release. [pid: 8|app: 0|req: 511/1028] 10.0.0.10 () {32 vars in 725 bytes} [Thu Apr 23 09:32:37 2026] DELETE /v2.0/networks/3fc4dfd4-3f0b-4fa8-995f-5bef3ad72540 => generated 0 bytes in 362 msecs (HTTP/1.1 204) 3 headers in 131 bytes (1 switches on core 0)
2026-04-23 09:32:38.352 8 INFO neutron.services.segments.plugin [-] Segment 799a6e72-c4f2-48cf-87e1-efb06f7ce7a3 resource provider aggregate not found
2026-04-23 09:32:38.359 8 INFO neutron.services.segments.plugin [-] Segment 799a6e72-c4f2-48cf-87e1-efb06f7ce7a3 resource provider aggregate not found
2026-04-23 09:32:38.364 8 INFO neutron.services.segments.plugin [-] Segment 799a6e72-c4f2-48cf-87e1-efb06f7ce7a3 resource provider not found; error: Placement Client Error (4xx): {"errors": [{"status": 404, "title": "Not Found", "detail": "The resource could not be found.\n\n No resource provider with uuid 799a6e72-c4f2-48cf-87e1-efb06f7ce7a3 found for delete ", "request_id": "req-c2f28ed8-9048-4bfe-ae38-0e6204b036f2"}]}
2026-04-23 09:32:38.379 8 INFO neutron.services.segments.plugin [-] Segment 799a6e72-c4f2-48cf-87e1-efb06f7ce7a3 resource provider not found; error: Placement Client Error (4xx): {"errors": [{"status": 404, "title": "Not Found", "detail": "The resource could not be found.\n\n No resource provider with uuid 799a6e72-c4f2-48cf-87e1-efb06f7ce7a3 found for delete ", "request_id": "req-e79ce032-c2c0-4c8e-a06e-5f0b098e55ae"}]}
2026-04-23 09:32:38.489 8 WARNING neutron.db.securitygroups_db [None req-2e257432-dc8f-411b-8d95-0c2cc4ca8abe a3ce890cfbec4e23953f862651472505 78661887968346fcbd4915c8d0d1c72f - - default default] project_id key not found in filters, using tenant_id instead. This support has been deprecated and will be removed in a future release.
2026-04-23 09:32:38.494 7 INFO neutron.db.ovn_revision_numbers_db [None req-4936853a-c173-47a0-9e35-2370f2cebbd0 a3ce890cfbec4e23953f862651472505 78661887968346fcbd4915c8d0d1c72f - - default default] Successfully bumped revision number for resource 1b145af1-8723-44ef-ad10-7adb7170e7d0 (type: security_groups) to 1
2026-04-23 09:32:38.508 7 INFO neutron.db.ovn_revision_numbers_db [None req-4936853a-c173-47a0-9e35-2370f2cebbd0 a3ce890cfbec4e23953f862651472505 78661887968346fcbd4915c8d0d1c72f - - default default] Successfully bumped revision number for resource 36d0dc4a-1f9f-455b-ae97-2eddc0ce3275 (type: security_group_rules) to 0
2026-04-23 09:32:38.523 7 INFO neutron.db.ovn_revision_numbers_db [None req-4936853a-c173-47a0-9e35-2370f2cebbd0 a3ce890cfbec4e23953f862651472505 78661887968346fcbd4915c8d0d1c72f - - default default] Successfully bumped revision number for resource 7bfb7290-0774-44a6-acec-4f10d5e6e59f (type: security_group_rules) to 0 [pid: 8|app: 0|req: 512/1029] 10.0.0.10 () {32 vars in 773 bytes} [Thu Apr 23 09:32:38 2026] GET /v2.0/security-groups?tenant_id=7aeb52299fac4549a9262c98438b0a37&name=default => generated 2921 bytes in 42 msecs (HTTP/1.1 200) 4 headers in 158 bytes (1 switches on core 0)
2026-04-23 09:32:38.538 7 INFO neutron.db.ovn_revision_numbers_db [None req-4936853a-c173-47a0-9e35-2370f2cebbd0 a3ce890cfbec4e23953f862651472505 78661887968346fcbd4915c8d0d1c72f - - default default] Successfully bumped revision number for resource de0b3c2f-2c44-4f90-9b16-6d5965992bdf (type: security_group_rules) to 0
2026-04-23 09:32:38.552 7 INFO neutron.db.ovn_revision_numbers_db [None req-4936853a-c173-47a0-9e35-2370f2cebbd0 a3ce890cfbec4e23953f862651472505 78661887968346fcbd4915c8d0d1c72f - - default default] Successfully bumped revision number for resource e139a7cb-e6f4-41d4-84a0-3e0c710dd347 (type: security_group_rules) to 0 [pid: 7|app: 0|req: 518/1030] 10.0.0.10 () {32 vars in 773 bytes} [Thu Apr 23 09:32:38 2026] GET /v2.0/security-groups?tenant_id=06c1a5290e2448f1858e49431d3c111f&name=default => generated 2925 bytes in 463 msecs (HTTP/1.1 200) 4 headers in 158 bytes (1 switches on core 0) [pid: 8|app: 0|req: 513/1031] 10.0.0.10 () {32 vars in 739 bytes} [Thu Apr 23 09:32:38 2026] DELETE /v2.0/security-groups/989c46c1-9ee0-4dc5-9be9-91b6fefeeccf => generated 0 bytes in 231 msecs (HTTP/1.1 204) 2 headers in 112 bytes (1 switches on core 0) [pid: 7|app: 0|req: 519/1032] 10.0.0.10 () {32 vars in 739 bytes} [Thu Apr 23 09:32:38 2026] DELETE /v2.0/security-groups/1b145af1-8723-44ef-ad10-7adb7170e7d0 => generated 0 bytes in 193 msecs (HTTP/1.1 204) 2 headers in 112 bytes (1 switches on core 0)
2026-04-23 09:32:38.896 8 WARNING neutron.db.securitygroups_db [None req-577552d8-fd75-42b1-8603-62269ac3f92d a3ce890cfbec4e23953f862651472505 78661887968346fcbd4915c8d0d1c72f - - default default] project_id key not found in filters, using tenant_id instead. This support has been deprecated and will be removed in a future release.
2026-04-23 09:32:39.031 8 INFO neutron.db.ovn_revision_numbers_db [None req-577552d8-fd75-42b1-8603-62269ac3f92d a3ce890cfbec4e23953f862651472505 78661887968346fcbd4915c8d0d1c72f - - default default] Successfully bumped revision number for resource f84594f1-83b2-4c29-a026-e3e043e4534b (type: security_groups) to 1
2026-04-23 09:32:39.041 8 INFO neutron.db.ovn_revision_numbers_db [None req-577552d8-fd75-42b1-8603-62269ac3f92d a3ce890cfbec4e23953f862651472505 78661887968346fcbd4915c8d0d1c72f - - default default] Successfully bumped revision number for resource 7a7e2d1c-dbb1-403c-83cb-b32b60d4c2ef (type: security_group_rules) to 0
2026-04-23 09:32:39.056 8 INFO neutron.db.ovn_revision_numbers_db [None req-577552d8-fd75-42b1-8603-62269ac3f92d a3ce890cfbec4e23953f862651472505 78661887968346fcbd4915c8d0d1c72f - - default default] Successfully bumped revision number for resource a948d319-bfbf-4bd8-96b8-93029bd7a999 (type: security_group_rules) to 0
2026-04-23 09:32:39.078 8 INFO neutron.db.ovn_revision_numbers_db [None req-577552d8-fd75-42b1-8603-62269ac3f92d a3ce890cfbec4e23953f862651472505 78661887968346fcbd4915c8d0d1c72f - - default default] Successfully bumped revision number for resource bba3d2e8-dc96-44ed-a2bc-2ca9ac9693db (type: security_group_rules) to 0
2026-04-23 09:32:39.097 8 INFO neutron.db.ovn_revision_numbers_db [None req-577552d8-fd75-42b1-8603-62269ac3f92d a3ce890cfbec4e23953f862651472505 78661887968346fcbd4915c8d0d1c72f - - default default] Successfully bumped revision number for resource d0fece18-b056-44b5-98f9-872fb7f83929 (type: security_group_rules) to 0 [pid: 8|app: 0|req: 514/1033] 10.0.0.10 () {32 vars in 773 bytes} [Thu Apr 23 09:32:38 2026] GET /v2.0/security-groups?tenant_id=7156fc0c8b27415798e85f6e861c7713&name=default => generated 2925 bytes in 261 msecs (HTTP/1.1 200) 4 headers in 158 bytes (1 switches on core 0) [pid: 7|app: 0|req: 520/1034] 10.0.0.10 () {32 vars in 739 bytes} [Thu Apr 23 09:32:39 2026] DELETE /v2.0/security-groups/f84594f1-83b2-4c29-a026-e3e043e4534b => generated 0 bytes in 221 msecs (HTTP/1.1 204) 2 headers in 112 bytes (1 switches on core 0)
2026-04-23 09:32:41.036 8 INFO neutron.db.ovn_revision_numbers_db [None req-d04d7107-550b-4b17-9f0f-4b2a750499d1 a3ce890cfbec4e23953f862651472505 78661887968346fcbd4915c8d0d1c72f - - default default] Successfully bumped revision number for resource 01c1c072-b2c7-4021-8b88-67fe45babae8 (type: security_groups) to 1
2026-04-23 09:32:41.049 8 INFO neutron.db.ovn_revision_numbers_db [None req-d04d7107-550b-4b17-9f0f-4b2a750499d1 a3ce890cfbec4e23953f862651472505 78661887968346fcbd4915c8d0d1c72f - - default default] Successfully bumped revision number for resource 81a51b29-e456-4388-ba1f-d4c6913d1d31 (type: security_group_rules) to 0
2026-04-23 09:32:41.060 8 INFO neutron.db.ovn_revision_numbers_db [None req-d04d7107-550b-4b17-9f0f-4b2a750499d1 a3ce890cfbec4e23953f862651472505 78661887968346fcbd4915c8d0d1c72f - - default default] Successfully bumped revision number for resource 8a24abc1-c62e-4eeb-9045-152a4dcd877a (type: security_group_rules) to 0
2026-04-23 09:32:41.072 8 INFO neutron.db.ovn_revision_numbers_db [None req-d04d7107-550b-4b17-9f0f-4b2a750499d1 a3ce890cfbec4e23953f862651472505 78661887968346fcbd4915c8d0d1c72f - - default default] Successfully bumped revision number for resource d1f5962a-44b4-425b-91f2-1778790583e2 (type: security_group_rules) to 0
2026-04-23 09:32:41.083 8 INFO neutron.db.ovn_revision_numbers_db [None req-d04d7107-550b-4b17-9f0f-4b2a750499d1 a3ce890cfbec4e23953f862651472505 78661887968346fcbd4915c8d0d1c72f - - default default] Successfully bumped revision number for resource f3ffc4d4-1fb8-43ae-bb64-4685184d6a9b (type: security_group_rules) to 0
2026-04-23 09:32:41.157 8 INFO neutron.db.segments_db [None req-d04d7107-550b-4b17-9f0f-4b2a750499d1 a3ce890cfbec4e23953f862651472505 78661887968346fcbd4915c8d0d1c72f - - default default] Added segment 4d5fd17f-cc54-4109-ab0f-b2bd44120058 of type geneve for network b9379aaa-82a9-45dc-b90a-054f61c21d8d
2026-04-23 09:32:41.163 7 WARNING neutron.db.securitygroups_db [None req-045df594-d44c-41e7-912f-73d034c02258 a3ce890cfbec4e23953f862651472505 78661887968346fcbd4915c8d0d1c72f - - default default] project_id key not found in filters, using tenant_id instead. This support has been deprecated and will be removed in a future release.
2026-04-23 09:32:41.247 8 INFO neutron.db.ovn_revision_numbers_db [None req-d04d7107-550b-4b17-9f0f-4b2a750499d1 a3ce890cfbec4e23953f862651472505 78661887968346fcbd4915c8d0d1c72f - - default default] Successfully bumped revision number for resource b9379aaa-82a9-45dc-b90a-054f61c21d8d (type: networks) to 1
2026-04-23 09:32:41.281 7 INFO neutron.db.ovn_revision_numbers_db [None req-045df594-d44c-41e7-912f-73d034c02258 a3ce890cfbec4e23953f862651472505 78661887968346fcbd4915c8d0d1c72f - - default default] Successfully bumped revision number for resource 72af2ad2-8a48-4fc2-98fc-2c005ae41cdc (type: security_groups) to 1
2026-04-23 09:32:41.298 7 INFO neutron.db.ovn_revision_numbers_db [None req-045df594-d44c-41e7-912f-73d034c02258 a3ce890cfbec4e23953f862651472505 78661887968346fcbd4915c8d0d1c72f - - default default] Successfully bumped revision number for resource 095658b5-d0b7-4335-809c-1fb2f4ab75c3 (type: security_group_rules) to 0
2026-04-23 09:32:41.313 7 INFO neutron.db.ovn_revision_numbers_db [None req-045df594-d44c-41e7-912f-73d034c02258 a3ce890cfbec4e23953f862651472505 78661887968346fcbd4915c8d0d1c72f - - default default] Successfully bumped revision number for resource 0d43c683-aad3-4ed2-89e5-283f6b4266bd (type: security_group_rules) to 0
2026-04-23 09:32:41.325 7 INFO neutron.db.ovn_revision_numbers_db [None req-045df594-d44c-41e7-912f-73d034c02258 a3ce890cfbec4e23953f862651472505 78661887968346fcbd4915c8d0d1c72f - - default default] Successfully bumped revision number for resource 7a0bffcf-29f9-4463-a21a-28d2fdda3cdc (type: security_group_rules) to 0
2026-04-23 09:32:41.348 7 INFO neutron.db.ovn_revision_numbers_db [None req-045df594-d44c-41e7-912f-73d034c02258 a3ce890cfbec4e23953f862651472505 78661887968346fcbd4915c8d0d1c72f - - default default] Successfully bumped revision number for resource c9cc76e1-2137-44aa-baa8-855c909fd297 (type: security_group_rules) to 0 [pid: 7|app: 0|req: 521/1035] 10.0.0.10 () {32 vars in 773 bytes} [Thu Apr 23 09:32:41 2026] GET /v2.0/security-groups?tenant_id=0e3b9231e351445886da2bc863061a28&name=default => generated 2925 bytes in 320 msecs (HTTP/1.1 200) 4 headers in 158 bytes (1 switches on core 0)
2026-04-23 09:32:41.433 8 WARNING neutron.scheduler.dhcp_agent_scheduler [None req-d04d7107-550b-4b17-9f0f-4b2a750499d1 a3ce890cfbec4e23953f862651472505 78661887968346fcbd4915c8d0d1c72f - - default default] No more DHCP agents
2026-04-23 09:32:41.435 8 WARNING neutron.api.rpc.agentnotifiers.dhcp_rpc_agent_api [None req-d04d7107-550b-4b17-9f0f-4b2a750499d1 a3ce890cfbec4e23953f862651472505 78661887968346fcbd4915c8d0d1c72f - - default default] Unable to schedule network b9379aaa-82a9-45dc-b90a-054f61c21d8d: no agents available; will retry on subsequent port and subnet creation events.
2026-04-23 09:32:41.492 8 INFO neutron.plugins.ml2.drivers.ovn.mech_driver.mech_driver [None req-9ed1e68a-2d88-40f3-a8f6-67b60f6a78c4 - - - - - -] OVN reports status down for port: e04fa463-85a0-4459-9aca-6fea14264d6f
2026-04-23 09:32:41.561 8 INFO neutron.db.ovn_revision_numbers_db [None req-d04d7107-550b-4b17-9f0f-4b2a750499d1 a3ce890cfbec4e23953f862651472505 78661887968346fcbd4915c8d0d1c72f - - default default] Successfully bumped revision number for resource e04fa463-85a0-4459-9aca-6fea14264d6f (type: ports) to 1 [pid: 7|app: 0|req: 522/1036] 10.0.0.10 () {32 vars in 739 bytes} [Thu Apr 23 09:32:41 2026] DELETE /v2.0/security-groups/72af2ad2-8a48-4fc2-98fc-2c005ae41cdc => generated 0 bytes in 207 msecs (HTTP/1.1 204) 2 headers in 112 bytes (1 switches on core 0) [pid: 8|app: 0|req: 515/1037] 10.0.0.10 () {34 vars in 670 bytes} [Thu Apr 23 09:32:40 2026] POST /v2.0/networks => generated 777 bytes in 995 msecs (HTTP/1.1 201) 4 headers in 162 bytes (1 switches on core 0)
2026-04-23 09:32:41.782 7 WARNING neutron.scheduler.dhcp_agent_scheduler [None req-2fa978c5-a72a-48e4-ba54-cb1ff29f6d14 a3ce890cfbec4e23953f862651472505 78661887968346fcbd4915c8d0d1c72f - - default default] No more DHCP agents
2026-04-23 09:32:41.783 7 WARNING neutron.api.rpc.agentnotifiers.dhcp_rpc_agent_api [None req-2fa978c5-a72a-48e4-ba54-cb1ff29f6d14 a3ce890cfbec4e23953f862651472505 78661887968346fcbd4915c8d0d1c72f - - default default] Unable to schedule network b9379aaa-82a9-45dc-b90a-054f61c21d8d: no agents available; will retry on subsequent port and subnet creation events.
2026-04-23 09:32:41.844 8 WARNING neutron.db.securitygroups_db [None req-03761704-7763-4ca7-a239-1edb94f89c7a a3ce890cfbec4e23953f862651472505 78661887968346fcbd4915c8d0d1c72f - - default default] project_id key not found in filters, using tenant_id instead. This support has been deprecated and will be removed in a future release.
2026-04-23 09:32:41.989 8 INFO neutron.db.ovn_revision_numbers_db [None req-03761704-7763-4ca7-a239-1edb94f89c7a a3ce890cfbec4e23953f862651472505 78661887968346fcbd4915c8d0d1c72f - - default default] Successfully bumped revision number for resource 1f5d9228-dbdb-4e5f-b567-1ec5d57b8f6e (type: security_groups) to 1
2026-04-23 09:32:41.999 8 INFO neutron.db.ovn_revision_numbers_db [None req-03761704-7763-4ca7-a239-1edb94f89c7a a3ce890cfbec4e23953f862651472505 78661887968346fcbd4915c8d0d1c72f - - default default] Successfully bumped revision number for resource 18c6d2bd-097a-47a3-a20d-fd0897b032c8 (type: security_group_rules) to 0
2026-04-23 09:32:42.012 8 INFO neutron.db.ovn_revision_numbers_db [None req-03761704-7763-4ca7-a239-1edb94f89c7a a3ce890cfbec4e23953f862651472505 78661887968346fcbd4915c8d0d1c72f - - default default] Successfully bumped revision number for resource 72eeb726-1bd1-48e1-ad10-af71116d64f8 (type: security_group_rules) to 0
2026-04-23 09:32:42.023 8 INFO neutron.db.ovn_revision_numbers_db [None req-03761704-7763-4ca7-a239-1edb94f89c7a a3ce890cfbec4e23953f862651472505 78661887968346fcbd4915c8d0d1c72f - - default default] Successfully bumped revision number for resource bcaa6683-73b4-4416-ae39-ec576af0a57e (type: security_group_rules) to 0
2026-04-23 09:32:42.033 8 INFO neutron.db.ovn_revision_numbers_db [None req-03761704-7763-4ca7-a239-1edb94f89c7a a3ce890cfbec4e23953f862651472505 78661887968346fcbd4915c8d0d1c72f - - default default] Successfully bumped revision number for resource db0b0a79-c2ec-4c67-a9b9-0dd6bd02fba3 (type: security_group_rules) to 0 [pid: 8|app: 0|req: 516/1038] 10.0.0.10 () {32 vars in 773 bytes} [Thu Apr 23 09:32:41 2026] GET /v2.0/security-groups?tenant_id=1187b7709897467b908ab504aa3323c9&name=default => generated 2925 bytes in 236 msecs (HTTP/1.1 200) 4 headers in 158 bytes (1 switches on core 0)
2026-04-23 09:32:42.221 7 INFO neutron.db.ovn_revision_numbers_db [None req-2fa978c5-a72a-48e4-ba54-cb1ff29f6d14 a3ce890cfbec4e23953f862651472505 78661887968346fcbd4915c8d0d1c72f - - default default] Successfully bumped revision number for resource e04fa463-85a0-4459-9aca-6fea14264d6f (type: ports) to 2
2026-04-23 09:32:42.262 7 INFO neutron.db.ovn_revision_numbers_db [None req-2fa978c5-a72a-48e4-ba54-cb1ff29f6d14 a3ce890cfbec4e23953f862651472505 78661887968346fcbd4915c8d0d1c72f - - default default] Successfully bumped revision number for resource 3ab63f0b-a61a-45e1-b634-b61deef81e09 (type: subnets) to 0 [pid: 8|app: 0|req: 517/1039] 10.0.0.10 () {32 vars in 739 bytes} [Thu Apr 23 09:32:42 2026] DELETE /v2.0/security-groups/1f5d9228-dbdb-4e5f-b567-1ec5d57b8f6e => generated 0 bytes in 189 msecs (HTTP/1.1 204) 2 headers in 112 bytes (1 switches on core 0) [pid: 7|app: 0|req: 523/1040] 10.0.0.10 () {34 vars in 668 bytes} [Thu Apr 23 09:32:41 2026] POST /v2.0/subnets => generated 683 bytes in 654 msecs (HTTP/1.1 201) 4 headers in 162 bytes (1 switches on core 0)
2026-04-23 09:32:42.701 8 WARNING neutron.scheduler.dhcp_agent_scheduler [None req-a26f5fe3-db1d-4044-9312-3761af359e5d a3ce890cfbec4e23953f862651472505 78661887968346fcbd4915c8d0d1c72f - - default default] No more DHCP agents
2026-04-23 09:32:42.702 8 WARNING neutron.api.rpc.agentnotifiers.dhcp_rpc_agent_api [None req-a26f5fe3-db1d-4044-9312-3761af359e5d a3ce890cfbec4e23953f862651472505 78661887968346fcbd4915c8d0d1c72f - - default default] Unable to schedule network b0b0d4be-c41e-4d95-a313-d159496ebddf: no agents available; will retry on subsequent port and subnet creation events.
2026-04-23 09:32:42.809 8 INFO neutron.plugins.ml2.drivers.ovn.mech_driver.mech_driver [None req-9ed1e68a-2d88-40f3-a8f6-67b60f6a78c4 - - - - - -] OVN reports status down for port: 153832db-0fac-4c25-b32c-0ec6d2f7fe60
2026-04-23 09:32:42.872 8 INFO neutron.db.ovn_revision_numbers_db [None req-a26f5fe3-db1d-4044-9312-3761af359e5d a3ce890cfbec4e23953f862651472505 78661887968346fcbd4915c8d0d1c72f - - default default] Successfully bumped revision number for resource 153832db-0fac-4c25-b32c-0ec6d2f7fe60 (type: ports) to 1
2026-04-23 09:32:43.471 7 WARNING neutron.db.securitygroups_db [None req-4cd06ed5-641d-4f96-859d-d0cbf4708421 a3ce890cfbec4e23953f862651472505 78661887968346fcbd4915c8d0d1c72f - - default default] project_id key not found in filters, using tenant_id instead. This support has been deprecated and will be removed in a future release.
2026-04-23 09:32:43.472 8 INFO neutron.plugins.ml2.drivers.ovn.mech_driver.ovsdb.ovsdb_monitor [None req-423bcbce-320e-4237-b4ed-8689f966b9a3 - - - - - -] Router d19065e1-ecb4-416e-96e2-9a86318c8e8a is bound to host instance
2026-04-23 09:32:43.507 8 INFO neutron.plugins.ml2.drivers.ovn.mech_driver.mech_driver [None req-9ed1e68a-2d88-40f3-a8f6-67b60f6a78c4 - - - - - -] OVN reports status up for port: 153832db-0fac-4c25-b32c-0ec6d2f7fe60
2026-04-23 09:32:43.536 8 INFO neutron.plugins.ml2.plugin [None req-9ed1e68a-2d88-40f3-a8f6-67b60f6a78c4 - - - - - -] Attempt 1 to provision port 153832db-0fac-4c25-b32c-0ec6d2f7fe60
2026-04-23 09:32:43.592 8 INFO neutron.db.ovn_revision_numbers_db [None req-a26f5fe3-db1d-4044-9312-3761af359e5d a3ce890cfbec4e23953f862651472505 78661887968346fcbd4915c8d0d1c72f - - default default] Successfully bumped revision number for resource 153832db-0fac-4c25-b32c-0ec6d2f7fe60 (type: router_ports) to 1
2026-04-23 09:32:43.620 7 INFO neutron.db.ovn_revision_numbers_db [None req-4cd06ed5-641d-4f96-859d-d0cbf4708421 a3ce890cfbec4e23953f862651472505 78661887968346fcbd4915c8d0d1c72f - - default default] Successfully bumped revision number for resource 884e96fa-fb32-4e7d-a143-1e2cf8d0dc02 (type: security_groups) to 1
2026-04-23 09:32:43.638 7 INFO neutron.db.ovn_revision_numbers_db [None req-4cd06ed5-641d-4f96-859d-d0cbf4708421 a3ce890cfbec4e23953f862651472505 78661887968346fcbd4915c8d0d1c72f - - default default] Successfully bumped revision number for resource 79c279be-6351-4a62-a0e3-d28a11aced9d (type: security_group_rules) to 0
2026-04-23 09:32:43.650 7 INFO neutron.db.ovn_revision_numbers_db [None req-4cd06ed5-641d-4f96-859d-d0cbf4708421 a3ce890cfbec4e23953f862651472505 78661887968346fcbd4915c8d0d1c72f - - default default] Successfully bumped revision number for resource 8faca127-1b6e-435e-aa02-7dc0b03c21c5 (type: security_group_rules) to 0
2026-04-23 09:32:43.660 7 INFO neutron.db.ovn_revision_numbers_db [None req-4cd06ed5-641d-4f96-859d-d0cbf4708421 a3ce890cfbec4e23953f862651472505 78661887968346fcbd4915c8d0d1c72f - - default default] Successfully bumped revision number for resource e1c46abd-6148-4e44-aaa0-457f588a5771 (type: security_group_rules) to 0
2026-04-23 09:32:43.672 7 INFO neutron.db.ovn_revision_numbers_db [None req-4cd06ed5-641d-4f96-859d-d0cbf4708421 a3ce890cfbec4e23953f862651472505 78661887968346fcbd4915c8d0d1c72f - - default default] Successfully bumped revision number for resource ead47a14-297f-4104-bc8c-9df0e315c37f (type: security_group_rules) to 0 [pid: 7|app: 0|req: 524/1041] 10.0.0.10 () {32 vars in 773 bytes} [Thu Apr 23 09:32:43 2026] GET /v2.0/security-groups?tenant_id=80286d3b7eb54fa784aa6ea5509ea35a&name=default => generated 2925 bytes in 456 msecs (HTTP/1.1 200) 4 headers in 158 bytes (1 switches on core 0)
2026-04-23 09:32:43.813 8 INFO neutron.db.ovn_revision_numbers_db [None req-a26f5fe3-db1d-4044-9312-3761af359e5d a3ce890cfbec4e23953f862651472505 78661887968346fcbd4915c8d0d1c72f - - default default] Successfully bumped revision number for resource d19065e1-ecb4-416e-96e2-9a86318c8e8a (type: routers) to 2 [pid: 8|app: 0|req: 518/1042] 10.0.0.10 () {34 vars in 668 bytes} [Thu Apr 23 09:32:42 2026] POST /v2.0/routers => generated 982 bytes in 1572 msecs (HTTP/1.1 201) 4 headers in 162 bytes (1 switches on core 0) [pid: 7|app: 0|req: 525/1043] 10.0.0.10 () {32 vars in 739 bytes} [Thu Apr 23 09:32:43 2026] DELETE /v2.0/security-groups/884e96fa-fb32-4e7d-a143-1e2cf8d0dc02 => generated 0 bytes in 216 msecs (HTTP/1.1 204) 2 headers in 112 bytes (1 switches on core 0)
2026-04-23 09:32:44.067 7 WARNING neutron.db.securitygroups_db [None req-389dcb4c-334b-4dbe-8a22-5771867d2108 a3ce890cfbec4e23953f862651472505 78661887968346fcbd4915c8d0d1c72f - - default default] project_id key not found in filters, using tenant_id instead. This support has been deprecated and will be removed in a future release.
2026-04-23 09:32:44.178 7 INFO neutron.db.ovn_revision_numbers_db [None req-389dcb4c-334b-4dbe-8a22-5771867d2108 a3ce890cfbec4e23953f862651472505 78661887968346fcbd4915c8d0d1c72f - - default default] Successfully bumped revision number for resource 781f8ec3-7c72-4a5c-9c32-4b298a9821ea (type: security_groups) to 1
2026-04-23 09:32:44.188 7 INFO neutron.db.ovn_revision_numbers_db [None req-389dcb4c-334b-4dbe-8a22-5771867d2108 a3ce890cfbec4e23953f862651472505 78661887968346fcbd4915c8d0d1c72f - - default default] Successfully bumped revision number for resource 354a888e-9804-49a3-a61a-a19194a514bf (type: security_group_rules) to 0
2026-04-23 09:32:44.198 7 INFO neutron.db.ovn_revision_numbers_db [None req-389dcb4c-334b-4dbe-8a22-5771867d2108 a3ce890cfbec4e23953f862651472505 78661887968346fcbd4915c8d0d1c72f - - default default] Successfully bumped revision number for resource 8479bebf-0efa-410e-a41a-1f6888edd3a2 (type: security_group_rules) to 0
2026-04-23 09:32:44.210 7 INFO neutron.db.ovn_revision_numbers_db [None req-389dcb4c-334b-4dbe-8a22-5771867d2108 a3ce890cfbec4e23953f862651472505 78661887968346fcbd4915c8d0d1c72f - - default default] Successfully bumped revision number for resource 8bb196e9-ef55-47dc-8317-7a91b5d51c35 (type: security_group_rules) to 0
2026-04-23 09:32:44.221 7 INFO neutron.db.ovn_revision_numbers_db [None req-389dcb4c-334b-4dbe-8a22-5771867d2108 a3ce890cfbec4e23953f862651472505 78661887968346fcbd4915c8d0d1c72f - - default default] Successfully bumped revision number for resource 9b988871-4bbe-476c-85c4-148fa7b40492 (type: security_group_rules) to 0 [pid: 7|app: 0|req: 526/1044] 10.0.0.10 () {32 vars in 773 bytes} [Thu Apr 23 09:32:44 2026] GET /v2.0/security-groups?tenant_id=aaac22d7c9ea478b8adf447d27d15cde&name=default => generated 2925 bytes in 191 msecs (HTTP/1.1 200) 4 headers in 158 bytes (1 switches on core 0) [pid: 7|app: 0|req: 527/1045] 10.0.0.10 () {32 vars in 739 bytes} [Thu Apr 23 09:32:44 2026] DELETE /v2.0/security-groups/781f8ec3-7c72-4a5c-9c32-4b298a9821ea => generated 0 bytes in 173 msecs (HTTP/1.1 204) 2 headers in 112 bytes (1 switches on core 0)
2026-04-23 09:32:44.679 8 WARNING neutron.scheduler.dhcp_agent_scheduler [None req-f8c62810-037a-43e8-b68b-05c56ad8fc70 a3ce890cfbec4e23953f862651472505 78661887968346fcbd4915c8d0d1c72f - - default default] No more DHCP agents
2026-04-23 09:32:44.682 8 WARNING neutron.api.rpc.agentnotifiers.dhcp_rpc_agent_api [None req-f8c62810-037a-43e8-b68b-05c56ad8fc70 a3ce890cfbec4e23953f862651472505 78661887968346fcbd4915c8d0d1c72f - - default default] Unable to schedule network b9379aaa-82a9-45dc-b90a-054f61c21d8d: no agents available; will retry on subsequent port and subnet creation events.
2026-04-23 09:32:44.914 7 INFO neutron.plugins.ml2.drivers.ovn.mech_driver.mech_driver [None req-2d1e8327-c2b4-4fdc-8826-20000e8a73b3 - - - - - -] OVN reports status down for port: 689b25d6-6d82-4025-819c-7cebf01ccc82
2026-04-23 09:32:44.989 8 INFO neutron.db.ovn_revision_numbers_db [None req-f8c62810-037a-43e8-b68b-05c56ad8fc70 a3ce890cfbec4e23953f862651472505 78661887968346fcbd4915c8d0d1c72f - - default default] Successfully bumped revision number for resource 689b25d6-6d82-4025-819c-7cebf01ccc82 (type: ports) to 1
2026-04-23 09:32:45.142 8 INFO neutron.db.ovn_revision_numbers_db [None req-97b5d4a0-e7cc-447b-82d9-d8cdc6436665 - - - - - -] Successfully bumped revision number for resource 153832db-0fac-4c25-b32c-0ec6d2f7fe60 (type: ports) to 4
2026-04-23 09:32:45.464 7 WARNING neutron.db.securitygroups_db [None req-6e6226b5-9576-4bda-8df8-0d34d9ed9dd6 a3ce890cfbec4e23953f862651472505 78661887968346fcbd4915c8d0d1c72f - - default default] project_id key not found in filters, using tenant_id instead. This support has been deprecated and will be removed in a future release.
2026-04-23 09:32:45.586 7 INFO neutron.db.ovn_revision_numbers_db [None req-6e6226b5-9576-4bda-8df8-0d34d9ed9dd6 a3ce890cfbec4e23953f862651472505 78661887968346fcbd4915c8d0d1c72f - - default default] Successfully bumped revision number for resource 809219bb-d4c0-42b7-a23c-bb37e9554781 (type: security_groups) to 1
2026-04-23 09:32:45.602 7 INFO neutron.db.ovn_revision_numbers_db [None req-6e6226b5-9576-4bda-8df8-0d34d9ed9dd6 a3ce890cfbec4e23953f862651472505 78661887968346fcbd4915c8d0d1c72f - - default default] Successfully bumped revision number for resource 27936ae7-dfa8-4f9b-bf12-b35f33f8b54f (type: security_group_rules) to 0
2026-04-23 09:32:45.613 7 INFO neutron.db.ovn_revision_numbers_db [None req-6e6226b5-9576-4bda-8df8-0d34d9ed9dd6 a3ce890cfbec4e23953f862651472505 78661887968346fcbd4915c8d0d1c72f - - default default] Successfully bumped revision number for resource a018ce25-1faf-415e-9267-98bc91d67723 (type: security_group_rules) to 0
2026-04-23 09:32:45.622 7 INFO neutron.db.ovn_revision_numbers_db [None req-6e6226b5-9576-4bda-8df8-0d34d9ed9dd6 a3ce890cfbec4e23953f862651472505 78661887968346fcbd4915c8d0d1c72f - - default default] Successfully bumped revision number for resource a1232044-55dc-422d-bb55-3b6d75361d1a (type: security_group_rules) to 0
2026-04-23 09:32:45.633 7 INFO neutron.db.ovn_revision_numbers_db [None req-6e6226b5-9576-4bda-8df8-0d34d9ed9dd6 a3ce890cfbec4e23953f862651472505 78661887968346fcbd4915c8d0d1c72f - - default default] Successfully bumped revision number for resource c61c7a9a-346d-4ca5-95bb-3a2c357f0d3a (type: security_group_rules) to 0 [pid: 7|app: 0|req: 528/1046] 10.0.0.10 () {32 vars in 773 bytes} [Thu Apr 23 09:32:45 2026] GET /v2.0/security-groups?tenant_id=077e4f8874604b71890ba665e314de8c&name=default => generated 2925 bytes in 350 msecs (HTTP/1.1 200) 4 headers in 158 bytes (1 switches on core 0) [pid: 7|app: 0|req: 529/1047] 10.0.0.10 () {32 vars in 739 bytes} [Thu Apr 23 09:32:45 2026] DELETE /v2.0/security-groups/809219bb-d4c0-42b7-a23c-bb37e9554781 => generated 0 bytes in 163 msecs (HTTP/1.1 204) 2 headers in 112 bytes (1 switches on core 0)
2026-04-23 09:32:45.937 8 INFO neutron.db.ovn_revision_numbers_db [None req-97b5d4a0-e7cc-447b-82d9-d8cdc6436665 - - - - - -] Successfully bumped revision number for resource 153832db-0fac-4c25-b32c-0ec6d2f7fe60 (type: ports) to 5
2026-04-23 09:32:46.087 7 INFO neutron.plugins.ml2.drivers.ovn.mech_driver.mech_driver [None req-2d1e8327-c2b4-4fdc-8826-20000e8a73b3 - - - - - -] OVN reports status up for port: 689b25d6-6d82-4025-819c-7cebf01ccc82
2026-04-23 09:32:46.098 7 INFO neutron.plugins.ml2.plugin [None req-2d1e8327-c2b4-4fdc-8826-20000e8a73b3 - - - - - -] Attempt 1 to provision port 689b25d6-6d82-4025-819c-7cebf01ccc82
2026-04-23 09:32:46.236 8 WARNING neutron.scheduler.dhcp_agent_scheduler [None req-f8c62810-037a-43e8-b68b-05c56ad8fc70 a3ce890cfbec4e23953f862651472505 78661887968346fcbd4915c8d0d1c72f - - default default] No more DHCP agents
2026-04-23 09:32:46.241 8 WARNING neutron.api.rpc.agentnotifiers.dhcp_rpc_agent_api [None req-f8c62810-037a-43e8-b68b-05c56ad8fc70 a3ce890cfbec4e23953f862651472505 78661887968346fcbd4915c8d0d1c72f - - default default] Unable to schedule network b9379aaa-82a9-45dc-b90a-054f61c21d8d: no agents available; will retry on subsequent port and subnet creation events.
2026-04-23 09:32:46.468 7 INFO neutron.db.ovn_revision_numbers_db [None req-2d1e8327-c2b4-4fdc-8826-20000e8a73b3 - - - - - -] Successfully bumped revision number for resource 689b25d6-6d82-4025-819c-7cebf01ccc82 (type: ports) to 2
2026-04-23 09:32:46.708 8 INFO neutron.db.ovn_revision_numbers_db [None req-f8c62810-037a-43e8-b68b-05c56ad8fc70 a3ce890cfbec4e23953f862651472505 78661887968346fcbd4915c8d0d1c72f - - default default] Successfully bumped revision number for resource 689b25d6-6d82-4025-819c-7cebf01ccc82 (type: router_ports) to 1 [pid: 8|app: 0|req: 519/1050] 10.0.0.10 () {34 vars in 782 bytes} [Thu Apr 23 09:32:43 2026] PUT /v2.0/routers/d19065e1-ecb4-416e-96e2-9a86318c8e8a/add_router_interface => generated 310 bytes in 2857 msecs (HTTP/1.1 200) 4 headers in 157 bytes (1 switches on core 0)
2026-04-23 09:32:47.247 7 WARNING neutron.db.securitygroups_db [None req-5c02e01d-71ba-46cb-93fa-18aec771d56b a3ce890cfbec4e23953f862651472505 78661887968346fcbd4915c8d0d1c72f - - default default] project_id key not found in filters, using tenant_id instead. This support has been deprecated and will be removed in a future release.
2026-04-23 09:32:47.390 7 INFO neutron.db.ovn_revision_numbers_db [None req-5c02e01d-71ba-46cb-93fa-18aec771d56b a3ce890cfbec4e23953f862651472505 78661887968346fcbd4915c8d0d1c72f - - default default] Successfully bumped revision number for resource 2cb66445-c9a0-463e-8655-9975766fa555 (type: security_groups) to 1
2026-04-23 09:32:47.419 7 INFO neutron.db.ovn_revision_numbers_db [None req-5c02e01d-71ba-46cb-93fa-18aec771d56b a3ce890cfbec4e23953f862651472505 78661887968346fcbd4915c8d0d1c72f - - default default] Successfully bumped revision number for resource 0b64a776-5887-4130-a80f-9918b445bb71 (type: security_group_rules) to 0
2026-04-23 09:32:47.433 7 INFO neutron.db.ovn_revision_numbers_db [None req-5c02e01d-71ba-46cb-93fa-18aec771d56b a3ce890cfbec4e23953f862651472505 78661887968346fcbd4915c8d0d1c72f - - default default] Successfully bumped revision number for resource 26487d20-51e3-4152-8dd2-8bb1b997477f (type: security_group_rules) to 0
2026-04-23 09:32:47.472 7 INFO neutron.db.ovn_revision_numbers_db [None req-5c02e01d-71ba-46cb-93fa-18aec771d56b a3ce890cfbec4e23953f862651472505 78661887968346fcbd4915c8d0d1c72f - - default default] Successfully bumped revision number for resource 2b059fc1-b43c-433c-b308-cefd79b67efc (type: security_group_rules) to 0
2026-04-23 09:32:47.484 7 INFO neutron.db.ovn_revision_numbers_db [None req-5c02e01d-71ba-46cb-93fa-18aec771d56b a3ce890cfbec4e23953f862651472505 78661887968346fcbd4915c8d0d1c72f - - default default] Successfully bumped revision number for resource d405fb9e-62cb-45f9-9a8d-1aa3445037b0 (type: security_group_rules) to 0
2026-04-23 09:32:47.530 8 INFO neutron.db.ovn_revision_numbers_db [None req-59f491fc-b8db-43c7-bc43-e0a3bc0973a5 d4efa957e56e4594978a0615dabdcc28 16009970e32c4000bd01f638fa4929ec - - default default] Successfully bumped revision number for resource cd28427f-5731-4554-85c4-627e0c356ec4 (type: security_groups) to 1 [pid: 7|app: 0|req: 532/1051] 10.0.0.10 () {32 vars in 773 bytes} [Thu Apr 23 09:32:47 2026] GET /v2.0/security-groups?tenant_id=b23140885cf04734b883f20035364e76&name=default => generated 2925 bytes in 479 msecs (HTTP/1.1 200) 4 headers in 158 bytes (1 switches on core 0)
2026-04-23 09:32:47.546 8 INFO neutron.db.ovn_revision_numbers_db [None req-59f491fc-b8db-43c7-bc43-e0a3bc0973a5 d4efa957e56e4594978a0615dabdcc28 16009970e32c4000bd01f638fa4929ec - - default default] Successfully bumped revision number for resource 674999e0-bae9-4c22-9855-be2ad7f8ec76 (type: security_group_rules) to 0
2026-04-23 09:32:47.556 8 INFO neutron.db.ovn_revision_numbers_db [None req-59f491fc-b8db-43c7-bc43-e0a3bc0973a5 d4efa957e56e4594978a0615dabdcc28 16009970e32c4000bd01f638fa4929ec - - default default] Successfully bumped revision number for resource 98da52ec-a0a2-49b5-9e6b-e3cbb1e32de1 (type: security_group_rules) to 0 [pid: 8|app: 0|req: 520/1052] 10.0.0.10 () {34 vars in 684 bytes} [Thu Apr 23 09:32:47 2026] POST /v2.0/security-groups => generated 1660 bytes in 250 msecs (HTTP/1.1 201) 4 headers in 163 bytes (1 switches on core 0)
2026-04-23 09:32:47.738 8 INFO neutron.db.ovn_revision_numbers_db [None req-1d195c80-716c-46e3-bc48-2f7ba62b0dd6 d4efa957e56e4594978a0615dabdcc28 16009970e32c4000bd01f638fa4929ec - - default default] Successfully bumped revision number for resource 6200ca92-df7d-48c3-ada1-a517c7fce81d (type: security_group_rules) to 0 [pid: 7|app: 0|req: 533/1053] 10.0.0.10 () {32 vars in 739 bytes} [Thu Apr 23 09:32:47 2026] DELETE /v2.0/security-groups/2cb66445-c9a0-463e-8655-9975766fa555 => generated 0 bytes in 212 msecs (HTTP/1.1 204) 2 headers in 112 bytes (1 switches on core 0) [pid: 8|app: 0|req: 521/1054] 10.0.0.10 () {34 vars in 694 bytes} [Thu Apr 23 09:32:47 2026] POST /v2.0/security-group-rules => generated 597 bytes in 171 msecs (HTTP/1.1 201) 4 headers in 162 bytes (1 switches on core 0)
2026-04-23 09:32:47.897 7 INFO neutron.db.ovn_revision_numbers_db [None req-d573ef72-4bcb-4e77-9705-6f888f54ccce d4efa957e56e4594978a0615dabdcc28 16009970e32c4000bd01f638fa4929ec - - default default] Successfully bumped revision number for resource ad7ca690-f4f8-4f46-bbab-5e7046807b73 (type: security_group_rules) to 0 [pid: 7|app: 0|req: 534/1055] 10.0.0.10 () {34 vars in 694 bytes} [Thu Apr 23 09:32:47 2026] POST /v2.0/security-group-rules => generated 602 bytes in 149 msecs (HTTP/1.1 201) 4 headers in 162 bytes (1 switches on core 0)
2026-04-23 09:32:48.158 8 WARNING neutron.scheduler.dhcp_agent_scheduler [None req-71610dc2-e335-43bd-8b9b-8ae0db254206 d4efa957e56e4594978a0615dabdcc28 16009970e32c4000bd01f638fa4929ec - - default default] No more DHCP agents
2026-04-23 09:32:48.159 8 WARNING neutron.api.rpc.agentnotifiers.dhcp_rpc_agent_api [None req-71610dc2-e335-43bd-8b9b-8ae0db254206 d4efa957e56e4594978a0615dabdcc28 16009970e32c4000bd01f638fa4929ec - - default default] Unable to schedule network b0b0d4be-c41e-4d95-a313-d159496ebddf: no agents available; will retry on subsequent port and subnet creation events.
2026-04-23 09:32:48.408 7 WARNING neutron.db.securitygroups_db [None req-7709657d-2098-48ce-9e4b-de21114838ff a3ce890cfbec4e23953f862651472505 78661887968346fcbd4915c8d0d1c72f - - default default] project_id key not found in filters, using tenant_id instead. This support has been deprecated and will be removed in a future release. [pid: 8|app: 0|req: 522/1056] 10.0.0.10 () {34 vars in 675 bytes} [Thu Apr 23 09:32:47 2026] POST /v2.0/floatingips => generated 552 bytes in 535 msecs (HTTP/1.1 201) 4 headers in 162 bytes (1 switches on core 0)
2026-04-23 09:32:48.532 7 INFO neutron.db.ovn_revision_numbers_db [None req-7709657d-2098-48ce-9e4b-de21114838ff a3ce890cfbec4e23953f862651472505 78661887968346fcbd4915c8d0d1c72f - - default default] Successfully bumped revision number for resource d712ca2a-d6cc-4606-adc0-4dbcc34e100e (type: security_groups) to 1
2026-04-23 09:32:48.543 7 INFO neutron.db.ovn_revision_numbers_db [None req-7709657d-2098-48ce-9e4b-de21114838ff a3ce890cfbec4e23953f862651472505 78661887968346fcbd4915c8d0d1c72f - - default default] Successfully bumped revision number for resource 192bca90-7a47-48d4-b5f3-6b4c830bc65f (type: security_group_rules) to 0
2026-04-23 09:32:48.552 7 INFO neutron.db.ovn_revision_numbers_db [None req-7709657d-2098-48ce-9e4b-de21114838ff a3ce890cfbec4e23953f862651472505 78661887968346fcbd4915c8d0d1c72f - - default default] Successfully bumped revision number for resource 41e1215b-7484-4a2d-94f9-4b45699a3249 (type: security_group_rules) to 0
2026-04-23 09:32:48.567 7 INFO neutron.db.ovn_revision_numbers_db [None req-7709657d-2098-48ce-9e4b-de21114838ff a3ce890cfbec4e23953f862651472505 78661887968346fcbd4915c8d0d1c72f - - default default] Successfully bumped revision number for resource 9b42c732-2823-46a5-9868-2189b6b1e602 (type: security_group_rules) to 0
2026-04-23 09:32:48.576 7 INFO neutron.db.ovn_revision_numbers_db [None req-7709657d-2098-48ce-9e4b-de21114838ff a3ce890cfbec4e23953f862651472505 78661887968346fcbd4915c8d0d1c72f - - default default] Successfully bumped revision number for resource af97495e-5707-4ab7-acac-70e2134453ac (type: security_group_rules) to 0 [pid: 7|app: 0|req: 535/1057] 10.0.0.10 () {32 vars in 773 bytes} [Thu Apr 23 09:32:48 2026] GET /v2.0/security-groups?tenant_id=f7a85769521e4f10aaad3974eba4a258&name=default => generated 2925 bytes in 388 msecs (HTTP/1.1 200) 4 headers in 158 bytes (1 switches on core 0) [pid: 8|app: 0|req: 523/1058] 10.0.0.10 () {32 vars in 739 bytes} [Thu Apr 23 09:32:48 2026] DELETE /v2.0/security-groups/d712ca2a-d6cc-4606-adc0-4dbcc34e100e => generated 0 bytes in 196 msecs (HTTP/1.1 204) 2 headers in 112 bytes (1 switches on core 0)
2026-04-23 09:32:48.889 7 WARNING neutron.db.securitygroups_db [req-e6d49b16-4681-45fa-8ff6-c48de406897a req-05d35d61-6fc0-435d-94e2-2cc8f768f8db d4efa957e56e4594978a0615dabdcc28 16009970e32c4000bd01f638fa4929ec - - default default] project_id key not found in filters, using tenant_id instead. This support has been deprecated and will be removed in a future release. [pid: 7|app: 0|req: 536/1059] 10.0.0.79 () {34 vars in 1099 bytes} [Thu Apr 23 09:32:48 2026] GET /v2.0/security-groups?name=tempest-securitygroup--2008262866&fields=id&tenant_id=16009970e32c4000bd01f638fa4929ec => generated 69 bytes in 28 msecs (HTTP/1.1 200) 4 headers in 156 bytes (1 switches on core 0)
2026-04-23 09:32:48.932 7 WARNING neutron.db.securitygroups_db [None req-5befacfa-8a4a-49f0-88c3-fccf431b1977 a3ce890cfbec4e23953f862651472505 78661887968346fcbd4915c8d0d1c72f - - default default] project_id key not found in filters, using tenant_id instead. This support has been deprecated and will be removed in a future release. [pid: 8|app: 0|req: 524/1060] 10.0.0.79 () {34 vars in 981 bytes} [Thu Apr 23 09:32:48 2026] GET /v2.0/networks?id=b9379aaa-82a9-45dc-b90a-054f61c21d8d => generated 706 bytes in 52 msecs (HTTP/1.1 200) 4 headers in 157 bytes (1 switches on core 0) [pid: 8|app: 0|req: 525/1061] 10.0.0.79 () {34 vars in 964 bytes} [Thu Apr 23 09:32:48 2026] GET /v2.0/quotas/16009970e32c4000bd01f638fa4929ec => generated 292 bytes in 14 msecs (HTTP/1.1 200) 4 headers in 157 bytes (1 switches on core 0)
2026-04-23 09:32:49.028 7 INFO neutron.db.ovn_revision_numbers_db [None req-5befacfa-8a4a-49f0-88c3-fccf431b1977 a3ce890cfbec4e23953f862651472505 78661887968346fcbd4915c8d0d1c72f - - default default] Successfully bumped revision number for resource 8f17c592-0773-4694-838f-c1f5163eb30a (type: security_groups) to 1
2026-04-23 09:32:49.038 7 INFO neutron.db.ovn_revision_numbers_db [None req-5befacfa-8a4a-49f0-88c3-fccf431b1977 a3ce890cfbec4e23953f862651472505 78661887968346fcbd4915c8d0d1c72f - - default default] Successfully bumped revision number for resource 0068f868-71c8-4fed-8b23-dcc8bc39ce45 (type: security_group_rules) to 0
2026-04-23 09:32:49.051 7 INFO neutron.db.ovn_revision_numbers_db [None req-5befacfa-8a4a-49f0-88c3-fccf431b1977 a3ce890cfbec4e23953f862651472505 78661887968346fcbd4915c8d0d1c72f - - default default] Successfully bumped revision number for resource 03aa0ea0-8a50-4b55-93f7-e6a103b6f0e3 (type: security_group_rules) to 0
2026-04-23 09:32:49.061 7 INFO neutron.db.ovn_revision_numbers_db [None req-5befacfa-8a4a-49f0-88c3-fccf431b1977 a3ce890cfbec4e23953f862651472505 78661887968346fcbd4915c8d0d1c72f - - default default] Successfully bumped revision number for resource bf5211d2-0d93-44eb-9bee-bbfe7aa6c635 (type: security_group_rules) to 0
