2026-04-23 09:35:51.827 7 INFO neutron_taas.services.taas.taas_plugin [None req-31c95512-e610-4431-8704-7375c1b83a5f a3d546d217f449c59d9734194a3036bb fa38294066c941baa131ee2201c8a541 - - default default] TaaS: Handle Delete Port: 50a12ff2-243a-40e1-b7a3-ad849c4892a8
2026-04-23 09:35:51.830 7 INFO neutron_taas.services.taas.tap_mirror_plugin [None req-31c95512-e610-4431-8704-7375c1b83a5f a3d546d217f449c59d9734194a3036bb fa38294066c941baa131ee2201c8a541 - - default default] Tap Mirror: Handle Delete Port: 50a12ff2-243a-40e1-b7a3-ad849c4892a8
2026-04-23 09:35:51.869 8 INFO neutron.db.ovn_revision_numbers_db [None req-608c936b-90c8-4eae-ace2-16ae9ea9e672 33b21bbb25b646fe84cb2ec4beb4dce5 ff460eb8be0042f086f8490e37838746 - - default default] Successfully bumped revision number for resource 1b4fc706-4d05-4d55-8479-c3945f69150a (type: ports) to 1 [pid: 8|app: 0|req: 1218/2426] 10.0.0.10 () {34 vars in 669 bytes} [Thu Apr 23 09:35:51 2026] POST /v2.0/networks => generated 686 bytes in 506 msecs (HTTP/1.1 201) 4 headers in 162 bytes (1 switches on core 0)
2026-04-23 09:35:52.070 8 WARNING neutron.scheduler.dhcp_agent_scheduler [None req-be2f5652-fcec-4e26-88cc-a745cd43f50e a3ce890cfbec4e23953f862651472505 78661887968346fcbd4915c8d0d1c72f - - default default] No more DHCP agents
2026-04-23 09:35:52.071 8 WARNING neutron.api.rpc.agentnotifiers.dhcp_rpc_agent_api [None req-be2f5652-fcec-4e26-88cc-a745cd43f50e a3ce890cfbec4e23953f862651472505 78661887968346fcbd4915c8d0d1c72f - - default default] Unable to schedule network 670855c1-d955-44ee-b428-6026b0d16973: no agents available; will retry on subsequent port and subnet creation events. [pid: 7|app: 0|req: 1209/2427] 10.0.0.10 () {34 vars in 788 bytes} [Thu Apr 23 09:35:51 2026] PUT /v2.0/routers/cb6bb181-1993-40e8-b7f7-15bf6ccda6b0/remove_router_interface => generated 310 bytes in 827 msecs (HTTP/1.1 200) 4 headers in 157 bytes (1 switches on core 0) /var/lib/openstack/lib/python3.12/site-packages/pycadf/identifier.py:70: UserWarning: Invalid uuid: neutron. To ensure interoperability, identifiers should be a valid uuid. warnings.warn(('Invalid uuid: %s. To ensure interoperability, '
2026-04-23 09:35:52.464 7 INFO neutron.db.ovn_revision_numbers_db [None req-40233742-0942-4d07-90da-d8b5e2eedd52 33b21bbb25b646fe84cb2ec4beb4dce5 ff460eb8be0042f086f8490e37838746 - - default default] Successfully bumped revision number for resource d5f5713b-b22e-4476-8758-d0c79120f2d7 (type: networks) to 2 [pid: 7|app: 0|req: 1210/2428] 10.0.0.10 () {34 vars in 742 bytes} [Thu Apr 23 09:35:52 2026] PUT /v2.0/networks/d5f5713b-b22e-4476-8758-d0c79120f2d7 => generated 636 bytes in 151 msecs (HTTP/1.1 200) 4 headers in 157 bytes (1 switches on core 0)
2026-04-23 09:35:52.538 8 INFO neutron.db.ovn_revision_numbers_db [None req-be2f5652-fcec-4e26-88cc-a745cd43f50e a3ce890cfbec4e23953f862651472505 78661887968346fcbd4915c8d0d1c72f - - default default] Successfully bumped revision number for resource a558dcec-3d98-4354-9e4a-4493bec41eed (type: ports) to 2
2026-04-23 09:35:52.574 8 INFO neutron.db.ovn_revision_numbers_db [None req-be2f5652-fcec-4e26-88cc-a745cd43f50e a3ce890cfbec4e23953f862651472505 78661887968346fcbd4915c8d0d1c72f - - default default] Successfully bumped revision number for resource ac9ad862-6b95-4937-a6e5-6795ea6772f9 (type: subnets) to 0 [pid: 8|app: 0|req: 1219/2429] 10.0.0.10 () {34 vars in 668 bytes} [Thu Apr 23 09:35:51 2026] POST /v2.0/subnets => generated 688 bytes in 687 msecs (HTTP/1.1 201) 4 headers in 162 bytes (1 switches on core 0)
2026-04-23 09:35:52.767 8 WARNING neutron.scheduler.dhcp_agent_scheduler [None req-a7c1af73-0592-4e36-962e-9341beaaa240 33b21bbb25b646fe84cb2ec4beb4dce5 ff460eb8be0042f086f8490e37838746 - - default default] No more DHCP agents
2026-04-23 09:35:52.768 8 WARNING neutron.api.rpc.agentnotifiers.dhcp_rpc_agent_api [None req-a7c1af73-0592-4e36-962e-9341beaaa240 33b21bbb25b646fe84cb2ec4beb4dce5 ff460eb8be0042f086f8490e37838746 - - default default] Unable to schedule network d5f5713b-b22e-4476-8758-d0c79120f2d7: no agents available; will retry on subsequent port and subnet creation events.
2026-04-23 09:35:52.786 7 INFO neutron_taas.services.taas.taas_plugin [None req-e492a2a6-cf12-4ffe-add9-ea9ede398d72 a3d546d217f449c59d9734194a3036bb fa38294066c941baa131ee2201c8a541 - - default default] TaaS: Handle Delete Port: f7e44506-7143-445e-a6b2-415d120c6fb5
2026-04-23 09:35:52.789 7 INFO neutron_taas.services.taas.tap_mirror_plugin [None req-e492a2a6-cf12-4ffe-add9-ea9ede398d72 a3d546d217f449c59d9734194a3036bb fa38294066c941baa131ee2201c8a541 - - default default] Tap Mirror: Handle Delete Port: f7e44506-7143-445e-a6b2-415d120c6fb5
2026-04-23 09:35:52.799 8 INFO neutron.db.ovn_revision_numbers_db [None req-a7c1af73-0592-4e36-962e-9341beaaa240 33b21bbb25b646fe84cb2ec4beb4dce5 ff460eb8be0042f086f8490e37838746 - - default default] Successfully bumped revision number for resource c5167f28-4823-4f34-a6b9-5c3884317b0d (type: subnets) to 0 [pid: 8|app: 0|req: 1220/2430] 10.0.0.10 () {34 vars in 668 bytes} [Thu Apr 23 09:35:52 2026] POST /v2.0/subnets => generated 646 bytes in 226 msecs (HTTP/1.1 201) 4 headers in 162 bytes (1 switches on core 0) [pid: 7|app: 0|req: 1211/2431] 10.0.0.10 () {32 vars in 723 bytes} [Thu Apr 23 09:35:52 2026] DELETE /v2.0/routers/cb6bb181-1993-40e8-b7f7-15bf6ccda6b0 => generated 0 bytes in 707 msecs (HTTP/1.1 204) 2 headers in 112 bytes (1 switches on core 0)
2026-04-23 09:35:53.238 8 WARNING neutron.scheduler.dhcp_agent_scheduler [None req-272a3560-bc2e-49e3-8da8-cee169e69d6e a3ce890cfbec4e23953f862651472505 78661887968346fcbd4915c8d0d1c72f - - default default] No more DHCP agents
2026-04-23 09:35:53.240 8 WARNING neutron.api.rpc.agentnotifiers.dhcp_rpc_agent_api [None req-272a3560-bc2e-49e3-8da8-cee169e69d6e a3ce890cfbec4e23953f862651472505 78661887968346fcbd4915c8d0d1c72f - - default default] Unable to schedule network b0b0d4be-c41e-4d95-a313-d159496ebddf: no agents available; will retry on subsequent port and subnet creation events.
2026-04-23 09:35:53.352 7 INFO neutron.plugins.ml2.drivers.ovn.mech_driver.mech_driver [None req-34bf9b6d-3e76-4864-8cb6-2db64bf60e12 - - - - - -] OVN reports status down for port: cb397907-0c70-4ac9-877b-48cf995ce8cf
2026-04-23 09:35:53.368 8 INFO neutron.db.ovn_revision_numbers_db [None req-272a3560-bc2e-49e3-8da8-cee169e69d6e a3ce890cfbec4e23953f862651472505 78661887968346fcbd4915c8d0d1c72f - - default default] Successfully bumped revision number for resource cb397907-0c70-4ac9-877b-48cf995ce8cf (type: ports) to 1
2026-04-23 09:35:53.797 7 INFO neutron.db.ovn_revision_numbers_db [None req-e9f0d75c-c1b7-4758-be25-7204effebf66 33b21bbb25b646fe84cb2ec4beb4dce5 ff460eb8be0042f086f8490e37838746 - - default default] Successfully bumped revision number for resource 1b4fc706-4d05-4d55-8479-c3945f69150a (type: ports) to 2
2026-04-23 09:35:53.837 7 INFO neutron.db.ovn_revision_numbers_db [None req-e9f0d75c-c1b7-4758-be25-7204effebf66 33b21bbb25b646fe84cb2ec4beb4dce5 ff460eb8be0042f086f8490e37838746 - - default default] Successfully bumped revision number for resource c5167f28-4823-4f34-a6b9-5c3884317b0d (type: subnets) to 1 [pid: 7|app: 0|req: 1212/2432] 10.0.0.10 () {34 vars in 740 bytes} [Thu Apr 23 09:35:53 2026] PUT /v2.0/subnets/c5167f28-4823-4f34-a6b9-5c3884317b0d => generated 656 bytes in 664 msecs (HTTP/1.1 200) 4 headers in 157 bytes (1 switches on core 0)
2026-04-23 09:35:53.857 7 INFO neutron.api.v2.resource [None req-d973f908-498d-441e-add9-7517beffb1ca a3d546d217f449c59d9734194a3036bb fa38294066c941baa131ee2201c8a541 - - default default] show failed (client error): The resource could not be found. [pid: 7|app: 0|req: 1213/2433] 10.0.0.10 () {32 vars in 720 bytes} [Thu Apr 23 09:35:53 2026] GET /v2.0/routers/f486b7f7-43ea-42a7-9aef-71ed13c5408c => generated 135 bytes in 16 msecs (HTTP/1.1 404) 4 headers in 164 bytes (1 switches on core 0)
2026-04-23 09:35:54.035 7 INFO neutron.plugins.ml2.drivers.ovn.mech_driver.mech_driver [None req-34bf9b6d-3e76-4864-8cb6-2db64bf60e12 - - - - - -] OVN reports status up for port: cb397907-0c70-4ac9-877b-48cf995ce8cf
2026-04-23 09:35:54.039 8 INFO neutron.db.ovn_revision_numbers_db [None req-272a3560-bc2e-49e3-8da8-cee169e69d6e a3ce890cfbec4e23953f862651472505 78661887968346fcbd4915c8d0d1c72f - - default default] Successfully bumped revision number for resource cb397907-0c70-4ac9-877b-48cf995ce8cf (type: router_ports) to 1
2026-04-23 09:35:54.051 7 INFO neutron.plugins.ml2.drivers.ovn.mech_driver.ovsdb.ovsdb_monitor [None req-4aeb8e10-f56b-401f-83e2-1de115dfbea9 - - - - - -] Router c8b26699-69f9-4760-a492-db5ad3d80a51 is bound to host instance
2026-04-23 09:35:54.057 7 INFO neutron_taas.services.taas.taas_plugin [None req-3e6858ea-968f-451f-b379-27f074837810 33b21bbb25b646fe84cb2ec4beb4dce5 ff460eb8be0042f086f8490e37838746 - - default default] TaaS: Handle Delete Port: 1b4fc706-4d05-4d55-8479-c3945f69150a
2026-04-23 09:35:54.085 7 INFO neutron_taas.services.taas.tap_mirror_plugin [None req-3e6858ea-968f-451f-b379-27f074837810 33b21bbb25b646fe84cb2ec4beb4dce5 ff460eb8be0042f086f8490e37838746 - - default default] Tap Mirror: Handle Delete Port: 1b4fc706-4d05-4d55-8479-c3945f69150a
2026-04-23 09:35:54.105 8 INFO neutron.db.ovn_revision_numbers_db [None req-272a3560-bc2e-49e3-8da8-cee169e69d6e a3ce890cfbec4e23953f862651472505 78661887968346fcbd4915c8d0d1c72f - - default default] Successfully bumped revision number for resource c8b26699-69f9-4760-a492-db5ad3d80a51 (type: routers) to 2
2026-04-23 09:35:54.116 7 INFO neutron.plugins.ml2.plugin [None req-34bf9b6d-3e76-4864-8cb6-2db64bf60e12 - - - - - -] Attempt 1 to provision port cb397907-0c70-4ac9-877b-48cf995ce8cf [pid: 8|app: 0|req: 1221/2434] 10.0.0.10 () {34 vars in 668 bytes} [Thu Apr 23 09:35:52 2026] POST /v2.0/routers => generated 987 bytes in 1306 msecs (HTTP/1.1 201) 4 headers in 162 bytes (1 switches on core 0) [pid: 8|app: 0|req: 1222/2435] 10.0.0.10 () {32 vars in 723 bytes} [Thu Apr 23 09:35:54 2026] DELETE /v2.0/subnets/b2c8bee9-7b3c-4a42-a7da-f3aa675f03ae => generated 0 bytes in 157 msecs (HTTP/1.1 204) 3 headers in 131 bytes (1 switches on core 0)
2026-04-23 09:35:54.630 7 INFO neutron.services.segments.plugin [-] Segment 45d77790-9e21-4fd5-b6bf-8f4babf520b1 resource provider aggregate not found
2026-04-23 09:35:54.639 7 INFO neutron.services.segments.plugin [-] Segment 45d77790-9e21-4fd5-b6bf-8f4babf520b1 resource provider aggregate not found
2026-04-23 09:35:54.654 7 INFO neutron.services.segments.plugin [-] Segment 45d77790-9e21-4fd5-b6bf-8f4babf520b1 resource provider not found; error: Placement Client Error (4xx): {"errors": [{"status": 404, "title": "Not Found", "detail": "The resource could not be found.\n\n No resource provider with uuid 45d77790-9e21-4fd5-b6bf-8f4babf520b1 found for delete ", "request_id": "req-467f6078-35ae-4214-a86a-2ee7c4cfe08c"}]}
2026-04-23 09:35:54.660 7 INFO neutron.services.segments.plugin [-] Segment 45d77790-9e21-4fd5-b6bf-8f4babf520b1 resource provider not found; error: Placement Client Error (4xx): {"errors": [{"status": 404, "title": "Not Found", "detail": "The resource could not be found.\n\n No resource provider with uuid 45d77790-9e21-4fd5-b6bf-8f4babf520b1 found for delete ", "request_id": "req-467b54e9-699d-4847-9fe7-c45d359a338a"}]} [pid: 7|app: 0|req: 1214/2436] 10.0.0.10 () {32 vars in 725 bytes} [Thu Apr 23 09:35:53 2026] DELETE /v2.0/networks/d5f5713b-b22e-4476-8758-d0c79120f2d7 => generated 0 bytes in 866 msecs (HTTP/1.1 204) 3 headers in 131 bytes (1 switches on core 0)
2026-04-23 09:35:54.741 8 WARNING neutron.scheduler.dhcp_agent_scheduler [None req-4aa6cf50-440a-4ef3-a789-4b01c5fbcba3 a3ce890cfbec4e23953f862651472505 78661887968346fcbd4915c8d0d1c72f - - default default] No more DHCP agents
2026-04-23 09:35:54.742 8 WARNING neutron.api.rpc.agentnotifiers.dhcp_rpc_agent_api [None req-4aa6cf50-440a-4ef3-a789-4b01c5fbcba3 a3ce890cfbec4e23953f862651472505 78661887968346fcbd4915c8d0d1c72f - - default default] Unable to schedule network 670855c1-d955-44ee-b428-6026b0d16973: no agents available; will retry on subsequent port and subnet creation events.
2026-04-23 09:35:54.892 8 INFO neutron.db.ovn_revision_numbers_db [None req-4aa6cf50-440a-4ef3-a789-4b01c5fbcba3 a3ce890cfbec4e23953f862651472505 78661887968346fcbd4915c8d0d1c72f - - default default] Successfully bumped revision number for resource 2da33dca-a777-41c9-b843-a8fc1cd083c0 (type: ports) to 1 [pid: 7|app: 0|req: 1215/2437] 10.0.0.10 () {32 vars in 723 bytes} [Thu Apr 23 09:35:54 2026] DELETE /v2.0/subnets/debd961c-746f-44c9-8198-a2dc0e159512 => generated 0 bytes in 408 msecs (HTTP/1.1 204) 3 headers in 131 bytes (1 switches on core 0)
2026-04-23 09:35:55.161 7 INFO neutron.pecan_wsgi.hooks.translation [None req-d1e9b200-d108-4afa-b11c-8bdd9dfe1402 33b21bbb25b646fe84cb2ec4beb4dce5 ff460eb8be0042f086f8490e37838746 - - default default] DELETE failed (client error): The resource could not be found. [pid: 7|app: 0|req: 1216/2438] 10.0.0.10 () {32 vars in 725 bytes} [Thu Apr 23 09:35:55 2026] DELETE /v2.0/networks/d5f5713b-b22e-4476-8758-d0c79120f2d7 => generated 138 bytes in 32 msecs (HTTP/1.1 404) 4 headers in 164 bytes (1 switches on core 0) [pid: 7|app: 0|req: 1217/2439] 10.0.0.10 () {32 vars in 723 bytes} [Thu Apr 23 09:35:55 2026] DELETE /v2.0/subnets/1e175d0e-a4e1-493c-939e-b2d7c7398ddc => generated 0 bytes in 322 msecs (HTTP/1.1 204) 3 headers in 131 bytes (1 switches on core 0)
2026-04-23 09:35:55.518 8 WARNING neutron.scheduler.dhcp_agent_scheduler [None req-4aa6cf50-440a-4ef3-a789-4b01c5fbcba3 a3ce890cfbec4e23953f862651472505 78661887968346fcbd4915c8d0d1c72f - - default default] No more DHCP agents
2026-04-23 09:35:55.519 8 WARNING neutron.api.rpc.agentnotifiers.dhcp_rpc_agent_api [None req-4aa6cf50-440a-4ef3-a789-4b01c5fbcba3 a3ce890cfbec4e23953f862651472505 78661887968346fcbd4915c8d0d1c72f - - default default] Unable to schedule network 670855c1-d955-44ee-b428-6026b0d16973: no agents available; will retry on subsequent port and subnet creation events. [pid: 7|app: 0|req: 1218/2440] 10.0.0.10 () {32 vars in 693 bytes} [Thu Apr 23 09:35:55 2026] GET /v2.0/networks?router%3Aexternal=True => generated 689 bytes in 95 msecs (HTTP/1.1 200) 4 headers in 157 bytes (1 switches on core 0)
2026-04-23 09:35:55.612 7 INFO neutron.pecan_wsgi.hooks.translation [None req-e86c7cbe-d43b-45a8-8b27-7fcb499a79c8 a3d546d217f449c59d9734194a3036bb fa38294066c941baa131ee2201c8a541 - - default default] DELETE failed (client error): The resource could not be found. [pid: 7|app: 0|req: 1219/2441] 10.0.0.10 () {32 vars in 723 bytes} [Thu Apr 23 09:35:55 2026] DELETE /v2.0/subnets/a16cbc1a-9ac5-48ed-8faa-b806243b517a => generated 136 bytes in 40 msecs (HTTP/1.1 404) 4 headers in 164 bytes (1 switches on core 0) [pid: 7|app: 0|req: 1220/2442] 10.0.0.10 () {32 vars in 741 bytes} [Thu Apr 23 09:35:55 2026] GET /v2.0/subnets?network_id=b0b0d4be-c41e-4d95-a313-d159496ebddf => generated 649 bytes in 70 msecs (HTTP/1.1 200) 4 headers in 157 bytes (1 switches on core 0)
2026-04-23 09:35:55.696 7 INFO neutron.db.ovn_revision_numbers_db [None req-32a940e0-d928-4085-8517-af7dda82ea96 - - - - - -] Successfully bumped revision number for resource cb397907-0c70-4ac9-877b-48cf995ce8cf (type: ports) to 4
2026-04-23 09:35:55.960 8 INFO neutron.db.ovn_revision_numbers_db [None req-4aa6cf50-440a-4ef3-a789-4b01c5fbcba3 a3ce890cfbec4e23953f862651472505 78661887968346fcbd4915c8d0d1c72f - - default default] Successfully bumped revision number for resource 2da33dca-a777-41c9-b843-a8fc1cd083c0 (type: router_ports) to 1 [pid: 8|app: 0|req: 1223/2443] 10.0.0.10 () {34 vars in 782 bytes} [Thu Apr 23 09:35:54 2026] PUT /v2.0/routers/c8b26699-69f9-4760-a492-db5ad3d80a51/add_router_interface => generated 310 bytes in 1681 msecs (HTTP/1.1 200) 4 headers in 157 bytes (1 switches on core 0) [pid: 8|app: 0|req: 1224/2444] 10.0.0.10 () {32 vars in 652 bytes} [Thu Apr 23 09:35:55 2026] GET /v2.0/extensions => generated 21521 bytes in 6 msecs (HTTP/1.1 200) 4 headers in 159 bytes (1 switches on core 0) [pid: 8|app: 0|req: 1225/2445] 10.0.0.10 () {32 vars in 648 bytes} [Thu Apr 23 09:35:55 2026] GET /v2.0/networks => generated 1387 bytes in 75 msecs (HTTP/1.1 200) 4 headers in 158 bytes (1 switches on core 0) [pid: 8|app: 0|req: 1226/2446] 10.0.0.10 () {32 vars in 646 bytes} [Thu Apr 23 09:35:56 2026] GET /v2.0/subnets => generated 1312 bytes in 38 msecs (HTTP/1.1 200) 4 headers in 158 bytes (1 switches on core 0) [pid: 8|app: 0|req: 1227/2447] 10.0.0.10 () {32 vars in 722 bytes} [Thu Apr 23 09:35:56 2026] GET /v2.0/networks/949465ed-5576-4fae-9a08-696891c4680d => generated 709 bytes in 57 msecs (HTTP/1.1 200) 4 headers in 157 bytes (1 switches on core 0) [pid: 8|app: 0|req: 1228/2448] 10.0.0.10 () {32 vars in 720 bytes} [Thu Apr 23 09:35:56 2026] GET /v2.0/subnets/0e9b4e1e-9cfe-4163-b9fd-d413ec8cac4e => generated 673 bytes in 37 msecs (HTTP/1.1 200) 4 headers in 157 bytes (1 switches on core 0)
2026-04-23 09:35:56.226 8 INFO neutron.pecan_wsgi.hooks.translation [None req-f7dea78e-4295-4623-8146-52eb86478524 33b21bbb25b646fe84cb2ec4beb4dce5 ff460eb8be0042f086f8490e37838746 - - default default] DELETE failed (client error): The resource could not be found. [pid: 8|app: 0|req: 1229/2449] 10.0.0.10 () {32 vars in 723 bytes} [Thu Apr 23 09:35:56 2026] DELETE /v2.0/subnets/c5167f28-4823-4f34-a6b9-5c3884317b0d => generated 136 bytes in 16 msecs (HTTP/1.1 404) 4 headers in 164 bytes (1 switches on core 0)
2026-04-23 09:35:56.258 8 INFO neutron.pecan_wsgi.hooks.translation [None req-03fa4cdd-302f-453c-91e0-f49cce2cdf3e 33b21bbb25b646fe84cb2ec4beb4dce5 ff460eb8be0042f086f8490e37838746 - - default default] DELETE failed (client error): The resource could not be found. [pid: 8|app: 0|req: 1230/2450] 10.0.0.10 () {32 vars in 725 bytes} [Thu Apr 23 09:35:56 2026] DELETE /v2.0/networks/d5f5713b-b22e-4476-8758-d0c79120f2d7 => generated 138 bytes in 17 msecs (HTTP/1.1 404) 4 headers in 164 bytes (1 switches on core 0) [pid: 8|app: 0|req: 1231/2451] 10.0.0.10 () {32 vars in 723 bytes} [Thu Apr 23 09:35:56 2026] DELETE /v2.0/subnets/0e9b4e1e-9cfe-4163-b9fd-d413ec8cac4e => generated 0 bytes in 149 msecs (HTTP/1.1 204) 3 headers in 131 bytes (1 switches on core 0)
2026-04-23 09:35:56.528 8 INFO neutron_taas.services.taas.taas_plugin [None req-90c3148a-8bdb-4b48-b22c-b72729c08125 33b21bbb25b646fe84cb2ec4beb4dce5 ff460eb8be0042f086f8490e37838746 - - default default] TaaS: Handle Delete Port: 7716fef0-ec71-4f0b-aa00-75072797c679
2026-04-23 09:35:56.531 8 INFO neutron_taas.services.taas.tap_mirror_plugin [None req-90c3148a-8bdb-4b48-b22c-b72729c08125 33b21bbb25b646fe84cb2ec4beb4dce5 ff460eb8be0042f086f8490e37838746 - - default default] Tap Mirror: Handle Delete Port: 7716fef0-ec71-4f0b-aa00-75072797c679
2026-04-23 09:35:56.691 8 INFO neutron.services.segments.plugin [-] Segment 5e4d8759-a47f-4a31-baac-b3fbc2f459b6 resource provider aggregate not found
2026-04-23 09:35:56.695 7 INFO neutron.plugins.ml2.drivers.ovn.mech_driver.mech_driver [None req-34bf9b6d-3e76-4864-8cb6-2db64bf60e12 - - - - - -] OVN reports status down for port: 2da33dca-a777-41c9-b843-a8fc1cd083c0
2026-04-23 09:35:56.700 8 INFO neutron.services.segments.plugin [-] Segment 5e4d8759-a47f-4a31-baac-b3fbc2f459b6 resource provider aggregate not found
2026-04-23 09:35:56.701 7 INFO neutron_taas.services.taas.taas_plugin [None req-ddc8286d-6431-4b6e-ab59-a15c293b412b a3d546d217f449c59d9734194a3036bb fa38294066c941baa131ee2201c8a541 - - default default] TaaS: Handle Delete Port: d3333ce2-a674-4b5f-97b6-7a249f4de5d5
2026-04-23 09:35:56.722 7 INFO neutron_taas.services.taas.tap_mirror_plugin [None req-ddc8286d-6431-4b6e-ab59-a15c293b412b a3d546d217f449c59d9734194a3036bb fa38294066c941baa131ee2201c8a541 - - default default] Tap Mirror: Handle Delete Port: d3333ce2-a674-4b5f-97b6-7a249f4de5d5
2026-04-23 09:35:56.729 8 INFO neutron.services.segments.plugin [-] Segment 5e4d8759-a47f-4a31-baac-b3fbc2f459b6 resource provider not found; error: Placement Client Error (4xx): {"errors": [{"status": 404, "title": "Not Found", "detail": "The resource could not be found.\n\n No resource provider with uuid 5e4d8759-a47f-4a31-baac-b3fbc2f459b6 found for delete ", "request_id": "req-aaf2f0a8-7fe8-4909-bf88-6608568f4fab"}]}
2026-04-23 09:35:56.735 8 INFO neutron.services.segments.plugin [-] Segment 5e4d8759-a47f-4a31-baac-b3fbc2f459b6 resource provider not found; error: Placement Client Error (4xx): {"errors": [{"status": 404, "title": "Not Found", "detail": "The resource could not be found.\n\n No resource provider with uuid 5e4d8759-a47f-4a31-baac-b3fbc2f459b6 found for delete ", "request_id": "req-2c09d5ef-d139-4228-bba8-ac5857987935"}]} [pid: 8|app: 0|req: 1232/2452] 10.0.0.10 () {32 vars in 725 bytes} [Thu Apr 23 09:35:56 2026] DELETE /v2.0/networks/949465ed-5576-4fae-9a08-696891c4680d => generated 0 bytes in 330 msecs (HTTP/1.1 204) 3 headers in 131 bytes (1 switches on core 0)
2026-04-23 09:35:56.864 7 WARNING neutron.plugins.ml2.drivers.ovn.mech_driver.ovsdb.ovn_client [None req-34bf9b6d-3e76-4864-8cb6-2db64bf60e12 - - - - - -] Logical_Switch_Port 2da33dca-a777-41c9-b843-a8fc1cd083c0 host information not removed, the port state is up
2026-04-23 09:35:56.864 7 INFO neutron.plugins.ml2.drivers.ovn.mech_driver.mech_driver [None req-34bf9b6d-3e76-4864-8cb6-2db64bf60e12 - - - - - -] OVN reports status up for port: 2da33dca-a777-41c9-b843-a8fc1cd083c0
2026-04-23 09:35:56.895 7 INFO neutron.plugins.ml2.plugin [None req-34bf9b6d-3e76-4864-8cb6-2db64bf60e12 - - - - - -] Attempt 1 to provision port 2da33dca-a777-41c9-b843-a8fc1cd083c0
2026-04-23 09:35:57.139 8 INFO neutron.db.ovn_revision_numbers_db [None req-a25fcb3d-5339-4929-9adc-6b91e47d1b1c a3ce890cfbec4e23953f862651472505 78661887968346fcbd4915c8d0d1c72f - - default default] Successfully bumped revision number for resource 78baed34-0a77-46fa-8670-138ed245d60a (type: security_groups) to 1
2026-04-23 09:35:57.151 8 INFO neutron.db.ovn_revision_numbers_db [None req-a25fcb3d-5339-4929-9adc-6b91e47d1b1c a3ce890cfbec4e23953f862651472505 78661887968346fcbd4915c8d0d1c72f - - default default] Successfully bumped revision number for resource 66fcc0e5-1f4f-4993-b196-95965cf1d44b (type: security_group_rules) to 0
2026-04-23 09:35:57.162 8 INFO neutron.db.ovn_revision_numbers_db [None req-a25fcb3d-5339-4929-9adc-6b91e47d1b1c a3ce890cfbec4e23953f862651472505 78661887968346fcbd4915c8d0d1c72f - - default default] Successfully bumped revision number for resource 81d1b9cd-83a4-4d02-976b-50f59a62056c (type: security_group_rules) to 0
2026-04-23 09:35:57.176 8 INFO neutron.db.ovn_revision_numbers_db [None req-a25fcb3d-5339-4929-9adc-6b91e47d1b1c a3ce890cfbec4e23953f862651472505 78661887968346fcbd4915c8d0d1c72f - - default default] Successfully bumped revision number for resource 86ff6533-fa19-4db4-97e3-02a430a7352f (type: security_group_rules) to 0
2026-04-23 09:35:57.187 8 INFO neutron.db.ovn_revision_numbers_db [None req-a25fcb3d-5339-4929-9adc-6b91e47d1b1c a3ce890cfbec4e23953f862651472505 78661887968346fcbd4915c8d0d1c72f - - default default] Successfully bumped revision number for resource b1a4553c-9fd3-4a61-a536-8157c6e65b77 (type: security_group_rules) to 0
2026-04-23 09:35:57.199 7 INFO neutron.db.ovn_revision_numbers_db [None req-32a940e0-d928-4085-8517-af7dda82ea96 - - - - - -] Successfully bumped revision number for resource cb397907-0c70-4ac9-877b-48cf995ce8cf (type: ports) to 5
2026-04-23 09:35:57.262 8 INFO neutron.db.segments_db [None req-a25fcb3d-5339-4929-9adc-6b91e47d1b1c a3ce890cfbec4e23953f862651472505 78661887968346fcbd4915c8d0d1c72f - - default default] Added segment da0e90b4-c872-4c3b-9434-931ff5297d4b of type geneve for network 448ebea4-4ca3-47e3-a500-30098df89c52
2026-04-23 09:35:57.312 7 INFO neutron.services.segments.plugin [-] Segment c8c01c04-64de-4b6c-8e64-c7005f0d48b5 resource provider aggregate not found
2026-04-23 09:35:57.313 7 INFO neutron.services.segments.plugin [-] Segment c8c01c04-64de-4b6c-8e64-c7005f0d48b5 resource provider aggregate not found
2026-04-23 09:35:57.344 7 INFO neutron.services.segments.plugin [-] Segment c8c01c04-64de-4b6c-8e64-c7005f0d48b5 resource provider not found; error: Placement Client Error (4xx): {"errors": [{"status": 404, "title": "Not Found", "detail": "The resource could not be found.\n\n No resource provider with uuid c8c01c04-64de-4b6c-8e64-c7005f0d48b5 found for delete ", "request_id": "req-5b7d2321-71d4-4984-a9c9-ad561270a7ee"}]}
2026-04-23 09:35:57.348 7 INFO neutron.services.segments.plugin [-] Segment c8c01c04-64de-4b6c-8e64-c7005f0d48b5 resource provider not found; error: Placement Client Error (4xx): {"errors": [{"status": 404, "title": "Not Found", "detail": "The resource could not be found.\n\n No resource provider with uuid c8c01c04-64de-4b6c-8e64-c7005f0d48b5 found for delete ", "request_id": "req-b2973d23-4c96-46ba-a412-23804c2b952c"}]}
2026-04-23 09:35:57.363 8 INFO neutron.db.ovn_revision_numbers_db [None req-a25fcb3d-5339-4929-9adc-6b91e47d1b1c a3ce890cfbec4e23953f862651472505 78661887968346fcbd4915c8d0d1c72f - - default default] Successfully bumped revision number for resource 448ebea4-4ca3-47e3-a500-30098df89c52 (type: networks) to 1 [pid: 7|app: 0|req: 1221/2453] 10.0.0.10 () {32 vars in 725 bytes} [Thu Apr 23 09:35:55 2026] DELETE /v2.0/networks/91a03a91-9425-4d01-ac2c-75c2c65fd17c => generated 0 bytes in 1766 msecs (HTTP/1.1 204) 3 headers in 131 bytes (1 switches on core 0)
2026-04-23 09:35:57.532 8 WARNING neutron.scheduler.dhcp_agent_scheduler [None req-a25fcb3d-5339-4929-9adc-6b91e47d1b1c a3ce890cfbec4e23953f862651472505 78661887968346fcbd4915c8d0d1c72f - - default default] No more DHCP agents
2026-04-23 09:35:57.533 8 WARNING neutron.api.rpc.agentnotifiers.dhcp_rpc_agent_api [None req-a25fcb3d-5339-4929-9adc-6b91e47d1b1c a3ce890cfbec4e23953f862651472505 78661887968346fcbd4915c8d0d1c72f - - default default] Unable to schedule network 448ebea4-4ca3-47e3-a500-30098df89c52: no agents available; will retry on subsequent port and subnet creation events.
2026-04-23 09:35:57.610 8 INFO neutron.db.ovn_revision_numbers_db [None req-a25fcb3d-5339-4929-9adc-6b91e47d1b1c a3ce890cfbec4e23953f862651472505 78661887968346fcbd4915c8d0d1c72f - - default default] Successfully bumped revision number for resource 6f1446bd-0387-439b-9e0b-3dce0b102b26 (type: ports) to 1
2026-04-23 09:35:57.635 7 WARNING neutron.db.securitygroups_db [None req-8c5b394e-c9fb-403a-87cf-ab0dec5b68d2 a3ce890cfbec4e23953f862651472505 78661887968346fcbd4915c8d0d1c72f - - default default] project_id key not found in filters, using tenant_id instead. This support has been deprecated and will be removed in a future release. [pid: 8|app: 0|req: 1233/2454] 10.0.0.10 () {34 vars in 670 bytes} [Thu Apr 23 09:35:56 2026] POST /v2.0/networks => generated 782 bytes in 681 msecs (HTTP/1.1 201) 4 headers in 162 bytes (1 switches on core 0) [pid: 7|app: 0|req: 1222/2455] 10.0.0.10 () {32 vars in 773 bytes} [Thu Apr 23 09:35:57 2026] GET /v2.0/security-groups?tenant_id=ff460eb8be0042f086f8490e37838746&name=default => generated 2925 bytes in 228 msecs (HTTP/1.1 200) 4 headers in 158 bytes (1 switches on core 0)
2026-04-23 09:35:57.763 8 INFO neutron_taas.services.taas.taas_plugin [None req-05d8188b-30fd-42cc-a05e-ec921a763ef0 a3d546d217f449c59d9734194a3036bb fa38294066c941baa131ee2201c8a541 - - default default] TaaS: Handle Delete Port: cbdcacea-5a81-4940-af93-0503a0cc5273
2026-04-23 09:35:57.765 8 INFO neutron_taas.services.taas.tap_mirror_plugin [None req-05d8188b-30fd-42cc-a05e-ec921a763ef0 a3d546d217f449c59d9734194a3036bb fa38294066c941baa131ee2201c8a541 - - default default] Tap Mirror: Handle Delete Port: cbdcacea-5a81-4940-af93-0503a0cc5273
2026-04-23 09:35:57.800 7 INFO neutron.db.ovn_revision_numbers_db [None req-34bf9b6d-3e76-4864-8cb6-2db64bf60e12 - - - - - -] Successfully bumped revision number for resource 2da33dca-a777-41c9-b843-a8fc1cd083c0 (type: ports) to 2
2026-04-23 09:35:57.964 7 WARNING neutron.scheduler.dhcp_agent_scheduler [None req-c6f4e886-9903-411a-a90a-675386fd3854 a3ce890cfbec4e23953f862651472505 78661887968346fcbd4915c8d0d1c72f - - default default] No more DHCP agents
2026-04-23 09:35:57.968 7 WARNING neutron.api.rpc.agentnotifiers.dhcp_rpc_agent_api [None req-c6f4e886-9903-411a-a90a-675386fd3854 a3ce890cfbec4e23953f862651472505 78661887968346fcbd4915c8d0d1c72f - - default default] Unable to schedule network 448ebea4-4ca3-47e3-a500-30098df89c52: no agents available; will retry on subsequent port and subnet creation events. [pid: 8|app: 0|req: 1234/2456] 10.0.0.10 () {32 vars in 725 bytes} [Thu Apr 23 09:35:57 2026] DELETE /v2.0/networks/d9d90dbe-ee2d-47cb-9d88-896f18f865b3 => generated 0 bytes in 326 msecs (HTTP/1.1 204) 3 headers in 131 bytes (1 switches on core 0) [pid: 8|app: 0|req: 1235/2457] 10.0.0.10 () {32 vars in 739 bytes} [Thu Apr 23 09:35:57 2026] DELETE /v2.0/security-groups/ea30dbf1-e56b-4970-93dc-b9790dffef4a => generated 0 bytes in 161 msecs (HTTP/1.1 204) 2 headers in 112 bytes (1 switches on core 0)
2026-04-23 09:35:58.251 8 INFO neutron_taas.services.taas.taas_plugin [None req-65a482e8-870f-4de4-bce3-d926ccded6a9 a3d546d217f449c59d9734194a3036bb fa38294066c941baa131ee2201c8a541 - - default default] TaaS: Handle Delete Port: e63bcd44-05d7-4c8e-8670-9f4288003675
2026-04-23 09:35:58.259 8 INFO neutron_taas.services.taas.tap_mirror_plugin [None req-65a482e8-870f-4de4-bce3-d926ccded6a9 a3d546d217f449c59d9734194a3036bb fa38294066c941baa131ee2201c8a541 - - default default] Tap Mirror: Handle Delete Port: e63bcd44-05d7-4c8e-8670-9f4288003675
2026-04-23 09:35:58.425 7 INFO neutron.db.ovn_revision_numbers_db [None req-c6f4e886-9903-411a-a90a-675386fd3854 a3ce890cfbec4e23953f862651472505 78661887968346fcbd4915c8d0d1c72f - - default default] Successfully bumped revision number for resource 6f1446bd-0387-439b-9e0b-3dce0b102b26 (type: ports) to 2
2026-04-23 09:35:58.449 7 INFO neutron.db.ovn_revision_numbers_db [None req-c6f4e886-9903-411a-a90a-675386fd3854 a3ce890cfbec4e23953f862651472505 78661887968346fcbd4915c8d0d1c72f - - default default] Successfully bumped revision number for resource 56b01f60-5bc0-407b-9c63-6b80be12e72b (type: subnets) to 0 [pid: 7|app: 0|req: 1223/2458] 10.0.0.10 () {34 vars in 668 bytes} [Thu Apr 23 09:35:57 2026] POST /v2.0/subnets => generated 688 bytes in 774 msecs (HTTP/1.1 201) 4 headers in 162 bytes (1 switches on core 0) [pid: 8|app: 0|req: 1236/2459] 10.0.0.10 () {32 vars in 725 bytes} [Thu Apr 23 09:35:58 2026] DELETE /v2.0/networks/aa0b6555-3fc6-4e84-ada7-608e528df5da => generated 0 bytes in 409 msecs (HTTP/1.1 204) 3 headers in 131 bytes (1 switches on core 0)
2026-04-23 09:35:58.561 8 INFO neutron.pecan_wsgi.hooks.translation [None req-7316143c-a466-47ad-b7e3-dcceed53569e a3d546d217f449c59d9734194a3036bb fa38294066c941baa131ee2201c8a541 - - default default] DELETE failed (client error): The resource could not be found. [pid: 8|app: 0|req: 1237/2460] 10.0.0.10 () {32 vars in 725 bytes} [Thu Apr 23 09:35:58 2026] DELETE /v2.0/networks/17007873-ff5c-4a80-acf3-341eb4ee3cf8 => generated 138 bytes in 19 msecs (HTTP/1.1 404) 4 headers in 164 bytes (1 switches on core 0)
2026-04-23 09:35:58.751 8 INFO neutron.services.segments.plugin [-] Segment 87a691aa-3c0a-4f6f-b0e6-9f4f49df7bc4 resource provider aggregate not found
2026-04-23 09:35:58.758 8 INFO neutron.services.segments.plugin [-] Segment 87a691aa-3c0a-4f6f-b0e6-9f4f49df7bc4 resource provider aggregate not found
2026-04-23 09:35:58.764 8 INFO neutron.services.segments.plugin [-] Segment 87a691aa-3c0a-4f6f-b0e6-9f4f49df7bc4 resource provider not found; error: Placement Client Error (4xx): {"errors": [{"status": 404, "title": "Not Found", "detail": "The resource could not be found.\n\n No resource provider with uuid 87a691aa-3c0a-4f6f-b0e6-9f4f49df7bc4 found for delete ", "request_id": "req-37fab24b-2998-40c5-9df4-753b9b086aa9"}]}
2026-04-23 09:35:58.771 8 INFO neutron.services.segments.plugin [-] Segment 87a691aa-3c0a-4f6f-b0e6-9f4f49df7bc4 resource provider not found; error: Placement Client Error (4xx): {"errors": [{"status": 404, "title": "Not Found", "detail": "The resource could not be found.\n\n No resource provider with uuid 87a691aa-3c0a-4f6f-b0e6-9f4f49df7bc4 found for delete ", "request_id": "req-59ca0e1b-367c-454d-9ec3-c399ca42368c"}]}
2026-04-23 09:35:58.780 8 INFO neutron.services.segments.plugin [-] Segment 929b5fc6-9dc2-44b6-a879-119f2f23cbc0 resource provider aggregate not found
2026-04-23 09:35:58.785 8 INFO neutron.services.segments.plugin [-] Segment 929b5fc6-9dc2-44b6-a879-119f2f23cbc0 resource provider aggregate not found
2026-04-23 09:35:58.798 8 INFO neutron.services.segments.plugin [-] Segment 929b5fc6-9dc2-44b6-a879-119f2f23cbc0 resource provider not found; error: Placement Client Error (4xx): {"errors": [{"status": 404, "title": "Not Found", "detail": "The resource could not be found.\n\n No resource provider with uuid 929b5fc6-9dc2-44b6-a879-119f2f23cbc0 found for delete ", "request_id": "req-9f0a4c01-65ca-40b0-9edb-e54e8c280fb7"}]}
2026-04-23 09:35:58.800 8 INFO neutron.services.segments.plugin [-] Segment 929b5fc6-9dc2-44b6-a879-119f2f23cbc0 resource provider not found; error: Placement Client Error (4xx): {"errors": [{"status": 404, "title": "Not Found", "detail": "The resource could not be found.\n\n No resource provider with uuid 929b5fc6-9dc2-44b6-a879-119f2f23cbc0 found for delete ", "request_id": "req-28be941e-a8a1-495a-82ed-ec3261a546ef"}]}
2026-04-23 09:35:58.820 7 WARNING neutron.scheduler.dhcp_agent_scheduler [None req-5d3282a4-6e0d-4948-a9f0-8ed5fbffcfb7 a3ce890cfbec4e23953f862651472505 78661887968346fcbd4915c8d0d1c72f - - default default] No more DHCP agents
2026-04-23 09:35:58.821 7 WARNING neutron.api.rpc.agentnotifiers.dhcp_rpc_agent_api [None req-5d3282a4-6e0d-4948-a9f0-8ed5fbffcfb7 a3ce890cfbec4e23953f862651472505 78661887968346fcbd4915c8d0d1c72f - - default default] Unable to schedule network b0b0d4be-c41e-4d95-a313-d159496ebddf: no agents available; will retry on subsequent port and subnet creation events.
2026-04-23 09:35:58.932 8 INFO neutron.plugins.ml2.drivers.ovn.mech_driver.mech_driver [None req-f7dcd17e-5fef-4cda-a23f-72595272eced - - - - - -] OVN reports status down for port: ac54ca33-6aa6-4a1b-b513-82528289b2d9
2026-04-23 09:35:58.965 7 INFO neutron.db.ovn_revision_numbers_db [None req-5d3282a4-6e0d-4948-a9f0-8ed5fbffcfb7 a3ce890cfbec4e23953f862651472505 78661887968346fcbd4915c8d0d1c72f - - default default] Successfully bumped revision number for resource ac54ca33-6aa6-4a1b-b513-82528289b2d9 (type: ports) to 1
2026-04-23 09:35:59.302 8 WARNING neutron.db.securitygroups_db [None req-f2d6fce6-49b1-4cb9-83ea-d806d6ffa8ee a3ce890cfbec4e23953f862651472505 78661887968346fcbd4915c8d0d1c72f - - default default] project_id key not found in filters, using tenant_id instead. This support has been deprecated and will be removed in a future release. [pid: 8|app: 0|req: 1238/2461] 10.0.0.10 () {32 vars in 773 bytes} [Thu Apr 23 09:35:59 2026] GET /v2.0/security-groups?tenant_id=fa38294066c941baa131ee2201c8a541&name=default => generated 2925 bytes in 193 msecs (HTTP/1.1 200) 4 headers in 158 bytes (1 switches on core 0) [pid: 8|app: 0|req: 1239/2462] 10.0.0.10 () {32 vars in 739 bytes} [Thu Apr 23 09:35:59 2026] DELETE /v2.0/security-groups/b811f3e4-eb2c-49ad-8a9d-0e867fab8af2 => generated 0 bytes in 181 msecs (HTTP/1.1 204) 2 headers in 112 bytes (1 switches on core 0)
2026-04-23 09:35:59.548 7 INFO neutron.db.ovn_revision_numbers_db [None req-5d3282a4-6e0d-4948-a9f0-8ed5fbffcfb7 a3ce890cfbec4e23953f862651472505 78661887968346fcbd4915c8d0d1c72f - - default default] Successfully bumped revision number for resource ac54ca33-6aa6-4a1b-b513-82528289b2d9 (type: router_ports) to 1
2026-04-23 09:35:59.556 8 INFO neutron.plugins.ml2.drivers.ovn.mech_driver.ovsdb.ovsdb_monitor [None req-f350ba30-529a-480b-94f8-b5f0248ac075 - - - - - -] Router db65e30f-1293-492f-a010-35272ee43bb5 is bound to host instance
2026-04-23 09:35:59.575 8 INFO neutron.plugins.ml2.drivers.ovn.mech_driver.mech_driver [None req-f7dcd17e-5fef-4cda-a23f-72595272eced - - - - - -] OVN reports status up for port: ac54ca33-6aa6-4a1b-b513-82528289b2d9
2026-04-23 09:35:59.601 8 INFO neutron.plugins.ml2.plugin [None req-f7dcd17e-5fef-4cda-a23f-72595272eced - - - - - -] Attempt 1 to provision port ac54ca33-6aa6-4a1b-b513-82528289b2d9
2026-04-23 09:35:59.607 7 INFO neutron.db.ovn_revision_numbers_db [None req-5d3282a4-6e0d-4948-a9f0-8ed5fbffcfb7 a3ce890cfbec4e23953f862651472505 78661887968346fcbd4915c8d0d1c72f - - default default] Successfully bumped revision number for resource db65e30f-1293-492f-a010-35272ee43bb5 (type: routers) to 2 [pid: 7|app: 0|req: 1224/2463] 10.0.0.10 () {34 vars in 668 bytes} [Thu Apr 23 09:35:58 2026] POST /v2.0/routers => generated 987 bytes in 1162 msecs (HTTP/1.1 201) 4 headers in 162 bytes (1 switches on core 0)
2026-04-23 09:35:59.649 8 WARNING neutron.db.securitygroups_db [None req-fda23196-a854-42aa-a028-51bb22abc660 a3ce890cfbec4e23953f862651472505 78661887968346fcbd4915c8d0d1c72f - - default default] project_id key not found in filters, using tenant_id instead. This support has been deprecated and will be removed in a future release.
2026-04-23 09:35:59.945 8 INFO neutron.db.ovn_revision_numbers_db [None req-fda23196-a854-42aa-a028-51bb22abc660 a3ce890cfbec4e23953f862651472505 78661887968346fcbd4915c8d0d1c72f - - default default] Successfully bumped revision number for resource 88f5690f-b372-42b1-a5dc-7e918cdccb53 (type: security_groups) to 1
2026-04-23 09:35:59.972 8 INFO neutron.db.ovn_revision_numbers_db [None req-fda23196-a854-42aa-a028-51bb22abc660 a3ce890cfbec4e23953f862651472505 78661887968346fcbd4915c8d0d1c72f - - default default] Successfully bumped revision number for resource 65c541b2-7f39-4fcc-9982-abad98807306 (type: security_group_rules) to 0
2026-04-23 09:35:59.989 7 WARNING neutron.scheduler.dhcp_agent_scheduler [None req-7c311449-262c-48cb-b68e-e4ebcacad868 a3ce890cfbec4e23953f862651472505 78661887968346fcbd4915c8d0d1c72f - - default default] No more DHCP agents
2026-04-23 09:35:59.990 8 INFO neutron.db.ovn_revision_numbers_db [None req-fda23196-a854-42aa-a028-51bb22abc660 a3ce890cfbec4e23953f862651472505 78661887968346fcbd4915c8d0d1c72f - - default default] Successfully bumped revision number for resource 7520f3f9-76ef-43ab-9f24-1bafe9f531c0 (type: security_group_rules) to 0
2026-04-23 09:35:59.990 7 WARNING neutron.api.rpc.agentnotifiers.dhcp_rpc_agent_api [None req-7c311449-262c-48cb-b68e-e4ebcacad868 a3ce890cfbec4e23953f862651472505 78661887968346fcbd4915c8d0d1c72f - - default default] Unable to schedule network 448ebea4-4ca3-47e3-a500-30098df89c52: no agents available; will retry on subsequent port and subnet creation events.
2026-04-23 09:36:00.020 8 INFO neutron.db.ovn_revision_numbers_db [None req-fda23196-a854-42aa-a028-51bb22abc660 a3ce890cfbec4e23953f862651472505 78661887968346fcbd4915c8d0d1c72f - - default default] Successfully bumped revision number for resource 8e686023-cbee-43ea-99d7-1a101254d883 (type: security_group_rules) to 0
2026-04-23 09:36:00.041 8 INFO neutron.db.ovn_revision_numbers_db [None req-fda23196-a854-42aa-a028-51bb22abc660 a3ce890cfbec4e23953f862651472505 78661887968346fcbd4915c8d0d1c72f - - default default] Successfully bumped revision number for resource cfaf6127-9a6b-40bf-bc8e-c9d7dd54ec22 (type: security_group_rules) to 0 [pid: 8|app: 0|req: 1240/2464] 10.0.0.10 () {32 vars in 773 bytes} [Thu Apr 23 09:35:59 2026] GET /v2.0/security-groups?tenant_id=c57d645b57a647c0957f688b2f465c7a&name=default => generated 2925 bytes in 485 msecs (HTTP/1.1 200) 4 headers in 158 bytes (1 switches on core 0)
2026-04-23 09:36:00.139 7 INFO neutron.db.ovn_revision_numbers_db [None req-7c311449-262c-48cb-b68e-e4ebcacad868 a3ce890cfbec4e23953f862651472505 78661887968346fcbd4915c8d0d1c72f - - default default] Successfully bumped revision number for resource 6fbc703d-a6ca-48dd-89b4-272143dc3756 (type: ports) to 1
2026-04-23 09:36:00.482 8 INFO neutron.db.ovn_revision_numbers_db [None req-74ca1bd5-cc75-4c8e-b40f-1ae0fc6c38ed 756efda05b5f4743b6b07476e33c3da1 5d2aa1de0645426c8865fdd3a2e709ea - - default default] Successfully bumped revision number for resource 3c24da38-ef0f-4341-a56a-cd8898962f5f (type: security_groups) to 1
2026-04-23 09:36:00.513 8 INFO neutron.db.ovn_revision_numbers_db [None req-74ca1bd5-cc75-4c8e-b40f-1ae0fc6c38ed 756efda05b5f4743b6b07476e33c3da1 5d2aa1de0645426c8865fdd3a2e709ea - - default default] Successfully bumped revision number for resource 0780eb0e-43e4-4da9-b82a-2bd6a10b0025 (type: security_group_rules) to 0
2026-04-23 09:36:00.540 8 INFO neutron.db.ovn_revision_numbers_db [None req-74ca1bd5-cc75-4c8e-b40f-1ae0fc6c38ed 756efda05b5f4743b6b07476e33c3da1 5d2aa1de0645426c8865fdd3a2e709ea - - default default] Successfully bumped revision number for resource 0e1d1da4-e26a-4e02-84e5-a1b0d1bcd6fe (type: security_group_rules) to 0
2026-04-23 09:36:00.569 8 INFO neutron.db.ovn_revision_numbers_db [None req-74ca1bd5-cc75-4c8e-b40f-1ae0fc6c38ed 756efda05b5f4743b6b07476e33c3da1 5d2aa1de0645426c8865fdd3a2e709ea - - default default] Successfully bumped revision number for resource 3a95a0f6-a526-4d6f-8b22-e0e7754cf059 (type: security_group_rules) to 0
2026-04-23 09:36:00.591 8 INFO neutron.db.ovn_revision_numbers_db [None req-74ca1bd5-cc75-4c8e-b40f-1ae0fc6c38ed 756efda05b5f4743b6b07476e33c3da1 5d2aa1de0645426c8865fdd3a2e709ea - - default default] Successfully bumped revision number for resource 4c6d169a-7254-4ec2-bf7b-a3f393d885d0 (type: security_group_rules) to 0
2026-04-23 09:36:00.705 8 INFO neutron.db.segments_db [None req-74ca1bd5-cc75-4c8e-b40f-1ae0fc6c38ed 756efda05b5f4743b6b07476e33c3da1 5d2aa1de0645426c8865fdd3a2e709ea - - default default] Added segment a51da69f-a2b7-463f-8254-5665969403d2 of type geneve for network 394459cf-0a84-474a-9285-4fd1bf6b8a4c
2026-04-23 09:36:00.780 7 WARNING neutron.scheduler.dhcp_agent_scheduler [None req-7c311449-262c-48cb-b68e-e4ebcacad868 a3ce890cfbec4e23953f862651472505 78661887968346fcbd4915c8d0d1c72f - - default default] No more DHCP agents
2026-04-23 09:36:00.782 7 WARNING neutron.api.rpc.agentnotifiers.dhcp_rpc_agent_api [None req-7c311449-262c-48cb-b68e-e4ebcacad868 a3ce890cfbec4e23953f862651472505 78661887968346fcbd4915c8d0d1c72f - - default default] Unable to schedule network 448ebea4-4ca3-47e3-a500-30098df89c52: no agents available; will retry on subsequent port and subnet creation events.
2026-04-23 09:36:00.920 8 INFO neutron.db.ovn_revision_numbers_db [None req-74ca1bd5-cc75-4c8e-b40f-1ae0fc6c38ed 756efda05b5f4743b6b07476e33c3da1 5d2aa1de0645426c8865fdd3a2e709ea - - default default] Successfully bumped revision number for resource 394459cf-0a84-474a-9285-4fd1bf6b8a4c (type: networks) to 1
2026-04-23 09:36:01.012 8 INFO neutron.db.ovn_revision_numbers_db [None req-b60e7962-5a33-437e-a287-55842bd134c7 - - - - - -] Successfully bumped revision number for resource ac54ca33-6aa6-4a1b-b513-82528289b2d9 (type: ports) to 4
2026-04-23 09:36:01.269 7 INFO neutron.db.ovn_revision_numbers_db [None req-7c311449-262c-48cb-b68e-e4ebcacad868 a3ce890cfbec4e23953f862651472505 78661887968346fcbd4915c8d0d1c72f - - default default] Successfully bumped revision number for resource 6fbc703d-a6ca-48dd-89b4-272143dc3756 (type: router_ports) to 1 [pid: 7|app: 0|req: 1225/2465] 10.0.0.10 () {34 vars in 782 bytes} [Thu Apr 23 09:35:59 2026] PUT /v2.0/routers/db65e30f-1293-492f-a010-35272ee43bb5/add_router_interface => generated 310 bytes in 1639 msecs (HTTP/1.1 200) 4 headers in 157 bytes (1 switches on core 0)
2026-04-23 09:36:01.319 8 WARNING neutron.scheduler.dhcp_agent_scheduler [None req-74ca1bd5-cc75-4c8e-b40f-1ae0fc6c38ed 756efda05b5f4743b6b07476e33c3da1 5d2aa1de0645426c8865fdd3a2e709ea - - default default] No more DHCP agents
2026-04-23 09:36:01.322 8 WARNING neutron.api.rpc.agentnotifiers.dhcp_rpc_agent_api [None req-74ca1bd5-cc75-4c8e-b40f-1ae0fc6c38ed 756efda05b5f4743b6b07476e33c3da1 5d2aa1de0645426c8865fdd3a2e709ea - - default default] Unable to schedule network 394459cf-0a84-474a-9285-4fd1bf6b8a4c: no agents available; will retry on subsequent port and subnet creation events. [pid: 7|app: 0|req: 1226/2466] 10.0.0.10 () {32 vars in 739 bytes} [Thu Apr 23 09:36:01 2026] DELETE /v2.0/security-groups/88f5690f-b372-42b1-a5dc-7e918cdccb53 => generated 0 bytes in 196 msecs (HTTP/1.1 204) 2 headers in 112 bytes (1 switches on core 0)
2026-04-23 09:36:01.523 8 INFO neutron.db.ovn_revision_numbers_db [None req-74ca1bd5-cc75-4c8e-b40f-1ae0fc6c38ed 756efda05b5f4743b6b07476e33c3da1 5d2aa1de0645426c8865fdd3a2e709ea - - default default] Successfully bumped revision number for resource 83d0babb-d367-42e7-9034-179fe6f9600e (type: ports) to 1 [pid: 8|app: 0|req: 1241/2469] 10.0.0.10 () {34 vars in 669 bytes} [Thu Apr 23 09:36:00 2026] POST /v2.0/networks => generated 682 bytes in 1446 msecs (HTTP/1.1 201) 4 headers in 162 bytes (1 switches on core 0)
2026-04-23 09:36:01.663 8 INFO neutron.db.ovn_revision_numbers_db [None req-b60e7962-5a33-437e-a287-55842bd134c7 - - - - - -] Successfully bumped revision number for resource ac54ca33-6aa6-4a1b-b513-82528289b2d9 (type: ports) to 5
2026-04-23 09:36:01.816 7 WARNING neutron.scheduler.dhcp_agent_scheduler [None req-d8fd3fdf-47e7-464e-8b48-14f7566a79d2 756efda05b5f4743b6b07476e33c3da1 5d2aa1de0645426c8865fdd3a2e709ea - - default default] No more DHCP agents
2026-04-23 09:36:01.818 7 WARNING neutron.api.rpc.agentnotifiers.dhcp_rpc_agent_api [None req-d8fd3fdf-47e7-464e-8b48-14f7566a79d2 756efda05b5f4743b6b07476e33c3da1 5d2aa1de0645426c8865fdd3a2e709ea - - default default] Unable to schedule network 394459cf-0a84-474a-9285-4fd1bf6b8a4c: no agents available; will retry on subsequent port and subnet creation events.
2026-04-23 09:36:02.093 8 INFO neutron.db.ovn_revision_numbers_db [None req-d6a499ab-2e82-427b-992b-18a9186d994f 90700baed2364ee2b84458405ef18043 bbe97616d03c4f5f8953cebcc7185157 - - default default] Successfully bumped revision number for resource 5621b88d-c91a-4f08-b7c7-5cfee41b4d8b (type: security_groups) to 1
2026-04-23 09:36:02.107 8 INFO neutron.db.ovn_revision_numbers_db [None req-d6a499ab-2e82-427b-992b-18a9186d994f 90700baed2364ee2b84458405ef18043 bbe97616d03c4f5f8953cebcc7185157 - - default default] Successfully bumped revision number for resource 0ddf0c83-661d-471b-b621-23510ab36aa6 (type: security_group_rules) to 0
2026-04-23 09:36:02.118 8 INFO neutron.db.ovn_revision_numbers_db [None req-d6a499ab-2e82-427b-992b-18a9186d994f 90700baed2364ee2b84458405ef18043 bbe97616d03c4f5f8953cebcc7185157 - - default default] Successfully bumped revision number for resource 6e7ae508-f2ff-4231-bd8a-e8367abfe975 (type: security_group_rules) to 0 [pid: 8|app: 0|req: 1242/2470] 10.0.0.10 () {34 vars in 684 bytes} [Thu Apr 23 09:36:01 2026] POST /v2.0/security-groups => generated 1673 bytes in 189 msecs (HTTP/1.1 201) 4 headers in 163 bytes (1 switches on core 0)
2026-04-23 09:36:02.293 7 INFO neutron.db.ovn_revision_numbers_db [None req-d8fd3fdf-47e7-464e-8b48-14f7566a79d2 756efda05b5f4743b6b07476e33c3da1 5d2aa1de0645426c8865fdd3a2e709ea - - default default] Successfully bumped revision number for resource 83d0babb-d367-42e7-9034-179fe6f9600e (type: ports) to 2
2026-04-23 09:36:02.340 7 INFO neutron.db.ovn_revision_numbers_db [None req-d8fd3fdf-47e7-464e-8b48-14f7566a79d2 756efda05b5f4743b6b07476e33c3da1 5d2aa1de0645426c8865fdd3a2e709ea - - default default] Successfully bumped revision number for resource 737a367a-3590-4f4f-83bb-6dd8f169f9a1 (type: subnets) to 0
2026-04-23 09:36:02.345 8 INFO neutron.db.ovn_revision_numbers_db [None req-cde126bb-22e7-45cd-86ce-49fcaa28187f 90700baed2364ee2b84458405ef18043 bbe97616d03c4f5f8953cebcc7185157 - - default default] Successfully bumped revision number for resource 3a3cfcce-75a3-4feb-baf9-88d34d9cb74a (type: security_group_rules) to 0
2026-04-23 09:36:02.359 8 INFO neutron.common.ovn.utils [None req-f7dcd17e-5fef-4cda-a23f-72595272eced - - - - - -] HA Chassis Group neutron-448ebea4-4ca3-47e3-a500-30098df89c52 synchronized; highest priority chassis ebcf1884-6784-4dc2-a3c9-1e40785d0d4d [pid: 7|app: 0|req: 1229/2471] 10.0.0.10 () {34 vars in 668 bytes} [Thu Apr 23 09:36:01 2026] POST /v2.0/subnets => generated 641 bytes in 769 msecs (HTTP/1.1 201) 4 headers in 162 bytes (1 switches on core 0) [pid: 8|app: 0|req: 1243/2472] 10.0.0.10 () {34 vars in 694 bytes} [Thu Apr 23 09:36:02 2026] POST /v2.0/security-group-rules => generated 597 bytes in 231 msecs (HTTP/1.1 201) 4 headers in 162 bytes (1 switches on core 0)
2026-04-23 09:36:02.466 7 INFO neutron.db.segments_db [None req-b0c67c12-2af7-4e9c-aed2-639ffce1d478 756efda05b5f4743b6b07476e33c3da1 5d2aa1de0645426c8865fdd3a2e709ea - - default default] Added segment 0bda077d-76d1-410a-a13a-c0cfc0437e1b of type geneve for network df8086f1-3a03-418a-b10f-fa9b47b4d817
2026-04-23 09:36:02.502 8 INFO neutron.db.ovn_revision_numbers_db [None req-0aa50e44-52e4-4a77-b8a8-f3b410c6c851 90700baed2364ee2b84458405ef18043 bbe97616d03c4f5f8953cebcc7185157 - - default default] Successfully bumped revision number for resource 5db00e6a-a416-4c76-9e6d-4caab4f7bace (type: security_group_rules) to 0 [pid: 8|app: 0|req: 1244/2473] 10.0.0.10 () {34 vars in 694 bytes} [Thu Apr 23 09:36:02 2026] POST /v2.0/security-group-rules => generated 596 bytes in 131 msecs (HTTP/1.1 201) 4 headers in 162 bytes (1 switches on core 0)
2026-04-23 09:36:02.576 7 INFO neutron.db.ovn_revision_numbers_db [None req-b0c67c12-2af7-4e9c-aed2-639ffce1d478 756efda05b5f4743b6b07476e33c3da1 5d2aa1de0645426c8865fdd3a2e709ea - - default default] Successfully bumped revision number for resource df8086f1-3a03-418a-b10f-fa9b47b4d817 (type: networks) to 1
