Jun 19 21:39:39.062240 np0000182323 devstack@neutron-api.service[102825]: INFO neutron.db.ovn_revision_numbers_db [None req-b3033a7b-2f4c-4192-a2d7-1972f250f0f2 admin admin] Successfully bumped revision number for resource 8dfb22f0-3af1-4ee4-8f43-ca6187b63268 (type: security_group_rules) to 0
Jun 19 21:39:39.089850 np0000182323 devstack@neutron-api.service[102825]: DEBUG neutron.api.rpc.handlers.resources_rpc [None req-b3033a7b-2f4c-4192-a2d7-1972f250f0f2 admin admin] Pushing event updated for resources: {'SecurityGroup': ['ID=b20bbd66-afd8-4855-80ed-4cd2f22cf367,revision_number=1']} {{(pid=102825) push /opt/stack/neutron/neutron/api/rpc/handlers/resources_rpc.py:237}}
Jun 19 21:39:39.096060 np0000182323 devstack@neutron-api.service[102825]: DEBUG ovsdbapp.backend.ovs_idl.transaction [None req-298b7963-6c93-4c71-9d32-011acf66ae98 None None] Running txn n=1 command(idx=0): CheckLivenessCommand(_result=None) {{(pid=102825) do_commit /opt/stack/data/venv/lib/python3.12/site-packages/ovsdbapp/backend/ovs_idl/transaction.py:89}}
Jun 19 21:39:39.101787 np0000182323 devstack@neutron-api.service[102823]: DEBUG neutron.plugins.ml2.drivers.ovn.mech_driver.ovsdb.ovsdb_monitor [None req-ab621689-7939-4438-9c41-2e663ce04417 None None] Hash Ring: Node d75341a6e58b58f9813e7f4e86ca92c3 (host: np0000182323) handling event "update" for row 5916d818-0f00-4327-950f-10cacbbf6a19 (table: NB_Global) {{(pid=102823) notify /opt/stack/neutron/neutron/plugins/ml2/drivers/ovn/mech_driver/ovsdb/ovsdb_monitor.py:1015}}
Jun 19 21:39:39.102678 np0000182323 devstack@neutron-api.service[102825]: DEBUG neutron.api.rpc.callbacks.version_manager [None req-b3033a7b-2f4c-4192-a2d7-1972f250f0f2 admin admin] Tracked resource versions report:
Jun 19 21:39:39.102678 np0000182323 devstack@neutron-api.service[102825]: pushed versions:
Jun 19 21:39:39.102678 np0000182323 devstack@neutron-api.service[102825]: { 'AddressGroup': {'1.2'},
Jun 19 21:39:39.102678 np0000182323 devstack@neutron-api.service[102825]: 'Agent': {'1.1'},
Jun 19 21:39:39.102678 np0000182323 devstack@neutron-api.service[102825]: 'ConntrackHelper': {'1.0'},
Jun 19 21:39:39.102678 np0000182323 devstack@neutron-api.service[102825]: 'LocalIPAssociation': {'1.0'},
Jun 19 21:39:39.102678 np0000182323 devstack@neutron-api.service[102825]: 'Log': {'1.0'},
Jun 19 21:39:39.102678 np0000182323 devstack@neutron-api.service[102825]: 'NDPProxy': {'1.0'},
Jun 19 21:39:39.102678 np0000182323 devstack@neutron-api.service[102825]: 'Network': {'1.3'},
Jun 19 21:39:39.102678 np0000182323 devstack@neutron-api.service[102825]: 'Port': {'1.11'},
Jun 19 21:39:39.102678 np0000182323 devstack@neutron-api.service[102825]: 'PortForwarding': {'1.3'},
Jun 19 21:39:39.102678 np0000182323 devstack@neutron-api.service[102825]: 'QosPolicy': {'1.10'},
Jun 19 21:39:39.102678 np0000182323 devstack@neutron-api.service[102825]: 'SecurityGroup': {'1.6'},
Jun 19 21:39:39.102678 np0000182323 devstack@neutron-api.service[102825]: 'SecurityGroupRule': {'1.3'},
Jun 19 21:39:39.102678 np0000182323 devstack@neutron-api.service[102825]: 'SubPort': {'1.0'},
Jun 19 21:39:39.102678 np0000182323 devstack@neutron-api.service[102825]: 'Subnet': {'1.2'},
Jun 19 21:39:39.102678 np0000182323 devstack@neutron-api.service[102825]: 'Trunk': {'1.1'}}
Jun 19 21:39:39.102678 np0000182323 devstack@neutron-api.service[102825]: consumer versions:
Jun 19 21:39:39.102678 np0000182323 devstack@neutron-api.service[102825]: { OVN Neutron agent@np0000182323: {},
Jun 19 21:39:39.102678 np0000182323 devstack@neutron-api.service[102825]: OVN Controller Gateway agent@np0000182323: {}}
Jun 19 21:39:39.102678 np0000182323 devstack@neutron-api.service[102825]: {{(pid=102825) report /opt/stack/neutron/neutron/api/rpc/callbacks/version_manager.py:183}}
Jun 19 21:39:39.104024 np0000182323 devstack@neutron-api.service[102826]: DEBUG neutron.plugins.ml2.drivers.ovn.mech_driver.ovsdb.ovsdb_monitor [None req-a8f3a597-2250-484d-b20c-5c7631f3c69c None None] ChassisAgentWriteEvent : Matched Chassis_Private, update, None None {{(pid=102826) matches /opt/stack/neutron/neutron/plugins/ml2/drivers/ovn/mech_driver/ovsdb/ovsdb_monitor.py:64}}
Jun 19 21:39:39.105793 np0000182323 devstack@neutron-api.service[102823]: DEBUG neutron.plugins.ml2.drivers.ovn.mech_driver.ovsdb.ovsdb_monitor [None req-ab621689-7939-4438-9c41-2e663ce04417 None None] Hash Ring: Node d75341a6e58b58f9813e7f4e86ca92c3 (host: np0000182323) handling event "update" for row 5916d818-0f00-4327-950f-10cacbbf6a19 (table: NB_Global) {{(pid=102823) notify /opt/stack/neutron/neutron/plugins/ml2/drivers/ovn/mech_driver/ovsdb/ovsdb_monitor.py:1015}}
Jun 19 21:39:39.107019 np0000182323 devstack@neutron-api.service[102824]: DEBUG neutron.plugins.ml2.drivers.ovn.mech_driver.ovsdb.ovsdb_monitor [None req-2383d232-8a2a-4a82-9824-8010114869e3 None None] ChassisAgentWriteEvent : Matched Chassis_Private, update, None None {{(pid=102824) matches /opt/stack/neutron/neutron/plugins/ml2/drivers/ovn/mech_driver/ovsdb/ovsdb_monitor.py:64}}
Jun 19 21:39:39.108823 np0000182323 devstack@neutron-api.service[102823]: DEBUG neutron.plugins.ml2.drivers.ovn.mech_driver.ovsdb.ovsdb_monitor [None req-863e1104-98e8-424e-bf4b-3373bda1721c None None] ChassisAgentWriteEvent : Matched Chassis_Private, update, None None {{(pid=102823) matches /opt/stack/neutron/neutron/plugins/ml2/drivers/ovn/mech_driver/ovsdb/ovsdb_monitor.py:64}}
Jun 19 21:39:39.112312 np0000182323 devstack@neutron-api.service[102823]: DEBUG neutron.plugins.ml2.drivers.ovn.mech_driver.ovsdb.ovsdb_monitor [None req-ab621689-7939-4438-9c41-2e663ce04417 None None] Hash Ring: Node d75341a6e58b58f9813e7f4e86ca92c3 (host: np0000182323) handling event "update" for row 5916d818-0f00-4327-950f-10cacbbf6a19 (table: NB_Global) {{(pid=102823) notify /opt/stack/neutron/neutron/plugins/ml2/drivers/ovn/mech_driver/ovsdb/ovsdb_monitor.py:1015}}
Jun 19 21:39:39.114689 np0000182323 devstack@neutron-api.service[102823]: DEBUG neutron.plugins.ml2.drivers.ovn.mech_driver.ovsdb.ovsdb_monitor [None req-ab621689-7939-4438-9c41-2e663ce04417 None None] Hash Ring: Node d75341a6e58b58f9813e7f4e86ca92c3 (host: np0000182323) handling event "update" for row 5916d818-0f00-4327-950f-10cacbbf6a19 (table: NB_Global) {{(pid=102823) notify /opt/stack/neutron/neutron/plugins/ml2/drivers/ovn/mech_driver/ovsdb/ovsdb_monitor.py:1015}}
Jun 19 21:39:39.116286 np0000182323 devstack@neutron-api.service[102825]: DEBUG neutron.plugins.ml2.drivers.ovn.mech_driver.ovsdb.ovsdb_monitor [None req-1b2e7835-e105-4980-9c49-897dbb6a9bdc None None] ChassisAgentWriteEvent : Matched Chassis_Private, update, None None {{(pid=102825) matches /opt/stack/neutron/neutron/plugins/ml2/drivers/ovn/mech_driver/ovsdb/ovsdb_monitor.py:64}}
Jun 19 21:39:39.116907 np0000182323 devstack@neutron-api.service[102824]: DEBUG neutron.common.ovn.hash_ring_manager [None req-2383d232-8a2a-4a82-9824-8010114869e3 None None] Hash Ring loaded. 4 active nodes. 0 offline nodes {{(pid=102824) _load_hash_ring /opt/stack/neutron/neutron/common/ovn/hash_ring_manager.py:110}}
Jun 19 21:39:39.117005 np0000182323 devstack@neutron-api.service[102826]: DEBUG neutron.common.ovn.hash_ring_manager [None req-a8f3a597-2250-484d-b20c-5c7631f3c69c None None] Hash Ring loaded. 4 active nodes. 0 offline nodes {{(pid=102826) _load_hash_ring /opt/stack/neutron/neutron/common/ovn/hash_ring_manager.py:110}}
Jun 19 21:39:39.120081 np0000182323 devstack@neutron-api.service[102823]: DEBUG neutron.common.ovn.hash_ring_manager [None req-863e1104-98e8-424e-bf4b-3373bda1721c None None] Hash Ring loaded. 4 active nodes. 0 offline nodes {{(pid=102823) _load_hash_ring /opt/stack/neutron/neutron/common/ovn/hash_ring_manager.py:110}}
Jun 19 21:39:39.120081 np0000182323 devstack@neutron-api.service[102823]: DEBUG neutron.plugins.ml2.drivers.ovn.mech_driver.ovsdb.ovsdb_monitor [None req-863e1104-98e8-424e-bf4b-3373bda1721c None None] Hash Ring: Node d75341a6e58b58f9813e7f4e86ca92c3 (host: np0000182323) handling event "update" for row c5dd5f06-7d59-40b6-b237-1c9c7c5fdc96 (table: Chassis_Private) {{(pid=102823) notify /opt/stack/neutron/neutron/plugins/ml2/drivers/ovn/mech_driver/ovsdb/ovsdb_monitor.py:1015}}
Jun 19 21:39:39.126067 np0000182323 devstack@neutron-api.service[102825]: DEBUG neutron.common.ovn.hash_ring_manager [None req-1b2e7835-e105-4980-9c49-897dbb6a9bdc None None] Hash Ring loaded. 4 active nodes. 0 offline nodes {{(pid=102825) _load_hash_ring /opt/stack/neutron/neutron/common/ovn/hash_ring_manager.py:110}}
Jun 19 21:39:39.151888 np0000182323 devstack@neutron-api.service[102825]: DEBUG neutron.plugins.ml2.drivers.helpers [None req-b3033a7b-2f4c-4192-a2d7-1972f250f0f2 admin admin] geneve segment allocate from pool success with {'geneve_vni': 13841} {{(pid=102825) allocate_partially_specified_segment /opt/stack/neutron/neutron/plugins/ml2/drivers/helpers.py:142}}
Jun 19 21:39:39.160902 np0000182323 devstack@neutron-api.service[102825]: DEBUG neutron_lib.callbacks.manager [None req-b3033a7b-2f4c-4192-a2d7-1972f250f0f2 admin admin] Publish callbacks ['neutron.services.segments.db._add_segment_host_mapping_for_segment-7723062087190', 'neutron.plugins.ml2.plugin.Ml2Plugin._handle_segment_change-3388377'] for segment (1cf26b12-b322-4b81-b8fb-784e2e54ed4c), precommit_create {{(pid=102825) _notify_loop /opt/stack/data/venv/lib/python3.12/site-packages/neutron_lib/callbacks/manager.py:184}}
Jun 19 21:39:39.161050 np0000182323 devstack@neutron-api.service[102825]: INFO neutron.db.segments_db [None req-b3033a7b-2f4c-4192-a2d7-1972f250f0f2 admin admin] Added segment 1cf26b12-b322-4b81-b8fb-784e2e54ed4c of type geneve for network c7936d4e-7bfe-4832-9bcb-d84ab276ff8f
Jun 19 21:39:39.175983 np0000182323 devstack@neutron-api.service[102825]: DEBUG neutron_lib.callbacks.manager [None req-b3033a7b-2f4c-4192-a2d7-1972f250f0f2 admin admin] Publish callbacks ['neutron.services.auto_allocate.db._ensure_external_network_default_value_callback-7723060736054'] for network (c7936d4e-7bfe-4832-9bcb-d84ab276ff8f), precommit_create {{(pid=102825) _notify_loop /opt/stack/data/venv/lib/python3.12/site-packages/neutron_lib/callbacks/manager.py:184}}
Jun 19 21:39:39.187353 np0000182323 devstack@neutron-api.service[102825]: DEBUG neutron.plugins.ml2.drivers.ovn.mech_driver.mech_driver [None req-b3033a7b-2f4c-4192-a2d7-1972f250f0f2 admin admin] Validating network segment with type geneve, segmentation ID 13841, physical network None {{(pid=102825) _validate_network_segments /opt/stack/neutron/neutron/plugins/ml2/drivers/ovn/mech_driver/mech_driver.py:646}}
Jun 19 21:39:39.187588 np0000182323 devstack@neutron-api.service[102825]: DEBUG neutron.db.ovn_revision_numbers_db [None req-b3033a7b-2f4c-4192-a2d7-1972f250f0f2 admin admin] create_initial_revision uuid=c7936d4e-7bfe-4832-9bcb-d84ab276ff8f, type=networks, rev=-1 {{(pid=102825) create_initial_revision /opt/stack/neutron/neutron/db/ovn_revision_numbers_db.py:98}}
Jun 19 21:39:39.195930 np0000182323 devstack@neutron-api.service[102825]: DEBUG neutron_lib.callbacks.manager [None req-b3033a7b-2f4c-4192-a2d7-1972f250f0f2 admin admin] Publish callbacks ['neutron.plugins.ml2.ovo_rpc._ObjectChangeHandler.handle_event-1971843'] for network (c7936d4e-7bfe-4832-9bcb-d84ab276ff8f), after_create {{(pid=102825) _notify_loop /opt/stack/data/venv/lib/python3.12/site-packages/neutron_lib/callbacks/manager.py:184}}
Jun 19 21:39:39.212330 np0000182323 devstack@neutron-api.service[102825]: DEBUG neutron.api.rpc.handlers.resources_rpc [None req-b3033a7b-2f4c-4192-a2d7-1972f250f0f2 admin admin] Pushing event updated for resources: {'Network': ['ID=c7936d4e-7bfe-4832-9bcb-d84ab276ff8f,revision_number=1']} {{(pid=102825) push /opt/stack/neutron/neutron/api/rpc/handlers/resources_rpc.py:237}}
Jun 19 21:39:39.221517 np0000182323 devstack@neutron-api.service[102825]: DEBUG ovsdbapp.backend.ovs_idl.transaction [None req-298b7963-6c93-4c71-9d32-011acf66ae98 None None] Running txn n=1 command(idx=0): AddNetworkCommand(_result=None, network_uuid=c7936d4e-7bfe-4832-9bcb-d84ab276ff8f, may_exist=True, columns={'external_ids': {'neutron:network_name': 'admin_net', 'neutron:mtu': '1372', 'neutron:revision_number': '1', 'neutron:availability_zone_hints': '', 'neutron:provnet-network-type': 'geneve'}, 'other_config': {'mcast_snoop': 'false', 'mcast_flood_unregistered': 'false', 'vlan-passthru': 'false'}}) {{(pid=102825) do_commit /opt/stack/data/venv/lib/python3.12/site-packages/ovsdbapp/backend/ovs_idl/transaction.py:89}}
Jun 19 21:39:39.227801 np0000182323 devstack@neutron-api.service[102826]: DEBUG neutron.plugins.ml2.drivers.ovn.mech_driver.ovsdb.ovsdb_monitor [None req-cd68446f-7fe8-4693-958f-4a14565947e4 None None] Hash Ring: Node c826a3a43a605dbc839e3bffea17e353 (host: np0000182323) handling event "create" for row c7936d4e-7bfe-4832-9bcb-d84ab276ff8f (table: Logical_Switch) {{(pid=102826) notify /opt/stack/neutron/neutron/plugins/ml2/drivers/ovn/mech_driver/ovsdb/ovsdb_monitor.py:1015}}
Jun 19 21:39:39.230492 np0000182323 devstack@neutron-api.service[102824]: DEBUG neutron.plugins.ml2.drivers.ovn.mech_driver.ovsdb.ovsdb_monitor [None req-2383d232-8a2a-4a82-9824-8010114869e3 None None] Hash Ring: Node 608a24c1099059c68fc18541c069487b (host: np0000182323) handling event "create" for row 28c26918-74e9-4cfb-8e4f-70e7bfb8437b (table: Datapath_Binding) {{(pid=102824) notify /opt/stack/neutron/neutron/plugins/ml2/drivers/ovn/mech_driver/ovsdb/ovsdb_monitor.py:1015}}
Jun 19 21:39:39.252243 np0000182323 devstack@neutron-api.service[102825]: INFO neutron.db.ovn_revision_numbers_db [None req-b3033a7b-2f4c-4192-a2d7-1972f250f0f2 admin admin] Successfully bumped revision number for resource c7936d4e-7bfe-4832-9bcb-d84ab276ff8f (type: networks) to 1
Jun 19 21:39:39.269312 np0000182323 devstack@neutron-api.service[102825]: DEBUG neutron_lib.callbacks.manager [None req-b3033a7b-2f4c-4192-a2d7-1972f250f0f2 admin admin] Publish callbacks ['neutron.plugins.ml2.plugin.SecurityGroupDbMixin._ensure_default_security_group_handler-1019615'] for port (None), before_create {{(pid=102825) _notify_loop /opt/stack/data/venv/lib/python3.12/site-packages/neutron_lib/callbacks/manager.py:184}}
Jun 19 21:39:39.343112 np0000182323 devstack@neutron-api.service[102825]: DEBUG neutron_lib.callbacks.manager [None req-b3033a7b-2f4c-4192-a2d7-1972f250f0f2 admin admin] Publish callbacks ['neutron.plugins.ml2.drivers.ovn.mech_driver.mech_driver.OVNMechanismDriver._validate_allowed_address_pairs-815105'] for allowed_address_pair (d80b1d34-0894-47f5-817e-04f4beabd144), before_create {{(pid=102825) _notify_loop /opt/stack/data/venv/lib/python3.12/site-packages/neutron_lib/callbacks/manager.py:184}}
Jun 19 21:39:39.343644 np0000182323 devstack@neutron-api.service[102825]: DEBUG neutron_lib.callbacks.manager [None req-b3033a7b-2f4c-4192-a2d7-1972f250f0f2 admin admin] Publish callbacks [] for port (d80b1d34-0894-47f5-817e-04f4beabd144), precommit_create {{(pid=102825) _notify_loop /opt/stack/data/venv/lib/python3.12/site-packages/neutron_lib/callbacks/manager.py:184}}
Jun 19 21:39:39.343825 np0000182323 devstack@neutron-api.service[102825]: DEBUG neutron.plugins.ml2.drivers.ovn.mech_driver.mech_driver [None req-b3033a7b-2f4c-4192-a2d7-1972f250f0f2 admin admin] No provisioning block for port d80b1d34-0894-47f5-817e-04f4beabd144 since it does not have a host {{(pid=102825) _is_port_provisioning_required /opt/stack/neutron/neutron/plugins/ml2/drivers/ovn/mech_driver/mech_driver.py:899}}
Jun 19 21:39:39.343932 np0000182323 devstack@neutron-api.service[102825]: DEBUG neutron.db.ovn_revision_numbers_db [None req-b3033a7b-2f4c-4192-a2d7-1972f250f0f2 admin admin] create_initial_revision uuid=d80b1d34-0894-47f5-817e-04f4beabd144, type=ports, rev=-1 {{(pid=102825) create_initial_revision /opt/stack/neutron/neutron/db/ovn_revision_numbers_db.py:98}}
Jun 19 21:39:39.381410 np0000182323 devstack@neutron-api.service[102825]: DEBUG neutron_lib.callbacks.manager [None req-b3033a7b-2f4c-4192-a2d7-1972f250f0f2 admin admin] Publish callbacks ['neutron.plugins.ml2.ovo_rpc._ObjectChangeHandler.handle_event-1971858'] for port (d80b1d34-0894-47f5-817e-04f4beabd144), after_create {{(pid=102825) _notify_loop /opt/stack/data/venv/lib/python3.12/site-packages/neutron_lib/callbacks/manager.py:184}}
Jun 19 21:39:39.420309 np0000182323 devstack@neutron-api.service[102825]: DEBUG neutron.api.rpc.handlers.resources_rpc [None req-b3033a7b-2f4c-4192-a2d7-1972f250f0f2 admin admin] Pushing event updated for resources: {'Port': ['ID=d80b1d34-0894-47f5-817e-04f4beabd144,revision_number=1']} {{(pid=102825) push /opt/stack/neutron/neutron/api/rpc/handlers/resources_rpc.py:237}}
Jun 19 21:39:39.425313 np0000182323 devstack@neutron-api.service[102825]: DEBUG neutron.plugins.ml2.drivers.ovn.mech_driver.ovsdb.commands [None req-b3033a7b-2f4c-4192-a2d7-1972f250f0f2 admin admin] Converting tag [] to a tag_request {{(pid=102825) _tag_column_to_tag_request /opt/stack/neutron/neutron/plugins/ml2/drivers/ovn/mech_driver/ovsdb/commands.py:205}}
Jun 19 21:39:39.426428 np0000182323 devstack@neutron-api.service[102825]: DEBUG ovsdbapp.backend.ovs_idl.transaction [None req-298b7963-6c93-4c71-9d32-011acf66ae98 None None] Running txn n=1 command(idx=0): AddLSwitchPortCommand(_result=None, lport=d80b1d34-0894-47f5-817e-04f4beabd144, lswitch=neutron-c7936d4e-7bfe-4832-9bcb-d84ab276ff8f, may_exist=True, network_uuid=c7936d4e-7bfe-4832-9bcb-d84ab276ff8f, columns={'addresses': ['fa:16:3e:e3:b8:8f'], 'external_ids': {'neutron:port_name': '', 'neutron:device_id': 'ovnmeta-c7936d4e-7bfe-4832-9bcb-d84ab276ff8f', 'neutron:project_id': '37c67a18cf4e4d16b641c01a482514ad', 'neutron:cidrs': '', 'neutron:device_owner': 'network:distributed', 'neutron:subnet_pool_addr_scope4': '', 'neutron:subnet_pool_addr_scope6': '', 'neutron:network_name': 'neutron-c7936d4e-7bfe-4832-9bcb-d84ab276ff8f', 'neutron:security_group_ids': '', 'neutron:revision_number': '1', 'neutron:vnic_type': 'normal', 'neutron:port_capabilities': '', 'neutron:mtu': '1372'}, 'parent_name': [], 'enabled': True, 'options': {}, 'type': 'localport', 'port_security': [], 'dhcpv4_options': [], 'dhcpv6_options': [], 'tag_request': []}) {{(pid=102825) do_commit /opt/stack/data/venv/lib/python3.12/site-packages/ovsdbapp/backend/ovs_idl/transaction.py:89}}
Jun 19 21:39:39.427557 np0000182323 devstack@neutron-api.service[102825]: DEBUG ovsdbapp.backend.ovs_idl.transaction [None req-298b7963-6c93-4c71-9d32-011acf66ae98 None None] Running txn n=1 command(idx=1): QoSDelCommand(_result=None, switch=neutron-c7936d4e-7bfe-4832-9bcb-d84ab276ff8f, conditions=[('direction', '=', 'to-lport'), ('priority', '=', 2002), ('match', '=', 'outport == "d80b1d34-0894-47f5-817e-04f4beabd144"')], if_exists=True) {{(pid=102825) do_commit /opt/stack/data/venv/lib/python3.12/site-packages/ovsdbapp/backend/ovs_idl/transaction.py:89}}
Jun 19 21:39:39.427963 np0000182323 devstack@neutron-api.service[102825]: DEBUG ovsdbapp.backend.ovs_idl.transaction [None req-298b7963-6c93-4c71-9d32-011acf66ae98 None None] Running txn n=1 command(idx=2): QoSDelCommand(_result=None, switch=neutron-c7936d4e-7bfe-4832-9bcb-d84ab276ff8f, conditions=[('direction', '=', 'from-lport'), ('priority', '=', 2002), ('match', '=', 'inport == "d80b1d34-0894-47f5-817e-04f4beabd144"')], if_exists=True) {{(pid=102825) do_commit /opt/stack/data/venv/lib/python3.12/site-packages/ovsdbapp/backend/ovs_idl/transaction.py:89}}
Jun 19 21:39:39.434990 np0000182323 devstack@neutron-api.service[102825]: DEBUG neutron.plugins.ml2.drivers.ovn.mech_driver.ovsdb.ovsdb_monitor [None req-298b7963-6c93-4c71-9d32-011acf66ae98 None None] Hash Ring: Node 3f89d8efdc3554a4bb1a1cc11d49ee23 (host: np0000182323) handling event "create" for row bd3e4ecd-520c-4f9d-8cf4-55e1d1d3f69f (table: Logical_Switch_Port) {{(pid=102825) notify /opt/stack/neutron/neutron/plugins/ml2/drivers/ovn/mech_driver/ovsdb/ovsdb_monitor.py:1015}}
Jun 19 21:39:39.436395 np0000182323 devstack@neutron-api.service[102825]: DEBUG ovsdbapp.backend.ovs_idl.event [None req-298b7963-6c93-4c71-9d32-011acf66ae98 None None] Matched CREATE: LogicalSwitchPortCreateEvent(events=('create',), table='Logical_Switch_Port', conditions=[], old_conditions=None), priority=20 to row=Logical_Switch_Port(uuid=bd3e4ecd-520c-4f9d-8cf4-55e1d1d3f69f, addresses=['fa:16:3e:e3:b8:8f'], dhcpv4_options=[], dhcpv6_options=[], dynamic_addresses=[], enabled=True, external_ids={'neutron:cidrs': '', 'neutron:device_id': 'ovnmeta-c7936d4e-7bfe-4832-9bcb-d84ab276ff8f', 'neutron:device_owner': 'network:distributed', 'neutron:mtu': '1372', 'neutron:network_name': 'neutron-c7936d4e-7bfe-4832-9bcb-d84ab276ff8f', 'neutron:port_capabilities': '', 'neutron:port_name': '', 'neutron:project_id': '37c67a18cf4e4d16b641c01a482514ad', 'neutron:revision_number': '1', 'neutron:security_group_ids': '', 'neutron:subnet_pool_addr_scope4': '', 'neutron:subnet_pool_addr_scope6': '', 'neutron:vnic_type': 'normal'}, ha_chassis_group=[], mirror_rules=[], name='d80b1d34-0894-47f5-817e-04f4beabd144', options={}, parent_name=[], port_security=[], tag=[], tag_request=[], type='localport', up=[]) old= {{(pid=102825) matches /opt/stack/data/venv/lib/python3.12/site-packages/ovsdbapp/backend/ovs_idl/event.py:55}}
Jun 19 21:39:39.441352 np0000182323 devstack@neutron-api.service[102824]: DEBUG neutron.plugins.ml2.drivers.ovn.mech_driver.ovsdb.ovsdb_monitor [None req-2383d232-8a2a-4a82-9824-8010114869e3 None None] Hash Ring: Node 608a24c1099059c68fc18541c069487b (host: np0000182323) handling event "create" for row ea552bd3-3730-41b5-bfbf-4f6a9a218a6b (table: Port_Binding) {{(pid=102824) notify /opt/stack/neutron/neutron/plugins/ml2/drivers/ovn/mech_driver/ovsdb/ovsdb_monitor.py:1015}}
Jun 19 21:39:39.441882 np0000182323 devstack@neutron-api.service[102826]: DEBUG neutron.plugins.ml2.drivers.ovn.mech_driver.ovsdb.ovsdb_monitor [None req-cd68446f-7fe8-4693-958f-4a14565947e4 None None] Hash Ring: Node c826a3a43a605dbc839e3bffea17e353 (host: np0000182323) handling event "update" for row c7936d4e-7bfe-4832-9bcb-d84ab276ff8f (table: Logical_Switch) {{(pid=102826) notify /opt/stack/neutron/neutron/plugins/ml2/drivers/ovn/mech_driver/ovsdb/ovsdb_monitor.py:1015}}
Jun 19 21:39:39.441996 np0000182323 devstack@neutron-api.service[102825]: INFO neutron.plugins.ml2.drivers.ovn.mech_driver.mech_driver [-] OVN reports status down for port: d80b1d34-0894-47f5-817e-04f4beabd144
Jun 19 21:39:39.444657 np0000182323 devstack@neutron-api.service[102825]: DEBUG neutron.plugins.ml2.drivers.ovn.mech_driver.ovsdb.ovsdb_monitor [None req-298b7963-6c93-4c71-9d32-011acf66ae98 None None] Hash Ring: Node 3f89d8efdc3554a4bb1a1cc11d49ee23 (host: np0000182323) handling event "update" for row bd3e4ecd-520c-4f9d-8cf4-55e1d1d3f69f (table: Logical_Switch_Port) {{(pid=102825) notify /opt/stack/neutron/neutron/plugins/ml2/drivers/ovn/mech_driver/ovsdb/ovsdb_monitor.py:1015}}
Jun 19 21:39:39.526783 np0000182323 devstack@neutron-api.service[102825]: INFO neutron.db.ovn_revision_numbers_db [None req-b3033a7b-2f4c-4192-a2d7-1972f250f0f2 admin admin] Successfully bumped revision number for resource d80b1d34-0894-47f5-817e-04f4beabd144 (type: ports) to 1
Jun 19 21:39:39.528735 np0000182323 devstack@neutron-api.service[102825]: DEBUG neutron.db.provisioning_blocks [None req-2b6d3bad-ff42-4d43-a010-6b11c153e80e None None] Transition to ACTIVE for port object d80b1d34-0894-47f5-817e-04f4beabd144 will not be triggered until provisioned by entity L2. {{(pid=102825) add_provisioning_component /opt/stack/neutron/neutron/db/provisioning_blocks.py:74}}
Jun 19 21:39:39.540105 np0000182323 devstack@neutron-api.service[102825]: DEBUG neutron.pecan_wsgi.hooks.policy_enforcement [None req-b3033a7b-2f4c-4192-a2d7-1972f250f0f2 admin admin] Attributes excluded by policy engine: ['standard_attr_id'] {{(pid=102825) _exclude_attributes_by_policy /opt/stack/neutron/neutron/pecan_wsgi/hooks/policy_enforcement.py:259}}
Jun 19 21:39:39.540398 np0000182323 devstack@neutron-api.service[102825]: DEBUG neutron_lib.callbacks.manager [None req-b3033a7b-2f4c-4192-a2d7-1972f250f0f2 admin admin] Publish callbacks [] for network (None), before_response {{(pid=102825) _notify_loop /opt/stack/data/venv/lib/python3.12/site-packages/neutron_lib/callbacks/manager.py:184}}
Jun 19 21:39:39.587775 np0000182323 devstack@neutron-api.service[102825]: [pid: 102825|app: 0|req: 23/93] 199.204.45.23 () {68 vars in 1351 bytes} [Fri Jun 19 21:39:38 2026] POST /networking/v2.0/networks => generated 683 bytes in 779 msecs (HTTP/1.1 201) 4 headers in 162 bytes (1 switches on core 0)
Jun 19 21:39:39.594471 np0000182323 devstack@neutron-api.service[102825]: DEBUG neutron.plugins.ml2.plugin [None req-2b6d3bad-ff42-4d43-a010-6b11c153e80e None None] Current status of the port d80b1d34-0894-47f5-817e-04f4beabd144 is: DOWN; New status is: DOWN {{(pid=102825) _update_individual_port_db_status /opt/stack/neutron/neutron/plugins/ml2/plugin.py:2473}}
Jun 19 21:39:39.596078 np0000182323 devstack@neutron-api.service[102825]: DEBUG ovsdbapp.backend.ovs_idl.transaction [None req-298b7963-6c93-4c71-9d32-011acf66ae98 None None] Running txn n=1 command(idx=0): DbRemoveCommand(_result=None, table=Logical_Switch_Port, record=d80b1d34-0894-47f5-817e-04f4beabd144, column=external_ids, values=('neutron:host_id',), keyvalues={}, if_exists=True) {{(pid=102825) do_commit /opt/stack/data/venv/lib/python3.12/site-packages/ovsdbapp/backend/ovs_idl/transaction.py:89}}
Jun 19 21:39:39.809502 np0000182323 devstack@neutron-api.service[102824]: INFO neutron.pecan_wsgi.hooks.translation [None req-88905e16-bd35-48ae-a6ec-758cdb37e140 admin admin] GET failed (client error): The resource could not be found.
Jun 19 21:39:39.810364 np0000182323 devstack@neutron-api.service[102824]: [pid: 102824|app: 0|req: 25/94] 199.204.45.23 () {64 vars in 1327 bytes} [Fri Jun 19 21:39:39 2026] GET /networking/v2.0/networks/admin_net => generated 111 bytes in 11 msecs (HTTP/1.1 404) 4 headers in 164 bytes (1 switches on core 0)
Jun 19 21:39:39.864667 np0000182323 devstack@neutron-api.service[102823]: DEBUG neutron.pecan_wsgi.hooks.policy_enforcement [None req-e0c0f65f-1fca-45e4-a809-a7131c891774 admin admin] Attributes excluded by policy engine: ['standard_attr_id'] {{(pid=102823) _exclude_attributes_by_policy /opt/stack/neutron/neutron/pecan_wsgi/hooks/policy_enforcement.py:259}}
Jun 19 21:39:39.866005 np0000182323 devstack@neutron-api.service[102823]: [pid: 102823|app: 0|req: 24/95] 199.204.45.23 () {64 vars in 1339 bytes} [Fri Jun 19 21:39:39 2026] GET /networking/v2.0/networks?name=admin_net => generated 667 bytes in 44 msecs (HTTP/1.1 200) 4 headers in 157 bytes (1 switches on core 0)
Jun 19 21:39:40.084465 np0000182323 devstack@neutron-api.service[102826]: INFO neutron.pecan_wsgi.hooks.translation [None req-2dd998b8-8ae7-4f87-b984-1c5a308aa6ba admin admin] GET failed (client error): The resource could not be found.
Jun 19 21:39:40.085475 np0000182323 devstack@neutron-api.service[102826]: [pid: 102826|app: 0|req: 24/96] 199.204.45.23 () {64 vars in 1333 bytes} [Fri Jun 19 21:39:40 2026] GET /networking/v2.0/subnets/admin_subnet => generated 112 bytes in 14 msecs (HTTP/1.1 404) 4 headers in 164 bytes (1 switches on core 0)
Jun 19 21:39:40.119563 np0000182323 devstack@neutron-api.service[102825]: [pid: 102825|app: 0|req: 24/97] 199.204.45.23 () {64 vars in 1342 bytes} [Fri Jun 19 21:39:40 2026] GET /networking/v2.0/subnets?name=admin_subnet => generated 14 bytes in 22 msecs (HTTP/1.1 200) 4 headers in 156 bytes (1 switches on core 0)
Jun 19 21:39:40.390877 np0000182323 devstack@neutron-api.service[102824]: DEBUG neutron.pecan_wsgi.hooks.policy_enforcement [None req-8735be2b-c8e1-4c10-a6a1-0d3f906c7022 admin admin] Attributes excluded by policy engine: ['standard_attr_id'] {{(pid=102824) _exclude_attributes_by_policy /opt/stack/neutron/neutron/pecan_wsgi/hooks/policy_enforcement.py:259}}
Jun 19 21:39:40.392484 np0000182323 devstack@neutron-api.service[102824]: [pid: 102824|app: 0|req: 26/98] 199.204.45.23 () {64 vars in 1408 bytes} [Fri Jun 19 21:39:40 2026] GET /networking/v2.0/networks/c7936d4e-7bfe-4832-9bcb-d84ab276ff8f => generated 664 bytes in 30 msecs (HTTP/1.1 200) 4 headers in 157 bytes (1 switches on core 0)
Jun 19 21:39:40.411575 np0000182323 devstack@neutron-api.service[102823]: DEBUG neutron.api.v2.base [None req-2591eddf-2eb2-4804-bbd1-6fb20a7eb834 admin admin] Request body: {'subnet': {'project_id': '37c67a18cf4e4d16b641c01a482514ad', 'gateway_ip': None, 'ip_version': 4, 'network_id': 'c7936d4e-7bfe-4832-9bcb-d84ab276ff8f', 'name': 'admin_subnet', 'cidr': '10.2.5.0/24'}} {{(pid=102823) prepare_request_body /opt/stack/neutron/neutron/api/v2/base.py:727}}
Jun 19 21:39:40.428764 np0000182323 devstack@neutron-api.service[102823]: DEBUG neutron.pecan_wsgi.hooks.quota_enforcement [None req-2591eddf-2eb2-4804-bbd1-6fb20a7eb834 admin admin] Made reservation on behalf of 37c67a18cf4e4d16b641c01a482514ad for: {'subnet': 1} {{(pid=102823) before /opt/stack/neutron/neutron/pecan_wsgi/hooks/quota_enforcement.py:66}}
Jun 19 21:39:40.431811 np0000182323 devstack@neutron-api.service[102823]: DEBUG neutron_lib.callbacks.manager [None req-2591eddf-2eb2-4804-bbd1-6fb20a7eb834 admin admin] Publish callbacks [] for subnet (None), before_create {{(pid=102823) _notify_loop /opt/stack/data/venv/lib/python3.12/site-packages/neutron_lib/callbacks/manager.py:184}}
Jun 19 21:39:40.497329 np0000182323 devstack@neutron-api.service[102823]: DEBUG neutron.db.ovn_revision_numbers_db [None req-2591eddf-2eb2-4804-bbd1-6fb20a7eb834 admin admin] create_initial_revision uuid=f00b498b-e009-4d02-abdc-c890abc1760b, type=subnets, rev=-1 {{(pid=102823) create_initial_revision /opt/stack/neutron/neutron/db/ovn_revision_numbers_db.py:98}}
Jun 19 21:39:40.503474 np0000182323 devstack@neutron-api.service[102823]: DEBUG neutron_lib.callbacks.manager [None req-2591eddf-2eb2-4804-bbd1-6fb20a7eb834 admin admin] Publish callbacks ['neutron.plugins.ml2.ovo_rpc._ObjectChangeHandler.handle_event-1807289'] for subnet (f00b498b-e009-4d02-abdc-c890abc1760b), after_create {{(pid=102823) _notify_loop /opt/stack/data/venv/lib/python3.12/site-packages/neutron_lib/callbacks/manager.py:184}}
Jun 19 21:39:40.519773 np0000182323 devstack@neutron-api.service[102823]: DEBUG neutron.api.rpc.handlers.resources_rpc [None req-2591eddf-2eb2-4804-bbd1-6fb20a7eb834 admin admin] Pushing event updated for resources: {'Subnet': ['ID=f00b498b-e009-4d02-abdc-c890abc1760b,revision_number=0']} {{(pid=102823) push /opt/stack/neutron/neutron/api/rpc/handlers/resources_rpc.py:237}}
Jun 19 21:39:40.576172 np0000182323 devstack@neutron-api.service[102823]: DEBUG neutron_lib.callbacks.manager [None req-2591eddf-2eb2-4804-bbd1-6fb20a7eb834 admin admin] Publish callbacks ['neutron.plugins.ml2.plugin.SecurityGroupDbMixin._ensure_default_security_group_handler-10685', 'neutron.services.ovn_l3.plugin.OVNL3RouterPlugin._port_update-7723060433600', 'neutron.db.l3_db.L3_NAT_dbonly_mixin._prevent_internal_ip_change_for_fip-7723061932966'] for port (d80b1d34-0894-47f5-817e-04f4beabd144), before_update {{(pid=102823) _notify_loop /opt/stack/data/venv/lib/python3.12/site-packages/neutron_lib/callbacks/manager.py:184}}
Jun 19 21:39:40.671829 np0000182323 devstack@neutron-api.service[102823]: DEBUG neutron.db.db_base_plugin_common [None req-2591eddf-2eb2-4804-bbd1-6fb20a7eb834 admin admin] Allocated IP 10.2.5.1 (c7936d4e-7bfe-4832-9bcb-d84ab276ff8f/f00b498b-e009-4d02-abdc-c890abc1760b/d80b1d34-0894-47f5-817e-04f4beabd144) {{(pid=102823) _store_ip_allocation /opt/stack/neutron/neutron/db/db_base_plugin_common.py:131}}
Jun 19 21:39:40.732973 np0000182323 devstack@neutron-api.service[102823]: DEBUG neutron_lib.callbacks.manager [None req-2591eddf-2eb2-4804-bbd1-6fb20a7eb834 admin admin] Publish callbacks [] for port (d80b1d34-0894-47f5-817e-04f4beabd144), precommit_update {{(pid=102823) _notify_loop /opt/stack/data/venv/lib/python3.12/site-packages/neutron_lib/callbacks/manager.py:184}}
Jun 19 21:39:40.733218 np0000182323 devstack@neutron-api.service[102823]: DEBUG neutron.plugins.ml2.drivers.ovn.mech_driver.mech_driver [None req-2591eddf-2eb2-4804-bbd1-6fb20a7eb834 admin admin] No provisioning block for port d80b1d34-0894-47f5-817e-04f4beabd144 since it does not have a host {{(pid=102823) _is_port_provisioning_required /opt/stack/neutron/neutron/plugins/ml2/drivers/ovn/mech_driver/mech_driver.py:899}}
Jun 19 21:39:40.745012 np0000182323 devstack@neutron-api.service[102823]: DEBUG neutron_lib.callbacks.manager [None req-2591eddf-2eb2-4804-bbd1-6fb20a7eb834 admin admin] Publish callbacks ['neutron.plugins.ml2.ovo_rpc._ObjectChangeHandler.handle_event-1807290', 'neutron.services.ovn_l3.plugin.OVNL3RouterPlugin._port_update-7723060433600'] for port (d80b1d34-0894-47f5-817e-04f4beabd144), after_update {{(pid=102823) _notify_loop /opt/stack/data/venv/lib/python3.12/site-packages/neutron_lib/callbacks/manager.py:184}}
Jun 19 21:39:40.778140 np0000182323 devstack@neutron-api.service[102823]: DEBUG neutron.api.rpc.handlers.resources_rpc [None req-2591eddf-2eb2-4804-bbd1-6fb20a7eb834 admin admin] Pushing event updated for resources: {'Port': ['ID=d80b1d34-0894-47f5-817e-04f4beabd144,revision_number=2']} {{(pid=102823) push /opt/stack/neutron/neutron/api/rpc/handlers/resources_rpc.py:237}}
Jun 19 21:39:40.879585 np0000182323 devstack@neutron-api.service[102823]: DEBUG neutron.plugins.ml2.drivers.ovn.mech_driver.ovsdb.commands [None req-2591eddf-2eb2-4804-bbd1-6fb20a7eb834 admin admin] Converting tag [] to a tag_request {{(pid=102823) _tag_column_to_tag_request /opt/stack/neutron/neutron/plugins/ml2/drivers/ovn/mech_driver/ovsdb/commands.py:205}}
Jun 19 21:39:40.880265 np0000182323 devstack@neutron-api.service[102823]: DEBUG ovsdbapp.backend.ovs_idl.transaction [None req-ab621689-7939-4438-9c41-2e663ce04417 None None] Running txn n=1 command(idx=0): CheckRevisionNumberCommand(_result=None, name=d80b1d34-0894-47f5-817e-04f4beabd144, resource={'id': 'd80b1d34-0894-47f5-817e-04f4beabd144', 'name': '', 'network_id': 'c7936d4e-7bfe-4832-9bcb-d84ab276ff8f', 'project_id': '37c67a18cf4e4d16b641c01a482514ad', 'mac_address': 'fa:16:3e:e3:b8:8f', 'admin_state_up': True, 'status': 'DOWN', 'device_id': 'ovnmeta-c7936d4e-7bfe-4832-9bcb-d84ab276ff8f', 'device_owner': 'network:distributed', 'standard_attr_id': 44, 'fixed_ips': [{'subnet_id': 'f00b498b-e009-4d02-abdc-c890abc1760b', 'ip_address': '10.2.5.1'}], 'allowed_address_pairs': [], 'extra_dhcp_opts': [], 'security_groups': [], 'description': '', 'binding:vnic_type': 'normal', 'binding:profile': {}, 'binding:host_id': '', 'binding:vif_type': 'unbound', 'binding:vif_details': {}, 'port_security_enabled': False, 'tags': [], 'created_at': '2026-06-19T21:39:39Z', 'updated_at': '2026-06-19T21:39:40Z', 'revision_number': 2, 'tenant_id': '37c67a18cf4e4d16b641c01a482514ad', 'network': {'id': 'c7936d4e-7bfe-4832-9bcb-d84ab276ff8f', 'name': 'admin_net', 'tenant_id': '37c67a18cf4e4d16b641c01a482514ad', 'project_id': '37c67a18cf4e4d16b641c01a482514ad', 'admin_state_up': True, 'mtu': 1372, 'status': 'ACTIVE', 'subnets': ['f00b498b-e009-4d02-abdc-c890abc1760b'], 'standard_attr_id': 42, 'shared': False, 'availability_zone_hints': [], 'availability_zones': [], 'ipv4_address_scope': None, 'ipv6_address_scope': None, 'router:external': False, 'qinq': False, 'vlan_transparent': False, 'description': '', 'port_security_enabled': True, 'tags': [], 'created_at': '2026-06-19T21:39:39Z', 'updated_at': '2026-06-19T21:39:40Z', 'revision_number': 2, 'provider:network_type': 'geneve', 'provider:physical_network': None, 'provider:segmentation_id': 13841}}, resource_type=ports, if_exists=True) {{(pid=102823) do_commit /opt/stack/data/venv/lib/python3.12/site-packages/ovsdbapp/backend/ovs_idl/transaction.py:89}}
Jun 19 21:39:40.880616 np0000182323 devstack@neutron-api.service[102823]: DEBUG ovsdbapp.backend.ovs_idl.transaction [None req-ab621689-7939-4438-9c41-2e663ce04417 None None] Running txn n=1 command(idx=1): AddDHCPOptionsCommand(_result=None, columns={'cidr': '10.2.5.0/24', 'options': {'server_id': '10.2.5.1', 'lease_time': '43200', 'mtu': '1372', 'server_mac': 'fa:16:3e:a1:ff:47', 'dns_server': '{127.0.0.53}', 'classless_static_route': '{169.254.169.254/32,10.2.5.1}'}, 'external_ids': {'subnet_id': 'f00b498b-e009-4d02-abdc-c890abc1760b', 'neutron:network_id': 'c7936d4e-7bfe-4832-9bcb-d84ab276ff8f', 'neutron:revision_number': '0'}}, may_exist=True, subnet_id=f00b498b-e009-4d02-abdc-c890abc1760b, port_id=None, new_insert=False) {{(pid=102823) do_commit /opt/stack/data/venv/lib/python3.12/site-packages/ovsdbapp/backend/ovs_idl/transaction.py:89}}
Jun 19 21:39:40.880979 np0000182323 devstack@neutron-api.service[102823]: DEBUG ovsdbapp.backend.ovs_idl.transaction [None req-ab621689-7939-4438-9c41-2e663ce04417 None None] Running txn n=1 command(idx=2): SetLSwitchPortCommand(_result=None, lport=d80b1d34-0894-47f5-817e-04f4beabd144, external_ids_update=None, columns={'external_ids': {'neutron:port_name': '', 'neutron:device_id': 'ovnmeta-c7936d4e-7bfe-4832-9bcb-d84ab276ff8f', 'neutron:project_id': '37c67a18cf4e4d16b641c01a482514ad', 'neutron:cidrs': '10.2.5.1/24', 'neutron:device_owner': 'network:distributed', 'neutron:subnet_pool_addr_scope4': '', 'neutron:subnet_pool_addr_scope6': '', 'neutron:network_name': 'neutron-c7936d4e-7bfe-4832-9bcb-d84ab276ff8f', 'neutron:security_group_ids': '', 'neutron:revision_number': '2', 'neutron:vnic_type': 'normal', 'neutron:port_capabilities': '', 'neutron:mtu': '1372'}, 'parent_name': [], 'options': {}, 'enabled': True, 'port_security': [], 'dhcpv4_options': [], 'dhcpv6_options': [], 'type': 'localport', 'addresses': ['fa:16:3e:e3:b8:8f 10.2.5.1'], 'ha_chassis_group': [], 'tag_request': []}, if_exists=False) {{(pid=102823) do_commit /opt/stack/data/venv/lib/python3.12/site-packages/ovsdbapp/backend/ovs_idl/transaction.py:89}}
Jun 19 21:39:40.881787 np0000182323 devstack@neutron-api.service[102823]: DEBUG ovsdbapp.backend.ovs_idl.transaction [None req-ab621689-7939-4438-9c41-2e663ce04417 None None] Running txn n=1 command(idx=3): PgDelPortCommand(_result=None, port_group=neutron_pg_drop, lsp=['d80b1d34-0894-47f5-817e-04f4beabd144'], if_exists=False) {{(pid=102823) do_commit /opt/stack/data/venv/lib/python3.12/site-packages/ovsdbapp/backend/ovs_idl/transaction.py:89}}
Jun 19 21:39:40.887130 np0000182323 devstack@neutron-api.service[102826]: DEBUG neutron.plugins.ml2.drivers.ovn.mech_driver.ovsdb.ovsdb_monitor [None req-cd68446f-7fe8-4693-958f-4a14565947e4 None None] Hash Ring: Node c826a3a43a605dbc839e3bffea17e353 (host: np0000182323) handling event "create" for row d9db103a-1e2f-4e07-90c1-078f3414c2bf (table: DHCP_Options) {{(pid=102826) notify /opt/stack/neutron/neutron/plugins/ml2/drivers/ovn/mech_driver/ovsdb/ovsdb_monitor.py:1015}}
Jun 19 21:39:40.887664 np0000182323 devstack@neutron-api.service[102825]: DEBUG neutron.plugins.ml2.drivers.ovn.mech_driver.ovsdb.ovsdb_monitor [None req-298b7963-6c93-4c71-9d32-011acf66ae98 None None] Hash Ring: Node 3f89d8efdc3554a4bb1a1cc11d49ee23 (host: np0000182323) handling event "update" for row bd3e4ecd-520c-4f9d-8cf4-55e1d1d3f69f (table: Logical_Switch_Port) {{(pid=102825) notify /opt/stack/neutron/neutron/plugins/ml2/drivers/ovn/mech_driver/ovsdb/ovsdb_monitor.py:1015}}
Jun 19 21:39:40.890912 np0000182323 devstack@neutron-api.service[102824]: DEBUG neutron.plugins.ml2.drivers.ovn.mech_driver.ovsdb.ovsdb_monitor [None req-2383d232-8a2a-4a82-9824-8010114869e3 None None] Hash Ring: Node 608a24c1099059c68fc18541c069487b (host: np0000182323) handling event "update" for row ea552bd3-3730-41b5-bfbf-4f6a9a218a6b (table: Port_Binding) {{(pid=102824) notify /opt/stack/neutron/neutron/plugins/ml2/drivers/ovn/mech_driver/ovsdb/ovsdb_monitor.py:1015}}
Jun 19 21:39:40.923524 np0000182323 devstack@neutron-api.service[102823]: INFO neutron.db.ovn_revision_numbers_db [None req-2591eddf-2eb2-4804-bbd1-6fb20a7eb834 admin admin] Successfully bumped revision number for resource d80b1d34-0894-47f5-817e-04f4beabd144 (type: ports) to 2
Jun 19 21:39:40.934943 np0000182323 devstack@neutron-api.service[102823]: DEBUG neutron.plugins.ml2.plugin [None req-2591eddf-2eb2-4804-bbd1-6fb20a7eb834 admin admin] In _notify_port_updated(), no bound segment for port d80b1d34-0894-47f5-817e-04f4beabd144 on network c7936d4e-7bfe-4832-9bcb-d84ab276ff8f {{(pid=102823) _notify_port_updated /opt/stack/neutron/neutron/plugins/ml2/plugin.py:1041}}
Jun 19 21:39:40.961917 np0000182323 devstack@neutron-api.service[102823]: INFO neutron.db.ovn_revision_numbers_db [None req-2591eddf-2eb2-4804-bbd1-6fb20a7eb834 admin admin] Successfully bumped revision number for resource f00b498b-e009-4d02-abdc-c890abc1760b (type: subnets) to 0
Jun 19 21:39:40.963844 np0000182323 devstack@neutron-api.service[102823]: DEBUG neutron.pecan_wsgi.hooks.policy_enforcement [None req-2591eddf-2eb2-4804-bbd1-6fb20a7eb834 admin admin] Attributes excluded by policy engine: ['standard_attr_id', 'shared', 'network'] {{(pid=102823) _exclude_attributes_by_policy /opt/stack/neutron/neutron/pecan_wsgi/hooks/policy_enforcement.py:259}}
Jun 19 21:39:40.964249 np0000182323 devstack@neutron-api.service[102823]: DEBUG neutron_lib.callbacks.manager [None req-2591eddf-2eb2-4804-bbd1-6fb20a7eb834 admin admin] Publish callbacks [] for subnet (None), before_response {{(pid=102823) _notify_loop /opt/stack/data/venv/lib/python3.12/site-packages/neutron_lib/callbacks/manager.py:184}}
Jun 19 21:39:40.977403 np0000182323 devstack@neutron-api.service[102823]: [pid: 102823|app: 0|req: 25/99] 199.204.45.23 () {68 vars in 1348 bytes} [Fri Jun 19 21:39:40 2026] POST /networking/v2.0/subnets => generated 625 bytes in 569 msecs (HTTP/1.1 201) 4 headers in 162 bytes (1 switches on core 0)
Jun 19 21:39:41.197647 np0000182323 devstack@neutron-api.service[102826]: INFO neutron.pecan_wsgi.hooks.translation [None req-c69f1dc5-a21b-46d3-9f83-2e1a012a0e06 admin admin] GET failed (client error): The resource could not be found.
Jun 19 21:39:41.198307 np0000182323 devstack@neutron-api.service[102826]: [pid: 102826|app: 0|req: 25/100] 199.204.45.23 () {64 vars in 1333 bytes} [Fri Jun 19 21:39:41 2026] GET /networking/v2.0/subnets/admin_subnet => generated 112 bytes in 14 msecs (HTTP/1.1 404) 4 headers in 164 bytes (1 switches on core 0)
Jun 19 21:39:41.231901 np0000182323 devstack@neutron-api.service[102825]: DEBUG neutron.pecan_wsgi.hooks.policy_enforcement [None req-5b24bfe7-b93e-415c-8704-47822c08a188 admin admin] Attributes excluded by policy engine: ['standard_attr_id', 'shared'] {{(pid=102825) _exclude_attributes_by_policy /opt/stack/neutron/neutron/pecan_wsgi/hooks/policy_enforcement.py:259}}
Jun 19 21:39:41.233356 np0000182323 devstack@neutron-api.service[102825]: [pid: 102825|app: 0|req: 25/101] 199.204.45.23 () {64 vars in 1342 bytes} [Fri Jun 19 21:39:41 2026] GET /networking/v2.0/subnets?name=admin_subnet => generated 628 bytes in 23 msecs (HTTP/1.1 200) 4 headers in 157 bytes (1 switches on core 0)
Jun 19 21:39:43.117164 np0000182323 devstack@neutron-api.service[102824]: DEBUG neutron.plugins.ml2.drivers.ovn.mech_driver.ovsdb.ovsdb_monitor [None req-2383d232-8a2a-4a82-9824-8010114869e3 None None] ChassisOVNAgentWriteEvent : Matched Chassis_Private, update, None None {{(pid=102824) matches /opt/stack/neutron/neutron/plugins/ml2/drivers/ovn/mech_driver/ovsdb/ovsdb_monitor.py:64}}
Jun 19 21:39:43.118115 np0000182323 devstack@neutron-api.service[102823]: DEBUG neutron.plugins.ml2.drivers.ovn.mech_driver.ovsdb.ovsdb_monitor [None req-863e1104-98e8-424e-bf4b-3373bda1721c None None] ChassisOVNAgentWriteEvent : Matched Chassis_Private, update, None None {{(pid=102823) matches /opt/stack/neutron/neutron/plugins/ml2/drivers/ovn/mech_driver/ovsdb/ovsdb_monitor.py:64}}
Jun 19 21:39:43.120646 np0000182323 devstack@neutron-api.service[102826]: DEBUG neutron.plugins.ml2.drivers.ovn.mech_driver.ovsdb.ovsdb_monitor [None req-a8f3a597-2250-484d-b20c-5c7631f3c69c None None] ChassisOVNAgentWriteEvent : Matched Chassis_Private, update, None None {{(pid=102826) matches /opt/stack/neutron/neutron/plugins/ml2/drivers/ovn/mech_driver/ovsdb/ovsdb_monitor.py:64}}
Jun 19 21:39:43.121065 np0000182323 devstack@neutron-api.service[102823]: DEBUG neutron.plugins.ml2.drivers.ovn.mech_driver.ovsdb.ovsdb_monitor [None req-863e1104-98e8-424e-bf4b-3373bda1721c None None] Hash Ring: Node d75341a6e58b58f9813e7f4e86ca92c3 (host: np0000182323) handling event "update" for row c5dd5f06-7d59-40b6-b237-1c9c7c5fdc96 (table: Chassis_Private) {{(pid=102823) notify /opt/stack/neutron/neutron/plugins/ml2/drivers/ovn/mech_driver/ovsdb/ovsdb_monitor.py:1015}}
Jun 19 21:39:43.121432 np0000182323 devstack@neutron-api.service[102825]: DEBUG neutron.plugins.ml2.drivers.ovn.mech_driver.ovsdb.ovsdb_monitor [None req-1b2e7835-e105-4980-9c49-897dbb6a9bdc None None] ChassisOVNAgentWriteEvent : Matched Chassis_Private, update, None None {{(pid=102825) matches /opt/stack/neutron/neutron/plugins/ml2/drivers/ovn/mech_driver/ovsdb/ovsdb_monitor.py:64}}
Jun 19 21:39:46.053869 np0000182323 devstack@neutron-api.service[102824]: [pid: 102824|app: 0|req: 27/102] 199.204.45.23 () {64 vars in 1362 bytes} [Fri Jun 19 21:39:45 2026] GET /networking/v2.0/ports?device_id=manila-admin-share&binding%3Ahost_id=np0000182323 => generated 12 bytes in 78 msecs (HTTP/1.1 200) 4 headers in 156 bytes (1 switches on core 0)
Jun 19 21:39:46.098875 np0000182323 devstack@neutron-api.service[102823]: DEBUG neutron.api.wsgi [None req-96963956-8072-4cf8-9b32-22e31cc50ebe service neutron] Missing Content-Type {{(pid=102823) get_content_type /opt/stack/neutron/neutron/api/wsgi.py:80}}
Jun 19 21:39:46.099428 np0000182323 devstack@neutron-api.service[102823]: DEBUG neutron.api.wsgi [None req-96963956-8072-4cf8-9b32-22e31cc50ebe service neutron] https://199.204.45.23/networking/v2.0/extensions returned with HTTP 200 {{(pid=102823) __call__ /opt/stack/neutron/neutron/api/wsgi.py:540}}
Jun 19 21:39:46.099839 np0000182323 devstack@neutron-api.service[102823]: [pid: 102823|app: 0|req: 26/103] 199.204.45.23 () {64 vars in 1258 bytes} [Fri Jun 19 21:39:46 2026] GET /networking/v2.0/extensions => generated 16171 bytes in 6 msecs (HTTP/1.1 200) 4 headers in 159 bytes (1 switches on core 0)
Jun 19 21:39:46.148574 np0000182323 devstack@neutron-api.service[102826]: DEBUG neutron.api.v2.base [None req-a2db655f-7305-4113-bb4a-9c63f09bd07e service neutron] Request body: {'port': {'network_id': 'c7936d4e-7bfe-4832-9bcb-d84ab276ff8f', 'admin_state_up': True, 'tenant_id': '37c67a18cf4e4d16b641c01a482514ad', 'port_security_enabled': False, 'binding:host_id': 'np0000182323', 'fixed_ips': [{'subnet_id': 'f00b498b-e009-4d02-abdc-c890abc1760b'}], 'device_owner': 'manila:share', 'device_id': 'manila-admin-share'}} {{(pid=102826) prepare_request_body /opt/stack/neutron/neutron/api/v2/base.py:727}}
Jun 19 21:39:46.169656 np0000182323 devstack@neutron-api.service[102826]: DEBUG neutron.pecan_wsgi.hooks.quota_enforcement [None req-a2db655f-7305-4113-bb4a-9c63f09bd07e service neutron] Made reservation on behalf of 37c67a18cf4e4d16b641c01a482514ad for: {'port': 1} {{(pid=102826) before /opt/stack/neutron/neutron/pecan_wsgi/hooks/quota_enforcement.py:66}}
Jun 19 21:39:46.172874 np0000182323 devstack@neutron-api.service[102826]: DEBUG neutron_lib.callbacks.manager [None req-a2db655f-7305-4113-bb4a-9c63f09bd07e service neutron] Publish callbacks ['neutron.plugins.ml2.plugin.SecurityGroupDbMixin._ensure_default_security_group_handler-1046317'] for port (None), before_create {{(pid=102826) _notify_loop /opt/stack/data/venv/lib/python3.12/site-packages/neutron_lib/callbacks/manager.py:184}}
Jun 19 21:39:46.241207 np0000182323 devstack@neutron-api.service[102826]: DEBUG neutron.db.db_base_plugin_common [None req-a2db655f-7305-4113-bb4a-9c63f09bd07e service neutron] Allocated IP 10.2.5.156 (c7936d4e-7bfe-4832-9bcb-d84ab276ff8f/f00b498b-e009-4d02-abdc-c890abc1760b/09c9aae0-b09f-4139-a94e-e831a07925bc) {{(pid=102826) _store_ip_allocation /opt/stack/neutron/neutron/db/db_base_plugin_common.py:131}}
Jun 19 21:39:46.299694 np0000182323 devstack@neutron-api.service[102826]: DEBUG neutron_lib.callbacks.manager [None req-a2db655f-7305-4113-bb4a-9c63f09bd07e service neutron] Publish callbacks ['neutron.plugins.ml2.drivers.ovn.mech_driver.mech_driver.OVNMechanismDriver._validate_allowed_address_pairs-3773125'] for allowed_address_pair (09c9aae0-b09f-4139-a94e-e831a07925bc), before_create {{(pid=102826) _notify_loop /opt/stack/data/venv/lib/python3.12/site-packages/neutron_lib/callbacks/manager.py:184}}
Jun 19 21:39:46.301546 np0000182323 devstack@neutron-api.service[102826]: DEBUG neutron_lib.callbacks.manager [None req-a2db655f-7305-4113-bb4a-9c63f09bd07e service neutron] Publish callbacks [] for port (09c9aae0-b09f-4139-a94e-e831a07925bc), precommit_create {{(pid=102826) _notify_loop /opt/stack/data/venv/lib/python3.12/site-packages/neutron_lib/callbacks/manager.py:184}}
Jun 19 21:39:46.305367 np0000182323 devstack@neutron-api.service[102826]: DEBUG neutron.db.provisioning_blocks [None req-a2db655f-7305-4113-bb4a-9c63f09bd07e service neutron] Transition to ACTIVE for port object 09c9aae0-b09f-4139-a94e-e831a07925bc will not be triggered until provisioned by entity L2. {{(pid=102826) add_provisioning_component /opt/stack/neutron/neutron/db/provisioning_blocks.py:74}}
Jun 19 21:39:46.305589 np0000182323 devstack@neutron-api.service[102826]: DEBUG neutron.db.ovn_revision_numbers_db [None req-a2db655f-7305-4113-bb4a-9c63f09bd07e service neutron] create_initial_revision uuid=09c9aae0-b09f-4139-a94e-e831a07925bc, type=ports, rev=-1 {{(pid=102826) create_initial_revision /opt/stack/neutron/neutron/db/ovn_revision_numbers_db.py:98}}
