Apr 09 14:10:36.884801 np0000164511 devstack@neutron-api.service[102004]: DEBUG ovsdbapp.backend.ovs_idl.event [None req-8d5479f2-7cfc-4ec5-ac67-c7c58c0aa970 None None] Matched CREATE: LogicalSwitchPortCreateEvent(events=('create',), table='Logical_Switch_Port', conditions=[], old_conditions=None), priority=20 to row=Logical_Switch_Port(uuid=72b6f943-83b8-4f2c-9dcf-3d0db45995ca, addresses=['fa:16:3e:e0:9b:d1'], dhcpv4_options=[], dhcpv6_options=[], dynamic_addresses=[], enabled=True, external_ids={'neutron:cidrs': '', 'neutron:device_id': 'ovnmeta-26cdd8c6-8717-40a8-8c14-6f3a3b7afb0a', 'neutron:device_owner': 'network:distributed', 'neutron:mtu': '', 'neutron:network_name': 'neutron-26cdd8c6-8717-40a8-8c14-6f3a3b7afb0a', 'neutron:port_capabilities': '', 'neutron:port_name': '', 'neutron:project_id': '040e960ee98848c3a08fe3865091e4c4', 'neutron:revision_number': '1', 'neutron:security_group_ids': '', 'neutron:subnet_pool_addr_scope4': '', 'neutron:subnet_pool_addr_scope6': '', 'neutron:vnic_type': 'normal'}, ha_chassis_group=[], mirror_rules=[], name='08d08c24-a443-4788-ba17-cef5026c94e3', options={}, parent_name=[], port_security=[], tag=[], tag_request=[], type='localport', up=[]) old= {{(pid=102004) matches /opt/stack/data/venv/lib/python3.12/site-packages/ovsdbapp/backend/ovs_idl/event.py:55}}
Apr 09 14:10:36.887094 np0000164511 devstack@neutron-api.service[102004]: INFO neutron.plugins.ml2.drivers.ovn.mech_driver.mech_driver [None req-ace60efd-e9d6-452c-a643-32e4dadab8d9 None None] OVN reports status down for port: 08d08c24-a443-4788-ba17-cef5026c94e3
Apr 09 14:10:36.887813 np0000164511 devstack@neutron-api.service[102004]: DEBUG neutron.plugins.ml2.drivers.ovn.mech_driver.ovsdb.ovsdb_monitor [None req-8d5479f2-7cfc-4ec5-ac67-c7c58c0aa970 None None] Hash Ring: Node 3e31d5a63ead5f28958826f278b5eb57 (host: np0000164511) handling event "update" for row 72b6f943-83b8-4f2c-9dcf-3d0db45995ca (table: Logical_Switch_Port) {{(pid=102004) notify /opt/stack/neutron/neutron/plugins/ml2/drivers/ovn/mech_driver/ovsdb/ovsdb_monitor.py:912}}
Apr 09 14:10:36.889596 np0000164511 devstack@neutron-api.service[102007]: DEBUG neutron.plugins.ml2.drivers.ovn.mech_driver.ovsdb.ovsdb_monitor [-] Hash Ring: Node 49ba4e5a64a55e6ba9a48fef4cdaa3be (host: np0000164511) handling event "create" for row e0268a49-26cd-48fe-bc72-c30458bc47d7 (table: Port_Binding) {{(pid=102007) notify /opt/stack/neutron/neutron/plugins/ml2/drivers/ovn/mech_driver/ovsdb/ovsdb_monitor.py:912}}
Apr 09 14:10:36.951427 np0000164511 devstack@neutron-api.service[102004]: DEBUG neutron.db.provisioning_blocks [None req-ace60efd-e9d6-452c-a643-32e4dadab8d9 None None] Transition to ACTIVE for port object 08d08c24-a443-4788-ba17-cef5026c94e3 will not be triggered until provisioned by entity L2. {{(pid=102004) add_provisioning_component /opt/stack/neutron/neutron/db/provisioning_blocks.py:74}}
Apr 09 14:10:36.966396 np0000164511 devstack@neutron-api.service[102004]: INFO neutron.db.ovn_revision_numbers_db [None req-4a818f66-bafa-4986-b9de-a5533239ae29 admin admin] Successfully bumped revision number for resource 08d08c24-a443-4788-ba17-cef5026c94e3 (type: ports) to 1
Apr 09 14:10:36.992389 np0000164511 devstack@neutron-api.service[102004]: DEBUG neutron.pecan_wsgi.hooks.policy_enforcement [None req-4a818f66-bafa-4986-b9de-a5533239ae29 admin admin] Attributes excluded by policy engine: ['standard_attr_id'] {{(pid=102004) _exclude_attributes_by_policy /opt/stack/neutron/neutron/pecan_wsgi/hooks/policy_enforcement.py:258}}
Apr 09 14:10:36.992727 np0000164511 devstack@neutron-api.service[102004]: DEBUG neutron_lib.callbacks.manager [None req-4a818f66-bafa-4986-b9de-a5533239ae29 admin admin] Publish callbacks [] for network (None), before_response {{(pid=102004) _notify_loop /opt/stack/data/venv/lib/python3.12/site-packages/neutron_lib/callbacks/manager.py:184}}
Apr 09 14:10:37.009480 np0000164511 devstack@neutron-api.service[102004]: DEBUG neutron.plugins.ml2.plugin [None req-ace60efd-e9d6-452c-a643-32e4dadab8d9 None None] Current status of the port 08d08c24-a443-4788-ba17-cef5026c94e3 is: DOWN; New status is: DOWN {{(pid=102004) _update_individual_port_db_status /opt/stack/neutron/neutron/plugins/ml2/plugin.py:2468}}
Apr 09 14:10:37.011398 np0000164511 devstack@neutron-api.service[102004]: DEBUG ovsdbapp.backend.ovs_idl.transaction [None req-8d5479f2-7cfc-4ec5-ac67-c7c58c0aa970 None None] Running txn n=1 command(idx=0): DbRemoveCommand(_result=None, table=Logical_Switch_Port, record=08d08c24-a443-4788-ba17-cef5026c94e3, column=external_ids, values=('neutron:host_id',), keyvalues={}, if_exists=True) {{(pid=102004) do_commit /opt/stack/data/venv/lib/python3.12/site-packages/ovsdbapp/backend/ovs_idl/transaction.py:89}}
Apr 09 14:10:37.018718 np0000164511 devstack@neutron-api.service[102004]: [pid: 102004|app: 0|req: 23/93] 199.204.45.19 () {68 vars in 1351 bytes} [Thu Apr 9 14:10:36 2026] POST /networking/v2.0/networks => generated 683 bytes in 668 msecs (HTTP/1.1 201) 4 headers in 162 bytes (1 switches on core 0)
Apr 09 14:10:37.241659 np0000164511 devstack@neutron-api.service[102005]: INFO neutron.pecan_wsgi.hooks.translation [None req-7793faef-95fe-46ed-88fd-74fe0a45efbd admin admin] GET failed (client error): The resource could not be found.
Apr 09 14:10:37.242226 np0000164511 devstack@neutron-api.service[102005]: [pid: 102005|app: 0|req: 25/94] 199.204.45.19 () {64 vars in 1327 bytes} [Thu Apr 9 14:10:37 2026] GET /networking/v2.0/networks/admin_net => generated 111 bytes in 12 msecs (HTTP/1.1 404) 4 headers in 164 bytes (1 switches on core 0)
Apr 09 14:10:37.293152 np0000164511 devstack@neutron-api.service[102006]: DEBUG neutron.pecan_wsgi.hooks.policy_enforcement [None req-23af5110-df5c-411a-8675-84dc441e817a admin admin] Attributes excluded by policy engine: ['standard_attr_id'] {{(pid=102006) _exclude_attributes_by_policy /opt/stack/neutron/neutron/pecan_wsgi/hooks/policy_enforcement.py:258}}
Apr 09 14:10:37.293826 np0000164511 devstack@neutron-api.service[102006]: [pid: 102006|app: 0|req: 24/95] 199.204.45.19 () {64 vars in 1339 bytes} [Thu Apr 9 14:10:37 2026] GET /networking/v2.0/networks?name=admin_net => generated 667 bytes in 38 msecs (HTTP/1.1 200) 4 headers in 157 bytes (1 switches on core 0)
Apr 09 14:10:37.400168 np0000164511 devstack@neutron-api.service[102006]: DEBUG futurist.periodics [-] Submitting periodic callback 'neutron.plugins.ml2.drivers.ovn.mech_driver.ovsdb.maintenance.HashRingHealthCheckPeriodics.touch_hash_ring_node' {{(pid=102006) _process_scheduled /opt/stack/data/venv/lib/python3.12/site-packages/futurist/periodics.py:784}}
Apr 09 14:10:37.401855 np0000164511 devstack@neutron-api.service[102006]: DEBUG neutron.plugins.ml2.drivers.ovn.mech_driver.ovsdb.maintenance [-] Touching Hash Ring node "ac5fbbba5f295deab251a3cf1694b948" from periodic health check thread {{(pid=102006) touch_hash_ring_node /opt/stack/neutron/neutron/plugins/ml2/drivers/ovn/mech_driver/ovsdb/maintenance.py:1232}}
Apr 09 14:10:37.421884 np0000164511 devstack@neutron-api.service[102007]: DEBUG futurist.periodics [-] Submitting periodic callback 'neutron.plugins.ml2.drivers.ovn.mech_driver.ovsdb.maintenance.HashRingHealthCheckPeriodics.touch_hash_ring_node' {{(pid=102007) _process_scheduled /opt/stack/data/venv/lib/python3.12/site-packages/futurist/periodics.py:784}}
Apr 09 14:10:37.423116 np0000164511 devstack@neutron-api.service[102007]: DEBUG neutron.plugins.ml2.drivers.ovn.mech_driver.ovsdb.maintenance [-] Touching Hash Ring node "49ba4e5a64a55e6ba9a48fef4cdaa3be" from periodic health check thread {{(pid=102007) touch_hash_ring_node /opt/stack/neutron/neutron/plugins/ml2/drivers/ovn/mech_driver/ovsdb/maintenance.py:1232}}
Apr 09 14:10:37.454171 np0000164511 devstack@neutron-api.service[102004]: DEBUG futurist.periodics [-] Submitting periodic callback 'neutron.plugins.ml2.drivers.ovn.mech_driver.ovsdb.maintenance.HashRingHealthCheckPeriodics.touch_hash_ring_node' {{(pid=102004) _process_scheduled /opt/stack/data/venv/lib/python3.12/site-packages/futurist/periodics.py:784}}
Apr 09 14:10:37.455105 np0000164511 devstack@neutron-api.service[102004]: DEBUG neutron.plugins.ml2.drivers.ovn.mech_driver.ovsdb.maintenance [-] Touching Hash Ring node "3e31d5a63ead5f28958826f278b5eb57" from periodic health check thread {{(pid=102004) touch_hash_ring_node /opt/stack/neutron/neutron/plugins/ml2/drivers/ovn/mech_driver/ovsdb/maintenance.py:1232}}
Apr 09 14:10:37.511662 np0000164511 devstack@neutron-api.service[102007]: INFO neutron.pecan_wsgi.hooks.translation [None req-4d5b4aea-af59-49ce-aa72-02913d4daffb admin admin] GET failed (client error): The resource could not be found.
Apr 09 14:10:37.512447 np0000164511 devstack@neutron-api.service[102007]: [pid: 102007|app: 0|req: 24/96] 199.204.45.19 () {64 vars in 1333 bytes} [Thu Apr 9 14:10:37 2026] GET /networking/v2.0/subnets/admin_subnet => generated 112 bytes in 10 msecs (HTTP/1.1 404) 4 headers in 164 bytes (1 switches on core 0)
Apr 09 14:10:37.544074 np0000164511 devstack@neutron-api.service[102004]: [pid: 102004|app: 0|req: 24/97] 199.204.45.19 () {64 vars in 1342 bytes} [Thu Apr 9 14:10:37 2026] GET /networking/v2.0/subnets?name=admin_subnet => generated 14 bytes in 23 msecs (HTTP/1.1 200) 4 headers in 156 bytes (1 switches on core 0)
Apr 09 14:10:37.811663 np0000164511 devstack@neutron-api.service[102005]: DEBUG neutron.pecan_wsgi.hooks.policy_enforcement [None req-5947fe01-2944-4131-85b2-c5fbc5a76145 admin admin] Attributes excluded by policy engine: ['standard_attr_id'] {{(pid=102005) _exclude_attributes_by_policy /opt/stack/neutron/neutron/pecan_wsgi/hooks/policy_enforcement.py:258}}
Apr 09 14:10:37.812735 np0000164511 devstack@neutron-api.service[102005]: [pid: 102005|app: 0|req: 26/98] 199.204.45.19 () {64 vars in 1408 bytes} [Thu Apr 9 14:10:37 2026] GET /networking/v2.0/networks/26cdd8c6-8717-40a8-8c14-6f3a3b7afb0a => generated 664 bytes in 32 msecs (HTTP/1.1 200) 4 headers in 157 bytes (1 switches on core 0)
Apr 09 14:10:37.832576 np0000164511 devstack@neutron-api.service[102006]: DEBUG neutron.api.v2.base [None req-dc33092a-12c2-432a-a26a-b7b9570e708a admin admin] Request body: {'subnet': {'project_id': '040e960ee98848c3a08fe3865091e4c4', 'cidr': '10.2.5.0/24', 'network_id': '26cdd8c6-8717-40a8-8c14-6f3a3b7afb0a', 'name': 'admin_subnet', 'ip_version': 4, 'gateway_ip': None}} {{(pid=102006) prepare_request_body /opt/stack/neutron/neutron/api/v2/base.py:729}}
Apr 09 14:10:37.852359 np0000164511 devstack@neutron-api.service[102006]: DEBUG neutron.pecan_wsgi.hooks.quota_enforcement [None req-dc33092a-12c2-432a-a26a-b7b9570e708a admin admin] Made reservation on behalf of 040e960ee98848c3a08fe3865091e4c4 for: {'subnet': 1} {{(pid=102006) before /opt/stack/neutron/neutron/pecan_wsgi/hooks/quota_enforcement.py:66}}
Apr 09 14:10:37.855283 np0000164511 devstack@neutron-api.service[102006]: DEBUG neutron_lib.callbacks.manager [None req-dc33092a-12c2-432a-a26a-b7b9570e708a admin admin] Publish callbacks [] for subnet (None), before_create {{(pid=102006) _notify_loop /opt/stack/data/venv/lib/python3.12/site-packages/neutron_lib/callbacks/manager.py:184}}
Apr 09 14:10:37.910056 np0000164511 devstack@neutron-api.service[102006]: DEBUG neutron.db.ovn_revision_numbers_db [None req-dc33092a-12c2-432a-a26a-b7b9570e708a admin admin] create_initial_revision uuid=0af5e463-fafa-4047-85fb-d4090f4be7f6, type=subnets, rev=-1 {{(pid=102006) create_initial_revision /opt/stack/neutron/neutron/db/ovn_revision_numbers_db.py:98}}
Apr 09 14:10:37.915116 np0000164511 devstack@neutron-api.service[102006]: DEBUG neutron_lib.callbacks.manager [None req-dc33092a-12c2-432a-a26a-b7b9570e708a admin admin] Publish callbacks ['neutron.plugins.ml2.ovo_rpc._ObjectChangeHandler.handle_event-3617479'] for subnet (0af5e463-fafa-4047-85fb-d4090f4be7f6), after_create {{(pid=102006) _notify_loop /opt/stack/data/venv/lib/python3.12/site-packages/neutron_lib/callbacks/manager.py:184}}
Apr 09 14:10:37.927601 np0000164511 devstack@neutron-api.service[102006]: DEBUG neutron.api.rpc.handlers.resources_rpc [None req-dc33092a-12c2-432a-a26a-b7b9570e708a admin admin] Pushing event updated for resources: {'Subnet': ['ID=0af5e463-fafa-4047-85fb-d4090f4be7f6,revision_number=0']} {{(pid=102006) push /opt/stack/neutron/neutron/api/rpc/handlers/resources_rpc.py:237}}
Apr 09 14:10:37.932511 np0000164511 devstack@neutron-api.service[102006]: DEBUG neutron.api.rpc.callbacks.version_manager [None req-dc33092a-12c2-432a-a26a-b7b9570e708a admin admin] Tracked resource versions report:
Apr 09 14:10:37.932511 np0000164511 devstack@neutron-api.service[102006]: pushed versions:
Apr 09 14:10:37.932511 np0000164511 devstack@neutron-api.service[102006]: { 'AddressGroup': {'1.2'},
Apr 09 14:10:37.932511 np0000164511 devstack@neutron-api.service[102006]: 'Agent': {'1.1'},
Apr 09 14:10:37.932511 np0000164511 devstack@neutron-api.service[102006]: 'ConntrackHelper': {'1.0'},
Apr 09 14:10:37.932511 np0000164511 devstack@neutron-api.service[102006]: 'LocalIPAssociation': {'1.0'},
Apr 09 14:10:37.932511 np0000164511 devstack@neutron-api.service[102006]: 'Log': {'1.0'},
Apr 09 14:10:37.932511 np0000164511 devstack@neutron-api.service[102006]: 'NDPProxy': {'1.0'},
Apr 09 14:10:37.932511 np0000164511 devstack@neutron-api.service[102006]: 'Network': {'1.2'},
Apr 09 14:10:37.932511 np0000164511 devstack@neutron-api.service[102006]: 'Port': {'1.10'},
Apr 09 14:10:37.932511 np0000164511 devstack@neutron-api.service[102006]: 'PortForwarding': {'1.3'},
Apr 09 14:10:37.932511 np0000164511 devstack@neutron-api.service[102006]: 'QosPolicy': {'1.10'},
Apr 09 14:10:37.932511 np0000164511 devstack@neutron-api.service[102006]: 'SecurityGroup': {'1.6'},
Apr 09 14:10:37.932511 np0000164511 devstack@neutron-api.service[102006]: 'SecurityGroupRule': {'1.3'},
Apr 09 14:10:37.932511 np0000164511 devstack@neutron-api.service[102006]: 'SubPort': {'1.0'},
Apr 09 14:10:37.932511 np0000164511 devstack@neutron-api.service[102006]: 'Subnet': {'1.2'},
Apr 09 14:10:37.932511 np0000164511 devstack@neutron-api.service[102006]: 'Trunk': {'1.1'}}
Apr 09 14:10:37.932511 np0000164511 devstack@neutron-api.service[102006]: consumer versions:
Apr 09 14:10:37.932511 np0000164511 devstack@neutron-api.service[102006]: { OVN Controller Gateway agent@np0000164511: {},
Apr 09 14:10:37.932511 np0000164511 devstack@neutron-api.service[102006]: OVN Neutron agent@np0000164511: {}}
Apr 09 14:10:37.932511 np0000164511 devstack@neutron-api.service[102006]: {{(pid=102006) report /opt/stack/neutron/neutron/api/rpc/callbacks/version_manager.py:183}}
Apr 09 14:10:37.983457 np0000164511 devstack@neutron-api.service[102006]: DEBUG neutron_lib.callbacks.manager [None req-dc33092a-12c2-432a-a26a-b7b9570e708a admin admin] Publish callbacks ['neutron.plugins.ml2.plugin.SecurityGroupDbMixin._ensure_default_security_group_handler-59460', 'neutron.services.ovn_l3.plugin.OVNL3RouterPlugin._port_update-7865441659824', 'neutron.db.l3_db.L3_NAT_dbonly_mixin._prevent_internal_ip_change_for_fip-7865442723440'] for port (08d08c24-a443-4788-ba17-cef5026c94e3), before_update {{(pid=102006) _notify_loop /opt/stack/data/venv/lib/python3.12/site-packages/neutron_lib/callbacks/manager.py:184}}
Apr 09 14:10:38.083581 np0000164511 devstack@neutron-api.service[102006]: DEBUG neutron.db.db_base_plugin_common [None req-dc33092a-12c2-432a-a26a-b7b9570e708a admin admin] Allocated IP 10.2.5.1 (26cdd8c6-8717-40a8-8c14-6f3a3b7afb0a/0af5e463-fafa-4047-85fb-d4090f4be7f6/08d08c24-a443-4788-ba17-cef5026c94e3) {{(pid=102006) _store_ip_allocation /opt/stack/neutron/neutron/db/db_base_plugin_common.py:131}}
Apr 09 14:10:38.152340 np0000164511 devstack@neutron-api.service[102006]: DEBUG neutron_lib.callbacks.manager [None req-dc33092a-12c2-432a-a26a-b7b9570e708a admin admin] Publish callbacks [] for port (08d08c24-a443-4788-ba17-cef5026c94e3), precommit_update {{(pid=102006) _notify_loop /opt/stack/data/venv/lib/python3.12/site-packages/neutron_lib/callbacks/manager.py:184}}
Apr 09 14:10:38.152579 np0000164511 devstack@neutron-api.service[102006]: DEBUG neutron.plugins.ml2.drivers.ovn.mech_driver.mech_driver [None req-dc33092a-12c2-432a-a26a-b7b9570e708a admin admin] No provisioning block for port 08d08c24-a443-4788-ba17-cef5026c94e3 since it does not have a host {{(pid=102006) _is_port_provisioning_required /opt/stack/neutron/neutron/plugins/ml2/drivers/ovn/mech_driver/mech_driver.py:884}}
Apr 09 14:10:38.167077 np0000164511 devstack@neutron-api.service[102006]: DEBUG neutron_lib.callbacks.manager [None req-dc33092a-12c2-432a-a26a-b7b9570e708a admin admin] Publish callbacks ['neutron.plugins.ml2.ovo_rpc._ObjectChangeHandler.handle_event-3617496', 'neutron.db.l3_db.L3RpcNotifierMixin._notify_gateway_port_ip_changed-7865442730858', 'neutron.services.ovn_l3.plugin.OVNL3RouterPlugin._port_update-7865441659824'] for port (08d08c24-a443-4788-ba17-cef5026c94e3), after_update {{(pid=102006) _notify_loop /opt/stack/data/venv/lib/python3.12/site-packages/neutron_lib/callbacks/manager.py:184}}
Apr 09 14:10:38.201382 np0000164511 devstack@neutron-api.service[102006]: DEBUG neutron.api.rpc.handlers.resources_rpc [None req-dc33092a-12c2-432a-a26a-b7b9570e708a admin admin] Pushing event updated for resources: {'Port': ['ID=08d08c24-a443-4788-ba17-cef5026c94e3,revision_number=2']} {{(pid=102006) push /opt/stack/neutron/neutron/api/rpc/handlers/resources_rpc.py:237}}
Apr 09 14:10:38.317580 np0000164511 devstack@neutron-api.service[102006]: DEBUG ovsdbapp.backend.ovs_idl.transaction [None req-8862f89a-230b-4fa6-a767-22961882e4bf None None] Running txn n=1 command(idx=0): CheckRevisionNumberCommand(_result=None, name=08d08c24-a443-4788-ba17-cef5026c94e3, resource={'id': '08d08c24-a443-4788-ba17-cef5026c94e3', 'name': '', 'network_id': '26cdd8c6-8717-40a8-8c14-6f3a3b7afb0a', 'project_id': '040e960ee98848c3a08fe3865091e4c4', 'mac_address': 'fa:16:3e:e0:9b:d1', 'admin_state_up': True, 'status': 'DOWN', 'device_id': 'ovnmeta-26cdd8c6-8717-40a8-8c14-6f3a3b7afb0a', 'device_owner': 'network:distributed', 'standard_attr_id': 44, 'fixed_ips': [{'subnet_id': '0af5e463-fafa-4047-85fb-d4090f4be7f6', 'ip_address': '10.2.5.1'}], 'allowed_address_pairs': [], 'extra_dhcp_opts': [], 'security_groups': [], 'description': '', 'binding:vnic_type': 'normal', 'binding:profile': {}, 'binding:host_id': '', 'binding:vif_type': 'unbound', 'binding:vif_details': {}, 'port_security_enabled': False, 'tags': [], 'created_at': '2026-04-09T14:10:36Z', 'updated_at': '2026-04-09T14:10:38Z', 'revision_number': 2, 'tenant_id': '040e960ee98848c3a08fe3865091e4c4', 'network': {'id': '26cdd8c6-8717-40a8-8c14-6f3a3b7afb0a', 'name': 'admin_net', 'tenant_id': '040e960ee98848c3a08fe3865091e4c4', 'project_id': '040e960ee98848c3a08fe3865091e4c4', 'admin_state_up': True, 'mtu': 1372, 'status': 'ACTIVE', 'subnets': ['0af5e463-fafa-4047-85fb-d4090f4be7f6'], 'standard_attr_id': 42, 'shared': False, 'availability_zone_hints': [], 'availability_zones': [], 'ipv4_address_scope': None, 'ipv6_address_scope': None, 'router:external': False, 'qinq': False, 'vlan_transparent': False, 'description': '', 'port_security_enabled': True, 'tags': [], 'created_at': '2026-04-09T14:10:36Z', 'updated_at': '2026-04-09T14:10:37Z', 'revision_number': 2, 'provider:network_type': 'geneve', 'provider:physical_network': None, 'provider:segmentation_id': 63377}}, resource_type=ports, if_exists=True) {{(pid=102006) do_commit /opt/stack/data/venv/lib/python3.12/site-packages/ovsdbapp/backend/ovs_idl/transaction.py:89}}
Apr 09 14:10:38.318546 np0000164511 devstack@neutron-api.service[102006]: DEBUG ovsdbapp.backend.ovs_idl.transaction [None req-8862f89a-230b-4fa6-a767-22961882e4bf None None] Running txn n=1 command(idx=1): AddDHCPOptionsCommand(_result=None, columns={'cidr': '10.2.5.0/24', 'options': {'server_id': '10.2.5.1', 'lease_time': '43200', 'mtu': '1372', 'server_mac': 'fa:16:3e:6e:97:e5', 'dns_server': '{127.0.0.53}', 'classless_static_route': '{169.254.169.254/32,10.2.5.1}'}, 'external_ids': {'subnet_id': '0af5e463-fafa-4047-85fb-d4090f4be7f6', 'neutron:network_id': '26cdd8c6-8717-40a8-8c14-6f3a3b7afb0a', 'neutron:revision_number': '0'}}, may_exist=True, subnet_id=0af5e463-fafa-4047-85fb-d4090f4be7f6, port_id=None, new_insert=False) {{(pid=102006) do_commit /opt/stack/data/venv/lib/python3.12/site-packages/ovsdbapp/backend/ovs_idl/transaction.py:89}}
Apr 09 14:10:38.319083 np0000164511 devstack@neutron-api.service[102006]: DEBUG ovsdbapp.backend.ovs_idl.transaction [None req-8862f89a-230b-4fa6-a767-22961882e4bf None None] Running txn n=1 command(idx=2): SetLSwitchPortCommand(_result=None, lport=08d08c24-a443-4788-ba17-cef5026c94e3, external_ids_update=None, columns={'external_ids': {'neutron:port_name': '', 'neutron:device_id': 'ovnmeta-26cdd8c6-8717-40a8-8c14-6f3a3b7afb0a', 'neutron:project_id': '040e960ee98848c3a08fe3865091e4c4', 'neutron:cidrs': '10.2.5.1/24', 'neutron:device_owner': 'network:distributed', 'neutron:subnet_pool_addr_scope4': '', 'neutron:subnet_pool_addr_scope6': '', 'neutron:network_name': 'neutron-26cdd8c6-8717-40a8-8c14-6f3a3b7afb0a', 'neutron:security_group_ids': '', 'neutron:revision_number': '2', 'neutron:vnic_type': 'normal', 'neutron:port_capabilities': '', 'neutron:mtu': ''}, 'parent_name': [], 'tag': [], 'options': {}, 'enabled': True, 'port_security': [], 'dhcpv4_options': [], 'dhcpv6_options': [], 'type': 'localport', 'addresses': ['fa:16:3e:e0:9b:d1 10.2.5.1'], 'ha_chassis_group': []}, if_exists=False) {{(pid=102006) do_commit /opt/stack/data/venv/lib/python3.12/site-packages/ovsdbapp/backend/ovs_idl/transaction.py:89}}
Apr 09 14:10:38.320475 np0000164511 devstack@neutron-api.service[102006]: DEBUG ovsdbapp.backend.ovs_idl.transaction [None req-8862f89a-230b-4fa6-a767-22961882e4bf None None] Running txn n=1 command(idx=3): PgDelPortCommand(_result=None, port_group=neutron_pg_drop, lsp=['08d08c24-a443-4788-ba17-cef5026c94e3'], if_exists=False) {{(pid=102006) do_commit /opt/stack/data/venv/lib/python3.12/site-packages/ovsdbapp/backend/ovs_idl/transaction.py:89}}
Apr 09 14:10:38.327912 np0000164511 devstack@neutron-api.service[102007]: DEBUG neutron.plugins.ml2.drivers.ovn.mech_driver.ovsdb.ovsdb_monitor [None req-4698aa18-31a0-40a7-83e5-29542a559ef9 None None] Touching Hash Ring node "49ba4e5a64a55e6ba9a48fef4cdaa3be" from IDL notify handler {{(pid=102007) notify /opt/stack/neutron/neutron/plugins/ml2/drivers/ovn/mech_driver/ovsdb/ovsdb_monitor.py:904}}
Apr 09 14:10:38.327976 np0000164511 devstack@neutron-api.service[102004]: DEBUG neutron.plugins.ml2.drivers.ovn.mech_driver.ovsdb.ovsdb_monitor [None req-8d5479f2-7cfc-4ec5-ac67-c7c58c0aa970 None None] Touching Hash Ring node "3e31d5a63ead5f28958826f278b5eb57" from IDL notify handler {{(pid=102004) notify /opt/stack/neutron/neutron/plugins/ml2/drivers/ovn/mech_driver/ovsdb/ovsdb_monitor.py:904}}
Apr 09 14:10:38.333949 np0000164511 devstack@neutron-api.service[102007]: DEBUG neutron.plugins.ml2.drivers.ovn.mech_driver.ovsdb.ovsdb_monitor [None req-3a6b7f11-7408-476e-881b-a7c60210a0f0 None None] Touching Hash Ring node "49ba4e5a64a55e6ba9a48fef4cdaa3be" from IDL notify handler {{(pid=102007) notify /opt/stack/neutron/neutron/plugins/ml2/drivers/ovn/mech_driver/ovsdb/ovsdb_monitor.py:904}}
Apr 09 14:10:38.336548 np0000164511 devstack@neutron-api.service[102004]: DEBUG neutron.plugins.ml2.drivers.ovn.mech_driver.ovsdb.ovsdb_monitor [None req-8d5479f2-7cfc-4ec5-ac67-c7c58c0aa970 None None] Hash Ring: Node 3e31d5a63ead5f28958826f278b5eb57 (host: np0000164511) handling event "update" for row 72b6f943-83b8-4f2c-9dcf-3d0db45995ca (table: Logical_Switch_Port) {{(pid=102004) notify /opt/stack/neutron/neutron/plugins/ml2/drivers/ovn/mech_driver/ovsdb/ovsdb_monitor.py:912}}
Apr 09 14:10:38.338468 np0000164511 devstack@neutron-api.service[102007]: DEBUG neutron.plugins.ml2.drivers.ovn.mech_driver.ovsdb.ovsdb_monitor [None req-4698aa18-31a0-40a7-83e5-29542a559ef9 None None] Hash Ring: Node 49ba4e5a64a55e6ba9a48fef4cdaa3be (host: np0000164511) handling event "create" for row fb08253e-14c8-48bd-b1f6-64ab0e31b39c (table: DHCP_Options) {{(pid=102007) notify /opt/stack/neutron/neutron/plugins/ml2/drivers/ovn/mech_driver/ovsdb/ovsdb_monitor.py:912}}
Apr 09 14:10:38.339214 np0000164511 devstack@neutron-api.service[102007]: DEBUG neutron.plugins.ml2.drivers.ovn.mech_driver.ovsdb.ovsdb_monitor [None req-3a6b7f11-7408-476e-881b-a7c60210a0f0 None None] Hash Ring: Node 49ba4e5a64a55e6ba9a48fef4cdaa3be (host: np0000164511) handling event "update" for row e0268a49-26cd-48fe-bc72-c30458bc47d7 (table: Port_Binding) {{(pid=102007) notify /opt/stack/neutron/neutron/plugins/ml2/drivers/ovn/mech_driver/ovsdb/ovsdb_monitor.py:912}}
Apr 09 14:10:38.359822 np0000164511 devstack@neutron-api.service[102006]: INFO neutron.db.ovn_revision_numbers_db [None req-dc33092a-12c2-432a-a26a-b7b9570e708a admin admin] Successfully bumped revision number for resource 08d08c24-a443-4788-ba17-cef5026c94e3 (type: ports) to 2
Apr 09 14:10:38.368543 np0000164511 devstack@neutron-api.service[102006]: DEBUG neutron.plugins.ml2.plugin [None req-dc33092a-12c2-432a-a26a-b7b9570e708a admin admin] In _notify_port_updated(), no bound segment for port 08d08c24-a443-4788-ba17-cef5026c94e3 on network 26cdd8c6-8717-40a8-8c14-6f3a3b7afb0a {{(pid=102006) _notify_port_updated /opt/stack/neutron/neutron/plugins/ml2/plugin.py:1036}}
Apr 09 14:10:38.385670 np0000164511 devstack@neutron-api.service[102006]: INFO neutron.db.ovn_revision_numbers_db [None req-dc33092a-12c2-432a-a26a-b7b9570e708a admin admin] Successfully bumped revision number for resource 0af5e463-fafa-4047-85fb-d4090f4be7f6 (type: subnets) to 0
Apr 09 14:10:38.387172 np0000164511 devstack@neutron-api.service[102006]: DEBUG neutron.pecan_wsgi.hooks.policy_enforcement [None req-dc33092a-12c2-432a-a26a-b7b9570e708a admin admin] Attributes excluded by policy engine: ['standard_attr_id', 'shared', 'network'] {{(pid=102006) _exclude_attributes_by_policy /opt/stack/neutron/neutron/pecan_wsgi/hooks/policy_enforcement.py:258}}
Apr 09 14:10:38.387407 np0000164511 devstack@neutron-api.service[102006]: DEBUG neutron_lib.callbacks.manager [None req-dc33092a-12c2-432a-a26a-b7b9570e708a admin admin] Publish callbacks [] for subnet (None), before_response {{(pid=102006) _notify_loop /opt/stack/data/venv/lib/python3.12/site-packages/neutron_lib/callbacks/manager.py:184}}
Apr 09 14:10:38.400186 np0000164511 devstack@neutron-api.service[102006]: [pid: 102006|app: 0|req: 25/99] 199.204.45.19 () {68 vars in 1348 bytes} [Thu Apr 9 14:10:37 2026] POST /networking/v2.0/subnets => generated 625 bytes in 572 msecs (HTTP/1.1 201) 4 headers in 162 bytes (1 switches on core 0)
Apr 09 14:10:38.613570 np0000164511 devstack@neutron-api.service[102007]: INFO neutron.pecan_wsgi.hooks.translation [None req-2b5baae7-d556-4309-ad11-01c5efdd429b admin admin] GET failed (client error): The resource could not be found.
Apr 09 14:10:38.614255 np0000164511 devstack@neutron-api.service[102007]: [pid: 102007|app: 0|req: 25/100] 199.204.45.19 () {64 vars in 1333 bytes} [Thu Apr 9 14:10:38 2026] GET /networking/v2.0/subnets/admin_subnet => generated 112 bytes in 13 msecs (HTTP/1.1 404) 4 headers in 164 bytes (1 switches on core 0)
Apr 09 14:10:38.646024 np0000164511 devstack@neutron-api.service[102004]: DEBUG neutron.pecan_wsgi.hooks.policy_enforcement [None req-10216b49-0e00-466f-82de-16cfd82ddb7a admin admin] Attributes excluded by policy engine: ['standard_attr_id', 'shared'] {{(pid=102004) _exclude_attributes_by_policy /opt/stack/neutron/neutron/pecan_wsgi/hooks/policy_enforcement.py:258}}
Apr 09 14:10:38.647022 np0000164511 devstack@neutron-api.service[102004]: [pid: 102004|app: 0|req: 25/101] 199.204.45.19 () {64 vars in 1342 bytes} [Thu Apr 9 14:10:38 2026] GET /networking/v2.0/subnets?name=admin_subnet => generated 628 bytes in 22 msecs (HTTP/1.1 200) 4 headers in 157 bytes (1 switches on core 0)
Apr 09 14:10:39.580875 np0000164511 devstack@neutron-api.service[102005]: DEBUG neutron.plugins.ml2.drivers.ovn.mech_driver.ovsdb.ovsdb_monitor [None req-cbe8c48a-5076-4ba7-958a-6d8480a497f3 None None] ChassisOVNAgentWriteEvent : Matched Chassis_Private, update, None None {{(pid=102005) matches /opt/stack/neutron/neutron/plugins/ml2/drivers/ovn/mech_driver/ovsdb/ovsdb_monitor.py:64}}
Apr 09 14:10:39.582062 np0000164511 devstack@neutron-api.service[102004]: DEBUG neutron.plugins.ml2.drivers.ovn.mech_driver.ovsdb.ovsdb_monitor [None req-f4c13098-aed3-4c77-bb2c-c85ca270319d None None] ChassisOVNAgentWriteEvent : Matched Chassis_Private, update, None None {{(pid=102004) matches /opt/stack/neutron/neutron/plugins/ml2/drivers/ovn/mech_driver/ovsdb/ovsdb_monitor.py:64}}
Apr 09 14:10:39.582166 np0000164511 devstack@neutron-api.service[102007]: DEBUG neutron.plugins.ml2.drivers.ovn.mech_driver.ovsdb.ovsdb_monitor [None req-3a6b7f11-7408-476e-881b-a7c60210a0f0 None None] ChassisOVNAgentWriteEvent : Matched Chassis_Private, update, None None {{(pid=102007) matches /opt/stack/neutron/neutron/plugins/ml2/drivers/ovn/mech_driver/ovsdb/ovsdb_monitor.py:64}}
Apr 09 14:10:39.583158 np0000164511 devstack@neutron-api.service[102004]: DEBUG neutron.plugins.ml2.drivers.ovn.mech_driver.ovsdb.ovsdb_monitor [None req-f4c13098-aed3-4c77-bb2c-c85ca270319d None None] Touching Hash Ring node "3e31d5a63ead5f28958826f278b5eb57" from IDL notify handler {{(pid=102004) notify /opt/stack/neutron/neutron/plugins/ml2/drivers/ovn/mech_driver/ovsdb/ovsdb_monitor.py:904}}
Apr 09 14:10:39.583476 np0000164511 devstack@neutron-api.service[102006]: DEBUG neutron.plugins.ml2.drivers.ovn.mech_driver.ovsdb.ovsdb_monitor [None req-794d37f1-4081-4f52-9a69-c75a9b381302 None None] ChassisOVNAgentWriteEvent : Matched Chassis_Private, update, None None {{(pid=102006) matches /opt/stack/neutron/neutron/plugins/ml2/drivers/ovn/mech_driver/ovsdb/ovsdb_monitor.py:64}}
Apr 09 14:10:39.591163 np0000164511 devstack@neutron-api.service[102004]: DEBUG neutron.plugins.ml2.drivers.ovn.mech_driver.ovsdb.ovsdb_monitor [None req-f4c13098-aed3-4c77-bb2c-c85ca270319d None None] Hash Ring: Node 3e31d5a63ead5f28958826f278b5eb57 (host: np0000164511) handling event "update" for row 5eb66d37-a690-4f97-a18d-762aa96474e8 (table: Chassis_Private) {{(pid=102004) notify /opt/stack/neutron/neutron/plugins/ml2/drivers/ovn/mech_driver/ovsdb/ovsdb_monitor.py:912}}
Apr 09 14:10:43.265724 np0000164511 devstack@neutron-api.service[102005]: [pid: 102005|app: 0|req: 27/102] 199.204.45.19 () {64 vars in 1362 bytes} [Thu Apr 9 14:10:43 2026] GET /networking/v2.0/ports?device_id=manila-admin-share&binding%3Ahost_id=np0000164511 => generated 12 bytes in 71 msecs (HTTP/1.1 200) 4 headers in 156 bytes (1 switches on core 0)
Apr 09 14:10:43.312709 np0000164511 devstack@neutron-api.service[102006]: DEBUG neutron.api.wsgi [None req-f2c3a1bb-211a-468f-95ac-af9c7d51dd42 service neutron] Missing Content-Type {{(pid=102006) get_content_type /opt/stack/neutron/neutron/api/wsgi.py:85}}
Apr 09 14:10:43.312709 np0000164511 devstack@neutron-api.service[102006]: DEBUG neutron.api.wsgi [None req-f2c3a1bb-211a-468f-95ac-af9c7d51dd42 service neutron] https://199.204.45.19/networking/v2.0/extensions returned with HTTP 200 {{(pid=102006) __call__ /opt/stack/neutron/neutron/api/wsgi.py:545}}
Apr 09 14:10:43.313213 np0000164511 devstack@neutron-api.service[102006]: [pid: 102006|app: 0|req: 26/103] 199.204.45.19 () {64 vars in 1258 bytes} [Thu Apr 9 14:10:43 2026] GET /networking/v2.0/extensions => generated 15208 bytes in 3 msecs (HTTP/1.1 200) 4 headers in 159 bytes (1 switches on core 0)
Apr 09 14:10:43.361466 np0000164511 devstack@neutron-api.service[102007]: DEBUG neutron.api.v2.base [None req-5c63d060-5bcc-401a-9ac6-0cf8e570fa98 service neutron] Request body: {'port': {'network_id': '26cdd8c6-8717-40a8-8c14-6f3a3b7afb0a', 'admin_state_up': True, 'tenant_id': '040e960ee98848c3a08fe3865091e4c4', 'port_security_enabled': False, 'binding:host_id': 'np0000164511', 'fixed_ips': [{'subnet_id': '0af5e463-fafa-4047-85fb-d4090f4be7f6'}], 'device_owner': 'manila:share', 'device_id': 'manila-admin-share'}} {{(pid=102007) prepare_request_body /opt/stack/neutron/neutron/api/v2/base.py:729}}
Apr 09 14:10:43.403855 np0000164511 devstack@neutron-api.service[102007]: DEBUG neutron.pecan_wsgi.hooks.quota_enforcement [None req-5c63d060-5bcc-401a-9ac6-0cf8e570fa98 service neutron] Made reservation on behalf of 040e960ee98848c3a08fe3865091e4c4 for: {'port': 1} {{(pid=102007) before /opt/stack/neutron/neutron/pecan_wsgi/hooks/quota_enforcement.py:66}}
Apr 09 14:10:43.410328 np0000164511 devstack@neutron-api.service[102007]: DEBUG neutron_lib.callbacks.manager [None req-5c63d060-5bcc-401a-9ac6-0cf8e570fa98 service neutron] Publish callbacks ['neutron.plugins.ml2.plugin.SecurityGroupDbMixin._ensure_default_security_group_handler-32277432'] for port (None), before_create {{(pid=102007) _notify_loop /opt/stack/data/venv/lib/python3.12/site-packages/neutron_lib/callbacks/manager.py:184}}
Apr 09 14:10:43.474562 np0000164511 devstack@neutron-api.service[102007]: DEBUG neutron.db.db_base_plugin_common [None req-5c63d060-5bcc-401a-9ac6-0cf8e570fa98 service neutron] Allocated IP 10.2.5.184 (26cdd8c6-8717-40a8-8c14-6f3a3b7afb0a/0af5e463-fafa-4047-85fb-d4090f4be7f6/0d303e2a-281a-4a30-ab79-7b72aaefe584) {{(pid=102007) _store_ip_allocation /opt/stack/neutron/neutron/db/db_base_plugin_common.py:131}}
Apr 09 14:10:43.541136 np0000164511 devstack@neutron-api.service[102007]: DEBUG neutron_lib.callbacks.manager [None req-5c63d060-5bcc-401a-9ac6-0cf8e570fa98 service neutron] Publish callbacks ['neutron.plugins.ml2.drivers.ovn.mech_driver.mech_driver.OVNMechanismDriver._validate_allowed_address_pairs-796085'] for allowed_address_pair (0d303e2a-281a-4a30-ab79-7b72aaefe584), before_create {{(pid=102007) _notify_loop /opt/stack/data/venv/lib/python3.12/site-packages/neutron_lib/callbacks/manager.py:184}}
Apr 09 14:10:43.542865 np0000164511 devstack@neutron-api.service[102007]: DEBUG neutron_lib.callbacks.manager [None req-5c63d060-5bcc-401a-9ac6-0cf8e570fa98 service neutron] Publish callbacks [] for port (0d303e2a-281a-4a30-ab79-7b72aaefe584), precommit_create {{(pid=102007) _notify_loop /opt/stack/data/venv/lib/python3.12/site-packages/neutron_lib/callbacks/manager.py:184}}
Apr 09 14:10:43.546418 np0000164511 devstack@neutron-api.service[102007]: DEBUG neutron.db.provisioning_blocks [None req-5c63d060-5bcc-401a-9ac6-0cf8e570fa98 service neutron] Transition to ACTIVE for port object 0d303e2a-281a-4a30-ab79-7b72aaefe584 will not be triggered until provisioned by entity L2. {{(pid=102007) add_provisioning_component /opt/stack/neutron/neutron/db/provisioning_blocks.py:74}}
Apr 09 14:10:43.546515 np0000164511 devstack@neutron-api.service[102007]: DEBUG neutron.db.ovn_revision_numbers_db [None req-5c63d060-5bcc-401a-9ac6-0cf8e570fa98 service neutron] create_initial_revision uuid=0d303e2a-281a-4a30-ab79-7b72aaefe584, type=ports, rev=-1 {{(pid=102007) create_initial_revision /opt/stack/neutron/neutron/db/ovn_revision_numbers_db.py:98}}
Apr 09 14:10:43.561929 np0000164511 devstack@neutron-api.service[102007]: DEBUG neutron_lib.callbacks.manager [None req-5c63d060-5bcc-401a-9ac6-0cf8e570fa98 service neutron] Publish callbacks ['neutron.plugins.ml2.ovo_rpc._ObjectChangeHandler.handle_event-3684234'] for port (0d303e2a-281a-4a30-ab79-7b72aaefe584), after_create {{(pid=102007) _notify_loop /opt/stack/data/venv/lib/python3.12/site-packages/neutron_lib/callbacks/manager.py:184}}
Apr 09 14:10:43.584932 np0000164511 devstack@neutron-api.service[102007]: DEBUG neutron.api.rpc.handlers.resources_rpc [None req-5c63d060-5bcc-401a-9ac6-0cf8e570fa98 service neutron] Pushing event updated for resources: {'Port': ['ID=0d303e2a-281a-4a30-ab79-7b72aaefe584,revision_number=1']} {{(pid=102007) push /opt/stack/neutron/neutron/api/rpc/handlers/resources_rpc.py:237}}
Apr 09 14:10:43.629192 np0000164511 devstack@neutron-api.service[102007]: DEBUG ovsdbapp.backend.ovs_idl.transaction [None req-4698aa18-31a0-40a7-83e5-29542a559ef9 None None] Running txn n=1 command(idx=0): AddLSwitchPortCommand(_result=None, lport=0d303e2a-281a-4a30-ab79-7b72aaefe584, lswitch=neutron-26cdd8c6-8717-40a8-8c14-6f3a3b7afb0a, may_exist=True, network_uuid=26cdd8c6-8717-40a8-8c14-6f3a3b7afb0a, columns={'addresses': ['fa:16:3e:20:e2:ca 10.2.5.184', 'unknown'], 'external_ids': {'neutron:port_name': '', 'neutron:device_id': 'manila-admin-share', 'neutron:project_id': '040e960ee98848c3a08fe3865091e4c4', 'neutron:cidrs': '10.2.5.184/24', 'neutron:device_owner': 'manila:share', 'neutron:subnet_pool_addr_scope4': '', 'neutron:subnet_pool_addr_scope6': '', 'neutron:network_name': 'neutron-26cdd8c6-8717-40a8-8c14-6f3a3b7afb0a', 'neutron:security_group_ids': '', 'neutron:revision_number': '1', 'neutron:vnic_type': 'normal', 'neutron:port_capabilities': '', 'neutron:mtu': ''}, 'parent_name': [], 'tag': [], 'enabled': True, 'options': {'requested-chassis': 'np0000164511'}, 'type': '', 'port_security': [], 'dhcpv4_options': [UUID('fb08253e-14c8-48bd-b1f6-64ab0e31b39c')], 'dhcpv6_options': []}) {{(pid=102007) do_commit /opt/stack/data/venv/lib/python3.12/site-packages/ovsdbapp/backend/ovs_idl/transaction.py:89}}
Apr 09 14:10:43.629561 np0000164511 devstack@neutron-api.service[102007]: DEBUG ovsdbapp.backend.ovs_idl.transaction [None req-4698aa18-31a0-40a7-83e5-29542a559ef9 None None] Running txn n=1 command(idx=1): QoSDelCommand(_result=None, switch=neutron-26cdd8c6-8717-40a8-8c14-6f3a3b7afb0a, conditions=[('direction', '=', 'to-lport'), ('priority', '=', 2002), ('match', '=', 'outport == "0d303e2a-281a-4a30-ab79-7b72aaefe584"')], if_exists=True) {{(pid=102007) do_commit /opt/stack/data/venv/lib/python3.12/site-packages/ovsdbapp/backend/ovs_idl/transaction.py:89}}
Apr 09 14:10:43.629715 np0000164511 devstack@neutron-api.service[102007]: DEBUG ovsdbapp.backend.ovs_idl.transaction [None req-4698aa18-31a0-40a7-83e5-29542a559ef9 None None] Running txn n=1 command(idx=2): QoSDelCommand(_result=None, switch=neutron-26cdd8c6-8717-40a8-8c14-6f3a3b7afb0a, conditions=[('direction', '=', 'from-lport'), ('priority', '=', 2002), ('match', '=', 'inport == "0d303e2a-281a-4a30-ab79-7b72aaefe584"')], if_exists=True) {{(pid=102007) do_commit /opt/stack/data/venv/lib/python3.12/site-packages/ovsdbapp/backend/ovs_idl/transaction.py:89}}
Apr 09 14:10:43.697567 np0000164511 devstack@neutron-api.service[102006]: DEBUG neutron.plugins.ml2.drivers.ovn.mech_driver.ovsdb.ovsdb_monitor [None req-8862f89a-230b-4fa6-a767-22961882e4bf None None] Touching Hash Ring node "ac5fbbba5f295deab251a3cf1694b948" from IDL notify handler {{(pid=102006) notify /opt/stack/neutron/neutron/plugins/ml2/drivers/ovn/mech_driver/ovsdb/ovsdb_monitor.py:904}}
Apr 09 14:10:43.706035 np0000164511 devstack@neutron-api.service[102006]: DEBUG neutron.plugins.ml2.drivers.ovn.mech_driver.ovsdb.ovsdb_monitor [None req-794d37f1-4081-4f52-9a69-c75a9b381302 None None] Touching Hash Ring node "ac5fbbba5f295deab251a3cf1694b948" from IDL notify handler {{(pid=102006) notify /opt/stack/neutron/neutron/plugins/ml2/drivers/ovn/mech_driver/ovsdb/ovsdb_monitor.py:904}}
Apr 09 14:10:43.729897 np0000164511 devstack@neutron-api.service[102006]: DEBUG neutron.plugins.ml2.drivers.ovn.mech_driver.ovsdb.ovsdb_monitor [None req-8862f89a-230b-4fa6-a767-22961882e4bf None None] Hash Ring: Node ac5fbbba5f295deab251a3cf1694b948 (host: np0000164511) handling event "update" for row 26cdd8c6-8717-40a8-8c14-6f3a3b7afb0a (table: Logical_Switch) {{(pid=102006) notify /opt/stack/neutron/neutron/plugins/ml2/drivers/ovn/mech_driver/ovsdb/ovsdb_monitor.py:912}}
Apr 09 14:10:43.732169 np0000164511 devstack@neutron-api.service[102006]: DEBUG neutron.plugins.ml2.drivers.ovn.mech_driver.ovsdb.ovsdb_monitor [None req-794d37f1-4081-4f52-9a69-c75a9b381302 None None] Hash Ring: Node ac5fbbba5f295deab251a3cf1694b948 (host: np0000164511) handling event "create" for row c393892f-6b89-4bf0-b055-0cc71f034a27 (table: Port_Binding) {{(pid=102006) notify /opt/stack/neutron/neutron/plugins/ml2/drivers/ovn/mech_driver/ovsdb/ovsdb_monitor.py:912}}
Apr 09 14:10:43.733134 np0000164511 devstack@neutron-api.service[102006]: DEBUG neutron.plugins.ml2.drivers.ovn.mech_driver.ovsdb.ovsdb_monitor [None req-8862f89a-230b-4fa6-a767-22961882e4bf None None] Touching Hash Ring node "ac5fbbba5f295deab251a3cf1694b948" from IDL notify handler {{(pid=102006) notify /opt/stack/neutron/neutron/plugins/ml2/drivers/ovn/mech_driver/ovsdb/ovsdb_monitor.py:904}}
Apr 09 14:10:43.736179 np0000164511 devstack@neutron-api.service[102007]: INFO neutron.db.ovn_revision_numbers_db [None req-5c63d060-5bcc-401a-9ac6-0cf8e570fa98 service neutron] Successfully bumped revision number for resource 0d303e2a-281a-4a30-ab79-7b72aaefe584 (type: ports) to 1
Apr 09 14:10:43.737392 np0000164511 devstack@neutron-api.service[102006]: DEBUG neutron.plugins.ml2.drivers.ovn.mech_driver.ovsdb.ovsdb_monitor [None req-8862f89a-230b-4fa6-a767-22961882e4bf None None] Hash Ring: Node ac5fbbba5f295deab251a3cf1694b948 (host: np0000164511) handling event "create" for row b1646880-2075-40c1-bca2-cc1243bf5fca (table: Logical_Switch_Port) {{(pid=102006) notify /opt/stack/neutron/neutron/plugins/ml2/drivers/ovn/mech_driver/ovsdb/ovsdb_monitor.py:912}}
Apr 09 14:10:43.740137 np0000164511 devstack@neutron-api.service[102006]: DEBUG ovsdbapp.backend.ovs_idl.event [None req-8862f89a-230b-4fa6-a767-22961882e4bf None None] Matched CREATE: LogicalSwitchPortCreateEvent(events=('create',), table='Logical_Switch_Port', conditions=[], old_conditions=None), priority=20 to row=Logical_Switch_Port(uuid=b1646880-2075-40c1-bca2-cc1243bf5fca, addresses=['fa:16:3e:20:e2:ca 10.2.5.184', 'unknown'], dhcpv4_options=fb08253e-14c8-48bd-b1f6-64ab0e31b39c, dhcpv6_options=[], dynamic_addresses=[], enabled=True, external_ids={'neutron:cidrs': '10.2.5.184/24', 'neutron:device_id': 'manila-admin-share', 'neutron:device_owner': 'manila:share', 'neutron:mtu': '', 'neutron:network_name': 'neutron-26cdd8c6-8717-40a8-8c14-6f3a3b7afb0a', 'neutron:port_capabilities': '', 'neutron:port_name': '', 'neutron:project_id': '040e960ee98848c3a08fe3865091e4c4', 'neutron:revision_number': '1', 'neutron:security_group_ids': '', 'neutron:subnet_pool_addr_scope4': '', 'neutron:subnet_pool_addr_scope6': '', 'neutron:vnic_type': 'normal'}, ha_chassis_group=[], mirror_rules=[], name='0d303e2a-281a-4a30-ab79-7b72aaefe584', options={'requested-chassis': 'np0000164511'}, parent_name=[], port_security=[], tag=[], tag_request=[], type='', up=[]) old= {{(pid=102006) matches /opt/stack/data/venv/lib/python3.12/site-packages/ovsdbapp/backend/ovs_idl/event.py:55}}
Apr 09 14:10:43.741762 np0000164511 devstack@neutron-api.service[102006]: INFO neutron.plugins.ml2.drivers.ovn.mech_driver.mech_driver [-] OVN reports status down for port: 0d303e2a-281a-4a30-ab79-7b72aaefe584
Apr 09 14:10:43.743521 np0000164511 devstack@neutron-api.service[102006]: DEBUG neutron.plugins.ml2.drivers.ovn.mech_driver.ovsdb.ovsdb_monitor [None req-8862f89a-230b-4fa6-a767-22961882e4bf None None] Touching Hash Ring node "ac5fbbba5f295deab251a3cf1694b948" from IDL notify handler {{(pid=102006) notify /opt/stack/neutron/neutron/plugins/ml2/drivers/ovn/mech_driver/ovsdb/ovsdb_monitor.py:904}}
Apr 09 14:10:43.746377 np0000164511 devstack@neutron-api.service[102006]: DEBUG neutron.plugins.ml2.drivers.ovn.mech_driver.ovsdb.ovsdb_monitor [None req-8862f89a-230b-4fa6-a767-22961882e4bf None None] Hash Ring: Node ac5fbbba5f295deab251a3cf1694b948 (host: np0000164511) handling event "update" for row b1646880-2075-40c1-bca2-cc1243bf5fca (table: Logical_Switch_Port) {{(pid=102006) notify /opt/stack/neutron/neutron/plugins/ml2/drivers/ovn/mech_driver/ovsdb/ovsdb_monitor.py:912}}
Apr 09 14:10:43.758011 np0000164511 devstack@neutron-api.service[102007]: DEBUG neutron.plugins.ml2.managers [None req-5c63d060-5bcc-401a-9ac6-0cf8e570fa98 service neutron] Attempting to bind port 0d303e2a-281a-4a30-ab79-7b72aaefe584 on host np0000164511 for vnic_type normal with profile {{(pid=102007) bind_port /opt/stack/neutron/neutron/plugins/ml2/managers.py:814}}
Apr 09 14:10:43.758200 np0000164511 devstack@neutron-api.service[102007]: DEBUG neutron.plugins.ml2.managers [None req-5c63d060-5bcc-401a-9ac6-0cf8e570fa98 service neutron] Attempting to bind port 0d303e2a-281a-4a30-ab79-7b72aaefe584 by drivers ovn on host np0000164511 at level 0 using segments [{'id': 'af795a2a-4dd8-4f84-a170-b95092ac5d3b', 'network_type': 'geneve', 'physical_network': None, 'segmentation_id': 63377, 'network_id': '26cdd8c6-8717-40a8-8c14-6f3a3b7afb0a'}] {{(pid=102007) _bind_port_level /opt/stack/neutron/neutron/plugins/ml2/managers.py:839}}
Apr 09 14:10:43.759263 np0000164511 devstack@neutron-api.service[102007]: DEBUG neutron.plugins.ml2.drivers.ovn.mech_driver.mech_driver [None req-5c63d060-5bcc-401a-9ac6-0cf8e570fa98 service neutron] Attempting to bind port 0d303e2a-281a-4a30-ab79-7b72aaefe584 on host np0000164511 for network segment with type geneve, segmentation ID 63377, physical network None {{(pid=102007) bind_port /opt/stack/neutron/neutron/plugins/ml2/drivers/ovn/mech_driver/mech_driver.py:1194}}
Apr 09 14:10:43.759714 np0000164511 devstack@neutron-api.service[102007]: DEBUG neutron.plugins.ml2.managers [None req-5c63d060-5bcc-401a-9ac6-0cf8e570fa98 service neutron] Bound port: 0d303e2a-281a-4a30-ab79-7b72aaefe584, host: np0000164511, vif_type: ovs, vif_details: {"port_filter": true, "connectivity": "l2", "ovs_create_tap": false, "bridge_name": "br-int", "datapath_type": "system"}, binding_levels: [{'bound_driver': 'ovn', 'bound_segment': {'id': 'af795a2a-4dd8-4f84-a170-b95092ac5d3b', 'network_type': 'geneve', 'physical_network': None, 'segmentation_id': 63377, 'network_id': '26cdd8c6-8717-40a8-8c14-6f3a3b7afb0a'}}] {{(pid=102007) _bind_port_level /opt/stack/neutron/neutron/plugins/ml2/managers.py:950}}
Apr 09 14:10:43.759879 np0000164511 devstack@neutron-api.service[102007]: DEBUG neutron_lib.callbacks.manager [None req-5c63d060-5bcc-401a-9ac6-0cf8e570fa98 service neutron] Publish callbacks ['neutron.plugins.ml2.plugin.SecurityGroupDbMixin._ensure_default_security_group_handler-32277432', 'neutron.services.ovn_l3.plugin.OVNL3RouterPlugin._port_update-7865441671172', 'neutron.db.l3_db.L3_NAT_dbonly_mixin._prevent_internal_ip_change_for_fip-7865442727566'] for port (0d303e2a-281a-4a30-ab79-7b72aaefe584), before_update {{(pid=102007) _notify_loop /opt/stack/data/venv/lib/python3.12/site-packages/neutron_lib/callbacks/manager.py:184}}
Apr 09 14:10:43.796394 np0000164511 devstack@neutron-api.service[102006]: DEBUG neutron.db.provisioning_blocks [None req-39d7a497-d66c-4321-bf50-3f8b70462711 None None] Ignored duplicate provisioning block setup for port 0d303e2a-281a-4a30-ab79-7b72aaefe584 by entity L2. {{(pid=102006) add_provisioning_component /opt/stack/neutron/neutron/db/provisioning_blocks.py:69}}
Apr 09 14:10:43.804232 np0000164511 devstack@neutron-api.service[102007]: DEBUG neutron.plugins.ml2.db [None req-5c63d060-5bcc-401a-9ac6-0cf8e570fa98 service neutron] For port 0d303e2a-281a-4a30-ab79-7b72aaefe584, host np0000164511, cleared binding levels {{(pid=102007) clear_binding_levels /opt/stack/neutron/neutron/plugins/ml2/db.py:87}}
Apr 09 14:10:43.806797 np0000164511 devstack@neutron-api.service[102007]: DEBUG neutron.plugins.ml2.db [None req-5c63d060-5bcc-401a-9ac6-0cf8e570fa98 service neutron] For port 0d303e2a-281a-4a30-ab79-7b72aaefe584, host np0000164511, set binding levels [PortBindingLevel(driver='ovn',host='np0000164511',level=0,port_id=0d303e2a-281a-4a30-ab79-7b72aaefe584,segment=NetworkSegment(af795a2a-4dd8-4f84-a170-b95092ac5d3b),segment_id=af795a2a-4dd8-4f84-a170-b95092ac5d3b)] {{(pid=102007) set_binding_levels /opt/stack/neutron/neutron/plugins/ml2/db.py:59}}
Apr 09 14:10:43.807862 np0000164511 devstack@neutron-api.service[102007]: DEBUG neutron.plugins.ml2.drivers.ovn.mech_driver.mech_driver [None req-5c63d060-5bcc-401a-9ac6-0cf8e570fa98 service neutron] No provisioning block for port 0d303e2a-281a-4a30-ab79-7b72aaefe584 since host unchanged {{(pid=102007) _is_port_provisioning_required /opt/stack/neutron/neutron/plugins/ml2/drivers/ovn/mech_driver/mech_driver.py:889}}
Apr 09 14:10:43.819377 np0000164511 devstack@neutron-api.service[102007]: DEBUG neutron_lib.callbacks.manager [None req-5c63d060-5bcc-401a-9ac6-0cf8e570fa98 service neutron] Publish callbacks ['neutron.plugins.ml2.ovo_rpc._ObjectChangeHandler.handle_event-3684234', 'neutron.db.l3_db.L3RpcNotifierMixin._notify_gateway_port_ip_changed-7865442736008', 'neutron.services.ovn_l3.plugin.OVNL3RouterPlugin._port_update-7865441671172'] for port (0d303e2a-281a-4a30-ab79-7b72aaefe584), after_update {{(pid=102007) _notify_loop /opt/stack/data/venv/lib/python3.12/site-packages/neutron_lib/callbacks/manager.py:184}}
Apr 09 14:10:43.832798 np0000164511 devstack@neutron-api.service[102006]: DEBUG neutron.plugins.ml2.plugin [None req-39d7a497-d66c-4321-bf50-3f8b70462711 None None] Current status of the port 0d303e2a-281a-4a30-ab79-7b72aaefe584 is: DOWN; New status is: DOWN {{(pid=102006) _update_individual_port_db_status /opt/stack/neutron/neutron/plugins/ml2/plugin.py:2468}}
Apr 09 14:10:43.834381 np0000164511 devstack@neutron-api.service[102006]: DEBUG ovsdbapp.backend.ovs_idl.transaction [None req-8862f89a-230b-4fa6-a767-22961882e4bf None None] Running txn n=1 command(idx=0): DbRemoveCommand(_result=None, table=Logical_Switch_Port, record=0d303e2a-281a-4a30-ab79-7b72aaefe584, column=external_ids, values=('neutron:host_id',), keyvalues={}, if_exists=True) {{(pid=102006) do_commit /opt/stack/data/venv/lib/python3.12/site-packages/ovsdbapp/backend/ovs_idl/transaction.py:89}}
