Feb 17 02:21:19.545836 np0000155905 devstack@neutron-api.service[103485]: DEBUG neutron.api.rpc.callbacks.version_manager [None req-636f749d-7d8d-48a8-a054-9bc225e6b1b0 admin admin] Tracked resource versions report:
Feb 17 02:21:19.545836 np0000155905 devstack@neutron-api.service[103485]: pushed versions:
Feb 17 02:21:19.545836 np0000155905 devstack@neutron-api.service[103485]: { 'AddressGroup': {'1.2'},
Feb 17 02:21:19.545836 np0000155905 devstack@neutron-api.service[103485]: 'Agent': {'1.1'},
Feb 17 02:21:19.545836 np0000155905 devstack@neutron-api.service[103485]: 'ConntrackHelper': {'1.0'},
Feb 17 02:21:19.545836 np0000155905 devstack@neutron-api.service[103485]: 'LocalIPAssociation': {'1.0'},
Feb 17 02:21:19.545836 np0000155905 devstack@neutron-api.service[103485]: 'Log': {'1.0'},
Feb 17 02:21:19.545836 np0000155905 devstack@neutron-api.service[103485]: 'NDPProxy': {'1.0'},
Feb 17 02:21:19.545836 np0000155905 devstack@neutron-api.service[103485]: 'Network': {'1.2'},
Feb 17 02:21:19.545836 np0000155905 devstack@neutron-api.service[103485]: 'Port': {'1.10'},
Feb 17 02:21:19.545836 np0000155905 devstack@neutron-api.service[103485]: 'PortForwarding': {'1.3'},
Feb 17 02:21:19.545836 np0000155905 devstack@neutron-api.service[103485]: 'QosPolicy': {'1.10'},
Feb 17 02:21:19.545836 np0000155905 devstack@neutron-api.service[103485]: 'SecurityGroup': {'1.6'},
Feb 17 02:21:19.545836 np0000155905 devstack@neutron-api.service[103485]: 'SecurityGroupRule': {'1.3'},
Feb 17 02:21:19.545836 np0000155905 devstack@neutron-api.service[103485]: 'SubPort': {'1.0'},
Feb 17 02:21:19.545836 np0000155905 devstack@neutron-api.service[103485]: 'Subnet': {'1.2'},
Feb 17 02:21:19.545836 np0000155905 devstack@neutron-api.service[103485]: 'Trunk': {'1.1'}}
Feb 17 02:21:19.545836 np0000155905 devstack@neutron-api.service[103485]: consumer versions:
Feb 17 02:21:19.545836 np0000155905 devstack@neutron-api.service[103485]: { OVN Neutron agent@np0000155905: {},
Feb 17 02:21:19.545836 np0000155905 devstack@neutron-api.service[103485]: OVN Controller Gateway agent@np0000155905: {}}
Feb 17 02:21:19.545836 np0000155905 devstack@neutron-api.service[103485]: {{(pid=103485) report /opt/stack/neutron/neutron/api/rpc/callbacks/version_manager.py:183}}
Feb 17 02:21:19.559120 np0000155905 devstack@neutron-api.service[103485]: INFO neutron.plugins.ml2.drivers.ovn.mech_driver.ovsdb.extensions.qos [None req-636f749d-7d8d-48a8-a054-9bc225e6b1b0 admin admin] Starting OVNClientQosExtension
Feb 17 02:21:19.559250 np0000155905 devstack@neutron-api.service[103485]: INFO neutron.plugins.ml2.drivers.ovn.mech_driver.ovsdb.extensions.placement [None req-636f749d-7d8d-48a8-a054-9bc225e6b1b0 admin admin] Starting OVNClientPlacementExtension
Feb 17 02:21:19.744453 np0000155905 devstack@neutron-api.service[103485]: DEBUG ovsdbapp.backend.ovs_idl.transaction [-] Running txn n=1 command(idx=0): CheckRevisionNumberCommand(_result=None, name=d6e10290-0b91-4e94-a208-a4237c66b761, resource={'id': 'd6e10290-0b91-4e94-a208-a4237c66b761', 'name': '', 'network_id': '6465cf66-ff24-43ee-9399-c6180d77fa1b', 'project_id': 'bfecc9cda6de44e09f489a0483b51fbb', 'mac_address': 'fa:16:3e:cb:db:f9', 'admin_state_up': True, 'status': 'DOWN', 'device_id': 'ovnmeta-6465cf66-ff24-43ee-9399-c6180d77fa1b', 'device_owner': 'network:distributed', 'standard_attr_id': 14, 'fixed_ips': [{'subnet_id': '3bd66feb-7552-4a0d-bae3-01e89e4cb017', 'ip_address': '10.1.0.2'}, {'subnet_id': 'a10fd7c5-938a-419d-8895-ec8fd0903e8a', 'ip_address': 'fd::f816:3eff:fecb:dbf9'}], 'allowed_address_pairs': [], 'extra_dhcp_opts': [], 'security_groups': [], 'description': '', 'binding:vnic_type': 'normal', 'binding:profile': {}, 'binding:host_id': '', 'binding:vif_type': 'unbound', 'binding:vif_details': {}, 'port_security_enabled': False, 'tags': [], 'created_at': '2026-02-17T02:21:15Z', 'updated_at': '2026-02-17T02:21:19Z', 'revision_number': 3, 'tenant_id': 'bfecc9cda6de44e09f489a0483b51fbb', 'network': {'id': '6465cf66-ff24-43ee-9399-c6180d77fa1b', 'name': 'private', 'tenant_id': 'bfecc9cda6de44e09f489a0483b51fbb', 'project_id': 'bfecc9cda6de44e09f489a0483b51fbb', 'admin_state_up': True, 'mtu': 1372, 'status': 'ACTIVE', 'subnets': ['3bd66feb-7552-4a0d-bae3-01e89e4cb017', 'a10fd7c5-938a-419d-8895-ec8fd0903e8a'], 'standard_attr_id': 12, 'shared': False, 'availability_zone_hints': [], 'availability_zones': [], 'ipv4_address_scope': None, 'ipv6_address_scope': None, 'router:external': False, 'qinq': False, 'vlan_transparent': False, 'description': '', 'port_security_enabled': True, 'tags': [], 'created_at': '2026-02-17T02:21:15Z', 'updated_at': '2026-02-17T02:21:18Z', 'revision_number': 3, 'provider:network_type': 'geneve', 'provider:physical_network': None, 'provider:segmentation_id': 15542}}, resource_type=ports, if_exists=True) {{(pid=103485) do_commit /opt/stack/data/venv/lib/python3.12/site-packages/ovsdbapp/backend/ovs_idl/transaction.py:89}}
Feb 17 02:21:19.745263 np0000155905 devstack@neutron-api.service[103485]: DEBUG ovsdbapp.backend.ovs_idl.transaction [-] Running txn n=1 command(idx=1): SetLSwitchPortCommand(_result=None, lport=d6e10290-0b91-4e94-a208-a4237c66b761, external_ids_update=None, columns={'external_ids': {'neutron:port_name': '', 'neutron:device_id': 'ovnmeta-6465cf66-ff24-43ee-9399-c6180d77fa1b', 'neutron:project_id': 'bfecc9cda6de44e09f489a0483b51fbb', 'neutron:cidrs': '10.1.0.2/26 fd::f816:3eff:fecb:dbf9/64', 'neutron:device_owner': 'network:distributed', 'neutron:subnet_pool_addr_scope4': '', 'neutron:subnet_pool_addr_scope6': '', 'neutron:network_name': 'neutron-6465cf66-ff24-43ee-9399-c6180d77fa1b', 'neutron:security_group_ids': '', 'neutron:revision_number': '3', 'neutron:vnic_type': 'normal', 'neutron:port_capabilities': '', 'neutron:mtu': ''}, 'parent_name': [], 'tag': [], 'options': {}, 'enabled': True, 'port_security': [], 'dhcpv4_options': [], 'dhcpv6_options': [], 'type': 'localport', 'addresses': ['fa:16:3e:cb:db:f9 10.1.0.2 fd::f816:3eff:fecb:dbf9'], 'ha_chassis_group': []}, if_exists=False) {{(pid=103485) do_commit /opt/stack/data/venv/lib/python3.12/site-packages/ovsdbapp/backend/ovs_idl/transaction.py:89}}
Feb 17 02:21:19.746359 np0000155905 devstack@neutron-api.service[103485]: DEBUG ovsdbapp.backend.ovs_idl.transaction [-] Running txn n=1 command(idx=2): PgDelPortCommand(_result=None, port_group=neutron_pg_drop, lsp=['d6e10290-0b91-4e94-a208-a4237c66b761'], if_exists=False) {{(pid=103485) do_commit /opt/stack/data/venv/lib/python3.12/site-packages/ovsdbapp/backend/ovs_idl/transaction.py:89}}
Feb 17 02:21:19.751876 np0000155905 devstack@neutron-api.service[103483]: DEBUG neutron.plugins.ml2.drivers.ovn.mech_driver.ovsdb.ovsdb_monitor [-] Hash Ring: Node fc34d3ab122c567e80da65b9501287af (host: np0000155905) handling event "update" for row 211c82fd-98b4-45a6-b1aa-591d4e0c62c1 (table: Logical_Switch_Port) {{(pid=103483) notify /opt/stack/neutron/neutron/plugins/ml2/drivers/ovn/mech_driver/ovsdb/ovsdb_monitor.py:920}}
Feb 17 02:21:19.755659 np0000155905 devstack@neutron-api.service[103483]: DEBUG neutron.plugins.ml2.drivers.ovn.mech_driver.ovsdb.ovsdb_monitor [-] Hash Ring: Node fc34d3ab122c567e80da65b9501287af (host: np0000155905) handling event "update" for row 671613c2-b310-4f2f-861f-8801f79671d8 (table: Port_Binding) {{(pid=103483) notify /opt/stack/neutron/neutron/plugins/ml2/drivers/ovn/mech_driver/ovsdb/ovsdb_monitor.py:920}}
Feb 17 02:21:19.790735 np0000155905 devstack@neutron-api.service[103485]: INFO neutron.db.ovn_revision_numbers_db [None req-636f749d-7d8d-48a8-a054-9bc225e6b1b0 admin admin] Successfully bumped revision number for resource d6e10290-0b91-4e94-a208-a4237c66b761 (type: ports) to 3
Feb 17 02:21:19.804419 np0000155905 devstack@neutron-api.service[103485]: DEBUG neutron_lib.callbacks.manager [None req-636f749d-7d8d-48a8-a054-9bc225e6b1b0 admin admin] Publish callbacks ['neutron.plugins.ml2.ovo_rpc._ObjectChangeHandler.handle_event-1945707'] for subnet (a10fd7c5-938a-419d-8895-ec8fd0903e8a), after_create {{(pid=103485) _notify_loop /opt/stack/data/venv/lib/python3.12/site-packages/neutron_lib/callbacks/manager.py:184}}
Feb 17 02:21:19.820371 np0000155905 devstack@neutron-api.service[103485]: DEBUG neutron.api.rpc.handlers.resources_rpc [None req-636f749d-7d8d-48a8-a054-9bc225e6b1b0 admin admin] Pushing event updated for resources: {'Subnet': ['ID=a10fd7c5-938a-419d-8895-ec8fd0903e8a,revision_number=0']} {{(pid=103485) push /opt/stack/neutron/neutron/api/rpc/handlers/resources_rpc.py:237}}
Feb 17 02:21:19.858517 np0000155905 devstack@neutron-api.service[103485]: INFO neutron.db.ovn_revision_numbers_db [None req-636f749d-7d8d-48a8-a054-9bc225e6b1b0 admin admin] Successfully bumped revision number for resource a10fd7c5-938a-419d-8895-ec8fd0903e8a (type: subnets) to 0
Feb 17 02:21:19.859550 np0000155905 devstack@neutron-api.service[103485]: DEBUG neutron.pecan_wsgi.hooks.policy_enforcement [None req-636f749d-7d8d-48a8-a054-9bc225e6b1b0 admin admin] Attributes excluded by policy engine: ['standard_attr_id', 'shared', 'network'] {{(pid=103485) _exclude_attributes_by_policy /opt/stack/neutron/neutron/pecan_wsgi/hooks/policy_enforcement.py:258}}
Feb 17 02:21:19.859823 np0000155905 devstack@neutron-api.service[103485]: DEBUG neutron_lib.callbacks.manager [None req-636f749d-7d8d-48a8-a054-9bc225e6b1b0 admin admin] Publish callbacks [] for subnet (None), before_response {{(pid=103485) _notify_loop /opt/stack/data/venv/lib/python3.12/site-packages/neutron_lib/callbacks/manager.py:184}}
Feb 17 02:21:19.870979 np0000155905 devstack@neutron-api.service[103485]: [pid: 103485|app: 0|req: 3/11] 199.204.45.89 () {68 vars in 1347 bytes} [Tue Feb 17 02:21:18 2026] POST /networking/v2.0/subnets => generated 681 bytes in 1192 msecs (HTTP/1.1 201) 4 headers in 162 bytes (1 switches on core 0)
Feb 17 02:21:20.217853 np0000155905 devstack@neutron-api.service[103484]: DEBUG neutron.api.wsgi [None req-c1043996-ad5f-4f55-bd17-710f9ba68413 admin admin] Missing Content-Type {{(pid=103484) get_content_type /opt/stack/neutron/neutron/api/wsgi.py:85}}
Feb 17 02:21:20.218686 np0000155905 devstack@neutron-api.service[103484]: DEBUG neutron.api.wsgi [None req-c1043996-ad5f-4f55-bd17-710f9ba68413 admin admin] https://199.204.45.89/networking/v2.0/extensions returned with HTTP 200 {{(pid=103484) __call__ /opt/stack/neutron/neutron/api/wsgi.py:545}}
Feb 17 02:21:20.219846 np0000155905 devstack@neutron-api.service[103484]: [pid: 103484|app: 0|req: 3/12] 199.204.45.89 () {64 vars in 1315 bytes} [Tue Feb 17 02:21:20 2026] GET /networking/v2.0/extensions => generated 15208 bytes in 8 msecs (HTTP/1.1 200) 4 headers in 159 bytes (1 switches on core 0)
Feb 17 02:21:20.513570 np0000155905 devstack@neutron-api.service[103482]: DEBUG neutron.api.wsgi [None req-dd97a866-438e-44b2-849c-d68237a0180c admin admin] Missing Content-Type {{(pid=103482) get_content_type /opt/stack/neutron/neutron/api/wsgi.py:85}}
Feb 17 02:21:20.514090 np0000155905 devstack@neutron-api.service[103482]: DEBUG neutron.api.wsgi [None req-dd97a866-438e-44b2-849c-d68237a0180c admin admin] https://199.204.45.89/networking/v2.0/extensions returned with HTTP 200 {{(pid=103482) __call__ /opt/stack/neutron/neutron/api/wsgi.py:545}}
Feb 17 02:21:20.514476 np0000155905 devstack@neutron-api.service[103482]: [pid: 103482|app: 0|req: 3/13] 199.204.45.89 () {64 vars in 1315 bytes} [Tue Feb 17 02:21:20 2026] GET /networking/v2.0/extensions => generated 15208 bytes in 4 msecs (HTTP/1.1 200) 4 headers in 159 bytes (1 switches on core 0)
Feb 17 02:21:20.783722 np0000155905 devstack@neutron-api.service[103483]: DEBUG neutron.api.v2.base [None req-d0e2e8f0-9345-4513-b1fc-aac41e2cd548 admin admin] Request body: {'router': {'admin_state_up': True, 'name': 'router1'}} {{(pid=103483) prepare_request_body /opt/stack/neutron/neutron/api/v2/base.py:729}}
Feb 17 02:21:20.806994 np0000155905 devstack@neutron-api.service[103483]: DEBUG neutron_lib.callbacks.manager [None req-d0e2e8f0-9345-4513-b1fc-aac41e2cd548 admin admin] Publish callbacks ['neutron.services.ovn_l3.service_providers.driver_controller.DriverController._check_router_request-22704'] for router (ebfcabea-d45e-4290-8a7e-9f883558849b), before_create {{(pid=103483) _notify_loop /opt/stack/data/venv/lib/python3.12/site-packages/neutron_lib/callbacks/manager.py:184}}
Feb 17 02:21:20.807914 np0000155905 devstack@neutron-api.service[103483]: DEBUG neutron_lib.callbacks.manager [None req-d0e2e8f0-9345-4513-b1fc-aac41e2cd548 admin admin] Publish callbacks ['neutron.services.ovn_l3.service_providers.ovn.OVN_L3_HA_db_mixin._precommit_router_create-29628', 'neutron.services.ovn_l3.plugin.RouterAvailabilityZoneMixin._process_az_request-1656990', 'neutron.services.ovn_l3.plugin.ExtraGatewaysDbOnlyMixin._process_bfd_ecmp_create-14208', 'neutron.services.ovn_l3.service_providers.ovn.OvnDriver._process_router_create_precommit-29396', 'neutron.services.ovn_l3.service_providers.driver_controller.DriverController._set_router_provider-22694'] for router (ebfcabea-d45e-4290-8a7e-9f883558849b), precommit_create {{(pid=103483) _notify_loop /opt/stack/data/venv/lib/python3.12/site-packages/neutron_lib/callbacks/manager.py:184}}
Feb 17 02:21:20.832486 np0000155905 devstack@neutron-api.service[103483]: DEBUG neutron.db.ovn_revision_numbers_db [None req-d0e2e8f0-9345-4513-b1fc-aac41e2cd548 admin admin] create_initial_revision uuid=ebfcabea-d45e-4290-8a7e-9f883558849b, type=routers, rev=-1 {{(pid=103483) create_initial_revision /opt/stack/neutron/neutron/db/ovn_revision_numbers_db.py:98}}
Feb 17 02:21:20.922761 np0000155905 devstack@neutron-api.service[103483]: DEBUG neutron_lib.callbacks.manager [None req-d0e2e8f0-9345-4513-b1fc-aac41e2cd548 admin admin] Publish callbacks [] for router_controller (ebfcabea-d45e-4290-8a7e-9f883558849b), precommit_add_association {{(pid=103483) _notify_loop /opt/stack/data/venv/lib/python3.12/site-packages/neutron_lib/callbacks/manager.py:184}}
Feb 17 02:21:20.927911 np0000155905 devstack@neutron-api.service[103483]: DEBUG neutron_lib.callbacks.manager [None req-d0e2e8f0-9345-4513-b1fc-aac41e2cd548 admin admin] Publish callbacks ['neutron.services.ovn_l3.service_providers.ovn.OvnDriver._process_router_create-24892'] for router (ebfcabea-d45e-4290-8a7e-9f883558849b), after_create {{(pid=103483) _notify_loop /opt/stack/data/venv/lib/python3.12/site-packages/neutron_lib/callbacks/manager.py:184}}
Feb 17 02:21:20.928094 np0000155905 devstack@neutron-api.service[103483]: INFO neutron.plugins.ml2.drivers.ovn.mech_driver.ovsdb.extensions.qos [None req-d0e2e8f0-9345-4513-b1fc-aac41e2cd548 admin admin] Starting OVNClientQosExtension
Feb 17 02:21:20.928545 np0000155905 devstack@neutron-api.service[103483]: DEBUG neutron.plugins.ml2.drivers.ovn.mech_driver.ovsdb.extensions.qos [None req-d0e2e8f0-9345-4513-b1fc-aac41e2cd548 admin admin] Router ebfcabea-d45e-4290-8a7e-9f883558849b does not have ID or gateway assigned {{(pid=103483) update_router /opt/stack/neutron/neutron/plugins/ml2/drivers/ovn/mech_driver/ovsdb/extensions/qos.py:529}}
Feb 17 02:21:20.929494 np0000155905 devstack@neutron-api.service[103483]: DEBUG ovsdbapp.backend.ovs_idl.transaction [-] Running txn n=1 command(idx=0): LrAddCommand(_result=None, router=neutron-ebfcabea-d45e-4290-8a7e-9f883558849b, may_exist=True, columns={'external_ids': {'neutron:router_name': 'router1', 'neutron:revision_number': '1', 'neutron:availability_zone_hints': ''}, 'enabled': True, 'options': {'always_learn_from_arp_request': 'false', 'dynamic_neigh_routers': 'true', 'mac_binding_age_threshold': '0'}}) {{(pid=103483) do_commit /opt/stack/data/venv/lib/python3.12/site-packages/ovsdbapp/backend/ovs_idl/transaction.py:89}}
Feb 17 02:21:20.933816 np0000155905 devstack@neutron-api.service[103483]: DEBUG neutron.plugins.ml2.drivers.ovn.mech_driver.ovsdb.ovsdb_monitor [-] Hash Ring: Node fc34d3ab122c567e80da65b9501287af (host: np0000155905) handling event "create" for row f162bc2e-f9de-49a6-9d52-6cb6dd0a60da (table: Logical_Router) {{(pid=103483) notify /opt/stack/neutron/neutron/plugins/ml2/drivers/ovn/mech_driver/ovsdb/ovsdb_monitor.py:920}}
Feb 17 02:21:20.942053 np0000155905 devstack@neutron-api.service[103484]: DEBUG neutron.plugins.ml2.drivers.ovn.mech_driver.ovsdb.ovsdb_monitor [-] Hash Ring: Node 074fdaa7075a5da49001f145cb6b7372 (host: np0000155905) handling event "create" for row 1c85c446-797c-476d-af56-161bd2d5a06d (table: Datapath_Binding) {{(pid=103484) notify /opt/stack/neutron/neutron/plugins/ml2/drivers/ovn/mech_driver/ovsdb/ovsdb_monitor.py:920}}
Feb 17 02:21:20.957197 np0000155905 devstack@neutron-api.service[103483]: DEBUG neutron.plugins.ml2.drivers.ovn.mech_driver.ovsdb.ovsdb_monitor [-] Hash Ring: Node fc34d3ab122c567e80da65b9501287af (host: np0000155905) handling event "create" for row 1c85c446-797c-476d-af56-161bd2d5a06d (table: Datapath_Binding) {{(pid=103483) notify /opt/stack/neutron/neutron/plugins/ml2/drivers/ovn/mech_driver/ovsdb/ovsdb_monitor.py:920}}
Feb 17 02:21:21.031547 np0000155905 devstack@neutron-api.service[103483]: INFO neutron.db.ovn_revision_numbers_db [None req-d0e2e8f0-9345-4513-b1fc-aac41e2cd548 admin admin] Successfully bumped revision number for resource ebfcabea-d45e-4290-8a7e-9f883558849b (type: routers) to 1
Feb 17 02:21:21.052708 np0000155905 devstack@neutron-api.service[103483]: DEBUG neutron_lib.callbacks.manager [None req-d0e2e8f0-9345-4513-b1fc-aac41e2cd548 admin admin] Publish callbacks [] for router (None), before_response {{(pid=103483) _notify_loop /opt/stack/data/venv/lib/python3.12/site-packages/neutron_lib/callbacks/manager.py:184}}
Feb 17 02:21:21.053356 np0000155905 devstack@neutron-api.service[103483]: [pid: 103483|app: 0|req: 5/14] 199.204.45.89 () {68 vars in 1346 bytes} [Tue Feb 17 02:21:20 2026] POST /networking/v2.0/routers => generated 599 bytes in 273 msecs (HTTP/1.1 201) 4 headers in 162 bytes (1 switches on core 0)
Feb 17 02:21:21.330816 np0000155905 devstack@neutron-api.service[103485]: DEBUG neutron.api.wsgi [None req-af68a67d-6d0e-4b24-a025-3b80bf30aa8f admin admin] Missing Content-Type {{(pid=103485) get_content_type /opt/stack/neutron/neutron/api/wsgi.py:85}}
Feb 17 02:21:21.331663 np0000155905 devstack@neutron-api.service[103485]: DEBUG neutron.api.wsgi [None req-af68a67d-6d0e-4b24-a025-3b80bf30aa8f admin admin] https://199.204.45.89/networking/v2.0/extensions returned with HTTP 200 {{(pid=103485) __call__ /opt/stack/neutron/neutron/api/wsgi.py:545}}
Feb 17 02:21:21.332291 np0000155905 devstack@neutron-api.service[103485]: [pid: 103485|app: 0|req: 4/15] 199.204.45.89 () {64 vars in 1315 bytes} [Tue Feb 17 02:21:21 2026] GET /networking/v2.0/extensions => generated 15208 bytes in 7 msecs (HTTP/1.1 200) 4 headers in 159 bytes (1 switches on core 0)
Feb 17 02:21:21.496986 np0000155905 devstack@neutron-api.service[103483]: DEBUG futurist.periodics [-] Submitting periodic callback 'neutron.plugins.ml2.drivers.ovn.mech_driver.ovsdb.maintenance.HashRingHealthCheckPeriodics.touch_hash_ring_node' {{(pid=103483) _process_scheduled /opt/stack/data/venv/lib/python3.12/site-packages/futurist/periodics.py:638}}
Feb 17 02:21:21.498099 np0000155905 devstack@neutron-api.service[103483]: DEBUG neutron.plugins.ml2.drivers.ovn.mech_driver.ovsdb.maintenance [-] Touching Hash Ring node "fc34d3ab122c567e80da65b9501287af" from periodic health check thread {{(pid=103483) touch_hash_ring_node /opt/stack/neutron/neutron/plugins/ml2/drivers/ovn/mech_driver/ovsdb/maintenance.py:1135}}
Feb 17 02:21:21.637601 np0000155905 devstack@neutron-api.service[103484]: DEBUG neutron.api.v2.base [None req-09269718-4529-42b6-abf1-1215f5e39941 admin admin] Request body: {'network': {'is_default': True, 'name': 'public', 'provider:physical_network': 'public', 'router:external': True, 'admin_state_up': True, 'provider:network_type': 'flat'}} {{(pid=103484) prepare_request_body /opt/stack/neutron/neutron/api/v2/base.py:729}}
Feb 17 02:21:21.656037 np0000155905 devstack@neutron-api.service[103484]: DEBUG neutron.pecan_wsgi.hooks.quota_enforcement [None req-09269718-4529-42b6-abf1-1215f5e39941 admin admin] Made reservation on behalf of bfecc9cda6de44e09f489a0483b51fbb for: {'network': 1} {{(pid=103484) before /opt/stack/neutron/neutron/pecan_wsgi/hooks/quota_enforcement.py:66}}
Feb 17 02:21:21.660251 np0000155905 devstack@neutron-api.service[103484]: DEBUG neutron_lib.callbacks.manager [None req-09269718-4529-42b6-abf1-1215f5e39941 admin admin] Publish callbacks ['neutron.plugins.ml2.plugin.SecurityGroupDbMixin._ensure_default_security_group_handler-3079846'] for network (None), before_create {{(pid=103484) _notify_loop /opt/stack/data/venv/lib/python3.12/site-packages/neutron_lib/callbacks/manager.py:184}}
Feb 17 02:21:21.682202 np0000155905 devstack@neutron-api.service[103484]: DEBUG neutron.plugins.ml2.drivers.type_flat [None req-09269718-4529-42b6-abf1-1215f5e39941 admin admin] Reserving flat network on physical network public {{(pid=103484) reserve_provider_segment /opt/stack/neutron/neutron/plugins/ml2/drivers/type_flat.py:100}}
Feb 17 02:21:21.695016 np0000155905 devstack@neutron-api.service[103484]: DEBUG neutron_lib.callbacks.manager [None req-09269718-4529-42b6-abf1-1215f5e39941 admin admin] Publish callbacks ['neutron.services.segments.db._add_segment_host_mapping_for_segment-8605199675082', 'neutron.plugins.ml2.plugin.Ml2Plugin._handle_segment_change-2839606'] for segment (04c56173-e383-4831-858d-b4fd7b388ebd), precommit_create {{(pid=103484) _notify_loop /opt/stack/data/venv/lib/python3.12/site-packages/neutron_lib/callbacks/manager.py:184}}
Feb 17 02:21:21.695283 np0000155905 devstack@neutron-api.service[103484]: DEBUG neutron_lib.callbacks.manager [None req-09269718-4529-42b6-abf1-1215f5e39941 admin admin] Unsubscribe: segment precommit_create {{(pid=103484) unsubscribe /opt/stack/data/venv/lib/python3.12/site-packages/neutron_lib/callbacks/manager.py:90}}
Feb 17 02:21:21.695503 np0000155905 devstack@neutron-api.service[103484]: INFO neutron.db.segments_db [None req-09269718-4529-42b6-abf1-1215f5e39941 admin admin] Added segment 04c56173-e383-4831-858d-b4fd7b388ebd of type flat for network 99be2671-dc37-41b0-876c-0ca780e9b9ac
Feb 17 02:21:21.727511 np0000155905 devstack@neutron-api.service[103484]: DEBUG neutron_lib.callbacks.manager [None req-09269718-4529-42b6-abf1-1215f5e39941 admin admin] Publish callbacks ['neutron.services.auto_allocate.db._ensure_external_network_default_value_callback-8605197672582'] for network (99be2671-dc37-41b0-876c-0ca780e9b9ac), precommit_create {{(pid=103484) _notify_loop /opt/stack/data/venv/lib/python3.12/site-packages/neutron_lib/callbacks/manager.py:184}}
Feb 17 02:21:21.744369 np0000155905 devstack@neutron-api.service[103484]: DEBUG neutron.plugins.ml2.drivers.ovn.mech_driver.mech_driver [None req-09269718-4529-42b6-abf1-1215f5e39941 admin admin] Validating network segment with type flat, segmentation ID None, physical network public {{(pid=103484) _validate_network_segments /opt/stack/neutron/neutron/plugins/ml2/drivers/ovn/mech_driver/mech_driver.py:630}}
Feb 17 02:21:21.744553 np0000155905 devstack@neutron-api.service[103484]: DEBUG neutron.db.ovn_revision_numbers_db [None req-09269718-4529-42b6-abf1-1215f5e39941 admin admin] create_initial_revision uuid=99be2671-dc37-41b0-876c-0ca780e9b9ac, type=networks, rev=-1 {{(pid=103484) create_initial_revision /opt/stack/neutron/neutron/db/ovn_revision_numbers_db.py:98}}
Feb 17 02:21:21.758073 np0000155905 devstack@neutron-api.service[103484]: DEBUG neutron_lib.callbacks.manager [None req-09269718-4529-42b6-abf1-1215f5e39941 admin admin] Publish callbacks ['neutron.plugins.ml2.ovo_rpc._ObjectChangeHandler.handle_event-1946925'] for network (99be2671-dc37-41b0-876c-0ca780e9b9ac), after_create {{(pid=103484) _notify_loop /opt/stack/data/venv/lib/python3.12/site-packages/neutron_lib/callbacks/manager.py:184}}
Feb 17 02:21:21.788940 np0000155905 devstack@neutron-api.service[103484]: DEBUG neutron.api.rpc.handlers.resources_rpc [None req-09269718-4529-42b6-abf1-1215f5e39941 admin admin] Pushing event updated for resources: {'Network': ['ID=99be2671-dc37-41b0-876c-0ca780e9b9ac,revision_number=1']} {{(pid=103484) push /opt/stack/neutron/neutron/api/rpc/handlers/resources_rpc.py:237}}
Feb 17 02:21:21.796651 np0000155905 devstack@neutron-api.service[103484]: DEBUG ovsdbapp.backend.ovs_idl.transaction [-] Running txn n=1 command(idx=0): AddNetworkCommand(_result=None, network_uuid=99be2671-dc37-41b0-876c-0ca780e9b9ac, may_exist=True, columns={'external_ids': {'neutron:network_name': 'public', 'neutron:mtu': '1430', 'neutron:revision_number': '1', 'neutron:availability_zone_hints': '', 'neutron:provnet-network-type': 'flat', 'neutron:provnet-physical-network': 'public'}, 'other_config': {'mcast_snoop': 'false', 'mcast_flood_unregistered': 'false', 'vlan-passthru': 'false', 'fdb_age_threshold': '0', 'broadcast-arps-to-all-routers': 'true'}}) {{(pid=103484) do_commit /opt/stack/data/venv/lib/python3.12/site-packages/ovsdbapp/backend/ovs_idl/transaction.py:89}}
Feb 17 02:21:21.796994 np0000155905 devstack@neutron-api.service[103484]: DEBUG neutron.common.ovn.utils [-] OVS persist_uuid supported=True {{(pid=103484) ovs_persist_uuid_supported /opt/stack/neutron/neutron/common/ovn/utils.py:1504}}
Feb 17 02:21:21.797756 np0000155905 devstack@neutron-api.service[103484]: DEBUG ovsdbapp.backend.ovs_idl.transaction [-] Running txn n=1 command(idx=1): AddLSwitchPortCommand(_result=None, lport=provnet-04c56173-e383-4831-858d-b4fd7b388ebd, lswitch=neutron-99be2671-dc37-41b0-876c-0ca780e9b9ac, may_exist=True, network_uuid=99be2671-dc37-41b0-876c-0ca780e9b9ac, columns={'addresses': ['unknown'], 'external_ids': {}, 'type': 'localnet', 'tag': None, 'options': {'network_name': 'public', 'mcast_flood_reports': 'true', 'mcast_flood': 'false', 'localnet_learn_fdb': 'false'}}) {{(pid=103484) do_commit /opt/stack/data/venv/lib/python3.12/site-packages/ovsdbapp/backend/ovs_idl/transaction.py:89}}
Feb 17 02:21:21.802019 np0000155905 devstack@neutron-api.service[103484]: DEBUG neutron.plugins.ml2.drivers.ovn.mech_driver.ovsdb.ovsdb_monitor [-] Hash Ring: Node 074fdaa7075a5da49001f145cb6b7372 (host: np0000155905) handling event "create" for row 251d3b94-22b6-414f-8132-ffaabe0bf1a7 (table: Logical_Switch_Port) {{(pid=103484) notify /opt/stack/neutron/neutron/plugins/ml2/drivers/ovn/mech_driver/ovsdb/ovsdb_monitor.py:920}}
Feb 17 02:21:21.802526 np0000155905 devstack@neutron-api.service[103484]: DEBUG ovsdbapp.backend.ovs_idl.event [-] Matched CREATE: LogicalSwitchPortCreateEvent(events=('create',), table='Logical_Switch_Port', conditions=[], old_conditions=None), priority=20 to row=Logical_Switch_Port(name=provnet-04c56173-e383-4831-858d-b4fd7b388ebd, ha_chassis_group=[], options={'localnet_learn_fdb': 'false', 'mcast_flood': 'false', 'mcast_flood_reports': 'true', 'network_name': 'public'}, parent_name=[], enabled=[], type=localnet, dhcpv6_options=[], addresses=['unknown'], tag=[], up=[], external_ids={}, tag_request=[], port_security=[], dynamic_addresses=[], dhcpv4_options=[], mirror_rules=[]) old= {{(pid=103484) matches /opt/stack/data/venv/lib/python3.12/site-packages/ovsdbapp/backend/ovs_idl/event.py:55}}
Feb 17 02:21:21.804015 np0000155905 devstack@neutron-api.service[103484]: INFO neutron.plugins.ml2.drivers.ovn.mech_driver.mech_driver [-] OVN reports status down for port: provnet-04c56173-e383-4831-858d-b4fd7b388ebd
Feb 17 02:21:21.804983 np0000155905 devstack@neutron-api.service[103484]: DEBUG neutron.plugins.ml2.drivers.ovn.mech_driver.ovsdb.ovsdb_monitor [-] Hash Ring: Node 074fdaa7075a5da49001f145cb6b7372 (host: np0000155905) handling event "update" for row 251d3b94-22b6-414f-8132-ffaabe0bf1a7 (table: Logical_Switch_Port) {{(pid=103484) notify /opt/stack/neutron/neutron/plugins/ml2/drivers/ovn/mech_driver/ovsdb/ovsdb_monitor.py:920}}
Feb 17 02:21:21.806850 np0000155905 devstack@neutron-api.service[103483]: DEBUG neutron.plugins.ml2.drivers.ovn.mech_driver.ovsdb.ovsdb_monitor [None req-1bd9ad02-be37-4883-b1db-51f3eaffed28 None None] Touching Hash Ring node "fc34d3ab122c567e80da65b9501287af" from IDL notify handler {{(pid=103483) notify /opt/stack/neutron/neutron/plugins/ml2/drivers/ovn/mech_driver/ovsdb/ovsdb_monitor.py:912}}
Feb 17 02:21:21.812585 np0000155905 devstack@neutron-api.service[103485]: DEBUG neutron.plugins.ml2.drivers.ovn.mech_driver.ovsdb.ovsdb_monitor [-] Hash Ring: Node 8e5e6e27f7245676bcac812b3cc1395e (host: np0000155905) handling event "create" for row a18ffd75-4a5a-43ce-9e72-ad2813369610 (table: Datapath_Binding) {{(pid=103485) notify /opt/stack/neutron/neutron/plugins/ml2/drivers/ovn/mech_driver/ovsdb/ovsdb_monitor.py:920}}
Feb 17 02:21:21.812929 np0000155905 devstack@neutron-api.service[103483]: DEBUG neutron.plugins.ml2.drivers.ovn.mech_driver.ovsdb.ovsdb_monitor [None req-3a292b1c-a9b6-4bfb-a020-7cfc96476aba None None] Touching Hash Ring node "fc34d3ab122c567e80da65b9501287af" from IDL notify handler {{(pid=103483) notify /opt/stack/neutron/neutron/plugins/ml2/drivers/ovn/mech_driver/ovsdb/ovsdb_monitor.py:912}}
Feb 17 02:21:21.813360 np0000155905 devstack@neutron-api.service[103482]: DEBUG neutron.plugins.ml2.drivers.ovn.mech_driver.ovsdb.ovsdb_monitor [-] Hash Ring: Node ef62971b1fcb5bfab0a88e4da751f9ac (host: np0000155905) handling event "create" for row 68232c50-b814-4986-8d87-0d2f1c1f5f27 (table: Port_Binding) {{(pid=103482) notify /opt/stack/neutron/neutron/plugins/ml2/drivers/ovn/mech_driver/ovsdb/ovsdb_monitor.py:920}}
Feb 17 02:21:21.816443 np0000155905 devstack@neutron-api.service[103483]: DEBUG neutron.plugins.ml2.drivers.ovn.mech_driver.ovsdb.ovsdb_monitor [None req-1bd9ad02-be37-4883-b1db-51f3eaffed28 None None] Hash Ring: Node fc34d3ab122c567e80da65b9501287af (host: np0000155905) handling event "create" for row 99be2671-dc37-41b0-876c-0ca780e9b9ac (table: Logical_Switch) {{(pid=103483) notify /opt/stack/neutron/neutron/plugins/ml2/drivers/ovn/mech_driver/ovsdb/ovsdb_monitor.py:920}}
Feb 17 02:21:21.818039 np0000155905 devstack@neutron-api.service[103483]: DEBUG neutron.plugins.ml2.drivers.ovn.mech_driver.ovsdb.ovsdb_monitor [None req-1bd9ad02-be37-4883-b1db-51f3eaffed28 None None] Touching Hash Ring node "fc34d3ab122c567e80da65b9501287af" from IDL notify handler {{(pid=103483) notify /opt/stack/neutron/neutron/plugins/ml2/drivers/ovn/mech_driver/ovsdb/ovsdb_monitor.py:912}}
Feb 17 02:21:21.822249 np0000155905 devstack@neutron-api.service[103483]: DEBUG neutron.plugins.ml2.drivers.ovn.mech_driver.ovsdb.ovsdb_monitor [None req-1bd9ad02-be37-4883-b1db-51f3eaffed28 None None] Hash Ring: Node fc34d3ab122c567e80da65b9501287af (host: np0000155905) handling event "create" for row 251d3b94-22b6-414f-8132-ffaabe0bf1a7 (table: Logical_Switch_Port) {{(pid=103483) notify /opt/stack/neutron/neutron/plugins/ml2/drivers/ovn/mech_driver/ovsdb/ovsdb_monitor.py:920}}
Feb 17 02:21:21.823267 np0000155905 devstack@neutron-api.service[103483]: DEBUG ovsdbapp.backend.ovs_idl.event [None req-1bd9ad02-be37-4883-b1db-51f3eaffed28 None None] Matched CREATE: LogicalSwitchPortCreateEvent(events=('create',), table='Logical_Switch_Port', conditions=[], old_conditions=None), priority=20 to row=Logical_Switch_Port(name=provnet-04c56173-e383-4831-858d-b4fd7b388ebd, ha_chassis_group=[], options={'localnet_learn_fdb': 'false', 'mcast_flood': 'false', 'mcast_flood_reports': 'true', 'network_name': 'public'}, parent_name=[], enabled=[], type=localnet, dhcpv6_options=[], addresses=['unknown'], tag=[], up=[], external_ids={}, tag_request=[], port_security=[], dynamic_addresses=[], dhcpv4_options=[], mirror_rules=[]) old= {{(pid=103483) matches /opt/stack/data/venv/lib/python3.12/site-packages/ovsdbapp/backend/ovs_idl/event.py:55}}
Feb 17 02:21:21.824265 np0000155905 devstack@neutron-api.service[103483]: INFO neutron.plugins.ml2.drivers.ovn.mech_driver.mech_driver [None req-cccaa49e-5d1d-4e91-8d81-5392b6dfbe99 None None] OVN reports status down for port: provnet-04c56173-e383-4831-858d-b4fd7b388ebd
Feb 17 02:21:21.824953 np0000155905 devstack@neutron-api.service[103483]: DEBUG neutron.plugins.ml2.drivers.ovn.mech_driver.ovsdb.ovsdb_monitor [None req-3a292b1c-a9b6-4bfb-a020-7cfc96476aba None None] Hash Ring: Node fc34d3ab122c567e80da65b9501287af (host: np0000155905) handling event "create" for row a18ffd75-4a5a-43ce-9e72-ad2813369610 (table: Datapath_Binding) {{(pid=103483) notify /opt/stack/neutron/neutron/plugins/ml2/drivers/ovn/mech_driver/ovsdb/ovsdb_monitor.py:920}}
Feb 17 02:21:21.827171 np0000155905 devstack@neutron-api.service[103483]: DEBUG neutron.plugins.ml2.drivers.ovn.mech_driver.ovsdb.ovsdb_monitor [None req-3a292b1c-a9b6-4bfb-a020-7cfc96476aba None None] Touching Hash Ring node "fc34d3ab122c567e80da65b9501287af" from IDL notify handler {{(pid=103483) notify /opt/stack/neutron/neutron/plugins/ml2/drivers/ovn/mech_driver/ovsdb/ovsdb_monitor.py:912}}
Feb 17 02:21:21.829581 np0000155905 devstack@neutron-api.service[103483]: DEBUG neutron.plugins.ml2.drivers.ovn.mech_driver.ovsdb.ovsdb_monitor [None req-1bd9ad02-be37-4883-b1db-51f3eaffed28 None None] Touching Hash Ring node "fc34d3ab122c567e80da65b9501287af" from IDL notify handler {{(pid=103483) notify /opt/stack/neutron/neutron/plugins/ml2/drivers/ovn/mech_driver/ovsdb/ovsdb_monitor.py:912}}
Feb 17 02:21:21.832559 np0000155905 devstack@neutron-api.service[103483]: DEBUG neutron.plugins.ml2.drivers.ovn.mech_driver.ovsdb.ovsdb_monitor [None req-3a292b1c-a9b6-4bfb-a020-7cfc96476aba None None] Hash Ring: Node fc34d3ab122c567e80da65b9501287af (host: np0000155905) handling event "create" for row 68232c50-b814-4986-8d87-0d2f1c1f5f27 (table: Port_Binding) {{(pid=103483) notify /opt/stack/neutron/neutron/plugins/ml2/drivers/ovn/mech_driver/ovsdb/ovsdb_monitor.py:920}}
Feb 17 02:21:21.833254 np0000155905 devstack@neutron-api.service[103483]: DEBUG neutron.plugins.ml2.drivers.ovn.mech_driver.ovsdb.ovsdb_monitor [None req-1bd9ad02-be37-4883-b1db-51f3eaffed28 None None] Hash Ring: Node fc34d3ab122c567e80da65b9501287af (host: np0000155905) handling event "update" for row 251d3b94-22b6-414f-8132-ffaabe0bf1a7 (table: Logical_Switch_Port) {{(pid=103483) notify /opt/stack/neutron/neutron/plugins/ml2/drivers/ovn/mech_driver/ovsdb/ovsdb_monitor.py:920}}
Feb 17 02:21:21.863633 np0000155905 devstack@neutron-api.service[103484]: INFO neutron.db.ovn_revision_numbers_db [None req-09269718-4529-42b6-abf1-1215f5e39941 admin admin] Successfully bumped revision number for resource 99be2671-dc37-41b0-876c-0ca780e9b9ac (type: networks) to 1
Feb 17 02:21:21.885667 np0000155905 devstack@neutron-api.service[103484]: DEBUG neutron_lib.callbacks.manager [None req-09269718-4529-42b6-abf1-1215f5e39941 admin admin] Publish callbacks ['neutron.plugins.ml2.plugin.SecurityGroupDbMixin._ensure_default_security_group_handler-3079846'] for port (None), before_create {{(pid=103484) _notify_loop /opt/stack/data/venv/lib/python3.12/site-packages/neutron_lib/callbacks/manager.py:184}}
Feb 17 02:21:21.983149 np0000155905 devstack@neutron-api.service[103484]: DEBUG neutron_lib.callbacks.manager [None req-09269718-4529-42b6-abf1-1215f5e39941 admin admin] Publish callbacks ['neutron.plugins.ml2.drivers.ovn.mech_driver.mech_driver.OVNMechanismDriver._validate_allowed_address_pairs-256619'] for allowed_address_pair (0e84897f-140c-4591-a9d1-172ce8dbd524), before_create {{(pid=103484) _notify_loop /opt/stack/data/venv/lib/python3.12/site-packages/neutron_lib/callbacks/manager.py:184}}
Feb 17 02:21:21.983928 np0000155905 devstack@neutron-api.service[103484]: DEBUG neutron_lib.callbacks.manager [None req-09269718-4529-42b6-abf1-1215f5e39941 admin admin] Publish callbacks [] for port (0e84897f-140c-4591-a9d1-172ce8dbd524), precommit_create {{(pid=103484) _notify_loop /opt/stack/data/venv/lib/python3.12/site-packages/neutron_lib/callbacks/manager.py:184}}
Feb 17 02:21:21.984146 np0000155905 devstack@neutron-api.service[103484]: DEBUG neutron.plugins.ml2.drivers.ovn.mech_driver.mech_driver [None req-09269718-4529-42b6-abf1-1215f5e39941 admin admin] No provisioning block for port 0e84897f-140c-4591-a9d1-172ce8dbd524 since it does not have a host {{(pid=103484) _is_port_provisioning_required /opt/stack/neutron/neutron/plugins/ml2/drivers/ovn/mech_driver/mech_driver.py:883}}
Feb 17 02:21:21.984312 np0000155905 devstack@neutron-api.service[103484]: DEBUG neutron.db.ovn_revision_numbers_db [None req-09269718-4529-42b6-abf1-1215f5e39941 admin admin] create_initial_revision uuid=0e84897f-140c-4591-a9d1-172ce8dbd524, type=ports, rev=-1 {{(pid=103484) create_initial_revision /opt/stack/neutron/neutron/db/ovn_revision_numbers_db.py:98}}
Feb 17 02:21:22.062501 np0000155905 devstack@neutron-api.service[103484]: DEBUG neutron_lib.callbacks.manager [None req-09269718-4529-42b6-abf1-1215f5e39941 admin admin] Publish callbacks ['neutron.plugins.ml2.ovo_rpc._ObjectChangeHandler.handle_event-1946940'] for port (0e84897f-140c-4591-a9d1-172ce8dbd524), after_create {{(pid=103484) _notify_loop /opt/stack/data/venv/lib/python3.12/site-packages/neutron_lib/callbacks/manager.py:184}}
Feb 17 02:21:22.094014 np0000155905 devstack@neutron-api.service[103484]: DEBUG neutron.api.rpc.handlers.resources_rpc [None req-09269718-4529-42b6-abf1-1215f5e39941 admin admin] Pushing event updated for resources: {'Port': ['ID=0e84897f-140c-4591-a9d1-172ce8dbd524,revision_number=1']} {{(pid=103484) push /opt/stack/neutron/neutron/api/rpc/handlers/resources_rpc.py:237}}
Feb 17 02:21:22.110030 np0000155905 devstack@neutron-api.service[103484]: DEBUG ovsdbapp.backend.ovs_idl.transaction [-] Running txn n=1 command(idx=0): AddLSwitchPortCommand(_result=None, lport=0e84897f-140c-4591-a9d1-172ce8dbd524, lswitch=neutron-99be2671-dc37-41b0-876c-0ca780e9b9ac, may_exist=True, network_uuid=99be2671-dc37-41b0-876c-0ca780e9b9ac, columns={'addresses': ['fa:16:3e:a1:8d:cc'], 'external_ids': {'neutron:port_name': '', 'neutron:device_id': 'ovnmeta-99be2671-dc37-41b0-876c-0ca780e9b9ac', 'neutron:project_id': 'bfecc9cda6de44e09f489a0483b51fbb', 'neutron:cidrs': '', 'neutron:device_owner': 'network:distributed', 'neutron:subnet_pool_addr_scope4': '', 'neutron:subnet_pool_addr_scope6': '', 'neutron:network_name': 'neutron-99be2671-dc37-41b0-876c-0ca780e9b9ac', 'neutron:security_group_ids': '', 'neutron:revision_number': '1', 'neutron:vnic_type': 'normal', 'neutron:port_capabilities': '', 'neutron:mtu': ''}, 'parent_name': [], 'tag': [], 'enabled': True, 'options': {}, 'type': 'localport', 'port_security': [], 'dhcpv4_options': [], 'dhcpv6_options': []}) {{(pid=103484) do_commit /opt/stack/data/venv/lib/python3.12/site-packages/ovsdbapp/backend/ovs_idl/transaction.py:89}}
Feb 17 02:21:22.110911 np0000155905 devstack@neutron-api.service[103484]: DEBUG ovsdbapp.backend.ovs_idl.transaction [-] Running txn n=1 command(idx=1): QoSDelCommand(_result=None, switch=neutron-99be2671-dc37-41b0-876c-0ca780e9b9ac, conditions=[('direction', '=', 'to-lport'), ('priority', '=', 2002), ('match', '=', 'outport == "0e84897f-140c-4591-a9d1-172ce8dbd524"')], if_exists=True) {{(pid=103484) do_commit /opt/stack/data/venv/lib/python3.12/site-packages/ovsdbapp/backend/ovs_idl/transaction.py:89}}
Feb 17 02:21:22.111205 np0000155905 devstack@neutron-api.service[103484]: DEBUG ovsdbapp.backend.ovs_idl.transaction [-] Running txn n=1 command(idx=2): QoSDelCommand(_result=None, switch=neutron-99be2671-dc37-41b0-876c-0ca780e9b9ac, conditions=[('direction', '=', 'from-lport'), ('priority', '=', 2002), ('match', '=', 'inport == "0e84897f-140c-4591-a9d1-172ce8dbd524"')], if_exists=True) {{(pid=103484) do_commit /opt/stack/data/venv/lib/python3.12/site-packages/ovsdbapp/backend/ovs_idl/transaction.py:89}}
Feb 17 02:21:22.111530 np0000155905 devstack@neutron-api.service[103484]: DEBUG ovsdbapp.backend.ovs_idl.transaction [-] Running txn n=1 command(idx=3): UpdateLSwitchPortQosOptionsCommand(_result=None, lport=AddLSwitchPortCommand(_result=9ed82f36-779a-4b89-ae4f-e2a9c33bd07a, lport=0e84897f-140c-4591-a9d1-172ce8dbd524, lswitch=neutron-99be2671-dc37-41b0-876c-0ca780e9b9ac, may_exist=True, network_uuid=99be2671-dc37-41b0-876c-0ca780e9b9ac, columns={'addresses': ['fa:16:3e:a1:8d:cc'], 'external_ids': {'neutron:port_name': '', 'neutron:device_id': 'ovnmeta-99be2671-dc37-41b0-876c-0ca780e9b9ac', 'neutron:project_id': 'bfecc9cda6de44e09f489a0483b51fbb', 'neutron:cidrs': '', 'neutron:device_owner': 'network:distributed', 'neutron:subnet_pool_addr_scope4': '', 'neutron:subnet_pool_addr_scope6': '', 'neutron:network_name': 'neutron-99be2671-dc37-41b0-876c-0ca780e9b9ac', 'neutron:security_group_ids': '', 'neutron:revision_number': '1', 'neutron:vnic_type': 'normal', 'neutron:port_capabilities': '', 'neutron:mtu': ''}, 'parent_name': [], 'enabled': True, 'options': {}, 'type': 'localport', 'port_security': []}), if_exists=True, qos={'qos_max_rate': None, 'qos_burst': None, 'qos_min_rate': None}) {{(pid=103484) do_commit /opt/stack/data/venv/lib/python3.12/site-packages/ovsdbapp/backend/ovs_idl/transaction.py:89}}
Feb 17 02:21:22.119431 np0000155905 devstack@neutron-api.service[103483]: DEBUG neutron.plugins.ml2.drivers.ovn.mech_driver.ovsdb.ovsdb_monitor [None req-1bd9ad02-be37-4883-b1db-51f3eaffed28 None None] Touching Hash Ring node "fc34d3ab122c567e80da65b9501287af" from IDL notify handler {{(pid=103483) notify /opt/stack/neutron/neutron/plugins/ml2/drivers/ovn/mech_driver/ovsdb/ovsdb_monitor.py:912}}
Feb 17 02:21:22.122418 np0000155905 devstack@neutron-api.service[103485]: DEBUG neutron.plugins.ml2.drivers.ovn.mech_driver.ovsdb.ovsdb_monitor [None req-c9c306c8-db57-44bb-84d2-50a55e4c1972 None None] Touching Hash Ring node "8e5e6e27f7245676bcac812b3cc1395e" from IDL notify handler {{(pid=103485) notify /opt/stack/neutron/neutron/plugins/ml2/drivers/ovn/mech_driver/ovsdb/ovsdb_monitor.py:912}}
Feb 17 02:21:22.124831 np0000155905 devstack@neutron-api.service[103483]: DEBUG neutron.plugins.ml2.drivers.ovn.mech_driver.ovsdb.ovsdb_monitor [None req-3a292b1c-a9b6-4bfb-a020-7cfc96476aba None None] Touching Hash Ring node "fc34d3ab122c567e80da65b9501287af" from IDL notify handler {{(pid=103483) notify /opt/stack/neutron/neutron/plugins/ml2/drivers/ovn/mech_driver/ovsdb/ovsdb_monitor.py:912}}
Feb 17 02:21:22.126955 np0000155905 devstack@neutron-api.service[103483]: DEBUG neutron.plugins.ml2.drivers.ovn.mech_driver.ovsdb.ovsdb_monitor [None req-1bd9ad02-be37-4883-b1db-51f3eaffed28 None None] Hash Ring: Node fc34d3ab122c567e80da65b9501287af (host: np0000155905) handling event "update" for row 99be2671-dc37-41b0-876c-0ca780e9b9ac (table: Logical_Switch) {{(pid=103483) notify /opt/stack/neutron/neutron/plugins/ml2/drivers/ovn/mech_driver/ovsdb/ovsdb_monitor.py:920}}
Feb 17 02:21:22.128623 np0000155905 devstack@neutron-api.service[103483]: DEBUG neutron.plugins.ml2.drivers.ovn.mech_driver.ovsdb.ovsdb_monitor [None req-1bd9ad02-be37-4883-b1db-51f3eaffed28 None None] Touching Hash Ring node "fc34d3ab122c567e80da65b9501287af" from IDL notify handler {{(pid=103483) notify /opt/stack/neutron/neutron/plugins/ml2/drivers/ovn/mech_driver/ovsdb/ovsdb_monitor.py:912}}
Feb 17 02:21:22.129950 np0000155905 devstack@neutron-api.service[103483]: DEBUG neutron.plugins.ml2.drivers.ovn.mech_driver.ovsdb.ovsdb_monitor [None req-3a292b1c-a9b6-4bfb-a020-7cfc96476aba None None] Hash Ring: Node fc34d3ab122c567e80da65b9501287af (host: np0000155905) handling event "create" for row f65d96c1-5503-4a04-96f0-cb7112097e2d (table: Port_Binding) {{(pid=103483) notify /opt/stack/neutron/neutron/plugins/ml2/drivers/ovn/mech_driver/ovsdb/ovsdb_monitor.py:920}}
Feb 17 02:21:22.131570 np0000155905 devstack@neutron-api.service[103485]: DEBUG neutron.plugins.ml2.drivers.ovn.mech_driver.ovsdb.ovsdb_monitor [None req-c9c306c8-db57-44bb-84d2-50a55e4c1972 None None] Hash Ring: Node 8e5e6e27f7245676bcac812b3cc1395e (host: np0000155905) handling event "create" for row 2549d25d-203a-4046-b171-eb3011f48089 (table: Logical_Switch_Port) {{(pid=103485) notify /opt/stack/neutron/neutron/plugins/ml2/drivers/ovn/mech_driver/ovsdb/ovsdb_monitor.py:920}}
Feb 17 02:21:22.132016 np0000155905 devstack@neutron-api.service[103483]: DEBUG neutron.plugins.ml2.drivers.ovn.mech_driver.ovsdb.ovsdb_monitor [None req-1bd9ad02-be37-4883-b1db-51f3eaffed28 None None] Hash Ring: Node fc34d3ab122c567e80da65b9501287af (host: np0000155905) handling event "create" for row 2549d25d-203a-4046-b171-eb3011f48089 (table: Logical_Switch_Port) {{(pid=103483) notify /opt/stack/neutron/neutron/plugins/ml2/drivers/ovn/mech_driver/ovsdb/ovsdb_monitor.py:920}}
Feb 17 02:21:22.132492 np0000155905 devstack@neutron-api.service[103485]: DEBUG ovsdbapp.backend.ovs_idl.event [None req-c9c306c8-db57-44bb-84d2-50a55e4c1972 None None] Matched CREATE: LogicalSwitchPortCreateEvent(events=('create',), table='Logical_Switch_Port', conditions=[], old_conditions=None), priority=20 to row=Logical_Switch_Port(name=0e84897f-140c-4591-a9d1-172ce8dbd524, ha_chassis_group=[], options={}, parent_name=[], enabled=[True], type=localport, dhcpv6_options=[], addresses=['fa:16:3e:a1:8d:cc'], tag=[], up=[], external_ids={'neutron:cidrs': '', 'neutron:device_id': 'ovnmeta-99be2671-dc37-41b0-876c-0ca780e9b9ac', 'neutron:device_owner': 'network:distributed', 'neutron:mtu': '', 'neutron:network_name': 'neutron-99be2671-dc37-41b0-876c-0ca780e9b9ac', 'neutron:port_capabilities': '', 'neutron:port_name': '', 'neutron:project_id': 'bfecc9cda6de44e09f489a0483b51fbb', 'neutron:revision_number': '1', 'neutron:security_group_ids': '', 'neutron:subnet_pool_addr_scope4': '', 'neutron:subnet_pool_addr_scope6': '', 'neutron:vnic_type': 'normal'}, tag_request=[], port_security=[], dynamic_addresses=[], dhcpv4_options=[], mirror_rules=[]) old= {{(pid=103485) matches /opt/stack/data/venv/lib/python3.12/site-packages/ovsdbapp/backend/ovs_idl/event.py:55}}
Feb 17 02:21:22.132862 np0000155905 devstack@neutron-api.service[103483]: DEBUG ovsdbapp.backend.ovs_idl.event [None req-1bd9ad02-be37-4883-b1db-51f3eaffed28 None None] Matched CREATE: LogicalSwitchPortCreateEvent(events=('create',), table='Logical_Switch_Port', conditions=[], old_conditions=None), priority=20 to row=Logical_Switch_Port(name=0e84897f-140c-4591-a9d1-172ce8dbd524, ha_chassis_group=[], options={}, parent_name=[], enabled=[True], type=localport, dhcpv6_options=[], addresses=['fa:16:3e:a1:8d:cc'], tag=[], up=[], external_ids={'neutron:cidrs': '', 'neutron:device_id': 'ovnmeta-99be2671-dc37-41b0-876c-0ca780e9b9ac', 'neutron:device_owner': 'network:distributed', 'neutron:mtu': '', 'neutron:network_name': 'neutron-99be2671-dc37-41b0-876c-0ca780e9b9ac', 'neutron:port_capabilities': '', 'neutron:port_name': '', 'neutron:project_id': 'bfecc9cda6de44e09f489a0483b51fbb', 'neutron:revision_number': '1', 'neutron:security_group_ids': '', 'neutron:subnet_pool_addr_scope4': '', 'neutron:subnet_pool_addr_scope6': '', 'neutron:vnic_type': 'normal'}, tag_request=[], port_security=[], dynamic_addresses=[], dhcpv4_options=[], mirror_rules=[]) old= {{(pid=103483) matches /opt/stack/data/venv/lib/python3.12/site-packages/ovsdbapp/backend/ovs_idl/event.py:55}}
Feb 17 02:21:22.133679 np0000155905 devstack@neutron-api.service[103485]: INFO neutron.plugins.ml2.drivers.ovn.mech_driver.mech_driver [-] OVN reports status down for port: 0e84897f-140c-4591-a9d1-172ce8dbd524
Feb 17 02:21:22.134008 np0000155905 devstack@neutron-api.service[103483]: INFO neutron.plugins.ml2.drivers.ovn.mech_driver.mech_driver [None req-cccaa49e-5d1d-4e91-8d81-5392b6dfbe99 None None] OVN reports status down for port: 0e84897f-140c-4591-a9d1-172ce8dbd524
Feb 17 02:21:22.135614 np0000155905 devstack@neutron-api.service[103483]: DEBUG neutron.plugins.ml2.drivers.ovn.mech_driver.ovsdb.ovsdb_monitor [None req-1bd9ad02-be37-4883-b1db-51f3eaffed28 None None] Touching Hash Ring node "fc34d3ab122c567e80da65b9501287af" from IDL notify handler {{(pid=103483) notify /opt/stack/neutron/neutron/plugins/ml2/drivers/ovn/mech_driver/ovsdb/ovsdb_monitor.py:912}}
Feb 17 02:21:22.136488 np0000155905 devstack@neutron-api.service[103485]: DEBUG neutron.plugins.ml2.drivers.ovn.mech_driver.ovsdb.ovsdb_monitor [None req-c9c306c8-db57-44bb-84d2-50a55e4c1972 None None] Touching Hash Ring node "8e5e6e27f7245676bcac812b3cc1395e" from IDL notify handler {{(pid=103485) notify /opt/stack/neutron/neutron/plugins/ml2/drivers/ovn/mech_driver/ovsdb/ovsdb_monitor.py:912}}
Feb 17 02:21:22.138343 np0000155905 devstack@neutron-api.service[103483]: DEBUG neutron.plugins.ml2.drivers.ovn.mech_driver.ovsdb.ovsdb_monitor [None req-1bd9ad02-be37-4883-b1db-51f3eaffed28 None None] Hash Ring: Node fc34d3ab122c567e80da65b9501287af (host: np0000155905) handling event "update" for row 2549d25d-203a-4046-b171-eb3011f48089 (table: Logical_Switch_Port) {{(pid=103483) notify /opt/stack/neutron/neutron/plugins/ml2/drivers/ovn/mech_driver/ovsdb/ovsdb_monitor.py:920}}
Feb 17 02:21:22.140205 np0000155905 devstack@neutron-api.service[103485]: DEBUG neutron.plugins.ml2.drivers.ovn.mech_driver.ovsdb.ovsdb_monitor [None req-c9c306c8-db57-44bb-84d2-50a55e4c1972 None None] Hash Ring: Node 8e5e6e27f7245676bcac812b3cc1395e (host: np0000155905) handling event "update" for row 2549d25d-203a-4046-b171-eb3011f48089 (table: Logical_Switch_Port) {{(pid=103485) notify /opt/stack/neutron/neutron/plugins/ml2/drivers/ovn/mech_driver/ovsdb/ovsdb_monitor.py:920}}
Feb 17 02:21:22.149832 np0000155905 devstack@neutron-api.service[103484]: INFO neutron.db.ovn_revision_numbers_db [None req-09269718-4529-42b6-abf1-1215f5e39941 admin admin] Successfully bumped revision number for resource 0e84897f-140c-4591-a9d1-172ce8dbd524 (type: ports) to 1
Feb 17 02:21:22.156637 np0000155905 devstack@neutron-api.service[103484]: DEBUG neutron.pecan_wsgi.hooks.policy_enforcement [None req-09269718-4529-42b6-abf1-1215f5e39941 admin admin] Attributes excluded by policy engine: ['standard_attr_id'] {{(pid=103484) _exclude_attributes_by_policy /opt/stack/neutron/neutron/pecan_wsgi/hooks/policy_enforcement.py:258}}
