Mar 23 17:15:55.233101 np0000160376 devstack@neutron-api.service[102365]: DEBUG neutron_lib.callbacks.manager [None req-d42ac45f-125d-4b28-8c2e-2105a6118f16 None None] Subscribe: > segment after_delete 55550000, False {{(pid=102365) subscribe /opt/stack/data/venv/lib/python3.12/site-packages/neutron_lib/callbacks/manager.py:52}}
Mar 23 17:15:55.233235 np0000160376 devstack@neutron-api.service[102365]: DEBUG neutron_lib.callbacks.manager [None req-d42ac45f-125d-4b28-8c2e-2105a6118f16 None None] Subscribe: > allowed_address_pair before_create 55550000, False {{(pid=102365) subscribe /opt/stack/data/venv/lib/python3.12/site-packages/neutron_lib/callbacks/manager.py:52}}
Mar 23 17:15:55.233332 np0000160376 devstack@neutron-api.service[102365]: DEBUG neutron_lib.callbacks.manager [None req-d42ac45f-125d-4b28-8c2e-2105a6118f16 None None] Subscribe: > security_group precommit_create 55550000, False {{(pid=102365) subscribe /opt/stack/data/venv/lib/python3.12/site-packages/neutron_lib/callbacks/manager.py:52}}
Mar 23 17:15:55.233440 np0000160376 devstack@neutron-api.service[102365]: DEBUG neutron_lib.callbacks.manager [None req-d42ac45f-125d-4b28-8c2e-2105a6118f16 None None] Subscribe: > security_group after_update 55550000, False {{(pid=102365) subscribe /opt/stack/data/venv/lib/python3.12/site-packages/neutron_lib/callbacks/manager.py:52}}
Mar 23 17:15:55.233601 np0000160376 devstack@neutron-api.service[102365]: DEBUG neutron_lib.callbacks.manager [None req-d42ac45f-125d-4b28-8c2e-2105a6118f16 None None] Subscribe: > security_group after_create 55550000, False {{(pid=102365) subscribe /opt/stack/data/venv/lib/python3.12/site-packages/neutron_lib/callbacks/manager.py:52}}
Mar 23 17:15:55.233666 np0000160376 devstack@neutron-api.service[102363]: DEBUG neutron.manager [None req-c4871d9c-87c0-4ff1-be48-2dafb4e7f409 None None] Successfully loaded timestamp plugin. Description: Adds timestamps to Neutron resources with standard attributes {{(pid=102363) _create_and_add_service_plugin /opt/stack/neutron/neutron/manager.py:239}}
Mar 23 17:15:55.233697 np0000160376 devstack@neutron-api.service[102365]: DEBUG neutron_lib.callbacks.manager [None req-d42ac45f-125d-4b28-8c2e-2105a6118f16 None None] Subscribe: > security_group precommit_delete 55550000, False {{(pid=102365) subscribe /opt/stack/data/venv/lib/python3.12/site-packages/neutron_lib/callbacks/manager.py:52}}
Mar 23 17:15:55.233729 np0000160376 devstack@neutron-api.service[102363]: INFO neutron.manager [None req-c4871d9c-87c0-4ff1-be48-2dafb4e7f409 None None] Loading Plugin: network_ip_availability
Mar 23 17:15:55.233831 np0000160376 devstack@neutron-api.service[102365]: DEBUG neutron_lib.callbacks.manager [None req-d42ac45f-125d-4b28-8c2e-2105a6118f16 None None] Subscribe: > security_group after_delete 55550000, False {{(pid=102365) subscribe /opt/stack/data/venv/lib/python3.12/site-packages/neutron_lib/callbacks/manager.py:52}}
Mar 23 17:15:55.233831 np0000160376 devstack@neutron-api.service[102365]: DEBUG neutron_lib.callbacks.manager [None req-d42ac45f-125d-4b28-8c2e-2105a6118f16 None None] Subscribe: > security_group_rule precommit_create 55550000, False {{(pid=102365) subscribe /opt/stack/data/venv/lib/python3.12/site-packages/neutron_lib/callbacks/manager.py:52}}
Mar 23 17:15:55.234024 np0000160376 devstack@neutron-api.service[102365]: DEBUG neutron_lib.callbacks.manager [None req-d42ac45f-125d-4b28-8c2e-2105a6118f16 None None] Subscribe: > security_group_rule after_create 55550000, False {{(pid=102365) subscribe /opt/stack/data/venv/lib/python3.12/site-packages/neutron_lib/callbacks/manager.py:52}}
Mar 23 17:15:55.234168 np0000160376 devstack@neutron-api.service[102365]: DEBUG neutron_lib.callbacks.manager [None req-d42ac45f-125d-4b28-8c2e-2105a6118f16 None None] Subscribe: > security_group_rule before_delete 55550000, False {{(pid=102365) subscribe /opt/stack/data/venv/lib/python3.12/site-packages/neutron_lib/callbacks/manager.py:52}}
Mar 23 17:15:55.234385 np0000160376 devstack@neutron-api.service[102365]: DEBUG neutron_lib.callbacks.manager [None req-d42ac45f-125d-4b28-8c2e-2105a6118f16 None None] Subscribe: > address_group after_create 55550000, False {{(pid=102365) subscribe /opt/stack/data/venv/lib/python3.12/site-packages/neutron_lib/callbacks/manager.py:52}}
Mar 23 17:15:55.234557 np0000160376 devstack@neutron-api.service[102365]: DEBUG neutron_lib.callbacks.manager [None req-d42ac45f-125d-4b28-8c2e-2105a6118f16 None None] Subscribe: > address_group after_update 55550000, False {{(pid=102365) subscribe /opt/stack/data/venv/lib/python3.12/site-packages/neutron_lib/callbacks/manager.py:52}}
Mar 23 17:15:55.234762 np0000160376 devstack@neutron-api.service[102365]: DEBUG neutron_lib.callbacks.manager [None req-d42ac45f-125d-4b28-8c2e-2105a6118f16 None None] Subscribe: > address_group after_delete 55550000, False {{(pid=102365) subscribe /opt/stack/data/venv/lib/python3.12/site-packages/neutron_lib/callbacks/manager.py:52}}
Mar 23 17:15:55.234939 np0000160376 devstack@neutron-api.service[102365]: DEBUG neutron_lib.callbacks.manager [None req-d42ac45f-125d-4b28-8c2e-2105a6118f16 None None] Subscribe: > qos_plugin after_init 55550000, False {{(pid=102365) subscribe /opt/stack/data/venv/lib/python3.12/site-packages/neutron_lib/callbacks/manager.py:52}}
Mar 23 17:15:55.235186 np0000160376 devstack@neutron-api.service[102363]: DEBUG neutron.manager [None req-c4871d9c-87c0-4ff1-be48-2dafb4e7f409 None None] Successfully loaded network-ip-availability plugin. Description: Provides IP availability data for each network and subnet. {{(pid=102363) _create_and_add_service_plugin /opt/stack/neutron/neutron/manager.py:239}}
Mar 23 17:15:55.235229 np0000160376 devstack@neutron-api.service[102365]: DEBUG neutron_lib.callbacks.manager [None req-d42ac45f-125d-4b28-8c2e-2105a6118f16 None None] Subscribe: > trunk_plugin after_init 55550000, False {{(pid=102365) subscribe /opt/stack/data/venv/lib/python3.12/site-packages/neutron_lib/callbacks/manager.py:52}}
Mar 23 17:15:55.235290 np0000160376 devstack@neutron-api.service[102363]: INFO neutron.manager [None req-c4871d9c-87c0-4ff1-be48-2dafb4e7f409 None None] Loading Plugin: flavors
Mar 23 17:15:55.235470 np0000160376 devstack@neutron-api.service[102365]: DEBUG neutron_lib.callbacks.manager [None req-d42ac45f-125d-4b28-8c2e-2105a6118f16 None None] Subscribe: > logging-plugin after_init 55550000, False {{(pid=102365) subscribe /opt/stack/data/venv/lib/python3.12/site-packages/neutron_lib/callbacks/manager.py:52}}
Mar 23 17:15:55.236151 np0000160376 devstack@neutron-api.service[102365]: INFO neutron.services.logapi.drivers.ovn.driver [None req-d42ac45f-125d-4b28-8c2e-2105a6118f16 None None] OVN logging driver registered
Mar 23 17:15:55.236299 np0000160376 devstack@neutron-api.service[102363]: DEBUG neutron.manager [None req-c4871d9c-87c0-4ff1-be48-2dafb4e7f409 None None] Successfully loaded FLAVORS plugin. Description: Neutron Flavors and Service Profiles manager plugin {{(pid=102363) _create_and_add_service_plugin /opt/stack/neutron/neutron/manager.py:239}}
Mar 23 17:15:55.236347 np0000160376 devstack@neutron-api.service[102363]: INFO neutron.manager [None req-c4871d9c-87c0-4ff1-be48-2dafb4e7f409 None None] Loading Plugin: revisions
Mar 23 17:15:55.237332 np0000160376 devstack@neutron-api.service[102363]: DEBUG neutron.manager [None req-c4871d9c-87c0-4ff1-be48-2dafb4e7f409 None None] Successfully loaded revision_plugin plugin. Description: Adds revision numbers to resources. {{(pid=102363) _create_and_add_service_plugin /opt/stack/neutron/neutron/manager.py:239}}
Mar 23 17:15:55.237394 np0000160376 devstack@neutron-api.service[102365]: DEBUG neutron.plugins.ml2.plugin [None req-d42ac45f-125d-4b28-8c2e-2105a6118f16 None None] neutron.plugins.ml2.plugin.Ml2Plugin method _start_rpc_notifiers called with arguments () {} {{(pid=102365) wrapper /opt/stack/data/venv/lib/python3.12/site-packages/oslo_log/helpers.py:77}}
Mar 23 17:15:55.237500 np0000160376 devstack@neutron-api.service[102363]: DEBUG oslo_concurrency.lockutils [None req-c4871d9c-87c0-4ff1-be48-2dafb4e7f409 None None] Lock "manager" "released" by "neutron.manager.NeutronManager._create_instance" :: held 4.629s {{(pid=102363) inner /opt/stack/data/venv/lib/python3.12/site-packages/oslo_concurrency/lockutils.py:538}}
Mar 23 17:15:55.237629 np0000160376 devstack@neutron-api.service[102365]: DEBUG neutron_lib.callbacks.manager [None req-d42ac45f-125d-4b28-8c2e-2105a6118f16 None None] Subscribe: > port after_create 55550000, False {{(pid=102365) subscribe /opt/stack/data/venv/lib/python3.12/site-packages/neutron_lib/callbacks/manager.py:52}}
Mar 23 17:15:55.237728 np0000160376 devstack@neutron-api.service[102363]: DEBUG neutron.api.extensions [None req-c4871d9c-87c0-4ff1-be48-2dafb4e7f409 None None] get_extension_paths = OrderedDict({'/opt/stack/neutron/neutron/extensions': 1}) {{(pid=102363) get_extensions_path /opt/stack/neutron/neutron/api/extensions.py:640}}
Mar 23 17:15:55.237760 np0000160376 devstack@neutron-api.service[102365]: DEBUG neutron_lib.callbacks.manager [None req-d42ac45f-125d-4b28-8c2e-2105a6118f16 None None] Subscribe: > port after_update 55550000, False {{(pid=102365) subscribe /opt/stack/data/venv/lib/python3.12/site-packages/neutron_lib/callbacks/manager.py:52}}
Mar 23 17:15:55.237836 np0000160376 devstack@neutron-api.service[102363]: INFO neutron.api.extensions [None req-c4871d9c-87c0-4ff1-be48-2dafb4e7f409 None None] Initializing extension manager.
Mar 23 17:15:55.237918 np0000160376 devstack@neutron-api.service[102365]: DEBUG neutron_lib.callbacks.manager [None req-d42ac45f-125d-4b28-8c2e-2105a6118f16 None None] Subscribe: > port after_delete 55550000, False {{(pid=102365) subscribe /opt/stack/data/venv/lib/python3.12/site-packages/neutron_lib/callbacks/manager.py:52}}
Mar 23 17:15:55.238116 np0000160376 devstack@neutron-api.service[102365]: DEBUG neutron_lib.callbacks.manager [None req-d42ac45f-125d-4b28-8c2e-2105a6118f16 None None] Subscribe: > subnet after_create 55550000, False {{(pid=102365) subscribe /opt/stack/data/venv/lib/python3.12/site-packages/neutron_lib/callbacks/manager.py:52}}
Mar 23 17:15:55.238146 np0000160376 devstack@neutron-api.service[102363]: DEBUG neutron.api.extensions [None req-c4871d9c-87c0-4ff1-be48-2dafb4e7f409 None None] Loading extension file: __init__.py {{(pid=102363) _load_all_extensions_from_path /opt/stack/neutron/neutron/api/extensions.py:449}}
Mar 23 17:15:55.238187 np0000160376 devstack@neutron-api.service[102363]: DEBUG neutron.api.extensions [None req-c4871d9c-87c0-4ff1-be48-2dafb4e7f409 None None] Loading extension file: __pycache__ {{(pid=102363) _load_all_extensions_from_path /opt/stack/neutron/neutron/api/extensions.py:449}}
Mar 23 17:15:55.238256 np0000160376 devstack@neutron-api.service[102365]: DEBUG neutron_lib.callbacks.manager [None req-d42ac45f-125d-4b28-8c2e-2105a6118f16 None None] Subscribe: > subnet after_update 55550000, False {{(pid=102365) subscribe /opt/stack/data/venv/lib/python3.12/site-packages/neutron_lib/callbacks/manager.py:52}}
Mar 23 17:15:55.238292 np0000160376 devstack@neutron-api.service[102363]: DEBUG neutron.api.extensions [None req-c4871d9c-87c0-4ff1-be48-2dafb4e7f409 None None] Loading extension file: address_group.py {{(pid=102363) _load_all_extensions_from_path /opt/stack/neutron/neutron/api/extensions.py:449}}
Mar 23 17:15:55.238466 np0000160376 devstack@neutron-api.service[102365]: DEBUG neutron_lib.callbacks.manager [None req-d42ac45f-125d-4b28-8c2e-2105a6118f16 None None] Subscribe: > subnet after_delete 55550000, False {{(pid=102365) subscribe /opt/stack/data/venv/lib/python3.12/site-packages/neutron_lib/callbacks/manager.py:52}}
Mar 23 17:15:55.238599 np0000160376 devstack@neutron-api.service[102365]: DEBUG neutron_lib.callbacks.manager [None req-d42ac45f-125d-4b28-8c2e-2105a6118f16 None None] Subscribe: > network after_create 55550000, False {{(pid=102365) subscribe /opt/stack/data/venv/lib/python3.12/site-packages/neutron_lib/callbacks/manager.py:52}}
Mar 23 17:15:55.238633 np0000160376 devstack@neutron-api.service[102363]: DEBUG neutron.api.extensions [None req-c4871d9c-87c0-4ff1-be48-2dafb4e7f409 None None] Ext name="Address group" alias="address-group" description="Support address group" updated="2020-07-15T10:00:00-00:00" {{(pid=102363) _check_extension /opt/stack/neutron/neutron/api/extensions.py:415}}
Mar 23 17:15:55.238779 np0000160376 devstack@neutron-api.service[102365]: DEBUG neutron_lib.callbacks.manager [None req-d42ac45f-125d-4b28-8c2e-2105a6118f16 None None] Subscribe: > network after_update 55550000, False {{(pid=102365) subscribe /opt/stack/data/venv/lib/python3.12/site-packages/neutron_lib/callbacks/manager.py:52}}
Mar 23 17:15:55.238924 np0000160376 devstack@neutron-api.service[102365]: DEBUG neutron_lib.callbacks.manager [None req-d42ac45f-125d-4b28-8c2e-2105a6118f16 None None] Subscribe: > network after_delete 55550000, False {{(pid=102365) subscribe /opt/stack/data/venv/lib/python3.12/site-packages/neutron_lib/callbacks/manager.py:52}}
Mar 23 17:15:55.238953 np0000160376 devstack@neutron-api.service[102363]: INFO neutron.api.extensions [None req-c4871d9c-87c0-4ff1-be48-2dafb4e7f409 None None] Loaded extension: address-group
Mar 23 17:15:55.239065 np0000160376 devstack@neutron-api.service[102365]: DEBUG neutron_lib.callbacks.manager [None req-d42ac45f-125d-4b28-8c2e-2105a6118f16 None None] Subscribe: > security_group after_create 55550000, False {{(pid=102365) subscribe /opt/stack/data/venv/lib/python3.12/site-packages/neutron_lib/callbacks/manager.py:52}}
Mar 23 17:15:55.239226 np0000160376 devstack@neutron-api.service[102363]: DEBUG neutron.api.extensions [None req-c4871d9c-87c0-4ff1-be48-2dafb4e7f409 None None] Loading extension file: address_scope.py {{(pid=102363) _load_all_extensions_from_path /opt/stack/neutron/neutron/api/extensions.py:449}}
Mar 23 17:15:55.239285 np0000160376 devstack@neutron-api.service[102365]: DEBUG neutron_lib.callbacks.manager [None req-d42ac45f-125d-4b28-8c2e-2105a6118f16 None None] Subscribe: > security_group after_update 55550000, False {{(pid=102365) subscribe /opt/stack/data/venv/lib/python3.12/site-packages/neutron_lib/callbacks/manager.py:52}}
Mar 23 17:15:55.239343 np0000160376 devstack@neutron-api.service[102365]: DEBUG neutron_lib.callbacks.manager [None req-d42ac45f-125d-4b28-8c2e-2105a6118f16 None None] Subscribe: > security_group after_delete 55550000, False {{(pid=102365) subscribe /opt/stack/data/venv/lib/python3.12/site-packages/neutron_lib/callbacks/manager.py:52}}
Mar 23 17:15:55.239456 np0000160376 devstack@neutron-api.service[102365]: DEBUG neutron_lib.callbacks.manager [None req-d42ac45f-125d-4b28-8c2e-2105a6118f16 None None] Subscribe: > security_group_rule after_create 55550000, False {{(pid=102365) subscribe /opt/stack/data/venv/lib/python3.12/site-packages/neutron_lib/callbacks/manager.py:52}}
Mar 23 17:15:55.239569 np0000160376 devstack@neutron-api.service[102365]: DEBUG neutron_lib.callbacks.manager [None req-d42ac45f-125d-4b28-8c2e-2105a6118f16 None None] Subscribe: > security_group_rule after_update 55550000, False {{(pid=102365) subscribe /opt/stack/data/venv/lib/python3.12/site-packages/neutron_lib/callbacks/manager.py:52}}
Mar 23 17:15:55.239600 np0000160376 devstack@neutron-api.service[102363]: DEBUG neutron.api.extensions [None req-c4871d9c-87c0-4ff1-be48-2dafb4e7f409 None None] Ext name="Address scope" alias="address-scope" description="Address scopes extension." updated="2015-07-26T10:00:00-00:00" {{(pid=102363) _check_extension /opt/stack/neutron/neutron/api/extensions.py:415}}
Mar 23 17:15:55.239679 np0000160376 devstack@neutron-api.service[102365]: DEBUG neutron_lib.callbacks.manager [None req-d42ac45f-125d-4b28-8c2e-2105a6118f16 None None] Subscribe: > security_group_rule after_delete 55550000, False {{(pid=102365) subscribe /opt/stack/data/venv/lib/python3.12/site-packages/neutron_lib/callbacks/manager.py:52}}
Mar 23 17:15:55.239780 np0000160376 devstack@neutron-api.service[102365]: DEBUG neutron_lib.callbacks.manager [None req-d42ac45f-125d-4b28-8c2e-2105a6118f16 None None] Subscribe: > address_group after_create 55550000, False {{(pid=102365) subscribe /opt/stack/data/venv/lib/python3.12/site-packages/neutron_lib/callbacks/manager.py:52}}
Mar 23 17:15:55.239810 np0000160376 devstack@neutron-api.service[102363]: INFO neutron.api.extensions [None req-c4871d9c-87c0-4ff1-be48-2dafb4e7f409 None None] Loaded extension: address-scope
Mar 23 17:15:55.239868 np0000160376 devstack@neutron-api.service[102365]: DEBUG neutron_lib.callbacks.manager [None req-d42ac45f-125d-4b28-8c2e-2105a6118f16 None None] Subscribe: > address_group after_update 55550000, False {{(pid=102365) subscribe /opt/stack/data/venv/lib/python3.12/site-packages/neutron_lib/callbacks/manager.py:52}}
Mar 23 17:15:55.239904 np0000160376 devstack@neutron-api.service[102363]: DEBUG neutron.api.extensions [None req-c4871d9c-87c0-4ff1-be48-2dafb4e7f409 None None] Loading extension file: admin_state_down_before_update.py {{(pid=102363) _load_all_extensions_from_path /opt/stack/neutron/neutron/api/extensions.py:449}}
Mar 23 17:15:55.239935 np0000160376 devstack@neutron-api.service[102365]: DEBUG neutron_lib.callbacks.manager [None req-d42ac45f-125d-4b28-8c2e-2105a6118f16 None None] Subscribe: > address_group after_delete 55550000, False {{(pid=102365) subscribe /opt/stack/data/venv/lib/python3.12/site-packages/neutron_lib/callbacks/manager.py:52}}
Mar 23 17:15:55.240058 np0000160376 devstack@neutron-api.service[102365]: DEBUG neutron.plugins.ml2.ovo_rpc [None req-d42ac45f-125d-4b28-8c2e-2105a6118f16 None None] ML2 OVO RPC backend initialized. {{(pid=102365) __init__ /opt/stack/neutron/neutron/plugins/ml2/ovo_rpc.py:117}}
Mar 23 17:15:55.240097 np0000160376 devstack@neutron-api.service[102363]: DEBUG neutron.api.extensions [None req-c4871d9c-87c0-4ff1-be48-2dafb4e7f409 None None] Ext name="Enforce Router's Admin State Down Before Update Extension" alias="router-admin-state-down-before-update" description="Ensure that the admin state of a router is DOWN (admin_state_up=False) before updating the distributed attribute" updated="2019-07-02T15:56:00" {{(pid=102363) _check_extension /opt/stack/neutron/neutron/api/extensions.py:415}}
Mar 23 17:15:55.240269 np0000160376 devstack@neutron-api.service[102363]: INFO neutron.api.extensions [None req-c4871d9c-87c0-4ff1-be48-2dafb4e7f409 None None] Extension router-admin-state-down-before-update not supported by any of loaded plugins
Mar 23 17:15:55.240380 np0000160376 devstack@neutron-api.service[102363]: DEBUG neutron.api.extensions [None req-c4871d9c-87c0-4ff1-be48-2dafb4e7f409 None None] Loading extension file: agent.py {{(pid=102363) _load_all_extensions_from_path /opt/stack/neutron/neutron/api/extensions.py:449}}
Mar 23 17:15:55.240688 np0000160376 devstack@neutron-api.service[102363]: DEBUG neutron.api.extensions [None req-c4871d9c-87c0-4ff1-be48-2dafb4e7f409 None None] Ext name="agent" alias="agent" description="The agent management extension." updated="2013-02-03T10:00:00-00:00" {{(pid=102363) _check_extension /opt/stack/neutron/neutron/api/extensions.py:415}}
Mar 23 17:15:55.240775 np0000160376 devstack@neutron-api.service[102365]: INFO neutron.quota [None req-d42ac45f-125d-4b28-8c2e-2105a6118f16 None None] Loaded quota_driver: .
Mar 23 17:15:55.240875 np0000160376 devstack@neutron-api.service[102363]: INFO neutron.api.extensions [None req-c4871d9c-87c0-4ff1-be48-2dafb4e7f409 None None] Loaded extension: agent
Mar 23 17:15:55.240904 np0000160376 devstack@neutron-api.service[102365]: INFO neutron.plugins.ml2.plugin [None req-d42ac45f-125d-4b28-8c2e-2105a6118f16 None None] Modular L2 Plugin initialization complete
Mar 23 17:15:55.240937 np0000160376 devstack@neutron-api.service[102363]: DEBUG neutron.api.extensions [None req-c4871d9c-87c0-4ff1-be48-2dafb4e7f409 None None] Loading extension file: agent_resources_synced.py {{(pid=102363) _load_all_extensions_from_path /opt/stack/neutron/neutron/api/extensions.py:449}}
Mar 23 17:15:55.241033 np0000160376 devstack@neutron-api.service[102365]: DEBUG neutron.manager [None req-d42ac45f-125d-4b28-8c2e-2105a6118f16 None None] Loading services supported by the core plugin {{(pid=102365) _load_services_from_core_plugin /opt/stack/neutron/neutron/manager.py:170}}
Mar 23 17:15:55.241129 np0000160376 devstack@neutron-api.service[102365]: INFO neutron.plugins.ml2.managers [None req-d42ac45f-125d-4b28-8c2e-2105a6118f16 None None] Got port-security extension from driver 'port_security'
Mar 23 17:15:55.241158 np0000160376 devstack@neutron-api.service[102363]: DEBUG neutron.api.extensions [None req-c4871d9c-87c0-4ff1-be48-2dafb4e7f409 None None] Ext name="Agent's Resource View Synced to Placement" alias="agent-resources-synced" description="Stores success/failure of last sync to Placement" updated="2018-12-19T00:00:00-00:00" {{(pid=102363) _check_extension /opt/stack/neutron/neutron/api/extensions.py:415}}
Mar 23 17:15:55.242157 np0000160376 devstack@neutron-api.service[102363]: INFO neutron.api.extensions [None req-c4871d9c-87c0-4ff1-be48-2dafb4e7f409 None None] Extension agent-resources-synced not supported by any of loaded plugins
Mar 23 17:15:55.242511 np0000160376 devstack@neutron-api.service[102365]: DEBUG neutron.manager [None req-d42ac45f-125d-4b28-8c2e-2105a6118f16 None None] Loading service plugins: ['ovn-router', 'auto_allocate', 'tag', 'timestamp', 'network_ip_availability', 'flavors', 'revisions'] {{(pid=102365) _load_service_plugins /opt/stack/neutron/neutron/manager.py:195}}
Mar 23 17:15:55.242690 np0000160376 devstack@neutron-api.service[102363]: DEBUG neutron.api.extensions [None req-c4871d9c-87c0-4ff1-be48-2dafb4e7f409 None None] Loading extension file: allowedaddresspairs.py {{(pid=102363) _load_all_extensions_from_path /opt/stack/neutron/neutron/api/extensions.py:449}}
Mar 23 17:15:55.242823 np0000160376 devstack@neutron-api.service[102365]: INFO neutron.manager [None req-d42ac45f-125d-4b28-8c2e-2105a6118f16 None None] Loading Plugin: ovn-router
Mar 23 17:15:55.242852 np0000160376 devstack@neutron-api.service[102363]: DEBUG neutron.api.extensions [None req-c4871d9c-87c0-4ff1-be48-2dafb4e7f409 None None] Ext name="Allowed Address Pairs" alias="allowed-address-pairs" description="Provides allowed address pairs" updated="2013-07-23T10:00:00-00:00" {{(pid=102363) _check_extension /opt/stack/neutron/neutron/api/extensions.py:415}}
Mar 23 17:15:55.242852 np0000160376 devstack@neutron-api.service[102363]: INFO neutron.api.extensions [None req-c4871d9c-87c0-4ff1-be48-2dafb4e7f409 None None] Loaded extension: allowed-address-pairs
Mar 23 17:15:55.242852 np0000160376 devstack@neutron-api.service[102363]: DEBUG neutron.api.extensions [None req-c4871d9c-87c0-4ff1-be48-2dafb4e7f409 None None] Loading extension file: auto_allocated_topology.py {{(pid=102363) _load_all_extensions_from_path /opt/stack/neutron/neutron/api/extensions.py:449}}
Mar 23 17:15:55.242852 np0000160376 devstack@neutron-api.service[102363]: DEBUG neutron.api.extensions [None req-c4871d9c-87c0-4ff1-be48-2dafb4e7f409 None None] Ext name="Auto Allocated Topology Services" alias="auto-allocated-topology" description="Auto Allocated Topology Services." updated="2016-01-01T00:00:00-00:00" {{(pid=102363) _check_extension /opt/stack/neutron/neutron/api/extensions.py:415}}
Mar 23 17:15:55.242852 np0000160376 devstack@neutron-api.service[102363]: INFO neutron.api.extensions [None req-c4871d9c-87c0-4ff1-be48-2dafb4e7f409 None None] Loaded extension: auto-allocated-topology
Mar 23 17:15:55.243100 np0000160376 devstack@neutron-api.service[102363]: DEBUG neutron.api.extensions [None req-c4871d9c-87c0-4ff1-be48-2dafb4e7f409 None None] Loading extension file: availability_zone.py {{(pid=102363) _load_all_extensions_from_path /opt/stack/neutron/neutron/api/extensions.py:449}}
Mar 23 17:15:55.243199 np0000160376 devstack@neutron-api.service[102363]: DEBUG neutron.api.extensions [None req-c4871d9c-87c0-4ff1-be48-2dafb4e7f409 None None] Ext name="Availability Zone" alias="availability_zone" description="The availability zone extension." updated="2015-01-01T10:00:00-00:00" {{(pid=102363) _check_extension /opt/stack/neutron/neutron/api/extensions.py:415}}
Mar 23 17:15:55.243552 np0000160376 devstack@neutron-api.service[102363]: INFO neutron.api.extensions [None req-c4871d9c-87c0-4ff1-be48-2dafb4e7f409 None None] Loaded extension: availability_zone
Mar 23 17:15:55.243552 np0000160376 devstack@neutron-api.service[102363]: DEBUG neutron.api.extensions [None req-c4871d9c-87c0-4ff1-be48-2dafb4e7f409 None None] Loading extension file: availability_zone_filter.py {{(pid=102363) _load_all_extensions_from_path /opt/stack/neutron/neutron/api/extensions.py:449}}
Mar 23 17:15:55.243718 np0000160376 devstack@neutron-api.service[102363]: DEBUG neutron.api.extensions [None req-c4871d9c-87c0-4ff1-be48-2dafb4e7f409 None None] Ext name="Availability Zone Filter Extension" alias="availability_zone_filter" description="Add filter parameters to AvailabilityZone resource" updated="2018-06-22T10:00:00-00:00" {{(pid=102363) _check_extension /opt/stack/neutron/neutron/api/extensions.py:415}}
Mar 23 17:15:55.243913 np0000160376 devstack@neutron-api.service[102363]: INFO neutron.api.extensions [None req-c4871d9c-87c0-4ff1-be48-2dafb4e7f409 None None] Extension availability_zone_filter not supported by any of loaded plugins
Mar 23 17:15:55.243989 np0000160376 devstack@neutron-api.service[102363]: DEBUG neutron.api.extensions [None req-c4871d9c-87c0-4ff1-be48-2dafb4e7f409 None None] Loading extension file: data_plane_status.py {{(pid=102363) _load_all_extensions_from_path /opt/stack/neutron/neutron/api/extensions.py:449}}
Mar 23 17:15:55.244232 np0000160376 devstack@neutron-api.service[102363]: DEBUG neutron.api.extensions [None req-c4871d9c-87c0-4ff1-be48-2dafb4e7f409 None None] Ext name="Port data plane status extension" alias="data-plane-status" description="Expose status of underlying data plane" updated="2017-01-24T10:00:00-00:00" {{(pid=102363) _check_extension /opt/stack/neutron/neutron/api/extensions.py:415}}
Mar 23 17:15:55.244428 np0000160376 devstack@neutron-api.service[102363]: INFO neutron.api.extensions [None req-c4871d9c-87c0-4ff1-be48-2dafb4e7f409 None None] Extension data-plane-status not supported by any of loaded plugins
Mar 23 17:15:55.244487 np0000160376 devstack@neutron-api.service[102363]: DEBUG neutron.api.extensions [None req-c4871d9c-87c0-4ff1-be48-2dafb4e7f409 None None] Loading extension file: default_subnetpools.py {{(pid=102363) _load_all_extensions_from_path /opt/stack/neutron/neutron/api/extensions.py:449}}
Mar 23 17:15:55.244709 np0000160376 devstack@neutron-api.service[102363]: DEBUG neutron.api.extensions [None req-c4871d9c-87c0-4ff1-be48-2dafb4e7f409 None None] Ext name="Default Subnetpools" alias="default-subnetpools" description="Provides ability to mark and use a subnetpool as the default." updated="2016-02-18T18:00:00-00:00" {{(pid=102363) _check_extension /opt/stack/neutron/neutron/api/extensions.py:415}}
Mar 23 17:15:55.244915 np0000160376 devstack@neutron-api.service[102363]: INFO neutron.api.extensions [None req-c4871d9c-87c0-4ff1-be48-2dafb4e7f409 None None] Loaded extension: default-subnetpools
Mar 23 17:15:55.245009 np0000160376 devstack@neutron-api.service[102363]: DEBUG neutron.api.extensions [None req-c4871d9c-87c0-4ff1-be48-2dafb4e7f409 None None] Loading extension file: dhcpagentscheduler.py {{(pid=102363) _load_all_extensions_from_path /opt/stack/neutron/neutron/api/extensions.py:449}}
Mar 23 17:15:55.245404 np0000160376 devstack@neutron-api.service[102363]: DEBUG neutron.api.extensions [None req-c4871d9c-87c0-4ff1-be48-2dafb4e7f409 None None] Ext name="DHCP Agent Scheduler" alias="dhcp_agent_scheduler" description="Schedule networks among dhcp agents" updated="2013-02-07T10:00:00-00:00" {{(pid=102363) _check_extension /opt/stack/neutron/neutron/api/extensions.py:415}}
Mar 23 17:15:55.245558 np0000160376 devstack@neutron-api.service[102363]: INFO neutron.api.extensions [None req-c4871d9c-87c0-4ff1-be48-2dafb4e7f409 None None] Loaded extension: dhcp_agent_scheduler
Mar 23 17:15:55.245647 np0000160376 devstack@neutron-api.service[102363]: DEBUG neutron.api.extensions [None req-c4871d9c-87c0-4ff1-be48-2dafb4e7f409 None None] Loading extension file: dns.py {{(pid=102363) _load_all_extensions_from_path /opt/stack/neutron/neutron/api/extensions.py:449}}
Mar 23 17:15:55.245863 np0000160376 devstack@neutron-api.service[102363]: DEBUG neutron.api.extensions [None req-c4871d9c-87c0-4ff1-be48-2dafb4e7f409 None None] Ext name="DNS Integration" alias="dns-integration" description="Provides integration with DNS." updated="2015-08-15T18:00:00-00:00" {{(pid=102363) _check_extension /opt/stack/neutron/neutron/api/extensions.py:415}}
Mar 23 17:15:55.246323 np0000160376 devstack@neutron-api.service[102363]: INFO neutron.api.extensions [None req-c4871d9c-87c0-4ff1-be48-2dafb4e7f409 None None] Loaded extension: dns-integration
Mar 23 17:15:55.246323 np0000160376 devstack@neutron-api.service[102363]: DEBUG neutron.api.extensions [None req-c4871d9c-87c0-4ff1-be48-2dafb4e7f409 None None] Loading extension file: dns_domain_ports.py {{(pid=102363) _load_all_extensions_from_path /opt/stack/neutron/neutron/api/extensions.py:449}}
Mar 23 17:15:55.246510 np0000160376 devstack@neutron-api.service[102363]: DEBUG neutron.api.extensions [None req-c4871d9c-87c0-4ff1-be48-2dafb4e7f409 None None] Ext name="dns_domain for ports" alias="dns-domain-ports" description="Allows the DNS domain to be specified for a network port." updated="2017-04-24T10:00:00-00:00" {{(pid=102363) _check_extension /opt/stack/neutron/neutron/api/extensions.py:415}}
Mar 23 17:15:55.246675 np0000160376 devstack@neutron-api.service[102363]: INFO neutron.api.extensions [None req-c4871d9c-87c0-4ff1-be48-2dafb4e7f409 None None] Loaded extension: dns-domain-ports
Mar 23 17:15:55.246763 np0000160376 devstack@neutron-api.service[102363]: DEBUG neutron.api.extensions [None req-c4871d9c-87c0-4ff1-be48-2dafb4e7f409 None None] Loading extension file: dns_integration_domain_keywords.py {{(pid=102363) _load_all_extensions_from_path /opt/stack/neutron/neutron/api/extensions.py:449}}
Mar 23 17:15:55.247038 np0000160376 devstack@neutron-api.service[102363]: DEBUG neutron.api.extensions [None req-c4871d9c-87c0-4ff1-be48-2dafb4e7f409 None None] Ext name="DNS domain names with keywords allowed" alias="dns-integration-domain-keywords" description="Allows to use keywords like , , and as DNS domain name" updated="2020-06-15T18:00:00-00:00" {{(pid=102363) _check_extension /opt/stack/neutron/neutron/api/extensions.py:415}}
Mar 23 17:15:55.247174 np0000160376 devstack@neutron-api.service[102363]: INFO neutron.api.extensions [None req-c4871d9c-87c0-4ff1-be48-2dafb4e7f409 None None] Loaded extension: dns-integration-domain-keywords
Mar 23 17:15:55.247295 np0000160376 devstack@neutron-api.service[102363]: DEBUG neutron.api.extensions [None req-c4871d9c-87c0-4ff1-be48-2dafb4e7f409 None None] Loading extension file: dvr.py {{(pid=102363) _load_all_extensions_from_path /opt/stack/neutron/neutron/api/extensions.py:449}}
Mar 23 17:15:55.247833 np0000160376 devstack@neutron-api.service[102363]: DEBUG neutron.api.extensions [None req-c4871d9c-87c0-4ff1-be48-2dafb4e7f409 None None] Ext name="Distributed Virtual Router" alias="dvr" description="Enables configuration of Distributed Virtual Routers." updated="2014-06-1T10:00:00-00:00" {{(pid=102363) _check_extension /opt/stack/neutron/neutron/api/extensions.py:415}}
Mar 23 17:15:55.247833 np0000160376 devstack@neutron-api.service[102363]: INFO neutron.api.extensions [None req-c4871d9c-87c0-4ff1-be48-2dafb4e7f409 None None] Extension dvr not supported by any of loaded plugins
Mar 23 17:15:55.248210 np0000160376 devstack@neutron-api.service[102363]: DEBUG neutron.api.extensions [None req-c4871d9c-87c0-4ff1-be48-2dafb4e7f409 None None] Loading extension file: ecmp_routes.py {{(pid=102363) _load_all_extensions_from_path /opt/stack/neutron/neutron/api/extensions.py:449}}
Mar 23 17:15:55.248210 np0000160376 devstack@neutron-api.service[102363]: DEBUG neutron.api.extensions [None req-c4871d9c-87c0-4ff1-be48-2dafb4e7f409 None None] Ext name="Equal Cost Multipath Routing" alias="ecmp_routes" description="Allows traffic to reach thesame destination via multiple different links " updated="2020-11-26T18:00:00-00:00" {{(pid=102363) _check_extension /opt/stack/neutron/neutron/api/extensions.py:415}}
Mar 23 17:15:55.248431 np0000160376 devstack@neutron-api.service[102363]: INFO neutron.api.extensions [None req-c4871d9c-87c0-4ff1-be48-2dafb4e7f409 None None] Extension ecmp_routes not supported by any of loaded plugins
Mar 23 17:15:55.248431 np0000160376 devstack@neutron-api.service[102363]: DEBUG neutron.api.extensions [None req-c4871d9c-87c0-4ff1-be48-2dafb4e7f409 None None] Loading extension file: empty_string_filtering.py {{(pid=102363) _load_all_extensions_from_path /opt/stack/neutron/neutron/api/extensions.py:449}}
Mar 23 17:15:55.248634 np0000160376 devstack@neutron-api.service[102363]: DEBUG neutron.api.extensions [None req-c4871d9c-87c0-4ff1-be48-2dafb4e7f409 None None] Ext name="Empty String Filtering Extension" alias="empty-string-filtering" description="Allow filtering by attributes with empty string value" updated="2018-05-01T10:00:00-00:00" {{(pid=102363) _check_extension /opt/stack/neutron/neutron/api/extensions.py:415}}
Mar 23 17:15:55.248815 np0000160376 devstack@neutron-api.service[102363]: INFO neutron.api.extensions [None req-c4871d9c-87c0-4ff1-be48-2dafb4e7f409 None None] Loaded extension: empty-string-filtering
Mar 23 17:15:55.248865 np0000160376 devstack@neutron-api.service[102363]: DEBUG neutron.api.extensions [None req-c4871d9c-87c0-4ff1-be48-2dafb4e7f409 None None] Loading extension file: expose_l3_conntrack_helper.py {{(pid=102363) _load_all_extensions_from_path /opt/stack/neutron/neutron/api/extensions.py:449}}
Mar 23 17:15:55.249107 np0000160376 devstack@neutron-api.service[102363]: DEBUG neutron.api.extensions [None req-c4871d9c-87c0-4ff1-be48-2dafb4e7f409 None None] Ext name="Expose CT target rules for conntrack helper" alias="expose-l3-conntrack-helper" description="Expose allow adding CT target rules for conntrack helper" updated="2019-04-04T10:00:00-00:00" {{(pid=102363) _check_extension /opt/stack/neutron/neutron/api/extensions.py:415}}
Mar 23 17:15:55.249347 np0000160376 devstack@neutron-api.service[102363]: INFO neutron.api.extensions [None req-c4871d9c-87c0-4ff1-be48-2dafb4e7f409 None None] Extension expose-l3-conntrack-helper not supported by any of loaded plugins
Mar 23 17:15:55.249447 np0000160376 devstack@neutron-api.service[102363]: DEBUG neutron.api.extensions [None req-c4871d9c-87c0-4ff1-be48-2dafb4e7f409 None None] Loading extension file: expose_port_forwarding_in_fip.py {{(pid=102363) _load_all_extensions_from_path /opt/stack/neutron/neutron/api/extensions.py:449}}
Mar 23 17:15:55.249850 np0000160376 devstack@neutron-api.service[102363]: DEBUG neutron.api.extensions [None req-c4871d9c-87c0-4ff1-be48-2dafb4e7f409 None None] Ext name="Expose Floating IP port forwardings" alias="expose-port-forwarding-in-fip" description="Expose port forwarding fields in floating IP response" updated="2018-06-28T16:00:00-00:00" {{(pid=102363) _check_extension /opt/stack/neutron/neutron/api/extensions.py:415}}
Mar 23 17:15:55.250032 np0000160376 devstack@neutron-api.service[102363]: INFO neutron.api.extensions [None req-c4871d9c-87c0-4ff1-be48-2dafb4e7f409 None None] Extension expose-port-forwarding-in-fip not supported by any of loaded plugins
Mar 23 17:15:55.250168 np0000160376 devstack@neutron-api.service[102363]: DEBUG neutron.api.extensions [None req-c4871d9c-87c0-4ff1-be48-2dafb4e7f409 None None] Loading extension file: external_net.py {{(pid=102363) _load_all_extensions_from_path /opt/stack/neutron/neutron/api/extensions.py:449}}
Mar 23 17:15:55.250359 np0000160376 devstack@neutron-api.service[102365]: DEBUG neutron_lib.callbacks.manager [None req-d42ac45f-125d-4b28-8c2e-2105a6118f16 None None] Subscribe: > router before_delete 55550000, False {{(pid=102365) subscribe /opt/stack/data/venv/lib/python3.12/site-packages/neutron_lib/callbacks/manager.py:52}}
Mar 23 17:15:55.250400 np0000160376 devstack@neutron-api.service[102363]: DEBUG neutron.api.extensions [None req-c4871d9c-87c0-4ff1-be48-2dafb4e7f409 None None] Ext name="Neutron external network" alias="external-net" description="Adds external network attribute to network resource." updated="2013-01-14T10:00:00-00:00" {{(pid=102363) _check_extension /opt/stack/neutron/neutron/api/extensions.py:415}}
Mar 23 17:15:55.250495 np0000160376 devstack@neutron-api.service[102365]: DEBUG neutron_lib.callbacks.manager [None req-d42ac45f-125d-4b28-8c2e-2105a6118f16 None None] Subscribe: port after_update 55550000, False {{(pid=102365) subscribe /opt/stack/data/venv/lib/python3.12/site-packages/neutron_lib/callbacks/manager.py:52}}
Mar 23 17:15:55.250589 np0000160376 devstack@neutron-api.service[102363]: INFO neutron.api.extensions [None req-c4871d9c-87c0-4ff1-be48-2dafb4e7f409 None None] Loaded extension: external-net
Mar 23 17:15:55.250617 np0000160376 devstack@neutron-api.service[102365]: DEBUG neutron_lib.callbacks.manager [None req-d42ac45f-125d-4b28-8c2e-2105a6118f16 None None] Subscribe: port after_delete 55550000, False {{(pid=102365) subscribe /opt/stack/data/venv/lib/python3.12/site-packages/neutron_lib/callbacks/manager.py:52}}
Mar 23 17:15:55.250651 np0000160376 devstack@neutron-api.service[102363]: DEBUG neutron.api.extensions [None req-c4871d9c-87c0-4ff1-be48-2dafb4e7f409 None None] Loading extension file: extra_dhcp_opt.py {{(pid=102363) _load_all_extensions_from_path /opt/stack/neutron/neutron/api/extensions.py:449}}
Mar 23 17:15:55.250681 np0000160376 devstack@neutron-api.service[102365]: DEBUG neutron_lib.callbacks.manager [None req-d42ac45f-125d-4b28-8c2e-2105a6118f16 None None] Subscribe: subnet after_update 55550000, False {{(pid=102365) subscribe /opt/stack/data/venv/lib/python3.12/site-packages/neutron_lib/callbacks/manager.py:52}}
Mar 23 17:15:55.250769 np0000160376 devstack@neutron-api.service[102365]: DEBUG neutron_lib.callbacks.manager [None req-d42ac45f-125d-4b28-8c2e-2105a6118f16 None None] Subscribe: subnetpool_address_scope after_update 55550000, False {{(pid=102365) subscribe /opt/stack/data/venv/lib/python3.12/site-packages/neutron_lib/callbacks/manager.py:52}}
Mar 23 17:15:55.250874 np0000160376 devstack@neutron-api.service[102363]: DEBUG neutron.api.extensions [None req-c4871d9c-87c0-4ff1-be48-2dafb4e7f409 None None] Ext name="Neutron Extra DHCP options" alias="extra_dhcp_opt" description="Extra options configuration for DHCP. For example PXE boot options to DHCP clients can be specified (e.g. tftp-server, server-ip-address, bootfile-name)" updated="2013-03-17T12:00:00-00:00" {{(pid=102363) _check_extension /opt/stack/neutron/neutron/api/extensions.py:415}}
Mar 23 17:15:55.250907 np0000160376 devstack@neutron-api.service[102365]: DEBUG neutron_lib.callbacks.manager [None req-d42ac45f-125d-4b28-8c2e-2105a6118f16 None None] Subscribe: port before_update 55550000, False {{(pid=102365) subscribe /opt/stack/data/venv/lib/python3.12/site-packages/neutron_lib/callbacks/manager.py:52}}
Mar 23 17:15:55.250971 np0000160376 devstack@neutron-api.service[102365]: DEBUG neutron_lib.callbacks.manager [None req-d42ac45f-125d-4b28-8c2e-2105a6118f16 None None] Subscribe: port after_update 55550000, False {{(pid=102365) subscribe /opt/stack/data/venv/lib/python3.12/site-packages/neutron_lib/callbacks/manager.py:52}}
Mar 23 17:15:55.251016 np0000160376 devstack@neutron-api.service[102363]: INFO neutron.api.extensions [None req-c4871d9c-87c0-4ff1-be48-2dafb4e7f409 None None] Loaded extension: extra_dhcp_opt
Mar 23 17:15:55.251066 np0000160376 devstack@neutron-api.service[102365]: DEBUG neutron_lib.callbacks.manager [None req-d42ac45f-125d-4b28-8c2e-2105a6118f16 None None] Subscribe: > port precommit_delete 55550000, False {{(pid=102365) subscribe /opt/stack/data/venv/lib/python3.12/site-packages/neutron_lib/callbacks/manager.py:52}}
Mar 23 17:15:55.251132 np0000160376 devstack@neutron-api.service[102363]: DEBUG neutron.api.extensions [None req-c4871d9c-87c0-4ff1-be48-2dafb4e7f409 None None] Loading extension file: extraroute.py {{(pid=102363) _load_all_extensions_from_path /opt/stack/neutron/neutron/api/extensions.py:449}}
Mar 23 17:15:55.251161 np0000160376 devstack@neutron-api.service[102365]: DEBUG neutron_lib.callbacks.manager [None req-d42ac45f-125d-4b28-8c2e-2105a6118f16 None None] Subscribe: port before_update 55550000, False {{(pid=102365) subscribe /opt/stack/data/venv/lib/python3.12/site-packages/neutron_lib/callbacks/manager.py:52}}
Mar 23 17:15:55.251294 np0000160376 devstack@neutron-api.service[102365]: DEBUG neutron_lib.callbacks.manager [None req-d42ac45f-125d-4b28-8c2e-2105a6118f16 None None] Subscribe: port before_delete 55550000, False {{(pid=102365) subscribe /opt/stack/data/venv/lib/python3.12/site-packages/neutron_lib/callbacks/manager.py:52}}
Mar 23 17:15:55.251368 np0000160376 devstack@neutron-api.service[102363]: DEBUG neutron.api.extensions [None req-c4871d9c-87c0-4ff1-be48-2dafb4e7f409 None None] Ext name="Neutron Extra Route" alias="extraroute" description="Extra routes configuration for L3 router" updated="2013-02-01T10:00:00-00:00" {{(pid=102363) _check_extension /opt/stack/neutron/neutron/api/extensions.py:415}}
Mar 23 17:15:55.251398 np0000160376 devstack@neutron-api.service[102365]: DEBUG neutron_lib.callbacks.manager [None req-d42ac45f-125d-4b28-8c2e-2105a6118f16 None None] Subscribe: > router precommit_create 55550000, False {{(pid=102365) subscribe /opt/stack/data/venv/lib/python3.12/site-packages/neutron_lib/callbacks/manager.py:52}}
Mar 23 17:15:55.251584 np0000160376 devstack@neutron-api.service[102365]: DEBUG neutron_lib.callbacks.manager [None req-d42ac45f-125d-4b28-8c2e-2105a6118f16 None None] Subscribe: > router precommit_create 55550000, False {{(pid=102365) subscribe /opt/stack/data/venv/lib/python3.12/site-packages/neutron_lib/callbacks/manager.py:52}}
Mar 23 17:15:55.251617 np0000160376 devstack@neutron-api.service[102363]: INFO neutron.api.extensions [None req-c4871d9c-87c0-4ff1-be48-2dafb4e7f409 None None] Loaded extension: extraroute
Mar 23 17:15:55.251617 np0000160376 devstack@neutron-api.service[102363]: DEBUG neutron.api.extensions [None req-c4871d9c-87c0-4ff1-be48-2dafb4e7f409 None None] Loading extension file: extraroute_atomic.py {{(pid=102363) _load_all_extensions_from_path /opt/stack/neutron/neutron/api/extensions.py:449}}
Mar 23 17:15:55.251699 np0000160376 devstack@neutron-api.service[102365]: DEBUG neutron_lib.callbacks.manager [None req-d42ac45f-125d-4b28-8c2e-2105a6118f16 None None] Subscribe: > router precommit_update 55550000, False {{(pid=102365) subscribe /opt/stack/data/venv/lib/python3.12/site-packages/neutron_lib/callbacks/manager.py:52}}
Mar 23 17:15:55.251859 np0000160376 devstack@neutron-api.service[102365]: DEBUG neutron_lib.callbacks.manager [None req-d42ac45f-125d-4b28-8c2e-2105a6118f16 None None] Subscribe: subnet after_update 55550000, False {{(pid=102365) subscribe /opt/stack/data/venv/lib/python3.12/site-packages/neutron_lib/callbacks/manager.py:52}}
Mar 23 17:15:55.251956 np0000160376 devstack@neutron-api.service[102363]: DEBUG neutron.api.extensions [None req-c4871d9c-87c0-4ff1-be48-2dafb4e7f409 None None] Ext name="Atomically add/remove extra routes" alias="extraroute-atomic" description="Edit extra routes of a router on server side by atomically adding/removing extra routes" updated="2019-07-10T00:00:00+00:00" {{(pid=102363) _check_extension /opt/stack/neutron/neutron/api/extensions.py:415}}
Mar 23 17:15:55.252081 np0000160376 devstack@neutron-api.service[102363]: INFO neutron.api.extensions [None req-c4871d9c-87c0-4ff1-be48-2dafb4e7f409 None None] Loaded extension: extraroute-atomic
Mar 23 17:15:55.252141 np0000160376 devstack@neutron-api.service[102363]: DEBUG neutron.api.extensions [None req-c4871d9c-87c0-4ff1-be48-2dafb4e7f409 None None] Loading extension file: filter_validation.py {{(pid=102363) _load_all_extensions_from_path /opt/stack/neutron/neutron/api/extensions.py:449}}
Mar 23 17:15:55.252370 np0000160376 devstack@neutron-api.service[102363]: DEBUG neutron.api.extensions [None req-c4871d9c-87c0-4ff1-be48-2dafb4e7f409 None None] Ext name="Filter parameters validation" alias="filter-validation" description="Provides validation on filter parameters." updated="2018-07-04T10:00:00-00:00" {{(pid=102363) _check_extension /opt/stack/neutron/neutron/api/extensions.py:415}}
Mar 23 17:15:55.252456 np0000160376 devstack@neutron-api.service[102365]: DEBUG neutron.quota.resource_registry [None req-d42ac45f-125d-4b28-8c2e-2105a6118f16 None None] Tracking information for resource: router configured {{(pid=102365) set_tracked_resource /opt/stack/neutron/neutron/quota/resource_registry.py:203}}
Mar 23 17:15:55.252554 np0000160376 devstack@neutron-api.service[102365]: DEBUG neutron.quota.resource_registry [None req-d42ac45f-125d-4b28-8c2e-2105a6118f16 None None] Tracking information for resource: floatingip configured {{(pid=102365) set_tracked_resource /opt/stack/neutron/neutron/quota/resource_registry.py:203}}
Mar 23 17:15:55.252611 np0000160376 devstack@neutron-api.service[102363]: INFO neutron.api.extensions [None req-c4871d9c-87c0-4ff1-be48-2dafb4e7f409 None None] Loaded extension: filter-validation
Mar 23 17:15:55.252674 np0000160376 devstack@neutron-api.service[102365]: INFO neutron.services.ovn_l3.plugin [None req-d42ac45f-125d-4b28-8c2e-2105a6118f16 None None] Starting OVNL3RouterPlugin
Mar 23 17:15:55.252738 np0000160376 devstack@neutron-api.service[102363]: DEBUG neutron.api.extensions [None req-c4871d9c-87c0-4ff1-be48-2dafb4e7f409 None None] Loading extension file: fip_pf_description.py {{(pid=102363) _load_all_extensions_from_path /opt/stack/neutron/neutron/api/extensions.py:449}}
Mar 23 17:15:55.252870 np0000160376 devstack@neutron-api.service[102365]: DEBUG neutron_lib.callbacks.manager [None req-d42ac45f-125d-4b28-8c2e-2105a6118f16 None None] Subscribe: > port_forwarding_plugin after_init 55550000, False {{(pid=102365) subscribe /opt/stack/data/venv/lib/python3.12/site-packages/neutron_lib/callbacks/manager.py:52}}
Mar 23 17:15:55.252939 np0000160376 devstack@neutron-api.service[102363]: DEBUG neutron.api.extensions [None req-c4871d9c-87c0-4ff1-be48-2dafb4e7f409 None None] Ext name="Floating IP Port Forwarding new attribute description" alias="floating-ip-port-forwarding-description" description="Add a description field to Port Forwarding rules" updated="2019-11-01T10:00:00-00:00" {{(pid=102363) _check_extension /opt/stack/neutron/neutron/api/extensions.py:415}}
Mar 23 17:15:55.253034 np0000160376 devstack@neutron-api.service[102365]: DEBUG neutron_lib.callbacks.manager [None req-d42ac45f-125d-4b28-8c2e-2105a6118f16 None None] Subscribe: > router before_create 55550100, False {{(pid=102365) subscribe /opt/stack/data/venv/lib/python3.12/site-packages/neutron_lib/callbacks/manager.py:52}}
Mar 23 17:15:55.253065 np0000160376 devstack@neutron-api.service[102363]: INFO neutron.api.extensions [None req-c4871d9c-87c0-4ff1-be48-2dafb4e7f409 None None] Extension floating-ip-port-forwarding-description not supported by any of loaded plugins
Mar 23 17:15:55.253123 np0000160376 devstack@neutron-api.service[102365]: DEBUG neutron_lib.callbacks.manager [None req-d42ac45f-125d-4b28-8c2e-2105a6118f16 None None] Subscribe: > router precommit_delete 55550100, False {{(pid=102365) subscribe /opt/stack/data/venv/lib/python3.12/site-packages/neutron_lib/callbacks/manager.py:52}}
Mar 23 17:15:55.253149 np0000160376 devstack@neutron-api.service[102363]: DEBUG neutron.api.extensions [None req-c4871d9c-87c0-4ff1-be48-2dafb4e7f409 None None] Loading extension file: fip_pf_detail.py {{(pid=102363) _load_all_extensions_from_path /opt/stack/neutron/neutron/api/extensions.py:449}}
Mar 23 17:15:55.253250 np0000160376 devstack@neutron-api.service[102365]: DEBUG neutron_lib.callbacks.manager [None req-d42ac45f-125d-4b28-8c2e-2105a6118f16 None None] Subscribe: > router precommit_create 55550100, False {{(pid=102365) subscribe /opt/stack/data/venv/lib/python3.12/site-packages/neutron_lib/callbacks/manager.py:52}}
Mar 23 17:15:55.254428 np0000160376 devstack@neutron-api.service[102365]: DEBUG neutron_lib.callbacks.manager [None req-d42ac45f-125d-4b28-8c2e-2105a6118f16 None None] Subscribe: > router precommit_update 55550100, False {{(pid=102365) subscribe /opt/stack/data/venv/lib/python3.12/site-packages/neutron_lib/callbacks/manager.py:52}}
Mar 23 17:15:55.254692 np0000160376 devstack@neutron-api.service[102363]: DEBUG neutron.api.extensions [None req-c4871d9c-87c0-4ff1-be48-2dafb4e7f409 None None] Ext name="Floating IP port forwarding detail" alias="floating-ip-port-forwarding-detail" description="Allow list floating ip return more port forwarding data, include'id' and 'internal_port_id'" updated="2022-05-06T10:00:00-00:00" {{(pid=102363) _check_extension /opt/stack/neutron/neutron/api/extensions.py:415}}
Mar 23 17:15:55.254692 np0000160376 devstack@neutron-api.service[102363]: INFO neutron.api.extensions [None req-c4871d9c-87c0-4ff1-be48-2dafb4e7f409 None None] Loaded extension: floating-ip-port-forwarding-detail
Mar 23 17:15:55.254692 np0000160376 devstack@neutron-api.service[102363]: DEBUG neutron.api.extensions [None req-c4871d9c-87c0-4ff1-be48-2dafb4e7f409 None None] Loading extension file: fip_pf_port_range.py {{(pid=102363) _load_all_extensions_from_path /opt/stack/neutron/neutron/api/extensions.py:449}}
