Apr 22 02:44:07.394216 np0000169028 neutron-periodic-workers[106154]: DEBUG cotyledon.oslo_config_glue [-] ml2.path_mtu = 0 {{(pid=106154) log_opt_values /opt/stack/data/venv/lib/python3.12/site-packages/oslo_config/cfg.py:3006}}
Apr 22 02:44:07.394258 np0000169028 neutron-periodic-workers[106154]: DEBUG cotyledon.oslo_config_glue [-] ml2.physical_network_mtus = {} {{(pid=106154) log_opt_values /opt/stack/data/venv/lib/python3.12/site-packages/oslo_config/cfg.py:3006}}
Apr 22 02:44:07.394303 np0000169028 neutron-periodic-workers[106154]: DEBUG cotyledon.oslo_config_glue [-] ml2.project_network_types = ['geneve'] {{(pid=106154) log_opt_values /opt/stack/data/venv/lib/python3.12/site-packages/oslo_config/cfg.py:3006}}
Apr 22 02:44:07.394340 np0000169028 neutron-periodic-workers[106154]: DEBUG cotyledon.oslo_config_glue [-] ml2.tunnelled_network_rp_name = rp_tunnelled {{(pid=106154) log_opt_values /opt/stack/data/venv/lib/python3.12/site-packages/oslo_config/cfg.py:3006}}
Apr 22 02:44:07.394387 np0000169028 neutron-periodic-workers[106154]: DEBUG cotyledon.oslo_config_glue [-] ml2.type_drivers = ['local', 'flat', 'vlan', 'geneve'] {{(pid=106154) log_opt_values /opt/stack/data/venv/lib/python3.12/site-packages/oslo_config/cfg.py:3006}}
Apr 22 02:44:07.394460 np0000169028 neutron-periodic-workers[106154]: DEBUG cotyledon.oslo_config_glue [-] ml2_type_flat.flat_networks = ['public'] {{(pid=106154) log_opt_values /opt/stack/data/venv/lib/python3.12/site-packages/oslo_config/cfg.py:3006}}
Apr 22 02:44:07.394556 np0000169028 neutron-periodic-workers[106154]: DEBUG cotyledon.oslo_config_glue [-] ml2_type_geneve.max_header_size = 38 {{(pid=106154) log_opt_values /opt/stack/data/venv/lib/python3.12/site-packages/oslo_config/cfg.py:3006}}
Apr 22 02:44:07.394611 np0000169028 neutron-periodic-workers[106154]: DEBUG cotyledon.oslo_config_glue [-] ml2_type_geneve.vni_ranges = ['1:65536'] {{(pid=106154) log_opt_values /opt/stack/data/venv/lib/python3.12/site-packages/oslo_config/cfg.py:3006}}
Apr 22 02:44:07.394664 np0000169028 neutron-periodic-workers[106154]: DEBUG cotyledon.oslo_config_glue [-] ml2_type_vlan.network_vlan_ranges = ['public'] {{(pid=106154) log_opt_values /opt/stack/data/venv/lib/python3.12/site-packages/oslo_config/cfg.py:3006}}
Apr 22 02:44:07.394731 np0000169028 neutron-periodic-workers[106154]: DEBUG cotyledon.oslo_config_glue [-] network_log.burst_limit = 25 {{(pid=106154) log_opt_values /opt/stack/data/venv/lib/python3.12/site-packages/oslo_config/cfg.py:3006}}
Apr 22 02:44:07.394779 np0000169028 neutron-periodic-workers[106154]: DEBUG cotyledon.oslo_config_glue [-] network_log.local_output_log_base = None {{(pid=106154) log_opt_values /opt/stack/data/venv/lib/python3.12/site-packages/oslo_config/cfg.py:3006}}
Apr 22 02:44:07.394839 np0000169028 neutron-periodic-workers[106154]: DEBUG cotyledon.oslo_config_glue [-] network_log.rate_limit = 100 {{(pid=106154) log_opt_values /opt/stack/data/venv/lib/python3.12/site-packages/oslo_config/cfg.py:3006}}
Apr 22 02:44:07.394922 np0000169028 neutron-periodic-workers[106154]: DEBUG cotyledon.oslo_config_glue [-] database.asyncio_connection = **** {{(pid=106154) log_opt_values /opt/stack/data/venv/lib/python3.12/site-packages/oslo_config/cfg.py:3006}}
Apr 22 02:44:07.394971 np0000169028 neutron-periodic-workers[106154]: DEBUG cotyledon.oslo_config_glue [-] database.asyncio_slave_connection = **** {{(pid=106154) log_opt_values /opt/stack/data/venv/lib/python3.12/site-packages/oslo_config/cfg.py:3006}}
Apr 22 02:44:07.395017 np0000169028 neutron-periodic-workers[106154]: DEBUG cotyledon.oslo_config_glue [-] database.backend = sqlalchemy {{(pid=106154) log_opt_values /opt/stack/data/venv/lib/python3.12/site-packages/oslo_config/cfg.py:3006}}
Apr 22 02:44:07.395067 np0000169028 neutron-periodic-workers[106154]: DEBUG cotyledon.oslo_config_glue [-] database.connection = **** {{(pid=106154) log_opt_values /opt/stack/data/venv/lib/python3.12/site-packages/oslo_config/cfg.py:3006}}
Apr 22 02:44:07.395115 np0000169028 neutron-periodic-workers[106154]: DEBUG cotyledon.oslo_config_glue [-] database.connection_debug = 0 {{(pid=106154) log_opt_values /opt/stack/data/venv/lib/python3.12/site-packages/oslo_config/cfg.py:3006}}
Apr 22 02:44:07.395187 np0000169028 neutron-periodic-workers[106154]: DEBUG cotyledon.oslo_config_glue [-] database.connection_parameters = {{(pid=106154) log_opt_values /opt/stack/data/venv/lib/python3.12/site-packages/oslo_config/cfg.py:3006}}
Apr 22 02:44:07.395243 np0000169028 neutron-periodic-workers[106154]: DEBUG cotyledon.oslo_config_glue [-] database.connection_recycle_time = 3600 {{(pid=106154) log_opt_values /opt/stack/data/venv/lib/python3.12/site-packages/oslo_config/cfg.py:3006}}
Apr 22 02:44:07.395275 np0000169028 neutron-periodic-workers[106154]: DEBUG cotyledon.oslo_config_glue [-] database.connection_trace = False {{(pid=106154) log_opt_values /opt/stack/data/venv/lib/python3.12/site-packages/oslo_config/cfg.py:3006}}
Apr 22 02:44:07.395321 np0000169028 neutron-periodic-workers[106154]: DEBUG cotyledon.oslo_config_glue [-] database.db_inc_retry_interval = True {{(pid=106154) log_opt_values /opt/stack/data/venv/lib/python3.12/site-packages/oslo_config/cfg.py:3006}}
Apr 22 02:44:07.395361 np0000169028 neutron-periodic-workers[106154]: DEBUG cotyledon.oslo_config_glue [-] database.db_max_retries = 20 {{(pid=106154) log_opt_values /opt/stack/data/venv/lib/python3.12/site-packages/oslo_config/cfg.py:3006}}
Apr 22 02:44:07.395392 np0000169028 neutron-periodic-workers[106154]: DEBUG cotyledon.oslo_config_glue [-] database.db_max_retry_interval = 10 {{(pid=106154) log_opt_values /opt/stack/data/venv/lib/python3.12/site-packages/oslo_config/cfg.py:3006}}
Apr 22 02:44:07.395440 np0000169028 neutron-periodic-workers[106154]: DEBUG cotyledon.oslo_config_glue [-] database.db_retry_interval = 1 {{(pid=106154) log_opt_values /opt/stack/data/venv/lib/python3.12/site-packages/oslo_config/cfg.py:3006}}
Apr 22 02:44:07.395476 np0000169028 neutron-periodic-workers[106154]: DEBUG cotyledon.oslo_config_glue [-] database.max_overflow = 50 {{(pid=106154) log_opt_values /opt/stack/data/venv/lib/python3.12/site-packages/oslo_config/cfg.py:3006}}
Apr 22 02:44:07.395506 np0000169028 neutron-periodic-workers[106154]: DEBUG cotyledon.oslo_config_glue [-] database.max_pool_size = 5 {{(pid=106154) log_opt_values /opt/stack/data/venv/lib/python3.12/site-packages/oslo_config/cfg.py:3006}}
Apr 22 02:44:07.395554 np0000169028 neutron-periodic-workers[106154]: DEBUG cotyledon.oslo_config_glue [-] database.max_retries = 10 {{(pid=106154) log_opt_values /opt/stack/data/venv/lib/python3.12/site-packages/oslo_config/cfg.py:3006}}
Apr 22 02:44:07.395602 np0000169028 neutron-periodic-workers[106154]: DEBUG cotyledon.oslo_config_glue [-] database.mysql_sql_mode = TRADITIONAL {{(pid=106154) log_opt_values /opt/stack/data/venv/lib/python3.12/site-packages/oslo_config/cfg.py:3006}}
Apr 22 02:44:07.395652 np0000169028 neutron-periodic-workers[106154]: DEBUG cotyledon.oslo_config_glue [-] database.mysql_wsrep_sync_wait = None {{(pid=106154) log_opt_values /opt/stack/data/venv/lib/python3.12/site-packages/oslo_config/cfg.py:3006}}
Apr 22 02:44:07.395683 np0000169028 neutron-periodic-workers[106154]: DEBUG cotyledon.oslo_config_glue [-] database.pool_timeout = None {{(pid=106154) log_opt_values /opt/stack/data/venv/lib/python3.12/site-packages/oslo_config/cfg.py:3006}}
Apr 22 02:44:07.395728 np0000169028 neutron-periodic-workers[106154]: DEBUG cotyledon.oslo_config_glue [-] database.retry_interval = 10 {{(pid=106154) log_opt_values /opt/stack/data/venv/lib/python3.12/site-packages/oslo_config/cfg.py:3006}}
Apr 22 02:44:07.395758 np0000169028 neutron-periodic-workers[106154]: DEBUG cotyledon.oslo_config_glue [-] database.slave_connection = **** {{(pid=106154) log_opt_values /opt/stack/data/venv/lib/python3.12/site-packages/oslo_config/cfg.py:3006}}
Apr 22 02:44:07.395819 np0000169028 neutron-periodic-workers[106154]: DEBUG cotyledon.oslo_config_glue [-] database.sqlite_synchronous = True {{(pid=106154) log_opt_values /opt/stack/data/venv/lib/python3.12/site-packages/oslo_config/cfg.py:3006}}
Apr 22 02:44:07.395884 np0000169028 neutron-periodic-workers[106154]: DEBUG cotyledon.oslo_config_glue [-] database.synchronous_reader = True {{(pid=106154) log_opt_values /opt/stack/data/venv/lib/python3.12/site-packages/oslo_config/cfg.py:3006}}
Apr 22 02:44:07.395915 np0000169028 neutron-periodic-workers[106154]: DEBUG cotyledon.oslo_config_glue [-] database.use_db_reconnect = False {{(pid=106154) log_opt_values /opt/stack/data/venv/lib/python3.12/site-packages/oslo_config/cfg.py:3006}}
Apr 22 02:44:07.395997 np0000169028 neutron-periodic-workers[106154]: DEBUG cotyledon.oslo_config_glue [-] ovn.bfd_min_rx = 1000 {{(pid=106154) log_opt_values /opt/stack/data/venv/lib/python3.12/site-packages/oslo_config/cfg.py:3006}}
Apr 22 02:44:07.396045 np0000169028 neutron-periodic-workers[106154]: DEBUG cotyledon.oslo_config_glue [-] ovn.bfd_min_tx = 100 {{(pid=106154) log_opt_values /opt/stack/data/venv/lib/python3.12/site-packages/oslo_config/cfg.py:3006}}
Apr 22 02:44:07.396073 np0000169028 neutron-periodic-workers[106154]: DEBUG cotyledon.oslo_config_glue [-] ovn.bfd_mult = 3 {{(pid=106154) log_opt_values /opt/stack/data/venv/lib/python3.12/site-packages/oslo_config/cfg.py:3006}}
Apr 22 02:44:07.396231 np0000169028 neutron-periodic-workers[106154]: DEBUG cotyledon.oslo_config_glue [-] ovn.broadcast_arps_to_all_routers = True {{(pid=106154) log_opt_values /opt/stack/data/venv/lib/python3.12/site-packages/oslo_config/cfg.py:3006}}
Apr 22 02:44:07.396287 np0000169028 neutron-periodic-workers[106154]: DEBUG cotyledon.oslo_config_glue [-] ovn.dhcp_default_lease_time = 43200 {{(pid=106154) log_opt_values /opt/stack/data/venv/lib/python3.12/site-packages/oslo_config/cfg.py:3006}}
Apr 22 02:44:07.396325 np0000169028 neutron-periodic-workers[106154]: DEBUG cotyledon.oslo_config_glue [-] ovn.disable_ovn_dhcp_for_baremetal_ports = False {{(pid=106154) log_opt_values /opt/stack/data/venv/lib/python3.12/site-packages/oslo_config/cfg.py:3006}}
Apr 22 02:44:07.396354 np0000169028 neutron-periodic-workers[106154]: DEBUG cotyledon.oslo_config_glue [-] ovn.dns_records_ovn_owned = False {{(pid=106154) log_opt_values /opt/stack/data/venv/lib/python3.12/site-packages/oslo_config/cfg.py:3006}}
Apr 22 02:44:07.396410 np0000169028 neutron-periodic-workers[106154]: DEBUG cotyledon.oslo_config_glue [-] ovn.dns_servers = [] {{(pid=106154) log_opt_values /opt/stack/data/venv/lib/python3.12/site-packages/oslo_config/cfg.py:3006}}
Apr 22 02:44:07.396439 np0000169028 neutron-periodic-workers[106154]: DEBUG cotyledon.oslo_config_glue [-] ovn.enable_distributed_floating_ip = False {{(pid=106154) log_opt_values /opt/stack/data/venv/lib/python3.12/site-packages/oslo_config/cfg.py:3006}}
Apr 22 02:44:07.396489 np0000169028 neutron-periodic-workers[106154]: DEBUG cotyledon.oslo_config_glue [-] ovn.fdb_age_threshold = 300 {{(pid=106154) log_opt_values /opt/stack/data/venv/lib/python3.12/site-packages/oslo_config/cfg.py:3006}}
Apr 22 02:44:07.396535 np0000169028 neutron-periodic-workers[106154]: DEBUG cotyledon.oslo_config_glue [-] ovn.ha_failover_strategy = normal {{(pid=106154) log_opt_values /opt/stack/data/venv/lib/python3.12/site-packages/oslo_config/cfg.py:3006}}
Apr 22 02:44:07.396565 np0000169028 neutron-periodic-workers[106154]: DEBUG cotyledon.oslo_config_glue [-] ovn.live_migration_activation_strategy = rarp {{(pid=106154) log_opt_values /opt/stack/data/venv/lib/python3.12/site-packages/oslo_config/cfg.py:3006}}
Apr 22 02:44:07.396609 np0000169028 neutron-periodic-workers[106154]: DEBUG cotyledon.oslo_config_glue [-] ovn.localnet_learn_fdb = False {{(pid=106154) log_opt_values /opt/stack/data/venv/lib/python3.12/site-packages/oslo_config/cfg.py:3006}}
Apr 22 02:44:07.396647 np0000169028 neutron-periodic-workers[106154]: DEBUG cotyledon.oslo_config_glue [-] ovn.mac_binding_age_threshold = 300 {{(pid=106154) log_opt_values /opt/stack/data/venv/lib/python3.12/site-packages/oslo_config/cfg.py:3006}}
Apr 22 02:44:07.396694 np0000169028 neutron-periodic-workers[106154]: DEBUG cotyledon.oslo_config_glue [-] ovn.neutron_sync_mode = log {{(pid=106154) log_opt_values /opt/stack/data/venv/lib/python3.12/site-packages/oslo_config/cfg.py:3006}}
Apr 22 02:44:07.396735 np0000169028 neutron-periodic-workers[106154]: DEBUG cotyledon.oslo_config_glue [-] ovn.ovn_dhcp4_global_options = {} {{(pid=106154) log_opt_values /opt/stack/data/venv/lib/python3.12/site-packages/oslo_config/cfg.py:3006}}
Apr 22 02:44:07.396765 np0000169028 neutron-periodic-workers[106154]: DEBUG cotyledon.oslo_config_glue [-] ovn.ovn_dhcp6_global_options = {} {{(pid=106154) log_opt_values /opt/stack/data/venv/lib/python3.12/site-packages/oslo_config/cfg.py:3006}}
Apr 22 02:44:07.396820 np0000169028 neutron-periodic-workers[106154]: DEBUG cotyledon.oslo_config_glue [-] ovn.ovn_l3_scheduler = leastloaded {{(pid=106154) log_opt_values /opt/stack/data/venv/lib/python3.12/site-packages/oslo_config/cfg.py:3006}}
Apr 22 02:44:07.396887 np0000169028 neutron-periodic-workers[106154]: DEBUG cotyledon.oslo_config_glue [-] ovn.ovn_metadata_enabled = True {{(pid=106154) log_opt_values /opt/stack/data/venv/lib/python3.12/site-packages/oslo_config/cfg.py:3006}}
Apr 22 02:44:07.396940 np0000169028 neutron-periodic-workers[106154]: DEBUG cotyledon.oslo_config_glue [-] ovn.ovn_nb_ca_cert = /opt/stack/data/CA/int-ca/ca-chain.pem {{(pid=106154) log_opt_values /opt/stack/data/venv/lib/python3.12/site-packages/oslo_config/cfg.py:3006}}
Apr 22 02:44:07.396989 np0000169028 neutron-periodic-workers[106154]: DEBUG cotyledon.oslo_config_glue [-] ovn.ovn_nb_certificate = /opt/stack/data/CA/int-ca/devstack-cert.crt {{(pid=106154) log_opt_values /opt/stack/data/venv/lib/python3.12/site-packages/oslo_config/cfg.py:3006}}
Apr 22 02:44:07.397030 np0000169028 neutron-periodic-workers[106154]: DEBUG cotyledon.oslo_config_glue [-] ovn.ovn_nb_connection = ['ssl:199.19.213.241:6641'] {{(pid=106154) log_opt_values /opt/stack/data/venv/lib/python3.12/site-packages/oslo_config/cfg.py:3006}}
Apr 22 02:44:07.397072 np0000169028 neutron-periodic-workers[106154]: DEBUG cotyledon.oslo_config_glue [-] ovn.ovn_nb_private_key = /opt/stack/data/CA/int-ca/private/devstack-cert.key {{(pid=106154) log_opt_values /opt/stack/data/venv/lib/python3.12/site-packages/oslo_config/cfg.py:3006}}
Apr 22 02:44:07.397102 np0000169028 neutron-periodic-workers[106154]: DEBUG cotyledon.oslo_config_glue [-] ovn.ovn_router_indirect_snat = False {{(pid=106154) log_opt_values /opt/stack/data/venv/lib/python3.12/site-packages/oslo_config/cfg.py:3006}}
Apr 22 02:44:07.397144 np0000169028 neutron-periodic-workers[106154]: DEBUG cotyledon.oslo_config_glue [-] ovn.ovn_sb_ca_cert = /opt/stack/data/CA/int-ca/ca-chain.pem {{(pid=106154) log_opt_values /opt/stack/data/venv/lib/python3.12/site-packages/oslo_config/cfg.py:3006}}
Apr 22 02:44:07.397175 np0000169028 neutron-periodic-workers[106154]: DEBUG cotyledon.oslo_config_glue [-] ovn.ovn_sb_certificate = /opt/stack/data/CA/int-ca/devstack-cert.crt {{(pid=106154) log_opt_values /opt/stack/data/venv/lib/python3.12/site-packages/oslo_config/cfg.py:3006}}
Apr 22 02:44:07.397252 np0000169028 neutron-periodic-workers[106154]: DEBUG cotyledon.oslo_config_glue [-] ovn.ovn_sb_connection = ['ssl:199.19.213.241:6642'] {{(pid=106154) log_opt_values /opt/stack/data/venv/lib/python3.12/site-packages/oslo_config/cfg.py:3006}}
Apr 22 02:44:07.397301 np0000169028 neutron-periodic-workers[106154]: DEBUG cotyledon.oslo_config_glue [-] ovn.ovn_sb_private_key = /opt/stack/data/CA/int-ca/private/devstack-cert.key {{(pid=106154) log_opt_values /opt/stack/data/venv/lib/python3.12/site-packages/oslo_config/cfg.py:3006}}
Apr 22 02:44:07.397331 np0000169028 neutron-periodic-workers[106154]: DEBUG cotyledon.oslo_config_glue [-] ovn.ovs_create_tap = False {{(pid=106154) log_opt_values /opt/stack/data/venv/lib/python3.12/site-packages/oslo_config/cfg.py:3006}}
Apr 22 02:44:07.397379 np0000169028 neutron-periodic-workers[106154]: DEBUG cotyledon.oslo_config_glue [-] ovn.ovsdb_connection_timeout = 180 {{(pid=106154) log_opt_values /opt/stack/data/venv/lib/python3.12/site-packages/oslo_config/cfg.py:3006}}
Apr 22 02:44:07.397418 np0000169028 neutron-periodic-workers[106154]: DEBUG cotyledon.oslo_config_glue [-] ovn.ovsdb_log_level = INFO {{(pid=106154) log_opt_values /opt/stack/data/venv/lib/python3.12/site-packages/oslo_config/cfg.py:3006}}
Apr 22 02:44:07.397462 np0000169028 neutron-periodic-workers[106154]: DEBUG cotyledon.oslo_config_glue [-] ovn.ovsdb_probe_interval = 60000 {{(pid=106154) log_opt_values /opt/stack/data/venv/lib/python3.12/site-packages/oslo_config/cfg.py:3006}}
Apr 22 02:44:07.397492 np0000169028 neutron-periodic-workers[106154]: DEBUG cotyledon.oslo_config_glue [-] ovn.ovsdb_retry_max_interval = 180 {{(pid=106154) log_opt_values /opt/stack/data/venv/lib/python3.12/site-packages/oslo_config/cfg.py:3006}}
Apr 22 02:44:07.397540 np0000169028 neutron-periodic-workers[106154]: DEBUG cotyledon.oslo_config_glue [-] ovn.stateless_nat_enabled = False {{(pid=106154) log_opt_values /opt/stack/data/venv/lib/python3.12/site-packages/oslo_config/cfg.py:3006}}
Apr 22 02:44:07.397587 np0000169028 neutron-periodic-workers[106154]: DEBUG cotyledon.oslo_config_glue [-] ovn.vhost_sock_dir = /var/run/openvswitch {{(pid=106154) log_opt_values /opt/stack/data/venv/lib/python3.12/site-packages/oslo_config/cfg.py:3006}}
Apr 22 02:44:07.397646 np0000169028 neutron-periodic-workers[106154]: DEBUG cotyledon.oslo_config_glue [-] OVS.bridge_mac_table_size = 50000 {{(pid=106154) log_opt_values /opt/stack/data/venv/lib/python3.12/site-packages/oslo_config/cfg.py:3006}}
Apr 22 02:44:07.397694 np0000169028 neutron-periodic-workers[106154]: DEBUG cotyledon.oslo_config_glue [-] OVS.igmp_flood = False {{(pid=106154) log_opt_values /opt/stack/data/venv/lib/python3.12/site-packages/oslo_config/cfg.py:3006}}
Apr 22 02:44:07.397740 np0000169028 neutron-periodic-workers[106154]: DEBUG cotyledon.oslo_config_glue [-] OVS.igmp_flood_reports = True {{(pid=106154) log_opt_values /opt/stack/data/venv/lib/python3.12/site-packages/oslo_config/cfg.py:3006}}
Apr 22 02:44:07.397787 np0000169028 neutron-periodic-workers[106154]: DEBUG cotyledon.oslo_config_glue [-] OVS.igmp_flood_unregistered = False {{(pid=106154) log_opt_values /opt/stack/data/venv/lib/python3.12/site-packages/oslo_config/cfg.py:3006}}
Apr 22 02:44:07.397839 np0000169028 neutron-periodic-workers[106154]: DEBUG cotyledon.oslo_config_glue [-] OVS.igmp_snooping_enable = False {{(pid=106154) log_opt_values /opt/stack/data/venv/lib/python3.12/site-packages/oslo_config/cfg.py:3006}}
Apr 22 02:44:07.397892 np0000169028 neutron-periodic-workers[106154]: DEBUG cotyledon.oslo_config_glue [-] OVS.ovsdb_timeout = 10 {{(pid=106154) log_opt_values /opt/stack/data/venv/lib/python3.12/site-packages/oslo_config/cfg.py:3006}}
Apr 22 02:44:07.397946 np0000169028 neutron-periodic-workers[106154]: DEBUG cotyledon.oslo_config_glue [-] ovn_nb_global.fdb_removal_limit = 0 {{(pid=106154) log_opt_values /opt/stack/data/venv/lib/python3.12/site-packages/oslo_config/cfg.py:3006}}
Apr 22 02:44:07.397980 np0000169028 neutron-periodic-workers[106154]: DEBUG cotyledon.oslo_config_glue [-] ovn_nb_global.ignore_lsp_down = False {{(pid=106154) log_opt_values /opt/stack/data/venv/lib/python3.12/site-packages/oslo_config/cfg.py:3006}}
Apr 22 02:44:07.398021 np0000169028 neutron-periodic-workers[106154]: DEBUG cotyledon.oslo_config_glue [-] ovn_nb_global.mac_binding_removal_limit = 0 {{(pid=106154) log_opt_values /opt/stack/data/venv/lib/python3.12/site-packages/oslo_config/cfg.py:3006}}
Apr 22 02:44:07.398051 np0000169028 neutron-periodic-workers[106154]: DEBUG cotyledon.oslo_config_glue [-] ******************************************************************************** {{(pid=106154) log_opt_values /opt/stack/data/venv/lib/python3.12/site-packages/oslo_config/cfg.py:3013}}
Apr 22 02:44:07.398286 np0000169028 neutron-periodic-workers[106154]: DEBUG cotyledon._service_worker [-] Run service ServiceWrapper(0) [106154] {{(pid=106154) wait_forever /opt/stack/data/venv/lib/python3.12/site-packages/cotyledon/_service_worker.py:218}}
Apr 22 02:44:17.021392 np0000169028 neutron-periodic-workers[105271]: DEBUG dbcounter [-] [105271] Writing DB stats neutron:SELECT=4 {{(pid=105271) stat_writer /opt/stack/data/venv/lib/python3.12/site-packages/dbcounter.py:115}}
Apr 22 02:44:49.350181 np0000169028 neutron-periodic-workers[106129]: DEBUG oslo_db.sqlalchemy.engines [None req-7b8f0e0d-4c01-464a-9c89-182ef73110b0 None None] Parent process 105271 forked (106129) with an open database connection, which is being discarded and recreated. {{(pid=106129) checkout /opt/stack/data/venv/lib/python3.12/site-packages/oslo_db/sqlalchemy/engines.py:402}}
Apr 22 02:44:49.358589 np0000169028 neutron-periodic-workers[106129]: DEBUG dbcounter [-] [106129] Writer thread running {{(pid=106129) stat_writer /opt/stack/data/venv/lib/python3.12/site-packages/dbcounter.py:102}}
Apr 22 02:44:49.366801 np0000169028 neutron-periodic-workers[106129]: DEBUG oslo.service.backend._threading.loopingcall [None req-7b8f0e0d-4c01-464a-9c89-182ef73110b0 None None] Fixed interval looping call 'neutron.plugins.ml2.plugin.DhcpAgentSchedulerDbMixin.remove_networks_from_down_agents' sleeping for 36.98 seconds {{(pid=106129) _run_loop /opt/stack/data/venv/lib/python3.12/site-packages/oslo_service/backend/_threading/loopingcall.py:125}}
Apr 22 02:44:49.384567 np0000169028 neutron-periodic-workers[106138]: DEBUG dbcounter [-] [106138] Writer thread running {{(pid=106138) stat_writer /opt/stack/data/venv/lib/python3.12/site-packages/dbcounter.py:102}}
Apr 22 02:44:49.395546 np0000169028 neutron-periodic-workers[106138]: DEBUG neutron.db.agents_db [None req-ab3a88fa-2983-4ad9-8e4a-037a6457ff04 None None] Agent healthcheck: found 0 active agents {{(pid=106138) agent_health_check /opt/stack/neutron/neutron/db/agents_db.py:317}}
Apr 22 02:44:49.395546 np0000169028 neutron-periodic-workers[106138]: DEBUG oslo.service.backend._threading.loopingcall [None req-ab3a88fa-2983-4ad9-8e4a-037a6457ff04 None None] Fixed interval looping call 'neutron.plugins.ml2.plugin.AgentDbMixin.agent_health_check' sleeping for 36.98 seconds {{(pid=106138) _run_loop /opt/stack/data/venv/lib/python3.12/site-packages/oslo_service/backend/_threading/loopingcall.py:125}}
Apr 22 02:44:59.365989 np0000169028 neutron-periodic-workers[106129]: DEBUG dbcounter [-] [106129] Writing DB stats neutron:SELECT=3 {{(pid=106129) stat_writer /opt/stack/data/venv/lib/python3.12/site-packages/dbcounter.py:115}}
Apr 22 02:44:59.385241 np0000169028 neutron-periodic-workers[106138]: DEBUG dbcounter [-] [106138] Writing DB stats neutron:SELECT=1 {{(pid=106138) stat_writer /opt/stack/data/venv/lib/python3.12/site-packages/dbcounter.py:115}}
Apr 22 02:45:26.357858 np0000169028 neutron-periodic-workers[106129]: DEBUG oslo.service.backend._threading.loopingcall [None req-7b8f0e0d-4c01-464a-9c89-182ef73110b0 None None] Fixed interval looping call 'neutron.plugins.ml2.plugin.DhcpAgentSchedulerDbMixin.remove_networks_from_down_agents' sleeping for 36.99 seconds {{(pid=106129) _run_loop /opt/stack/data/venv/lib/python3.12/site-packages/oslo_service/backend/_threading/loopingcall.py:125}}
Apr 22 02:45:26.379591 np0000169028 neutron-periodic-workers[106138]: DEBUG neutron.db.agents_db [None req-ab3a88fa-2983-4ad9-8e4a-037a6457ff04 None None] Agent healthcheck: found 0 active agents {{(pid=106138) agent_health_check /opt/stack/neutron/neutron/db/agents_db.py:317}}
Apr 22 02:45:26.380086 np0000169028 neutron-periodic-workers[106138]: DEBUG oslo.service.backend._threading.loopingcall [None req-ab3a88fa-2983-4ad9-8e4a-037a6457ff04 None None] Fixed interval looping call 'neutron.plugins.ml2.plugin.AgentDbMixin.agent_health_check' sleeping for 36.99 seconds {{(pid=106138) _run_loop /opt/stack/data/venv/lib/python3.12/site-packages/oslo_service/backend/_threading/loopingcall.py:125}}
Apr 22 02:45:36.356686 np0000169028 neutron-periodic-workers[106129]: DEBUG dbcounter [-] [106129] Writing DB stats neutron:SELECT=3 {{(pid=106129) stat_writer /opt/stack/data/venv/lib/python3.12/site-packages/dbcounter.py:115}}
Apr 22 02:45:36.376919 np0000169028 neutron-periodic-workers[106138]: DEBUG dbcounter [-] [106138] Writing DB stats neutron:SELECT=1 {{(pid=106138) stat_writer /opt/stack/data/venv/lib/python3.12/site-packages/dbcounter.py:115}}
Apr 22 02:46:03.357734 np0000169028 neutron-periodic-workers[106129]: DEBUG oslo.service.backend._threading.loopingcall [None req-7b8f0e0d-4c01-464a-9c89-182ef73110b0 None None] Fixed interval looping call 'neutron.plugins.ml2.plugin.DhcpAgentSchedulerDbMixin.remove_networks_from_down_agents' sleeping for 36.99 seconds {{(pid=106129) _run_loop /opt/stack/data/venv/lib/python3.12/site-packages/oslo_service/backend/_threading/loopingcall.py:125}}
Apr 22 02:46:03.374167 np0000169028 neutron-periodic-workers[106138]: DEBUG neutron.db.agents_db [None req-ab3a88fa-2983-4ad9-8e4a-037a6457ff04 None None] Agent healthcheck: found 0 active agents {{(pid=106138) agent_health_check /opt/stack/neutron/neutron/db/agents_db.py:317}}
Apr 22 02:46:03.374473 np0000169028 neutron-periodic-workers[106138]: DEBUG oslo.service.backend._threading.loopingcall [None req-ab3a88fa-2983-4ad9-8e4a-037a6457ff04 None None] Fixed interval looping call 'neutron.plugins.ml2.plugin.AgentDbMixin.agent_health_check' sleeping for 37.00 seconds {{(pid=106138) _run_loop /opt/stack/data/venv/lib/python3.12/site-packages/oslo_service/backend/_threading/loopingcall.py:125}}
Apr 22 02:46:07.404596 np0000169028 neutron-periodic-workers[106143]: DEBUG dbcounter [-] [106143] Writer thread running {{(pid=106143) stat_writer /opt/stack/data/venv/lib/python3.12/site-packages/dbcounter.py:102}}
Apr 22 02:46:07.406856 np0000169028 neutron-periodic-workers[106143]: DEBUG oslo.service.backend._threading.loopingcall [None req-0bf40505-6259-4c3b-ae57-cea8af62137b None None] Fixed interval looping call 'neutron.db.quota.driver_nolock.DbQuotaNoLockDriver._remove_expired_reservations' sleeping for 119.98 seconds {{(pid=106143) _run_loop /opt/stack/data/venv/lib/python3.12/site-packages/oslo_service/backend/_threading/loopingcall.py:125}}
Apr 22 02:46:13.363463 np0000169028 neutron-periodic-workers[106129]: DEBUG dbcounter [-] [106129] Writing DB stats neutron:SELECT=3 {{(pid=106129) stat_writer /opt/stack/data/venv/lib/python3.12/site-packages/dbcounter.py:115}}
Apr 22 02:46:13.373816 np0000169028 neutron-periodic-workers[106138]: DEBUG dbcounter [-] [106138] Writing DB stats neutron:SELECT=1 {{(pid=106138) stat_writer /opt/stack/data/venv/lib/python3.12/site-packages/dbcounter.py:115}}
Apr 22 02:46:17.406390 np0000169028 neutron-periodic-workers[106143]: DEBUG dbcounter [-] [106143] Writing DB stats neutron:DELETE=1 {{(pid=106143) stat_writer /opt/stack/data/venv/lib/python3.12/site-packages/dbcounter.py:115}}
Apr 22 02:46:40.357995 np0000169028 neutron-periodic-workers[106129]: DEBUG oslo.service.backend._threading.loopingcall [None req-7b8f0e0d-4c01-464a-9c89-182ef73110b0 None None] Fixed interval looping call 'neutron.plugins.ml2.plugin.DhcpAgentSchedulerDbMixin.remove_networks_from_down_agents' sleeping for 36.99 seconds {{(pid=106129) _run_loop /opt/stack/data/venv/lib/python3.12/site-packages/oslo_service/backend/_threading/loopingcall.py:125}}
Apr 22 02:46:40.380346 np0000169028 neutron-periodic-workers[106138]: DEBUG neutron.db.agents_db [None req-ab3a88fa-2983-4ad9-8e4a-037a6457ff04 None None] Agent healthcheck: found 0 active agents {{(pid=106138) agent_health_check /opt/stack/neutron/neutron/db/agents_db.py:317}}
Apr 22 02:46:40.380815 np0000169028 neutron-periodic-workers[106138]: DEBUG oslo.service.backend._threading.loopingcall [None req-ab3a88fa-2983-4ad9-8e4a-037a6457ff04 None None] Fixed interval looping call 'neutron.plugins.ml2.plugin.AgentDbMixin.agent_health_check' sleeping for 36.99 seconds {{(pid=106138) _run_loop /opt/stack/data/venv/lib/python3.12/site-packages/oslo_service/backend/_threading/loopingcall.py:125}}
Apr 22 02:46:50.356497 np0000169028 neutron-periodic-workers[106129]: DEBUG dbcounter [-] [106129] Writing DB stats neutron:SELECT=3 {{(pid=106129) stat_writer /opt/stack/data/venv/lib/python3.12/site-packages/dbcounter.py:115}}
Apr 22 02:46:50.378211 np0000169028 neutron-periodic-workers[106138]: DEBUG dbcounter [-] [106138] Writing DB stats neutron:SELECT=1 {{(pid=106138) stat_writer /opt/stack/data/venv/lib/python3.12/site-packages/dbcounter.py:115}}
Apr 22 02:47:17.357363 np0000169028 neutron-periodic-workers[106129]: DEBUG oslo.service.backend._threading.loopingcall [None req-7b8f0e0d-4c01-464a-9c89-182ef73110b0 None None] Fixed interval looping call 'neutron.plugins.ml2.plugin.DhcpAgentSchedulerDbMixin.remove_networks_from_down_agents' sleeping for 36.99 seconds {{(pid=106129) _run_loop /opt/stack/data/venv/lib/python3.12/site-packages/oslo_service/backend/_threading/loopingcall.py:125}}
Apr 22 02:47:17.376044 np0000169028 neutron-periodic-workers[106138]: DEBUG neutron.db.agents_db [None req-ab3a88fa-2983-4ad9-8e4a-037a6457ff04 None None] Agent healthcheck: found 0 active agents {{(pid=106138) agent_health_check /opt/stack/neutron/neutron/db/agents_db.py:317}}
Apr 22 02:47:17.376654 np0000169028 neutron-periodic-workers[106138]: DEBUG oslo.service.backend._threading.loopingcall [None req-ab3a88fa-2983-4ad9-8e4a-037a6457ff04 None None] Fixed interval looping call 'neutron.plugins.ml2.plugin.AgentDbMixin.agent_health_check' sleeping for 36.99 seconds {{(pid=106138) _run_loop /opt/stack/data/venv/lib/python3.12/site-packages/oslo_service/backend/_threading/loopingcall.py:125}}
Apr 22 02:47:27.356028 np0000169028 neutron-periodic-workers[106129]: DEBUG dbcounter [-] [106129] Writing DB stats neutron:SELECT=3 {{(pid=106129) stat_writer /opt/stack/data/venv/lib/python3.12/site-packages/dbcounter.py:115}}
Apr 22 02:47:27.374010 np0000169028 neutron-periodic-workers[106138]: DEBUG dbcounter [-] [106138] Writing DB stats neutron:SELECT=1 {{(pid=106138) stat_writer /opt/stack/data/venv/lib/python3.12/site-packages/dbcounter.py:115}}
Apr 22 02:47:54.357814 np0000169028 neutron-periodic-workers[106129]: DEBUG oslo.service.backend._threading.loopingcall [None req-7b8f0e0d-4c01-464a-9c89-182ef73110b0 None None] Fixed interval looping call 'neutron.plugins.ml2.plugin.DhcpAgentSchedulerDbMixin.remove_networks_from_down_agents' sleeping for 36.99 seconds {{(pid=106129) _run_loop /opt/stack/data/venv/lib/python3.12/site-packages/oslo_service/backend/_threading/loopingcall.py:125}}
Apr 22 02:47:54.372115 np0000169028 neutron-periodic-workers[106138]: DEBUG neutron.db.agents_db [None req-ab3a88fa-2983-4ad9-8e4a-037a6457ff04 None None] Agent healthcheck: found 0 active agents {{(pid=106138) agent_health_check /opt/stack/neutron/neutron/db/agents_db.py:317}}
Apr 22 02:47:54.372517 np0000169028 neutron-periodic-workers[106138]: DEBUG oslo.service.backend._threading.loopingcall [None req-ab3a88fa-2983-4ad9-8e4a-037a6457ff04 None None] Fixed interval looping call 'neutron.plugins.ml2.plugin.AgentDbMixin.agent_health_check' sleeping for 36.99 seconds {{(pid=106138) _run_loop /opt/stack/data/venv/lib/python3.12/site-packages/oslo_service/backend/_threading/loopingcall.py:125}}
Apr 22 02:48:04.357161 np0000169028 neutron-periodic-workers[106129]: DEBUG dbcounter [-] [106129] Writing DB stats neutron:SELECT=3 {{(pid=106129) stat_writer /opt/stack/data/venv/lib/python3.12/site-packages/dbcounter.py:115}}
Apr 22 02:48:04.370127 np0000169028 neutron-periodic-workers[106138]: DEBUG dbcounter [-] [106138] Writing DB stats neutron:SELECT=1 {{(pid=106138) stat_writer /opt/stack/data/venv/lib/python3.12/site-packages/dbcounter.py:115}}
Apr 22 02:48:07.393124 np0000169028 neutron-periodic-workers[106143]: DEBUG oslo.service.backend._threading.loopingcall [None req-0bf40505-6259-4c3b-ae57-cea8af62137b None None] Fixed interval looping call 'neutron.db.quota.driver_nolock.DbQuotaNoLockDriver._remove_expired_reservations' sleeping for 119.99 seconds {{(pid=106143) _run_loop /opt/stack/data/venv/lib/python3.12/site-packages/oslo_service/backend/_threading/loopingcall.py:125}}
Apr 22 02:48:17.391147 np0000169028 neutron-periodic-workers[106143]: DEBUG dbcounter [-] [106143] Writing DB stats neutron:DELETE=1 {{(pid=106143) stat_writer /opt/stack/data/venv/lib/python3.12/site-packages/dbcounter.py:115}}
Apr 22 02:48:31.358409 np0000169028 neutron-periodic-workers[106129]: DEBUG oslo.service.backend._threading.loopingcall [None req-7b8f0e0d-4c01-464a-9c89-182ef73110b0 None None] Fixed interval looping call 'neutron.plugins.ml2.plugin.DhcpAgentSchedulerDbMixin.remove_networks_from_down_agents' sleeping for 36.99 seconds {{(pid=106129) _run_loop /opt/stack/data/venv/lib/python3.12/site-packages/oslo_service/backend/_threading/loopingcall.py:125}}
Apr 22 02:48:31.367339 np0000169028 neutron-periodic-workers[106138]: DEBUG neutron.db.agents_db [None req-ab3a88fa-2983-4ad9-8e4a-037a6457ff04 None None] Agent healthcheck: found 0 active agents {{(pid=106138) agent_health_check /opt/stack/neutron/neutron/db/agents_db.py:317}}
Apr 22 02:48:31.367783 np0000169028 neutron-periodic-workers[106138]: DEBUG oslo.service.backend._threading.loopingcall [None req-ab3a88fa-2983-4ad9-8e4a-037a6457ff04 None None] Fixed interval looping call 'neutron.plugins.ml2.plugin.AgentDbMixin.agent_health_check' sleeping for 37.00 seconds {{(pid=106138) _run_loop /opt/stack/data/venv/lib/python3.12/site-packages/oslo_service/backend/_threading/loopingcall.py:125}}
Apr 22 02:48:41.357095 np0000169028 neutron-periodic-workers[106129]: DEBUG dbcounter [-] [106129] Writing DB stats neutron:SELECT=3 {{(pid=106129) stat_writer /opt/stack/data/venv/lib/python3.12/site-packages/dbcounter.py:115}}
Apr 22 02:48:41.366140 np0000169028 neutron-periodic-workers[106138]: DEBUG dbcounter [-] [106138] Writing DB stats neutron:SELECT=1 {{(pid=106138) stat_writer /opt/stack/data/venv/lib/python3.12/site-packages/dbcounter.py:115}}
Apr 22 02:48:44.436853 np0000169028 neutron-periodic-workers[106154]: DEBUG dbcounter [-] [106154] Writer thread running {{(pid=106154) stat_writer /opt/stack/data/venv/lib/python3.12/site-packages/dbcounter.py:102}}
Apr 22 02:48:44.448132 np0000169028 neutron-periodic-workers[106154]: DEBUG oslo.service.backend._threading.loopingcall [None req-236ecda2-6fa0-4a0f-9b5e-354bc283a660 None None] Fixed interval looping call 'neutron.services.ovn_l3.plugin.L3_NAT_dbonly_mixin._clean_garbage' sleeping for 299.95 seconds {{(pid=106154) _run_loop /opt/stack/data/venv/lib/python3.12/site-packages/oslo_service/backend/_threading/loopingcall.py:125}}
Apr 22 02:48:54.437484 np0000169028 neutron-periodic-workers[106154]: DEBUG dbcounter [-] [106154] Writing DB stats neutron:SELECT=1 {{(pid=106154) stat_writer /opt/stack/data/venv/lib/python3.12/site-packages/dbcounter.py:115}}
Apr 22 02:49:08.357004 np0000169028 neutron-periodic-workers[106129]: DEBUG oslo.service.backend._threading.loopingcall [None req-7b8f0e0d-4c01-464a-9c89-182ef73110b0 None None] Fixed interval looping call 'neutron.plugins.ml2.plugin.DhcpAgentSchedulerDbMixin.remove_networks_from_down_agents' sleeping for 36.99 seconds {{(pid=106129) _run_loop /opt/stack/data/venv/lib/python3.12/site-packages/oslo_service/backend/_threading/loopingcall.py:125}}
Apr 22 02:49:08.371663 np0000169028 neutron-periodic-workers[106138]: DEBUG neutron.db.agents_db [None req-ab3a88fa-2983-4ad9-8e4a-037a6457ff04 None None] Agent healthcheck: found 0 active agents {{(pid=106138) agent_health_check /opt/stack/neutron/neutron/db/agents_db.py:317}}
Apr 22 02:49:08.372119 np0000169028 neutron-periodic-workers[106138]: DEBUG oslo.service.backend._threading.loopingcall [None req-ab3a88fa-2983-4ad9-8e4a-037a6457ff04 None None] Fixed interval looping call 'neutron.plugins.ml2.plugin.AgentDbMixin.agent_health_check' sleeping for 37.00 seconds {{(pid=106138) _run_loop /opt/stack/data/venv/lib/python3.12/site-packages/oslo_service/backend/_threading/loopingcall.py:125}}
Apr 22 02:49:18.357006 np0000169028 neutron-periodic-workers[106129]: DEBUG dbcounter [-] [106129] Writing DB stats neutron:SELECT=3 {{(pid=106129) stat_writer /opt/stack/data/venv/lib/python3.12/site-packages/dbcounter.py:115}}
Apr 22 02:49:18.371008 np0000169028 neutron-periodic-workers[106138]: DEBUG dbcounter [-] [106138] Writing DB stats neutron:SELECT=1 {{(pid=106138) stat_writer /opt/stack/data/venv/lib/python3.12/site-packages/dbcounter.py:115}}
Apr 22 02:49:45.356483 np0000169028 neutron-periodic-workers[106129]: DEBUG oslo.service.backend._threading.loopingcall [None req-7b8f0e0d-4c01-464a-9c89-182ef73110b0 None None] Fixed interval looping call 'neutron.plugins.ml2.plugin.DhcpAgentSchedulerDbMixin.remove_networks_from_down_agents' sleeping for 36.99 seconds {{(pid=106129) _run_loop /opt/stack/data/venv/lib/python3.12/site-packages/oslo_service/backend/_threading/loopingcall.py:125}}
Apr 22 02:49:45.378893 np0000169028 neutron-periodic-workers[106138]: DEBUG neutron.db.agents_db [None req-ab3a88fa-2983-4ad9-8e4a-037a6457ff04 None None] Agent healthcheck: found 0 active agents {{(pid=106138) agent_health_check /opt/stack/neutron/neutron/db/agents_db.py:317}}
Apr 22 02:49:45.379365 np0000169028 neutron-periodic-workers[106138]: DEBUG oslo.service.backend._threading.loopingcall [None req-ab3a88fa-2983-4ad9-8e4a-037a6457ff04 None None] Fixed interval looping call 'neutron.plugins.ml2.plugin.AgentDbMixin.agent_health_check' sleeping for 36.99 seconds {{(pid=106138) _run_loop /opt/stack/data/venv/lib/python3.12/site-packages/oslo_service/backend/_threading/loopingcall.py:125}}
Apr 22 02:49:55.356260 np0000169028 neutron-periodic-workers[106129]: DEBUG dbcounter [-] [106129] Writing DB stats neutron:SELECT=3 {{(pid=106129) stat_writer /opt/stack/data/venv/lib/python3.12/site-packages/dbcounter.py:115}}
Apr 22 02:49:55.376851 np0000169028 neutron-periodic-workers[106138]: DEBUG dbcounter [-] [106138] Writing DB stats neutron:SELECT=1 {{(pid=106138) stat_writer /opt/stack/data/venv/lib/python3.12/site-packages/dbcounter.py:115}}
Apr 22 02:50:07.388914 np0000169028 neutron-periodic-workers[106143]: DEBUG oslo.service.backend._threading.loopingcall [None req-0bf40505-6259-4c3b-ae57-cea8af62137b None None] Fixed interval looping call 'neutron.db.quota.driver_nolock.DbQuotaNoLockDriver._remove_expired_reservations' sleeping for 119.99 seconds {{(pid=106143) _run_loop /opt/stack/data/venv/lib/python3.12/site-packages/oslo_service/backend/_threading/loopingcall.py:125}}
Apr 22 02:50:17.387309 np0000169028 neutron-periodic-workers[106143]: DEBUG dbcounter [-] [106143] Writing DB stats neutron:DELETE=1 {{(pid=106143) stat_writer /opt/stack/data/venv/lib/python3.12/site-packages/dbcounter.py:115}}
Apr 22 02:50:22.354750 np0000169028 neutron-periodic-workers[106129]: DEBUG oslo.service.backend._threading.loopingcall [None req-7b8f0e0d-4c01-464a-9c89-182ef73110b0 None None] Fixed interval looping call 'neutron.plugins.ml2.plugin.DhcpAgentSchedulerDbMixin.remove_networks_from_down_agents' sleeping for 36.99 seconds {{(pid=106129) _run_loop /opt/stack/data/venv/lib/python3.12/site-packages/oslo_service/backend/_threading/loopingcall.py:125}}
Apr 22 02:50:22.374008 np0000169028 neutron-periodic-workers[106138]: DEBUG neutron.db.agents_db [None req-ab3a88fa-2983-4ad9-8e4a-037a6457ff04 None None] Agent healthcheck: found 0 active agents {{(pid=106138) agent_health_check /opt/stack/neutron/neutron/db/agents_db.py:317}}
Apr 22 02:50:22.374442 np0000169028 neutron-periodic-workers[106138]: DEBUG oslo.service.backend._threading.loopingcall [None req-ab3a88fa-2983-4ad9-8e4a-037a6457ff04 None None] Fixed interval looping call 'neutron.plugins.ml2.plugin.AgentDbMixin.agent_health_check' sleeping for 37.00 seconds {{(pid=106138) _run_loop /opt/stack/data/venv/lib/python3.12/site-packages/oslo_service/backend/_threading/loopingcall.py:125}}
Apr 22 02:50:32.353826 np0000169028 neutron-periodic-workers[106129]: DEBUG dbcounter [-] [106129] Writing DB stats neutron:SELECT=3 {{(pid=106129) stat_writer /opt/stack/data/venv/lib/python3.12/site-packages/dbcounter.py:115}}
Apr 22 02:50:32.372552 np0000169028 neutron-periodic-workers[106138]: DEBUG dbcounter [-] [106138] Writing DB stats neutron:SELECT=1 {{(pid=106138) stat_writer /opt/stack/data/venv/lib/python3.12/site-packages/dbcounter.py:115}}
Apr 22 02:50:59.354508 np0000169028 neutron-periodic-workers[106129]: DEBUG oslo.service.backend._threading.loopingcall [None req-7b8f0e0d-4c01-464a-9c89-182ef73110b0 None None] Fixed interval looping call 'neutron.plugins.ml2.plugin.DhcpAgentSchedulerDbMixin.remove_networks_from_down_agents' sleeping for 36.99 seconds {{(pid=106129) _run_loop /opt/stack/data/venv/lib/python3.12/site-packages/oslo_service/backend/_threading/loopingcall.py:125}}
Apr 22 02:50:59.380940 np0000169028 neutron-periodic-workers[106138]: DEBUG neutron.db.agents_db [None req-ab3a88fa-2983-4ad9-8e4a-037a6457ff04 None None] Agent healthcheck: found 0 active agents {{(pid=106138) agent_health_check /opt/stack/neutron/neutron/db/agents_db.py:317}}
Apr 22 02:50:59.380940 np0000169028 neutron-periodic-workers[106138]: DEBUG oslo.service.backend._threading.loopingcall [None req-ab3a88fa-2983-4ad9-8e4a-037a6457ff04 None None] Fixed interval looping call 'neutron.plugins.ml2.plugin.AgentDbMixin.agent_health_check' sleeping for 36.99 seconds {{(pid=106138) _run_loop /opt/stack/data/venv/lib/python3.12/site-packages/oslo_service/backend/_threading/loopingcall.py:125}}
Apr 22 02:51:09.353065 np0000169028 neutron-periodic-workers[106129]: DEBUG dbcounter [-] [106129] Writing DB stats neutron:SELECT=3 {{(pid=106129) stat_writer /opt/stack/data/venv/lib/python3.12/site-packages/dbcounter.py:115}}
Apr 22 02:51:09.379111 np0000169028 neutron-periodic-workers[106138]: DEBUG dbcounter [-] [106138] Writing DB stats neutron:SELECT=1 {{(pid=106138) stat_writer /opt/stack/data/venv/lib/python3.12/site-packages/dbcounter.py:115}}
Apr 22 02:51:36.352552 np0000169028 neutron-periodic-workers[106129]: DEBUG oslo.service.backend._threading.loopingcall [None req-7b8f0e0d-4c01-464a-9c89-182ef73110b0 None None] Fixed interval looping call 'neutron.plugins.ml2.plugin.DhcpAgentSchedulerDbMixin.remove_networks_from_down_agents' sleeping for 36.99 seconds {{(pid=106129) _run_loop /opt/stack/data/venv/lib/python3.12/site-packages/oslo_service/backend/_threading/loopingcall.py:125}}
Apr 22 02:51:36.377235 np0000169028 neutron-periodic-workers[106138]: DEBUG neutron.db.agents_db [None req-ab3a88fa-2983-4ad9-8e4a-037a6457ff04 None None] Agent healthcheck: found 0 active agents {{(pid=106138) agent_health_check /opt/stack/neutron/neutron/db/agents_db.py:317}}
Apr 22 02:51:36.377665 np0000169028 neutron-periodic-workers[106138]: DEBUG oslo.service.backend._threading.loopingcall [None req-ab3a88fa-2983-4ad9-8e4a-037a6457ff04 None None] Fixed interval looping call 'neutron.plugins.ml2.plugin.AgentDbMixin.agent_health_check' sleeping for 36.99 seconds {{(pid=106138) _run_loop /opt/stack/data/venv/lib/python3.12/site-packages/oslo_service/backend/_threading/loopingcall.py:125}}
Apr 22 02:51:46.351869 np0000169028 neutron-periodic-workers[106129]: DEBUG dbcounter [-] [106129] Writing DB stats neutron:SELECT=3 {{(pid=106129) stat_writer /opt/stack/data/venv/lib/python3.12/site-packages/dbcounter.py:115}}
Apr 22 02:51:46.374868 np0000169028 neutron-periodic-workers[106138]: DEBUG dbcounter [-] [106138] Writing DB stats neutron:SELECT=1 {{(pid=106138) stat_writer /opt/stack/data/venv/lib/python3.12/site-packages/dbcounter.py:115}}
Apr 22 02:52:07.385482 np0000169028 neutron-periodic-workers[106143]: DEBUG oslo.service.backend._threading.loopingcall [None req-0bf40505-6259-4c3b-ae57-cea8af62137b None None] Fixed interval looping call 'neutron.db.quota.driver_nolock.DbQuotaNoLockDriver._remove_expired_reservations' sleeping for 120.00 seconds {{(pid=106143) _run_loop /opt/stack/data/venv/lib/python3.12/site-packages/oslo_service/backend/_threading/loopingcall.py:125}}
Apr 22 02:52:13.355411 np0000169028 neutron-periodic-workers[106129]: DEBUG oslo.service.backend._threading.loopingcall [None req-7b8f0e0d-4c01-464a-9c89-182ef73110b0 None None] Fixed interval looping call 'neutron.plugins.ml2.plugin.DhcpAgentSchedulerDbMixin.remove_networks_from_down_agents' sleeping for 36.99 seconds {{(pid=106129) _run_loop /opt/stack/data/venv/lib/python3.12/site-packages/oslo_service/backend/_threading/loopingcall.py:125}}
Apr 22 02:52:13.372803 np0000169028 neutron-periodic-workers[106138]: DEBUG neutron.db.agents_db [None req-ab3a88fa-2983-4ad9-8e4a-037a6457ff04 None None] Agent healthcheck: found 0 active agents {{(pid=106138) agent_health_check /opt/stack/neutron/neutron/db/agents_db.py:317}}
Apr 22 02:52:13.372803 np0000169028 neutron-periodic-workers[106138]: DEBUG oslo.service.backend._threading.loopingcall [None req-ab3a88fa-2983-4ad9-8e4a-037a6457ff04 None None] Fixed interval looping call 'neutron.plugins.ml2.plugin.AgentDbMixin.agent_health_check' sleeping for 36.99 seconds {{(pid=106138) _run_loop /opt/stack/data/venv/lib/python3.12/site-packages/oslo_service/backend/_threading/loopingcall.py:125}}
Apr 22 02:52:17.386772 np0000169028 neutron-periodic-workers[106143]: DEBUG dbcounter [-] [106143] Writing DB stats neutron:DELETE=1 {{(pid=106143) stat_writer /opt/stack/data/venv/lib/python3.12/site-packages/dbcounter.py:115}}
Apr 22 02:52:23.353952 np0000169028 neutron-periodic-workers[106129]: DEBUG dbcounter [-] [106129] Writing DB stats neutron:SELECT=3 {{(pid=106129) stat_writer /opt/stack/data/venv/lib/python3.12/site-packages/dbcounter.py:115}}
Apr 22 02:52:23.370992 np0000169028 neutron-periodic-workers[106138]: DEBUG dbcounter [-] [106138] Writing DB stats neutron:SELECT=1 {{(pid=106138) stat_writer /opt/stack/data/venv/lib/python3.12/site-packages/dbcounter.py:115}}
Apr 22 02:52:50.354413 np0000169028 neutron-periodic-workers[106129]: DEBUG oslo.service.backend._threading.loopingcall [None req-7b8f0e0d-4c01-464a-9c89-182ef73110b0 None None] Fixed interval looping call 'neutron.plugins.ml2.plugin.DhcpAgentSchedulerDbMixin.remove_networks_from_down_agents' sleeping for 36.99 seconds {{(pid=106129) _run_loop /opt/stack/data/venv/lib/python3.12/site-packages/oslo_service/backend/_threading/loopingcall.py:125}}
Apr 22 02:52:50.368656 np0000169028 neutron-periodic-workers[106138]: DEBUG neutron.db.agents_db [None req-ab3a88fa-2983-4ad9-8e4a-037a6457ff04 None None] Agent healthcheck: found 0 active agents {{(pid=106138) agent_health_check /opt/stack/neutron/neutron/db/agents_db.py:317}}
Apr 22 02:52:50.369069 np0000169028 neutron-periodic-workers[106138]: DEBUG oslo.service.backend._threading.loopingcall [None req-ab3a88fa-2983-4ad9-8e4a-037a6457ff04 None None] Fixed interval looping call 'neutron.plugins.ml2.plugin.AgentDbMixin.agent_health_check' sleeping for 36.99 seconds {{(pid=106138) _run_loop /opt/stack/data/venv/lib/python3.12/site-packages/oslo_service/backend/_threading/loopingcall.py:125}}
Apr 22 02:53:00.353314 np0000169028 neutron-periodic-workers[106129]: DEBUG dbcounter [-] [106129] Writing DB stats neutron:SELECT=3 {{(pid=106129) stat_writer /opt/stack/data/venv/lib/python3.12/site-packages/dbcounter.py:115}}
Apr 22 02:53:00.366525 np0000169028 neutron-periodic-workers[106138]: DEBUG dbcounter [-] [106138] Writing DB stats neutron:SELECT=1 {{(pid=106138) stat_writer /opt/stack/data/venv/lib/python3.12/site-packages/dbcounter.py:115}}
Apr 22 02:53:27.353997 np0000169028 neutron-periodic-workers[106129]: DEBUG oslo.service.backend._threading.loopingcall [None req-7b8f0e0d-4c01-464a-9c89-182ef73110b0 None None] Fixed interval looping call 'neutron.plugins.ml2.plugin.DhcpAgentSchedulerDbMixin.remove_networks_from_down_agents' sleeping for 36.99 seconds {{(pid=106129) _run_loop /opt/stack/data/venv/lib/python3.12/site-packages/oslo_service/backend/_threading/loopingcall.py:125}}
Apr 22 02:53:27.364044 np0000169028 neutron-periodic-workers[106138]: DEBUG neutron.db.agents_db [None req-ab3a88fa-2983-4ad9-8e4a-037a6457ff04 None None] Agent healthcheck: found 0 active agents {{(pid=106138) agent_health_check /opt/stack/neutron/neutron/db/agents_db.py:317}}
Apr 22 02:53:27.364450 np0000169028 neutron-periodic-workers[106138]: DEBUG oslo.service.backend._threading.loopingcall [None req-ab3a88fa-2983-4ad9-8e4a-037a6457ff04 None None] Fixed interval looping call 'neutron.plugins.ml2.plugin.AgentDbMixin.agent_health_check' sleeping for 37.00 seconds {{(pid=106138) _run_loop /opt/stack/data/venv/lib/python3.12/site-packages/oslo_service/backend/_threading/loopingcall.py:125}}
Apr 22 02:53:37.352254 np0000169028 neutron-periodic-workers[106129]: DEBUG dbcounter [-] [106129] Writing DB stats neutron:SELECT=3 {{(pid=106129) stat_writer /opt/stack/data/venv/lib/python3.12/site-packages/dbcounter.py:115}}
Apr 22 02:53:37.362667 np0000169028 neutron-periodic-workers[106138]: DEBUG dbcounter [-] [106138] Writing DB stats neutron:SELECT=1 {{(pid=106138) stat_writer /opt/stack/data/venv/lib/python3.12/site-packages/dbcounter.py:115}}
Apr 22 02:53:44.412680 np0000169028 neutron-periodic-workers[106154]: DEBUG oslo.service.backend._threading.loopingcall [None req-236ecda2-6fa0-4a0f-9b5e-354bc283a660 None None] Fixed interval looping call 'neutron.services.ovn_l3.plugin.L3_NAT_dbonly_mixin._clean_garbage' sleeping for 299.99 seconds {{(pid=106154) _run_loop /opt/stack/data/venv/lib/python3.12/site-packages/oslo_service/backend/_threading/loopingcall.py:125}}
Apr 22 02:53:54.403009 np0000169028 neutron-periodic-workers[106154]: DEBUG dbcounter [-] [106154] Writing DB stats neutron:SELECT=1 {{(pid=106154) stat_writer /opt/stack/data/venv/lib/python3.12/site-packages/dbcounter.py:115}}
