2026-09-19 00:21:32.724 8 INFO placement.requestlog [None req-443a8be3-c331-4314-8707-52e8bde89997 b72f40d69e704ddfb4aec767d2fcd751 dad29cdb201b4c7d8a865d241c5b1338 - - e7d84081998540edbe4ef6b1c92eb358 e7d84081998540edbe4ef6b1c92eb358] 10.0.0.141 "GET /resource_providers/fd2a7090-a7a5-4b2b-8f7e-0a3df2264f05/aggregates" status: 404 len: 235 microversion: 1.1 [pid: 8|app: 0|req: 531/1059] 10.0.0.141 () {32 vars in 815 bytes} [Sat Sep 19 00:21:32 2026] GET /resource_providers/fd2a7090-a7a5-4b2b-8f7e-0a3df2264f05/aggregates => generated 235 bytes in 17 msecs (HTTP/1.1 404) 5 headers in 202 bytes (1 switches on core 0)
2026-09-19 00:21:32.746 7 INFO placement.requestlog [None req-b133edbf-dac5-4d07-8d0b-044c9d68e4f8 b72f40d69e704ddfb4aec767d2fcd751 dad29cdb201b4c7d8a865d241c5b1338 - - e7d84081998540edbe4ef6b1c92eb358 e7d84081998540edbe4ef6b1c92eb358] 10.0.0.141 "DELETE /resource_providers/fd2a7090-a7a5-4b2b-8f7e-0a3df2264f05" status: 404 len: 246 microversion: 1.1 [pid: 7|app: 0|req: 529/1060] 10.0.0.141 () {34 vars in 815 bytes} [Sat Sep 19 00:21:32 2026] DELETE /resource_providers/fd2a7090-a7a5-4b2b-8f7e-0a3df2264f05 => generated 246 bytes in 12 msecs (HTTP/1.1 404) 6 headers in 231 bytes (1 switches on core 0)
2026-09-19 00:21:32.749 8 INFO placement.requestlog [None req-fffacc50-aeb7-444e-b078-001812d1902b b72f40d69e704ddfb4aec767d2fcd751 dad29cdb201b4c7d8a865d241c5b1338 - - e7d84081998540edbe4ef6b1c92eb358 e7d84081998540edbe4ef6b1c92eb358] 10.0.0.141 "DELETE /resource_providers/fd2a7090-a7a5-4b2b-8f7e-0a3df2264f05" status: 404 len: 246 microversion: 1.1 [pid: 8|app: 0|req: 532/1061] 10.0.0.141 () {34 vars in 815 bytes} [Sat Sep 19 00:21:32 2026] DELETE /resource_providers/fd2a7090-a7a5-4b2b-8f7e-0a3df2264f05 => generated 246 bytes in 13 msecs (HTTP/1.1 404) 6 headers in 231 bytes (1 switches on core 0)
2026-09-19 00:21:34.279 7 INFO placement.requestlog [None req-eefaf721-a616-4aa4-8689-41f108f2c104 b72f40d69e704ddfb4aec767d2fcd751 dad29cdb201b4c7d8a865d241c5b1338 - - e7d84081998540edbe4ef6b1c92eb358 e7d84081998540edbe4ef6b1c92eb358] 10.0.0.141 "GET /resource_providers/964908ac-f021-442f-9497-5b747b0d4e34/aggregates" status: 404 len: 235 microversion: 1.1 [pid: 7|app: 0|req: 530/1062] 10.0.0.141 () {32 vars in 815 bytes} [Sat Sep 19 00:21:34 2026] GET /resource_providers/964908ac-f021-442f-9497-5b747b0d4e34/aggregates => generated 235 bytes in 24 msecs (HTTP/1.1 404) 5 headers in 202 bytes (1 switches on core 0)
2026-09-19 00:21:34.301 8 INFO placement.requestlog [None req-7194763a-dde1-4fa7-9e4f-9d7b21170079 b72f40d69e704ddfb4aec767d2fcd751 dad29cdb201b4c7d8a865d241c5b1338 - - e7d84081998540edbe4ef6b1c92eb358 e7d84081998540edbe4ef6b1c92eb358] 10.0.0.141 "GET /resource_providers/964908ac-f021-442f-9497-5b747b0d4e34/aggregates" status: 404 len: 235 microversion: 1.1 [pid: 8|app: 0|req: 533/1063] 10.0.0.141 () {32 vars in 815 bytes} [Sat Sep 19 00:21:34 2026] GET /resource_providers/964908ac-f021-442f-9497-5b747b0d4e34/aggregates => generated 235 bytes in 8 msecs (HTTP/1.1 404) 5 headers in 202 bytes (1 switches on core 0)
2026-09-19 00:21:34.326 7 INFO placement.requestlog [None req-59ac1712-5b5e-4968-b01e-5c8d37894f8f b72f40d69e704ddfb4aec767d2fcd751 dad29cdb201b4c7d8a865d241c5b1338 - - e7d84081998540edbe4ef6b1c92eb358 e7d84081998540edbe4ef6b1c92eb358] 10.0.0.141 "DELETE /resource_providers/964908ac-f021-442f-9497-5b747b0d4e34" status: 404 len: 246 microversion: 1.1 [pid: 7|app: 0|req: 531/1064] 10.0.0.141 () {34 vars in 815 bytes} [Sat Sep 19 00:21:34 2026] DELETE /resource_providers/964908ac-f021-442f-9497-5b747b0d4e34 => generated 246 bytes in 13 msecs (HTTP/1.1 404) 6 headers in 231 bytes (1 switches on core 0)
2026-09-19 00:21:34.333 8 INFO placement.requestlog [None req-32229e8e-c6ba-4f27-84c3-6cb58a0e0588 b72f40d69e704ddfb4aec767d2fcd751 dad29cdb201b4c7d8a865d241c5b1338 - - e7d84081998540edbe4ef6b1c92eb358 e7d84081998540edbe4ef6b1c92eb358] 10.0.0.141 "DELETE /resource_providers/964908ac-f021-442f-9497-5b747b0d4e34" status: 404 len: 246 microversion: 1.1 [pid: 8|app: 0|req: 534/1065] 10.0.0.141 () {34 vars in 815 bytes} [Sat Sep 19 00:21:34 2026] DELETE /resource_providers/964908ac-f021-442f-9497-5b747b0d4e34 => generated 246 bytes in 10 msecs (HTTP/1.1 404) 6 headers in 231 bytes (1 switches on core 0)
2026-09-19 00:21:36.707 7 INFO placement.requestlog [None req-00285a07-4fd2-4b15-b56f-c2231745d6a5 - - - - - -] 10.0.0.232 "GET /" status: 200 len: 136 microversion: 1.0
2026-09-19 00:21:36.707 8 INFO placement.requestlog [None req-7f80df6f-d9a4-4c1a-96e6-1bcfae7a57d5 - - - - - -] 10.0.0.232 "GET /" status: 200 len: 136 microversion: 1.0
2026-09-19 00:21:37.946 7 INFO placement.requestlog [req-fdbf08e3-b706-46c9-9a34-9d5a4420582f req-a0bb6f1f-1a96-4d88-879f-cd1d65b7ab43 f35b316d11f3455a89b2416073df5492 dad29cdb201b4c7d8a865d241c5b1338 - - e7d84081998540edbe4ef6b1c92eb358 e7d84081998540edbe4ef6b1c92eb358] 10.0.0.178 "GET /allocation_candidates?limit=1000&resources=DISK_GB%3A1%2CMEMORY_MB%3A512%2CVCPU%3A1&root_required=%21COMPUTE_STATUS_DISABLED" status: 200 len: 2640 microversion: 1.36 [pid: 7|app: 0|req: 533/1068] 10.0.0.178 () {34 vars in 1011 bytes} [Sat Sep 19 00:21:37 2026] GET /allocation_candidates?limit=1000&resources=DISK_GB%3A1%2CMEMORY_MB%3A512%2CVCPU%3A1&root_required=%21COMPUTE_STATUS_DISABLED => generated 2640 bytes in 43 msecs (HTTP/1.1 200) 8 headers in 297 bytes (1 switches on core 0)
2026-09-19 00:21:37.978 8 INFO placement.requestlog [req-fdbf08e3-b706-46c9-9a34-9d5a4420582f req-b9683b75-71c2-402b-a4ac-667de918dfa1 f35b316d11f3455a89b2416073df5492 dad29cdb201b4c7d8a865d241c5b1338 - - e7d84081998540edbe4ef6b1c92eb358 e7d84081998540edbe4ef6b1c92eb358] 10.0.0.178 "GET /allocations/26ad6e9f-7de5-435a-b80f-9db99ffe6322" status: 200 len: 19 microversion: 1.28 [pid: 8|app: 0|req: 536/1069] 10.0.0.178 () {34 vars in 860 bytes} [Sat Sep 19 00:21:37 2026] GET /allocations/26ad6e9f-7de5-435a-b80f-9db99ffe6322 => generated 19 bytes in 12 msecs (HTTP/1.1 200) 8 headers in 295 bytes (1 switches on core 0)
2026-09-19 00:21:38.060 7 INFO placement.requestlog [req-fdbf08e3-b706-46c9-9a34-9d5a4420582f req-ea4a83de-a753-456f-b038-1d7aaceae9d0 f35b316d11f3455a89b2416073df5492 dad29cdb201b4c7d8a865d241c5b1338 - - e7d84081998540edbe4ef6b1c92eb358 e7d84081998540edbe4ef6b1c92eb358] 10.0.0.178 "PUT /allocations/26ad6e9f-7de5-435a-b80f-9db99ffe6322" status: 204 len: 0 microversion: 1.36 [pid: 7|app: 0|req: 534/1070] 10.0.0.178 () {38 vars in 913 bytes} [Sat Sep 19 00:21:37 2026] PUT /allocations/26ad6e9f-7de5-435a-b80f-9db99ffe6322 => generated 0 bytes in 81 msecs (HTTP/1.1 204) 5 headers in 199 bytes (1 switches on core 0)
2026-09-19 00:21:39.590 8 INFO placement.requestlog [req-fdbf08e3-b706-46c9-9a34-9d5a4420582f req-52295c0f-b703-400c-93b5-29dcf116634f f35b316d11f3455a89b2416073df5492 dad29cdb201b4c7d8a865d241c5b1338 - - e7d84081998540edbe4ef6b1c92eb358 e7d84081998540edbe4ef6b1c92eb358] 162.253.55.155 "GET /allocations/26ad6e9f-7de5-435a-b80f-9db99ffe6322" status: 200 len: 258 microversion: 1.28 [pid: 8|app: 0|req: 537/1071] 162.253.55.155 () {34 vars in 862 bytes} [Sat Sep 19 00:21:39 2026] GET /allocations/26ad6e9f-7de5-435a-b80f-9db99ffe6322 => generated 258 bytes in 17 msecs (HTTP/1.1 200) 8 headers in 296 bytes (1 switches on core 0)
2026-09-19 00:21:40.643 7 INFO placement.requestlog [req-fdbf08e3-b706-46c9-9a34-9d5a4420582f req-f4012144-27c1-4ff4-ae89-02470b4d455e f35b316d11f3455a89b2416073df5492 dad29cdb201b4c7d8a865d241c5b1338 - - e7d84081998540edbe4ef6b1c92eb358 e7d84081998540edbe4ef6b1c92eb358] 162.253.55.155 "GET /resource_providers/690f1a09-a32a-40b8-a58c-1c48a6ca709e/allocations" status: 200 len: 153 microversion: 1.0 [pid: 7|app: 0|req: 535/1072] 162.253.55.155 () {32 vars in 856 bytes} [Sat Sep 19 00:21:40 2026] GET /resource_providers/690f1a09-a32a-40b8-a58c-1c48a6ca709e/allocations => generated 153 bytes in 24 msecs (HTTP/1.1 200) 6 headers in 224 bytes (1 switches on core 0)
2026-09-19 00:21:40.670 8 INFO placement.requestlog [req-fdbf08e3-b706-46c9-9a34-9d5a4420582f req-d39dce8f-e284-43bc-a960-d9f1d7558c44 f35b316d11f3455a89b2416073df5492 dad29cdb201b4c7d8a865d241c5b1338 - - e7d84081998540edbe4ef6b1c92eb358 e7d84081998540edbe4ef6b1c92eb358] 162.253.55.155 "GET /allocations/26ad6e9f-7de5-435a-b80f-9db99ffe6322" status: 200 len: 258 microversion: 1.28 [pid: 8|app: 0|req: 538/1073] 162.253.55.155 () {34 vars in 862 bytes} [Sat Sep 19 00:21:40 2026] GET /allocations/26ad6e9f-7de5-435a-b80f-9db99ffe6322 => generated 258 bytes in 20 msecs (HTTP/1.1 200) 8 headers in 296 bytes (1 switches on core 0)
2026-09-19 00:21:46.706 8 INFO placement.requestlog [None req-c56b9b84-5418-4db6-b14f-6d27c0361a60 - - - - - -] 10.0.0.232 "GET /" status: 200 len: 136 microversion: 1.0
2026-09-19 00:21:46.707 7 INFO placement.requestlog [None req-234c33a7-c66c-4af0-8d25-fcc288b61d18 - - - - - -] 10.0.0.232 "GET /" status: 200 len: 136 microversion: 1.0
2026-09-19 00:21:47.900 8 INFO placement.requestlog [None req-0e5d3273-4771-4d19-86c7-08cf3e2cb2ed b72f40d69e704ddfb4aec767d2fcd751 dad29cdb201b4c7d8a865d241c5b1338 - - e7d84081998540edbe4ef6b1c92eb358 e7d84081998540edbe4ef6b1c92eb358] 10.0.0.141 "GET /resource_providers/e4a77197-da36-4638-b7da-7a70fd0d2d26/aggregates" status: 404 len: 235 microversion: 1.1 [pid: 8|app: 0|req: 540/1076] 10.0.0.141 () {32 vars in 815 bytes} [Sat Sep 19 00:21:47 2026] GET /resource_providers/e4a77197-da36-4638-b7da-7a70fd0d2d26/aggregates => generated 235 bytes in 15 msecs (HTTP/1.1 404) 5 headers in 202 bytes (1 switches on core 0)
2026-09-19 00:21:47.902 7 INFO placement.requestlog [None req-2f580d4d-bad6-4f36-b3e2-acafbe87a448 b72f40d69e704ddfb4aec767d2fcd751 dad29cdb201b4c7d8a865d241c5b1338 - - e7d84081998540edbe4ef6b1c92eb358 e7d84081998540edbe4ef6b1c92eb358] 10.0.0.141 "GET /resource_providers/e4a77197-da36-4638-b7da-7a70fd0d2d26/aggregates" status: 404 len: 235 microversion: 1.1 [pid: 7|app: 0|req: 537/1077] 10.0.0.141 () {32 vars in 815 bytes} [Sat Sep 19 00:21:47 2026] GET /resource_providers/e4a77197-da36-4638-b7da-7a70fd0d2d26/aggregates => generated 235 bytes in 13 msecs (HTTP/1.1 404) 5 headers in 202 bytes (1 switches on core 0)
2026-09-19 00:21:47.950 8 INFO placement.requestlog [None req-acee3fbc-7de0-4445-9797-5bde2cda0a06 b72f40d69e704ddfb4aec767d2fcd751 dad29cdb201b4c7d8a865d241c5b1338 - - e7d84081998540edbe4ef6b1c92eb358 e7d84081998540edbe4ef6b1c92eb358] 10.0.0.141 "DELETE /resource_providers/e4a77197-da36-4638-b7da-7a70fd0d2d26" status: 404 len: 246 microversion: 1.1 [pid: 8|app: 0|req: 541/1078] 10.0.0.141 () {34 vars in 815 bytes} [Sat Sep 19 00:21:47 2026] DELETE /resource_providers/e4a77197-da36-4638-b7da-7a70fd0d2d26 => generated 246 bytes in 32 msecs (HTTP/1.1 404) 6 headers in 231 bytes (1 switches on core 0)
2026-09-19 00:21:47.951 7 INFO placement.requestlog [None req-6c23350d-483b-4fef-b3eb-e9971930d0ae b72f40d69e704ddfb4aec767d2fcd751 dad29cdb201b4c7d8a865d241c5b1338 - - e7d84081998540edbe4ef6b1c92eb358 e7d84081998540edbe4ef6b1c92eb358] 10.0.0.141 "DELETE /resource_providers/e4a77197-da36-4638-b7da-7a70fd0d2d26" status: 404 len: 246 microversion: 1.1 [pid: 7|app: 0|req: 538/1079] 10.0.0.141 () {34 vars in 815 bytes} [Sat Sep 19 00:21:47 2026] DELETE /resource_providers/e4a77197-da36-4638-b7da-7a70fd0d2d26 => generated 246 bytes in 27 msecs (HTTP/1.1 404) 6 headers in 231 bytes (1 switches on core 0)
2026-09-19 00:21:56.706 7 INFO placement.requestlog [None req-26ae27ef-5bdf-4ad5-b464-a9477e93c720 - - - - - -] 10.0.0.232 "GET /" status: 200 len: 136 microversion: 1.0
2026-09-19 00:21:56.707 8 INFO placement.requestlog [None req-b7b67a1a-b3cd-4546-b4a8-f33db77736b5 - - - - - -] 10.0.0.232 "GET /" status: 200 len: 136 microversion: 1.0
2026-09-19 00:22:06.300 8 INFO placement.requestlog [None req-88f57c26-acab-4164-a686-ecea899b9784 b72f40d69e704ddfb4aec767d2fcd751 dad29cdb201b4c7d8a865d241c5b1338 - - e7d84081998540edbe4ef6b1c92eb358 e7d84081998540edbe4ef6b1c92eb358] 10.0.0.141 "GET /resource_providers/d52a0c6d-8511-4387-8ef1-3db809da3b20/aggregates" status: 404 len: 235 microversion: 1.1 [pid: 8|app: 0|req: 543/1082] 10.0.0.141 () {32 vars in 815 bytes} [Sat Sep 19 00:22:06 2026] GET /resource_providers/d52a0c6d-8511-4387-8ef1-3db809da3b20/aggregates => generated 235 bytes in 160 msecs (HTTP/1.1 404) 5 headers in 202 bytes (1 switches on core 0)
2026-09-19 00:22:06.305 7 INFO placement.requestlog [None req-b258ff4a-2033-4c21-b0c9-0bf71fa51511 b72f40d69e704ddfb4aec767d2fcd751 dad29cdb201b4c7d8a865d241c5b1338 - - e7d84081998540edbe4ef6b1c92eb358 e7d84081998540edbe4ef6b1c92eb358] 10.0.0.141 "GET /resource_providers/d52a0c6d-8511-4387-8ef1-3db809da3b20/aggregates" status: 404 len: 235 microversion: 1.1 [pid: 7|app: 0|req: 540/1083] 10.0.0.141 () {32 vars in 815 bytes} [Sat Sep 19 00:22:06 2026] GET /resource_providers/d52a0c6d-8511-4387-8ef1-3db809da3b20/aggregates => generated 235 bytes in 167 msecs (HTTP/1.1 404) 5 headers in 202 bytes (1 switches on core 0)
2026-09-19 00:22:06.318 7 INFO placement.requestlog [None req-46ed8b01-fa85-47da-a9f7-5ed6e0ebbe0d b72f40d69e704ddfb4aec767d2fcd751 dad29cdb201b4c7d8a865d241c5b1338 - - e7d84081998540edbe4ef6b1c92eb358 e7d84081998540edbe4ef6b1c92eb358] 10.0.0.141 "DELETE /resource_providers/d52a0c6d-8511-4387-8ef1-3db809da3b20" status: 404 len: 246 microversion: 1.1 [pid: 7|app: 0|req: 541/1084] 10.0.0.141 () {34 vars in 815 bytes} [Sat Sep 19 00:22:06 2026] DELETE /resource_providers/d52a0c6d-8511-4387-8ef1-3db809da3b20 => generated 246 bytes in 6 msecs (HTTP/1.1 404) 6 headers in 231 bytes (1 switches on core 0)
2026-09-19 00:22:06.323 8 INFO placement.requestlog [None req-1a19d56c-3c70-4e7e-82b8-adab7ba0dc0e b72f40d69e704ddfb4aec767d2fcd751 dad29cdb201b4c7d8a865d241c5b1338 - - e7d84081998540edbe4ef6b1c92eb358 e7d84081998540edbe4ef6b1c92eb358] 10.0.0.141 "DELETE /resource_providers/d52a0c6d-8511-4387-8ef1-3db809da3b20" status: 404 len: 246 microversion: 1.1 [pid: 8|app: 0|req: 544/1085] 10.0.0.141 () {34 vars in 815 bytes} [Sat Sep 19 00:22:06 2026] DELETE /resource_providers/d52a0c6d-8511-4387-8ef1-3db809da3b20 => generated 246 bytes in 12 msecs (HTTP/1.1 404) 6 headers in 231 bytes (1 switches on core 0)
2026-09-19 00:22:06.706 7 INFO placement.requestlog [None req-eab3377e-8fca-4ef5-821c-6f1ed3b9f9b2 - - - - - -] 10.0.0.232 "GET /" status: 200 len: 136 microversion: 1.0
2026-09-19 00:22:06.707 8 INFO placement.requestlog [None req-9d90505d-e60d-4f54-bcdd-3a3d3850d079 - - - - - -] 10.0.0.232 "GET /" status: 200 len: 136 microversion: 1.0
2026-09-19 00:22:08.223 7 INFO placement.requestlog [None req-9755e1a3-292c-4668-ba82-bc2634efe3a5 b72f40d69e704ddfb4aec767d2fcd751 dad29cdb201b4c7d8a865d241c5b1338 - - e7d84081998540edbe4ef6b1c92eb358 e7d84081998540edbe4ef6b1c92eb358] 10.0.0.141 "GET /resource_providers/0c8719a8-4b3b-45a5-9225-f735bf7916ee/aggregates" status: 404 len: 235 microversion: 1.1 [pid: 7|app: 0|req: 543/1088] 10.0.0.141 () {32 vars in 815 bytes} [Sat Sep 19 00:22:08 2026] GET /resource_providers/0c8719a8-4b3b-45a5-9225-f735bf7916ee/aggregates => generated 235 bytes in 74 msecs (HTTP/1.1 404) 5 headers in 202 bytes (1 switches on core 0)
2026-09-19 00:22:08.238 8 INFO placement.requestlog [None req-b7c7ed33-ed18-40b1-af13-900e71921dcc b72f40d69e704ddfb4aec767d2fcd751 dad29cdb201b4c7d8a865d241c5b1338 - - e7d84081998540edbe4ef6b1c92eb358 e7d84081998540edbe4ef6b1c92eb358] 10.0.0.141 "GET /resource_providers/0c8719a8-4b3b-45a5-9225-f735bf7916ee/aggregates" status: 404 len: 235 microversion: 1.1 [pid: 8|app: 0|req: 546/1089] 10.0.0.141 () {32 vars in 815 bytes} [Sat Sep 19 00:22:08 2026] GET /resource_providers/0c8719a8-4b3b-45a5-9225-f735bf7916ee/aggregates => generated 235 bytes in 88 msecs (HTTP/1.1 404) 5 headers in 202 bytes (1 switches on core 0)
2026-09-19 00:22:08.256 7 INFO placement.requestlog [None req-fc131eef-7f2c-4e8a-bad5-e9de8a6c61fc b72f40d69e704ddfb4aec767d2fcd751 dad29cdb201b4c7d8a865d241c5b1338 - - e7d84081998540edbe4ef6b1c92eb358 e7d84081998540edbe4ef6b1c92eb358] 10.0.0.141 "DELETE /resource_providers/0c8719a8-4b3b-45a5-9225-f735bf7916ee" status: 404 len: 246 microversion: 1.1 [pid: 7|app: 0|req: 544/1090] 10.0.0.141 () {34 vars in 815 bytes} [Sat Sep 19 00:22:08 2026] DELETE /resource_providers/0c8719a8-4b3b-45a5-9225-f735bf7916ee => generated 246 bytes in 11 msecs (HTTP/1.1 404) 6 headers in 231 bytes (1 switches on core 0)
2026-09-19 00:22:08.259 8 INFO placement.requestlog [None req-38fd829d-f44d-427f-bb8b-00765e595897 b72f40d69e704ddfb4aec767d2fcd751 dad29cdb201b4c7d8a865d241c5b1338 - - e7d84081998540edbe4ef6b1c92eb358 e7d84081998540edbe4ef6b1c92eb358] 10.0.0.141 "DELETE /resource_providers/0c8719a8-4b3b-45a5-9225-f735bf7916ee" status: 404 len: 246 microversion: 1.1 [pid: 8|app: 0|req: 547/1091] 10.0.0.141 () {34 vars in 815 bytes} [Sat Sep 19 00:22:08 2026] DELETE /resource_providers/0c8719a8-4b3b-45a5-9225-f735bf7916ee => generated 246 bytes in 9 msecs (HTTP/1.1 404) 6 headers in 231 bytes (1 switches on core 0)
2026-09-19 00:22:11.126 7 INFO placement.requestlog [None req-efe6bc93-e90d-4474-bef2-a4c66757fd98 b72f40d69e704ddfb4aec767d2fcd751 dad29cdb201b4c7d8a865d241c5b1338 - - e7d84081998540edbe4ef6b1c92eb358 e7d84081998540edbe4ef6b1c92eb358] 10.0.0.141 "GET /resource_providers/4a002559-f512-434c-b1ce-4e392abad0f7/aggregates" status: 404 len: 235 microversion: 1.1 [pid: 7|app: 0|req: 545/1092] 10.0.0.141 () {32 vars in 815 bytes} [Sat Sep 19 00:22:11 2026] GET /resource_providers/4a002559-f512-434c-b1ce-4e392abad0f7/aggregates => generated 235 bytes in 8 msecs (HTTP/1.1 404) 5 headers in 202 bytes (1 switches on core 0)
2026-09-19 00:22:11.137 8 INFO placement.requestlog [None req-2d95a885-a04d-4d1f-8f27-ce1e660a18b7 b72f40d69e704ddfb4aec767d2fcd751 dad29cdb201b4c7d8a865d241c5b1338 - - e7d84081998540edbe4ef6b1c92eb358 e7d84081998540edbe4ef6b1c92eb358] 10.0.0.141 "GET /resource_providers/4a002559-f512-434c-b1ce-4e392abad0f7/aggregates" status: 404 len: 235 microversion: 1.1 [pid: 8|app: 0|req: 548/1093] 10.0.0.141 () {32 vars in 815 bytes} [Sat Sep 19 00:22:11 2026] GET /resource_providers/4a002559-f512-434c-b1ce-4e392abad0f7/aggregates => generated 235 bytes in 19 msecs (HTTP/1.1 404) 5 headers in 202 bytes (1 switches on core 0)
2026-09-19 00:22:11.154 7 INFO placement.requestlog [None req-d8bb1970-c47d-4e3f-8eae-5fb7e0d0440f b72f40d69e704ddfb4aec767d2fcd751 dad29cdb201b4c7d8a865d241c5b1338 - - e7d84081998540edbe4ef6b1c92eb358 e7d84081998540edbe4ef6b1c92eb358] 10.0.0.141 "DELETE /resource_providers/4a002559-f512-434c-b1ce-4e392abad0f7" status: 404 len: 246 microversion: 1.1 [pid: 7|app: 0|req: 546/1094] 10.0.0.141 () {34 vars in 815 bytes} [Sat Sep 19 00:22:11 2026] DELETE /resource_providers/4a002559-f512-434c-b1ce-4e392abad0f7 => generated 246 bytes in 10 msecs (HTTP/1.1 404) 6 headers in 231 bytes (1 switches on core 0)
2026-09-19 00:22:11.158 8 INFO placement.requestlog [None req-a4b6a3de-eebf-455a-badf-38856146b6b3 b72f40d69e704ddfb4aec767d2fcd751 dad29cdb201b4c7d8a865d241c5b1338 - - e7d84081998540edbe4ef6b1c92eb358 e7d84081998540edbe4ef6b1c92eb358] 10.0.0.141 "DELETE /resource_providers/4a002559-f512-434c-b1ce-4e392abad0f7" status: 404 len: 246 microversion: 1.1 [pid: 8|app: 0|req: 549/1095] 10.0.0.141 () {34 vars in 815 bytes} [Sat Sep 19 00:22:11 2026] DELETE /resource_providers/4a002559-f512-434c-b1ce-4e392abad0f7 => generated 246 bytes in 12 msecs (HTTP/1.1 404) 6 headers in 231 bytes (1 switches on core 0)
2026-09-19 00:22:13.939 7 INFO placement.requestlog [req-a4ba2e11-a93b-4791-8ce9-e72d7df9e90c req-2d58586e-c2d4-4c69-876a-8e1ac363e4ec f35b316d11f3455a89b2416073df5492 dad29cdb201b4c7d8a865d241c5b1338 - - e7d84081998540edbe4ef6b1c92eb358 e7d84081998540edbe4ef6b1c92eb358] 162.253.55.155 "GET /resource_providers/690f1a09-a32a-40b8-a58c-1c48a6ca709e/allocations" status: 200 len: 153 microversion: 1.0 [pid: 7|app: 0|req: 547/1096] 162.253.55.155 () {32 vars in 856 bytes} [Sat Sep 19 00:22:13 2026] GET /resource_providers/690f1a09-a32a-40b8-a58c-1c48a6ca709e/allocations => generated 153 bytes in 25 msecs (HTTP/1.1 200) 6 headers in 224 bytes (1 switches on core 0)
2026-09-19 00:22:13.965 8 INFO placement.requestlog [req-a4ba2e11-a93b-4791-8ce9-e72d7df9e90c req-77796692-8faa-4ac9-85c5-baeb55caa137 f35b316d11f3455a89b2416073df5492 dad29cdb201b4c7d8a865d241c5b1338 - - e7d84081998540edbe4ef6b1c92eb358 e7d84081998540edbe4ef6b1c92eb358] 162.253.55.155 "GET /allocations/26ad6e9f-7de5-435a-b80f-9db99ffe6322" status: 200 len: 258 microversion: 1.28 [pid: 8|app: 0|req: 550/1097] 162.253.55.155 () {34 vars in 862 bytes} [Sat Sep 19 00:22:13 2026] GET /allocations/26ad6e9f-7de5-435a-b80f-9db99ffe6322 => generated 258 bytes in 19 msecs (HTTP/1.1 200) 8 headers in 296 bytes (1 switches on core 0)
2026-09-19 00:22:15.025 7 INFO placement.requestlog [req-a4ba2e11-a93b-4791-8ce9-e72d7df9e90c req-2370db2b-b181-4cf1-b26c-be87795849f3 f35b316d11f3455a89b2416073df5492 dad29cdb201b4c7d8a865d241c5b1338 - - e7d84081998540edbe4ef6b1c92eb358 e7d84081998540edbe4ef6b1c92eb358] 162.253.55.155 "DELETE /allocations/26ad6e9f-7de5-435a-b80f-9db99ffe6322" status: 204 len: 0 microversion: 1.0 [pid: 7|app: 0|req: 548/1098] 162.253.55.155 () {34 vars in 840 bytes} [Sat Sep 19 00:22:14 2026] DELETE /allocations/26ad6e9f-7de5-435a-b80f-9db99ffe6322 => generated 0 bytes in 34 msecs (HTTP/1.1 204) 5 headers in 198 bytes (1 switches on core 0)
2026-09-19 00:22:16.707 8 INFO placement.requestlog [None req-285f9ad2-4c39-42b7-ab8a-3cd10e31b702 - - - - - -] 10.0.0.232 "GET /" status: 200 len: 136 microversion: 1.0
2026-09-19 00:22:16.707 7 INFO placement.requestlog [None req-4dbe28f4-f654-492b-a09a-0eb89525c947 - - - - - -] 10.0.0.232 "GET /" status: 200 len: 136 microversion: 1.0
2026-09-19 00:22:16.834 8 INFO placement.requestlog [None req-80a4f570-f1cb-4e30-b71e-24a1cc8ff44b b72f40d69e704ddfb4aec767d2fcd751 dad29cdb201b4c7d8a865d241c5b1338 - - e7d84081998540edbe4ef6b1c92eb358 e7d84081998540edbe4ef6b1c92eb358] 10.0.0.141 "GET /resource_providers/dcfe255a-127b-413f-aa9f-172afca5c661/aggregates" status: 404 len: 235 microversion: 1.1 [pid: 8|app: 0|req: 552/1101] 10.0.0.141 () {32 vars in 815 bytes} [Sat Sep 19 00:22:16 2026] GET /resource_providers/dcfe255a-127b-413f-aa9f-172afca5c661/aggregates => generated 235 bytes in 14 msecs (HTTP/1.1 404) 5 headers in 202 bytes (1 switches on core 0)
2026-09-19 00:22:16.835 7 INFO placement.requestlog [None req-9191b890-8de0-4bfe-b338-c0e73307ff01 b72f40d69e704ddfb4aec767d2fcd751 dad29cdb201b4c7d8a865d241c5b1338 - - e7d84081998540edbe4ef6b1c92eb358 e7d84081998540edbe4ef6b1c92eb358] 10.0.0.141 "GET /resource_providers/dcfe255a-127b-413f-aa9f-172afca5c661/aggregates" status: 404 len: 235 microversion: 1.1 [pid: 7|app: 0|req: 550/1102] 10.0.0.141 () {32 vars in 815 bytes} [Sat Sep 19 00:22:16 2026] GET /resource_providers/dcfe255a-127b-413f-aa9f-172afca5c661/aggregates => generated 235 bytes in 11 msecs (HTTP/1.1 404) 5 headers in 202 bytes (1 switches on core 0)
2026-09-19 00:22:16.862 7 INFO placement.requestlog [None req-1a6e532b-e22b-42ae-82eb-b816cdf0b7b7 b72f40d69e704ddfb4aec767d2fcd751 dad29cdb201b4c7d8a865d241c5b1338 - - e7d84081998540edbe4ef6b1c92eb358 e7d84081998540edbe4ef6b1c92eb358] 10.0.0.141 "DELETE /resource_providers/dcfe255a-127b-413f-aa9f-172afca5c661" status: 404 len: 246 microversion: 1.1 [pid: 7|app: 0|req: 551/1103] 10.0.0.141 () {34 vars in 815 bytes} [Sat Sep 19 00:22:16 2026] DELETE /resource_providers/dcfe255a-127b-413f-aa9f-172afca5c661 => generated 246 bytes in 10 msecs (HTTP/1.1 404) 6 headers in 231 bytes (1 switches on core 0)
2026-09-19 00:22:16.863 8 INFO placement.requestlog [None req-8e872473-5e6d-464e-af2a-4ac0072ad066 b72f40d69e704ddfb4aec767d2fcd751 dad29cdb201b4c7d8a865d241c5b1338 - - e7d84081998540edbe4ef6b1c92eb358 e7d84081998540edbe4ef6b1c92eb358] 10.0.0.141 "DELETE /resource_providers/dcfe255a-127b-413f-aa9f-172afca5c661" status: 404 len: 246 microversion: 1.1 [pid: 8|app: 0|req: 553/1104] 10.0.0.141 () {34 vars in 815 bytes} [Sat Sep 19 00:22:16 2026] DELETE /resource_providers/dcfe255a-127b-413f-aa9f-172afca5c661 => generated 246 bytes in 13 msecs (HTTP/1.1 404) 6 headers in 231 bytes (1 switches on core 0)
2026-09-19 00:22:16.882 7 INFO placement.requestlog [None req-8ff24ea1-6b83-4317-9188-53a5e9237dd8 b72f40d69e704ddfb4aec767d2fcd751 dad29cdb201b4c7d8a865d241c5b1338 - - e7d84081998540edbe4ef6b1c92eb358 e7d84081998540edbe4ef6b1c92eb358] 10.0.0.141 "GET /resource_providers/e16ddcba-73a9-4cb1-9519-c660b27a313a/aggregates" status: 404 len: 235 microversion: 1.1 [pid: 7|app: 0|req: 552/1105] 10.0.0.141 () {32 vars in 815 bytes} [Sat Sep 19 00:22:16 2026] GET /resource_providers/e16ddcba-73a9-4cb1-9519-c660b27a313a/aggregates => generated 235 bytes in 10 msecs (HTTP/1.1 404) 5 headers in 202 bytes (1 switches on core 0)
2026-09-19 00:22:16.888 8 INFO placement.requestlog [None req-2aec06f3-31df-46d6-9522-162f102168b9 b72f40d69e704ddfb4aec767d2fcd751 dad29cdb201b4c7d8a865d241c5b1338 - - e7d84081998540edbe4ef6b1c92eb358 e7d84081998540edbe4ef6b1c92eb358] 10.0.0.141 "GET /resource_providers/e16ddcba-73a9-4cb1-9519-c660b27a313a/aggregates" status: 404 len: 235 microversion: 1.1 [pid: 8|app: 0|req: 554/1106] 10.0.0.141 () {32 vars in 815 bytes} [Sat Sep 19 00:22:16 2026] GET /resource_providers/e16ddcba-73a9-4cb1-9519-c660b27a313a/aggregates => generated 235 bytes in 9 msecs (HTTP/1.1 404) 5 headers in 202 bytes (1 switches on core 0)
2026-09-19 00:22:16.904 8 INFO placement.requestlog [None req-0956b636-3ca7-4b79-93df-09fe8ec1c2a8 b72f40d69e704ddfb4aec767d2fcd751 dad29cdb201b4c7d8a865d241c5b1338 - - e7d84081998540edbe4ef6b1c92eb358 e7d84081998540edbe4ef6b1c92eb358] 10.0.0.141 "DELETE /resource_providers/e16ddcba-73a9-4cb1-9519-c660b27a313a" status: 404 len: 246 microversion: 1.1 [pid: 8|app: 0|req: 555/1107] 10.0.0.141 () {34 vars in 815 bytes} [Sat Sep 19 00:22:16 2026] DELETE /resource_providers/e16ddcba-73a9-4cb1-9519-c660b27a313a => generated 246 bytes in 7 msecs (HTTP/1.1 404) 6 headers in 231 bytes (1 switches on core 0)
2026-09-19 00:22:16.907 7 INFO placement.requestlog [None req-4ca699f2-bacb-4127-94dd-d3a8849dcc7f b72f40d69e704ddfb4aec767d2fcd751 dad29cdb201b4c7d8a865d241c5b1338 - - e7d84081998540edbe4ef6b1c92eb358 e7d84081998540edbe4ef6b1c92eb358] 10.0.0.141 "DELETE /resource_providers/e16ddcba-73a9-4cb1-9519-c660b27a313a" status: 404 len: 246 microversion: 1.1 [pid: 7|app: 0|req: 553/1108] 10.0.0.141 () {34 vars in 815 bytes} [Sat Sep 19 00:22:16 2026] DELETE /resource_providers/e16ddcba-73a9-4cb1-9519-c660b27a313a => generated 246 bytes in 11 msecs (HTTP/1.1 404) 6 headers in 231 bytes (1 switches on core 0)
2026-09-19 00:22:18.930 8 INFO placement.requestlog [None req-b3dcb8a1-0356-4d17-b677-ed4148b2fc76 b72f40d69e704ddfb4aec767d2fcd751 dad29cdb201b4c7d8a865d241c5b1338 - - e7d84081998540edbe4ef6b1c92eb358 e7d84081998540edbe4ef6b1c92eb358] 10.0.0.141 "GET /resource_providers/ded2a81d-65cf-4e2a-825c-e7dad24cd71e/aggregates" status: 404 len: 235 microversion: 1.1 [pid: 8|app: 0|req: 556/1109] 10.0.0.141 () {32 vars in 815 bytes} [Sat Sep 19 00:22:18 2026] GET /resource_providers/ded2a81d-65cf-4e2a-825c-e7dad24cd71e/aggregates => generated 235 bytes in 6 msecs (HTTP/1.1 404) 5 headers in 202 bytes (1 switches on core 0)
2026-09-19 00:22:18.931 7 INFO placement.requestlog [None req-a4741454-3298-4888-9e11-4b093e010257 b72f40d69e704ddfb4aec767d2fcd751 dad29cdb201b4c7d8a865d241c5b1338 - - e7d84081998540edbe4ef6b1c92eb358 e7d84081998540edbe4ef6b1c92eb358] 10.0.0.141 "GET /resource_providers/ded2a81d-65cf-4e2a-825c-e7dad24cd71e/aggregates" status: 404 len: 235 microversion: 1.1 [pid: 7|app: 0|req: 554/1110] 10.0.0.141 () {32 vars in 815 bytes} [Sat Sep 19 00:22:18 2026] GET /resource_providers/ded2a81d-65cf-4e2a-825c-e7dad24cd71e/aggregates => generated 235 bytes in 6 msecs (HTTP/1.1 404) 5 headers in 202 bytes (1 switches on core 0)
2026-09-19 00:22:18.949 7 INFO placement.requestlog [None req-e0ae4b40-1724-45d0-a8fb-5b0e1b11b38a b72f40d69e704ddfb4aec767d2fcd751 dad29cdb201b4c7d8a865d241c5b1338 - - e7d84081998540edbe4ef6b1c92eb358 e7d84081998540edbe4ef6b1c92eb358] 10.0.0.141 "DELETE /resource_providers/ded2a81d-65cf-4e2a-825c-e7dad24cd71e" status: 404 len: 246 microversion: 1.1 [pid: 7|app: 0|req: 555/1111] 10.0.0.141 () {34 vars in 815 bytes} [Sat Sep 19 00:22:18 2026] DELETE /resource_providers/ded2a81d-65cf-4e2a-825c-e7dad24cd71e => generated 246 bytes in 4 msecs (HTTP/1.1 404) 6 headers in 231 bytes (1 switches on core 0)
2026-09-19 00:22:18.949 8 INFO placement.requestlog [None req-490b47fb-560c-4b04-9275-77a9bc601dd1 b72f40d69e704ddfb4aec767d2fcd751 dad29cdb201b4c7d8a865d241c5b1338 - - e7d84081998540edbe4ef6b1c92eb358 e7d84081998540edbe4ef6b1c92eb358] 10.0.0.141 "DELETE /resource_providers/ded2a81d-65cf-4e2a-825c-e7dad24cd71e" status: 404 len: 246 microversion: 1.1 [pid: 8|app: 0|req: 557/1112] 10.0.0.141 () {34 vars in 815 bytes} [Sat Sep 19 00:22:18 2026] DELETE /resource_providers/ded2a81d-65cf-4e2a-825c-e7dad24cd71e => generated 246 bytes in 9 msecs (HTTP/1.1 404) 6 headers in 231 bytes (1 switches on core 0)
2026-09-19 00:22:22.524 7 INFO placement.requestlog [None req-b954c6b3-7729-4dff-ba94-fef4362020a4 b72f40d69e704ddfb4aec767d2fcd751 dad29cdb201b4c7d8a865d241c5b1338 - - e7d84081998540edbe4ef6b1c92eb358 e7d84081998540edbe4ef6b1c92eb358] 10.0.0.141 "GET /resource_providers/543c15ab-cb8c-403d-84e7-b58be14d52d3/aggregates" status: 404 len: 235 microversion: 1.1 [pid: 7|app: 0|req: 556/1113] 10.0.0.141 () {32 vars in 815 bytes} [Sat Sep 19 00:22:22 2026] GET /resource_providers/543c15ab-cb8c-403d-84e7-b58be14d52d3/aggregates => generated 235 bytes in 14 msecs (HTTP/1.1 404) 5 headers in 202 bytes (1 switches on core 0)
2026-09-19 00:22:22.526 8 INFO placement.requestlog [None req-b68a82f4-0be8-46c5-8f83-1b70753a380e b72f40d69e704ddfb4aec767d2fcd751 dad29cdb201b4c7d8a865d241c5b1338 - - e7d84081998540edbe4ef6b1c92eb358 e7d84081998540edbe4ef6b1c92eb358] 10.0.0.141 "GET /resource_providers/543c15ab-cb8c-403d-84e7-b58be14d52d3/aggregates" status: 404 len: 235 microversion: 1.1 [pid: 8|app: 0|req: 558/1114] 10.0.0.141 () {32 vars in 815 bytes} [Sat Sep 19 00:22:22 2026] GET /resource_providers/543c15ab-cb8c-403d-84e7-b58be14d52d3/aggregates => generated 235 bytes in 13 msecs (HTTP/1.1 404) 5 headers in 202 bytes (1 switches on core 0)
2026-09-19 00:22:22.557 7 INFO placement.requestlog [None req-3af2dcf3-a953-4b35-94aa-238d3e80b5b9 b72f40d69e704ddfb4aec767d2fcd751 dad29cdb201b4c7d8a865d241c5b1338 - - e7d84081998540edbe4ef6b1c92eb358 e7d84081998540edbe4ef6b1c92eb358] 10.0.0.141 "DELETE /resource_providers/543c15ab-cb8c-403d-84e7-b58be14d52d3" status: 404 len: 246 microversion: 1.1 [pid: 7|app: 0|req: 557/1115] 10.0.0.141 () {34 vars in 815 bytes} [Sat Sep 19 00:22:22 2026] DELETE /resource_providers/543c15ab-cb8c-403d-84e7-b58be14d52d3 => generated 246 bytes in 13 msecs (HTTP/1.1 404) 6 headers in 231 bytes (1 switches on core 0)
2026-09-19 00:22:22.558 8 INFO placement.requestlog [None req-7f02a570-27a5-40d2-83ef-8af9566a0d51 b72f40d69e704ddfb4aec767d2fcd751 dad29cdb201b4c7d8a865d241c5b1338 - - e7d84081998540edbe4ef6b1c92eb358 e7d84081998540edbe4ef6b1c92eb358] 10.0.0.141 "DELETE /resource_providers/543c15ab-cb8c-403d-84e7-b58be14d52d3" status: 404 len: 246 microversion: 1.1 [pid: 8|app: 0|req: 559/1116] 10.0.0.141 () {34 vars in 815 bytes} [Sat Sep 19 00:22:22 2026] DELETE /resource_providers/543c15ab-cb8c-403d-84e7-b58be14d52d3 => generated 246 bytes in 15 msecs (HTTP/1.1 404) 6 headers in 231 bytes (1 switches on core 0)
2026-09-19 00:22:25.963 7 INFO placement.requestlog [None req-b34749cc-c578-43ac-a2c6-ed21a19bd2ed b72f40d69e704ddfb4aec767d2fcd751 dad29cdb201b4c7d8a865d241c5b1338 - - e7d84081998540edbe4ef6b1c92eb358 e7d84081998540edbe4ef6b1c92eb358] 10.0.0.141 "GET /resource_providers/d85b89fd-581d-4a57-b09a-b186dcbb3327/aggregates" status: 404 len: 235 microversion: 1.1 [pid: 7|app: 0|req: 558/1117] 10.0.0.141 () {32 vars in 815 bytes} [Sat Sep 19 00:22:25 2026] GET /resource_providers/d85b89fd-581d-4a57-b09a-b186dcbb3327/aggregates => generated 235 bytes in 12 msecs (HTTP/1.1 404) 5 headers in 202 bytes (1 switches on core 0)
2026-09-19 00:22:25.969 8 INFO placement.requestlog [None req-eb2beac6-8bd0-4c7d-b058-6faaab3445ad b72f40d69e704ddfb4aec767d2fcd751 dad29cdb201b4c7d8a865d241c5b1338 - - e7d84081998540edbe4ef6b1c92eb358 e7d84081998540edbe4ef6b1c92eb358] 10.0.0.141 "GET /resource_providers/d85b89fd-581d-4a57-b09a-b186dcbb3327/aggregates" status: 404 len: 235 microversion: 1.1 [pid: 8|app: 0|req: 560/1118] 10.0.0.141 () {32 vars in 815 bytes} [Sat Sep 19 00:22:25 2026] GET /resource_providers/d85b89fd-581d-4a57-b09a-b186dcbb3327/aggregates => generated 235 bytes in 18 msecs (HTTP/1.1 404) 5 headers in 202 bytes (1 switches on core 0)
2026-09-19 00:22:25.982 7 INFO placement.requestlog [None req-9bc8f150-620b-4e5d-b126-7eea9be635ff b72f40d69e704ddfb4aec767d2fcd751 dad29cdb201b4c7d8a865d241c5b1338 - - e7d84081998540edbe4ef6b1c92eb358 e7d84081998540edbe4ef6b1c92eb358] 10.0.0.141 "DELETE /resource_providers/d85b89fd-581d-4a57-b09a-b186dcbb3327" status: 404 len: 246 microversion: 1.1 [pid: 7|app: 0|req: 559/1119] 10.0.0.141 () {34 vars in 815 bytes} [Sat Sep 19 00:22:25 2026] DELETE /resource_providers/d85b89fd-581d-4a57-b09a-b186dcbb3327 => generated 246 bytes in 7 msecs (HTTP/1.1 404) 6 headers in 231 bytes (1 switches on core 0)
2026-09-19 00:22:25.991 8 INFO placement.requestlog [None req-5fc0a6a2-ee53-4736-a970-1beaa7887857 b72f40d69e704ddfb4aec767d2fcd751 dad29cdb201b4c7d8a865d241c5b1338 - - e7d84081998540edbe4ef6b1c92eb358 e7d84081998540edbe4ef6b1c92eb358] 10.0.0.141 "DELETE /resource_providers/d85b89fd-581d-4a57-b09a-b186dcbb3327" status: 404 len: 246 microversion: 1.1 [pid: 8|app: 0|req: 561/1120] 10.0.0.141 () {34 vars in 815 bytes} [Sat Sep 19 00:22:25 2026] DELETE /resource_providers/d85b89fd-581d-4a57-b09a-b186dcbb3327 => generated 246 bytes in 15 msecs (HTTP/1.1 404) 6 headers in 231 bytes (1 switches on core 0)
2026-09-19 00:22:26.707 7 INFO placement.requestlog [None req-f291190d-ae59-4125-970b-741796994a76 - - - - - -] 10.0.0.232 "GET /" status: 200 len: 136 microversion: 1.0
2026-09-19 00:22:26.707 8 INFO placement.requestlog [None req-15bdb998-6fd9-45b9-b71d-50be425f3f18 - - - - - -] 10.0.0.232 "GET /" status: 200 len: 136 microversion: 1.0
2026-09-19 00:22:29.854 8 INFO placement.requestlog [None req-52de46e6-d245-4502-b882-2641f888c59b b72f40d69e704ddfb4aec767d2fcd751 dad29cdb201b4c7d8a865d241c5b1338 - - e7d84081998540edbe4ef6b1c92eb358 e7d84081998540edbe4ef6b1c92eb358] 10.0.0.141 "GET /resource_providers/adba1eb9-9fa1-4587-9380-6b9feed9dcf3/aggregates" status: 404 len: 235 microversion: 1.1 [pid: 8|app: 0|req: 563/1123] 10.0.0.141 () {32 vars in 815 bytes} [Sat Sep 19 00:22:29 2026] GET /resource_providers/adba1eb9-9fa1-4587-9380-6b9feed9dcf3/aggregates => generated 235 bytes in 14 msecs (HTTP/1.1 404) 5 headers in 202 bytes (1 switches on core 0)
2026-09-19 00:22:29.862 7 INFO placement.requestlog [None req-99cfe5e1-98d7-4dca-91de-cf4404418130 b72f40d69e704ddfb4aec767d2fcd751 dad29cdb201b4c7d8a865d241c5b1338 - - e7d84081998540edbe4ef6b1c92eb358 e7d84081998540edbe4ef6b1c92eb358] 10.0.0.141 "GET /resource_providers/adba1eb9-9fa1-4587-9380-6b9feed9dcf3/aggregates" status: 404 len: 235 microversion: 1.1 [pid: 7|app: 0|req: 561/1124] 10.0.0.141 () {32 vars in 815 bytes} [Sat Sep 19 00:22:29 2026] GET /resource_providers/adba1eb9-9fa1-4587-9380-6b9feed9dcf3/aggregates => generated 235 bytes in 22 msecs (HTTP/1.1 404) 5 headers in 202 bytes (1 switches on core 0)
2026-09-19 00:22:29.884 8 INFO placement.requestlog [None req-624bd8d6-56f1-42bd-a175-712526f0cb21 b72f40d69e704ddfb4aec767d2fcd751 dad29cdb201b4c7d8a865d241c5b1338 - - e7d84081998540edbe4ef6b1c92eb358 e7d84081998540edbe4ef6b1c92eb358] 10.0.0.141 "DELETE /resource_providers/adba1eb9-9fa1-4587-9380-6b9feed9dcf3" status: 404 len: 246 microversion: 1.1 [pid: 8|app: 0|req: 564/1125] 10.0.0.141 () {34 vars in 815 bytes} [Sat Sep 19 00:22:29 2026] DELETE /resource_providers/adba1eb9-9fa1-4587-9380-6b9feed9dcf3 => generated 246 bytes in 11 msecs (HTTP/1.1 404) 6 headers in 231 bytes (1 switches on core 0)
2026-09-19 00:22:29.895 7 INFO placement.requestlog [None req-6cec6034-4ec1-4d6a-982c-02c2c1966ed0 b72f40d69e704ddfb4aec767d2fcd751 dad29cdb201b4c7d8a865d241c5b1338 - - e7d84081998540edbe4ef6b1c92eb358 e7d84081998540edbe4ef6b1c92eb358] 10.0.0.141 "DELETE /resource_providers/adba1eb9-9fa1-4587-9380-6b9feed9dcf3" status: 404 len: 246 microversion: 1.1 [pid: 7|app: 0|req: 562/1126] 10.0.0.141 () {34 vars in 815 bytes} [Sat Sep 19 00:22:29 2026] DELETE /resource_providers/adba1eb9-9fa1-4587-9380-6b9feed9dcf3 => generated 246 bytes in 20 msecs (HTTP/1.1 404) 6 headers in 231 bytes (1 switches on core 0)
2026-09-19 00:22:30.369 7 INFO placement.requestlog [None req-cd381102-ddfa-4b8b-91ba-be05943d1521 b72f40d69e704ddfb4aec767d2fcd751 dad29cdb201b4c7d8a865d241c5b1338 - - e7d84081998540edbe4ef6b1c92eb358 e7d84081998540edbe4ef6b1c92eb358] 10.0.0.141 "GET /resource_providers/650d2e40-3162-480b-b034-dd3c93cb481b/aggregates" status: 404 len: 235 microversion: 1.1 [pid: 7|app: 0|req: 563/1127] 10.0.0.141 () {32 vars in 815 bytes} [Sat Sep 19 00:22:30 2026] GET /resource_providers/650d2e40-3162-480b-b034-dd3c93cb481b/aggregates => generated 235 bytes in 10 msecs (HTTP/1.1 404) 5 headers in 202 bytes (1 switches on core 0)
2026-09-19 00:22:30.371 8 INFO placement.requestlog [None req-3a7a95ea-9a6d-4c9b-852e-b1207ac56344 b72f40d69e704ddfb4aec767d2fcd751 dad29cdb201b4c7d8a865d241c5b1338 - - e7d84081998540edbe4ef6b1c92eb358 e7d84081998540edbe4ef6b1c92eb358] 10.0.0.141 "GET /resource_providers/650d2e40-3162-480b-b034-dd3c93cb481b/aggregates" status: 404 len: 235 microversion: 1.1 [pid: 8|app: 0|req: 565/1128] 10.0.0.141 () {32 vars in 815 bytes} [Sat Sep 19 00:22:30 2026] GET /resource_providers/650d2e40-3162-480b-b034-dd3c93cb481b/aggregates => generated 235 bytes in 13 msecs (HTTP/1.1 404) 5 headers in 202 bytes (1 switches on core 0)
2026-09-19 00:22:30.392 7 INFO placement.requestlog [None req-6be41a0a-aa5b-4b21-a657-7e444c629b61 b72f40d69e704ddfb4aec767d2fcd751 dad29cdb201b4c7d8a865d241c5b1338 - - e7d84081998540edbe4ef6b1c92eb358 e7d84081998540edbe4ef6b1c92eb358] 10.0.0.141 "DELETE /resource_providers/650d2e40-3162-480b-b034-dd3c93cb481b" status: 404 len: 246 microversion: 1.1 [pid: 7|app: 0|req: 564/1129] 10.0.0.141 () {34 vars in 815 bytes} [Sat Sep 19 00:22:30 2026] DELETE /resource_providers/650d2e40-3162-480b-b034-dd3c93cb481b => generated 246 bytes in 10 msecs (HTTP/1.1 404) 6 headers in 231 bytes (1 switches on core 0)
2026-09-19 00:22:30.399 8 INFO placement.requestlog [None req-933b8cd2-0536-4e0e-8abd-462681d9487f b72f40d69e704ddfb4aec767d2fcd751 dad29cdb201b4c7d8a865d241c5b1338 - - e7d84081998540edbe4ef6b1c92eb358 e7d84081998540edbe4ef6b1c92eb358] 10.0.0.141 "DELETE /resource_providers/650d2e40-3162-480b-b034-dd3c93cb481b" status: 404 len: 246 microversion: 1.1 [pid: 8|app: 0|req: 566/1130] 10.0.0.141 () {34 vars in 815 bytes} [Sat Sep 19 00:22:30 2026] DELETE /resource_providers/650d2e40-3162-480b-b034-dd3c93cb481b => generated 246 bytes in 16 msecs (HTTP/1.1 404) 6 headers in 231 bytes (1 switches on core 0)
2026-09-19 00:22:31.921 7 INFO placement.requestlog [None req-2468060c-3339-41bc-b099-4990c78134b8 b72f40d69e704ddfb4aec767d2fcd751 dad29cdb201b4c7d8a865d241c5b1338 - - e7d84081998540edbe4ef6b1c92eb358 e7d84081998540edbe4ef6b1c92eb358] 10.0.0.141 "GET /resource_providers/169eb127-9d24-4f69-bed9-52fe0f3e70c4/aggregates" status: 404 len: 235 microversion: 1.1 [pid: 7|app: 0|req: 565/1131] 10.0.0.141 () {32 vars in 815 bytes} [Sat Sep 19 00:22:31 2026] GET /resource_providers/169eb127-9d24-4f69-bed9-52fe0f3e70c4/aggregates => generated 235 bytes in 14 msecs (HTTP/1.1 404) 5 headers in 202 bytes (1 switches on core 0)
2026-09-19 00:22:31.923 8 INFO placement.requestlog [None req-bebe0154-ba7e-44c0-92d8-edf7f2907631 b72f40d69e704ddfb4aec767d2fcd751 dad29cdb201b4c7d8a865d241c5b1338 - - e7d84081998540edbe4ef6b1c92eb358 e7d84081998540edbe4ef6b1c92eb358] 10.0.0.141 "GET /resource_providers/169eb127-9d24-4f69-bed9-52fe0f3e70c4/aggregates" status: 404 len: 235 microversion: 1.1 [pid: 8|app: 0|req: 567/1132] 10.0.0.141 () {32 vars in 815 bytes} [Sat Sep 19 00:22:31 2026] GET /resource_providers/169eb127-9d24-4f69-bed9-52fe0f3e70c4/aggregates => generated 235 bytes in 14 msecs (HTTP/1.1 404) 5 headers in 202 bytes (1 switches on core 0)
2026-09-19 00:22:31.947 7 INFO placement.requestlog [None req-a77ee425-dc62-47b5-bd56-75997502640d b72f40d69e704ddfb4aec767d2fcd751 dad29cdb201b4c7d8a865d241c5b1338 - - e7d84081998540edbe4ef6b1c92eb358 e7d84081998540edbe4ef6b1c92eb358] 10.0.0.141 "DELETE /resource_providers/169eb127-9d24-4f69-bed9-52fe0f3e70c4" status: 404 len: 246 microversion: 1.1 [pid: 7|app: 0|req: 566/1133] 10.0.0.141 () {34 vars in 815 bytes} [Sat Sep 19 00:22:31 2026] DELETE /resource_providers/169eb127-9d24-4f69-bed9-52fe0f3e70c4 => generated 246 bytes in 15 msecs (HTTP/1.1 404) 6 headers in 231 bytes (1 switches on core 0)
2026-09-19 00:22:31.951 8 INFO placement.requestlog [None req-6ea3d307-967f-4cc0-bfbc-0bb538f3dae1 b72f40d69e704ddfb4aec767d2fcd751 dad29cdb201b4c7d8a865d241c5b1338 - - e7d84081998540edbe4ef6b1c92eb358 e7d84081998540edbe4ef6b1c92eb358] 10.0.0.141 "DELETE /resource_providers/169eb127-9d24-4f69-bed9-52fe0f3e70c4" status: 404 len: 246 microversion: 1.1 [pid: 8|app: 0|req: 568/1134] 10.0.0.141 () {34 vars in 815 bytes} [Sat Sep 19 00:22:31 2026] DELETE /resource_providers/169eb127-9d24-4f69-bed9-52fe0f3e70c4 => generated 246 bytes in 13 msecs (HTTP/1.1 404) 6 headers in 231 bytes (1 switches on core 0)
2026-09-19 00:22:34.482 7 INFO placement.requestlog [req-78fa6ff9-461b-49e8-bf8c-acb90915e1a0 req-35cd8791-f054-4ea2-92c0-9f2b9c752000 f35b316d11f3455a89b2416073df5492 dad29cdb201b4c7d8a865d241c5b1338 - - e7d84081998540edbe4ef6b1c92eb358 e7d84081998540edbe4ef6b1c92eb358] 162.253.55.155 "GET /resource_providers/690f1a09-a32a-40b8-a58c-1c48a6ca709e/allocations" status: 200 len: 55 microversion: 1.0 [pid: 7|app: 0|req: 567/1135] 162.253.55.155 () {32 vars in 856 bytes} [Sat Sep 19 00:22:34 2026] GET /resource_providers/690f1a09-a32a-40b8-a58c-1c48a6ca709e/allocations => generated 55 bytes in 290 msecs (HTTP/1.1 200) 6 headers in 223 bytes (1 switches on core 0)
2026-09-19 00:22:34.516 8 INFO placement.requestlog [req-78fa6ff9-461b-49e8-bf8c-acb90915e1a0 req-8d1802e3-8544-46dd-b201-2561e3af89f5 f35b316d11f3455a89b2416073df5492 dad29cdb201b4c7d8a865d241c5b1338 - - e7d84081998540edbe4ef6b1c92eb358 e7d84081998540edbe4ef6b1c92eb358] 162.253.55.155 "GET /resource_providers?in_tree=690f1a09-a32a-40b8-a58c-1c48a6ca709e" status: 200 len: 798 microversion: 1.14 [pid: 8|app: 0|req: 569/1136] 162.253.55.155 () {34 vars in 891 bytes} [Sat Sep 19 00:22:34 2026] GET /resource_providers?in_tree=690f1a09-a32a-40b8-a58c-1c48a6ca709e => generated 798 bytes in 26 msecs (HTTP/1.1 200) 6 headers in 225 bytes (1 switches on core 0)
2026-09-19 00:22:34.539 7 INFO placement.requestlog [req-78fa6ff9-461b-49e8-bf8c-acb90915e1a0 req-7a17c7a3-4444-40e3-9500-9c838a510424 f35b316d11f3455a89b2416073df5492 dad29cdb201b4c7d8a865d241c5b1338 - - e7d84081998540edbe4ef6b1c92eb358 e7d84081998540edbe4ef6b1c92eb358] 162.253.55.155 "GET /resource_providers/690f1a09-a32a-40b8-a58c-1c48a6ca709e/inventories" status: 200 len: 401 microversion: 1.0 [pid: 7|app: 0|req: 568/1137] 162.253.55.155 () {32 vars in 856 bytes} [Sat Sep 19 00:22:34 2026] GET /resource_providers/690f1a09-a32a-40b8-a58c-1c48a6ca709e/inventories => generated 401 bytes in 18 msecs (HTTP/1.1 200) 6 headers in 224 bytes (1 switches on core 0)
2026-09-19 00:22:34.564 8 INFO placement.requestlog [req-78fa6ff9-461b-49e8-bf8c-acb90915e1a0 req-4fc734e6-deaf-46d6-8d3d-62a480b28f49 f35b316d11f3455a89b2416073df5492 dad29cdb201b4c7d8a865d241c5b1338 - - e7d84081998540edbe4ef6b1c92eb358 e7d84081998540edbe4ef6b1c92eb358] 162.253.55.155 "GET /resource_providers/690f1a09-a32a-40b8-a58c-1c48a6ca709e/aggregates" status: 200 len: 54 microversion: 1.19 [pid: 8|app: 0|req: 570/1138] 162.253.55.155 () {34 vars in 898 bytes} [Sat Sep 19 00:22:34 2026] GET /resource_providers/690f1a09-a32a-40b8-a58c-1c48a6ca709e/aggregates => generated 54 bytes in 19 msecs (HTTP/1.1 200) 8 headers in 295 bytes (1 switches on core 0)
2026-09-19 00:22:34.598 7 INFO placement.requestlog [req-78fa6ff9-461b-49e8-bf8c-acb90915e1a0 req-f5b2b2af-bdf5-4b1d-a223-d6638d8c774f f35b316d11f3455a89b2416073df5492 dad29cdb201b4c7d8a865d241c5b1338 - - e7d84081998540edbe4ef6b1c92eb358 e7d84081998540edbe4ef6b1c92eb358] 162.253.55.155 "GET /resource_providers/690f1a09-a32a-40b8-a58c-1c48a6ca709e/traits" status: 200 len: 2176 microversion: 1.6 [pid: 7|app: 0|req: 569/1139] 162.253.55.155 () {34 vars in 889 bytes} [Sat Sep 19 00:22:34 2026] GET /resource_providers/690f1a09-a32a-40b8-a58c-1c48a6ca709e/traits => generated 2176 bytes in 28 msecs (HTTP/1.1 200) 6 headers in 225 bytes (1 switches on core 0)
2026-09-19 00:22:34.623 8 INFO placement.requestlog [req-78fa6ff9-461b-49e8-bf8c-acb90915e1a0 req-04dfa374-c27b-4d58-9c30-f0e9fd7aef15 f35b316d11f3455a89b2416073df5492 dad29cdb201b4c7d8a865d241c5b1338 - - e7d84081998540edbe4ef6b1c92eb358 e7d84081998540edbe4ef6b1c92eb358] 162.253.55.155 "GET /resource_providers/690f1a09-a32a-40b8-a58c-1c48a6ca709e/allocations" status: 200 len: 55 microversion: 1.0 [pid: 8|app: 0|req: 571/1140] 162.253.55.155 () {32 vars in 856 bytes} [Sat Sep 19 00:22:34 2026] GET /resource_providers/690f1a09-a32a-40b8-a58c-1c48a6ca709e/allocations => generated 55 bytes in 19 msecs (HTTP/1.1 200) 6 headers in 223 bytes (1 switches on core 0)
2026-09-19 00:22:36.707 7 INFO placement.requestlog [None req-7921e1e7-0679-4cba-a301-2b1b9e929d1b - - - - - -] 10.0.0.232 "GET /" status: 200 len: 136 microversion: 1.0
2026-09-19 00:22:36.708 8 INFO placement.requestlog [None req-56579527-d6d6-4750-b284-8315bf5261b6 - - - - - -] 10.0.0.232 "GET /" status: 200 len: 136 microversion: 1.0
2026-09-19 00:22:46.707 7 INFO placement.requestlog [None req-8bbfb8bd-6e65-4a6e-a335-17a9919b3305 - - - - - -] 10.0.0.232 "GET /" status: 200 len: 136 microversion: 1.0
2026-09-19 00:22:46.707 8 INFO placement.requestlog [None req-5abbbd79-5b73-4a26-9de7-43ae8bbf63ec - - - - - -] 10.0.0.232 "GET /" status: 200 len: 136 microversion: 1.0
2026-09-19 00:22:55.163 8 INFO placement.requestlog [req-6f009feb-a16d-4f0b-b685-cabaf0631692 req-d63450ad-20ac-4110-a763-6605a95c67b7 f35b316d11f3455a89b2416073df5492 dad29cdb201b4c7d8a865d241c5b1338 - - e7d84081998540edbe4ef6b1c92eb358 e7d84081998540edbe4ef6b1c92eb358] 10.0.0.178 "GET /allocation_candidates?limit=1000&resources=DISK_GB%3A1%2CMEMORY_MB%3A512%2CVCPU%3A1&root_required=%21COMPUTE_STATUS_DISABLED" status: 200 len: 2640 microversion: 1.36 [pid: 8|app: 0|req: 574/1145] 10.0.0.178 () {34 vars in 1011 bytes} [Sat Sep 19 00:22:54 2026] GET /allocation_candidates?limit=1000&resources=DISK_GB%3A1%2CMEMORY_MB%3A512%2CVCPU%3A1&root_required=%21COMPUTE_STATUS_DISABLED => generated 2640 bytes in 241 msecs (HTTP/1.1 200) 8 headers in 297 bytes (1 switches on core 0)
2026-09-19 00:22:55.206 7 INFO placement.requestlog [req-6f009feb-a16d-4f0b-b685-cabaf0631692 req-39fe155a-3627-478e-98da-e82e04968113 f35b316d11f3455a89b2416073df5492 dad29cdb201b4c7d8a865d241c5b1338 - - e7d84081998540edbe4ef6b1c92eb358 e7d84081998540edbe4ef6b1c92eb358] 10.0.0.178 "GET /allocations/ef77f691-eaa3-42c9-8eea-9fad5302e6fd" status: 200 len: 19 microversion: 1.28 [pid: 7|app: 0|req: 572/1146] 10.0.0.178 () {34 vars in 860 bytes} [Sat Sep 19 00:22:55 2026] GET /allocations/ef77f691-eaa3-42c9-8eea-9fad5302e6fd => generated 19 bytes in 11 msecs (HTTP/1.1 200) 8 headers in 295 bytes (1 switches on core 0)
2026-09-19 00:22:55.314 8 INFO placement.requestlog [req-6f009feb-a16d-4f0b-b685-cabaf0631692 req-44561173-83e5-4cb2-bde0-2180a3f93bc4 f35b316d11f3455a89b2416073df5492 dad29cdb201b4c7d8a865d241c5b1338 - - e7d84081998540edbe4ef6b1c92eb358 e7d84081998540edbe4ef6b1c92eb358] 10.0.0.178 "PUT /allocations/ef77f691-eaa3-42c9-8eea-9fad5302e6fd" status: 204 len: 0 microversion: 1.36 [pid: 8|app: 0|req: 575/1147] 10.0.0.178 () {38 vars in 913 bytes} [Sat Sep 19 00:22:55 2026] PUT /allocations/ef77f691-eaa3-42c9-8eea-9fad5302e6fd => generated 0 bytes in 100 msecs (HTTP/1.1 204) 5 headers in 199 bytes (1 switches on core 0)
2026-09-19 00:22:56.593 7 INFO placement.requestlog [req-6f009feb-a16d-4f0b-b685-cabaf0631692 req-adbaedb7-147e-4284-b5c9-849e92b07b79 f35b316d11f3455a89b2416073df5492 dad29cdb201b4c7d8a865d241c5b1338 - - e7d84081998540edbe4ef6b1c92eb358 e7d84081998540edbe4ef6b1c92eb358] 162.253.55.155 "GET /allocations/ef77f691-eaa3-42c9-8eea-9fad5302e6fd" status: 200 len: 258 microversion: 1.28 [pid: 7|app: 0|req: 573/1148] 162.253.55.155 () {34 vars in 862 bytes} [Sat Sep 19 00:22:56 2026] GET /allocations/ef77f691-eaa3-42c9-8eea-9fad5302e6fd => generated 258 bytes in 15 msecs (HTTP/1.1 200) 8 headers in 296 bytes (1 switches on core 0)
2026-09-19 00:22:56.707 7 INFO placement.requestlog [None req-dc331ef0-5ecd-4970-a25a-62d32d80e402 - - - - - -] 10.0.0.232 "GET /" status: 200 len: 136 microversion: 1.0
2026-09-19 00:22:56.707 8 INFO placement.requestlog [None req-ffdf6ff5-6eba-44d9-a103-ff2f5e452533 - - - - - -] 10.0.0.232 "GET /" status: 200 len: 136 microversion: 1.0
2026-09-19 00:22:57.639 7 INFO placement.requestlog [req-6f009feb-a16d-4f0b-b685-cabaf0631692 req-1111c31d-c58b-4dbc-aa5b-98a75be004ad f35b316d11f3455a89b2416073df5492 dad29cdb201b4c7d8a865d241c5b1338 - - e7d84081998540edbe4ef6b1c92eb358 e7d84081998540edbe4ef6b1c92eb358] 162.253.55.155 "GET /resource_providers/690f1a09-a32a-40b8-a58c-1c48a6ca709e/allocations" status: 200 len: 153 microversion: 1.0 [pid: 7|app: 0|req: 575/1151] 162.253.55.155 () {32 vars in 856 bytes} [Sat Sep 19 00:22:57 2026] GET /resource_providers/690f1a09-a32a-40b8-a58c-1c48a6ca709e/allocations => generated 153 bytes in 22 msecs (HTTP/1.1 200) 6 headers in 224 bytes (1 switches on core 0)
