+ COMMAND=start + start + for KEYSTONE_WSGI_SCRIPT in keystone-wsgi-public ++ type -p keystone-wsgi-public + cp -a /var/lib/openstack/bin/keystone-wsgi-public /var/www/cgi-bin/keystone/ + '[' -f /etc/apache2/envvars ']' + source /etc/apache2/envvars ++ unset HOME ++ '[' '' '!=' '' ']' ++ SUFFIX= ++ export APACHE_RUN_USER=www-data ++ APACHE_RUN_USER=www-data ++ export APACHE_RUN_GROUP=www-data ++ APACHE_RUN_GROUP=www-data ++ export APACHE_PID_FILE=/var/run/apache2/apache2.pid ++ APACHE_PID_FILE=/var/run/apache2/apache2.pid ++ export APACHE_RUN_DIR=/var/run/apache2 ++ APACHE_RUN_DIR=/var/run/apache2 ++ export APACHE_LOCK_DIR=/var/lock/apache2 ++ APACHE_LOCK_DIR=/var/lock/apache2 ++ export APACHE_LOG_DIR=/var/log/apache2 ++ APACHE_LOG_DIR=/var/log/apache2 ++ export LANG=C ++ LANG=C ++ export LANG + '[' -f /var/run/apache2/apache2.pid ']' + exec apache2 -DFOREGROUND AH00558: apache2: Could not reliably determine the server's fully qualified domain name, using 10.0.0.84. Set the 'ServerName' directive globally to suppress this message AH00558: apache2: Could not reliably determine the server's fully qualified domain name, using 10.0.0.84. Set the 'ServerName' directive globally to suppress this message
[Thu Jul 02 19:58:28.415572 2026] [mpm_event:notice] [pid 1:tid 140626907101056] AH00489: Apache/2.4.58 (Ubuntu) mod_wsgi/5.0.0 Python/3.12 configured -- resuming normal operations
[Thu Jul 02 19:58:28.415756 2026] [core:notice] [pid 1:tid 140626907101056] AH00094: Command line: 'apache2 -D FOREGROUND'
[Thu Jul 02 19:59:14.961882 2026] [wsgi:error] [pid 11:tid 140626270328512] /var/lib/openstack/lib/python3.12/site-packages/oslo_utils/importutils.py:77: EventletDeprecationWarning:
[Thu Jul 02 19:59:14.961924 2026] [wsgi:error] [pid 11:tid 140626270328512] Eventlet is deprecated. It is currently being maintained in bugfix mode, and
[Thu Jul 02 19:59:14.961926 2026] [wsgi:error] [pid 11:tid 140626270328512] we strongly recommend against using it for new projects.
[Thu Jul 02 19:59:14.961927 2026] [wsgi:error] [pid 11:tid 140626270328512]
[Thu Jul 02 19:59:14.961928 2026] [wsgi:error] [pid 11:tid 140626270328512] If you are already using Eventlet, we recommend migrating to a different
[Thu Jul 02 19:59:14.961929 2026] [wsgi:error] [pid 11:tid 140626270328512] framework. For more detail see
[Thu Jul 02 19:59:14.961930 2026] [wsgi:error] [pid 11:tid 140626270328512] https://eventlet.readthedocs.io/en/latest/asyncio/migration.html
[Thu Jul 02 19:59:14.961932 2026] [wsgi:error] [pid 11:tid 140626270328512]
[Thu Jul 02 19:59:14.961933 2026] [wsgi:error] [pid 11:tid 140626270328512] __import__(import_str) 10.0.0.169 - - [02/Jul/2026:19:59:14 +0000] "GET /v3/ HTTP/1.1" 200 249
[Thu Jul 02 19:59:20.350316 2026] [wsgi:error] [pid 9:tid 140626270328512] /var/lib/openstack/lib/python3.12/site-packages/oslo_utils/importutils.py:77: EventletDeprecationWarning:
[Thu Jul 02 19:59:20.350374 2026] [wsgi:error] [pid 9:tid 140626270328512] Eventlet is deprecated. It is currently being maintained in bugfix mode, and
[Thu Jul 02 19:59:20.350377 2026] [wsgi:error] [pid 9:tid 140626270328512] we strongly recommend against using it for new projects.
[Thu Jul 02 19:59:20.350378 2026] [wsgi:error] [pid 9:tid 140626270328512]
[Thu Jul 02 19:59:20.350379 2026] [wsgi:error] [pid 9:tid 140626270328512] If you are already using Eventlet, we recommend migrating to a different
[Thu Jul 02 19:59:20.350380 2026] [wsgi:error] [pid 9:tid 140626270328512] framework. For more detail see
[Thu Jul 02 19:59:20.350381 2026] [wsgi:error] [pid 9:tid 140626270328512] https://eventlet.readthedocs.io/en/latest/asyncio/migration.html
[Thu Jul 02 19:59:20.350382 2026] [wsgi:error] [pid 9:tid 140626270328512]
[Thu Jul 02 19:59:20.350383 2026] [wsgi:error] [pid 9:tid 140626270328512] __import__(import_str) 10.0.0.169 - - [02/Jul/2026:19:59:19 +0000] "GET /v3/ HTTP/1.1" 200 249
[Thu Jul 02 19:59:28.206658 2026] [wsgi:error] [pid 12:tid 140626270328512] /var/lib/openstack/lib/python3.12/site-packages/oslo_utils/importutils.py:77: EventletDeprecationWarning:
[Thu Jul 02 19:59:28.206703 2026] [wsgi:error] [pid 12:tid 140626270328512] Eventlet is deprecated. It is currently being maintained in bugfix mode, and
[Thu Jul 02 19:59:28.206705 2026] [wsgi:error] [pid 12:tid 140626270328512] we strongly recommend against using it for new projects.
[Thu Jul 02 19:59:28.206706 2026] [wsgi:error] [pid 12:tid 140626270328512]
[Thu Jul 02 19:59:28.206708 2026] [wsgi:error] [pid 12:tid 140626270328512] If you are already using Eventlet, we recommend migrating to a different
[Thu Jul 02 19:59:28.206709 2026] [wsgi:error] [pid 12:tid 140626270328512] framework. For more detail see
[Thu Jul 02 19:59:28.206710 2026] [wsgi:error] [pid 12:tid 140626270328512] https://eventlet.readthedocs.io/en/latest/asyncio/migration.html
[Thu Jul 02 19:59:28.206711 2026] [wsgi:error] [pid 12:tid 140626270328512]
[Thu Jul 02 19:59:28.206712 2026] [wsgi:error] [pid 12:tid 140626270328512] __import__(import_str) 10.0.0.70 - - [02/Jul/2026:19:59:27 +0000] "GET / HTTP/1.1" 300 295
[Thu Jul 02 19:59:33.606891 2026] [wsgi:error] [pid 10:tid 140626270328512] /var/lib/openstack/lib/python3.12/site-packages/oslo_utils/importutils.py:77: EventletDeprecationWarning:
[Thu Jul 02 19:59:33.606926 2026] [wsgi:error] [pid 10:tid 140626270328512] Eventlet is deprecated. It is currently being maintained in bugfix mode, and
[Thu Jul 02 19:59:33.606928 2026] [wsgi:error] [pid 10:tid 140626270328512] we strongly recommend against using it for new projects.
[Thu Jul 02 19:59:33.606929 2026] [wsgi:error] [pid 10:tid 140626270328512]
[Thu Jul 02 19:59:33.606930 2026] [wsgi:error] [pid 10:tid 140626270328512] If you are already using Eventlet, we recommend migrating to a different
[Thu Jul 02 19:59:33.606932 2026] [wsgi:error] [pid 10:tid 140626270328512] framework. For more detail see
[Thu Jul 02 19:59:33.606933 2026] [wsgi:error] [pid 10:tid 140626270328512] https://eventlet.readthedocs.io/en/latest/asyncio/migration.html
[Thu Jul 02 19:59:33.606934 2026] [wsgi:error] [pid 10:tid 140626270328512]
[Thu Jul 02 19:59:33.606935 2026] [wsgi:error] [pid 10:tid 140626270328512] __import__(import_str)
[Thu Jul 02 19:59:38.388357 2026] [wsgi:error] [pid 10:tid 140626270328512] [remote 10.0.0.70:35288] 2026-07-02 19:59:38.385 10 WARNING keystone.identity.core [None req-edd52496-e51c-4545-b85e-57c53710843c - - - - - -] Invalid domain name (atmosphere) found in config file name: keystone.exception.DomainNotFound: Could not find domain: atmosphere.
[Thu Jul 02 19:59:38.453210 2026] [wsgi:error] [pid 10:tid 140626270328512] [remote 10.0.0.70:35288] 2026-07-02 19:59:38.452 10 WARNING keystone.common.password_hashing [None req-edd52496-e51c-4545-b85e-57c53710843c - - - - - -] Truncating password to algorithm specific maximum length 72 characters.
[Thu Jul 02 19:59:38.749736 2026] [wsgi:error] [pid 10:tid 140626270328512] [remote 10.0.0.70:35288] 2026-07-02 19:59:38.749 10 WARNING keystone.common.fernet_utils [None req-edd52496-e51c-4545-b85e-57c53710843c - - - - - -] key_repository is world readable: /etc/keystone/fernet-keys/ 10.0.0.70 - - [02/Jul/2026:19:59:32 +0000] "POST /v3/auth/tokens HTTP/1.1" 201 1358
[Thu Jul 02 19:59:39.121485 2026] [wsgi:error] [pid 11:tid 140626270328512] [remote 10.0.0.70:35288] 2026-07-02 19:59:39.118 11 WARNING keystone.identity.core [None req-e8bb8bb1-a355-4423-9fbf-138964db461a - - - - - -] Invalid domain name (atmosphere) found in config file name: keystone.exception.DomainNotFound: Could not find domain: atmosphere. 10.0.0.70 - - [02/Jul/2026:19:59:38 +0000] "POST /v3/domains HTTP/1.1" 201 261 10.0.0.52 - - [02/Jul/2026:19:59:51 +0000] "GET / HTTP/1.1" 300 295
[Thu Jul 02 19:59:52.028509 2026] [wsgi:error] [pid 12:tid 140626270328512] [remote 10.0.0.52:57128] 2026-07-02 19:59:52.027 12 WARNING keystone.common.password_hashing [None req-e6260d8b-fa75-46cc-9638-7791d515aaa9 - - - - - -] Truncating password to algorithm specific maximum length 72 characters.
[Thu Jul 02 19:59:52.303698 2026] [wsgi:error] [pid 12:tid 140626270328512] [remote 10.0.0.52:57128] 2026-07-02 19:59:52.303 12 WARNING keystone.common.fernet_utils [None req-e6260d8b-fa75-46cc-9638-7791d515aaa9 - - - - - -] key_repository is world readable: /etc/keystone/fernet-keys/ 10.0.0.52 - - [02/Jul/2026:19:59:51 +0000] "POST /v3/auth/tokens HTTP/1.1" 201 1358 10.0.0.52 - - [02/Jul/2026:19:59:52 +0000] "GET /v3/roles/admin HTTP/1.1" 404 83
[Thu Jul 02 19:59:52.552101 2026] [wsgi:error] [pid 11:tid 140626270328512] [remote 10.0.0.52:57128] 2026-07-02 19:59:52.551 11 WARNING keystone.common.rbac_enforcer.enforcer [None req-82851518-9c41-4265-8c8e-d31c17cced76 c233c6f5072c4186a3a87de49baea232 a8a494c5d39c44f49f590df627cc372e - - default default] Deprecated policy rules found. Use oslopolicy-policy-generator and oslopolicy-policy-upgrade to detect and resolve deprecated policies in your configuration. 10.0.0.52 - - [02/Jul/2026:19:59:52 +0000] "GET /v3/roles?name=admin HTTP/1.1" 200 389
[Thu Jul 02 19:59:53.139491 2026] [wsgi:error] [pid 9:tid 140626270328512] [remote 10.0.0.52:57128] 2026-07-02 19:59:53.139 9 WARNING keystone.common.rbac_enforcer.enforcer [None req-02831a28-ef35-4952-a0f8-b7686ecc718e c233c6f5072c4186a3a87de49baea232 a8a494c5d39c44f49f590df627cc372e - - default default] Deprecated policy rules found. Use oslopolicy-policy-generator and oslopolicy-policy-upgrade to detect and resolve deprecated policies in your configuration. 10.0.0.52 - - [02/Jul/2026:19:59:52 +0000] "GET /v3/users/admin-RegionOne HTTP/1.1" 404 93
[Thu Jul 02 19:59:53.299875 2026] [wsgi:error] [pid 12:tid 140626270328512] [remote 10.0.0.52:57128] 2026-07-02 19:59:53.299 12 WARNING keystone.common.rbac_enforcer.enforcer [None req-8b6cada9-0fdb-47ed-940a-4e9a37d42406 c233c6f5072c4186a3a87de49baea232 a8a494c5d39c44f49f590df627cc372e - - default default] Deprecated policy rules found. Use oslopolicy-policy-generator and oslopolicy-policy-upgrade to detect and resolve deprecated policies in your configuration. 10.0.0.52 - - [02/Jul/2026:19:59:53 +0000] "GET /v3/users?name=admin-RegionOne HTTP/1.1" 200 422
[Thu Jul 02 19:59:53.564338 2026] [wsgi:error] [pid 10:tid 140626270328512] [remote 10.0.0.52:57128] 2026-07-02 19:59:53.564 10 WARNING keystone.common.rbac_enforcer.enforcer [None req-57968d78-4ef8-4cfe-bdf8-e9d77b421152 c233c6f5072c4186a3a87de49baea232 a8a494c5d39c44f49f590df627cc372e - - default default] Deprecated policy rules found. Use oslopolicy-policy-generator and oslopolicy-policy-upgrade to detect and resolve deprecated policies in your configuration. 10.0.0.52 - - [02/Jul/2026:19:59:53 +0000] "GET /v3/domains/default HTTP/1.1" 200 224 10.0.0.52 - - [02/Jul/2026:19:59:53 +0000] "PUT /v3/domains/default/users/c233c6f5072c4186a3a87de49baea232/roles/cdd17c3239f645359409d1ccc98a5df1 HTTP/1.1" 204 - 10.0.0.169 - - [02/Jul/2026:20:00:03 +0000] "GET / HTTP/1.1" 300 279 10.0.0.169 - - [02/Jul/2026:20:00:05 +0000] "GET /v3 HTTP/1.1" 200 264
[Thu Jul 02 20:00:05.490876 2026] [wsgi:error] [pid 10:tid 140626270328512] [remote 10.0.0.169:39730] 2026-07-02 20:00:05.490 10 WARNING keystone.common.password_hashing [None req-845784dc-57b1-471e-8cee-4cc86aa6418c - - - - - -] Truncating password to algorithm specific maximum length 72 characters.
[Thu Jul 02 20:00:05.781917 2026] [wsgi:error] [pid 10:tid 140626270328512] [remote 10.0.0.169:39730] 2026-07-02 20:00:05.781 10 WARNING keystone.common.fernet_utils [None req-845784dc-57b1-471e-8cee-4cc86aa6418c - - - - - -] key_repository is world readable: /etc/keystone/fernet-keys/ 10.0.0.169 - - [02/Jul/2026:20:00:05 +0000] "POST /v3/auth/tokens HTTP/1.1" 201 1358 10.0.0.169 - - [02/Jul/2026:20:00:05 +0000] "GET / HTTP/1.1" 300 279 10.0.0.169 - - [02/Jul/2026:20:00:05 +0000] "GET /v3/domains/atmosphere HTTP/1.1" 404 90 10.0.0.169 - - [02/Jul/2026:20:00:05 +0000] "GET /v3/domains?name=atmosphere HTTP/1.1" 200 366 10.0.0.169 - - [02/Jul/2026:20:00:06 +0000] "GET /v3/domains/d9bb9c81c95c41d9a414047f755a3ac5 HTTP/1.1" 200 245 10.0.0.169 - - [02/Jul/2026:20:00:06 +0000] "GET /v3 HTTP/1.1" 200 264
[Thu Jul 02 20:00:06.919952 2026] [wsgi:error] [pid 9:tid 140626270328512] [remote 10.0.0.169:56602] 2026-07-02 20:00:06.919 9 WARNING keystone.common.password_hashing [None req-920ed190-c02a-4db8-87f3-1e7114e626dc - - - - - -] Truncating password to algorithm specific maximum length 72 characters.
[Thu Jul 02 20:00:07.224371 2026] [wsgi:error] [pid 9:tid 140626270328512] [remote 10.0.0.169:56602] 2026-07-02 20:00:07.224 9 WARNING keystone.common.fernet_utils [None req-920ed190-c02a-4db8-87f3-1e7114e626dc - - - - - -] key_repository is world readable: /etc/keystone/fernet-keys/ 10.0.0.169 - - [02/Jul/2026:20:00:06 +0000] "POST /v3/auth/tokens HTTP/1.1" 201 1358 10.0.0.169 - - [02/Jul/2026:20:00:07 +0000] "GET / HTTP/1.1" 300 279 10.0.0.169 - - [02/Jul/2026:20:00:07 +0000] "GET /v3/OS-FEDERATION/identity_providers/atmosphere HTTP/1.1" 404 101 10.0.0.169 - - [02/Jul/2026:20:00:07 +0000] "GET /v3/OS-FEDERATION/identity_providers HTTP/1.1" 200 154 10.0.0.169 - - [02/Jul/2026:20:00:07 +0000] "PUT /v3/OS-FEDERATION/identity_providers/atmosphere HTTP/1.1" 201 338 10.0.0.169 - - [02/Jul/2026:20:00:08 +0000] "GET /v3 HTTP/1.1" 200 264
[Thu Jul 02 20:00:08.109879 2026] [wsgi:error] [pid 10:tid 140626270328512] [remote 10.0.0.169:56602] 2026-07-02 20:00:08.109 10 WARNING keystone.common.password_hashing [None req-d115539f-ab62-4a8a-a140-b933caa94da7 - - - - - -] Truncating password to algorithm specific maximum length 72 characters.
[Thu Jul 02 20:00:08.388801 2026] [wsgi:error] [pid 10:tid 140626270328512] [remote 10.0.0.169:56602] 2026-07-02 20:00:08.388 10 WARNING keystone.common.fernet_utils [None req-d115539f-ab62-4a8a-a140-b933caa94da7 - - - - - -] key_repository is world readable: /etc/keystone/fernet-keys/ 10.0.0.169 - - [02/Jul/2026:20:00:08 +0000] "POST /v3/auth/tokens HTTP/1.1" 201 1358 10.0.0.169 - - [02/Jul/2026:20:00:08 +0000] "GET / HTTP/1.1" 300 279 10.0.0.169 - - [02/Jul/2026:20:00:08 +0000] "GET /v3/OS-FEDERATION/mappings/atmosphere-openid HTTP/1.1" 404 98 10.0.0.169 - - [02/Jul/2026:20:00:08 +0000] "GET /v3/OS-FEDERATION/mappings HTTP/1.1" 200 134 10.0.0.169 - - [02/Jul/2026:20:00:08 +0000] "PUT /v3/OS-FEDERATION/mappings/atmosphere-openid HTTP/1.1" 201 355 10.0.0.169 - - [02/Jul/2026:20:00:09 +0000] "GET /v3 HTTP/1.1" 200 264
[Thu Jul 02 20:00:09.294158 2026] [wsgi:error] [pid 9:tid 140626270328512] [remote 10.0.0.169:56602] 2026-07-02 20:00:09.293 9 WARNING keystone.common.password_hashing [None req-5e483a66-9bee-40b7-982e-72ff6e909446 - - - - - -] Truncating password to algorithm specific maximum length 72 characters.
[Thu Jul 02 20:00:09.572062 2026] [wsgi:error] [pid 9:tid 140626270328512] [remote 10.0.0.169:56602] 2026-07-02 20:00:09.571 9 WARNING keystone.common.fernet_utils [None req-5e483a66-9bee-40b7-982e-72ff6e909446 - - - - - -] key_repository is world readable: /etc/keystone/fernet-keys/ 10.0.0.169 - - [02/Jul/2026:20:00:09 +0000] "POST /v3/auth/tokens HTTP/1.1" 201 1358 10.0.0.169 - - [02/Jul/2026:20:00:09 +0000] "GET / HTTP/1.1" 300 279 10.0.0.169 - - [02/Jul/2026:20:00:09 +0000] "GET /v3/OS-FEDERATION/identity_providers/atmosphere/protocols/openid?idp_id=atmosphere HTTP/1.1" 404 131 10.0.0.169 - - [02/Jul/2026:20:00:09 +0000] "GET /v3/OS-FEDERATION/identity_providers/atmosphere/protocols HTTP/1.1" 200 166 10.0.0.169 - - [02/Jul/2026:20:00:09 +0000] "PUT /v3/OS-FEDERATION/identity_providers/atmosphere/protocols/openid HTTP/1.1" 201 220 10.0.0.169 - - [02/Jul/2026:20:00:14 +0000] "GET /v3/ HTTP/1.1" 200 249 10.0.0.169 - - [02/Jul/2026:20:00:14 +0000] "GET /v3/ HTTP/1.1" 200 249 10.0.0.169 - - [02/Jul/2026:20:01:14 +0000] "GET /v3/ HTTP/1.1" 200 249 10.0.0.169 - - [02/Jul/2026:20:01:14 +0000] "GET /v3/ HTTP/1.1" 200 249 10.0.0.152 - - [02/Jul/2026:20:01:52 +0000] "GET / HTTP/1.1" 300 295
[Thu Jul 02 20:01:52.255994 2026] [wsgi:error] [pid 10:tid 140626270328512] [remote 10.0.0.152:42794] 2026-07-02 20:01:52.255 10 WARNING keystone.common.password_hashing [None req-8be31275-90da-4700-8691-3046132ac379 - - - - - -] Truncating password to algorithm specific maximum length 72 characters.
[Thu Jul 02 20:01:52.555176 2026] [wsgi:error] [pid 10:tid 140626270328512] [remote 10.0.0.152:42794] 2026-07-02 20:01:52.555 10 WARNING keystone.common.fernet_utils [None req-8be31275-90da-4700-8691-3046132ac379 - - - - - -] key_repository is world readable: /etc/keystone/fernet-keys/ 10.0.0.152 - - [02/Jul/2026:20:01:52 +0000] "POST /v3/auth/tokens HTTP/1.1" 201 1358 10.0.0.152 - - [02/Jul/2026:20:01:52 +0000] "GET /v3/services HTTP/1.1" 200 355 10.0.0.152 - - [02/Jul/2026:20:01:56 +0000] "GET / HTTP/1.1" 300 295
[Thu Jul 02 20:01:56.421946 2026] [wsgi:error] [pid 12:tid 140626270328512] [remote 10.0.0.152:56364] 2026-07-02 20:01:56.421 12 WARNING keystone.common.password_hashing [None req-4e8da079-07a7-403f-9326-84336a4fb589 - - - - - -] Truncating password to algorithm specific maximum length 72 characters.
[Thu Jul 02 20:01:56.710700 2026] [wsgi:error] [pid 12:tid 140626270328512] [remote 10.0.0.152:56364] 2026-07-02 20:01:56.710 12 WARNING keystone.common.fernet_utils [None req-4e8da079-07a7-403f-9326-84336a4fb589 - - - - - -] key_repository is world readable: /etc/keystone/fernet-keys/ 10.0.0.152 - - [02/Jul/2026:20:01:56 +0000] "POST /v3/auth/tokens HTTP/1.1" 201 1358 10.0.0.152 - - [02/Jul/2026:20:01:56 +0000] "GET /v3/services HTTP/1.1" 200 355 10.0.0.152 - - [02/Jul/2026:20:02:00 +0000] "GET / HTTP/1.1" 300 295
[Thu Jul 02 20:02:00.586157 2026] [wsgi:error] [pid 9:tid 140626270328512] [remote 10.0.0.152:56368] 2026-07-02 20:02:00.585 9 WARNING keystone.common.password_hashing [None req-b731eff4-d2a5-4e0e-b9dc-7e69f8c98ce5 - - - - - -] Truncating password to algorithm specific maximum length 72 characters.
[Thu Jul 02 20:02:00.863371 2026] [wsgi:error] [pid 9:tid 140626270328512] [remote 10.0.0.152:56368] 2026-07-02 20:02:00.863 9 WARNING keystone.common.fernet_utils [None req-b731eff4-d2a5-4e0e-b9dc-7e69f8c98ce5 - - - - - -] key_repository is world readable: /etc/keystone/fernet-keys/ 10.0.0.152 - - [02/Jul/2026:20:02:00 +0000] "POST /v3/auth/tokens HTTP/1.1" 201 1358 10.0.0.152 - - [02/Jul/2026:20:02:00 +0000] "GET /v3/services HTTP/1.1" 200 355 10.0.0.152 - - [02/Jul/2026:20:02:04 +0000] "GET / HTTP/1.1" 300 295
[Thu Jul 02 20:02:04.761473 2026] [wsgi:error] [pid 11:tid 140626270328512] [remote 10.0.0.152:56376] 2026-07-02 20:02:04.761 11 WARNING keystone.common.password_hashing [None req-80e29c34-88f0-4dd5-bdde-1837d7410746 - - - - - -] Truncating password to algorithm specific maximum length 72 characters.
[Thu Jul 02 20:02:05.035913 2026] [wsgi:error] [pid 11:tid 140626270328512] [remote 10.0.0.152:56376] 2026-07-02 20:02:05.035 11 WARNING keystone.common.fernet_utils [None req-80e29c34-88f0-4dd5-bdde-1837d7410746 - - - - - -] key_repository is world readable: /etc/keystone/fernet-keys/ 10.0.0.152 - - [02/Jul/2026:20:02:04 +0000] "POST /v3/auth/tokens HTTP/1.1" 201 1358 10.0.0.152 - - [02/Jul/2026:20:02:05 +0000] "POST /v3/services HTTP/1.1" 201 296 10.0.0.169 - - [02/Jul/2026:20:02:14 +0000] "GET /v3/ HTTP/1.1" 200 249 10.0.0.169 - - [02/Jul/2026:20:02:14 +0000] "GET /v3/ HTTP/1.1" 200 249 10.0.0.146 - - [02/Jul/2026:20:02:17 +0000] "GET / HTTP/1.1" 300 295
[Thu Jul 02 20:02:17.155472 2026] [wsgi:error] [pid 9:tid 140626270328512] [remote 10.0.0.146:48516] 2026-07-02 20:02:17.155 9 WARNING keystone.common.password_hashing [None req-564f3f5c-5be6-4bc6-9b58-f8a1735f0f79 - - - - - -] Truncating password to algorithm specific maximum length 72 characters. 10.0.0.146 - - [02/Jul/2026:20:02:17 +0000] "GET / HTTP/1.1" 300 295
[Thu Jul 02 20:02:17.407118 2026] [wsgi:error] [pid 10:tid 140626270328512] [remote 10.0.0.146:48520] 2026-07-02 20:02:17.406 10 WARNING keystone.common.password_hashing [None req-2cd5e1fc-a8d7-48a1-ad1a-9fe4e3eb7afe - - - - - -] Truncating password to algorithm specific maximum length 72 characters.
[Thu Jul 02 20:02:17.437450 2026] [wsgi:error] [pid 9:tid 140626270328512] [remote 10.0.0.146:48516] 2026-07-02 20:02:17.437 9 WARNING keystone.common.fernet_utils [None req-564f3f5c-5be6-4bc6-9b58-f8a1735f0f79 - - - - - -] key_repository is world readable: /etc/keystone/fernet-keys/ 10.0.0.146 - - [02/Jul/2026:20:02:17 +0000] "POST /v3/auth/tokens HTTP/1.1" 201 1462 10.0.0.146 - - [02/Jul/2026:20:02:17 +0000] "GET / HTTP/1.1" 300 295
[Thu Jul 02 20:02:17.511690 2026] [wsgi:error] [pid 12:tid 140626270328512] [remote 10.0.0.146:48532] 2026-07-02 20:02:17.511 12 WARNING keystone.common.password_hashing [None req-0d907b1a-29ad-4318-963e-f76feb08539e - - - - - -] Truncating password to algorithm specific maximum length 72 characters. 10.0.0.146 - - [02/Jul/2026:20:02:17 +0000] "GET /v3/services HTTP/1.1" 200 639
[Thu Jul 02 20:02:17.701432 2026] [wsgi:error] [pid 10:tid 140626270328512] [remote 10.0.0.146:48520] 2026-07-02 20:02:17.701 10 WARNING keystone.common.fernet_utils [None req-2cd5e1fc-a8d7-48a1-ad1a-9fe4e3eb7afe - - - - - -] key_repository is world readable: /etc/keystone/fernet-keys/ 10.0.0.146 - - [02/Jul/2026:20:02:17 +0000] "POST /v3/auth/tokens HTTP/1.1" 201 1462
[Thu Jul 02 20:02:17.794085 2026] [wsgi:error] [pid 12:tid 140626270328512] [remote 10.0.0.146:48532] 2026-07-02 20:02:17.793 12 WARNING keystone.common.fernet_utils [None req-0d907b1a-29ad-4318-963e-f76feb08539e - - - - - -] key_repository is world readable: /etc/keystone/fernet-keys/ 10.0.0.146 - - [02/Jul/2026:20:02:17 +0000] "POST /v3/auth/tokens HTTP/1.1" 201 1462 10.0.0.146 - - [02/Jul/2026:20:02:17 +0000] "GET /v3/services HTTP/1.1" 200 639 10.0.0.146 - - [02/Jul/2026:20:02:17 +0000] "GET /v3/services HTTP/1.1" 200 639 10.0.0.146 - - [02/Jul/2026:20:02:19 +0000] "GET / HTTP/1.1" 300 295
[Thu Jul 02 20:02:19.313910 2026] [wsgi:error] [pid 12:tid 140626270328512] [remote 10.0.0.146:48540] 2026-07-02 20:02:19.313 12 WARNING keystone.common.password_hashing [None req-32250b9c-5b70-462e-8e18-fc5dba6a688a - - - - - -] Truncating password to algorithm specific maximum length 72 characters. 10.0.0.146 - - [02/Jul/2026:20:02:19 +0000] "GET / HTTP/1.1" 300 295
[Thu Jul 02 20:02:19.599565 2026] [wsgi:error] [pid 9:tid 140626270328512] [remote 10.0.0.146:48556] 2026-07-02 20:02:19.599 9 WARNING keystone.common.password_hashing [None req-2706f52c-78a6-4d95-adcd-f5e744793f13 - - - - - -] Truncating password to algorithm specific maximum length 72 characters.
[Thu Jul 02 20:02:19.633640 2026] [wsgi:error] [pid 12:tid 140626270328512] [remote 10.0.0.146:48540] 2026-07-02 20:02:19.633 12 WARNING keystone.common.fernet_utils [None req-32250b9c-5b70-462e-8e18-fc5dba6a688a - - - - - -] key_repository is world readable: /etc/keystone/fernet-keys/ 10.0.0.146 - - [02/Jul/2026:20:02:19 +0000] "POST /v3/auth/tokens HTTP/1.1" 201 1462 10.0.0.146 - - [02/Jul/2026:20:02:19 +0000] "GET / HTTP/1.1" 300 295 10.0.0.146 - - [02/Jul/2026:20:02:19 +0000] "GET /v3/endpoints HTTP/1.1" 200 1225
[Thu Jul 02 20:02:19.781467 2026] [wsgi:error] [pid 12:tid 140626270328512] [remote 10.0.0.146:48568] 2026-07-02 20:02:19.781 12 WARNING keystone.common.password_hashing [None req-6e712629-732c-4392-b026-709a631b643b - - - - - -] Truncating password to algorithm specific maximum length 72 characters. 10.0.0.146 - - [02/Jul/2026:20:02:19 +0000] "GET /v3/services/fa491548be6f4f20a654b271d6ccfab5 HTTP/1.1" 200 233 10.0.0.146 - - [02/Jul/2026:20:02:19 +0000] "GET /v3/services/fa491548be6f4f20a654b271d6ccfab5 HTTP/1.1" 200 233 10.0.0.146 - - [02/Jul/2026:20:02:19 +0000] "GET /v3/services/fa491548be6f4f20a654b271d6ccfab5 HTTP/1.1" 200 233
[Thu Jul 02 20:02:19.891876 2026] [wsgi:error] [pid 9:tid 140626270328512] [remote 10.0.0.146:48556] 2026-07-02 20:02:19.891 9 WARNING keystone.common.fernet_utils [None req-2706f52c-78a6-4d95-adcd-f5e744793f13 - - - - - -] key_repository is world readable: /etc/keystone/fernet-keys/ 10.0.0.146 - - [02/Jul/2026:20:02:19 +0000] "POST /v3/auth/tokens HTTP/1.1" 201 1462 10.0.0.146 - - [02/Jul/2026:20:02:19 +0000] "GET /v3/endpoints HTTP/1.1" 200 1225 10.0.0.146 - - [02/Jul/2026:20:02:20 +0000] "GET /v3/services/fa491548be6f4f20a654b271d6ccfab5 HTTP/1.1" 200 233
[Thu Jul 02 20:02:20.063713 2026] [wsgi:error] [pid 12:tid 140626270328512] [remote 10.0.0.146:48568] 2026-07-02 20:02:20.063 12 WARNING keystone.common.fernet_utils [None req-6e712629-732c-4392-b026-709a631b643b - - - - - -] key_repository is world readable: /etc/keystone/fernet-keys/ 10.0.0.146 - - [02/Jul/2026:20:02:19 +0000] "POST /v3/auth/tokens HTTP/1.1" 201 1462 10.0.0.146 - - [02/Jul/2026:20:02:20 +0000] "GET /v3/services/fa491548be6f4f20a654b271d6ccfab5 HTTP/1.1" 200 233 10.0.0.146 - - [02/Jul/2026:20:02:20 +0000] "GET /v3/services/fa491548be6f4f20a654b271d6ccfab5 HTTP/1.1" 200 233 10.0.0.146 - - [02/Jul/2026:20:02:20 +0000] "GET /v3/endpoints HTTP/1.1" 200 1225 10.0.0.146 - - [02/Jul/2026:20:02:20 +0000] "GET /v3/services/fa491548be6f4f20a654b271d6ccfab5 HTTP/1.1" 200 233 10.0.0.146 - - [02/Jul/2026:20:02:20 +0000] "GET /v3/services/fa491548be6f4f20a654b271d6ccfab5 HTTP/1.1" 200 233 10.0.0.146 - - [02/Jul/2026:20:02:20 +0000] "GET /v3/services/fa491548be6f4f20a654b271d6ccfab5 HTTP/1.1" 200 233 10.0.0.146 - - [02/Jul/2026:20:02:21 +0000] "GET / HTTP/1.1" 300 295
[Thu Jul 02 20:02:21.422309 2026] [wsgi:error] [pid 12:tid 140626270328512] [remote 10.0.0.146:48574] 2026-07-02 20:02:21.422 12 WARNING keystone.common.password_hashing [None req-b38d3ec0-6bfb-49c7-852f-209ddef5046e - - - - - -] Truncating password to algorithm specific maximum length 72 characters.
[Thu Jul 02 20:02:21.734538 2026] [wsgi:error] [pid 12:tid 140626270328512] [remote 10.0.0.146:48574] 2026-07-02 20:02:21.734 12 WARNING keystone.common.fernet_utils [None req-b38d3ec0-6bfb-49c7-852f-209ddef5046e - - - - - -] key_repository is world readable: /etc/keystone/fernet-keys/ 10.0.0.146 - - [02/Jul/2026:20:02:21 +0000] "POST /v3/auth/tokens HTTP/1.1" 201 1462 10.0.0.146 - - [02/Jul/2026:20:02:21 +0000] "GET / HTTP/1.1" 300 295 10.0.0.146 - - [02/Jul/2026:20:02:21 +0000] "GET /v3/services/c3bcc2c2255249bebe64d37fa243169c HTTP/1.1" 200 296
[Thu Jul 02 20:02:21.873768 2026] [wsgi:error] [pid 11:tid 140626270328512] [remote 10.0.0.146:48576] 2026-07-02 20:02:21.873 11 WARNING keystone.common.password_hashing [None req-fcfe8679-f582-488a-a863-bb3cc7996473 - - - - - -] Truncating password to algorithm specific maximum length 72 characters. 10.0.0.146 - - [02/Jul/2026:20:02:21 +0000] "GET /v3/regions/RegionOne HTTP/1.1" 200 173 10.0.0.146 - - [02/Jul/2026:20:02:21 +0000] "POST /v3/endpoints HTTP/1.1" 201 380 10.0.0.146 - - [02/Jul/2026:20:02:22 +0000] "GET / HTTP/1.1" 300 295
[Thu Jul 02 20:02:22.055339 2026] [wsgi:error] [pid 12:tid 140626270328512] [remote 10.0.0.146:48580] 2026-07-02 20:02:22.055 12 WARNING keystone.common.password_hashing [None req-104fed94-da20-4cfb-9640-4b569ea30033 - - - - - -] Truncating password to algorithm specific maximum length 72 characters.
[Thu Jul 02 20:02:22.156097 2026] [wsgi:error] [pid 11:tid 140626270328512] [remote 10.0.0.146:48576] 2026-07-02 20:02:22.155 11 WARNING keystone.common.fernet_utils [None req-fcfe8679-f582-488a-a863-bb3cc7996473 - - - - - -] key_repository is world readable: /etc/keystone/fernet-keys/ 10.0.0.146 - - [02/Jul/2026:20:02:21 +0000] "POST /v3/auth/tokens HTTP/1.1" 201 1639 10.0.0.146 - - [02/Jul/2026:20:02:22 +0000] "GET /v3/services/c3bcc2c2255249bebe64d37fa243169c HTTP/1.1" 200 296 10.0.0.146 - - [02/Jul/2026:20:02:22 +0000] "GET /v3/regions/RegionOne HTTP/1.1" 200 173
[Thu Jul 02 20:02:22.328297 2026] [wsgi:error] [pid 12:tid 140626270328512] [remote 10.0.0.146:48580] 2026-07-02 20:02:22.328 12 WARNING keystone.common.fernet_utils [None req-104fed94-da20-4cfb-9640-4b569ea30033 - - - - - -] key_repository is world readable: /etc/keystone/fernet-keys/ 10.0.0.146 - - [02/Jul/2026:20:02:22 +0000] "POST /v3/auth/tokens HTTP/1.1" 201 1639 10.0.0.146 - - [02/Jul/2026:20:02:22 +0000] "POST /v3/endpoints HTTP/1.1" 201 368 10.0.0.146 - - [02/Jul/2026:20:02:22 +0000] "GET /v3/services/c3bcc2c2255249bebe64d37fa243169c HTTP/1.1" 200 296 10.0.0.146 - - [02/Jul/2026:20:02:22 +0000] "GET /v3/regions/RegionOne HTTP/1.1" 200 173 10.0.0.146 - - [02/Jul/2026:20:02:22 +0000] "POST /v3/endpoints HTTP/1.1" 201 383 10.0.0.146 - - [02/Jul/2026:20:02:23 +0000] "GET / HTTP/1.1" 300 295
[Thu Jul 02 20:02:23.701662 2026] [wsgi:error] [pid 9:tid 140626270328512] [remote 10.0.0.146:48590] 2026-07-02 20:02:23.701 9 WARNING keystone.common.password_hashing [None req-dad9746c-b8fb-42cd-9f26-31c0dee56ed0 - - - - - -] Truncating password to algorithm specific maximum length 72 characters.
[Thu Jul 02 20:02:24.007104 2026] [wsgi:error] [pid 9:tid 140626270328512] [remote 10.0.0.146:48590] 2026-07-02 20:02:24.006 9 WARNING keystone.common.fernet_utils [None req-dad9746c-b8fb-42cd-9f26-31c0dee56ed0 - - - - - -] key_repository is world readable: /etc/keystone/fernet-keys/ 10.0.0.146 - - [02/Jul/2026:20:02:23 +0000] "POST /v3/auth/tokens HTTP/1.1" 201 1988 10.0.0.146 - - [02/Jul/2026:20:02:24 +0000] "GET / HTTP/1.1" 300 295
[Thu Jul 02 20:02:24.078483 2026] [wsgi:error] [pid 12:tid 140626270328512] [remote 10.0.0.146:48604] 2026-07-02 20:02:24.078 12 WARNING keystone.common.password_hashing [None req-a8135273-dcf1-4b4c-8532-79be26314723 - - - - - -] Truncating password to algorithm specific maximum length 72 characters. 10.0.0.146 - - [02/Jul/2026:20:02:24 +0000] "GET /v3/endpoints/023b265d830f4baebbc796aa26d72be5 HTTP/1.1" 200 380 10.0.0.146 - - [02/Jul/2026:20:02:24 +0000] "GET /v3/services/c3bcc2c2255249bebe64d37fa243169c HTTP/1.1" 200 296
[Thu Jul 02 20:02:24.352134 2026] [wsgi:error] [pid 12:tid 140626270328512] [remote 10.0.0.146:48604] 2026-07-02 20:02:24.351 12 WARNING keystone.common.fernet_utils [None req-a8135273-dcf1-4b4c-8532-79be26314723 - - - - - -] key_repository is world readable: /etc/keystone/fernet-keys/ 10.0.0.146 - - [02/Jul/2026:20:02:24 +0000] "POST /v3/auth/tokens HTTP/1.1" 201 1988 10.0.0.146 - - [02/Jul/2026:20:02:24 +0000] "GET /v3/endpoints/7f2cba6c56a34cf7b1dcc3cb0b08c63a HTTP/1.1" 200 368 10.0.0.146 - - [02/Jul/2026:20:02:24 +0000] "GET /v3/services/c3bcc2c2255249bebe64d37fa243169c HTTP/1.1" 200 296 10.0.0.146 - - [02/Jul/2026:20:02:24 +0000] "GET / HTTP/1.1" 300 295
[Thu Jul 02 20:02:24.568680 2026] [wsgi:error] [pid 12:tid 140626270328512] [remote 10.0.0.146:48610] 2026-07-02 20:02:24.568 12 WARNING keystone.common.password_hashing [None req-ee307191-ead2-4acc-95e5-116e6d53ec57 - - - - - -] Truncating password to algorithm specific maximum length 72 characters.
[Thu Jul 02 20:02:24.844074 2026] [wsgi:error] [pid 12:tid 140626270328512] [remote 10.0.0.146:48610] 2026-07-02 20:02:24.843 12 WARNING keystone.common.fernet_utils [None req-ee307191-ead2-4acc-95e5-116e6d53ec57 - - - - - -] key_repository is world readable: /etc/keystone/fernet-keys/ 10.0.0.146 - - [02/Jul/2026:20:02:24 +0000] "POST /v3/auth/tokens HTTP/1.1" 201 1988 10.0.0.146 - - [02/Jul/2026:20:02:24 +0000] "GET /v3/endpoints/71e115221d6845e399124dc9ea6b9f34 HTTP/1.1" 200 383 10.0.0.146 - - [02/Jul/2026:20:02:24 +0000] "GET /v3/services/c3bcc2c2255249bebe64d37fa243169c HTTP/1.1" 200 296 10.0.0.105 - - [02/Jul/2026:20:02:37 +0000] "GET / HTTP/1.1" 300 295
[Thu Jul 02 20:02:37.468355 2026] [wsgi:error] [pid 12:tid 140626270328512] [remote 10.0.0.105:60170] 2026-07-02 20:02:37.468 12 WARNING keystone.common.password_hashing [None req-d410de4d-3b14-4f7b-98e7-c8c3aaa12063 - - - - - -] Truncating password to algorithm specific maximum length 72 characters.
[Thu Jul 02 20:02:37.744750 2026] [wsgi:error] [pid 12:tid 140626270328512] [remote 10.0.0.105:60170] 2026-07-02 20:02:37.744 12 WARNING keystone.common.fernet_utils [None req-d410de4d-3b14-4f7b-98e7-c8c3aaa12063 - - - - - -] key_repository is world readable: /etc/keystone/fernet-keys/ 10.0.0.105 - - [02/Jul/2026:20:02:37 +0000] "POST /v3/auth/tokens HTTP/1.1" 201 1988 10.0.0.105 - - [02/Jul/2026:20:02:37 +0000] "POST /v3/domains HTTP/1.1" 201 284 10.0.0.105 - - [02/Jul/2026:20:02:39 +0000] "GET / HTTP/1.1" 300 295
[Thu Jul 02 20:02:39.845886 2026] [wsgi:error] [pid 9:tid 140626270328512] [remote 10.0.0.105:60176] 2026-07-02 20:02:39.845 9 WARNING keystone.common.password_hashing [None req-b9b296ef-930d-4766-84d6-b531fd7b01f7 - - - - - -] Truncating password to algorithm specific maximum length 72 characters.
[Thu Jul 02 20:02:40.118582 2026] [wsgi:error] [pid 9:tid 140626270328512] [remote 10.0.0.105:60176] 2026-07-02 20:02:40.118 9 WARNING keystone.common.fernet_utils [None req-b9b296ef-930d-4766-84d6-b531fd7b01f7 - - - - - -] key_repository is world readable: /etc/keystone/fernet-keys/ 10.0.0.105 - - [02/Jul/2026:20:02:39 +0000] "POST /v3/auth/tokens HTTP/1.1" 201 1988
[Thu Jul 02 20:02:40.308455 2026] [wsgi:error] [pid 12:tid 140626270328512] [remote 10.0.0.105:60176] 2026-07-02 20:02:40.295 12 ERROR keystone.server.flask.application [None req-a21b9ec3-7131-4fde-988d-f7a661920d88 c233c6f5072c4186a3a87de49baea232 a8a494c5d39c44f49f590df627cc372e - - default default] Conflict occurred attempting to store project - it is not permitted to have two projects acting as domains with the same name: service.: keystone.exception.Conflict: Conflict occurred attempting to store project - it is not permitted to have two projects acting as domains with the same name: service.
[Thu Jul 02 20:02:40.308483 2026] [wsgi:error] [pid 12:tid 140626270328512] [remote 10.0.0.105:60176] 2026-07-02 20:02:40.295 12 ERROR keystone.server.flask.application
Traceback (most recent call last):
[Thu Jul 02 20:02:40.308485 2026] [wsgi:error] [pid 12:tid 140626270328512] [remote 10.0.0.105:60176] 2026-07-02 20:02:40.295 12 ERROR keystone.server.flask.application
File "/var/lib/openstack/lib/python3.12/site-packages/sqlalchemy/engine/base.py", line 1969, in _exec_single_context
[Thu Jul 02 20:02:40.308487 2026] [wsgi:error] [pid 12:tid 140626270328512] [remote 10.0.0.105:60176] 2026-07-02 20:02:40.295 12 ERROR keystone.server.flask.application self.dialect.do_execute(
[Thu Jul 02 20:02:40.308489 2026] [wsgi:error] [pid 12:tid 140626270328512] [remote 10.0.0.105:60176] 2026-07-02 20:02:40.295 12 ERROR keystone.server.flask.application
File "/var/lib/openstack/lib/python3.12/site-packages/sqlalchemy/engine/default.py", line 952, in do_execute
[Thu Jul 02 20:02:40.308491 2026] [wsgi:error] [pid 12:tid 140626270328512] [remote 10.0.0.105:60176] 2026-07-02 20:02:40.295 12 ERROR keystone.server.flask.application cursor.execute(statement, parameters)
[Thu Jul 02 20:02:40.308492 2026] [wsgi:error] [pid 12:tid 140626270328512] [remote 10.0.0.105:60176] 2026-07-02 20:02:40.295 12 ERROR keystone.server.flask.application
File "/var/lib/openstack/lib/python3.12/site-packages/pymysql/cursors.py", line 159, in execute
[Thu Jul 02 20:02:40.308494 2026] [wsgi:error] [pid 12:tid 140626270328512] [remote 10.0.0.105:60176] 2026-07-02 20:02:40.295 12 ERROR keystone.server.flask.application result = self._query(query)
[Thu Jul 02 20:02:40.308495 2026] [wsgi:error] [pid 12:tid 140626270328512] [remote 10.0.0.105:60176] 2026-07-02 20:02:40.295 12 ERROR keystone.server.flask.application ^^^^^^^^^^^^^^^^^^
[Thu Jul 02 20:02:40.308497 2026] [wsgi:error] [pid 12:tid 140626270328512] [remote 10.0.0.105:60176] 2026-07-02 20:02:40.295 12 ERROR keystone.server.flask.application
File "/var/lib/openstack/lib/python3.12/site-packages/pymysql/cursors.py", line 330, in _query
[Thu Jul 02 20:02:40.308499 2026] [wsgi:error] [pid 12:tid 140626270328512] [remote 10.0.0.105:60176] 2026-07-02 20:02:40.295 12 ERROR keystone.server.flask.application conn.query(q)
[Thu Jul 02 20:02:40.308500 2026] [wsgi:error] [pid 12:tid 140626270328512] [remote 10.0.0.105:60176] 2026-07-02 20:02:40.295 12 ERROR keystone.server.flask.application
File "/var/lib/openstack/lib/python3.12/site-packages/pymysql/connections.py", line 582, in query
[Thu Jul 02 20:02:40.308502 2026] [wsgi:error] [pid 12:tid 140626270328512] [remote 10.0.0.105:60176] 2026-07-02 20:02:40.295 12 ERROR keystone.server.flask.application self._affected_rows = self._read_query_result(unbuffered=unbuffered)
[Thu Jul 02 20:02:40.308503 2026] [wsgi:error] [pid 12:tid 140626270328512] [remote 10.0.0.105:60176] 2026-07-02 20:02:40.295 12 ERROR keystone.server.flask.application ^^^^^^^^^^^^^^^^^^^^^^^^^^^^^^^^^^^^^^^^^^^^^^
[Thu Jul 02 20:02:40.308505 2026] [wsgi:error] [pid 12:tid 140626270328512] [remote 10.0.0.105:60176] 2026-07-02 20:02:40.295 12 ERROR keystone.server.flask.application
File "/var/lib/openstack/lib/python3.12/site-packages/pymysql/connections.py", line 847, in _read_query_result
[Thu Jul 02 20:02:40.308506 2026] [wsgi:error] [pid 12:tid 140626270328512] [remote 10.0.0.105:60176] 2026-07-02 20:02:40.295 12 ERROR keystone.server.flask.application result.read()
[Thu Jul 02 20:02:40.308509 2026] [wsgi:error] [pid 12:tid 140626270328512] [remote 10.0.0.105:60176] 2026-07-02 20:02:40.295 12 ERROR keystone.server.flask.application
File "/var/lib/openstack/lib/python3.12/site-packages/pymysql/connections.py", line 1245, in read
[Thu Jul 02 20:02:40.308511 2026] [wsgi:error] [pid 12:tid 140626270328512] [remote 10.0.0.105:60176] 2026-07-02 20:02:40.295 12 ERROR keystone.server.flask.application first_packet = self.connection._read_packet()
[Thu Jul 02 20:02:40.308512 2026] [wsgi:error] [pid 12:tid 140626270328512] [remote 10.0.0.105:60176] 2026-07-02 20:02:40.295 12 ERROR keystone.server.flask.application ^^^^^^^^^^^^^^^^^^^^^^^^^^^^^^
[Thu Jul 02 20:02:40.308514 2026] [wsgi:error] [pid 12:tid 140626270328512] [remote 10.0.0.105:60176] 2026-07-02 20:02:40.295 12 ERROR keystone.server.flask.application
File "/var/lib/openstack/lib/python3.12/site-packages/pymysql/connections.py", line 803, in _read_packet
[Thu Jul 02 20:02:40.308515 2026] [wsgi:error] [pid 12:tid 140626270328512] [remote 10.0.0.105:60176] 2026-07-02 20:02:40.295 12 ERROR keystone.server.flask.application packet.raise_for_error()
[Thu Jul 02 20:02:40.308517 2026] [wsgi:error] [pid 12:tid 140626270328512] [remote 10.0.0.105:60176] 2026-07-02 20:02:40.295 12 ERROR keystone.server.flask.application
File "/var/lib/openstack/lib/python3.12/site-packages/pymysql/protocol.py", line 219, in raise_for_error
[Thu Jul 02 20:02:40.308518 2026] [wsgi:error] [pid 12:tid 140626270328512] [remote 10.0.0.105:60176] 2026-07-02 20:02:40.295 12 ERROR keystone.server.flask.application err.raise_mysql_exception(self._data)
[Thu Jul 02 20:02:40.308520 2026] [wsgi:error] [pid 12:tid 140626270328512] [remote 10.0.0.105:60176] 2026-07-02 20:02:40.295 12 ERROR keystone.server.flask.application
File "/var/lib/openstack/lib/python3.12/site-packages/pymysql/err.py", line 154, in raise_mysql_exception
[Thu Jul 02 20:02:40.308521 2026] [wsgi:error] [pid 12:tid 140626270328512] [remote 10.0.0.105:60176] 2026-07-02 20:02:40.295 12 ERROR keystone.server.flask.application raise errorclass(errno, errval, sqlstate=sqlstate)
[Thu Jul 02 20:02:40.308523 2026] [wsgi:error] [pid 12:tid 140626270328512] [remote 10.0.0.105:60176] 2026-07-02 20:02:40.295 12 ERROR keystone.server.flask.application pymysql.err.IntegrityError: (1062, "Duplicate entry '<>-service' for key 'project.ixu_project_name_domain_id'")
[Thu Jul 02 20:02:40.308525 2026] [wsgi:error] [pid 12:tid 140626270328512] [remote 10.0.0.105:60176] 2026-07-02 20:02:40.295 12 ERROR keystone.server.flask.application
[Thu Jul 02 20:02:40.308526 2026] [wsgi:error] [pid 12:tid 140626270328512] [remote 10.0.0.105:60176] 2026-07-02 20:02:40.295 12 ERROR keystone.server.flask.application The above exception was the direct cause of the following exception:
[Thu Jul 02 20:02:40.308527 2026] [wsgi:error] [pid 12:tid 140626270328512] [remote 10.0.0.105:60176] 2026-07-02 20:02:40.295 12 ERROR keystone.server.flask.application
[Thu Jul 02 20:02:40.308529 2026] [wsgi:error] [pid 12:tid 140626270328512] [remote 10.0.0.105:60176] 2026-07-02 20:02:40.295 12 ERROR keystone.server.flask.application
Traceback (most recent call last):
[Thu Jul 02 20:02:40.308530 2026] [wsgi:error] [pid 12:tid 140626270328512] [remote 10.0.0.105:60176] 2026-07-02 20:02:40.295 12 ERROR keystone.server.flask.application
File "/var/lib/openstack/lib/python3.12/site-packages/keystone/common/sql/core.py", line 575, in wrapper
[Thu Jul 02 20:02:40.308532 2026] [wsgi:error] [pid 12:tid 140626270328512] [remote 10.0.0.105:60176] 2026-07-02 20:02:40.295 12 ERROR keystone.server.flask.application return method(*args, **kwargs)
[Thu Jul 02 20:02:40.308533 2026] [wsgi:error] [pid 12:tid 140626270328512] [remote 10.0.0.105:60176] 2026-07-02 20:02:40.295 12 ERROR keystone.server.flask.application ^^^^^^^^^^^^^^^^^^^^^^^
[Thu Jul 02 20:02:40.308536 2026] [wsgi:error] [pid 12:tid 140626270328512] [remote 10.0.0.105:60176] 2026-07-02 20:02:40.295 12 ERROR keystone.server.flask.application
File "/var/lib/openstack/lib/python3.12/site-packages/keystone/resource/backends/sql.py", line 278, in create_project
[Thu Jul 02 20:02:40.308538 2026] [wsgi:error] [pid 12:tid 140626270328512] [remote 10.0.0.105:60176] 2026-07-02 20:02:40.295 12 ERROR keystone.server.flask.application with sql.session_for_write() as session:
[Thu Jul 02 20:02:40.308539 2026] [wsgi:error] [pid 12:tid 140626270328512] [remote 10.0.0.105:60176] 2026-07-02 20:02:40.295 12 ERROR keystone.server.flask.application
File "/usr/lib/python3.12/contextlib.py", line 144, in __exit__
[Thu Jul 02 20:02:40.308541 2026] [wsgi:error] [pid 12:tid 140626270328512] [remote 10.0.0.105:60176] 2026-07-02 20:02:40.295 12 ERROR keystone.server.flask.application next(self.gen)
[Thu Jul 02 20:02:40.308542 2026] [wsgi:error] [pid 12:tid 140626270328512] [remote 10.0.0.105:60176] 2026-07-02 20:02:40.295 12 ERROR keystone.server.flask.application
File "/var/lib/openstack/lib/python3.12/site-packages/oslo_db/sqlalchemy/enginefacade.py", line 1175, in _transaction_scope
[Thu Jul 02 20:02:40.308544 2026] [wsgi:error] [pid 12:tid 140626270328512] [remote 10.0.0.105:60176] 2026-07-02 20:02:40.295 12 ERROR keystone.server.flask.application with current._produce_block(
[Thu Jul 02 20:02:40.308545 2026] [wsgi:error] [pid 12:tid 140626270328512] [remote 10.0.0.105:60176] 2026-07-02 20:02:40.295 12 ERROR keystone.server.flask.application
File "/usr/lib/python3.12/contextlib.py", line 144, in __exit__
[Thu Jul 02 20:02:40.308547 2026] [wsgi:error] [pid 12:tid 140626270328512] [remote 10.0.0.105:60176] 2026-07-02 20:02:40.295 12 ERROR keystone.server.flask.application next(self.gen)
[Thu Jul 02 20:02:40.308548 2026] [wsgi:error] [pid 12:tid 140626270328512] [remote 10.0.0.105:60176] 2026-07-02 20:02:40.295 12 ERROR keystone.server.flask.application
File "/var/lib/openstack/lib/python3.12/site-packages/oslo_db/sqlalchemy/enginefacade.py", line 837, in _session
[Thu Jul 02 20:02:40.308550 2026] [wsgi:error] [pid 12:tid 140626270328512] [remote 10.0.0.105:60176] 2026-07-02 20:02:40.295 12 ERROR keystone.server.flask.application with excutils.save_and_reraise_exception():
[Thu Jul 02 20:02:40.308561 2026] [wsgi:error] [pid 12:tid 140626270328512] [remote 10.0.0.105:60176] 2026-07-02 20:02:40.295 12 ERROR keystone.server.flask.application
File "/var/lib/openstack/lib/python3.12/site-packages/oslo_utils/excutils.py", line 266, in __exit__
[Thu Jul 02 20:02:40.308562 2026] [wsgi:error] [pid 12:tid 140626270328512] [remote 10.0.0.105:60176] 2026-07-02 20:02:40.295 12 ERROR keystone.server.flask.application self.force_reraise()
[Thu Jul 02 20:02:40.308564 2026] [wsgi:error] [pid 12:tid 140626270328512] [remote 10.0.0.105:60176] 2026-07-02 20:02:40.295 12 ERROR keystone.server.flask.application
File "/var/lib/openstack/lib/python3.12/site-packages/oslo_utils/excutils.py", line 232, in force_reraise
[Thu Jul 02 20:02:40.308566 2026] [wsgi:error] [pid 12:tid 140626270328512] [remote 10.0.0.105:60176] 2026-07-02 20:02:40.295 12 ERROR keystone.server.flask.application raise self.value
[Thu Jul 02 20:02:40.308567 2026] [wsgi:error] [pid 12:tid 140626270328512] [remote 10.0.0.105:60176] 2026-07-02 20:02:40.295 12 ERROR keystone.server.flask.application
File "/var/lib/openstack/lib/python3.12/site-packages/oslo_db/sqlalchemy/enginefacade.py", line 835, in _session
[Thu Jul 02 20:02:40.308569 2026] [wsgi:error] [pid 12:tid 140626270328512] [remote 10.0.0.105:60176] 2026-07-02 20:02:40.295 12 ERROR keystone.server.flask.application self._end_session_transaction(self.session)
[Thu Jul 02 20:02:40.308570 2026] [wsgi:error] [pid 12:tid 140626270328512] [remote 10.0.0.105:60176] 2026-07-02 20:02:40.295 12 ERROR keystone.server.flask.application
File "/var/lib/openstack/lib/python3.12/site-packages/oslo_db/sqlalchemy/enginefacade.py", line 748, in _end_session_transaction
[Thu Jul 02 20:02:40.308572 2026] [wsgi:error] [pid 12:tid 140626270328512] [remote 10.0.0.105:60176] 2026-07-02 20:02:40.295 12 ERROR keystone.server.flask.application session.commit()
[Thu Jul 02 20:02:40.308573 2026] [wsgi:error] [pid 12:tid 140626270328512] [remote 10.0.0.105:60176] 2026-07-02 20:02:40.295 12 ERROR keystone.server.flask.application
File "/var/lib/openstack/lib/python3.12/site-packages/sqlalchemy/orm/session.py", line 2034, in commit
[Thu Jul 02 20:02:40.308575 2026] [wsgi:error] [pid 12:tid 140626270328512] [remote 10.0.0.105:60176] 2026-07-02 20:02:40.295 12 ERROR keystone.server.flask.application trans.commit(_to_root=True)
[Thu Jul 02 20:02:40.308576 2026] [wsgi:error] [pid 12:tid 140626270328512] [remote 10.0.0.105:60176] 2026-07-02 20:02:40.295 12 ERROR keystone.server.flask.application File "", line 2, in commit
[Thu Jul 02 20:02:40.308578 2026] [wsgi:error] [pid 12:tid 140626270328512] [remote 10.0.0.105:60176] 2026-07-02 20:02:40.295 12 ERROR keystone.server.flask.application
File "/var/lib/openstack/lib/python3.12/site-packages/sqlalchemy/orm/state_changes.py", line 137, in _go
[Thu Jul 02 20:02:40.308748 2026] [wsgi:error] [pid 12:tid 140626270328512] [remote 10.0.0.105:60176] 2026-07-02 20:02:40.295 12 ERROR keystone.server.flask.application ret_value = fn(self, *arg, **kw)
[Thu Jul 02 20:02:40.308756 2026] [wsgi:error] [pid 12:tid 140626270328512] [remote 10.0.0.105:60176] 2026-07-02 20:02:40.295 12 ERROR keystone.server.flask.application ^^^^^^^^^^^^^^^^^^^^
[Thu Jul 02 20:02:40.308758 2026] [wsgi:error] [pid 12:tid 140626270328512] [remote 10.0.0.105:60176] 2026-07-02 20:02:40.295 12 ERROR keystone.server.flask.application
File "/var/lib/openstack/lib/python3.12/site-packages/sqlalchemy/orm/session.py", line 1315, in commit
[Thu Jul 02 20:02:40.308760 2026] [wsgi:error] [pid 12:tid 140626270328512] [remote 10.0.0.105:60176] 2026-07-02 20:02:40.295 12 ERROR keystone.server.flask.application self._prepare_impl()
[Thu Jul 02 20:02:40.308762 2026] [wsgi:error] [pid 12:tid 140626270328512] [remote 10.0.0.105:60176] 2026-07-02 20:02:40.295 12 ERROR keystone.server.flask.application File "", line 2, in _prepare_impl
[Thu Jul 02 20:02:40.308763 2026] [wsgi:error] [pid 12:tid 140626270328512] [remote 10.0.0.105:60176] 2026-07-02 20:02:40.295 12 ERROR keystone.server.flask.application
File "/var/lib/openstack/lib/python3.12/site-packages/sqlalchemy/orm/state_changes.py", line 137, in _go
[Thu Jul 02 20:02:40.308765 2026] [wsgi:error] [pid 12:tid 140626270328512] [remote 10.0.0.105:60176] 2026-07-02 20:02:40.295 12 ERROR keystone.server.flask.application ret_value = fn(self, *arg, **kw)
[Thu Jul 02 20:02:40.308767 2026] [wsgi:error] [pid 12:tid 140626270328512] [remote 10.0.0.105:60176] 2026-07-02 20:02:40.295 12 ERROR keystone.server.flask.application ^^^^^^^^^^^^^^^^^^^^
[Thu Jul 02 20:02:40.308769 2026] [wsgi:error] [pid 12:tid 140626270328512] [remote 10.0.0.105:60176] 2026-07-02 20:02:40.295 12 ERROR keystone.server.flask.application
File "/var/lib/openstack/lib/python3.12/site-packages/sqlalchemy/orm/session.py", line 1290, in _prepare_impl
[Thu Jul 02 20:02:40.308771 2026] [wsgi:error] [pid 12:tid 140626270328512] [remote 10.0.0.105:60176] 2026-07-02 20:02:40.295 12 ERROR keystone.server.flask.application self.session.flush()
[Thu Jul 02 20:02:40.308772 2026] [wsgi:error] [pid 12:tid 140626270328512] [remote 10.0.0.105:60176] 2026-07-02 20:02:40.295 12 ERROR keystone.server.flask.application
File "/var/lib/openstack/lib/python3.12/site-packages/sqlalchemy/orm/session.py", line 4352, in flush
[Thu Jul 02 20:02:40.308773 2026] [wsgi:error] [pid 12:tid 140626270328512] [remote 10.0.0.105:60176] 2026-07-02 20:02:40.295 12 ERROR keystone.server.flask.application self._flush(objects)
[Thu Jul 02 20:02:40.308775 2026] [wsgi:error] [pid 12:tid 140626270328512] [remote 10.0.0.105:60176] 2026-07-02 20:02:40.295 12 ERROR keystone.server.flask.application
File "/var/lib/openstack/lib/python3.12/site-packages/sqlalchemy/orm/session.py", line 4487, in _flush
[Thu Jul 02 20:02:40.308776 2026] [wsgi:error] [pid 12:tid 140626270328512] [remote 10.0.0.105:60176] 2026-07-02 20:02:40.295 12 ERROR keystone.server.flask.application with util.safe_reraise():
[Thu Jul 02 20:02:40.308778 2026] [wsgi:error] [pid 12:tid 140626270328512] [remote 10.0.0.105:60176] 2026-07-02 20:02:40.295 12 ERROR keystone.server.flask.application
File "/var/lib/openstack/lib/python3.12/site-packages/sqlalchemy/util/langhelpers.py", line 122, in __exit__
[Thu Jul 02 20:02:40.308780 2026] [wsgi:error] [pid 12:tid 140626270328512] [remote 10.0.0.105:60176] 2026-07-02 20:02:40.295 12 ERROR keystone.server.flask.application raise exc_value.with_traceback(exc_tb)
[Thu Jul 02 20:02:40.308782 2026] [wsgi:error] [pid 12:tid 140626270328512] [remote 10.0.0.105:60176] 2026-07-02 20:02:40.295 12 ERROR keystone.server.flask.application
File "/var/lib/openstack/lib/python3.12/site-packages/sqlalchemy/orm/session.py", line 4448, in _flush
[Thu Jul 02 20:02:40.308784 2026] [wsgi:error] [pid 12:tid 140626270328512] [remote 10.0.0.105:60176] 2026-07-02 20:02:40.295 12 ERROR keystone.server.flask.application flush_context.execute()
