Mar 03 23:05:18.909411 np0000157714 systemd[1]: Starting devstack@n-api-meta.service - Devstack devstack@n-api-meta.service...
Mar 03 23:05:18.917743 np0000157714 devstack@n-api-meta.service[108307]: [uWSGI] getting INI configuration from /etc/nova/nova-metadata-uwsgi.ini
Mar 03 23:05:18.918232 np0000157714 devstack@n-api-meta.service[108307]: open("./http_plugin.so"): No such file or directory [core/utils.c line 3709]
Mar 03 23:05:18.918232 np0000157714 devstack@n-api-meta.service[108307]: !!! UNABLE to load uWSGI plugin: ./http_plugin.so: cannot open shared object file: No such file or directory !!!
Mar 03 23:05:18.918232 np0000157714 devstack@n-api-meta.service[108307]: open("./python3_plugin.so"): No such file or directory [core/utils.c line 3709]
Mar 03 23:05:18.918232 np0000157714 devstack@n-api-meta.service[108307]: !!! UNABLE to load uWSGI plugin: ./python3_plugin.so: cannot open shared object file: No such file or directory !!!
Mar 03 23:05:18.918232 np0000157714 devstack@n-api-meta.service[108307]: *** Starting uWSGI 2.0.31 (64bit) on [Tue Mar 3 23:05:18 2026] ***
Mar 03 23:05:18.918232 np0000157714 devstack@n-api-meta.service[108307]: compiled with version: 13.3.0 on 03 March 2026 22:54:39
Mar 03 23:05:18.918232 np0000157714 devstack@n-api-meta.service[108307]: os: Linux-6.8.0-101-generic #101-Ubuntu SMP PREEMPT_DYNAMIC Mon Feb 9 10:15:05 UTC 2026
Mar 03 23:05:18.918232 np0000157714 devstack@n-api-meta.service[108307]: nodename: np0000157714
Mar 03 23:05:18.918232 np0000157714 devstack@n-api-meta.service[108307]: machine: x86_64
Mar 03 23:05:18.918232 np0000157714 devstack@n-api-meta.service[108307]: clock source: unix
Mar 03 23:05:18.918232 np0000157714 devstack@n-api-meta.service[108307]: pcre jit disabled
Mar 03 23:05:18.918232 np0000157714 devstack@n-api-meta.service[108307]: detected number of CPU cores: 16
Mar 03 23:05:18.918232 np0000157714 devstack@n-api-meta.service[108307]: current working directory: /
Mar 03 23:05:18.918232 np0000157714 devstack@n-api-meta.service[108307]: detected binary path: /opt/stack/data/venv/bin/uwsgi
Mar 03 23:05:18.918232 np0000157714 devstack@n-api-meta.service[108307]: your processes number limit is 256923
Mar 03 23:05:18.918232 np0000157714 devstack@n-api-meta.service[108307]: your memory page size is 4096 bytes
Mar 03 23:05:18.918232 np0000157714 devstack@n-api-meta.service[108307]: detected max file descriptor number: 2048
Mar 03 23:05:18.918232 np0000157714 devstack@n-api-meta.service[108307]: lock engine: pthread robust mutexes
Mar 03 23:05:18.918232 np0000157714 devstack@n-api-meta.service[108307]: thunder lock: enabled
Mar 03 23:05:18.918863 np0000157714 devstack@n-api-meta.service[108307]: uWSGI http bound on 0.0.0.0:8775 fd 5
Mar 03 23:05:18.918863 np0000157714 devstack@n-api-meta.service[108307]: uwsgi socket 0 bound to TCP address 127.0.0.1:46289 (port auto-assigned) fd 4
Mar 03 23:05:18.918863 np0000157714 devstack@n-api-meta.service[108307]: Python version: 3.12.3 (main, Jan 22 2026, 20:57:42) [GCC 13.3.0]
Mar 03 23:05:18.918863 np0000157714 devstack@n-api-meta.service[108307]: PEP 405 virtualenv detected: /opt/stack/data/venv
Mar 03 23:05:18.918863 np0000157714 devstack@n-api-meta.service[108307]: Set PythonHome to /opt/stack/data/venv
Mar 03 23:05:18.953561 np0000157714 devstack@n-api-meta.service[108307]: Python main interpreter initialized at 0x7bb289aa3668
Mar 03 23:05:18.953561 np0000157714 devstack@n-api-meta.service[108307]: python threads support enabled
Mar 03 23:05:18.953561 np0000157714 devstack@n-api-meta.service[108307]: your server socket listen backlog is limited to 100 connections
Mar 03 23:05:18.953561 np0000157714 devstack@n-api-meta.service[108307]: your mercy for graceful operations on workers is 80 seconds
Mar 03 23:05:18.954233 np0000157714 devstack@n-api-meta.service[108307]: mapped 671795 bytes (656 KB) for 4 cores
Mar 03 23:05:18.954233 np0000157714 devstack@n-api-meta.service[108307]: *** Operational MODE: preforking ***
Mar 03 23:05:18.954447 np0000157714 devstack@n-api-meta.service[108307]: *** uWSGI is running in multiple interpreter mode ***
Mar 03 23:05:18.954447 np0000157714 devstack@n-api-meta.service[108307]: spawned uWSGI master process (pid: 108307)
Mar 03 23:05:18.954634 np0000157714 systemd[1]: Started devstack@n-api-meta.service - Devstack devstack@n-api-meta.service.
Mar 03 23:05:18.955403 np0000157714 devstack@n-api-meta.service[108307]: spawned uWSGI worker 1 (pid: 108308, cores: 1)
Mar 03 23:05:18.955403 np0000157714 devstack@n-api-meta.service[108307]: spawned uWSGI worker 2 (pid: 108309, cores: 1)
Mar 03 23:05:18.955843 np0000157714 devstack@n-api-meta.service[108307]: spawned uWSGI worker 3 (pid: 108310, cores: 1)
Mar 03 23:05:18.956279 np0000157714 devstack@n-api-meta.service[108307]: spawned uWSGI worker 4 (pid: 108311, cores: 1)
Mar 03 23:05:18.956785 np0000157714 devstack@n-api-meta.service[108307]: spawned uWSGI http 1 (pid: 108312)
Mar 03 23:05:18.956785 np0000157714 devstack@n-api-meta.service[108307]: running "unix_signal:15 gracefully_kill_them_all" (master-start)...
Mar 03 23:05:19.313139 np0000157714 devstack@n-api-meta.service[108308]: Service is starting with native threading. This is currently experimental. Do not use it in production without first testing it in pre-production.
Mar 03 23:05:19.314173 np0000157714 devstack@n-api-meta.service[108309]: Service is starting with native threading. This is currently experimental. Do not use it in production without first testing it in pre-production.
Mar 03 23:05:19.383674 np0000157714 devstack@n-api-meta.service[108310]: Service is starting with native threading. This is currently experimental. Do not use it in production without first testing it in pre-production.
Mar 03 23:05:19.392455 np0000157714 devstack@n-api-meta.service[108311]: Service is starting with native threading. This is currently experimental. Do not use it in production without first testing it in pre-production.
Mar 03 23:05:20.731442 np0000157714 devstack@n-api-meta.service[108309]: INFO dbcounter [None req-d4b6eb04-bdf8-4bd6-a1a7-37c3fdda4d89 None None] Registered counter for database nova_api
Mar 03 23:05:20.747847 np0000157714 devstack@n-api-meta.service[108309]: DEBUG oslo_db.sqlalchemy.engines [None req-d4b6eb04-bdf8-4bd6-a1a7-37c3fdda4d89 None None] MySQL server mode set to STRICT_TRANS_TABLES,STRICT_ALL_TABLES,NO_ZERO_IN_DATE,NO_ZERO_DATE,ERROR_FOR_DIVISION_BY_ZERO,TRADITIONAL,NO_ENGINE_SUBSTITUTION {{(pid=108309) _check_effective_sql_mode /opt/stack/data/venv/lib/python3.12/site-packages/oslo_db/sqlalchemy/engines.py:325}}
Mar 03 23:05:20.772555 np0000157714 devstack@n-api-meta.service[108308]: INFO dbcounter [None req-89e5d222-5c74-4c64-9b66-dfe4b3b864a2 None None] Registered counter for database nova_api
Mar 03 23:05:20.777207 np0000157714 devstack@n-api-meta.service[108309]: DEBUG dbcounter [-] [108309] Writer thread running {{(pid=108309) stat_writer /opt/stack/data/venv/lib/python3.12/site-packages/dbcounter.py:102}}
Mar 03 23:05:20.779492 np0000157714 devstack@n-api-meta.service[108309]: DEBUG nova.context [None req-d4b6eb04-bdf8-4bd6-a1a7-37c3fdda4d89 None None] Found 2 cells: 00000000-0000-0000-0000-000000000000(cell0),e87d454f-8b75-4be9-8b25-2e076bb820df(cell1) {{(pid=108309) load_cells /opt/stack/nova/nova/context.py:509}}
Mar 03 23:05:20.779709 np0000157714 devstack@n-api-meta.service[108309]: INFO nova.utils [None req-d4b6eb04-bdf8-4bd6-a1a7-37c3fdda4d89 None None] The cell worker thread pool MainProcess.cell_worker is initialized
Mar 03 23:05:20.781478 np0000157714 devstack@n-api-meta.service[108309]: DEBUG oslo_concurrency.lockutils [None req-d4b6eb04-bdf8-4bd6-a1a7-37c3fdda4d89 None None] Acquiring lock "00000000-0000-0000-0000-000000000000" by "nova.context.set_target_cell..get_or_set_cached_cell_and_set_connections" {{(pid=108309) inner /opt/stack/data/venv/lib/python3.12/site-packages/oslo_concurrency/lockutils.py:506}}
Mar 03 23:05:20.781637 np0000157714 devstack@n-api-meta.service[108309]: DEBUG oslo_concurrency.lockutils [None req-d4b6eb04-bdf8-4bd6-a1a7-37c3fdda4d89 None None] Lock "00000000-0000-0000-0000-000000000000" acquired by "nova.context.set_target_cell..get_or_set_cached_cell_and_set_connections" :: waited 0.000s {{(pid=108309) inner /opt/stack/data/venv/lib/python3.12/site-packages/oslo_concurrency/lockutils.py:519}}
Mar 03 23:05:20.782004 np0000157714 devstack@n-api-meta.service[108309]: DEBUG oslo_concurrency.lockutils [None req-d4b6eb04-bdf8-4bd6-a1a7-37c3fdda4d89 None None] Lock "00000000-0000-0000-0000-000000000000" "released" by "nova.context.set_target_cell..get_or_set_cached_cell_and_set_connections" :: held 0.000s {{(pid=108309) inner /opt/stack/data/venv/lib/python3.12/site-packages/oslo_concurrency/lockutils.py:538}}
Mar 03 23:05:20.782685 np0000157714 devstack@n-api-meta.service[108309]: DEBUG oslo_concurrency.lockutils [None req-d4b6eb04-bdf8-4bd6-a1a7-37c3fdda4d89 None None] Acquiring lock "e87d454f-8b75-4be9-8b25-2e076bb820df" by "nova.context.set_target_cell..get_or_set_cached_cell_and_set_connections" {{(pid=108309) inner /opt/stack/data/venv/lib/python3.12/site-packages/oslo_concurrency/lockutils.py:506}}
Mar 03 23:05:20.782815 np0000157714 devstack@n-api-meta.service[108309]: DEBUG oslo_concurrency.lockutils [None req-d4b6eb04-bdf8-4bd6-a1a7-37c3fdda4d89 None None] Lock "e87d454f-8b75-4be9-8b25-2e076bb820df" acquired by "nova.context.set_target_cell..get_or_set_cached_cell_and_set_connections" :: waited 0.000s {{(pid=108309) inner /opt/stack/data/venv/lib/python3.12/site-packages/oslo_concurrency/lockutils.py:519}}
Mar 03 23:05:20.783623 np0000157714 devstack@n-api-meta.service[108309]: DEBUG oslo_concurrency.lockutils [None req-d4b6eb04-bdf8-4bd6-a1a7-37c3fdda4d89 None None] Lock "e87d454f-8b75-4be9-8b25-2e076bb820df" "released" by "nova.context.set_target_cell..get_or_set_cached_cell_and_set_connections" :: held 0.001s {{(pid=108309) inner /opt/stack/data/venv/lib/python3.12/site-packages/oslo_concurrency/lockutils.py:538}}
Mar 03 23:05:20.785869 np0000157714 devstack@n-api-meta.service[108309]: INFO dbcounter [None req-d4b6eb04-bdf8-4bd6-a1a7-37c3fdda4d89 None None] Registered counter for database nova_cell0
Mar 03 23:05:20.789796 np0000157714 devstack@n-api-meta.service[108309]: INFO dbcounter [None req-d4b6eb04-bdf8-4bd6-a1a7-37c3fdda4d89 None None] Registered counter for database nova_cell1
Mar 03 23:05:20.790358 np0000157714 devstack@n-api-meta.service[108308]: DEBUG oslo_db.sqlalchemy.engines [None req-89e5d222-5c74-4c64-9b66-dfe4b3b864a2 None None] MySQL server mode set to STRICT_TRANS_TABLES,STRICT_ALL_TABLES,NO_ZERO_IN_DATE,NO_ZERO_DATE,ERROR_FOR_DIVISION_BY_ZERO,TRADITIONAL,NO_ENGINE_SUBSTITUTION {{(pid=108308) _check_effective_sql_mode /opt/stack/data/venv/lib/python3.12/site-packages/oslo_db/sqlalchemy/engines.py:325}}
Mar 03 23:05:20.798697 np0000157714 devstack@n-api-meta.service[108310]: INFO dbcounter [None req-8d1bd8af-6b67-4f59-8415-ef5a021ca05d None None] Registered counter for database nova_api
Mar 03 23:05:20.799257 np0000157714 devstack@n-api-meta.service[108309]: DEBUG oslo_db.sqlalchemy.engines [None req-d4b6eb04-bdf8-4bd6-a1a7-37c3fdda4d89 None None] MySQL server mode set to STRICT_TRANS_TABLES,STRICT_ALL_TABLES,NO_ZERO_IN_DATE,NO_ZERO_DATE,ERROR_FOR_DIVISION_BY_ZERO,TRADITIONAL,NO_ENGINE_SUBSTITUTION {{(pid=108309) _check_effective_sql_mode /opt/stack/data/venv/lib/python3.12/site-packages/oslo_db/sqlalchemy/engines.py:325}}
Mar 03 23:05:20.811115 np0000157714 devstack@n-api-meta.service[108309]: DEBUG oslo_db.sqlalchemy.engines [None req-d4b6eb04-bdf8-4bd6-a1a7-37c3fdda4d89 None None] MySQL server mode set to STRICT_TRANS_TABLES,STRICT_ALL_TABLES,NO_ZERO_IN_DATE,NO_ZERO_DATE,ERROR_FOR_DIVISION_BY_ZERO,TRADITIONAL,NO_ENGINE_SUBSTITUTION {{(pid=108309) _check_effective_sql_mode /opt/stack/data/venv/lib/python3.12/site-packages/oslo_db/sqlalchemy/engines.py:325}}
Mar 03 23:05:20.814825 np0000157714 devstack@n-api-meta.service[108311]: INFO dbcounter [None req-922e1685-1f9d-4a80-b9bc-e9fe881001e9 None None] Registered counter for database nova_api
Mar 03 23:05:20.815252 np0000157714 devstack@n-api-meta.service[108310]: DEBUG oslo_db.sqlalchemy.engines [None req-8d1bd8af-6b67-4f59-8415-ef5a021ca05d None None] MySQL server mode set to STRICT_TRANS_TABLES,STRICT_ALL_TABLES,NO_ZERO_IN_DATE,NO_ZERO_DATE,ERROR_FOR_DIVISION_BY_ZERO,TRADITIONAL,NO_ENGINE_SUBSTITUTION {{(pid=108310) _check_effective_sql_mode /opt/stack/data/venv/lib/python3.12/site-packages/oslo_db/sqlalchemy/engines.py:325}}
Mar 03 23:05:20.826227 np0000157714 devstack@n-api-meta.service[108308]: DEBUG dbcounter [-] [108308] Writer thread running {{(pid=108308) stat_writer /opt/stack/data/venv/lib/python3.12/site-packages/dbcounter.py:102}}
Mar 03 23:05:20.828444 np0000157714 devstack@n-api-meta.service[108308]: DEBUG nova.context [None req-89e5d222-5c74-4c64-9b66-dfe4b3b864a2 None None] Found 2 cells: 00000000-0000-0000-0000-000000000000(cell0),e87d454f-8b75-4be9-8b25-2e076bb820df(cell1) {{(pid=108308) load_cells /opt/stack/nova/nova/context.py:509}}
Mar 03 23:05:20.828689 np0000157714 devstack@n-api-meta.service[108308]: INFO nova.utils [None req-89e5d222-5c74-4c64-9b66-dfe4b3b864a2 None None] The cell worker thread pool MainProcess.cell_worker is initialized
Mar 03 23:05:20.830517 np0000157714 devstack@n-api-meta.service[108308]: DEBUG oslo_concurrency.lockutils [None req-89e5d222-5c74-4c64-9b66-dfe4b3b864a2 None None] Acquiring lock "00000000-0000-0000-0000-000000000000" by "nova.context.set_target_cell..get_or_set_cached_cell_and_set_connections" {{(pid=108308) inner /opt/stack/data/venv/lib/python3.12/site-packages/oslo_concurrency/lockutils.py:506}}
Mar 03 23:05:20.830699 np0000157714 devstack@n-api-meta.service[108308]: DEBUG oslo_concurrency.lockutils [None req-89e5d222-5c74-4c64-9b66-dfe4b3b864a2 None None] Lock "00000000-0000-0000-0000-000000000000" acquired by "nova.context.set_target_cell..get_or_set_cached_cell_and_set_connections" :: waited 0.000s {{(pid=108308) inner /opt/stack/data/venv/lib/python3.12/site-packages/oslo_concurrency/lockutils.py:519}}
Mar 03 23:05:20.831075 np0000157714 devstack@n-api-meta.service[108308]: DEBUG oslo_concurrency.lockutils [None req-89e5d222-5c74-4c64-9b66-dfe4b3b864a2 None None] Lock "00000000-0000-0000-0000-000000000000" "released" by "nova.context.set_target_cell..get_or_set_cached_cell_and_set_connections" :: held 0.000s {{(pid=108308) inner /opt/stack/data/venv/lib/python3.12/site-packages/oslo_concurrency/lockutils.py:538}}
Mar 03 23:05:20.831356 np0000157714 devstack@n-api-meta.service[108311]: DEBUG oslo_db.sqlalchemy.engines [None req-922e1685-1f9d-4a80-b9bc-e9fe881001e9 None None] MySQL server mode set to STRICT_TRANS_TABLES,STRICT_ALL_TABLES,NO_ZERO_IN_DATE,NO_ZERO_DATE,ERROR_FOR_DIVISION_BY_ZERO,TRADITIONAL,NO_ENGINE_SUBSTITUTION {{(pid=108311) _check_effective_sql_mode /opt/stack/data/venv/lib/python3.12/site-packages/oslo_db/sqlalchemy/engines.py:325}}
Mar 03 23:05:20.831840 np0000157714 devstack@n-api-meta.service[108308]: DEBUG oslo_concurrency.lockutils [None req-89e5d222-5c74-4c64-9b66-dfe4b3b864a2 None None] Acquiring lock "e87d454f-8b75-4be9-8b25-2e076bb820df" by "nova.context.set_target_cell..get_or_set_cached_cell_and_set_connections" {{(pid=108308) inner /opt/stack/data/venv/lib/python3.12/site-packages/oslo_concurrency/lockutils.py:506}}
Mar 03 23:05:20.831984 np0000157714 devstack@n-api-meta.service[108308]: DEBUG oslo_concurrency.lockutils [None req-89e5d222-5c74-4c64-9b66-dfe4b3b864a2 None None] Lock "e87d454f-8b75-4be9-8b25-2e076bb820df" acquired by "nova.context.set_target_cell..get_or_set_cached_cell_and_set_connections" :: waited 0.000s {{(pid=108308) inner /opt/stack/data/venv/lib/python3.12/site-packages/oslo_concurrency/lockutils.py:519}}
Mar 03 23:05:20.832814 np0000157714 devstack@n-api-meta.service[108308]: DEBUG oslo_concurrency.lockutils [None req-89e5d222-5c74-4c64-9b66-dfe4b3b864a2 None None] Lock "e87d454f-8b75-4be9-8b25-2e076bb820df" "released" by "nova.context.set_target_cell..get_or_set_cached_cell_and_set_connections" :: held 0.001s {{(pid=108308) inner /opt/stack/data/venv/lib/python3.12/site-packages/oslo_concurrency/lockutils.py:538}}
Mar 03 23:05:20.836226 np0000157714 devstack@n-api-meta.service[108308]: INFO dbcounter [None req-89e5d222-5c74-4c64-9b66-dfe4b3b864a2 None None] Registered counter for database nova_cell0
Mar 03 23:05:20.842915 np0000157714 devstack@n-api-meta.service[108308]: INFO dbcounter [None req-89e5d222-5c74-4c64-9b66-dfe4b3b864a2 None None] Registered counter for database nova_cell1
Mar 03 23:05:20.848788 np0000157714 devstack@n-api-meta.service[108310]: DEBUG dbcounter [-] [108310] Writer thread running {{(pid=108310) stat_writer /opt/stack/data/venv/lib/python3.12/site-packages/dbcounter.py:102}}
Mar 03 23:05:20.851301 np0000157714 devstack@n-api-meta.service[108310]: DEBUG nova.context [None req-8d1bd8af-6b67-4f59-8415-ef5a021ca05d None None] Found 2 cells: 00000000-0000-0000-0000-000000000000(cell0),e87d454f-8b75-4be9-8b25-2e076bb820df(cell1) {{(pid=108310) load_cells /opt/stack/nova/nova/context.py:509}}
Mar 03 23:05:20.851507 np0000157714 devstack@n-api-meta.service[108310]: INFO nova.utils [None req-8d1bd8af-6b67-4f59-8415-ef5a021ca05d None None] The cell worker thread pool MainProcess.cell_worker is initialized
Mar 03 23:05:20.853248 np0000157714 devstack@n-api-meta.service[108310]: DEBUG oslo_concurrency.lockutils [None req-8d1bd8af-6b67-4f59-8415-ef5a021ca05d None None] Acquiring lock "00000000-0000-0000-0000-000000000000" by "nova.context.set_target_cell..get_or_set_cached_cell_and_set_connections" {{(pid=108310) inner /opt/stack/data/venv/lib/python3.12/site-packages/oslo_concurrency/lockutils.py:506}}
Mar 03 23:05:20.853404 np0000157714 devstack@n-api-meta.service[108310]: DEBUG oslo_concurrency.lockutils [None req-8d1bd8af-6b67-4f59-8415-ef5a021ca05d None None] Lock "00000000-0000-0000-0000-000000000000" acquired by "nova.context.set_target_cell..get_or_set_cached_cell_and_set_connections" :: waited 0.000s {{(pid=108310) inner /opt/stack/data/venv/lib/python3.12/site-packages/oslo_concurrency/lockutils.py:519}}
Mar 03 23:05:20.853759 np0000157714 devstack@n-api-meta.service[108310]: DEBUG oslo_concurrency.lockutils [None req-8d1bd8af-6b67-4f59-8415-ef5a021ca05d None None] Lock "00000000-0000-0000-0000-000000000000" "released" by "nova.context.set_target_cell..get_or_set_cached_cell_and_set_connections" :: held 0.000s {{(pid=108310) inner /opt/stack/data/venv/lib/python3.12/site-packages/oslo_concurrency/lockutils.py:538}}
Mar 03 23:05:20.853852 np0000157714 devstack@n-api-meta.service[108308]: DEBUG oslo_db.sqlalchemy.engines [None req-89e5d222-5c74-4c64-9b66-dfe4b3b864a2 None None] MySQL server mode set to STRICT_TRANS_TABLES,STRICT_ALL_TABLES,NO_ZERO_IN_DATE,NO_ZERO_DATE,ERROR_FOR_DIVISION_BY_ZERO,TRADITIONAL,NO_ENGINE_SUBSTITUTION {{(pid=108308) _check_effective_sql_mode /opt/stack/data/venv/lib/python3.12/site-packages/oslo_db/sqlalchemy/engines.py:325}}
Mar 03 23:05:20.854656 np0000157714 devstack@n-api-meta.service[108310]: DEBUG oslo_concurrency.lockutils [None req-8d1bd8af-6b67-4f59-8415-ef5a021ca05d None None] Acquiring lock "e87d454f-8b75-4be9-8b25-2e076bb820df" by "nova.context.set_target_cell..get_or_set_cached_cell_and_set_connections" {{(pid=108310) inner /opt/stack/data/venv/lib/python3.12/site-packages/oslo_concurrency/lockutils.py:506}}
Mar 03 23:05:20.854769 np0000157714 devstack@n-api-meta.service[108310]: DEBUG oslo_concurrency.lockutils [None req-8d1bd8af-6b67-4f59-8415-ef5a021ca05d None None] Lock "e87d454f-8b75-4be9-8b25-2e076bb820df" acquired by "nova.context.set_target_cell..get_or_set_cached_cell_and_set_connections" :: waited 0.000s {{(pid=108310) inner /opt/stack/data/venv/lib/python3.12/site-packages/oslo_concurrency/lockutils.py:519}}
Mar 03 23:05:20.855628 np0000157714 devstack@n-api-meta.service[108310]: DEBUG oslo_concurrency.lockutils [None req-8d1bd8af-6b67-4f59-8415-ef5a021ca05d None None] Lock "e87d454f-8b75-4be9-8b25-2e076bb820df" "released" by "nova.context.set_target_cell..get_or_set_cached_cell_and_set_connections" :: held 0.001s {{(pid=108310) inner /opt/stack/data/venv/lib/python3.12/site-packages/oslo_concurrency/lockutils.py:538}}
Mar 03 23:05:20.859030 np0000157714 devstack@n-api-meta.service[108310]: INFO dbcounter [None req-8d1bd8af-6b67-4f59-8415-ef5a021ca05d None None] Registered counter for database nova_cell0
Mar 03 23:05:20.860303 np0000157714 devstack@n-api-meta.service[108308]: DEBUG oslo_db.sqlalchemy.engines [None req-89e5d222-5c74-4c64-9b66-dfe4b3b864a2 None None] MySQL server mode set to STRICT_TRANS_TABLES,STRICT_ALL_TABLES,NO_ZERO_IN_DATE,NO_ZERO_DATE,ERROR_FOR_DIVISION_BY_ZERO,TRADITIONAL,NO_ENGINE_SUBSTITUTION {{(pid=108308) _check_effective_sql_mode /opt/stack/data/venv/lib/python3.12/site-packages/oslo_db/sqlalchemy/engines.py:325}}
Mar 03 23:05:20.863282 np0000157714 devstack@n-api-meta.service[108310]: INFO dbcounter [None req-8d1bd8af-6b67-4f59-8415-ef5a021ca05d None None] Registered counter for database nova_cell1
Mar 03 23:05:20.864264 np0000157714 devstack@n-api-meta.service[108311]: DEBUG dbcounter [-] [108311] Writer thread running {{(pid=108311) stat_writer /opt/stack/data/venv/lib/python3.12/site-packages/dbcounter.py:102}}
Mar 03 23:05:20.866377 np0000157714 devstack@n-api-meta.service[108311]: DEBUG nova.context [None req-922e1685-1f9d-4a80-b9bc-e9fe881001e9 None None] Found 2 cells: 00000000-0000-0000-0000-000000000000(cell0),e87d454f-8b75-4be9-8b25-2e076bb820df(cell1) {{(pid=108311) load_cells /opt/stack/nova/nova/context.py:509}}
Mar 03 23:05:20.866621 np0000157714 devstack@n-api-meta.service[108311]: INFO nova.utils [None req-922e1685-1f9d-4a80-b9bc-e9fe881001e9 None None] The cell worker thread pool MainProcess.cell_worker is initialized
Mar 03 23:05:20.868298 np0000157714 devstack@n-api-meta.service[108311]: DEBUG oslo_concurrency.lockutils [None req-922e1685-1f9d-4a80-b9bc-e9fe881001e9 None None] Acquiring lock "00000000-0000-0000-0000-000000000000" by "nova.context.set_target_cell..get_or_set_cached_cell_and_set_connections" {{(pid=108311) inner /opt/stack/data/venv/lib/python3.12/site-packages/oslo_concurrency/lockutils.py:506}}
Mar 03 23:05:20.868447 np0000157714 devstack@n-api-meta.service[108311]: DEBUG oslo_concurrency.lockutils [None req-922e1685-1f9d-4a80-b9bc-e9fe881001e9 None None] Lock "00000000-0000-0000-0000-000000000000" acquired by "nova.context.set_target_cell..get_or_set_cached_cell_and_set_connections" :: waited 0.000s {{(pid=108311) inner /opt/stack/data/venv/lib/python3.12/site-packages/oslo_concurrency/lockutils.py:519}}
Mar 03 23:05:20.870104 np0000157714 devstack@n-api-meta.service[108311]: DEBUG oslo_concurrency.lockutils [None req-922e1685-1f9d-4a80-b9bc-e9fe881001e9 None None] Lock "00000000-0000-0000-0000-000000000000" "released" by "nova.context.set_target_cell..get_or_set_cached_cell_and_set_connections" :: held 0.000s {{(pid=108311) inner /opt/stack/data/venv/lib/python3.12/site-packages/oslo_concurrency/lockutils.py:538}}
Mar 03 23:05:20.870104 np0000157714 devstack@n-api-meta.service[108311]: DEBUG oslo_concurrency.lockutils [None req-922e1685-1f9d-4a80-b9bc-e9fe881001e9 None None] Acquiring lock "e87d454f-8b75-4be9-8b25-2e076bb820df" by "nova.context.set_target_cell..get_or_set_cached_cell_and_set_connections" {{(pid=108311) inner /opt/stack/data/venv/lib/python3.12/site-packages/oslo_concurrency/lockutils.py:506}}
Mar 03 23:05:20.870104 np0000157714 devstack@n-api-meta.service[108311]: DEBUG oslo_concurrency.lockutils [None req-922e1685-1f9d-4a80-b9bc-e9fe881001e9 None None] Lock "e87d454f-8b75-4be9-8b25-2e076bb820df" acquired by "nova.context.set_target_cell..get_or_set_cached_cell_and_set_connections" :: waited 0.000s {{(pid=108311) inner /opt/stack/data/venv/lib/python3.12/site-packages/oslo_concurrency/lockutils.py:519}}
Mar 03 23:05:20.870350 np0000157714 devstack@n-api-meta.service[108311]: DEBUG oslo_concurrency.lockutils [None req-922e1685-1f9d-4a80-b9bc-e9fe881001e9 None None] Lock "e87d454f-8b75-4be9-8b25-2e076bb820df" "released" by "nova.context.set_target_cell..get_or_set_cached_cell_and_set_connections" :: held 0.001s {{(pid=108311) inner /opt/stack/data/venv/lib/python3.12/site-packages/oslo_concurrency/lockutils.py:538}}
Mar 03 23:05:20.872210 np0000157714 devstack@n-api-meta.service[108310]: DEBUG oslo_db.sqlalchemy.engines [None req-8d1bd8af-6b67-4f59-8415-ef5a021ca05d None None] MySQL server mode set to STRICT_TRANS_TABLES,STRICT_ALL_TABLES,NO_ZERO_IN_DATE,NO_ZERO_DATE,ERROR_FOR_DIVISION_BY_ZERO,TRADITIONAL,NO_ENGINE_SUBSTITUTION {{(pid=108310) _check_effective_sql_mode /opt/stack/data/venv/lib/python3.12/site-packages/oslo_db/sqlalchemy/engines.py:325}}
Mar 03 23:05:20.872573 np0000157714 devstack@n-api-meta.service[108311]: INFO dbcounter [None req-922e1685-1f9d-4a80-b9bc-e9fe881001e9 None None] Registered counter for database nova_cell0
Mar 03 23:05:20.877702 np0000157714 devstack@n-api-meta.service[108310]: DEBUG oslo_db.sqlalchemy.engines [None req-8d1bd8af-6b67-4f59-8415-ef5a021ca05d None None] MySQL server mode set to STRICT_TRANS_TABLES,STRICT_ALL_TABLES,NO_ZERO_IN_DATE,NO_ZERO_DATE,ERROR_FOR_DIVISION_BY_ZERO,TRADITIONAL,NO_ENGINE_SUBSTITUTION {{(pid=108310) _check_effective_sql_mode /opt/stack/data/venv/lib/python3.12/site-packages/oslo_db/sqlalchemy/engines.py:325}}
Mar 03 23:05:20.877790 np0000157714 devstack@n-api-meta.service[108311]: INFO dbcounter [None req-922e1685-1f9d-4a80-b9bc-e9fe881001e9 None None] Registered counter for database nova_cell1
Mar 03 23:05:20.888941 np0000157714 devstack@n-api-meta.service[108311]: DEBUG oslo_db.sqlalchemy.engines [None req-922e1685-1f9d-4a80-b9bc-e9fe881001e9 None None] MySQL server mode set to STRICT_TRANS_TABLES,STRICT_ALL_TABLES,NO_ZERO_IN_DATE,NO_ZERO_DATE,ERROR_FOR_DIVISION_BY_ZERO,TRADITIONAL,NO_ENGINE_SUBSTITUTION {{(pid=108311) _check_effective_sql_mode /opt/stack/data/venv/lib/python3.12/site-packages/oslo_db/sqlalchemy/engines.py:325}}
Mar 03 23:05:20.894457 np0000157714 devstack@n-api-meta.service[108311]: DEBUG oslo_db.sqlalchemy.engines [None req-922e1685-1f9d-4a80-b9bc-e9fe881001e9 None None] MySQL server mode set to STRICT_TRANS_TABLES,STRICT_ALL_TABLES,NO_ZERO_IN_DATE,NO_ZERO_DATE,ERROR_FOR_DIVISION_BY_ZERO,TRADITIONAL,NO_ENGINE_SUBSTITUTION {{(pid=108311) _check_effective_sql_mode /opt/stack/data/venv/lib/python3.12/site-packages/oslo_db/sqlalchemy/engines.py:325}}
Mar 03 23:05:20.917907 np0000157714 devstack@n-api-meta.service[108309]: DEBUG dbcounter [-] [108309] Writer thread running {{(pid=108309) stat_writer /opt/stack/data/venv/lib/python3.12/site-packages/dbcounter.py:102}}
Mar 03 23:05:20.918920 np0000157714 devstack@n-api-meta.service[108309]: DEBUG dbcounter [-] [108309] Writer thread running {{(pid=108309) stat_writer /opt/stack/data/venv/lib/python3.12/site-packages/dbcounter.py:102}}
Mar 03 23:05:20.923888 np0000157714 devstack@n-api-meta.service[108309]: INFO dbcounter [None req-d4b6eb04-bdf8-4bd6-a1a7-37c3fdda4d89 None None] Registered counter for database nova_cell0
Mar 03 23:05:20.929648 np0000157714 devstack@n-api-meta.service[108309]: DEBUG oslo_db.sqlalchemy.engines [None req-d4b6eb04-bdf8-4bd6-a1a7-37c3fdda4d89 None None] MySQL server mode set to STRICT_TRANS_TABLES,STRICT_ALL_TABLES,NO_ZERO_IN_DATE,NO_ZERO_DATE,ERROR_FOR_DIVISION_BY_ZERO,TRADITIONAL,NO_ENGINE_SUBSTITUTION {{(pid=108309) _check_effective_sql_mode /opt/stack/data/venv/lib/python3.12/site-packages/oslo_db/sqlalchemy/engines.py:325}}
Mar 03 23:05:20.935686 np0000157714 devstack@n-api-meta.service[108309]: DEBUG dbcounter [-] [108309] Writer thread running {{(pid=108309) stat_writer /opt/stack/data/venv/lib/python3.12/site-packages/dbcounter.py:102}}
Mar 03 23:05:20.972966 np0000157714 devstack@n-api-meta.service[108308]: DEBUG dbcounter [-] [108308] Writer thread running {{(pid=108308) stat_writer /opt/stack/data/venv/lib/python3.12/site-packages/dbcounter.py:102}}
Mar 03 23:05:20.973606 np0000157714 devstack@n-api-meta.service[108308]: DEBUG dbcounter [-] [108308] Writer thread running {{(pid=108308) stat_writer /opt/stack/data/venv/lib/python3.12/site-packages/dbcounter.py:102}}
Mar 03 23:05:20.974549 np0000157714 devstack@n-api-meta.service[108309]: WARNING nova.api.metadata.handler [None req-d4b6eb04-bdf8-4bd6-a1a7-37c3fdda4d89 None None] metadata_proxy_shared_secret is not configured, the metadata information returned by the proxy cannot be trusted
Mar 03 23:05:20.976798 np0000157714 devstack@n-api-meta.service[108309]: DEBUG nova.api.openstack.wsgi_app [None req-d4b6eb04-bdf8-4bd6-a1a7-37c3fdda4d89 None None] ******************************************************************************** {{(pid=108309) log_opt_values /opt/stack/data/venv/lib/python3.12/site-packages/oslo_config/cfg.py:2979}}
Mar 03 23:05:20.976936 np0000157714 devstack@n-api-meta.service[108309]: DEBUG nova.api.openstack.wsgi_app [None req-d4b6eb04-bdf8-4bd6-a1a7-37c3fdda4d89 None None] Configuration options gathered from: {{(pid=108309) log_opt_values /opt/stack/data/venv/lib/python3.12/site-packages/oslo_config/cfg.py:2980}}
Mar 03 23:05:20.977081 np0000157714 devstack@n-api-meta.service[108309]: DEBUG nova.api.openstack.wsgi_app [None req-d4b6eb04-bdf8-4bd6-a1a7-37c3fdda4d89 None None] command line args: [] {{(pid=108309) log_opt_values /opt/stack/data/venv/lib/python3.12/site-packages/oslo_config/cfg.py:2981}}
Mar 03 23:05:20.977238 np0000157714 devstack@n-api-meta.service[108309]: DEBUG nova.api.openstack.wsgi_app [None req-d4b6eb04-bdf8-4bd6-a1a7-37c3fdda4d89 None None] config files: ['/etc/nova/api-paste.ini', '/etc/nova/nova.conf'] {{(pid=108309) log_opt_values /opt/stack/data/venv/lib/python3.12/site-packages/oslo_config/cfg.py:2982}}
Mar 03 23:05:20.977349 np0000157714 devstack@n-api-meta.service[108309]: DEBUG nova.api.openstack.wsgi_app [None req-d4b6eb04-bdf8-4bd6-a1a7-37c3fdda4d89 None None] ================================================================================ {{(pid=108309) log_opt_values /opt/stack/data/venv/lib/python3.12/site-packages/oslo_config/cfg.py:2987}}
Mar 03 23:05:20.977532 np0000157714 devstack@n-api-meta.service[108309]: DEBUG nova.api.openstack.wsgi_app [None req-d4b6eb04-bdf8-4bd6-a1a7-37c3fdda4d89 None None] allow_resize_to_same_host = True {{(pid=108309) log_opt_values /opt/stack/data/venv/lib/python3.12/site-packages/oslo_config/cfg.py:2995}}
Mar 03 23:05:20.977664 np0000157714 devstack@n-api-meta.service[108309]: DEBUG nova.api.openstack.wsgi_app [None req-d4b6eb04-bdf8-4bd6-a1a7-37c3fdda4d89 None None] arq_binding_timeout = 300 {{(pid=108309) log_opt_values /opt/stack/data/venv/lib/python3.12/site-packages/oslo_config/cfg.py:2995}}
Mar 03 23:05:20.977797 np0000157714 devstack@n-api-meta.service[108309]: DEBUG nova.api.openstack.wsgi_app [None req-d4b6eb04-bdf8-4bd6-a1a7-37c3fdda4d89 None None] block_device_allocate_retries = 60 {{(pid=108309) log_opt_values /opt/stack/data/venv/lib/python3.12/site-packages/oslo_config/cfg.py:2995}}
Mar 03 23:05:20.977930 np0000157714 devstack@n-api-meta.service[108309]: DEBUG nova.api.openstack.wsgi_app [None req-d4b6eb04-bdf8-4bd6-a1a7-37c3fdda4d89 None None] block_device_allocate_retries_interval = 3 {{(pid=108309) log_opt_values /opt/stack/data/venv/lib/python3.12/site-packages/oslo_config/cfg.py:2995}}
Mar 03 23:05:20.978068 np0000157714 devstack@n-api-meta.service[108309]: DEBUG nova.api.openstack.wsgi_app [None req-d4b6eb04-bdf8-4bd6-a1a7-37c3fdda4d89 None None] cell_worker_thread_pool_size = 5 {{(pid=108309) log_opt_values /opt/stack/data/venv/lib/python3.12/site-packages/oslo_config/cfg.py:2995}}
Mar 03 23:05:20.978223 np0000157714 devstack@n-api-meta.service[108309]: DEBUG nova.api.openstack.wsgi_app [None req-d4b6eb04-bdf8-4bd6-a1a7-37c3fdda4d89 None None] cert = self.pem {{(pid=108309) log_opt_values /opt/stack/data/venv/lib/python3.12/site-packages/oslo_config/cfg.py:2995}}
Mar 03 23:05:20.978359 np0000157714 devstack@n-api-meta.service[108309]: DEBUG nova.api.openstack.wsgi_app [None req-d4b6eb04-bdf8-4bd6-a1a7-37c3fdda4d89 None None] compute_driver = libvirt.LibvirtDriver {{(pid=108309) log_opt_values /opt/stack/data/venv/lib/python3.12/site-packages/oslo_config/cfg.py:2995}}
Mar 03 23:05:20.978495 np0000157714 devstack@n-api-meta.service[108309]: DEBUG nova.api.openstack.wsgi_app [None req-d4b6eb04-bdf8-4bd6-a1a7-37c3fdda4d89 None None] compute_monitors = [] {{(pid=108309) log_opt_values /opt/stack/data/venv/lib/python3.12/site-packages/oslo_config/cfg.py:2995}}
Mar 03 23:05:20.978637 np0000157714 devstack@n-api-meta.service[108309]: DEBUG nova.api.openstack.wsgi_app [None req-d4b6eb04-bdf8-4bd6-a1a7-37c3fdda4d89 None None] config_dir = [] {{(pid=108309) log_opt_values /opt/stack/data/venv/lib/python3.12/site-packages/oslo_config/cfg.py:2995}}
Mar 03 23:05:20.978769 np0000157714 devstack@n-api-meta.service[108309]: DEBUG nova.api.openstack.wsgi_app [None req-d4b6eb04-bdf8-4bd6-a1a7-37c3fdda4d89 None None] config_drive_format = iso9660 {{(pid=108309) log_opt_values /opt/stack/data/venv/lib/python3.12/site-packages/oslo_config/cfg.py:2995}}
Mar 03 23:05:20.978876 np0000157714 devstack@n-api-meta.service[108309]: DEBUG nova.api.openstack.wsgi_app [None req-d4b6eb04-bdf8-4bd6-a1a7-37c3fdda4d89 None None] config_file = ['/etc/nova/api-paste.ini', '/etc/nova/nova.conf'] {{(pid=108309) log_opt_values /opt/stack/data/venv/lib/python3.12/site-packages/oslo_config/cfg.py:2995}}
Mar 03 23:05:20.979027 np0000157714 devstack@n-api-meta.service[108309]: DEBUG nova.api.openstack.wsgi_app [None req-d4b6eb04-bdf8-4bd6-a1a7-37c3fdda4d89 None None] config_source = [] {{(pid=108309) log_opt_values /opt/stack/data/venv/lib/python3.12/site-packages/oslo_config/cfg.py:2995}}
Mar 03 23:05:20.979166 np0000157714 devstack@n-api-meta.service[108309]: DEBUG nova.api.openstack.wsgi_app [None req-d4b6eb04-bdf8-4bd6-a1a7-37c3fdda4d89 None None] console_host = np0000157714 {{(pid=108309) log_opt_values /opt/stack/data/venv/lib/python3.12/site-packages/oslo_config/cfg.py:2995}}
Mar 03 23:05:20.979299 np0000157714 devstack@n-api-meta.service[108309]: DEBUG nova.api.openstack.wsgi_app [None req-d4b6eb04-bdf8-4bd6-a1a7-37c3fdda4d89 None None] control_exchange = nova {{(pid=108309) log_opt_values /opt/stack/data/venv/lib/python3.12/site-packages/oslo_config/cfg.py:2995}}
Mar 03 23:05:20.979428 np0000157714 devstack@n-api-meta.service[108309]: DEBUG nova.api.openstack.wsgi_app [None req-d4b6eb04-bdf8-4bd6-a1a7-37c3fdda4d89 None None] cpu_allocation_ratio = None {{(pid=108309) log_opt_values /opt/stack/data/venv/lib/python3.12/site-packages/oslo_config/cfg.py:2995}}
Mar 03 23:05:20.979562 np0000157714 devstack@n-api-meta.service[108309]: DEBUG nova.api.openstack.wsgi_app [None req-d4b6eb04-bdf8-4bd6-a1a7-37c3fdda4d89 None None] daemon = False {{(pid=108309) log_opt_values /opt/stack/data/venv/lib/python3.12/site-packages/oslo_config/cfg.py:2995}}
Mar 03 23:05:20.979693 np0000157714 devstack@n-api-meta.service[108309]: DEBUG nova.api.openstack.wsgi_app [None req-d4b6eb04-bdf8-4bd6-a1a7-37c3fdda4d89 None None] debug = True {{(pid=108309) log_opt_values /opt/stack/data/venv/lib/python3.12/site-packages/oslo_config/cfg.py:2995}}
Mar 03 23:05:20.979754 np0000157714 devstack@n-api-meta.service[108308]: INFO dbcounter [None req-89e5d222-5c74-4c64-9b66-dfe4b3b864a2 None None] Registered counter for database nova_cell0
Mar 03 23:05:20.979815 np0000157714 devstack@n-api-meta.service[108309]: DEBUG nova.api.openstack.wsgi_app [None req-d4b6eb04-bdf8-4bd6-a1a7-37c3fdda4d89 None None] default_access_ip_network_name = None {{(pid=108309) log_opt_values /opt/stack/data/venv/lib/python3.12/site-packages/oslo_config/cfg.py:2995}}
Mar 03 23:05:20.979947 np0000157714 devstack@n-api-meta.service[108309]: DEBUG nova.api.openstack.wsgi_app [None req-d4b6eb04-bdf8-4bd6-a1a7-37c3fdda4d89 None None] default_availability_zone = nova {{(pid=108309) log_opt_values /opt/stack/data/venv/lib/python3.12/site-packages/oslo_config/cfg.py:2995}}
Mar 03 23:05:20.980083 np0000157714 devstack@n-api-meta.service[108309]: DEBUG nova.api.openstack.wsgi_app [None req-d4b6eb04-bdf8-4bd6-a1a7-37c3fdda4d89 None None] default_ephemeral_format = ext4 {{(pid=108309) log_opt_values /opt/stack/data/venv/lib/python3.12/site-packages/oslo_config/cfg.py:2995}}
Mar 03 23:05:20.980300 np0000157714 devstack@n-api-meta.service[108309]: DEBUG nova.api.openstack.wsgi_app [None req-d4b6eb04-bdf8-4bd6-a1a7-37c3fdda4d89 None None] default_green_pool_size = 1000 {{(pid=108309) log_opt_values /opt/stack/data/venv/lib/python3.12/site-packages/oslo_config/cfg.py:2995}}
Mar 03 23:05:20.980509 np0000157714 devstack@n-api-meta.service[108309]: DEBUG nova.api.openstack.wsgi_app [None req-d4b6eb04-bdf8-4bd6-a1a7-37c3fdda4d89 None None] default_log_levels = ['amqp=WARN', 'boto=WARN', 'sqlalchemy=WARN', 'suds=INFO', 'oslo.messaging=INFO', 'oslo_messaging=INFO', 'iso8601=WARN', 'requests.packages.urllib3.connectionpool=WARN', 'urllib3.connectionpool=WARN', 'websocket=WARN', 'requests.packages.urllib3.util.retry=WARN', 'urllib3.util.retry=WARN', 'keystonemiddleware=WARN', 'routes.middleware=WARN', 'stevedore=WARN', 'taskflow=WARN', 'keystoneauth=WARN', 'oslo.cache=INFO', 'oslo_policy=INFO', 'dogpile.core.dogpile=INFO', 'glanceclient=WARN', 'oslo.privsep.daemon=INFO'] {{(pid=108309) log_opt_values /opt/stack/data/venv/lib/python3.12/site-packages/oslo_config/cfg.py:2995}}
Mar 03 23:05:20.980623 np0000157714 devstack@n-api-meta.service[108309]: DEBUG nova.api.openstack.wsgi_app [None req-d4b6eb04-bdf8-4bd6-a1a7-37c3fdda4d89 None None] default_schedule_zone = None {{(pid=108309) log_opt_values /opt/stack/data/venv/lib/python3.12/site-packages/oslo_config/cfg.py:2995}}
Mar 03 23:05:20.980840 np0000157714 devstack@n-api-meta.service[108309]: DEBUG nova.api.openstack.wsgi_app [None req-d4b6eb04-bdf8-4bd6-a1a7-37c3fdda4d89 None None] default_thread_pool_size = 10 {{(pid=108309) log_opt_values /opt/stack/data/venv/lib/python3.12/site-packages/oslo_config/cfg.py:2995}}
Mar 03 23:05:20.980967 np0000157714 devstack@n-api-meta.service[108309]: DEBUG nova.api.openstack.wsgi_app [None req-d4b6eb04-bdf8-4bd6-a1a7-37c3fdda4d89 None None] disk_allocation_ratio = None {{(pid=108309) log_opt_values /opt/stack/data/venv/lib/python3.12/site-packages/oslo_config/cfg.py:2995}}
Mar 03 23:05:20.981123 np0000157714 devstack@n-api-meta.service[108309]: DEBUG nova.api.openstack.wsgi_app [None req-d4b6eb04-bdf8-4bd6-a1a7-37c3fdda4d89 None None] enable_new_services = True {{(pid=108309) log_opt_values /opt/stack/data/venv/lib/python3.12/site-packages/oslo_config/cfg.py:2995}}
Mar 03 23:05:20.981257 np0000157714 devstack@n-api-meta.service[108309]: DEBUG nova.api.openstack.wsgi_app [None req-d4b6eb04-bdf8-4bd6-a1a7-37c3fdda4d89 None None] flat_injected = False {{(pid=108309) log_opt_values /opt/stack/data/venv/lib/python3.12/site-packages/oslo_config/cfg.py:2995}}
Mar 03 23:05:20.981384 np0000157714 devstack@n-api-meta.service[108309]: DEBUG nova.api.openstack.wsgi_app [None req-d4b6eb04-bdf8-4bd6-a1a7-37c3fdda4d89 None None] force_config_drive = False {{(pid=108309) log_opt_values /opt/stack/data/venv/lib/python3.12/site-packages/oslo_config/cfg.py:2995}}
Mar 03 23:05:20.981519 np0000157714 devstack@n-api-meta.service[108309]: DEBUG nova.api.openstack.wsgi_app [None req-d4b6eb04-bdf8-4bd6-a1a7-37c3fdda4d89 None None] force_raw_images = True {{(pid=108309) log_opt_values /opt/stack/data/venv/lib/python3.12/site-packages/oslo_config/cfg.py:2995}}
Mar 03 23:05:20.981657 np0000157714 devstack@n-api-meta.service[108309]: DEBUG nova.api.openstack.wsgi_app [None req-d4b6eb04-bdf8-4bd6-a1a7-37c3fdda4d89 None None] graceful_shutdown_timeout = 5 {{(pid=108309) log_opt_values /opt/stack/data/venv/lib/python3.12/site-packages/oslo_config/cfg.py:2995}}
Mar 03 23:05:20.981786 np0000157714 devstack@n-api-meta.service[108309]: DEBUG nova.api.openstack.wsgi_app [None req-d4b6eb04-bdf8-4bd6-a1a7-37c3fdda4d89 None None] heal_instance_info_cache_interval = -1 {{(pid=108309) log_opt_values /opt/stack/data/venv/lib/python3.12/site-packages/oslo_config/cfg.py:2995}}
Mar 03 23:05:20.981963 np0000157714 devstack@n-api-meta.service[108309]: DEBUG nova.api.openstack.wsgi_app [None req-d4b6eb04-bdf8-4bd6-a1a7-37c3fdda4d89 None None] host = np0000157714 {{(pid=108309) log_opt_values /opt/stack/data/venv/lib/python3.12/site-packages/oslo_config/cfg.py:2995}}
Mar 03 23:05:20.982122 np0000157714 devstack@n-api-meta.service[108309]: DEBUG nova.api.openstack.wsgi_app [None req-d4b6eb04-bdf8-4bd6-a1a7-37c3fdda4d89 None None] initial_cpu_allocation_ratio = 4.0 {{(pid=108309) log_opt_values /opt/stack/data/venv/lib/python3.12/site-packages/oslo_config/cfg.py:2995}}
Mar 03 23:05:20.982249 np0000157714 devstack@n-api-meta.service[108309]: DEBUG nova.api.openstack.wsgi_app [None req-d4b6eb04-bdf8-4bd6-a1a7-37c3fdda4d89 None None] initial_disk_allocation_ratio = 1.0 {{(pid=108309) log_opt_values /opt/stack/data/venv/lib/python3.12/site-packages/oslo_config/cfg.py:2995}}
Mar 03 23:05:20.982380 np0000157714 devstack@n-api-meta.service[108309]: DEBUG nova.api.openstack.wsgi_app [None req-d4b6eb04-bdf8-4bd6-a1a7-37c3fdda4d89 None None] initial_ram_allocation_ratio = 1.0 {{(pid=108309) log_opt_values /opt/stack/data/venv/lib/python3.12/site-packages/oslo_config/cfg.py:2995}}
Mar 03 23:05:20.982552 np0000157714 devstack@n-api-meta.service[108309]: DEBUG nova.api.openstack.wsgi_app [None req-d4b6eb04-bdf8-4bd6-a1a7-37c3fdda4d89 None None] injected_network_template = /opt/stack/nova/nova/virt/interfaces.template {{(pid=108309) log_opt_values /opt/stack/data/venv/lib/python3.12/site-packages/oslo_config/cfg.py:2995}}
Mar 03 23:05:20.982683 np0000157714 devstack@n-api-meta.service[108309]: DEBUG nova.api.openstack.wsgi_app [None req-d4b6eb04-bdf8-4bd6-a1a7-37c3fdda4d89 None None] instance_build_timeout = 0 {{(pid=108309) log_opt_values /opt/stack/data/venv/lib/python3.12/site-packages/oslo_config/cfg.py:2995}}
Mar 03 23:05:20.982814 np0000157714 devstack@n-api-meta.service[108309]: DEBUG nova.api.openstack.wsgi_app [None req-d4b6eb04-bdf8-4bd6-a1a7-37c3fdda4d89 None None] instance_delete_interval = 300 {{(pid=108309) log_opt_values /opt/stack/data/venv/lib/python3.12/site-packages/oslo_config/cfg.py:2995}}
Mar 03 23:05:20.982949 np0000157714 devstack@n-api-meta.service[108309]: DEBUG nova.api.openstack.wsgi_app [None req-d4b6eb04-bdf8-4bd6-a1a7-37c3fdda4d89 None None] instance_format = [instance: %(uuid)s] {{(pid=108309) log_opt_values /opt/stack/data/venv/lib/python3.12/site-packages/oslo_config/cfg.py:2995}}
Mar 03 23:05:20.983092 np0000157714 devstack@n-api-meta.service[108309]: DEBUG nova.api.openstack.wsgi_app [None req-d4b6eb04-bdf8-4bd6-a1a7-37c3fdda4d89 None None] instance_name_template = instance-%08x {{(pid=108309) log_opt_values /opt/stack/data/venv/lib/python3.12/site-packages/oslo_config/cfg.py:2995}}
Mar 03 23:05:20.983303 np0000157714 devstack@n-api-meta.service[108309]: DEBUG nova.api.openstack.wsgi_app [None req-d4b6eb04-bdf8-4bd6-a1a7-37c3fdda4d89 None None] instance_usage_audit = False {{(pid=108309) log_opt_values /opt/stack/data/venv/lib/python3.12/site-packages/oslo_config/cfg.py:2995}}
Mar 03 23:05:20.983449 np0000157714 devstack@n-api-meta.service[108309]: DEBUG nova.api.openstack.wsgi_app [None req-d4b6eb04-bdf8-4bd6-a1a7-37c3fdda4d89 None None] instance_usage_audit_period = month {{(pid=108309) log_opt_values /opt/stack/data/venv/lib/python3.12/site-packages/oslo_config/cfg.py:2995}}
Mar 03 23:05:20.983604 np0000157714 devstack@n-api-meta.service[108309]: DEBUG nova.api.openstack.wsgi_app [None req-d4b6eb04-bdf8-4bd6-a1a7-37c3fdda4d89 None None] instance_uuid_format = [instance: %(uuid)s] {{(pid=108309) log_opt_values /opt/stack/data/venv/lib/python3.12/site-packages/oslo_config/cfg.py:2995}}
Mar 03 23:05:20.983753 np0000157714 devstack@n-api-meta.service[108309]: DEBUG nova.api.openstack.wsgi_app [None req-d4b6eb04-bdf8-4bd6-a1a7-37c3fdda4d89 None None] instances_path = /opt/stack/data/nova/instances {{(pid=108309) log_opt_values /opt/stack/data/venv/lib/python3.12/site-packages/oslo_config/cfg.py:2995}}
Mar 03 23:05:20.983892 np0000157714 devstack@n-api-meta.service[108309]: DEBUG nova.api.openstack.wsgi_app [None req-d4b6eb04-bdf8-4bd6-a1a7-37c3fdda4d89 None None] internal_service_availability_zone = internal {{(pid=108309) log_opt_values /opt/stack/data/venv/lib/python3.12/site-packages/oslo_config/cfg.py:2995}}
Mar 03 23:05:20.984024 np0000157714 devstack@n-api-meta.service[108309]: DEBUG nova.api.openstack.wsgi_app [None req-d4b6eb04-bdf8-4bd6-a1a7-37c3fdda4d89 None None] key = None {{(pid=108309) log_opt_values /opt/stack/data/venv/lib/python3.12/site-packages/oslo_config/cfg.py:2995}}
Mar 03 23:05:20.984166 np0000157714 devstack@n-api-meta.service[108309]: DEBUG nova.api.openstack.wsgi_app [None req-d4b6eb04-bdf8-4bd6-a1a7-37c3fdda4d89 None None] live_migration_retry_count = 30 {{(pid=108309) log_opt_values /opt/stack/data/venv/lib/python3.12/site-packages/oslo_config/cfg.py:2995}}
Mar 03 23:05:20.984303 np0000157714 devstack@n-api-meta.service[108309]: DEBUG nova.api.openstack.wsgi_app [None req-d4b6eb04-bdf8-4bd6-a1a7-37c3fdda4d89 None None] log_color = False {{(pid=108309) log_opt_values /opt/stack/data/venv/lib/python3.12/site-packages/oslo_config/cfg.py:2995}}
Mar 03 23:05:20.984435 np0000157714 devstack@n-api-meta.service[108309]: DEBUG nova.api.openstack.wsgi_app [None req-d4b6eb04-bdf8-4bd6-a1a7-37c3fdda4d89 None None] log_config_append = None {{(pid=108309) log_opt_values /opt/stack/data/venv/lib/python3.12/site-packages/oslo_config/cfg.py:2995}}
Mar 03 23:05:20.984572 np0000157714 devstack@n-api-meta.service[108309]: DEBUG nova.api.openstack.wsgi_app [None req-d4b6eb04-bdf8-4bd6-a1a7-37c3fdda4d89 None None] log_date_format = %Y-%m-%d %H:%M:%S {{(pid=108309) log_opt_values /opt/stack/data/venv/lib/python3.12/site-packages/oslo_config/cfg.py:2995}}
Mar 03 23:05:20.984702 np0000157714 devstack@n-api-meta.service[108309]: DEBUG nova.api.openstack.wsgi_app [None req-d4b6eb04-bdf8-4bd6-a1a7-37c3fdda4d89 None None] log_dir = None {{(pid=108309) log_opt_values /opt/stack/data/venv/lib/python3.12/site-packages/oslo_config/cfg.py:2995}}
Mar 03 23:05:20.984894 np0000157714 devstack@n-api-meta.service[108309]: DEBUG nova.api.openstack.wsgi_app [None req-d4b6eb04-bdf8-4bd6-a1a7-37c3fdda4d89 None None] log_file = None {{(pid=108309) log_opt_values /opt/stack/data/venv/lib/python3.12/site-packages/oslo_config/cfg.py:2995}}
Mar 03 23:05:20.984986 np0000157714 devstack@n-api-meta.service[108309]: DEBUG nova.api.openstack.wsgi_app [None req-d4b6eb04-bdf8-4bd6-a1a7-37c3fdda4d89 None None] log_options = True {{(pid=108309) log_opt_values /opt/stack/data/venv/lib/python3.12/site-packages/oslo_config/cfg.py:2995}}
Mar 03 23:05:20.985182 np0000157714 devstack@n-api-meta.service[108309]: DEBUG nova.api.openstack.wsgi_app [None req-d4b6eb04-bdf8-4bd6-a1a7-37c3fdda4d89 None None] log_rotate_interval = 1 {{(pid=108309) log_opt_values /opt/stack/data/venv/lib/python3.12/site-packages/oslo_config/cfg.py:2995}}
Mar 03 23:05:20.985321 np0000157714 devstack@n-api-meta.service[108309]: DEBUG nova.api.openstack.wsgi_app [None req-d4b6eb04-bdf8-4bd6-a1a7-37c3fdda4d89 None None] log_rotate_interval_type = days {{(pid=108309) log_opt_values /opt/stack/data/venv/lib/python3.12/site-packages/oslo_config/cfg.py:2995}}
Mar 03 23:05:20.985463 np0000157714 devstack@n-api-meta.service[108309]: DEBUG nova.api.openstack.wsgi_app [None req-d4b6eb04-bdf8-4bd6-a1a7-37c3fdda4d89 None None] log_rotation_type = none {{(pid=108309) log_opt_values /opt/stack/data/venv/lib/python3.12/site-packages/oslo_config/cfg.py:2995}}
Mar 03 23:05:20.985578 np0000157714 devstack@n-api-meta.service[108309]: DEBUG nova.api.openstack.wsgi_app [None req-d4b6eb04-bdf8-4bd6-a1a7-37c3fdda4d89 None None] logging_context_format_string = %(color)s%(levelname)s %(name)s [%(global_request_id)s %(request_id)s %(project_name)s %(user_name)s%(color)s] %(instance)s%(color)s%(message)s {{(pid=108309) log_opt_values /opt/stack/data/venv/lib/python3.12/site-packages/oslo_config/cfg.py:2995}}
Mar 03 23:05:20.985657 np0000157714 devstack@n-api-meta.service[108310]: DEBUG dbcounter [-] [108310] Writer thread running {{(pid=108310) stat_writer /opt/stack/data/venv/lib/python3.12/site-packages/dbcounter.py:102}}
Mar 03 23:05:20.985705 np0000157714 devstack@n-api-meta.service[108309]: DEBUG nova.api.openstack.wsgi_app [None req-d4b6eb04-bdf8-4bd6-a1a7-37c3fdda4d89 None None] logging_debug_format_suffix = {{(pid=%(process)d) %(funcName)s %(pathname)s:%(lineno)d}} {{(pid=108309) log_opt_values /opt/stack/data/venv/lib/python3.12/site-packages/oslo_config/cfg.py:2995}}
Mar 03 23:05:20.985803 np0000157714 devstack@n-api-meta.service[108309]: DEBUG nova.api.openstack.wsgi_app [None req-d4b6eb04-bdf8-4bd6-a1a7-37c3fdda4d89 None None] logging_default_format_string = %(color)s%(levelname)s %(name)s [-%(color)s] %(instance)s%(color)s%(message)s {{(pid=108309) log_opt_values /opt/stack/data/venv/lib/python3.12/site-packages/oslo_config/cfg.py:2995}}
Mar 03 23:05:20.986284 np0000157714 devstack@n-api-meta.service[108309]: DEBUG nova.api.openstack.wsgi_app [None req-d4b6eb04-bdf8-4bd6-a1a7-37c3fdda4d89 None None] logging_exception_prefix = ERROR %(name)s %(instance)s {{(pid=108309) log_opt_values /opt/stack/data/venv/lib/python3.12/site-packages/oslo_config/cfg.py:2995}}
Mar 03 23:05:20.986284 np0000157714 devstack@n-api-meta.service[108309]: DEBUG nova.api.openstack.wsgi_app [None req-d4b6eb04-bdf8-4bd6-a1a7-37c3fdda4d89 None None] logging_user_identity_format = %(user)s %(project)s %(domain)s %(system_scope)s %(user_domain)s %(project_domain)s {{(pid=108309) log_opt_values /opt/stack/data/venv/lib/python3.12/site-packages/oslo_config/cfg.py:2995}}
