Sep 15 11:06:47.907814 np0000192774 devstack@neutron-api.service[102924]: DEBUG ovsdbapp.backend.ovs_idl [None req-ff2896e6-24b2-4cf5-8ac0-cae2376f0238 None None] Created schema index HA_Chassis_Group.name {{(pid=102924) autocreate_indices /opt/stack/data/venv/lib/python3.12/site-packages/ovsdbapp/backend/ovs_idl/__init__.py:106}}
Sep 15 11:06:47.907904 np0000192774 devstack@neutron-api.service[102924]: DEBUG ovsdbapp.backend.ovs_idl [None req-ff2896e6-24b2-4cf5-8ac0-cae2376f0238 None None] Created schema index Address_Set.name {{(pid=102924) autocreate_indices /opt/stack/data/venv/lib/python3.12/site-packages/ovsdbapp/backend/ovs_idl/__init__.py:106}}
Sep 15 11:06:47.907986 np0000192774 devstack@neutron-api.service[102924]: DEBUG ovsdbapp.backend.ovs_idl [None req-ff2896e6-24b2-4cf5-8ac0-cae2376f0238 None None] Created schema index Connection.target {{(pid=102924) autocreate_indices /opt/stack/data/venv/lib/python3.12/site-packages/ovsdbapp/backend/ovs_idl/__init__.py:106}}
Sep 15 11:06:47.908086 np0000192774 devstack@neutron-api.service[102924]: DEBUG ovsdbapp.backend.ovs_idl [None req-ff2896e6-24b2-4cf5-8ac0-cae2376f0238 None None] Created schema index Gateway_Chassis.name {{(pid=102924) autocreate_indices /opt/stack/data/venv/lib/python3.12/site-packages/ovsdbapp/backend/ovs_idl/__init__.py:106}}
Sep 15 11:06:47.908194 np0000192774 devstack@neutron-api.service[102924]: DEBUG ovsdbapp.backend.ovs_idl [None req-ff2896e6-24b2-4cf5-8ac0-cae2376f0238 None None] Created schema index Mirror.name {{(pid=102924) autocreate_indices /opt/stack/data/venv/lib/python3.12/site-packages/ovsdbapp/backend/ovs_idl/__init__.py:106}}
Sep 15 11:06:47.908271 np0000192774 devstack@neutron-api.service[102924]: DEBUG ovsdbapp.backend.ovs_idl [None req-ff2896e6-24b2-4cf5-8ac0-cae2376f0238 None None] Created schema index Chassis_Template_Var.chassis {{(pid=102924) autocreate_indices /opt/stack/data/venv/lib/python3.12/site-packages/ovsdbapp/backend/ovs_idl/__init__.py:106}}
Sep 15 11:06:47.908351 np0000192774 devstack@neutron-api.service[102924]: DEBUG ovsdbapp.backend.ovs_idl [None req-ff2896e6-24b2-4cf5-8ac0-cae2376f0238 None None] Created schema index Logical_Router_Port.name {{(pid=102924) autocreate_indices /opt/stack/data/venv/lib/python3.12/site-packages/ovsdbapp/backend/ovs_idl/__init__.py:106}}
Sep 15 11:06:47.908436 np0000192774 devstack@neutron-api.service[102924]: DEBUG ovsdbapp.backend.ovs_idl [None req-ff2896e6-24b2-4cf5-8ac0-cae2376f0238 None None] Created schema index Port_Group.name {{(pid=102924) autocreate_indices /opt/stack/data/venv/lib/python3.12/site-packages/ovsdbapp/backend/ovs_idl/__init__.py:106}}
Sep 15 11:06:47.908517 np0000192774 devstack@neutron-api.service[102924]: DEBUG ovsdbapp.backend.ovs_idl [None req-ff2896e6-24b2-4cf5-8ac0-cae2376f0238 None None] Created schema index Logical_Switch_Port.name {{(pid=102924) autocreate_indices /opt/stack/data/venv/lib/python3.12/site-packages/ovsdbapp/backend/ovs_idl/__init__.py:106}}
Sep 15 11:06:47.909106 np0000192774 devstack@neutron-api.service[102926]: DEBUG ovsdbapp.backend.ovs_idl [None req-2c5e80ba-fab7-4a9d-9d7e-6677f36bce63 None None] Created lookup_table index Chassis.name {{(pid=102926) autocreate_indices /opt/stack/data/venv/lib/python3.12/site-packages/ovsdbapp/backend/ovs_idl/__init__.py:87}}
Sep 15 11:06:47.909227 np0000192774 devstack@neutron-api.service[102926]: DEBUG ovsdbapp.backend.ovs_idl [None req-2c5e80ba-fab7-4a9d-9d7e-6677f36bce63 None None] Created lookup_table index Port_Binding.logical_port {{(pid=102926) autocreate_indices /opt/stack/data/venv/lib/python3.12/site-packages/ovsdbapp/backend/ovs_idl/__init__.py:87}}
Sep 15 11:06:47.909312 np0000192774 devstack@neutron-api.service[102926]: DEBUG ovsdbapp.backend.ovs_idl [None req-2c5e80ba-fab7-4a9d-9d7e-6677f36bce63 None None] Created schema index Chassis_Private.name {{(pid=102926) autocreate_indices /opt/stack/data/venv/lib/python3.12/site-packages/ovsdbapp/backend/ovs_idl/__init__.py:106}}
Sep 15 11:06:47.909398 np0000192774 devstack@neutron-api.service[102926]: DEBUG ovsdbapp.backend.ovs_idl [None req-2c5e80ba-fab7-4a9d-9d7e-6677f36bce63 None None] Created schema index Datapath_Binding.tunnel_key {{(pid=102926) autocreate_indices /opt/stack/data/venv/lib/python3.12/site-packages/ovsdbapp/backend/ovs_idl/__init__.py:106}}
Sep 15 11:06:47.910489 np0000192774 devstack@neutron-api.service[102924]: INFO ovsdbapp.backend.ovs_idl.vlog [None req-ff2896e6-24b2-4cf5-8ac0-cae2376f0238 None None] ssl:162.253.55.140:6641: connecting...
Sep 15 11:06:47.911400 np0000192774 devstack@neutron-api.service[102926]: INFO ovsdbapp.backend.ovs_idl.vlog [None req-2c5e80ba-fab7-4a9d-9d7e-6677f36bce63 None None] ssl:162.253.55.140:6642: connecting...
Sep 15 11:06:47.915008 np0000192774 devstack@neutron-api.service[102924]: INFO ovsdbapp.backend.ovs_idl.vlog [None req-ff2896e6-24b2-4cf5-8ac0-cae2376f0238 None None] ssl:162.253.55.140:6641: connected
Sep 15 11:06:47.919679 np0000192774 devstack@neutron-api.service[102926]: INFO ovsdbapp.backend.ovs_idl.vlog [None req-2c5e80ba-fab7-4a9d-9d7e-6677f36bce63 None None] ssl:162.253.55.140:6642: connected
Sep 15 11:06:47.943454 np0000192774 devstack@neutron-api.service[102924]: DEBUG neutron.common.ovn.hash_ring_manager [None req-ff2896e6-24b2-4cf5-8ac0-cae2376f0238 None None] Allow caching, nodes 4>=4 {{(pid=102924) _wait_startup_before_caching /opt/stack/neutron/neutron/common/ovn/hash_ring_manager.py:71}}
Sep 15 11:06:47.948199 np0000192774 devstack@neutron-api.service[102924]: DEBUG neutron.common.ovn.hash_ring_manager [None req-ff2896e6-24b2-4cf5-8ac0-cae2376f0238 None None] Hash Ring loaded. 4 active nodes. 0 offline nodes {{(pid=102924) _load_hash_ring /opt/stack/neutron/neutron/common/ovn/hash_ring_manager.py:110}}
Sep 15 11:06:47.948353 np0000192774 devstack@neutron-api.service[102924]: DEBUG neutron.plugins.ml2.drivers.ovn.mech_driver.ovsdb.ovsdb_monitor [None req-ff2896e6-24b2-4cf5-8ac0-cae2376f0238 None None] Hash Ring: Node c08dbee2757358769c27973d7ed97145 (host: np0000192774) handling event "create" for row f59db75e-97bc-4dc7-ab8a-b2f3d38ef335 (table: Connection) {{(pid=102924) notify /opt/stack/neutron/neutron/plugins/ml2/drivers/ovn/mech_driver/ovsdb/ovsdb_monitor.py:1099}}
Sep 15 11:06:47.948806 np0000192774 devstack@neutron-api.service[102924]: DEBUG neutron.plugins.ml2.drivers.ovn.mech_driver.ovsdb.ovsdb_monitor [None req-ff2896e6-24b2-4cf5-8ac0-cae2376f0238 None None] Hash Ring: Node c08dbee2757358769c27973d7ed97145 (host: np0000192774) handling event "create" for row 34bffc97-76b5-4d38-aa97-c52c5b6b9aeb (table: Port_Group) {{(pid=102924) notify /opt/stack/neutron/neutron/plugins/ml2/drivers/ovn/mech_driver/ovsdb/ovsdb_monitor.py:1099}}
Sep 15 11:06:47.949509 np0000192774 devstack@neutron-api.service[102924]: INFO neutron.plugins.ml2.drivers.ovn.mech_driver.ovsdb.impl_idl_ovn [None req-ff2896e6-24b2-4cf5-8ac0-cae2376f0238 None None] Getting OvsdbSbOvnIdl for WorkerService with retry
Sep 15 11:06:47.952201 np0000192774 devstack@neutron-api.service[102926]: DEBUG neutron.common.ovn.hash_ring_manager [None req-2c5e80ba-fab7-4a9d-9d7e-6677f36bce63 None None] Allow caching, nodes 4>=4 {{(pid=102926) _wait_startup_before_caching /opt/stack/neutron/neutron/common/ovn/hash_ring_manager.py:71}}
Sep 15 11:06:47.957082 np0000192774 devstack@neutron-api.service[102926]: DEBUG neutron.common.ovn.hash_ring_manager [None req-2c5e80ba-fab7-4a9d-9d7e-6677f36bce63 None None] Hash Ring loaded. 4 active nodes. 0 offline nodes {{(pid=102926) _load_hash_ring /opt/stack/neutron/neutron/common/ovn/hash_ring_manager.py:110}}
Sep 15 11:06:47.957569 np0000192774 devstack@neutron-api.service[102926]: DEBUG ovsdbapp.backend.ovs_idl.event [None req-2c5e80ba-fab7-4a9d-9d7e-6677f36bce63 None None] Matched CREATE: ChassisAgentWriteEvent(events=('create', 'update'), table='Chassis_Private', conditions=None, old_conditions=None), priority=20 to row=Chassis_Private(uuid=bd9fd4ba-23bd-4dc6-9371-7241aa88c220, chassis=417317d3-6f13-4aa9-88bc-46092b563d15, external_ids={'neutron:ovn-bridge': 'br-int', 'neutron:ovn-neutron-agent-id': 'b46d9812-956f-5da6-90a0-4da3b14a8216', 'neutron:ovn-neutron-agent-sb-cfg': '0'}, name='0811c92d-a318-4993-8966-efc490fb8dd4', nb_cfg=0, nb_cfg_timestamp=0) old= {{(pid=102926) matches /opt/stack/data/venv/lib/python3.12/site-packages/ovsdbapp/backend/ovs_idl/event.py:55}}
Sep 15 11:06:47.957988 np0000192774 devstack@neutron-api.service[102926]: DEBUG ovsdbapp.backend.ovs_idl.event [None req-2c5e80ba-fab7-4a9d-9d7e-6677f36bce63 None None] Matched CREATE: ChassisOVNAgentWriteEvent(events=('create', 'update'), table='Chassis_Private', conditions=None, old_conditions=None), priority=20 to row=Chassis_Private(uuid=bd9fd4ba-23bd-4dc6-9371-7241aa88c220, chassis=417317d3-6f13-4aa9-88bc-46092b563d15, external_ids={'neutron:ovn-bridge': 'br-int', 'neutron:ovn-neutron-agent-id': 'b46d9812-956f-5da6-90a0-4da3b14a8216', 'neutron:ovn-neutron-agent-sb-cfg': '0'}, name='0811c92d-a318-4993-8966-efc490fb8dd4', nb_cfg=0, nb_cfg_timestamp=0) old= {{(pid=102926) matches /opt/stack/data/venv/lib/python3.12/site-packages/ovsdbapp/backend/ovs_idl/event.py:55}}
Sep 15 11:06:47.958296 np0000192774 devstack@neutron-api.service[102926]: DEBUG neutron.plugins.ml2.drivers.ovn.mech_driver.ovsdb.ovsdb_monitor [None req-2c5e80ba-fab7-4a9d-9d7e-6677f36bce63 None None] Hash Ring: Node ea3869362d805de8a786dedc41e2f950 (host: np0000192774) handling event "create" for row bd9fd4ba-23bd-4dc6-9371-7241aa88c220 (table: Chassis_Private) {{(pid=102926) notify /opt/stack/neutron/neutron/plugins/ml2/drivers/ovn/mech_driver/ovsdb/ovsdb_monitor.py:1099}}
Sep 15 11:06:47.960829 np0000192774 devstack@neutron-api.service[102926]: INFO neutron.plugins.ml2.drivers.ovn.mech_driver.mech_driver [None req-2c5e80ba-fab7-4a9d-9d7e-6677f36bce63 None None] WorkerService process has finished the post initialization
Sep 15 11:06:47.961996 np0000192774 devstack@neutron-api.service[102926]: WSGI app 0 (mountpoint='') ready in 8 seconds on interpreter 0x7116dfaa4668 pid: 102926 (default app)
Sep 15 11:06:47.981269 np0000192774 devstack@neutron-api.service[102924]: DEBUG ovsdbapp.backend.ovs_idl [None req-ff2896e6-24b2-4cf5-8ac0-cae2376f0238 None None] Created lookup_table index Chassis.name {{(pid=102924) autocreate_indices /opt/stack/data/venv/lib/python3.12/site-packages/ovsdbapp/backend/ovs_idl/__init__.py:87}}
Sep 15 11:06:47.981382 np0000192774 devstack@neutron-api.service[102924]: DEBUG ovsdbapp.backend.ovs_idl [None req-ff2896e6-24b2-4cf5-8ac0-cae2376f0238 None None] Created lookup_table index Port_Binding.logical_port {{(pid=102924) autocreate_indices /opt/stack/data/venv/lib/python3.12/site-packages/ovsdbapp/backend/ovs_idl/__init__.py:87}}
Sep 15 11:06:47.981461 np0000192774 devstack@neutron-api.service[102924]: DEBUG ovsdbapp.backend.ovs_idl [None req-ff2896e6-24b2-4cf5-8ac0-cae2376f0238 None None] Created schema index Chassis_Private.name {{(pid=102924) autocreate_indices /opt/stack/data/venv/lib/python3.12/site-packages/ovsdbapp/backend/ovs_idl/__init__.py:106}}
Sep 15 11:06:47.981569 np0000192774 devstack@neutron-api.service[102924]: DEBUG ovsdbapp.backend.ovs_idl [None req-ff2896e6-24b2-4cf5-8ac0-cae2376f0238 None None] Created schema index Datapath_Binding.tunnel_key {{(pid=102924) autocreate_indices /opt/stack/data/venv/lib/python3.12/site-packages/ovsdbapp/backend/ovs_idl/__init__.py:106}}
Sep 15 11:06:47.983484 np0000192774 devstack@neutron-api.service[102924]: INFO ovsdbapp.backend.ovs_idl.vlog [None req-ff2896e6-24b2-4cf5-8ac0-cae2376f0238 None None] ssl:162.253.55.140:6642: connecting...
Sep 15 11:06:47.989625 np0000192774 devstack@neutron-api.service[102924]: INFO ovsdbapp.backend.ovs_idl.vlog [None req-ff2896e6-24b2-4cf5-8ac0-cae2376f0238 None None] ssl:162.253.55.140:6642: connected
Sep 15 11:06:48.019552 np0000192774 devstack@neutron-api.service[102924]: DEBUG neutron.common.ovn.hash_ring_manager [None req-ff2896e6-24b2-4cf5-8ac0-cae2376f0238 None None] Allow caching, nodes 4>=4 {{(pid=102924) _wait_startup_before_caching /opt/stack/neutron/neutron/common/ovn/hash_ring_manager.py:71}}
Sep 15 11:06:48.023592 np0000192774 devstack@neutron-api.service[102924]: DEBUG neutron.common.ovn.hash_ring_manager [None req-ff2896e6-24b2-4cf5-8ac0-cae2376f0238 None None] Hash Ring loaded. 4 active nodes. 0 offline nodes {{(pid=102924) _load_hash_ring /opt/stack/neutron/neutron/common/ovn/hash_ring_manager.py:110}}
Sep 15 11:06:48.023592 np0000192774 devstack@neutron-api.service[102924]: DEBUG neutron.plugins.ml2.drivers.ovn.mech_driver.ovsdb.ovsdb_monitor [None req-ff2896e6-24b2-4cf5-8ac0-cae2376f0238 None None] Hash Ring: Node c08dbee2757358769c27973d7ed97145 (host: np0000192774) handling event "create" for row 417317d3-6f13-4aa9-88bc-46092b563d15 (table: Chassis) {{(pid=102924) notify /opt/stack/neutron/neutron/plugins/ml2/drivers/ovn/mech_driver/ovsdb/ovsdb_monitor.py:1099}}
Sep 15 11:06:48.024725 np0000192774 devstack@neutron-api.service[102924]: DEBUG ovsdbapp.backend.ovs_idl.event [None req-ff2896e6-24b2-4cf5-8ac0-cae2376f0238 None None] Matched CREATE: ChassisBandwidthConfigEvent(events=('create', 'update'), table='Chassis', conditions=None, old_conditions=None), priority=20 to row=Chassis(uuid=417317d3-6f13-4aa9-88bc-46092b563d15, encaps=[7c349d03-6a95-42f7-b000-91818a3d5826], external_ids={}, hostname='np0000192774', name='0811c92d-a318-4993-8966-efc490fb8dd4', nb_cfg=0, other_config={'ct-commit-nat-v2': 'true', 'ct-commit-to-zone': 'true', 'ct-next-zone': 'true', 'ct-no-masked-label': 'true', 'ct-state-save': 'true', 'datapath-type': 'system', 'fdb-timestamp': 'true', 'iface-types': 'afxdp,afxdp-nonpmd,bareudp,erspan,geneve,gre,gtpu,internal,ip6erspan,ip6gre,lisp,patch,srv6,stt,system,tap,vxlan', 'is-interconn': 'false', 'ls-dpg-column': 'true', 'mac-binding-timestamp': 'true', 'ovn-bridge-mappings': 'public:br-ex', 'ovn-chassis-mac-mappings': '', 'ovn-cms-options': 'enable-chassis-as-gw', 'ovn-ct-lb-related': 'true', 'ovn-enable-lflow-cache': 'true', 'ovn-limit-lflow-cache': '', 'ovn-memlimit-lflow-cache-kb': '', 'ovn-monitor-all': 'false', 'ovn-trim-limit-lflow-cache': '', 'ovn-trim-timeout-ms': '', 'ovn-trim-wmark-perc-lflow-cache': '', 'port-up-notif': 'true'}, transport_zones=[], vtep_logical_switches=[]) old= {{(pid=102924) matches /opt/stack/data/venv/lib/python3.12/site-packages/ovsdbapp/backend/ovs_idl/event.py:55}}
Sep 15 11:06:48.024866 np0000192774 devstack@neutron-api.service[102924]: DEBUG ovsdbapp.backend.ovs_idl.event [None req-ff2896e6-24b2-4cf5-8ac0-cae2376f0238 None None] Matched CREATE: ChassisOVNAgentWriteEvent(events=('create', 'update'), table='Chassis_Private', conditions=None, old_conditions=None), priority=20 to row=Chassis_Private(uuid=bd9fd4ba-23bd-4dc6-9371-7241aa88c220, chassis=417317d3-6f13-4aa9-88bc-46092b563d15, external_ids={'neutron:ovn-bridge': 'br-int', 'neutron:ovn-neutron-agent-id': 'b46d9812-956f-5da6-90a0-4da3b14a8216', 'neutron:ovn-neutron-agent-sb-cfg': '0'}, name='0811c92d-a318-4993-8966-efc490fb8dd4', nb_cfg=0, nb_cfg_timestamp=0) old= {{(pid=102924) matches /opt/stack/data/venv/lib/python3.12/site-packages/ovsdbapp/backend/ovs_idl/event.py:55}}
Sep 15 11:06:48.025181 np0000192774 devstack@neutron-api.service[102924]: DEBUG ovsdbapp.backend.ovs_idl.event [None req-ff2896e6-24b2-4cf5-8ac0-cae2376f0238 None None] Matched CREATE: ChassisAgentWriteEvent(events=('create', 'update'), table='Chassis_Private', conditions=None, old_conditions=None), priority=20 to row=Chassis_Private(uuid=bd9fd4ba-23bd-4dc6-9371-7241aa88c220, chassis=417317d3-6f13-4aa9-88bc-46092b563d15, external_ids={'neutron:ovn-bridge': 'br-int', 'neutron:ovn-neutron-agent-id': 'b46d9812-956f-5da6-90a0-4da3b14a8216', 'neutron:ovn-neutron-agent-sb-cfg': '0'}, name='0811c92d-a318-4993-8966-efc490fb8dd4', nb_cfg=0, nb_cfg_timestamp=0) old= {{(pid=102924) matches /opt/stack/data/venv/lib/python3.12/site-packages/ovsdbapp/backend/ovs_idl/event.py:55}}
Sep 15 11:06:48.026487 np0000192774 devstack@neutron-api.service[102924]: INFO neutron.plugins.ml2.drivers.ovn.mech_driver.mech_driver [None req-ff2896e6-24b2-4cf5-8ac0-cae2376f0238 None None] WorkerService process has finished the post initialization
Sep 15 11:06:48.027294 np0000192774 devstack@neutron-api.service[102924]: INFO neutron.plugins.ml2.drivers.ovn.mech_driver.ovsdb.extensions.qos [-] Starting OVNClientQosExtension
Sep 15 11:06:48.028001 np0000192774 devstack@neutron-api.service[102924]: INFO neutron.plugins.ml2.drivers.ovn.mech_driver.ovsdb.extensions.placement [-] Starting OVNClientPlacementExtension
Sep 15 11:06:48.029500 np0000192774 devstack@neutron-api.service[102924]: WSGI app 0 (mountpoint='') ready in 9 seconds on interpreter 0x7116dfaa4668 pid: 102924 (default app)
Sep 15 11:06:48.544782 np0000192774 devstack@neutron-api.service[102924]: DEBUG neutron.plugins.ml2.drivers.ovn.mech_driver.ovsdb.ovsdb_monitor [-] Hash Ring: Node c08dbee2757358769c27973d7ed97145 (host: np0000192774) handling event "update" for row f59db75e-97bc-4dc7-ab8a-b2f3d38ef335 (table: Connection) {{(pid=102924) notify /opt/stack/neutron/neutron/plugins/ml2/drivers/ovn/mech_driver/ovsdb/ovsdb_monitor.py:1099}}
Sep 15 11:06:48.551243 np0000192774 devstack@neutron-api.service[102927]: DEBUG neutron.common.ovn.hash_ring_manager [-] Allow caching, nodes 4>=4 {{(pid=102927) _wait_startup_before_caching /opt/stack/neutron/neutron/common/ovn/hash_ring_manager.py:71}}
Sep 15 11:06:48.551657 np0000192774 devstack@neutron-api.service[102927]: DEBUG neutron.plugins.ml2.drivers.ovn.mech_driver.ovsdb.ovsdb_monitor [-] Hash Ring: Node a3b467fd66985b45910f6d7328ec9131 (host: np0000192774) handling event "update" for row f59db75e-97bc-4dc7-ab8a-b2f3d38ef335 (table: Connection) {{(pid=102927) notify /opt/stack/neutron/neutron/plugins/ml2/drivers/ovn/mech_driver/ovsdb/ovsdb_monitor.py:1099}}
Sep 15 11:06:48.551763 np0000192774 devstack@neutron-api.service[102925]: DEBUG neutron.common.ovn.hash_ring_manager [-] Allow caching, nodes 4>=4 {{(pid=102925) _wait_startup_before_caching /opt/stack/neutron/neutron/common/ovn/hash_ring_manager.py:71}}
Sep 15 11:06:48.552216 np0000192774 devstack@neutron-api.service[102925]: DEBUG neutron.plugins.ml2.drivers.ovn.mech_driver.ovsdb.ovsdb_monitor [-] Hash Ring: Node f765b80c61f55d58a06fc586e4c89938 (host: np0000192774) handling event "update" for row f59db75e-97bc-4dc7-ab8a-b2f3d38ef335 (table: Connection) {{(pid=102925) notify /opt/stack/neutron/neutron/plugins/ml2/drivers/ovn/mech_driver/ovsdb/ovsdb_monitor.py:1099}}
Sep 15 11:06:51.044942 np0000192774 devstack@neutron-api.service[102924]: DEBUG neutron.plugins.ml2.drivers.ovn.mech_driver.ovsdb.ovsdb_monitor [-] Hash Ring: Node c08dbee2757358769c27973d7ed97145 (host: np0000192774) handling event "update" for row f59db75e-97bc-4dc7-ab8a-b2f3d38ef335 (table: Connection) {{(pid=102924) notify /opt/stack/neutron/neutron/plugins/ml2/drivers/ovn/mech_driver/ovsdb/ovsdb_monitor.py:1099}}
Sep 15 11:06:51.045584 np0000192774 devstack@neutron-api.service[102925]: DEBUG neutron.plugins.ml2.drivers.ovn.mech_driver.ovsdb.ovsdb_monitor [-] Hash Ring: Node f765b80c61f55d58a06fc586e4c89938 (host: np0000192774) handling event "update" for row f59db75e-97bc-4dc7-ab8a-b2f3d38ef335 (table: Connection) {{(pid=102925) notify /opt/stack/neutron/neutron/plugins/ml2/drivers/ovn/mech_driver/ovsdb/ovsdb_monitor.py:1099}}
Sep 15 11:06:51.046845 np0000192774 devstack@neutron-api.service[102927]: DEBUG neutron.plugins.ml2.drivers.ovn.mech_driver.ovsdb.ovsdb_monitor [-] Hash Ring: Node a3b467fd66985b45910f6d7328ec9131 (host: np0000192774) handling event "update" for row f59db75e-97bc-4dc7-ab8a-b2f3d38ef335 (table: Connection) {{(pid=102927) notify /opt/stack/neutron/neutron/plugins/ml2/drivers/ovn/mech_driver/ovsdb/ovsdb_monitor.py:1099}}
Sep 15 11:06:54.689340 np0000192774 devstack@neutron-api.service[102927]: DEBUG neutron.api.wsgi [None req-e4eaef0f-aca9-43a5-aada-8a3321a1f943 admin admin] Missing Content-Type {{(pid=102927) get_content_type /opt/stack/neutron/neutron/api/wsgi.py:80}}
Sep 15 11:06:54.690386 np0000192774 devstack@neutron-api.service[102927]: DEBUG neutron.api.wsgi [None req-e4eaef0f-aca9-43a5-aada-8a3321a1f943 admin admin] https://162.253.55.140/networking/v2.0/extensions returned with HTTP 200 {{(pid=102927) __call__ /opt/stack/neutron/neutron/api/wsgi.py:540}}
Sep 15 11:06:54.690386 np0000192774 devstack@neutron-api.service[102927]: [pid: 102927|app: 0|req: 2/2] 162.253.55.140 () {64 vars in 1323 bytes} [Tue Sep 15 11:06:54 2026] GET /networking/v2.0/extensions => generated 16393 bytes in 554 msecs (HTTP/1.1 200) 4 headers in 159 bytes (1 switches on core 0)
Sep 15 11:06:55.242642 np0000192774 devstack@neutron-api.service[102925]: DEBUG neutron.api.v2.base [None req-4d0e1843-3bcd-4ed3-9cba-3d3fb40ecfbf admin admin] Request body: {'subnetpool': {'name': 'shared-default-subnetpool-v4', 'is_default': True, 'prefixes': ['10.1.0.0/20'], 'shared': True, 'default_prefixlen': 26}} {{(pid=102925) prepare_request_body /opt/stack/neutron/neutron/api/v2/base.py:727}}
Sep 15 11:06:55.429156 np0000192774 devstack@neutron-api.service[102925]: DEBUG neutron.policy [None req-4d0e1843-3bcd-4ed3-9cba-3d3fb40ecfbf admin admin] Loaded default policies from ['neutron'] under neutron.policies entry points {{(pid=102925) register_rules /opt/stack/neutron/neutron/policy.py:65}}
Sep 15 11:06:55.577210 np0000192774 devstack@neutron-api.service[102925]: DEBUG neutron_lib.callbacks.manager [None req-4d0e1843-3bcd-4ed3-9cba-3d3fb40ecfbf admin admin] Publish callbacks ['neutron.objects.securitygroup.RbacNeutronDbObjectMixin.validate_rbac_policy_change-2667226960547', 'neutron.objects.address_group.RbacNeutronDbObjectMixin.validate_rbac_policy_change-2667226856806', 'neutron.objects.network.RbacNeutronDbObjectMixin.validate_rbac_policy_change-2667226859871', 'neutron.objects.qos.policy.RbacNeutronDbObjectMixin.validate_rbac_policy_change-2667226864663', 'neutron.objects.subnetpool.RbacNeutronDbObjectMixin.validate_rbac_policy_change-2667226877289', 'neutron.objects.address_scope.RbacNeutronDbObjectMixin.validate_rbac_policy_change-2667226876080', 'neutron.plugins.ml2.plugin.External_net_db_mixin._process_ext_policy_create-521537', 'neutron.plugins.ml2.plugin.NeutronDbPluginV2.validate_network_rbac_policy_change-509049'] for rbac-policy (None), before_create {{(pid=102925) _notify_loop /opt/stack/data/venv/lib/python3.12/site-packages/neutron_lib/callbacks/manager.py:184}}
Sep 15 11:06:55.626193 np0000192774 devstack@neutron-api.service[102925]: DEBUG neutron_lib.callbacks.manager [None req-4d0e1843-3bcd-4ed3-9cba-3d3fb40ecfbf admin admin] Publish callbacks [] for subnetpool (None), before_response {{(pid=102925) _notify_loop /opt/stack/data/venv/lib/python3.12/site-packages/neutron_lib/callbacks/manager.py:184}}
Sep 15 11:06:55.626929 np0000192774 devstack@neutron-api.service[102925]: [pid: 102925|app: 0|req: 1/3] 162.253.55.140 () {68 vars in 1367 bytes} [Tue Sep 15 11:06:55 2026] POST /networking/v2.0/subnetpools => generated 533 bytes in 524 msecs (HTTP/1.1 201) 4 headers in 162 bytes (1 switches on core 0)
Sep 15 11:06:56.045713 np0000192774 devstack@neutron-api.service[102926]: DEBUG neutron.api.v2.base [None req-4c4f0b81-dc31-47be-9b77-f11a0d53dd8b admin admin] Request body: {'subnetpool': {'name': 'shared-default-subnetpool-v6', 'is_default': True, 'prefixes': ['fdfa:942d:1ea1::/56'], 'shared': True, 'default_prefixlen': 64}} {{(pid=102926) prepare_request_body /opt/stack/neutron/neutron/api/v2/base.py:727}}
Sep 15 11:06:56.206450 np0000192774 devstack@neutron-api.service[102926]: DEBUG neutron.policy [None req-4c4f0b81-dc31-47be-9b77-f11a0d53dd8b admin admin] Loaded default policies from ['neutron'] under neutron.policies entry points {{(pid=102926) register_rules /opt/stack/neutron/neutron/policy.py:65}}
Sep 15 11:06:56.354426 np0000192774 devstack@neutron-api.service[102926]: DEBUG neutron_lib.callbacks.manager [None req-4c4f0b81-dc31-47be-9b77-f11a0d53dd8b admin admin] Publish callbacks ['neutron.objects.securitygroup.RbacNeutronDbObjectMixin.validate_rbac_policy_change-2667226917734', 'neutron.objects.address_group.RbacNeutronDbObjectMixin.validate_rbac_policy_change-2667226873900', 'neutron.objects.network.RbacNeutronDbObjectMixin.validate_rbac_policy_change-2667226888463', 'neutron.objects.qos.policy.RbacNeutronDbObjectMixin.validate_rbac_policy_change-2667226958354', 'neutron.objects.subnetpool.RbacNeutronDbObjectMixin.validate_rbac_policy_change-2667226971299', 'neutron.objects.address_scope.RbacNeutronDbObjectMixin.validate_rbac_policy_change-2667226973946', 'neutron.plugins.ml2.plugin.External_net_db_mixin._process_ext_policy_create-931223', 'neutron.plugins.ml2.plugin.NeutronDbPluginV2.validate_network_rbac_policy_change-921177'] for rbac-policy (None), before_create {{(pid=102926) _notify_loop /opt/stack/data/venv/lib/python3.12/site-packages/neutron_lib/callbacks/manager.py:184}}
Sep 15 11:06:56.402514 np0000192774 devstack@neutron-api.service[102926]: DEBUG neutron_lib.callbacks.manager [None req-4c4f0b81-dc31-47be-9b77-f11a0d53dd8b admin admin] Publish callbacks [] for subnetpool (None), before_response {{(pid=102926) _notify_loop /opt/stack/data/venv/lib/python3.12/site-packages/neutron_lib/callbacks/manager.py:184}}
Sep 15 11:06:56.403071 np0000192774 devstack@neutron-api.service[102926]: [pid: 102926|app: 0|req: 1/4] 162.253.55.140 () {68 vars in 1367 bytes} [Tue Sep 15 11:06:55 2026] POST /networking/v2.0/subnetpools => generated 543 bytes in 487 msecs (HTTP/1.1 201) 4 headers in 162 bytes (1 switches on core 0)
Sep 15 11:06:56.898507 np0000192774 devstack@neutron-api.service[102924]: DEBUG neutron.api.v2.base [None req-cd1f4b8b-b3d6-4dca-af5e-b98a80fc4d97 admin admin] Request body: {'network': {'name': 'private', 'admin_state_up': True}} {{(pid=102924) prepare_request_body /opt/stack/neutron/neutron/api/v2/base.py:727}}
Sep 15 11:06:56.933369 np0000192774 devstack@neutron-api.service[102924]: DEBUG neutron.pecan_wsgi.hooks.quota_enforcement [None req-cd1f4b8b-b3d6-4dca-af5e-b98a80fc4d97 admin admin] Made reservation on behalf of 36a350a002234500b1a840c9414dc521 for: {'network': 1} {{(pid=102924) before /opt/stack/neutron/neutron/pecan_wsgi/hooks/quota_enforcement.py:66}}
Sep 15 11:06:57.101759 np0000192774 devstack@neutron-api.service[102924]: DEBUG neutron.policy [None req-cd1f4b8b-b3d6-4dca-af5e-b98a80fc4d97 admin admin] Loaded default policies from ['neutron'] under neutron.policies entry points {{(pid=102924) register_rules /opt/stack/neutron/neutron/policy.py:65}}
Sep 15 11:06:57.211310 np0000192774 devstack@neutron-api.service[102924]: DEBUG neutron_lib.callbacks.manager [None req-cd1f4b8b-b3d6-4dca-af5e-b98a80fc4d97 admin admin] Publish callbacks ['neutron.plugins.ml2.plugin.SecurityGroupDbMixin._ensure_default_security_group_handler-1258799'] for network (None), before_create {{(pid=102924) _notify_loop /opt/stack/data/venv/lib/python3.12/site-packages/neutron_lib/callbacks/manager.py:184}}
Sep 15 11:06:57.234951 np0000192774 devstack@neutron-api.service[102924]: DEBUG neutron_lib.callbacks.manager [None req-cd1f4b8b-b3d6-4dca-af5e-b98a80fc4d97 admin admin] Publish callbacks [] for security_group (None), before_create {{(pid=102924) _notify_loop /opt/stack/data/venv/lib/python3.12/site-packages/neutron_lib/callbacks/manager.py:184}}
Sep 15 11:06:57.335761 np0000192774 devstack@neutron-api.service[102924]: DEBUG neutron_lib.callbacks.manager [None req-cd1f4b8b-b3d6-4dca-af5e-b98a80fc4d97 admin admin] Publish callbacks ['neutron.plugins.ml2.drivers.ovn.mech_driver.mech_driver.OVNMechanismDriver._create_security_group_precommit-211128'] for security_group (9ec6e799-4c35-4beb-b353-1ffec71c4492), precommit_create {{(pid=102924) _notify_loop /opt/stack/data/venv/lib/python3.12/site-packages/neutron_lib/callbacks/manager.py:184}}
Sep 15 11:06:57.336125 np0000192774 devstack@neutron-api.service[102924]: DEBUG neutron.db.ovn_revision_numbers_db [None req-cd1f4b8b-b3d6-4dca-af5e-b98a80fc4d97 admin admin] create_initial_revision uuid=9ec6e799-4c35-4beb-b353-1ffec71c4492, type=security_groups, rev=-1 {{(pid=102924) create_initial_revision /opt/stack/neutron/neutron/db/ovn_revision_numbers_db.py:98}}
Sep 15 11:06:57.338886 np0000192774 devstack@neutron-api.service[102924]: DEBUG neutron.db.ovn_revision_numbers_db [None req-cd1f4b8b-b3d6-4dca-af5e-b98a80fc4d97 admin admin] create_initial_revision uuid=c52d2033-322f-4c67-b4fc-310bd8fadc41, type=security_group_rules, rev=-1 {{(pid=102924) create_initial_revision /opt/stack/neutron/neutron/db/ovn_revision_numbers_db.py:98}}
Sep 15 11:06:57.340865 np0000192774 devstack@neutron-api.service[102924]: DEBUG neutron.db.ovn_revision_numbers_db [None req-cd1f4b8b-b3d6-4dca-af5e-b98a80fc4d97 admin admin] create_initial_revision uuid=e272a7c8-c74f-482c-b729-39d246feb9ec, type=security_group_rules, rev=-1 {{(pid=102924) create_initial_revision /opt/stack/neutron/neutron/db/ovn_revision_numbers_db.py:98}}
Sep 15 11:06:57.342316 np0000192774 devstack@neutron-api.service[102924]: DEBUG neutron.db.ovn_revision_numbers_db [None req-cd1f4b8b-b3d6-4dca-af5e-b98a80fc4d97 admin admin] create_initial_revision uuid=e4dcc76c-f98a-45db-a148-42d0db1f3fad, type=security_group_rules, rev=-1 {{(pid=102924) create_initial_revision /opt/stack/neutron/neutron/db/ovn_revision_numbers_db.py:98}}
Sep 15 11:06:57.343301 np0000192774 devstack@neutron-api.service[102924]: DEBUG neutron.db.ovn_revision_numbers_db [None req-cd1f4b8b-b3d6-4dca-af5e-b98a80fc4d97 admin admin] create_initial_revision uuid=ef32b523-9df0-42ac-8d50-1757935666e9, type=security_group_rules, rev=-1 {{(pid=102924) create_initial_revision /opt/stack/neutron/neutron/db/ovn_revision_numbers_db.py:98}}
Sep 15 11:06:57.349983 np0000192774 devstack@neutron-api.service[102924]: DEBUG neutron_lib.callbacks.manager [None req-cd1f4b8b-b3d6-4dca-af5e-b98a80fc4d97 admin admin] Publish callbacks ['neutron.plugins.ml2.drivers.ovn.mech_driver.mech_driver.OVNMechanismDriver._create_security_group-211126', 'neutron.plugins.ml2.ovo_rpc._ObjectChangeHandler.handle_event-15043170'] for security_group (9ec6e799-4c35-4beb-b353-1ffec71c4492), after_create {{(pid=102924) _notify_loop /opt/stack/data/venv/lib/python3.12/site-packages/neutron_lib/callbacks/manager.py:184}}
Sep 15 11:06:57.351589 np0000192774 devstack@neutron-api.service[102924]: DEBUG ovsdbapp.backend.ovs_idl.transaction [-] Running txn 42fc9477 n=1 command(idx=0): PgAddCommand(_result=None, name=pg_9ec6e799_4c35_4beb_b353_1ffec71c4492, may_exist=False, columns={'acls': [], 'external_ids': {'neutron:security_group_id': '9ec6e799-4c35-4beb-b353-1ffec71c4492'}}) {{(pid=102924) do_commit /opt/stack/data/venv/lib/python3.12/site-packages/ovsdbapp/backend/ovs_idl/transaction.py:91}}
Sep 15 11:06:57.354128 np0000192774 devstack@neutron-api.service[102924]: DEBUG ovsdbapp.backend.ovs_idl.transaction [-] Running txn 42fc9477 n=1 command(idx=1): PgAclAddCommand(_result=None, entity=pg_9ec6e799_4c35_4beb_b353_1ffec71c4492, direction=to-lport, priority=1002, match=outport == @pg_9ec6e799_4c35_4beb_b353_1ffec71c4492 && ip6 && ip6.src == $pg_9ec6e799_4c35_4beb_b353_1ffec71c4492_ip6, action=allow-related, log=False, may_exist=True, severity=[], name=[], meter=[], external_ids={'neutron:security_group_rule_id': 'c52d2033-322f-4c67-b4fc-310bd8fadc41'}) {{(pid=102924) do_commit /opt/stack/data/venv/lib/python3.12/site-packages/ovsdbapp/backend/ovs_idl/transaction.py:91}}
Sep 15 11:06:57.354717 np0000192774 devstack@neutron-api.service[102924]: DEBUG ovsdbapp.backend.ovs_idl.transaction [-] Running txn 42fc9477 n=1 command(idx=2): PgAclAddCommand(_result=None, entity=pg_9ec6e799_4c35_4beb_b353_1ffec71c4492, direction=from-lport, priority=1002, match=inport == @pg_9ec6e799_4c35_4beb_b353_1ffec71c4492 && ip6, action=allow-related, log=False, may_exist=True, severity=[], name=[], meter=[], external_ids={'neutron:security_group_rule_id': 'e272a7c8-c74f-482c-b729-39d246feb9ec'}) {{(pid=102924) do_commit /opt/stack/data/venv/lib/python3.12/site-packages/ovsdbapp/backend/ovs_idl/transaction.py:91}}
Sep 15 11:06:57.355285 np0000192774 devstack@neutron-api.service[102924]: DEBUG ovsdbapp.backend.ovs_idl.transaction [-] Running txn 42fc9477 n=1 command(idx=3): PgAclAddCommand(_result=None, entity=pg_9ec6e799_4c35_4beb_b353_1ffec71c4492, direction=from-lport, priority=1002, match=inport == @pg_9ec6e799_4c35_4beb_b353_1ffec71c4492 && ip4, action=allow-related, log=False, may_exist=True, severity=[], name=[], meter=[], external_ids={'neutron:security_group_rule_id': 'e4dcc76c-f98a-45db-a148-42d0db1f3fad'}) {{(pid=102924) do_commit /opt/stack/data/venv/lib/python3.12/site-packages/ovsdbapp/backend/ovs_idl/transaction.py:91}}
Sep 15 11:06:57.355756 np0000192774 devstack@neutron-api.service[102924]: DEBUG ovsdbapp.backend.ovs_idl.transaction [-] Running txn 42fc9477 n=1 command(idx=4): PgAclAddCommand(_result=None, entity=pg_9ec6e799_4c35_4beb_b353_1ffec71c4492, direction=to-lport, priority=1002, match=outport == @pg_9ec6e799_4c35_4beb_b353_1ffec71c4492 && ip4 && ip4.src == $pg_9ec6e799_4c35_4beb_b353_1ffec71c4492_ip4, action=allow-related, log=False, may_exist=True, severity=[], name=[], meter=[], external_ids={'neutron:security_group_rule_id': 'ef32b523-9df0-42ac-8d50-1757935666e9'}) {{(pid=102924) do_commit /opt/stack/data/venv/lib/python3.12/site-packages/ovsdbapp/backend/ovs_idl/transaction.py:91}}
Sep 15 11:06:57.367070 np0000192774 devstack@neutron-api.service[102925]: DEBUG neutron.plugins.ml2.drivers.ovn.mech_driver.ovsdb.ovsdb_monitor [-] Hash Ring: Node f765b80c61f55d58a06fc586e4c89938 (host: np0000192774) handling event "create" for row 36f3db3c-eebb-443f-bfec-31f4e0978c2b (table: ACL) {{(pid=102925) notify /opt/stack/neutron/neutron/plugins/ml2/drivers/ovn/mech_driver/ovsdb/ovsdb_monitor.py:1099}}
Sep 15 11:06:57.367378 np0000192774 devstack@neutron-api.service[102925]: DEBUG neutron.plugins.ml2.drivers.ovn.mech_driver.ovsdb.ovsdb_monitor [-] Hash Ring: Node f765b80c61f55d58a06fc586e4c89938 (host: np0000192774) handling event "create" for row 0b76c87b-d4c1-4f95-b0ab-24f0313b8bc4 (table: Port_Group) {{(pid=102925) notify /opt/stack/neutron/neutron/plugins/ml2/drivers/ovn/mech_driver/ovsdb/ovsdb_monitor.py:1099}}
Sep 15 11:06:57.368068 np0000192774 devstack@neutron-api.service[102926]: DEBUG neutron.plugins.ml2.drivers.ovn.mech_driver.ovsdb.ovsdb_monitor [-] Hash Ring: Node ea3869362d805de8a786dedc41e2f950 (host: np0000192774) handling event "create" for row c9b36677-8a05-4737-beda-42fccffe80ec (table: ACL) {{(pid=102926) notify /opt/stack/neutron/neutron/plugins/ml2/drivers/ovn/mech_driver/ovsdb/ovsdb_monitor.py:1099}}
Sep 15 11:06:57.370112 np0000192774 devstack@neutron-api.service[102924]: DEBUG neutron.plugins.ml2.drivers.ovn.mech_driver.ovsdb.ovsdb_monitor [-] Hash Ring: Node c08dbee2757358769c27973d7ed97145 (host: np0000192774) handling event "create" for row 0b3b2a85-fa6c-41f8-aa34-dc9a99f69294 (table: ACL) {{(pid=102924) notify /opt/stack/neutron/neutron/plugins/ml2/drivers/ovn/mech_driver/ovsdb/ovsdb_monitor.py:1099}}
Sep 15 11:06:57.370444 np0000192774 devstack@neutron-api.service[102924]: DEBUG neutron.plugins.ml2.drivers.ovn.mech_driver.ovsdb.ovsdb_monitor [-] Hash Ring: Node c08dbee2757358769c27973d7ed97145 (host: np0000192774) handling event "create" for row 36f3db3c-eebb-443f-bfec-31f4e0978c2b (table: ACL) {{(pid=102924) notify /opt/stack/neutron/neutron/plugins/ml2/drivers/ovn/mech_driver/ovsdb/ovsdb_monitor.py:1099}}
Sep 15 11:06:57.370784 np0000192774 devstack@neutron-api.service[102924]: DEBUG neutron.plugins.ml2.drivers.ovn.mech_driver.ovsdb.ovsdb_monitor [-] Hash Ring: Node c08dbee2757358769c27973d7ed97145 (host: np0000192774) handling event "create" for row 0b76c87b-d4c1-4f95-b0ab-24f0313b8bc4 (table: Port_Group) {{(pid=102924) notify /opt/stack/neutron/neutron/plugins/ml2/drivers/ovn/mech_driver/ovsdb/ovsdb_monitor.py:1099}}
Sep 15 11:06:57.372066 np0000192774 devstack@neutron-api.service[102927]: DEBUG neutron.plugins.ml2.drivers.ovn.mech_driver.ovsdb.ovsdb_monitor [-] Hash Ring: Node a3b467fd66985b45910f6d7328ec9131 (host: np0000192774) handling event "create" for row 0b3b2a85-fa6c-41f8-aa34-dc9a99f69294 (table: ACL) {{(pid=102927) notify /opt/stack/neutron/neutron/plugins/ml2/drivers/ovn/mech_driver/ovsdb/ovsdb_monitor.py:1099}}
Sep 15 11:06:57.372286 np0000192774 devstack@neutron-api.service[102924]: DEBUG ovsdbapp.backend.ovs_idl.transaction [-] txn 42fc9477 succeeded {{(pid=102924) do_commit /opt/stack/data/venv/lib/python3.12/site-packages/ovsdbapp/backend/ovs_idl/transaction.py:137}}
Sep 15 11:06:57.373072 np0000192774 devstack@neutron-api.service[102927]: DEBUG neutron.plugins.ml2.drivers.ovn.mech_driver.ovsdb.ovsdb_monitor [-] Hash Ring: Node a3b467fd66985b45910f6d7328ec9131 (host: np0000192774) handling event "create" for row 36f3db3c-eebb-443f-bfec-31f4e0978c2b (table: ACL) {{(pid=102927) notify /opt/stack/neutron/neutron/plugins/ml2/drivers/ovn/mech_driver/ovsdb/ovsdb_monitor.py:1099}}
Sep 15 11:06:57.373525 np0000192774 devstack@neutron-api.service[102927]: DEBUG neutron.plugins.ml2.drivers.ovn.mech_driver.ovsdb.ovsdb_monitor [-] Hash Ring: Node a3b467fd66985b45910f6d7328ec9131 (host: np0000192774) handling event "create" for row 6b510158-d932-4e6b-88ae-4d4b39e20c1f (table: ACL) {{(pid=102927) notify /opt/stack/neutron/neutron/plugins/ml2/drivers/ovn/mech_driver/ovsdb/ovsdb_monitor.py:1099}}
Sep 15 11:06:57.373877 np0000192774 devstack@neutron-api.service[102927]: DEBUG neutron.plugins.ml2.drivers.ovn.mech_driver.ovsdb.ovsdb_monitor [-] Hash Ring: Node a3b467fd66985b45910f6d7328ec9131 (host: np0000192774) handling event "create" for row c9b36677-8a05-4737-beda-42fccffe80ec (table: ACL) {{(pid=102927) notify /opt/stack/neutron/neutron/plugins/ml2/drivers/ovn/mech_driver/ovsdb/ovsdb_monitor.py:1099}}
Sep 15 11:06:57.374194 np0000192774 devstack@neutron-api.service[102927]: DEBUG neutron.plugins.ml2.drivers.ovn.mech_driver.ovsdb.ovsdb_monitor [-] Hash Ring: Node a3b467fd66985b45910f6d7328ec9131 (host: np0000192774) handling event "create" for row 0b76c87b-d4c1-4f95-b0ab-24f0313b8bc4 (table: Port_Group) {{(pid=102927) notify /opt/stack/neutron/neutron/plugins/ml2/drivers/ovn/mech_driver/ovsdb/ovsdb_monitor.py:1099}}
Sep 15 11:06:57.400699 np0000192774 devstack@neutron-api.service[102924]: INFO neutron.db.ovn_revision_numbers_db [None req-cd1f4b8b-b3d6-4dca-af5e-b98a80fc4d97 admin admin] Successfully bumped revision number for resource 9ec6e799-4c35-4beb-b353-1ffec71c4492 (type: security_groups) to 1
Sep 15 11:06:57.418689 np0000192774 devstack@neutron-api.service[102924]: INFO neutron.db.ovn_revision_numbers_db [None req-cd1f4b8b-b3d6-4dca-af5e-b98a80fc4d97 admin admin] Successfully bumped revision number for resource c52d2033-322f-4c67-b4fc-310bd8fadc41 (type: security_group_rules) to 0
Sep 15 11:06:57.431823 np0000192774 devstack@neutron-api.service[102924]: INFO neutron.db.ovn_revision_numbers_db [None req-cd1f4b8b-b3d6-4dca-af5e-b98a80fc4d97 admin admin] Successfully bumped revision number for resource e272a7c8-c74f-482c-b729-39d246feb9ec (type: security_group_rules) to 0
Sep 15 11:06:57.446770 np0000192774 devstack@neutron-api.service[102924]: INFO neutron.db.ovn_revision_numbers_db [None req-cd1f4b8b-b3d6-4dca-af5e-b98a80fc4d97 admin admin] Successfully bumped revision number for resource e4dcc76c-f98a-45db-a148-42d0db1f3fad (type: security_group_rules) to 0
Sep 15 11:06:57.459339 np0000192774 devstack@neutron-api.service[102924]: INFO neutron.db.ovn_revision_numbers_db [None req-cd1f4b8b-b3d6-4dca-af5e-b98a80fc4d97 admin admin] Successfully bumped revision number for resource ef32b523-9df0-42ac-8d50-1757935666e9 (type: security_group_rules) to 0
Sep 15 11:06:57.483523 np0000192774 devstack@neutron-api.service[102924]: DEBUG neutron.api.rpc.handlers.resources_rpc [None req-cd1f4b8b-b3d6-4dca-af5e-b98a80fc4d97 admin admin] Pushing event updated for resources: {'SecurityGroup': ['ID=9ec6e799-4c35-4beb-b353-1ffec71c4492,revision_number=1']} {{(pid=102924) push /opt/stack/neutron/neutron/api/rpc/handlers/resources_rpc.py:237}}
Sep 15 11:06:57.491917 np0000192774 devstack@neutron-api.service[102924]: DEBUG ovsdbapp.backend.ovs_idl.transaction [-] Running txn e884db47 n=1 command(idx=0): CheckLivenessCommand(_result=None) {{(pid=102924) do_commit /opt/stack/data/venv/lib/python3.12/site-packages/ovsdbapp/backend/ovs_idl/transaction.py:91}}
Sep 15 11:06:57.496271 np0000192774 devstack@neutron-api.service[102927]: DEBUG neutron.plugins.ml2.drivers.ovn.mech_driver.ovsdb.ovsdb_monitor [-] Hash Ring: Node a3b467fd66985b45910f6d7328ec9131 (host: np0000192774) handling event "update" for row 6a23f44e-4243-40d1-be9c-99b6e588a832 (table: NB_Global) {{(pid=102927) notify /opt/stack/neutron/neutron/plugins/ml2/drivers/ovn/mech_driver/ovsdb/ovsdb_monitor.py:1099}}
Sep 15 11:06:57.496491 np0000192774 devstack@neutron-api.service[102924]: DEBUG ovsdbapp.backend.ovs_idl.transaction [-] txn e884db47 succeeded {{(pid=102924) do_commit /opt/stack/data/venv/lib/python3.12/site-packages/ovsdbapp/backend/ovs_idl/transaction.py:137}}
Sep 15 11:06:57.498262 np0000192774 devstack@neutron-api.service[102927]: DEBUG neutron.plugins.ml2.drivers.ovn.mech_driver.ovsdb.ovsdb_monitor [-] Hash Ring: Node a3b467fd66985b45910f6d7328ec9131 (host: np0000192774) handling event "update" for row 6a23f44e-4243-40d1-be9c-99b6e588a832 (table: NB_Global) {{(pid=102927) notify /opt/stack/neutron/neutron/plugins/ml2/drivers/ovn/mech_driver/ovsdb/ovsdb_monitor.py:1099}}
Sep 15 11:06:57.498903 np0000192774 devstack@neutron-api.service[102924]: DEBUG neutron.api.rpc.callbacks.version_manager [None req-cd1f4b8b-b3d6-4dca-af5e-b98a80fc4d97 admin admin] Tracked resource versions report:
Sep 15 11:06:57.498903 np0000192774 devstack@neutron-api.service[102924]: pushed versions:
Sep 15 11:06:57.498903 np0000192774 devstack@neutron-api.service[102924]: { 'AddressGroup': {'1.2'},
Sep 15 11:06:57.498903 np0000192774 devstack@neutron-api.service[102924]: 'Agent': {'1.1'},
Sep 15 11:06:57.498903 np0000192774 devstack@neutron-api.service[102924]: 'ConntrackHelper': {'1.0'},
Sep 15 11:06:57.498903 np0000192774 devstack@neutron-api.service[102924]: 'LocalIPAssociation': {'1.0'},
Sep 15 11:06:57.498903 np0000192774 devstack@neutron-api.service[102924]: 'Log': {'1.0'},
Sep 15 11:06:57.498903 np0000192774 devstack@neutron-api.service[102924]: 'NDPProxy': {'1.0'},
Sep 15 11:06:57.498903 np0000192774 devstack@neutron-api.service[102924]: 'Network': {'1.3'},
Sep 15 11:06:57.498903 np0000192774 devstack@neutron-api.service[102924]: 'Port': {'1.11'},
Sep 15 11:06:57.498903 np0000192774 devstack@neutron-api.service[102924]: 'PortForwarding': {'1.3'},
Sep 15 11:06:57.498903 np0000192774 devstack@neutron-api.service[102924]: 'QosPolicy': {'1.10'},
Sep 15 11:06:57.498903 np0000192774 devstack@neutron-api.service[102924]: 'SecurityGroup': {'1.6'},
Sep 15 11:06:57.498903 np0000192774 devstack@neutron-api.service[102924]: 'SecurityGroupRule': {'1.3'},
Sep 15 11:06:57.498903 np0000192774 devstack@neutron-api.service[102924]: 'SubPort': {'1.0'},
Sep 15 11:06:57.498903 np0000192774 devstack@neutron-api.service[102924]: 'Subnet': {'1.2'},
Sep 15 11:06:57.498903 np0000192774 devstack@neutron-api.service[102924]: 'Trunk': {'1.1'}}
Sep 15 11:06:57.498903 np0000192774 devstack@neutron-api.service[102924]: consumer versions:
Sep 15 11:06:57.498903 np0000192774 devstack@neutron-api.service[102924]: {}
Sep 15 11:06:57.498903 np0000192774 devstack@neutron-api.service[102924]: {{(pid=102924) report /opt/stack/neutron/neutron/api/rpc/callbacks/version_manager.py:183}}
Sep 15 11:06:57.502924 np0000192774 devstack@neutron-api.service[102927]: DEBUG ovsdbapp.backend.ovs_idl.event [-] Matched UPDATE: ChassisAgentWriteEvent(events=('create', 'update'), table='Chassis_Private', conditions=None, old_conditions=None), priority=20 to row=Chassis_Private(uuid=bd9fd4ba-23bd-4dc6-9371-7241aa88c220, chassis=417317d3-6f13-4aa9-88bc-46092b563d15, external_ids={'neutron:ovn-bridge': 'br-int', 'neutron:ovn-neutron-agent-id': 'b46d9812-956f-5da6-90a0-4da3b14a8216', 'neutron:ovn-neutron-agent-sb-cfg': '0'}, name='0811c92d-a318-4993-8966-efc490fb8dd4', nb_cfg=1, nb_cfg_timestamp=1789470417496) old=Chassis_Private(uuid=bd9fd4ba-23bd-4dc6-9371-7241aa88c220, nb_cfg=0, nb_cfg_timestamp=0) {{(pid=102927) matches /opt/stack/data/venv/lib/python3.12/site-packages/ovsdbapp/backend/ovs_idl/event.py:55}}
Sep 15 11:06:57.503807 np0000192774 devstack@neutron-api.service[102925]: DEBUG ovsdbapp.backend.ovs_idl.event [-] Matched UPDATE: ChassisAgentWriteEvent(events=('create', 'update'), table='Chassis_Private', conditions=None, old_conditions=None), priority=20 to row=Chassis_Private(uuid=bd9fd4ba-23bd-4dc6-9371-7241aa88c220, chassis=417317d3-6f13-4aa9-88bc-46092b563d15, external_ids={'neutron:ovn-bridge': 'br-int', 'neutron:ovn-neutron-agent-id': 'b46d9812-956f-5da6-90a0-4da3b14a8216', 'neutron:ovn-neutron-agent-sb-cfg': '0'}, name='0811c92d-a318-4993-8966-efc490fb8dd4', nb_cfg=1, nb_cfg_timestamp=1789470417496) old=Chassis_Private(uuid=bd9fd4ba-23bd-4dc6-9371-7241aa88c220, nb_cfg=0, nb_cfg_timestamp=0) {{(pid=102925) matches /opt/stack/data/venv/lib/python3.12/site-packages/ovsdbapp/backend/ovs_idl/event.py:55}}
Sep 15 11:06:57.504074 np0000192774 devstack@neutron-api.service[102926]: DEBUG ovsdbapp.backend.ovs_idl.event [-] Matched UPDATE: ChassisAgentWriteEvent(events=('create', 'update'), table='Chassis_Private', conditions=None, old_conditions=None), priority=20 to row=Chassis_Private(uuid=bd9fd4ba-23bd-4dc6-9371-7241aa88c220, chassis=417317d3-6f13-4aa9-88bc-46092b563d15, external_ids={'neutron:ovn-bridge': 'br-int', 'neutron:ovn-neutron-agent-id': 'b46d9812-956f-5da6-90a0-4da3b14a8216', 'neutron:ovn-neutron-agent-sb-cfg': '0'}, name='0811c92d-a318-4993-8966-efc490fb8dd4', nb_cfg=1, nb_cfg_timestamp=1789470417496) old=Chassis_Private(uuid=bd9fd4ba-23bd-4dc6-9371-7241aa88c220, nb_cfg=0, nb_cfg_timestamp=0) {{(pid=102926) matches /opt/stack/data/venv/lib/python3.12/site-packages/ovsdbapp/backend/ovs_idl/event.py:55}}
Sep 15 11:06:57.504835 np0000192774 devstack@neutron-api.service[102926]: DEBUG neutron.plugins.ml2.drivers.ovn.mech_driver.ovsdb.ovsdb_monitor [-] Hash Ring: Node ea3869362d805de8a786dedc41e2f950 (host: np0000192774) handling event "update" for row bd9fd4ba-23bd-4dc6-9371-7241aa88c220 (table: Chassis_Private) {{(pid=102926) notify /opt/stack/neutron/neutron/plugins/ml2/drivers/ovn/mech_driver/ovsdb/ovsdb_monitor.py:1099}}
Sep 15 11:06:57.508206 np0000192774 devstack@neutron-api.service[102924]: DEBUG ovsdbapp.backend.ovs_idl.event [-] Matched UPDATE: ChassisAgentWriteEvent(events=('create', 'update'), table='Chassis_Private', conditions=None, old_conditions=None), priority=20 to row=Chassis_Private(uuid=bd9fd4ba-23bd-4dc6-9371-7241aa88c220, chassis=417317d3-6f13-4aa9-88bc-46092b563d15, external_ids={'neutron:ovn-bridge': 'br-int', 'neutron:ovn-neutron-agent-id': 'b46d9812-956f-5da6-90a0-4da3b14a8216', 'neutron:ovn-neutron-agent-sb-cfg': '0'}, name='0811c92d-a318-4993-8966-efc490fb8dd4', nb_cfg=1, nb_cfg_timestamp=1789470417496) old=Chassis_Private(uuid=bd9fd4ba-23bd-4dc6-9371-7241aa88c220, nb_cfg=0, nb_cfg_timestamp=0) {{(pid=102924) matches /opt/stack/data/venv/lib/python3.12/site-packages/ovsdbapp/backend/ovs_idl/event.py:55}}
Sep 15 11:06:57.510723 np0000192774 devstack@neutron-api.service[102927]: DEBUG neutron.plugins.ml2.drivers.ovn.mech_driver.ovsdb.ovsdb_monitor [-] Hash Ring: Node a3b467fd66985b45910f6d7328ec9131 (host: np0000192774) handling event "update" for row 6a23f44e-4243-40d1-be9c-99b6e588a832 (table: NB_Global) {{(pid=102927) notify /opt/stack/neutron/neutron/plugins/ml2/drivers/ovn/mech_driver/ovsdb/ovsdb_monitor.py:1099}}
Sep 15 11:06:57.511598 np0000192774 devstack@neutron-api.service[102925]: DEBUG neutron.common.ovn.hash_ring_manager [-] Allow caching, nodes 4>=4 {{(pid=102925) _wait_startup_before_caching /opt/stack/neutron/neutron/common/ovn/hash_ring_manager.py:71}}
Sep 15 11:06:57.511839 np0000192774 devstack@neutron-api.service[102927]: DEBUG neutron.plugins.ml2.drivers.ovn.mech_driver.ovsdb.ovsdb_monitor [-] Hash Ring: Node a3b467fd66985b45910f6d7328ec9131 (host: np0000192774) handling event "update" for row 6a23f44e-4243-40d1-be9c-99b6e588a832 (table: NB_Global) {{(pid=102927) notify /opt/stack/neutron/neutron/plugins/ml2/drivers/ovn/mech_driver/ovsdb/ovsdb_monitor.py:1099}}
Sep 15 11:06:57.512818 np0000192774 devstack@neutron-api.service[102926]: DEBUG ovsdbapp.backend.ovs_idl.event [-] Matched UPDATE: ChassisOVNAgentWriteEvent(events=('create', 'update'), table='Chassis_Private', conditions=None, old_conditions=None), priority=20 to row=Chassis_Private(uuid=bd9fd4ba-23bd-4dc6-9371-7241aa88c220, chassis=417317d3-6f13-4aa9-88bc-46092b563d15, external_ids={'neutron:ovn-bridge': 'br-int', 'neutron:ovn-neutron-agent-id': 'b46d9812-956f-5da6-90a0-4da3b14a8216', 'neutron:ovn-neutron-agent-sb-cfg': '1'}, name='0811c92d-a318-4993-8966-efc490fb8dd4', nb_cfg=1, nb_cfg_timestamp=1789470417496) old=Chassis_Private(uuid=bd9fd4ba-23bd-4dc6-9371-7241aa88c220, external_ids={'neutron:ovn-bridge': 'br-int', 'neutron:ovn-neutron-agent-id': 'b46d9812-956f-5da6-90a0-4da3b14a8216', 'neutron:ovn-neutron-agent-sb-cfg': '0'}) {{(pid=102926) matches /opt/stack/data/venv/lib/python3.12/site-packages/ovsdbapp/backend/ovs_idl/event.py:55}}
Sep 15 11:06:57.513381 np0000192774 devstack@neutron-api.service[102926]: DEBUG neutron.plugins.ml2.drivers.ovn.mech_driver.ovsdb.ovsdb_monitor [-] Hash Ring: Node ea3869362d805de8a786dedc41e2f950 (host: np0000192774) handling event "update" for row bd9fd4ba-23bd-4dc6-9371-7241aa88c220 (table: Chassis_Private) {{(pid=102926) notify /opt/stack/neutron/neutron/plugins/ml2/drivers/ovn/mech_driver/ovsdb/ovsdb_monitor.py:1099}}
