Mar 19 07:31:45.557597 np0000159933 systemd[1]: Starting devstack@n-api.service - Devstack devstack@n-api.service...
Mar 19 07:31:45.566819 np0000159933 devstack@n-api.service[99128]: [uWSGI] getting INI configuration from /etc/nova/nova-api-uwsgi.ini
Mar 19 07:31:45.567343 np0000159933 devstack@n-api.service[99128]: open("./http_plugin.so"): No such file or directory [core/utils.c line 3709]
Mar 19 07:31:45.567343 np0000159933 devstack@n-api.service[99128]: !!! UNABLE to load uWSGI plugin: ./http_plugin.so: cannot open shared object file: No such file or directory !!!
Mar 19 07:31:45.567343 np0000159933 devstack@n-api.service[99128]: open("./python3_plugin.so"): No such file or directory [core/utils.c line 3709]
Mar 19 07:31:45.567343 np0000159933 devstack@n-api.service[99128]: !!! UNABLE to load uWSGI plugin: ./python3_plugin.so: cannot open shared object file: No such file or directory !!!
Mar 19 07:31:45.567343 np0000159933 devstack@n-api.service[99128]: *** Starting uWSGI 2.0.31 (64bit) on [Thu Mar 19 07:31:45 2026] ***
Mar 19 07:31:45.567343 np0000159933 devstack@n-api.service[99128]: compiled with version: 13.3.0 on 19 March 2026 07:21:44
Mar 19 07:31:45.567343 np0000159933 devstack@n-api.service[99128]: os: Linux-6.8.0-106-generic #106-Ubuntu SMP PREEMPT_DYNAMIC Fri Mar 6 07:58:08 UTC 2026
Mar 19 07:31:45.567343 np0000159933 devstack@n-api.service[99128]: nodename: np0000159933
Mar 19 07:31:45.567343 np0000159933 devstack@n-api.service[99128]: machine: x86_64
Mar 19 07:31:45.567343 np0000159933 devstack@n-api.service[99128]: clock source: unix
Mar 19 07:31:45.567343 np0000159933 devstack@n-api.service[99128]: pcre jit disabled
Mar 19 07:31:45.567343 np0000159933 devstack@n-api.service[99128]: detected number of CPU cores: 16
Mar 19 07:31:45.567343 np0000159933 devstack@n-api.service[99128]: current working directory: /
Mar 19 07:31:45.567343 np0000159933 devstack@n-api.service[99128]: detected binary path: /opt/stack/data/venv/bin/uwsgi
Mar 19 07:31:45.567343 np0000159933 devstack@n-api.service[99128]: your processes number limit is 256917
Mar 19 07:31:45.567343 np0000159933 devstack@n-api.service[99128]: your memory page size is 4096 bytes
Mar 19 07:31:45.567343 np0000159933 devstack@n-api.service[99128]: detected max file descriptor number: 2048
Mar 19 07:31:45.567343 np0000159933 devstack@n-api.service[99128]: lock engine: pthread robust mutexes
Mar 19 07:31:45.567343 np0000159933 devstack@n-api.service[99128]: thunder lock: enabled
Mar 19 07:31:45.568059 np0000159933 devstack@n-api.service[99128]: uwsgi socket 0 bound to UNIX address /var/run/uwsgi/nova-api.socket fd 4
Mar 19 07:31:45.568059 np0000159933 devstack@n-api.service[99128]: Python version: 3.12.3 (main, Mar 3 2026, 12:15:18) [GCC 13.3.0]
Mar 19 07:31:45.568059 np0000159933 devstack@n-api.service[99128]: PEP 405 virtualenv detected: /opt/stack/data/venv
Mar 19 07:31:45.568059 np0000159933 devstack@n-api.service[99128]: Set PythonHome to /opt/stack/data/venv
Mar 19 07:31:45.607742 np0000159933 devstack@n-api.service[99128]: Python main interpreter initialized at 0x7c72016a3668
Mar 19 07:31:45.607742 np0000159933 devstack@n-api.service[99128]: python threads support enabled
Mar 19 07:31:45.607742 np0000159933 devstack@n-api.service[99128]: your server socket listen backlog is limited to 100 connections
Mar 19 07:31:45.607742 np0000159933 devstack@n-api.service[99128]: your mercy for graceful operations on workers is 80 seconds
Mar 19 07:31:45.608354 np0000159933 devstack@n-api.service[99128]: mapped 671795 bytes (656 KB) for 4 cores
Mar 19 07:31:45.608512 np0000159933 devstack@n-api.service[99128]: *** Operational MODE: preforking ***
Mar 19 07:31:45.608781 np0000159933 devstack@n-api.service[99128]: *** uWSGI is running in multiple interpreter mode ***
Mar 19 07:31:45.608781 np0000159933 devstack@n-api.service[99128]: spawned uWSGI master process (pid: 99128)
Mar 19 07:31:45.609124 np0000159933 systemd[1]: Started devstack@n-api.service - Devstack devstack@n-api.service.
Mar 19 07:31:45.609494 np0000159933 devstack@n-api.service[99128]: spawned uWSGI worker 1 (pid: 99129, cores: 1)
Mar 19 07:31:45.609918 np0000159933 devstack@n-api.service[99128]: spawned uWSGI worker 2 (pid: 99130, cores: 1)
Mar 19 07:31:45.610379 np0000159933 devstack@n-api.service[99128]: spawned uWSGI worker 3 (pid: 99131, cores: 1)
Mar 19 07:31:45.610813 np0000159933 devstack@n-api.service[99128]: spawned uWSGI worker 4 (pid: 99132, cores: 1)
Mar 19 07:31:45.610887 np0000159933 devstack@n-api.service[99128]: running "unix_signal:15 gracefully_kill_them_all" (master-start)...
Mar 19 07:31:45.996522 np0000159933 devstack@n-api.service[99131]: Service is starting with native threading. This is currently experimental. Do not use it in production without first testing it in pre-production.
Mar 19 07:31:45.997280 np0000159933 devstack@n-api.service[99129]: Service is starting with native threading. This is currently experimental. Do not use it in production without first testing it in pre-production.
Mar 19 07:31:46.003367 np0000159933 devstack@n-api.service[99130]: Service is starting with native threading. This is currently experimental. Do not use it in production without first testing it in pre-production.
Mar 19 07:31:46.035207 np0000159933 devstack@n-api.service[99132]: Service is starting with native threading. This is currently experimental. Do not use it in production without first testing it in pre-production.
Mar 19 07:31:48.193325 np0000159933 devstack@n-api.service[99129]: INFO dbcounter [None req-aa5d06c3-faf7-4626-a08b-fcff3a0b5c47 None None] Registered counter for database nova_api
Mar 19 07:31:48.200249 np0000159933 devstack@n-api.service[99131]: INFO dbcounter [None req-c57c8c40-e948-496e-82a4-eb8a44ce9c76 None None] Registered counter for database nova_api
Mar 19 07:31:48.209812 np0000159933 devstack@n-api.service[99129]: DEBUG oslo_db.sqlalchemy.engines [None req-aa5d06c3-faf7-4626-a08b-fcff3a0b5c47 None None] MySQL server mode set to STRICT_TRANS_TABLES,STRICT_ALL_TABLES,NO_ZERO_IN_DATE,NO_ZERO_DATE,ERROR_FOR_DIVISION_BY_ZERO,TRADITIONAL,NO_ENGINE_SUBSTITUTION {{(pid=99129) _check_effective_sql_mode /opt/stack/data/venv/lib/python3.12/site-packages/oslo_db/sqlalchemy/engines.py:325}}
Mar 19 07:31:48.216419 np0000159933 devstack@n-api.service[99131]: DEBUG oslo_db.sqlalchemy.engines [None req-c57c8c40-e948-496e-82a4-eb8a44ce9c76 None None] MySQL server mode set to STRICT_TRANS_TABLES,STRICT_ALL_TABLES,NO_ZERO_IN_DATE,NO_ZERO_DATE,ERROR_FOR_DIVISION_BY_ZERO,TRADITIONAL,NO_ENGINE_SUBSTITUTION {{(pid=99131) _check_effective_sql_mode /opt/stack/data/venv/lib/python3.12/site-packages/oslo_db/sqlalchemy/engines.py:325}}
Mar 19 07:31:48.228417 np0000159933 devstack@n-api.service[99130]: INFO dbcounter [None req-8b917dd5-3b23-46bd-8638-b6de514a25d9 None None] Registered counter for database nova_api
Mar 19 07:31:48.241312 np0000159933 devstack@n-api.service[99130]: DEBUG oslo_db.sqlalchemy.engines [None req-8b917dd5-3b23-46bd-8638-b6de514a25d9 None None] MySQL server mode set to STRICT_TRANS_TABLES,STRICT_ALL_TABLES,NO_ZERO_IN_DATE,NO_ZERO_DATE,ERROR_FOR_DIVISION_BY_ZERO,TRADITIONAL,NO_ENGINE_SUBSTITUTION {{(pid=99130) _check_effective_sql_mode /opt/stack/data/venv/lib/python3.12/site-packages/oslo_db/sqlalchemy/engines.py:325}}
Mar 19 07:31:48.256852 np0000159933 devstack@n-api.service[99129]: DEBUG dbcounter [-] [99129] Writer thread running {{(pid=99129) stat_writer /opt/stack/data/venv/lib/python3.12/site-packages/dbcounter.py:102}}
Mar 19 07:31:48.258571 np0000159933 devstack@n-api.service[99131]: DEBUG dbcounter [-] [99131] Writer thread running {{(pid=99131) stat_writer /opt/stack/data/venv/lib/python3.12/site-packages/dbcounter.py:102}}
Mar 19 07:31:48.259780 np0000159933 devstack@n-api.service[99129]: DEBUG nova.context [None req-aa5d06c3-faf7-4626-a08b-fcff3a0b5c47 None None] Found 2 cells: 00000000-0000-0000-0000-000000000000(cell0),f135398d-8579-4de3-9725-d4db35c5d51f(cell1) {{(pid=99129) load_cells /opt/stack/nova/nova/context.py:509}}
Mar 19 07:31:48.260046 np0000159933 devstack@n-api.service[99129]: INFO nova.utils [None req-aa5d06c3-faf7-4626-a08b-fcff3a0b5c47 None None] The cell worker thread pool MainProcess.cell_worker is initialized
Mar 19 07:31:48.261682 np0000159933 devstack@n-api.service[99131]: DEBUG nova.context [None req-c57c8c40-e948-496e-82a4-eb8a44ce9c76 None None] Found 2 cells: 00000000-0000-0000-0000-000000000000(cell0),f135398d-8579-4de3-9725-d4db35c5d51f(cell1) {{(pid=99131) load_cells /opt/stack/nova/nova/context.py:509}}
Mar 19 07:31:48.262011 np0000159933 devstack@n-api.service[99131]: INFO nova.utils [None req-c57c8c40-e948-496e-82a4-eb8a44ce9c76 None None] The cell worker thread pool MainProcess.cell_worker is initialized
Mar 19 07:31:48.262155 np0000159933 devstack@n-api.service[99129]: DEBUG oslo_concurrency.lockutils [None req-aa5d06c3-faf7-4626-a08b-fcff3a0b5c47 None None] Acquiring lock "00000000-0000-0000-0000-000000000000" by "nova.context.set_target_cell..get_or_set_cached_cell_and_set_connections" {{(pid=99129) inner /opt/stack/data/venv/lib/python3.12/site-packages/oslo_concurrency/lockutils.py:506}}
Mar 19 07:31:48.262267 np0000159933 devstack@n-api.service[99129]: DEBUG oslo_concurrency.lockutils [None req-aa5d06c3-faf7-4626-a08b-fcff3a0b5c47 None None] Lock "00000000-0000-0000-0000-000000000000" acquired by "nova.context.set_target_cell..get_or_set_cached_cell_and_set_connections" :: waited 0.000s {{(pid=99129) inner /opt/stack/data/venv/lib/python3.12/site-packages/oslo_concurrency/lockutils.py:519}}
Mar 19 07:31:48.262643 np0000159933 devstack@n-api.service[99129]: DEBUG oslo_concurrency.lockutils [None req-aa5d06c3-faf7-4626-a08b-fcff3a0b5c47 None None] Lock "00000000-0000-0000-0000-000000000000" "released" by "nova.context.set_target_cell..get_or_set_cached_cell_and_set_connections" :: held 0.000s {{(pid=99129) inner /opt/stack/data/venv/lib/python3.12/site-packages/oslo_concurrency/lockutils.py:538}}
Mar 19 07:31:48.263515 np0000159933 devstack@n-api.service[99129]: DEBUG oslo_concurrency.lockutils [None req-aa5d06c3-faf7-4626-a08b-fcff3a0b5c47 None None] Acquiring lock "f135398d-8579-4de3-9725-d4db35c5d51f" by "nova.context.set_target_cell..get_or_set_cached_cell_and_set_connections" {{(pid=99129) inner /opt/stack/data/venv/lib/python3.12/site-packages/oslo_concurrency/lockutils.py:506}}
Mar 19 07:31:48.263667 np0000159933 devstack@n-api.service[99129]: DEBUG oslo_concurrency.lockutils [None req-aa5d06c3-faf7-4626-a08b-fcff3a0b5c47 None None] Lock "f135398d-8579-4de3-9725-d4db35c5d51f" acquired by "nova.context.set_target_cell..get_or_set_cached_cell_and_set_connections" :: waited 0.000s {{(pid=99129) inner /opt/stack/data/venv/lib/python3.12/site-packages/oslo_concurrency/lockutils.py:519}}
Mar 19 07:31:48.264276 np0000159933 devstack@n-api.service[99131]: DEBUG oslo_concurrency.lockutils [None req-c57c8c40-e948-496e-82a4-eb8a44ce9c76 None None] Acquiring lock "00000000-0000-0000-0000-000000000000" by "nova.context.set_target_cell..get_or_set_cached_cell_and_set_connections" {{(pid=99131) inner /opt/stack/data/venv/lib/python3.12/site-packages/oslo_concurrency/lockutils.py:506}}
Mar 19 07:31:48.264506 np0000159933 devstack@n-api.service[99131]: DEBUG oslo_concurrency.lockutils [None req-c57c8c40-e948-496e-82a4-eb8a44ce9c76 None None] Lock "00000000-0000-0000-0000-000000000000" acquired by "nova.context.set_target_cell..get_or_set_cached_cell_and_set_connections" :: waited 0.000s {{(pid=99131) inner /opt/stack/data/venv/lib/python3.12/site-packages/oslo_concurrency/lockutils.py:519}}
Mar 19 07:31:48.264594 np0000159933 devstack@n-api.service[99129]: DEBUG oslo_concurrency.lockutils [None req-aa5d06c3-faf7-4626-a08b-fcff3a0b5c47 None None] Lock "f135398d-8579-4de3-9725-d4db35c5d51f" "released" by "nova.context.set_target_cell..get_or_set_cached_cell_and_set_connections" :: held 0.001s {{(pid=99129) inner /opt/stack/data/venv/lib/python3.12/site-packages/oslo_concurrency/lockutils.py:538}}
Mar 19 07:31:48.264956 np0000159933 devstack@n-api.service[99131]: DEBUG oslo_concurrency.lockutils [None req-c57c8c40-e948-496e-82a4-eb8a44ce9c76 None None] Lock "00000000-0000-0000-0000-000000000000" "released" by "nova.context.set_target_cell..get_or_set_cached_cell_and_set_connections" :: held 0.000s {{(pid=99131) inner /opt/stack/data/venv/lib/python3.12/site-packages/oslo_concurrency/lockutils.py:538}}
Mar 19 07:31:48.266112 np0000159933 devstack@n-api.service[99131]: DEBUG oslo_concurrency.lockutils [None req-c57c8c40-e948-496e-82a4-eb8a44ce9c76 None None] Acquiring lock "f135398d-8579-4de3-9725-d4db35c5d51f" by "nova.context.set_target_cell..get_or_set_cached_cell_and_set_connections" {{(pid=99131) inner /opt/stack/data/venv/lib/python3.12/site-packages/oslo_concurrency/lockutils.py:506}}
Mar 19 07:31:48.266307 np0000159933 devstack@n-api.service[99131]: DEBUG oslo_concurrency.lockutils [None req-c57c8c40-e948-496e-82a4-eb8a44ce9c76 None None] Lock "f135398d-8579-4de3-9725-d4db35c5d51f" acquired by "nova.context.set_target_cell..get_or_set_cached_cell_and_set_connections" :: waited 0.000s {{(pid=99131) inner /opt/stack/data/venv/lib/python3.12/site-packages/oslo_concurrency/lockutils.py:519}}
Mar 19 07:31:48.267631 np0000159933 devstack@n-api.service[99131]: DEBUG oslo_concurrency.lockutils [None req-c57c8c40-e948-496e-82a4-eb8a44ce9c76 None None] Lock "f135398d-8579-4de3-9725-d4db35c5d51f" "released" by "nova.context.set_target_cell..get_or_set_cached_cell_and_set_connections" :: held 0.001s {{(pid=99131) inner /opt/stack/data/venv/lib/python3.12/site-packages/oslo_concurrency/lockutils.py:538}}
Mar 19 07:31:48.267872 np0000159933 devstack@n-api.service[99129]: INFO dbcounter [None req-aa5d06c3-faf7-4626-a08b-fcff3a0b5c47 None None] Registered counter for database nova_cell0
Mar 19 07:31:48.272214 np0000159933 devstack@n-api.service[99131]: INFO dbcounter [None req-c57c8c40-e948-496e-82a4-eb8a44ce9c76 None None] Registered counter for database nova_cell0
Mar 19 07:31:48.273029 np0000159933 devstack@n-api.service[99129]: INFO dbcounter [None req-aa5d06c3-faf7-4626-a08b-fcff3a0b5c47 None None] Registered counter for database nova_cell1
Mar 19 07:31:48.279372 np0000159933 devstack@n-api.service[99131]: INFO dbcounter [None req-c57c8c40-e948-496e-82a4-eb8a44ce9c76 None None] Registered counter for database nova_cell1
Mar 19 07:31:48.281976 np0000159933 devstack@n-api.service[99130]: DEBUG dbcounter [-] [99130] Writer thread running {{(pid=99130) stat_writer /opt/stack/data/venv/lib/python3.12/site-packages/dbcounter.py:102}}
Mar 19 07:31:48.284266 np0000159933 devstack@n-api.service[99129]: DEBUG oslo_db.sqlalchemy.engines [None req-aa5d06c3-faf7-4626-a08b-fcff3a0b5c47 None None] MySQL server mode set to STRICT_TRANS_TABLES,STRICT_ALL_TABLES,NO_ZERO_IN_DATE,NO_ZERO_DATE,ERROR_FOR_DIVISION_BY_ZERO,TRADITIONAL,NO_ENGINE_SUBSTITUTION {{(pid=99129) _check_effective_sql_mode /opt/stack/data/venv/lib/python3.12/site-packages/oslo_db/sqlalchemy/engines.py:325}}
Mar 19 07:31:48.285379 np0000159933 devstack@n-api.service[99130]: DEBUG nova.context [None req-8b917dd5-3b23-46bd-8638-b6de514a25d9 None None] Found 2 cells: 00000000-0000-0000-0000-000000000000(cell0),f135398d-8579-4de3-9725-d4db35c5d51f(cell1) {{(pid=99130) load_cells /opt/stack/nova/nova/context.py:509}}
Mar 19 07:31:48.285619 np0000159933 devstack@n-api.service[99130]: INFO nova.utils [None req-8b917dd5-3b23-46bd-8638-b6de514a25d9 None None] The cell worker thread pool MainProcess.cell_worker is initialized
Mar 19 07:31:48.287997 np0000159933 devstack@n-api.service[99130]: DEBUG oslo_concurrency.lockutils [None req-8b917dd5-3b23-46bd-8638-b6de514a25d9 None None] Acquiring lock "00000000-0000-0000-0000-000000000000" by "nova.context.set_target_cell..get_or_set_cached_cell_and_set_connections" {{(pid=99130) inner /opt/stack/data/venv/lib/python3.12/site-packages/oslo_concurrency/lockutils.py:506}}
Mar 19 07:31:48.288297 np0000159933 devstack@n-api.service[99130]: DEBUG oslo_concurrency.lockutils [None req-8b917dd5-3b23-46bd-8638-b6de514a25d9 None None] Lock "00000000-0000-0000-0000-000000000000" acquired by "nova.context.set_target_cell..get_or_set_cached_cell_and_set_connections" :: waited 0.000s {{(pid=99130) inner /opt/stack/data/venv/lib/python3.12/site-packages/oslo_concurrency/lockutils.py:519}}
Mar 19 07:31:48.288725 np0000159933 devstack@n-api.service[99130]: DEBUG oslo_concurrency.lockutils [None req-8b917dd5-3b23-46bd-8638-b6de514a25d9 None None] Lock "00000000-0000-0000-0000-000000000000" "released" by "nova.context.set_target_cell..get_or_set_cached_cell_and_set_connections" :: held 0.000s {{(pid=99130) inner /opt/stack/data/venv/lib/python3.12/site-packages/oslo_concurrency/lockutils.py:538}}
Mar 19 07:31:48.289828 np0000159933 devstack@n-api.service[99130]: DEBUG oslo_concurrency.lockutils [None req-8b917dd5-3b23-46bd-8638-b6de514a25d9 None None] Acquiring lock "f135398d-8579-4de3-9725-d4db35c5d51f" by "nova.context.set_target_cell..get_or_set_cached_cell_and_set_connections" {{(pid=99130) inner /opt/stack/data/venv/lib/python3.12/site-packages/oslo_concurrency/lockutils.py:506}}
Mar 19 07:31:48.290076 np0000159933 devstack@n-api.service[99130]: DEBUG oslo_concurrency.lockutils [None req-8b917dd5-3b23-46bd-8638-b6de514a25d9 None None] Lock "f135398d-8579-4de3-9725-d4db35c5d51f" acquired by "nova.context.set_target_cell..get_or_set_cached_cell_and_set_connections" :: waited 0.000s {{(pid=99130) inner /opt/stack/data/venv/lib/python3.12/site-packages/oslo_concurrency/lockutils.py:519}}
Mar 19 07:31:48.293591 np0000159933 devstack@n-api.service[99130]: INFO dbcounter [None req-8b917dd5-3b23-46bd-8638-b6de514a25d9 None None] Registered counter for database nova_cell0
Mar 19 07:31:48.295430 np0000159933 devstack@n-api.service[99130]: DEBUG oslo_concurrency.lockutils [None req-8b917dd5-3b23-46bd-8638-b6de514a25d9 None None] Lock "f135398d-8579-4de3-9725-d4db35c5d51f" "released" by "nova.context.set_target_cell..get_or_set_cached_cell_and_set_connections" :: held 0.003s {{(pid=99130) inner /opt/stack/data/venv/lib/python3.12/site-packages/oslo_concurrency/lockutils.py:538}}
Mar 19 07:31:48.296820 np0000159933 devstack@n-api.service[99129]: DEBUG oslo_db.sqlalchemy.engines [None req-aa5d06c3-faf7-4626-a08b-fcff3a0b5c47 None None] MySQL server mode set to STRICT_TRANS_TABLES,STRICT_ALL_TABLES,NO_ZERO_IN_DATE,NO_ZERO_DATE,ERROR_FOR_DIVISION_BY_ZERO,TRADITIONAL,NO_ENGINE_SUBSTITUTION {{(pid=99129) _check_effective_sql_mode /opt/stack/data/venv/lib/python3.12/site-packages/oslo_db/sqlalchemy/engines.py:325}}
Mar 19 07:31:48.298075 np0000159933 devstack@n-api.service[99131]: DEBUG oslo_db.sqlalchemy.engines [None req-c57c8c40-e948-496e-82a4-eb8a44ce9c76 None None] MySQL server mode set to STRICT_TRANS_TABLES,STRICT_ALL_TABLES,NO_ZERO_IN_DATE,NO_ZERO_DATE,ERROR_FOR_DIVISION_BY_ZERO,TRADITIONAL,NO_ENGINE_SUBSTITUTION {{(pid=99131) _check_effective_sql_mode /opt/stack/data/venv/lib/python3.12/site-packages/oslo_db/sqlalchemy/engines.py:325}}
Mar 19 07:31:48.299674 np0000159933 devstack@n-api.service[99130]: INFO dbcounter [None req-8b917dd5-3b23-46bd-8638-b6de514a25d9 None None] Registered counter for database nova_cell1
Mar 19 07:31:48.303103 np0000159933 devstack@n-api.service[99131]: DEBUG oslo_db.sqlalchemy.engines [None req-c57c8c40-e948-496e-82a4-eb8a44ce9c76 None None] MySQL server mode set to STRICT_TRANS_TABLES,STRICT_ALL_TABLES,NO_ZERO_IN_DATE,NO_ZERO_DATE,ERROR_FOR_DIVISION_BY_ZERO,TRADITIONAL,NO_ENGINE_SUBSTITUTION {{(pid=99131) _check_effective_sql_mode /opt/stack/data/venv/lib/python3.12/site-packages/oslo_db/sqlalchemy/engines.py:325}}
Mar 19 07:31:48.309406 np0000159933 devstack@n-api.service[99130]: DEBUG oslo_db.sqlalchemy.engines [None req-8b917dd5-3b23-46bd-8638-b6de514a25d9 None None] MySQL server mode set to STRICT_TRANS_TABLES,STRICT_ALL_TABLES,NO_ZERO_IN_DATE,NO_ZERO_DATE,ERROR_FOR_DIVISION_BY_ZERO,TRADITIONAL,NO_ENGINE_SUBSTITUTION {{(pid=99130) _check_effective_sql_mode /opt/stack/data/venv/lib/python3.12/site-packages/oslo_db/sqlalchemy/engines.py:325}}
Mar 19 07:31:48.314148 np0000159933 devstack@n-api.service[99130]: DEBUG oslo_db.sqlalchemy.engines [None req-8b917dd5-3b23-46bd-8638-b6de514a25d9 None None] MySQL server mode set to STRICT_TRANS_TABLES,STRICT_ALL_TABLES,NO_ZERO_IN_DATE,NO_ZERO_DATE,ERROR_FOR_DIVISION_BY_ZERO,TRADITIONAL,NO_ENGINE_SUBSTITUTION {{(pid=99130) _check_effective_sql_mode /opt/stack/data/venv/lib/python3.12/site-packages/oslo_db/sqlalchemy/engines.py:325}}
Mar 19 07:31:48.340684 np0000159933 devstack@n-api.service[99132]: INFO dbcounter [None req-499a56b3-45ea-4772-9bf0-43e5090e7d8e None None] Registered counter for database nova_api
Mar 19 07:31:48.355392 np0000159933 devstack@n-api.service[99132]: DEBUG oslo_db.sqlalchemy.engines [None req-499a56b3-45ea-4772-9bf0-43e5090e7d8e None None] MySQL server mode set to STRICT_TRANS_TABLES,STRICT_ALL_TABLES,NO_ZERO_IN_DATE,NO_ZERO_DATE,ERROR_FOR_DIVISION_BY_ZERO,TRADITIONAL,NO_ENGINE_SUBSTITUTION {{(pid=99132) _check_effective_sql_mode /opt/stack/data/venv/lib/python3.12/site-packages/oslo_db/sqlalchemy/engines.py:325}}
Mar 19 07:31:48.387847 np0000159933 devstack@n-api.service[99129]: DEBUG dbcounter [-] [99129] Writer thread running {{(pid=99129) stat_writer /opt/stack/data/venv/lib/python3.12/site-packages/dbcounter.py:102}}
Mar 19 07:31:48.389683 np0000159933 devstack@n-api.service[99132]: DEBUG dbcounter [-] [99132] Writer thread running {{(pid=99132) stat_writer /opt/stack/data/venv/lib/python3.12/site-packages/dbcounter.py:102}}
Mar 19 07:31:48.391845 np0000159933 devstack@n-api.service[99132]: DEBUG nova.context [None req-499a56b3-45ea-4772-9bf0-43e5090e7d8e None None] Found 2 cells: 00000000-0000-0000-0000-000000000000(cell0),f135398d-8579-4de3-9725-d4db35c5d51f(cell1) {{(pid=99132) load_cells /opt/stack/nova/nova/context.py:509}}
Mar 19 07:31:48.392082 np0000159933 devstack@n-api.service[99132]: INFO nova.utils [None req-499a56b3-45ea-4772-9bf0-43e5090e7d8e None None] The cell worker thread pool MainProcess.cell_worker is initialized
Mar 19 07:31:48.393852 np0000159933 devstack@n-api.service[99132]: DEBUG oslo_concurrency.lockutils [None req-499a56b3-45ea-4772-9bf0-43e5090e7d8e None None] Acquiring lock "00000000-0000-0000-0000-000000000000" by "nova.context.set_target_cell..get_or_set_cached_cell_and_set_connections" {{(pid=99132) inner /opt/stack/data/venv/lib/python3.12/site-packages/oslo_concurrency/lockutils.py:506}}
Mar 19 07:31:48.394030 np0000159933 devstack@n-api.service[99132]: DEBUG oslo_concurrency.lockutils [None req-499a56b3-45ea-4772-9bf0-43e5090e7d8e None None] Lock "00000000-0000-0000-0000-000000000000" acquired by "nova.context.set_target_cell..get_or_set_cached_cell_and_set_connections" :: waited 0.000s {{(pid=99132) inner /opt/stack/data/venv/lib/python3.12/site-packages/oslo_concurrency/lockutils.py:519}}
Mar 19 07:31:48.394395 np0000159933 devstack@n-api.service[99132]: DEBUG oslo_concurrency.lockutils [None req-499a56b3-45ea-4772-9bf0-43e5090e7d8e None None] Lock "00000000-0000-0000-0000-000000000000" "released" by "nova.context.set_target_cell..get_or_set_cached_cell_and_set_connections" :: held 0.000s {{(pid=99132) inner /opt/stack/data/venv/lib/python3.12/site-packages/oslo_concurrency/lockutils.py:538}}
Mar 19 07:31:48.394512 np0000159933 devstack@n-api.service[99129]: DEBUG dbcounter [-] [99129] Writer thread running {{(pid=99129) stat_writer /opt/stack/data/venv/lib/python3.12/site-packages/dbcounter.py:102}}
Mar 19 07:31:48.395206 np0000159933 devstack@n-api.service[99132]: DEBUG oslo_concurrency.lockutils [None req-499a56b3-45ea-4772-9bf0-43e5090e7d8e None None] Acquiring lock "f135398d-8579-4de3-9725-d4db35c5d51f" by "nova.context.set_target_cell..get_or_set_cached_cell_and_set_connections" {{(pid=99132) inner /opt/stack/data/venv/lib/python3.12/site-packages/oslo_concurrency/lockutils.py:506}}
Mar 19 07:31:48.395501 np0000159933 devstack@n-api.service[99132]: DEBUG oslo_concurrency.lockutils [None req-499a56b3-45ea-4772-9bf0-43e5090e7d8e None None] Lock "f135398d-8579-4de3-9725-d4db35c5d51f" acquired by "nova.context.set_target_cell..get_or_set_cached_cell_and_set_connections" :: waited 0.000s {{(pid=99132) inner /opt/stack/data/venv/lib/python3.12/site-packages/oslo_concurrency/lockutils.py:519}}
Mar 19 07:31:48.396235 np0000159933 devstack@n-api.service[99132]: DEBUG oslo_concurrency.lockutils [None req-499a56b3-45ea-4772-9bf0-43e5090e7d8e None None] Lock "f135398d-8579-4de3-9725-d4db35c5d51f" "released" by "nova.context.set_target_cell..get_or_set_cached_cell_and_set_connections" :: held 0.001s {{(pid=99132) inner /opt/stack/data/venv/lib/python3.12/site-packages/oslo_concurrency/lockutils.py:538}}
Mar 19 07:31:48.398897 np0000159933 devstack@n-api.service[99132]: INFO dbcounter [None req-499a56b3-45ea-4772-9bf0-43e5090e7d8e None None] Registered counter for database nova_cell0
Mar 19 07:31:48.400363 np0000159933 devstack@n-api.service[99129]: INFO dbcounter [None req-aa5d06c3-faf7-4626-a08b-fcff3a0b5c47 None None] Registered counter for database nova_cell0
Mar 19 07:31:48.403797 np0000159933 devstack@n-api.service[99132]: INFO dbcounter [None req-499a56b3-45ea-4772-9bf0-43e5090e7d8e None None] Registered counter for database nova_cell1
Mar 19 07:31:48.411920 np0000159933 devstack@n-api.service[99129]: DEBUG oslo_db.sqlalchemy.engines [None req-aa5d06c3-faf7-4626-a08b-fcff3a0b5c47 None None] MySQL server mode set to STRICT_TRANS_TABLES,STRICT_ALL_TABLES,NO_ZERO_IN_DATE,NO_ZERO_DATE,ERROR_FOR_DIVISION_BY_ZERO,TRADITIONAL,NO_ENGINE_SUBSTITUTION {{(pid=99129) _check_effective_sql_mode /opt/stack/data/venv/lib/python3.12/site-packages/oslo_db/sqlalchemy/engines.py:325}}
Mar 19 07:31:48.414331 np0000159933 devstack@n-api.service[99131]: DEBUG dbcounter [-] [99131] Writer thread running {{(pid=99131) stat_writer /opt/stack/data/venv/lib/python3.12/site-packages/dbcounter.py:102}}
Mar 19 07:31:48.414994 np0000159933 devstack@n-api.service[99131]: DEBUG dbcounter [-] [99131] Writer thread running {{(pid=99131) stat_writer /opt/stack/data/venv/lib/python3.12/site-packages/dbcounter.py:102}}
Mar 19 07:31:48.417681 np0000159933 devstack@n-api.service[99132]: DEBUG oslo_db.sqlalchemy.engines [None req-499a56b3-45ea-4772-9bf0-43e5090e7d8e None None] MySQL server mode set to STRICT_TRANS_TABLES,STRICT_ALL_TABLES,NO_ZERO_IN_DATE,NO_ZERO_DATE,ERROR_FOR_DIVISION_BY_ZERO,TRADITIONAL,NO_ENGINE_SUBSTITUTION {{(pid=99132) _check_effective_sql_mode /opt/stack/data/venv/lib/python3.12/site-packages/oslo_db/sqlalchemy/engines.py:325}}
Mar 19 07:31:48.421220 np0000159933 devstack@n-api.service[99131]: INFO dbcounter [None req-c57c8c40-e948-496e-82a4-eb8a44ce9c76 None None] Registered counter for database nova_cell0
Mar 19 07:31:48.421332 np0000159933 devstack@n-api.service[99129]: DEBUG dbcounter [-] [99129] Writer thread running {{(pid=99129) stat_writer /opt/stack/data/venv/lib/python3.12/site-packages/dbcounter.py:102}}
Mar 19 07:31:48.428531 np0000159933 devstack@n-api.service[99132]: DEBUG oslo_db.sqlalchemy.engines [None req-499a56b3-45ea-4772-9bf0-43e5090e7d8e None None] MySQL server mode set to STRICT_TRANS_TABLES,STRICT_ALL_TABLES,NO_ZERO_IN_DATE,NO_ZERO_DATE,ERROR_FOR_DIVISION_BY_ZERO,TRADITIONAL,NO_ENGINE_SUBSTITUTION {{(pid=99132) _check_effective_sql_mode /opt/stack/data/venv/lib/python3.12/site-packages/oslo_db/sqlalchemy/engines.py:325}}
Mar 19 07:31:48.428781 np0000159933 devstack@n-api.service[99130]: DEBUG dbcounter [-] [99130] Writer thread running {{(pid=99130) stat_writer /opt/stack/data/venv/lib/python3.12/site-packages/dbcounter.py:102}}
Mar 19 07:31:48.429586 np0000159933 devstack@n-api.service[99130]: DEBUG dbcounter [-] [99130] Writer thread running {{(pid=99130) stat_writer /opt/stack/data/venv/lib/python3.12/site-packages/dbcounter.py:102}}
Mar 19 07:31:48.431733 np0000159933 devstack@n-api.service[99131]: DEBUG oslo_db.sqlalchemy.engines [None req-c57c8c40-e948-496e-82a4-eb8a44ce9c76 None None] MySQL server mode set to STRICT_TRANS_TABLES,STRICT_ALL_TABLES,NO_ZERO_IN_DATE,NO_ZERO_DATE,ERROR_FOR_DIVISION_BY_ZERO,TRADITIONAL,NO_ENGINE_SUBSTITUTION {{(pid=99131) _check_effective_sql_mode /opt/stack/data/venv/lib/python3.12/site-packages/oslo_db/sqlalchemy/engines.py:325}}
Mar 19 07:31:48.440141 np0000159933 devstack@n-api.service[99131]: DEBUG dbcounter [-] [99131] Writer thread running {{(pid=99131) stat_writer /opt/stack/data/venv/lib/python3.12/site-packages/dbcounter.py:102}}
Mar 19 07:31:48.478095 np0000159933 devstack@n-api.service[99130]: INFO dbcounter [None req-8b917dd5-3b23-46bd-8638-b6de514a25d9 None None] Registered counter for database nova_cell0
Mar 19 07:31:48.488428 np0000159933 devstack@n-api.service[99130]: DEBUG oslo_db.sqlalchemy.engines [None req-8b917dd5-3b23-46bd-8638-b6de514a25d9 None None] MySQL server mode set to STRICT_TRANS_TABLES,STRICT_ALL_TABLES,NO_ZERO_IN_DATE,NO_ZERO_DATE,ERROR_FOR_DIVISION_BY_ZERO,TRADITIONAL,NO_ENGINE_SUBSTITUTION {{(pid=99130) _check_effective_sql_mode /opt/stack/data/venv/lib/python3.12/site-packages/oslo_db/sqlalchemy/engines.py:325}}
Mar 19 07:31:48.497429 np0000159933 devstack@n-api.service[99130]: DEBUG dbcounter [-] [99130] Writer thread running {{(pid=99130) stat_writer /opt/stack/data/venv/lib/python3.12/site-packages/dbcounter.py:102}}
Mar 19 07:31:48.556991 np0000159933 devstack@n-api.service[99132]: DEBUG dbcounter [-] [99132] Writer thread running {{(pid=99132) stat_writer /opt/stack/data/venv/lib/python3.12/site-packages/dbcounter.py:102}}
Mar 19 07:31:48.557737 np0000159933 devstack@n-api.service[99132]: DEBUG dbcounter [-] [99132] Writer thread running {{(pid=99132) stat_writer /opt/stack/data/venv/lib/python3.12/site-packages/dbcounter.py:102}}
Mar 19 07:31:48.565578 np0000159933 devstack@n-api.service[99132]: INFO dbcounter [None req-499a56b3-45ea-4772-9bf0-43e5090e7d8e None None] Registered counter for database nova_cell0
Mar 19 07:31:48.579672 np0000159933 devstack@n-api.service[99132]: DEBUG oslo_db.sqlalchemy.engines [None req-499a56b3-45ea-4772-9bf0-43e5090e7d8e None None] MySQL server mode set to STRICT_TRANS_TABLES,STRICT_ALL_TABLES,NO_ZERO_IN_DATE,NO_ZERO_DATE,ERROR_FOR_DIVISION_BY_ZERO,TRADITIONAL,NO_ENGINE_SUBSTITUTION {{(pid=99132) _check_effective_sql_mode /opt/stack/data/venv/lib/python3.12/site-packages/oslo_db/sqlalchemy/engines.py:325}}
Mar 19 07:31:48.589034 np0000159933 devstack@n-api.service[99132]: DEBUG dbcounter [-] [99132] Writer thread running {{(pid=99132) stat_writer /opt/stack/data/venv/lib/python3.12/site-packages/dbcounter.py:102}}
Mar 19 07:31:48.889318 np0000159933 devstack@n-api.service[99129]: DEBUG oslo_concurrency.processutils [None req-aa5d06c3-faf7-4626-a08b-fcff3a0b5c47 None None] Running cmd (subprocess): grep -F node.session.scan /sbin/iscsiadm {{(pid=99129) execute /opt/stack/data/venv/lib/python3.12/site-packages/oslo_concurrency/processutils.py:440}}
Mar 19 07:31:48.891611 np0000159933 devstack@n-api.service[99130]: DEBUG oslo_concurrency.processutils [None req-8b917dd5-3b23-46bd-8638-b6de514a25d9 None None] Running cmd (subprocess): grep -F node.session.scan /sbin/iscsiadm {{(pid=99130) execute /opt/stack/data/venv/lib/python3.12/site-packages/oslo_concurrency/processutils.py:440}}
Mar 19 07:31:48.891724 np0000159933 devstack@n-api.service[99131]: DEBUG oslo_concurrency.processutils [None req-c57c8c40-e948-496e-82a4-eb8a44ce9c76 None None] Running cmd (subprocess): grep -F node.session.scan /sbin/iscsiadm {{(pid=99131) execute /opt/stack/data/venv/lib/python3.12/site-packages/oslo_concurrency/processutils.py:440}}
Mar 19 07:31:48.907280 np0000159933 devstack@n-api.service[99129]: DEBUG oslo_concurrency.processutils [None req-aa5d06c3-faf7-4626-a08b-fcff3a0b5c47 None None] CMD "grep -F node.session.scan /sbin/iscsiadm" returned: 0 in 0.018s {{(pid=99129) execute /opt/stack/data/venv/lib/python3.12/site-packages/oslo_concurrency/processutils.py:468}}
Mar 19 07:31:48.909744 np0000159933 devstack@n-api.service[99130]: DEBUG oslo_concurrency.processutils [None req-8b917dd5-3b23-46bd-8638-b6de514a25d9 None None] CMD "grep -F node.session.scan /sbin/iscsiadm" returned: 0 in 0.018s {{(pid=99130) execute /opt/stack/data/venv/lib/python3.12/site-packages/oslo_concurrency/processutils.py:468}}
Mar 19 07:31:48.910617 np0000159933 devstack@n-api.service[99131]: DEBUG oslo_concurrency.processutils [None req-c57c8c40-e948-496e-82a4-eb8a44ce9c76 None None] CMD "grep -F node.session.scan /sbin/iscsiadm" returned: 0 in 0.019s {{(pid=99131) execute /opt/stack/data/venv/lib/python3.12/site-packages/oslo_concurrency/processutils.py:468}}
Mar 19 07:31:48.970995 np0000159933 devstack@n-api.service[99132]: DEBUG oslo_concurrency.processutils [None req-499a56b3-45ea-4772-9bf0-43e5090e7d8e None None] Running cmd (subprocess): grep -F node.session.scan /sbin/iscsiadm {{(pid=99132) execute /opt/stack/data/venv/lib/python3.12/site-packages/oslo_concurrency/processutils.py:440}}
Mar 19 07:31:48.988065 np0000159933 devstack@n-api.service[99132]: DEBUG oslo_concurrency.processutils [None req-499a56b3-45ea-4772-9bf0-43e5090e7d8e None None] CMD "grep -F node.session.scan /sbin/iscsiadm" returned: 0 in 0.017s {{(pid=99132) execute /opt/stack/data/venv/lib/python3.12/site-packages/oslo_concurrency/processutils.py:468}}
Mar 19 07:31:49.498966 np0000159933 devstack@n-api.service[99129]: WARNING keystonemiddleware.auth_token [None req-aa5d06c3-faf7-4626-a08b-fcff3a0b5c47 None None] AuthToken middleware is set with keystone_authtoken.service_token_roles_required set to False. This is backwards compatible but deprecated behaviour. Please set this to True.
Mar 19 07:31:49.499661 np0000159933 devstack@n-api.service[99132]: WARNING keystonemiddleware.auth_token [None req-499a56b3-45ea-4772-9bf0-43e5090e7d8e None None] AuthToken middleware is set with keystone_authtoken.service_token_roles_required set to False. This is backwards compatible but deprecated behaviour. Please set this to True.
Mar 19 07:31:49.500412 np0000159933 devstack@n-api.service[99131]: WARNING keystonemiddleware.auth_token [None req-c57c8c40-e948-496e-82a4-eb8a44ce9c76 None None] AuthToken middleware is set with keystone_authtoken.service_token_roles_required set to False. This is backwards compatible but deprecated behaviour. Please set this to True.
Mar 19 07:31:49.504907 np0000159933 devstack@n-api.service[99130]: WARNING keystonemiddleware.auth_token [None req-8b917dd5-3b23-46bd-8638-b6de514a25d9 None None] AuthToken middleware is set with keystone_authtoken.service_token_roles_required set to False. This is backwards compatible but deprecated behaviour. Please set this to True.
Mar 19 07:31:49.566183 np0000159933 devstack@n-api.service[99132]: WARNING keystonemiddleware.auth_token [None req-499a56b3-45ea-4772-9bf0-43e5090e7d8e None None] AuthToken middleware is set with keystone_authtoken.service_token_roles_required set to False. This is backwards compatible but deprecated behaviour. Please set this to True.
Mar 19 07:31:49.568243 np0000159933 devstack@n-api.service[99129]: WARNING keystonemiddleware.auth_token [None req-aa5d06c3-faf7-4626-a08b-fcff3a0b5c47 None None] AuthToken middleware is set with keystone_authtoken.service_token_roles_required set to False. This is backwards compatible but deprecated behaviour. Please set this to True.
Mar 19 07:31:49.572534 np0000159933 devstack@n-api.service[99132]: DEBUG nova.api.openstack.wsgi_app [None req-499a56b3-45ea-4772-9bf0-43e5090e7d8e None None] ******************************************************************************** {{(pid=99132) log_opt_values /opt/stack/data/venv/lib/python3.12/site-packages/oslo_config/cfg.py:2979}}
Mar 19 07:31:49.572726 np0000159933 devstack@n-api.service[99132]: DEBUG nova.api.openstack.wsgi_app [None req-499a56b3-45ea-4772-9bf0-43e5090e7d8e None None] Configuration options gathered from: {{(pid=99132) log_opt_values /opt/stack/data/venv/lib/python3.12/site-packages/oslo_config/cfg.py:2980}}
Mar 19 07:31:49.573186 np0000159933 devstack@n-api.service[99132]: DEBUG nova.api.openstack.wsgi_app [None req-499a56b3-45ea-4772-9bf0-43e5090e7d8e None None] command line args: [] {{(pid=99132) log_opt_values /opt/stack/data/venv/lib/python3.12/site-packages/oslo_config/cfg.py:2981}}
Mar 19 07:31:49.573370 np0000159933 devstack@n-api.service[99132]: DEBUG nova.api.openstack.wsgi_app [None req-499a56b3-45ea-4772-9bf0-43e5090e7d8e None None] config files: ['/etc/nova/api-paste.ini', '/etc/nova/nova.conf'] {{(pid=99132) log_opt_values /opt/stack/data/venv/lib/python3.12/site-packages/oslo_config/cfg.py:2982}}
Mar 19 07:31:49.573495 np0000159933 devstack@n-api.service[99132]: DEBUG nova.api.openstack.wsgi_app [None req-499a56b3-45ea-4772-9bf0-43e5090e7d8e None None] ================================================================================ {{(pid=99132) log_opt_values /opt/stack/data/venv/lib/python3.12/site-packages/oslo_config/cfg.py:2987}}
Mar 19 07:31:49.573918 np0000159933 devstack@n-api.service[99132]: DEBUG nova.api.openstack.wsgi_app [None req-499a56b3-45ea-4772-9bf0-43e5090e7d8e None None] allow_resize_to_same_host = True {{(pid=99132) log_opt_values /opt/stack/data/venv/lib/python3.12/site-packages/oslo_config/cfg.py:2995}}
Mar 19 07:31:49.574038 np0000159933 devstack@n-api.service[99132]: DEBUG nova.api.openstack.wsgi_app [None req-499a56b3-45ea-4772-9bf0-43e5090e7d8e None None] arq_binding_timeout = 300 {{(pid=99132) log_opt_values /opt/stack/data/venv/lib/python3.12/site-packages/oslo_config/cfg.py:2995}}
Mar 19 07:31:49.574190 np0000159933 devstack@n-api.service[99132]: DEBUG nova.api.openstack.wsgi_app [None req-499a56b3-45ea-4772-9bf0-43e5090e7d8e None None] block_device_allocate_retries = 60 {{(pid=99132) log_opt_values /opt/stack/data/venv/lib/python3.12/site-packages/oslo_config/cfg.py:2995}}
Mar 19 07:31:49.574337 np0000159933 devstack@n-api.service[99132]: DEBUG nova.api.openstack.wsgi_app [None req-499a56b3-45ea-4772-9bf0-43e5090e7d8e None None] block_device_allocate_retries_interval = 3 {{(pid=99132) log_opt_values /opt/stack/data/venv/lib/python3.12/site-packages/oslo_config/cfg.py:2995}}
Mar 19 07:31:49.574504 np0000159933 devstack@n-api.service[99132]: DEBUG nova.api.openstack.wsgi_app [None req-499a56b3-45ea-4772-9bf0-43e5090e7d8e None None] cell_worker_thread_pool_size = 5 {{(pid=99132) log_opt_values /opt/stack/data/venv/lib/python3.12/site-packages/oslo_config/cfg.py:2995}}
Mar 19 07:31:49.574643 np0000159933 devstack@n-api.service[99132]: DEBUG nova.api.openstack.wsgi_app [None req-499a56b3-45ea-4772-9bf0-43e5090e7d8e None None] cert = self.pem {{(pid=99132) log_opt_values /opt/stack/data/venv/lib/python3.12/site-packages/oslo_config/cfg.py:2995}}
Mar 19 07:31:49.574827 np0000159933 devstack@n-api.service[99132]: DEBUG nova.api.openstack.wsgi_app [None req-499a56b3-45ea-4772-9bf0-43e5090e7d8e None None] compute_driver = libvirt.LibvirtDriver {{(pid=99132) log_opt_values /opt/stack/data/venv/lib/python3.12/site-packages/oslo_config/cfg.py:2995}}
Mar 19 07:31:49.575008 np0000159933 devstack@n-api.service[99132]: DEBUG nova.api.openstack.wsgi_app [None req-499a56b3-45ea-4772-9bf0-43e5090e7d8e None None] compute_monitors = [] {{(pid=99132) log_opt_values /opt/stack/data/venv/lib/python3.12/site-packages/oslo_config/cfg.py:2995}}
Mar 19 07:31:49.575179 np0000159933 devstack@n-api.service[99131]: WARNING keystonemiddleware.auth_token [None req-c57c8c40-e948-496e-82a4-eb8a44ce9c76 None None] AuthToken middleware is set with keystone_authtoken.service_token_roles_required set to False. This is backwards compatible but deprecated behaviour. Please set this to True.
Mar 19 07:31:49.575289 np0000159933 devstack@n-api.service[99132]: DEBUG nova.api.openstack.wsgi_app [None req-499a56b3-45ea-4772-9bf0-43e5090e7d8e None None] config_dir = [] {{(pid=99132) log_opt_values /opt/stack/data/venv/lib/python3.12/site-packages/oslo_config/cfg.py:2995}}
Mar 19 07:31:49.575391 np0000159933 devstack@n-api.service[99132]: DEBUG nova.api.openstack.wsgi_app [None req-499a56b3-45ea-4772-9bf0-43e5090e7d8e None None] config_drive_format = iso9660 {{(pid=99132) log_opt_values /opt/stack/data/venv/lib/python3.12/site-packages/oslo_config/cfg.py:2995}}
Mar 19 07:31:49.575495 np0000159933 devstack@n-api.service[99132]: DEBUG nova.api.openstack.wsgi_app [None req-499a56b3-45ea-4772-9bf0-43e5090e7d8e None None] config_file = ['/etc/nova/api-paste.ini', '/etc/nova/nova.conf'] {{(pid=99132) log_opt_values /opt/stack/data/venv/lib/python3.12/site-packages/oslo_config/cfg.py:2995}}
Mar 19 07:31:49.575623 np0000159933 devstack@n-api.service[99132]: DEBUG nova.api.openstack.wsgi_app [None req-499a56b3-45ea-4772-9bf0-43e5090e7d8e None None] config_source = [] {{(pid=99132) log_opt_values /opt/stack/data/venv/lib/python3.12/site-packages/oslo_config/cfg.py:2995}}
Mar 19 07:31:49.575766 np0000159933 devstack@n-api.service[99132]: DEBUG nova.api.openstack.wsgi_app [None req-499a56b3-45ea-4772-9bf0-43e5090e7d8e None None] console_host = np0000159933 {{(pid=99132) log_opt_values /opt/stack/data/venv/lib/python3.12/site-packages/oslo_config/cfg.py:2995}}
Mar 19 07:31:49.575916 np0000159933 devstack@n-api.service[99132]: DEBUG nova.api.openstack.wsgi_app [None req-499a56b3-45ea-4772-9bf0-43e5090e7d8e None None] control_exchange = nova {{(pid=99132) log_opt_values /opt/stack/data/venv/lib/python3.12/site-packages/oslo_config/cfg.py:2995}}
Mar 19 07:31:49.576055 np0000159933 devstack@n-api.service[99132]: DEBUG nova.api.openstack.wsgi_app [None req-499a56b3-45ea-4772-9bf0-43e5090e7d8e None None] cpu_allocation_ratio = None {{(pid=99132) log_opt_values /opt/stack/data/venv/lib/python3.12/site-packages/oslo_config/cfg.py:2995}}
Mar 19 07:31:49.576238 np0000159933 devstack@n-api.service[99132]: DEBUG nova.api.openstack.wsgi_app [None req-499a56b3-45ea-4772-9bf0-43e5090e7d8e None None] daemon = False {{(pid=99132) log_opt_values /opt/stack/data/venv/lib/python3.12/site-packages/oslo_config/cfg.py:2995}}
Mar 19 07:31:49.576356 np0000159933 devstack@n-api.service[99132]: DEBUG nova.api.openstack.wsgi_app [None req-499a56b3-45ea-4772-9bf0-43e5090e7d8e None None] debug = True {{(pid=99132) log_opt_values /opt/stack/data/venv/lib/python3.12/site-packages/oslo_config/cfg.py:2995}}
Mar 19 07:31:49.576528 np0000159933 devstack@n-api.service[99132]: DEBUG nova.api.openstack.wsgi_app [None req-499a56b3-45ea-4772-9bf0-43e5090e7d8e None None] default_access_ip_network_name = None {{(pid=99132) log_opt_values /opt/stack/data/venv/lib/python3.12/site-packages/oslo_config/cfg.py:2995}}
Mar 19 07:31:49.576737 np0000159933 devstack@n-api.service[99132]: DEBUG nova.api.openstack.wsgi_app [None req-499a56b3-45ea-4772-9bf0-43e5090e7d8e None None] default_availability_zone = nova {{(pid=99132) log_opt_values /opt/stack/data/venv/lib/python3.12/site-packages/oslo_config/cfg.py:2995}}
Mar 19 07:31:49.576907 np0000159933 devstack@n-api.service[99132]: DEBUG nova.api.openstack.wsgi_app [None req-499a56b3-45ea-4772-9bf0-43e5090e7d8e None None] default_ephemeral_format = ext4 {{(pid=99132) log_opt_values /opt/stack/data/venv/lib/python3.12/site-packages/oslo_config/cfg.py:2995}}
Mar 19 07:31:49.577028 np0000159933 devstack@n-api.service[99132]: DEBUG nova.api.openstack.wsgi_app [None req-499a56b3-45ea-4772-9bf0-43e5090e7d8e None None] default_green_pool_size = 1000 {{(pid=99132) log_opt_values /opt/stack/data/venv/lib/python3.12/site-packages/oslo_config/cfg.py:2995}}
Mar 19 07:31:49.577266 np0000159933 devstack@n-api.service[99132]: DEBUG nova.api.openstack.wsgi_app [None req-499a56b3-45ea-4772-9bf0-43e5090e7d8e None None] default_log_levels = ['amqp=WARN', 'boto=WARN', 'sqlalchemy=WARN', 'suds=INFO', 'oslo.messaging=INFO', 'oslo_messaging=INFO', 'iso8601=WARN', 'requests.packages.urllib3.connectionpool=WARN', 'urllib3.connectionpool=WARN', 'websocket=WARN', 'requests.packages.urllib3.util.retry=WARN', 'urllib3.util.retry=WARN', 'keystonemiddleware=WARN', 'routes.middleware=WARN', 'stevedore=WARN', 'taskflow=WARN', 'keystoneauth=WARN', 'oslo.cache=INFO', 'oslo_policy=INFO', 'dogpile.core.dogpile=INFO', 'glanceclient=WARN', 'oslo.privsep.daemon=INFO'] {{(pid=99132) log_opt_values /opt/stack/data/venv/lib/python3.12/site-packages/oslo_config/cfg.py:2995}}
Mar 19 07:31:49.577434 np0000159933 devstack@n-api.service[99132]: DEBUG nova.api.openstack.wsgi_app [None req-499a56b3-45ea-4772-9bf0-43e5090e7d8e None None] default_schedule_zone = None {{(pid=99132) log_opt_values /opt/stack/data/venv/lib/python3.12/site-packages/oslo_config/cfg.py:2995}}
Mar 19 07:31:49.577570 np0000159933 devstack@n-api.service[99132]: DEBUG nova.api.openstack.wsgi_app [None req-499a56b3-45ea-4772-9bf0-43e5090e7d8e None None] default_thread_pool_size = 10 {{(pid=99132) log_opt_values /opt/stack/data/venv/lib/python3.12/site-packages/oslo_config/cfg.py:2995}}
Mar 19 07:31:49.577682 np0000159933 devstack@n-api.service[99132]: DEBUG nova.api.openstack.wsgi_app [None req-499a56b3-45ea-4772-9bf0-43e5090e7d8e None None] disk_allocation_ratio = None {{(pid=99132) log_opt_values /opt/stack/data/venv/lib/python3.12/site-packages/oslo_config/cfg.py:2995}}
Mar 19 07:31:49.577787 np0000159933 devstack@n-api.service[99132]: DEBUG nova.api.openstack.wsgi_app [None req-499a56b3-45ea-4772-9bf0-43e5090e7d8e None None] enable_new_services = True {{(pid=99132) log_opt_values /opt/stack/data/venv/lib/python3.12/site-packages/oslo_config/cfg.py:2995}}
Mar 19 07:31:49.577935 np0000159933 devstack@n-api.service[99132]: DEBUG nova.api.openstack.wsgi_app [None req-499a56b3-45ea-4772-9bf0-43e5090e7d8e None None] flat_injected = False {{(pid=99132) log_opt_values /opt/stack/data/venv/lib/python3.12/site-packages/oslo_config/cfg.py:2995}}
Mar 19 07:31:49.578082 np0000159933 devstack@n-api.service[99132]: DEBUG nova.api.openstack.wsgi_app [None req-499a56b3-45ea-4772-9bf0-43e5090e7d8e None None] force_config_drive = False {{(pid=99132) log_opt_values /opt/stack/data/venv/lib/python3.12/site-packages/oslo_config/cfg.py:2995}}
Mar 19 07:31:49.578235 np0000159933 devstack@n-api.service[99132]: DEBUG nova.api.openstack.wsgi_app [None req-499a56b3-45ea-4772-9bf0-43e5090e7d8e None None] force_raw_images = True {{(pid=99132) log_opt_values /opt/stack/data/venv/lib/python3.12/site-packages/oslo_config/cfg.py:2995}}
Mar 19 07:31:49.578376 np0000159933 devstack@n-api.service[99132]: DEBUG nova.api.openstack.wsgi_app [None req-499a56b3-45ea-4772-9bf0-43e5090e7d8e None None] graceful_shutdown_timeout = 5 {{(pid=99132) log_opt_values /opt/stack/data/venv/lib/python3.12/site-packages/oslo_config/cfg.py:2995}}
Mar 19 07:31:49.578509 np0000159933 devstack@n-api.service[99132]: DEBUG nova.api.openstack.wsgi_app [None req-499a56b3-45ea-4772-9bf0-43e5090e7d8e None None] heal_instance_info_cache_interval = -1 {{(pid=99132) log_opt_values /opt/stack/data/venv/lib/python3.12/site-packages/oslo_config/cfg.py:2995}}
Mar 19 07:31:49.578616 np0000159933 devstack@n-api.service[99130]: WARNING keystonemiddleware.auth_token [None req-8b917dd5-3b23-46bd-8638-b6de514a25d9 None None] AuthToken middleware is set with keystone_authtoken.service_token_roles_required set to False. This is backwards compatible but deprecated behaviour. Please set this to True.
Mar 19 07:31:49.578721 np0000159933 devstack@n-api.service[99132]: DEBUG nova.api.openstack.wsgi_app [None req-499a56b3-45ea-4772-9bf0-43e5090e7d8e None None] host = np0000159933 {{(pid=99132) log_opt_values /opt/stack/data/venv/lib/python3.12/site-packages/oslo_config/cfg.py:2995}}
Mar 19 07:31:49.578834 np0000159933 devstack@n-api.service[99132]: DEBUG nova.api.openstack.wsgi_app [None req-499a56b3-45ea-4772-9bf0-43e5090e7d8e None None] initial_cpu_allocation_ratio = 4.0 {{(pid=99132) log_opt_values /opt/stack/data/venv/lib/python3.12/site-packages/oslo_config/cfg.py:2995}}
Mar 19 07:31:49.578977 np0000159933 devstack@n-api.service[99132]: DEBUG nova.api.openstack.wsgi_app [None req-499a56b3-45ea-4772-9bf0-43e5090e7d8e None None] initial_disk_allocation_ratio = 1.0 {{(pid=99132) log_opt_values /opt/stack/data/venv/lib/python3.12/site-packages/oslo_config/cfg.py:2995}}
Mar 19 07:31:49.579098 np0000159933 devstack@n-api.service[99132]: DEBUG nova.api.openstack.wsgi_app [None req-499a56b3-45ea-4772-9bf0-43e5090e7d8e None None] initial_ram_allocation_ratio = 1.0 {{(pid=99132) log_opt_values /opt/stack/data/venv/lib/python3.12/site-packages/oslo_config/cfg.py:2995}}
Mar 19 07:31:49.579274 np0000159933 devstack@n-api.service[99132]: DEBUG nova.api.openstack.wsgi_app [None req-499a56b3-45ea-4772-9bf0-43e5090e7d8e None None] injected_network_template = /opt/stack/nova/nova/virt/interfaces.template {{(pid=99132) log_opt_values /opt/stack/data/venv/lib/python3.12/site-packages/oslo_config/cfg.py:2995}}
Mar 19 07:31:49.579400 np0000159933 devstack@n-api.service[99132]: DEBUG nova.api.openstack.wsgi_app [None req-499a56b3-45ea-4772-9bf0-43e5090e7d8e None None] instance_build_timeout = 0 {{(pid=99132) log_opt_values /opt/stack/data/venv/lib/python3.12/site-packages/oslo_config/cfg.py:2995}}
Mar 19 07:31:49.579507 np0000159933 devstack@n-api.service[99132]: DEBUG nova.api.openstack.wsgi_app [None req-499a56b3-45ea-4772-9bf0-43e5090e7d8e None None] instance_delete_interval = 300 {{(pid=99132) log_opt_values /opt/stack/data/venv/lib/python3.12/site-packages/oslo_config/cfg.py:2995}}
Mar 19 07:31:49.579629 np0000159933 devstack@n-api.service[99132]: DEBUG nova.api.openstack.wsgi_app [None req-499a56b3-45ea-4772-9bf0-43e5090e7d8e None None] instance_format = [instance: %(uuid)s] {{(pid=99132) log_opt_values /opt/stack/data/venv/lib/python3.12/site-packages/oslo_config/cfg.py:2995}}
Mar 19 07:31:49.579774 np0000159933 devstack@n-api.service[99132]: DEBUG nova.api.openstack.wsgi_app [None req-499a56b3-45ea-4772-9bf0-43e5090e7d8e None None] instance_name_template = instance-%08x {{(pid=99132) log_opt_values /opt/stack/data/venv/lib/python3.12/site-packages/oslo_config/cfg.py:2995}}
