Apr 16 11:35:30.648938 np0000166664 devstack@neutron-api.service[104302]: INFO neutron.quota.resource_registry [None req-1c68cd9c-7b0a-4726-a6e8-8e4a8b095e2d None None] Creating instance of TrackedResource for resource:subnetpool
Apr 16 11:35:30.649097 np0000166664 devstack@neutron-api.service[104302]: WARNING neutron.quota.resource_registry [None req-1c68cd9c-7b0a-4726-a6e8-8e4a8b095e2d None None] subnetpool is already registered
Apr 16 11:35:30.651268 np0000166664 devstack@neutron-api.service[104302]: DEBUG neutron.api.v2.resource_helper [None req-1c68cd9c-7b0a-4726-a6e8-8e4a8b095e2d None None] Service L3_ROUTER_NAT assigned prefix: {{(pid=104302) build_resource_info /opt/stack/neutron/neutron/api/v2/resource_helper.py:77}}
Apr 16 11:35:30.651694 np0000166664 devstack@neutron-api.service[104302]: DEBUG neutron.api.v2.resource_helper [None req-1c68cd9c-7b0a-4726-a6e8-8e4a8b095e2d None None] Service FLAVORS assigned prefix: {{(pid=104302) build_resource_info /opt/stack/neutron/neutron/api/v2/resource_helper.py:77}}
Apr 16 11:35:30.652627 np0000166664 devstack@neutron-api.service[104302]: DEBUG neutron.api.v2.resource_helper [None req-1c68cd9c-7b0a-4726-a6e8-8e4a8b095e2d None None] Service L3_ROUTER_NAT assigned prefix: {{(pid=104302) build_resource_info /opt/stack/neutron/neutron/api/v2/resource_helper.py:77}}
Apr 16 11:35:30.652966 np0000166664 devstack@neutron-api.service[104302]: DEBUG neutron.api.v2.resource_helper [None req-1c68cd9c-7b0a-4726-a6e8-8e4a8b095e2d None None] Service L3_ROUTER_NAT assigned prefix: {{(pid=104302) build_resource_info /opt/stack/neutron/neutron/api/v2/resource_helper.py:77}}
Apr 16 11:35:30.653118 np0000166664 devstack@neutron-api.service[104302]: INFO neutron.quota.resource_registry [None req-1c68cd9c-7b0a-4726-a6e8-8e4a8b095e2d None None] Creating instance of TrackedResource for resource:router
Apr 16 11:35:30.653246 np0000166664 devstack@neutron-api.service[104302]: WARNING neutron.quota.resource_registry [None req-1c68cd9c-7b0a-4726-a6e8-8e4a8b095e2d None None] router is already registered
Apr 16 11:35:30.653616 np0000166664 devstack@neutron-api.service[104302]: INFO neutron.quota.resource_registry [None req-1c68cd9c-7b0a-4726-a6e8-8e4a8b095e2d None None] Creating instance of TrackedResource for resource:floatingip
Apr 16 11:35:30.653747 np0000166664 devstack@neutron-api.service[104302]: WARNING neutron.quota.resource_registry [None req-1c68cd9c-7b0a-4726-a6e8-8e4a8b095e2d None None] floatingip is already registered
Apr 16 11:35:30.654815 np0000166664 devstack@neutron-api.service[104302]: INFO neutron.quota.resource_registry [None req-1c68cd9c-7b0a-4726-a6e8-8e4a8b095e2d None None] Creating instance of CountableResource for resource:rbac_policy
Apr 16 11:35:30.654901 np0000166664 devstack@neutron-api.service[104302]: WARNING neutron.quota.resource_registry [None req-1c68cd9c-7b0a-4726-a6e8-8e4a8b095e2d None None] rbac_policy is already registered
Apr 16 11:35:30.655608 np0000166664 devstack@neutron-api.service[104302]: INFO neutron.quota.resource_registry [None req-1c68cd9c-7b0a-4726-a6e8-8e4a8b095e2d None None] Creating instance of TrackedResource for resource:security_group
Apr 16 11:35:30.655733 np0000166664 devstack@neutron-api.service[104302]: WARNING neutron.quota.resource_registry [None req-1c68cd9c-7b0a-4726-a6e8-8e4a8b095e2d None None] security_group is already registered
Apr 16 11:35:30.656146 np0000166664 devstack@neutron-api.service[104302]: INFO neutron.quota.resource_registry [None req-1c68cd9c-7b0a-4726-a6e8-8e4a8b095e2d None None] Creating instance of TrackedResource for resource:security_group_rule
Apr 16 11:35:30.656278 np0000166664 devstack@neutron-api.service[104302]: WARNING neutron.quota.resource_registry [None req-1c68cd9c-7b0a-4726-a6e8-8e4a8b095e2d None None] security_group_rule is already registered
Apr 16 11:35:30.656870 np0000166664 devstack@neutron-api.service[104302]: DEBUG neutron.api.v2.resource_helper [None req-1c68cd9c-7b0a-4726-a6e8-8e4a8b095e2d None None] Service CORE assigned prefix: {{(pid=104302) build_resource_info /opt/stack/neutron/neutron/api/v2/resource_helper.py:77}}
Apr 16 11:35:30.656990 np0000166664 devstack@neutron-api.service[104302]: INFO neutron.quota.resource_registry [None req-1c68cd9c-7b0a-4726-a6e8-8e4a8b095e2d None None] Creating instance of TrackedResource for resource:subnetpool
Apr 16 11:35:30.657183 np0000166664 devstack@neutron-api.service[104302]: WARNING neutron.quota.resource_registry [None req-1c68cd9c-7b0a-4726-a6e8-8e4a8b095e2d None None] subnetpool is already registered
Apr 16 11:35:30.657596 np0000166664 devstack@neutron-api.service[104302]: DEBUG neutron.api.extensions [None req-1c68cd9c-7b0a-4726-a6e8-8e4a8b095e2d None None] Extended resource: extensions {{(pid=104302) __init__ /opt/stack/neutron/neutron/api/extensions.py:156}}
Apr 16 11:35:30.658351 np0000166664 devstack@neutron-api.service[104302]: DEBUG neutron.api.extensions [None req-1c68cd9c-7b0a-4726-a6e8-8e4a8b095e2d None None] Extended resource: address-groups {{(pid=104302) __init__ /opt/stack/neutron/neutron/api/extensions.py:156}}
Apr 16 11:35:30.659019 np0000166664 devstack@neutron-api.service[104302]: DEBUG neutron.api.extensions [None req-1c68cd9c-7b0a-4726-a6e8-8e4a8b095e2d None None] Extended resource: address-scopes {{(pid=104302) __init__ /opt/stack/neutron/neutron/api/extensions.py:156}}
Apr 16 11:35:30.659847 np0000166664 devstack@neutron-api.service[104302]: DEBUG neutron.api.extensions [None req-1c68cd9c-7b0a-4726-a6e8-8e4a8b095e2d None None] Extended resource: agents {{(pid=104302) __init__ /opt/stack/neutron/neutron/api/extensions.py:156}}
Apr 16 11:35:30.660654 np0000166664 devstack@neutron-api.service[104302]: DEBUG neutron.api.extensions [None req-1c68cd9c-7b0a-4726-a6e8-8e4a8b095e2d None None] Extended resource: auto-allocated-topology {{(pid=104302) __init__ /opt/stack/neutron/neutron/api/extensions.py:156}}
Apr 16 11:35:30.661266 np0000166664 devstack@neutron-api.service[104302]: DEBUG neutron.api.extensions [None req-1c68cd9c-7b0a-4726-a6e8-8e4a8b095e2d None None] Extended resource: availability_zones {{(pid=104302) __init__ /opt/stack/neutron/neutron/api/extensions.py:156}}
Apr 16 11:35:30.661923 np0000166664 devstack@neutron-api.service[104302]: DEBUG neutron.api.extensions [None req-1c68cd9c-7b0a-4726-a6e8-8e4a8b095e2d None None] Extended resource: dhcp-networks {{(pid=104302) __init__ /opt/stack/neutron/neutron/api/extensions.py:156}}
Apr 16 11:35:30.662668 np0000166664 devstack@neutron-api.service[104302]: DEBUG neutron.api.extensions [None req-1c68cd9c-7b0a-4726-a6e8-8e4a8b095e2d None None] Extended resource: dhcp-agents {{(pid=104302) __init__ /opt/stack/neutron/neutron/api/extensions.py:156}}
Apr 16 11:35:30.663427 np0000166664 devstack@neutron-api.service[104302]: DEBUG neutron.api.extensions [None req-1c68cd9c-7b0a-4726-a6e8-8e4a8b095e2d None None] Extended resource: routers {{(pid=104302) __init__ /opt/stack/neutron/neutron/api/extensions.py:156}}
Apr 16 11:35:30.664491 np0000166664 devstack@neutron-api.service[104302]: DEBUG neutron.api.extensions [None req-1c68cd9c-7b0a-4726-a6e8-8e4a8b095e2d None None] Extended resource: flavors {{(pid=104302) __init__ /opt/stack/neutron/neutron/api/extensions.py:156}}
Apr 16 11:35:30.664956 np0000166664 devstack@neutron-api.service[104302]: DEBUG neutron.api.extensions [None req-1c68cd9c-7b0a-4726-a6e8-8e4a8b095e2d None None] Extended resource: service_profiles {{(pid=104302) __init__ /opt/stack/neutron/neutron/api/extensions.py:156}}
Apr 16 11:35:30.665475 np0000166664 devstack@neutron-api.service[104302]: DEBUG neutron.api.extensions [None req-1c68cd9c-7b0a-4726-a6e8-8e4a8b095e2d None None] Extended resource: next_providers {{(pid=104302) __init__ /opt/stack/neutron/neutron/api/extensions.py:156}}
Apr 16 11:35:30.666771 np0000166664 devstack@neutron-api.service[104302]: DEBUG neutron.api.extensions [None req-1c68cd9c-7b0a-4726-a6e8-8e4a8b095e2d None None] Extended resource: service_profiles {{(pid=104302) __init__ /opt/stack/neutron/neutron/api/extensions.py:156}}
Apr 16 11:35:30.667473 np0000166664 devstack@neutron-api.service[104302]: DEBUG neutron.api.extensions [None req-1c68cd9c-7b0a-4726-a6e8-8e4a8b095e2d None None] Extended resource: floatingip-pools {{(pid=104302) __init__ /opt/stack/neutron/neutron/api/extensions.py:156}}
Apr 16 11:35:30.668060 np0000166664 devstack@neutron-api.service[104302]: DEBUG neutron.api.extensions [None req-1c68cd9c-7b0a-4726-a6e8-8e4a8b095e2d None None] Extended resource: routers {{(pid=104302) __init__ /opt/stack/neutron/neutron/api/extensions.py:156}}
Apr 16 11:35:30.669051 np0000166664 devstack@neutron-api.service[104302]: DEBUG neutron.api.extensions [None req-1c68cd9c-7b0a-4726-a6e8-8e4a8b095e2d None None] Extended resource: floatingips {{(pid=104302) __init__ /opt/stack/neutron/neutron/api/extensions.py:156}}
Apr 16 11:35:30.669558 np0000166664 devstack@neutron-api.service[104302]: DEBUG neutron.api.extensions [None req-1c68cd9c-7b0a-4726-a6e8-8e4a8b095e2d None None] Extended resource: network-ip-availabilities {{(pid=104302) __init__ /opt/stack/neutron/neutron/api/extensions.py:156}}
Apr 16 11:35:30.670182 np0000166664 devstack@neutron-api.service[104302]: DEBUG neutron.api.extensions [None req-1c68cd9c-7b0a-4726-a6e8-8e4a8b095e2d None None] Extended resource: network-ip-availabilities {{(pid=104302) __init__ /opt/stack/neutron/neutron/api/extensions.py:156}}
Apr 16 11:35:30.670734 np0000166664 devstack@neutron-api.service[104302]: DEBUG neutron.api.extensions [None req-1c68cd9c-7b0a-4726-a6e8-8e4a8b095e2d None None] Extended resource: bindings {{(pid=104302) __init__ /opt/stack/neutron/neutron/api/extensions.py:156}}
Apr 16 11:35:30.671476 np0000166664 devstack@neutron-api.service[104302]: DEBUG neutron.api.extensions [None req-1c68cd9c-7b0a-4726-a6e8-8e4a8b095e2d None None] Extended resource: quotas {{(pid=104302) __init__ /opt/stack/neutron/neutron/api/extensions.py:156}}
Apr 16 11:35:30.672223 np0000166664 devstack@neutron-api.service[104302]: DEBUG neutron.api.extensions [None req-1c68cd9c-7b0a-4726-a6e8-8e4a8b095e2d None None] Extended resource: quotas {{(pid=104302) __init__ /opt/stack/neutron/neutron/api/extensions.py:156}}
Apr 16 11:35:30.672974 np0000166664 devstack@neutron-api.service[104302]: DEBUG neutron.api.extensions [None req-1c68cd9c-7b0a-4726-a6e8-8e4a8b095e2d None None] Extended resource: rbac-policies {{(pid=104302) __init__ /opt/stack/neutron/neutron/api/extensions.py:156}}
Apr 16 11:35:30.673460 np0000166664 devstack@neutron-api.service[104302]: DEBUG neutron.api.extensions [None req-1c68cd9c-7b0a-4726-a6e8-8e4a8b095e2d None None] Extended resource: default-security-group-rules {{(pid=104302) __init__ /opt/stack/neutron/neutron/api/extensions.py:156}}
Apr 16 11:35:30.674072 np0000166664 devstack@neutron-api.service[104302]: DEBUG neutron.api.extensions [None req-1c68cd9c-7b0a-4726-a6e8-8e4a8b095e2d None None] Extended resource: security-groups {{(pid=104302) __init__ /opt/stack/neutron/neutron/api/extensions.py:156}}
Apr 16 11:35:30.674449 np0000166664 devstack@neutron-api.service[104300]: DEBUG oslo_concurrency.processutils [None req-d3f57f79-5fb0-4a35-ab37-7285a7176c5b None None] CMD "ovsdb-client transact ssl:199.19.213.18:6641 --timeout 180 -p /opt/stack/data/CA/int-ca/private/devstack-cert.key -c /opt/stack/data/CA/int-ca/devstack-cert.crt -C /opt/stack/data/CA/int-ca/ca-chain.pem ["OVN_Northbound", {"op": "wait", "timeout": 0, "table": "Port_Group", "where": [["name", "==", "neutron_pg_drop"]], "until": "==", "rows": []}, {"op": "insert", "table": "ACL", "row": {"action": "drop", "direction": "to-lport", "match": "outport == @neutron_pg_drop && ip", "priority": 1001}, "uuid-name": "droptoport"}, {"op": "insert", "table": "ACL", "row": {"action": "drop", "direction": "from-lport", "match": "inport == @neutron_pg_drop && ip", "priority": 1001}, "uuid-name": "dropfromport"}, {"op": "insert", "table": "Port_Group", "row": {"name": "neutron_pg_drop", "acls": ["set", [["named-uuid", "droptoport"], ["named-uuid", "dropfromport"]]]}}]" returned: 0 in 0.037s {{(pid=104300) execute /opt/stack/data/venv/lib/python3.12/site-packages/oslo_concurrency/processutils.py:468}}
Apr 16 11:35:30.674634 np0000166664 devstack@neutron-api.service[104302]: DEBUG neutron.api.extensions [None req-1c68cd9c-7b0a-4726-a6e8-8e4a8b095e2d None None] Extended resource: security-group-rules {{(pid=104302) __init__ /opt/stack/neutron/neutron/api/extensions.py:156}}
Apr 16 11:35:30.675190 np0000166664 devstack@neutron-api.service[104300]: DEBUG neutron_lib.callbacks.manager [None req-d3f57f79-5fb0-4a35-ab37-7285a7176c5b None None] Publish callbacks ['neutron.plugins.ml2.drivers.ovn.mech_driver.mech_driver.OVNMechanismDriver.post_fork_initialize-378267', 'neutron.services.ovn_l3.plugin.OVNL3RouterPlugin._post_fork_initialize-8087033'] for process (None), after_init {{(pid=104300) _notify_loop /opt/stack/data/venv/lib/python3.12/site-packages/neutron_lib/callbacks/manager.py:184}}
Apr 16 11:35:30.675313 np0000166664 devstack@neutron-api.service[104302]: DEBUG neutron.api.extensions [None req-1c68cd9c-7b0a-4726-a6e8-8e4a8b095e2d None None] Extended resource: service-providers {{(pid=104302) __init__ /opt/stack/neutron/neutron/api/extensions.py:156}}
Apr 16 11:35:30.675738 np0000166664 devstack@neutron-api.service[104302]: DEBUG neutron.api.extensions [None req-1c68cd9c-7b0a-4726-a6e8-8e4a8b095e2d None None] Extended resource: subnetpools {{(pid=104302) __init__ /opt/stack/neutron/neutron/api/extensions.py:156}}
Apr 16 11:35:30.675788 np0000166664 devstack@neutron-api.service[104300]: DEBUG oslo_concurrency.lockutils [None req-d3f57f79-5fb0-4a35-ab37-7285a7176c5b None None] Acquiring lock "singleton_lock" {{(pid=104300) lock /opt/stack/data/venv/lib/python3.12/site-packages/oslo_concurrency/lockutils.py:390}}
Apr 16 11:35:30.675951 np0000166664 devstack@neutron-api.service[104300]: DEBUG oslo_concurrency.lockutils [None req-d3f57f79-5fb0-4a35-ab37-7285a7176c5b None None] Acquired lock "singleton_lock" {{(pid=104300) lock /opt/stack/data/venv/lib/python3.12/site-packages/oslo_concurrency/lockutils.py:393}}
Apr 16 11:35:30.676442 np0000166664 devstack@neutron-api.service[104302]: DEBUG neutron.api.extensions [None req-1c68cd9c-7b0a-4726-a6e8-8e4a8b095e2d None None] Extended resource: tags {{(pid=104302) __init__ /opt/stack/neutron/neutron/api/extensions.py:156}}
Apr 16 11:35:30.676492 np0000166664 devstack@neutron-api.service[104300]: DEBUG oslo_concurrency.lockutils [None req-d3f57f79-5fb0-4a35-ab37-7285a7176c5b None None] Releasing lock "singleton_lock" {{(pid=104300) lock /opt/stack/data/venv/lib/python3.12/site-packages/oslo_concurrency/lockutils.py:413}}
Apr 16 11:35:30.677228 np0000166664 devstack@neutron-api.service[104302]: DEBUG neutron.api.extensions [None req-1c68cd9c-7b0a-4726-a6e8-8e4a8b095e2d None None] Extended resource: tags {{(pid=104302) __init__ /opt/stack/neutron/neutron/api/extensions.py:156}}
Apr 16 11:35:30.678077 np0000166664 devstack@neutron-api.service[104302]: DEBUG neutron.api.extensions [None req-1c68cd9c-7b0a-4726-a6e8-8e4a8b095e2d None None] Extended resource: tags {{(pid=104302) __init__ /opt/stack/neutron/neutron/api/extensions.py:156}}
Apr 16 11:35:30.679194 np0000166664 devstack@neutron-api.service[104302]: DEBUG neutron.api.extensions [None req-1c68cd9c-7b0a-4726-a6e8-8e4a8b095e2d None None] Extended resource: tags {{(pid=104302) __init__ /opt/stack/neutron/neutron/api/extensions.py:156}}
Apr 16 11:35:30.679982 np0000166664 devstack@neutron-api.service[104300]: DEBUG neutron.plugins.ml2.drivers.ovn.mech_driver.mech_driver [None req-d3f57f79-5fb0-4a35-ab37-7285a7176c5b None None] Hash Ring setup using WSGI start time 2026-04-16 11:35:23+00:00 {{(pid=104300) _init_hash_ring /opt/stack/neutron/neutron/plugins/ml2/drivers/ovn/mech_driver/mech_driver.py:402}}
Apr 16 11:35:30.680043 np0000166664 devstack@neutron-api.service[104302]: DEBUG neutron.api.extensions [None req-1c68cd9c-7b0a-4726-a6e8-8e4a8b095e2d None None] Extended resource: tags {{(pid=104302) __init__ /opt/stack/neutron/neutron/api/extensions.py:156}}
Apr 16 11:35:30.680882 np0000166664 devstack@neutron-api.service[104302]: DEBUG neutron.api.extensions [None req-1c68cd9c-7b0a-4726-a6e8-8e4a8b095e2d None None] Extended resource: tags {{(pid=104302) __init__ /opt/stack/neutron/neutron/api/extensions.py:156}}
Apr 16 11:35:30.681697 np0000166664 devstack@neutron-api.service[104302]: DEBUG neutron.api.extensions [None req-1c68cd9c-7b0a-4726-a6e8-8e4a8b095e2d None None] Extended resource: tags {{(pid=104302) __init__ /opt/stack/neutron/neutron/api/extensions.py:156}}
Apr 16 11:35:30.682275 np0000166664 devstack@neutron-api.service[104299]: DEBUG oslo_concurrency.processutils [None req-cc9764e0-ab06-49a4-bf8e-ab4015a64102 None None] CMD "ovsdb-client transact ssl:199.19.213.18:6641 --timeout 180 -p /opt/stack/data/CA/int-ca/private/devstack-cert.key -c /opt/stack/data/CA/int-ca/devstack-cert.crt -C /opt/stack/data/CA/int-ca/ca-chain.pem ["OVN_Northbound", {"op": "wait", "timeout": 0, "table": "Port_Group", "where": [["name", "==", "neutron_pg_drop"]], "until": "==", "rows": []}, {"op": "insert", "table": "ACL", "row": {"action": "drop", "direction": "to-lport", "match": "outport == @neutron_pg_drop && ip", "priority": 1001}, "uuid-name": "droptoport"}, {"op": "insert", "table": "ACL", "row": {"action": "drop", "direction": "from-lport", "match": "inport == @neutron_pg_drop && ip", "priority": 1001}, "uuid-name": "dropfromport"}, {"op": "insert", "table": "Port_Group", "row": {"name": "neutron_pg_drop", "acls": ["set", [["named-uuid", "droptoport"], ["named-uuid", "dropfromport"]]]}}]" returned: 0 in 0.036s {{(pid=104299) execute /opt/stack/data/venv/lib/python3.12/site-packages/oslo_concurrency/processutils.py:468}}
Apr 16 11:35:30.682527 np0000166664 devstack@neutron-api.service[104302]: DEBUG neutron.api.extensions [None req-1c68cd9c-7b0a-4726-a6e8-8e4a8b095e2d None None] Extended resource: tags {{(pid=104302) __init__ /opt/stack/neutron/neutron/api/extensions.py:156}}
Apr 16 11:35:30.682659 np0000166664 devstack@neutron-api.service[104299]: DEBUG neutron_lib.callbacks.manager [None req-cc9764e0-ab06-49a4-bf8e-ab4015a64102 None None] Publish callbacks ['neutron.plugins.ml2.drivers.ovn.mech_driver.mech_driver.OVNMechanismDriver.post_fork_initialize-367906', 'neutron.services.ovn_l3.plugin.OVNL3RouterPlugin._post_fork_initialize-103141'] for process (None), after_init {{(pid=104299) _notify_loop /opt/stack/data/venv/lib/python3.12/site-packages/neutron_lib/callbacks/manager.py:184}}
Apr 16 11:35:30.683051 np0000166664 devstack@neutron-api.service[104299]: DEBUG oslo_concurrency.lockutils [None req-cc9764e0-ab06-49a4-bf8e-ab4015a64102 None None] Acquiring lock "singleton_lock" {{(pid=104299) lock /opt/stack/data/venv/lib/python3.12/site-packages/oslo_concurrency/lockutils.py:390}}
Apr 16 11:35:30.683164 np0000166664 devstack@neutron-api.service[104299]: DEBUG oslo_concurrency.lockutils [None req-cc9764e0-ab06-49a4-bf8e-ab4015a64102 None None] Acquired lock "singleton_lock" {{(pid=104299) lock /opt/stack/data/venv/lib/python3.12/site-packages/oslo_concurrency/lockutils.py:393}}
Apr 16 11:35:30.683333 np0000166664 devstack@neutron-api.service[104302]: DEBUG neutron.api.extensions [None req-1c68cd9c-7b0a-4726-a6e8-8e4a8b095e2d None None] Extended resource: tags {{(pid=104302) __init__ /opt/stack/neutron/neutron/api/extensions.py:156}}
Apr 16 11:35:30.683386 np0000166664 devstack@neutron-api.service[104299]: DEBUG oslo_concurrency.lockutils [None req-cc9764e0-ab06-49a4-bf8e-ab4015a64102 None None] Releasing lock "singleton_lock" {{(pid=104299) lock /opt/stack/data/venv/lib/python3.12/site-packages/oslo_concurrency/lockutils.py:413}}
Apr 16 11:35:30.684255 np0000166664 devstack@neutron-api.service[104302]: DEBUG neutron.api.extensions [None req-1c68cd9c-7b0a-4726-a6e8-8e4a8b095e2d None None] Extended resource: tags {{(pid=104302) __init__ /opt/stack/neutron/neutron/api/extensions.py:156}}
Apr 16 11:35:30.685250 np0000166664 devstack@neutron-api.service[104299]: DEBUG neutron.plugins.ml2.drivers.ovn.mech_driver.mech_driver [None req-cc9764e0-ab06-49a4-bf8e-ab4015a64102 None None] Hash Ring setup using WSGI start time 2026-04-16 11:35:23+00:00 {{(pid=104299) _init_hash_ring /opt/stack/neutron/neutron/plugins/ml2/drivers/ovn/mech_driver/mech_driver.py:402}}
Apr 16 11:35:30.686736 np0000166664 devstack@neutron-api.service[104300]: INFO neutron.db.ovn_hash_ring_db [None req-d3f57f79-5fb0-4a35-ab37-7285a7176c5b None None] Nodes from host "np0000166664" and group "mechanism_driver" removed from the Hash Ring created at 2026-04-16 11:35:23+00:00
Apr 16 11:35:30.688082 np0000166664 devstack@neutron-api.service[104302]: WARNING keystonemiddleware.auth_token [None req-1c68cd9c-7b0a-4726-a6e8-8e4a8b095e2d None None] AuthToken middleware is set with keystone_authtoken.service_token_roles_required set to False. This is backwards compatible but deprecated behaviour. Please set this to True.
Apr 16 11:35:30.689496 np0000166664 devstack@neutron-api.service[104300]: INFO neutron.db.ovn_hash_ring_db [None req-d3f57f79-5fb0-4a35-ab37-7285a7176c5b None None] Node 70d70ee2f0525df6a7c4be752f48aa0b from host "np0000166664" and group "mechanism_driver" added to the Hash Ring
Apr 16 11:35:30.692493 np0000166664 devstack@neutron-api.service[104300]: DEBUG neutron.plugins.ml2.drivers.ovn.mech_driver.mech_driver [None req-d3f57f79-5fb0-4a35-ab37-7285a7176c5b None None] Hash Ring setup, this worker has detected 2 OVN hash ring registers in the database {{(pid=104300) _init_hash_ring /opt/stack/neutron/neutron/plugins/ml2/drivers/ovn/mech_driver/mech_driver.py:412}}
Apr 16 11:35:30.695471 np0000166664 devstack@neutron-api.service[104302]: DEBUG neutron_lib.callbacks.manager [None req-1c68cd9c-7b0a-4726-a6e8-8e4a8b095e2d None None] Publish callbacks ['neutron.plugins.ml2.drivers.ovn.mech_driver.mech_driver.OVNMechanismDriver.pre_fork_initialize-409996'] for process (None), before_spawn {{(pid=104302) _notify_loop /opt/stack/data/venv/lib/python3.12/site-packages/neutron_lib/callbacks/manager.py:184}}
Apr 16 11:35:30.695934 np0000166664 devstack@neutron-api.service[104302]: DEBUG oslo_concurrency.processutils [None req-1c68cd9c-7b0a-4726-a6e8-8e4a8b095e2d None None] Running cmd (subprocess): ovsdb-client transact ssl:199.19.213.18:6641 --timeout 180 -p /opt/stack/data/CA/int-ca/private/devstack-cert.key -c /opt/stack/data/CA/int-ca/devstack-cert.crt -C /opt/stack/data/CA/int-ca/ca-chain.pem ["OVN_Northbound", {"op": "wait", "timeout": 0, "table": "Port_Group", "where": [["name", "==", "neutron_pg_drop"]], "until": "==", "rows": []}, {"op": "insert", "table": "ACL", "row": {"action": "drop", "direction": "to-lport", "match": "outport == @neutron_pg_drop && ip", "priority": 1001}, "uuid-name": "droptoport"}, {"op": "insert", "table": "ACL", "row": {"action": "drop", "direction": "from-lport", "match": "inport == @neutron_pg_drop && ip", "priority": 1001}, "uuid-name": "dropfromport"}, {"op": "insert", "table": "Port_Group", "row": {"name": "neutron_pg_drop", "acls": ["set", [["named-uuid", "droptoport"], ["named-uuid", "dropfromport"]]]}}] {{(pid=104302) execute /opt/stack/data/venv/lib/python3.12/site-packages/oslo_concurrency/processutils.py:440}}
Apr 16 11:35:30.698844 np0000166664 devstack@neutron-api.service[104299]: INFO neutron.db.ovn_hash_ring_db [None req-cc9764e0-ab06-49a4-bf8e-ab4015a64102 None None] Nodes from host "np0000166664" and group "mechanism_driver" removed from the Hash Ring created at 2026-04-16 11:35:23+00:00
Apr 16 11:35:30.699506 np0000166664 devstack@neutron-api.service[104300]: DEBUG neutron.plugins.ml2.drivers.ovn.mech_driver.ovsdb.maintenance [None req-d3f57f79-5fb0-4a35-ab37-7285a7176c5b None None] Periodic task found: HashRingHealthCheckPeriodics.touch_hash_ring_node {{(pid=104300) add_periodics /opt/stack/neutron/neutron/plugins/ml2/drivers/ovn/mech_driver/ovsdb/maintenance.py:148}}
Apr 16 11:35:30.700835 np0000166664 devstack@neutron-api.service[104300]: INFO neutron.plugins.ml2.drivers.ovn.mech_driver.mech_driver [None req-d3f57f79-5fb0-4a35-ab37-7285a7176c5b None None] Hash Ring probing thread for node 70d70ee2f0525df6a7c4be752f48aa0b has started
Apr 16 11:35:30.701522 np0000166664 devstack@neutron-api.service[104300]: INFO neutron.plugins.ml2.drivers.ovn.mech_driver.ovsdb.impl_idl_ovn [None req-d3f57f79-5fb0-4a35-ab37-7285a7176c5b None None] Getting OvsdbNbOvnIdl for WorkerService with retry
Apr 16 11:35:30.703967 np0000166664 devstack@neutron-api.service[104299]: INFO neutron.db.ovn_hash_ring_db [None req-cc9764e0-ab06-49a4-bf8e-ab4015a64102 None None] Node 5b6277e3109c5933ba55f441a3c4a9c3 from host "np0000166664" and group "mechanism_driver" added to the Hash Ring
Apr 16 11:35:30.710501 np0000166664 devstack@neutron-api.service[104299]: DEBUG neutron.plugins.ml2.drivers.ovn.mech_driver.mech_driver [None req-cc9764e0-ab06-49a4-bf8e-ab4015a64102 None None] Hash Ring setup, this worker has detected 3 OVN hash ring registers in the database {{(pid=104299) _init_hash_ring /opt/stack/neutron/neutron/plugins/ml2/drivers/ovn/mech_driver/mech_driver.py:412}}
Apr 16 11:35:30.716340 np0000166664 devstack@neutron-api.service[104299]: DEBUG neutron.plugins.ml2.drivers.ovn.mech_driver.ovsdb.maintenance [None req-cc9764e0-ab06-49a4-bf8e-ab4015a64102 None None] Periodic task found: HashRingHealthCheckPeriodics.touch_hash_ring_node {{(pid=104299) add_periodics /opt/stack/neutron/neutron/plugins/ml2/drivers/ovn/mech_driver/ovsdb/maintenance.py:148}}
Apr 16 11:35:30.717953 np0000166664 devstack@neutron-api.service[104299]: INFO neutron.plugins.ml2.drivers.ovn.mech_driver.mech_driver [None req-cc9764e0-ab06-49a4-bf8e-ab4015a64102 None None] Hash Ring probing thread for node 5b6277e3109c5933ba55f441a3c4a9c3 has started
Apr 16 11:35:30.718780 np0000166664 devstack@neutron-api.service[104299]: INFO neutron.plugins.ml2.drivers.ovn.mech_driver.ovsdb.impl_idl_ovn [None req-cc9764e0-ab06-49a4-bf8e-ab4015a64102 None None] Getting OvsdbNbOvnIdl for WorkerService with retry
Apr 16 11:35:30.749151 np0000166664 devstack@neutron-api.service[104300]: DEBUG ovsdbapp.backend.ovs_idl [None req-d3f57f79-5fb0-4a35-ab37-7285a7176c5b None None] Created lookup_table index Logical_Switch.name {{(pid=104300) autocreate_indices /opt/stack/data/venv/lib/python3.12/site-packages/ovsdbapp/backend/ovs_idl/__init__.py:87}}
Apr 16 11:35:30.749351 np0000166664 devstack@neutron-api.service[104300]: DEBUG ovsdbapp.backend.ovs_idl [None req-d3f57f79-5fb0-4a35-ab37-7285a7176c5b None None] Created lookup_table index Logical_Router.name {{(pid=104300) autocreate_indices /opt/stack/data/venv/lib/python3.12/site-packages/ovsdbapp/backend/ovs_idl/__init__.py:87}}
Apr 16 11:35:30.749456 np0000166664 devstack@neutron-api.service[104300]: DEBUG ovsdbapp.backend.ovs_idl [None req-d3f57f79-5fb0-4a35-ab37-7285a7176c5b None None] Created lookup_table index Load_Balancer.name {{(pid=104300) autocreate_indices /opt/stack/data/venv/lib/python3.12/site-packages/ovsdbapp/backend/ovs_idl/__init__.py:87}}
Apr 16 11:35:30.749649 np0000166664 devstack@neutron-api.service[104300]: DEBUG ovsdbapp.backend.ovs_idl [None req-d3f57f79-5fb0-4a35-ab37-7285a7176c5b None None] Created schema index Copp.name {{(pid=104300) autocreate_indices /opt/stack/data/venv/lib/python3.12/site-packages/ovsdbapp/backend/ovs_idl/__init__.py:106}}
Apr 16 11:35:30.749717 np0000166664 devstack@neutron-api.service[104300]: DEBUG ovsdbapp.backend.ovs_idl [None req-d3f57f79-5fb0-4a35-ab37-7285a7176c5b None None] Created schema index Meter.name {{(pid=104300) autocreate_indices /opt/stack/data/venv/lib/python3.12/site-packages/ovsdbapp/backend/ovs_idl/__init__.py:106}}
Apr 16 11:35:30.749823 np0000166664 devstack@neutron-api.service[104300]: DEBUG ovsdbapp.backend.ovs_idl [None req-d3f57f79-5fb0-4a35-ab37-7285a7176c5b None None] Created schema index Load_Balancer_Group.name {{(pid=104300) autocreate_indices /opt/stack/data/venv/lib/python3.12/site-packages/ovsdbapp/backend/ovs_idl/__init__.py:106}}
Apr 16 11:35:30.751092 np0000166664 devstack@neutron-api.service[104300]: DEBUG ovsdbapp.backend.ovs_idl [None req-d3f57f79-5fb0-4a35-ab37-7285a7176c5b None None] Created schema index HA_Chassis_Group.name {{(pid=104300) autocreate_indices /opt/stack/data/venv/lib/python3.12/site-packages/ovsdbapp/backend/ovs_idl/__init__.py:106}}
Apr 16 11:35:30.751092 np0000166664 devstack@neutron-api.service[104300]: DEBUG ovsdbapp.backend.ovs_idl [None req-d3f57f79-5fb0-4a35-ab37-7285a7176c5b None None] Created schema index Address_Set.name {{(pid=104300) autocreate_indices /opt/stack/data/venv/lib/python3.12/site-packages/ovsdbapp/backend/ovs_idl/__init__.py:106}}
Apr 16 11:35:30.751092 np0000166664 devstack@neutron-api.service[104300]: DEBUG ovsdbapp.backend.ovs_idl [None req-d3f57f79-5fb0-4a35-ab37-7285a7176c5b None None] Created schema index Connection.target {{(pid=104300) autocreate_indices /opt/stack/data/venv/lib/python3.12/site-packages/ovsdbapp/backend/ovs_idl/__init__.py:106}}
Apr 16 11:35:30.751092 np0000166664 devstack@neutron-api.service[104300]: DEBUG ovsdbapp.backend.ovs_idl [None req-d3f57f79-5fb0-4a35-ab37-7285a7176c5b None None] Created schema index Gateway_Chassis.name {{(pid=104300) autocreate_indices /opt/stack/data/venv/lib/python3.12/site-packages/ovsdbapp/backend/ovs_idl/__init__.py:106}}
Apr 16 11:35:30.751092 np0000166664 devstack@neutron-api.service[104300]: DEBUG ovsdbapp.backend.ovs_idl [None req-d3f57f79-5fb0-4a35-ab37-7285a7176c5b None None] Created schema index Mirror.name {{(pid=104300) autocreate_indices /opt/stack/data/venv/lib/python3.12/site-packages/ovsdbapp/backend/ovs_idl/__init__.py:106}}
Apr 16 11:35:30.751092 np0000166664 devstack@neutron-api.service[104300]: DEBUG ovsdbapp.backend.ovs_idl [None req-d3f57f79-5fb0-4a35-ab37-7285a7176c5b None None] Created schema index Chassis_Template_Var.chassis {{(pid=104300) autocreate_indices /opt/stack/data/venv/lib/python3.12/site-packages/ovsdbapp/backend/ovs_idl/__init__.py:106}}
Apr 16 11:35:30.751404 np0000166664 devstack@neutron-api.service[104300]: DEBUG ovsdbapp.backend.ovs_idl [None req-d3f57f79-5fb0-4a35-ab37-7285a7176c5b None None] Created schema index Logical_Router_Port.name {{(pid=104300) autocreate_indices /opt/stack/data/venv/lib/python3.12/site-packages/ovsdbapp/backend/ovs_idl/__init__.py:106}}
Apr 16 11:35:30.751404 np0000166664 devstack@neutron-api.service[104300]: DEBUG ovsdbapp.backend.ovs_idl [None req-d3f57f79-5fb0-4a35-ab37-7285a7176c5b None None] Created schema index Port_Group.name {{(pid=104300) autocreate_indices /opt/stack/data/venv/lib/python3.12/site-packages/ovsdbapp/backend/ovs_idl/__init__.py:106}}
Apr 16 11:35:30.751404 np0000166664 devstack@neutron-api.service[104300]: DEBUG ovsdbapp.backend.ovs_idl [None req-d3f57f79-5fb0-4a35-ab37-7285a7176c5b None None] Created schema index Logical_Switch_Port.name {{(pid=104300) autocreate_indices /opt/stack/data/venv/lib/python3.12/site-packages/ovsdbapp/backend/ovs_idl/__init__.py:106}}
Apr 16 11:35:30.753557 np0000166664 devstack@neutron-api.service[104300]: INFO ovsdbapp.backend.ovs_idl.vlog [None req-d3f57f79-5fb0-4a35-ab37-7285a7176c5b None None] ssl:199.19.213.18:6641: connecting...
Apr 16 11:35:30.754279 np0000166664 devstack@neutron-api.service[104302]: DEBUG oslo_concurrency.processutils [None req-1c68cd9c-7b0a-4726-a6e8-8e4a8b095e2d None None] CMD "ovsdb-client transact ssl:199.19.213.18:6641 --timeout 180 -p /opt/stack/data/CA/int-ca/private/devstack-cert.key -c /opt/stack/data/CA/int-ca/devstack-cert.crt -C /opt/stack/data/CA/int-ca/ca-chain.pem ["OVN_Northbound", {"op": "wait", "timeout": 0, "table": "Port_Group", "where": [["name", "==", "neutron_pg_drop"]], "until": "==", "rows": []}, {"op": "insert", "table": "ACL", "row": {"action": "drop", "direction": "to-lport", "match": "outport == @neutron_pg_drop && ip", "priority": 1001}, "uuid-name": "droptoport"}, {"op": "insert", "table": "ACL", "row": {"action": "drop", "direction": "from-lport", "match": "inport == @neutron_pg_drop && ip", "priority": 1001}, "uuid-name": "dropfromport"}, {"op": "insert", "table": "Port_Group", "row": {"name": "neutron_pg_drop", "acls": ["set", [["named-uuid", "droptoport"], ["named-uuid", "dropfromport"]]]}}]" returned: 0 in 0.058s {{(pid=104302) execute /opt/stack/data/venv/lib/python3.12/site-packages/oslo_concurrency/processutils.py:468}}
Apr 16 11:35:30.754911 np0000166664 devstack@neutron-api.service[104302]: DEBUG neutron_lib.callbacks.manager [None req-1c68cd9c-7b0a-4726-a6e8-8e4a8b095e2d None None] Publish callbacks ['neutron.plugins.ml2.drivers.ovn.mech_driver.mech_driver.OVNMechanismDriver.post_fork_initialize-410068', 'neutron.services.ovn_l3.plugin.OVNL3RouterPlugin._post_fork_initialize-106449'] for process (None), after_init {{(pid=104302) _notify_loop /opt/stack/data/venv/lib/python3.12/site-packages/neutron_lib/callbacks/manager.py:184}}
Apr 16 11:35:30.755647 np0000166664 devstack@neutron-api.service[104302]: DEBUG oslo_concurrency.lockutils [None req-1c68cd9c-7b0a-4726-a6e8-8e4a8b095e2d None None] Acquiring lock "singleton_lock" {{(pid=104302) lock /opt/stack/data/venv/lib/python3.12/site-packages/oslo_concurrency/lockutils.py:390}}
Apr 16 11:35:30.755953 np0000166664 devstack@neutron-api.service[104302]: DEBUG oslo_concurrency.lockutils [None req-1c68cd9c-7b0a-4726-a6e8-8e4a8b095e2d None None] Acquired lock "singleton_lock" {{(pid=104302) lock /opt/stack/data/venv/lib/python3.12/site-packages/oslo_concurrency/lockutils.py:393}}
Apr 16 11:35:30.756339 np0000166664 devstack@neutron-api.service[104302]: DEBUG oslo_concurrency.lockutils [None req-1c68cd9c-7b0a-4726-a6e8-8e4a8b095e2d None None] Releasing lock "singleton_lock" {{(pid=104302) lock /opt/stack/data/venv/lib/python3.12/site-packages/oslo_concurrency/lockutils.py:413}}
Apr 16 11:35:30.758632 np0000166664 devstack@neutron-api.service[104302]: DEBUG neutron.plugins.ml2.drivers.ovn.mech_driver.mech_driver [None req-1c68cd9c-7b0a-4726-a6e8-8e4a8b095e2d None None] Hash Ring setup using WSGI start time 2026-04-16 11:35:23+00:00 {{(pid=104302) _init_hash_ring /opt/stack/neutron/neutron/plugins/ml2/drivers/ovn/mech_driver/mech_driver.py:402}}
Apr 16 11:35:30.758848 np0000166664 devstack@neutron-api.service[104300]: INFO ovsdbapp.backend.ovs_idl.vlog [None req-d3f57f79-5fb0-4a35-ab37-7285a7176c5b None None] ssl:199.19.213.18:6641: connected
Apr 16 11:35:30.765325 np0000166664 devstack@neutron-api.service[104302]: INFO neutron.db.ovn_hash_ring_db [None req-1c68cd9c-7b0a-4726-a6e8-8e4a8b095e2d None None] Nodes from host "np0000166664" and group "mechanism_driver" removed from the Hash Ring created at 2026-04-16 11:35:23+00:00
Apr 16 11:35:30.768208 np0000166664 devstack@neutron-api.service[104302]: INFO neutron.db.ovn_hash_ring_db [None req-1c68cd9c-7b0a-4726-a6e8-8e4a8b095e2d None None] Node 6b67a3f8d4ba58a5ad8536e75e7fc9f2 from host "np0000166664" and group "mechanism_driver" added to the Hash Ring
Apr 16 11:35:30.770352 np0000166664 devstack@neutron-api.service[104299]: DEBUG ovsdbapp.backend.ovs_idl [None req-cc9764e0-ab06-49a4-bf8e-ab4015a64102 None None] Created lookup_table index Logical_Switch.name {{(pid=104299) autocreate_indices /opt/stack/data/venv/lib/python3.12/site-packages/ovsdbapp/backend/ovs_idl/__init__.py:87}}
Apr 16 11:35:30.770458 np0000166664 devstack@neutron-api.service[104299]: DEBUG ovsdbapp.backend.ovs_idl [None req-cc9764e0-ab06-49a4-bf8e-ab4015a64102 None None] Created lookup_table index Logical_Router.name {{(pid=104299) autocreate_indices /opt/stack/data/venv/lib/python3.12/site-packages/ovsdbapp/backend/ovs_idl/__init__.py:87}}
Apr 16 11:35:30.770558 np0000166664 devstack@neutron-api.service[104299]: DEBUG ovsdbapp.backend.ovs_idl [None req-cc9764e0-ab06-49a4-bf8e-ab4015a64102 None None] Created lookup_table index Load_Balancer.name {{(pid=104299) autocreate_indices /opt/stack/data/venv/lib/python3.12/site-packages/ovsdbapp/backend/ovs_idl/__init__.py:87}}
Apr 16 11:35:30.770657 np0000166664 devstack@neutron-api.service[104299]: DEBUG ovsdbapp.backend.ovs_idl [None req-cc9764e0-ab06-49a4-bf8e-ab4015a64102 None None] Created schema index Copp.name {{(pid=104299) autocreate_indices /opt/stack/data/venv/lib/python3.12/site-packages/ovsdbapp/backend/ovs_idl/__init__.py:106}}
Apr 16 11:35:30.770886 np0000166664 devstack@neutron-api.service[104299]: DEBUG ovsdbapp.backend.ovs_idl [None req-cc9764e0-ab06-49a4-bf8e-ab4015a64102 None None] Created schema index Meter.name {{(pid=104299) autocreate_indices /opt/stack/data/venv/lib/python3.12/site-packages/ovsdbapp/backend/ovs_idl/__init__.py:106}}
Apr 16 11:35:30.771061 np0000166664 devstack@neutron-api.service[104302]: DEBUG neutron.plugins.ml2.drivers.ovn.mech_driver.mech_driver [None req-1c68cd9c-7b0a-4726-a6e8-8e4a8b095e2d None None] Hash Ring setup, this worker has detected 4 OVN hash ring registers in the database {{(pid=104302) _init_hash_ring /opt/stack/neutron/neutron/plugins/ml2/drivers/ovn/mech_driver/mech_driver.py:412}}
Apr 16 11:35:30.771111 np0000166664 devstack@neutron-api.service[104299]: DEBUG ovsdbapp.backend.ovs_idl [None req-cc9764e0-ab06-49a4-bf8e-ab4015a64102 None None] Created schema index Load_Balancer_Group.name {{(pid=104299) autocreate_indices /opt/stack/data/venv/lib/python3.12/site-packages/ovsdbapp/backend/ovs_idl/__init__.py:106}}
Apr 16 11:35:30.771111 np0000166664 devstack@neutron-api.service[104299]: DEBUG ovsdbapp.backend.ovs_idl [None req-cc9764e0-ab06-49a4-bf8e-ab4015a64102 None None] Created schema index HA_Chassis_Group.name {{(pid=104299) autocreate_indices /opt/stack/data/venv/lib/python3.12/site-packages/ovsdbapp/backend/ovs_idl/__init__.py:106}}
Apr 16 11:35:30.771194 np0000166664 devstack@neutron-api.service[104299]: DEBUG ovsdbapp.backend.ovs_idl [None req-cc9764e0-ab06-49a4-bf8e-ab4015a64102 None None] Created schema index Address_Set.name {{(pid=104299) autocreate_indices /opt/stack/data/venv/lib/python3.12/site-packages/ovsdbapp/backend/ovs_idl/__init__.py:106}}
Apr 16 11:35:30.771335 np0000166664 devstack@neutron-api.service[104299]: DEBUG ovsdbapp.backend.ovs_idl [None req-cc9764e0-ab06-49a4-bf8e-ab4015a64102 None None] Created schema index Connection.target {{(pid=104299) autocreate_indices /opt/stack/data/venv/lib/python3.12/site-packages/ovsdbapp/backend/ovs_idl/__init__.py:106}}
Apr 16 11:35:30.771380 np0000166664 devstack@neutron-api.service[104299]: DEBUG ovsdbapp.backend.ovs_idl [None req-cc9764e0-ab06-49a4-bf8e-ab4015a64102 None None] Created schema index Gateway_Chassis.name {{(pid=104299) autocreate_indices /opt/stack/data/venv/lib/python3.12/site-packages/ovsdbapp/backend/ovs_idl/__init__.py:106}}
Apr 16 11:35:30.771491 np0000166664 devstack@neutron-api.service[104299]: DEBUG ovsdbapp.backend.ovs_idl [None req-cc9764e0-ab06-49a4-bf8e-ab4015a64102 None None] Created schema index Mirror.name {{(pid=104299) autocreate_indices /opt/stack/data/venv/lib/python3.12/site-packages/ovsdbapp/backend/ovs_idl/__init__.py:106}}
Apr 16 11:35:30.771581 np0000166664 devstack@neutron-api.service[104299]: DEBUG ovsdbapp.backend.ovs_idl [None req-cc9764e0-ab06-49a4-bf8e-ab4015a64102 None None] Created schema index Chassis_Template_Var.chassis {{(pid=104299) autocreate_indices /opt/stack/data/venv/lib/python3.12/site-packages/ovsdbapp/backend/ovs_idl/__init__.py:106}}
Apr 16 11:35:30.771656 np0000166664 devstack@neutron-api.service[104299]: DEBUG ovsdbapp.backend.ovs_idl [None req-cc9764e0-ab06-49a4-bf8e-ab4015a64102 None None] Created schema index Logical_Router_Port.name {{(pid=104299) autocreate_indices /opt/stack/data/venv/lib/python3.12/site-packages/ovsdbapp/backend/ovs_idl/__init__.py:106}}
Apr 16 11:35:30.771807 np0000166664 devstack@neutron-api.service[104299]: DEBUG ovsdbapp.backend.ovs_idl [None req-cc9764e0-ab06-49a4-bf8e-ab4015a64102 None None] Created schema index Port_Group.name {{(pid=104299) autocreate_indices /opt/stack/data/venv/lib/python3.12/site-packages/ovsdbapp/backend/ovs_idl/__init__.py:106}}
Apr 16 11:35:30.772131 np0000166664 devstack@neutron-api.service[104299]: DEBUG ovsdbapp.backend.ovs_idl [None req-cc9764e0-ab06-49a4-bf8e-ab4015a64102 None None] Created schema index Logical_Switch_Port.name {{(pid=104299) autocreate_indices /opt/stack/data/venv/lib/python3.12/site-packages/ovsdbapp/backend/ovs_idl/__init__.py:106}}
Apr 16 11:35:30.775532 np0000166664 devstack@neutron-api.service[104299]: INFO ovsdbapp.backend.ovs_idl.vlog [None req-cc9764e0-ab06-49a4-bf8e-ab4015a64102 None None] ssl:199.19.213.18:6641: connecting...
Apr 16 11:35:30.776127 np0000166664 devstack@neutron-api.service[104302]: DEBUG neutron.plugins.ml2.drivers.ovn.mech_driver.ovsdb.maintenance [None req-1c68cd9c-7b0a-4726-a6e8-8e4a8b095e2d None None] Periodic task found: HashRingHealthCheckPeriodics.touch_hash_ring_node {{(pid=104302) add_periodics /opt/stack/neutron/neutron/plugins/ml2/drivers/ovn/mech_driver/ovsdb/maintenance.py:148}}
Apr 16 11:35:30.777622 np0000166664 devstack@neutron-api.service[104302]: INFO neutron.plugins.ml2.drivers.ovn.mech_driver.mech_driver [None req-1c68cd9c-7b0a-4726-a6e8-8e4a8b095e2d None None] Hash Ring probing thread for node 6b67a3f8d4ba58a5ad8536e75e7fc9f2 has started
Apr 16 11:35:30.778533 np0000166664 devstack@neutron-api.service[104302]: INFO neutron.plugins.ml2.drivers.ovn.mech_driver.ovsdb.impl_idl_ovn [None req-1c68cd9c-7b0a-4726-a6e8-8e4a8b095e2d None None] Getting OvsdbNbOvnIdl for WorkerService with retry
Apr 16 11:35:30.781195 np0000166664 devstack@neutron-api.service[104299]: INFO ovsdbapp.backend.ovs_idl.vlog [None req-cc9764e0-ab06-49a4-bf8e-ab4015a64102 None None] ssl:199.19.213.18:6641: connected
Apr 16 11:35:30.789990 np0000166664 devstack@neutron-api.service[104300]: DEBUG neutron.common.ovn.hash_ring_manager [None req-d3f57f79-5fb0-4a35-ab37-7285a7176c5b None None] Allow caching, nodes 4>=4 {{(pid=104300) _wait_startup_before_caching /opt/stack/neutron/neutron/common/ovn/hash_ring_manager.py:65}}
Apr 16 11:35:30.795670 np0000166664 devstack@neutron-api.service[104300]: DEBUG neutron.common.ovn.hash_ring_manager [None req-d3f57f79-5fb0-4a35-ab37-7285a7176c5b None None] Hash Ring loaded. 4 active nodes. 0 offline nodes {{(pid=104300) _load_hash_ring /opt/stack/neutron/neutron/common/ovn/hash_ring_manager.py:102}}
Apr 16 11:35:30.795845 np0000166664 devstack@neutron-api.service[104300]: DEBUG neutron.plugins.ml2.drivers.ovn.mech_driver.ovsdb.ovsdb_monitor [None req-d3f57f79-5fb0-4a35-ab37-7285a7176c5b None None] Hash Ring: Node 70d70ee2f0525df6a7c4be752f48aa0b (host: np0000166664) handling event "create" for row 1172e15b-78db-45bc-90b0-2870ff4c4dbe (table: ACL) {{(pid=104300) notify /opt/stack/neutron/neutron/plugins/ml2/drivers/ovn/mech_driver/ovsdb/ovsdb_monitor.py:914}}
Apr 16 11:35:30.796074 np0000166664 devstack@neutron-api.service[104300]: DEBUG neutron.plugins.ml2.drivers.ovn.mech_driver.ovsdb.ovsdb_monitor [None req-d3f57f79-5fb0-4a35-ab37-7285a7176c5b None None] Hash Ring: Node 70d70ee2f0525df6a7c4be752f48aa0b (host: np0000166664) handling event "create" for row 91f30af0-992c-487a-80fb-c43fc7d10e9c (table: Connection) {{(pid=104300) notify /opt/stack/neutron/neutron/plugins/ml2/drivers/ovn/mech_driver/ovsdb/ovsdb_monitor.py:914}}
Apr 16 11:35:30.797099 np0000166664 devstack@neutron-api.service[104300]: INFO neutron.plugins.ml2.drivers.ovn.mech_driver.ovsdb.impl_idl_ovn [None req-d3f57f79-5fb0-4a35-ab37-7285a7176c5b None None] Getting OvsdbSbOvnIdl for WorkerService with retry
Apr 16 11:35:30.812916 np0000166664 devstack@neutron-api.service[104299]: DEBUG neutron.common.ovn.hash_ring_manager [None req-cc9764e0-ab06-49a4-bf8e-ab4015a64102 None None] Allow caching, nodes 4>=4 {{(pid=104299) _wait_startup_before_caching /opt/stack/neutron/neutron/common/ovn/hash_ring_manager.py:65}}
Apr 16 11:35:30.819822 np0000166664 devstack@neutron-api.service[104299]: DEBUG neutron.common.ovn.hash_ring_manager [None req-cc9764e0-ab06-49a4-bf8e-ab4015a64102 None None] Hash Ring loaded. 4 active nodes. 0 offline nodes {{(pid=104299) _load_hash_ring /opt/stack/neutron/neutron/common/ovn/hash_ring_manager.py:102}}
Apr 16 11:35:30.820229 np0000166664 devstack@neutron-api.service[104299]: DEBUG neutron.plugins.ml2.drivers.ovn.mech_driver.ovsdb.ovsdb_monitor [None req-cc9764e0-ab06-49a4-bf8e-ab4015a64102 None None] Hash Ring: Node 5b6277e3109c5933ba55f441a3c4a9c3 (host: np0000166664) handling event "create" for row a3bb03e9-069e-4082-a002-4d61c95a88df (table: NB_Global) {{(pid=104299) notify /opt/stack/neutron/neutron/plugins/ml2/drivers/ovn/mech_driver/ovsdb/ovsdb_monitor.py:914}}
Apr 16 11:35:30.820516 np0000166664 devstack@neutron-api.service[104299]: DEBUG neutron.plugins.ml2.drivers.ovn.mech_driver.ovsdb.ovsdb_monitor [None req-cc9764e0-ab06-49a4-bf8e-ab4015a64102 None None] Hash Ring: Node 5b6277e3109c5933ba55f441a3c4a9c3 (host: np0000166664) handling event "create" for row 980e0d6f-3ad0-42a8-926d-50bb414a78ff (table: SSL) {{(pid=104299) notify /opt/stack/neutron/neutron/plugins/ml2/drivers/ovn/mech_driver/ovsdb/ovsdb_monitor.py:914}}
Apr 16 11:35:30.821718 np0000166664 devstack@neutron-api.service[104299]: INFO neutron.plugins.ml2.drivers.ovn.mech_driver.ovsdb.impl_idl_ovn [None req-cc9764e0-ab06-49a4-bf8e-ab4015a64102 None None] Getting OvsdbSbOvnIdl for WorkerService with retry
Apr 16 11:35:30.829812 np0000166664 devstack@neutron-api.service[104300]: DEBUG ovsdbapp.backend.ovs_idl [None req-d3f57f79-5fb0-4a35-ab37-7285a7176c5b None None] Created lookup_table index Chassis.name {{(pid=104300) autocreate_indices /opt/stack/data/venv/lib/python3.12/site-packages/ovsdbapp/backend/ovs_idl/__init__.py:87}}
Apr 16 11:35:30.829865 np0000166664 devstack@neutron-api.service[104300]: DEBUG ovsdbapp.backend.ovs_idl [None req-d3f57f79-5fb0-4a35-ab37-7285a7176c5b None None] Created lookup_table index Port_Binding.logical_port {{(pid=104300) autocreate_indices /opt/stack/data/venv/lib/python3.12/site-packages/ovsdbapp/backend/ovs_idl/__init__.py:87}}
Apr 16 11:35:30.830151 np0000166664 devstack@neutron-api.service[104300]: DEBUG ovsdbapp.backend.ovs_idl [None req-d3f57f79-5fb0-4a35-ab37-7285a7176c5b None None] Created schema index Chassis_Private.name {{(pid=104300) autocreate_indices /opt/stack/data/venv/lib/python3.12/site-packages/ovsdbapp/backend/ovs_idl/__init__.py:106}}
Apr 16 11:35:30.830151 np0000166664 devstack@neutron-api.service[104300]: DEBUG ovsdbapp.backend.ovs_idl [None req-d3f57f79-5fb0-4a35-ab37-7285a7176c5b None None] Created schema index Datapath_Binding.tunnel_key {{(pid=104300) autocreate_indices /opt/stack/data/venv/lib/python3.12/site-packages/ovsdbapp/backend/ovs_idl/__init__.py:106}}
Apr 16 11:35:30.831890 np0000166664 devstack@neutron-api.service[104300]: INFO ovsdbapp.backend.ovs_idl.vlog [None req-d3f57f79-5fb0-4a35-ab37-7285a7176c5b None None] ssl:199.19.213.18:6642: connecting...
Apr 16 11:35:30.837831 np0000166664 devstack@neutron-api.service[104300]: INFO ovsdbapp.backend.ovs_idl.vlog [None req-d3f57f79-5fb0-4a35-ab37-7285a7176c5b None None] ssl:199.19.213.18:6642: connected
Apr 16 11:35:30.842977 np0000166664 devstack@neutron-api.service[104302]: DEBUG ovsdbapp.backend.ovs_idl [None req-1c68cd9c-7b0a-4726-a6e8-8e4a8b095e2d None None] Created lookup_table index Logical_Switch.name {{(pid=104302) autocreate_indices /opt/stack/data/venv/lib/python3.12/site-packages/ovsdbapp/backend/ovs_idl/__init__.py:87}}
Apr 16 11:35:30.843128 np0000166664 devstack@neutron-api.service[104302]: DEBUG ovsdbapp.backend.ovs_idl [None req-1c68cd9c-7b0a-4726-a6e8-8e4a8b095e2d None None] Created lookup_table index Logical_Router.name {{(pid=104302) autocreate_indices /opt/stack/data/venv/lib/python3.12/site-packages/ovsdbapp/backend/ovs_idl/__init__.py:87}}
Apr 16 11:35:30.843199 np0000166664 devstack@neutron-api.service[104302]: DEBUG ovsdbapp.backend.ovs_idl [None req-1c68cd9c-7b0a-4726-a6e8-8e4a8b095e2d None None] Created lookup_table index Load_Balancer.name {{(pid=104302) autocreate_indices /opt/stack/data/venv/lib/python3.12/site-packages/ovsdbapp/backend/ovs_idl/__init__.py:87}}
Apr 16 11:35:30.843319 np0000166664 devstack@neutron-api.service[104302]: DEBUG ovsdbapp.backend.ovs_idl [None req-1c68cd9c-7b0a-4726-a6e8-8e4a8b095e2d None None] Created schema index Copp.name {{(pid=104302) autocreate_indices /opt/stack/data/venv/lib/python3.12/site-packages/ovsdbapp/backend/ovs_idl/__init__.py:106}}
Apr 16 11:35:30.843408 np0000166664 devstack@neutron-api.service[104302]: DEBUG ovsdbapp.backend.ovs_idl [None req-1c68cd9c-7b0a-4726-a6e8-8e4a8b095e2d None None] Created schema index Meter.name {{(pid=104302) autocreate_indices /opt/stack/data/venv/lib/python3.12/site-packages/ovsdbapp/backend/ovs_idl/__init__.py:106}}
Apr 16 11:35:30.843511 np0000166664 devstack@neutron-api.service[104302]: DEBUG ovsdbapp.backend.ovs_idl [None req-1c68cd9c-7b0a-4726-a6e8-8e4a8b095e2d None None] Created schema index Load_Balancer_Group.name {{(pid=104302) autocreate_indices /opt/stack/data/venv/lib/python3.12/site-packages/ovsdbapp/backend/ovs_idl/__init__.py:106}}
Apr 16 11:35:30.843607 np0000166664 devstack@neutron-api.service[104302]: DEBUG ovsdbapp.backend.ovs_idl [None req-1c68cd9c-7b0a-4726-a6e8-8e4a8b095e2d None None] Created schema index HA_Chassis_Group.name {{(pid=104302) autocreate_indices /opt/stack/data/venv/lib/python3.12/site-packages/ovsdbapp/backend/ovs_idl/__init__.py:106}}
Apr 16 11:35:30.843734 np0000166664 devstack@neutron-api.service[104302]: DEBUG ovsdbapp.backend.ovs_idl [None req-1c68cd9c-7b0a-4726-a6e8-8e4a8b095e2d None None] Created schema index Address_Set.name {{(pid=104302) autocreate_indices /opt/stack/data/venv/lib/python3.12/site-packages/ovsdbapp/backend/ovs_idl/__init__.py:106}}
