+ COMMAND=start + start + for KEYSTONE_WSGI_SCRIPT in keystone-wsgi-public ++ type -p keystone-wsgi-public + cp -a /var/lib/openstack/bin/keystone-wsgi-public /var/www/cgi-bin/keystone/ + '[' -f /etc/apache2/envvars ']' + source /etc/apache2/envvars ++ unset HOME ++ '[' '' '!=' '' ']' ++ SUFFIX= ++ export APACHE_RUN_USER=www-data ++ APACHE_RUN_USER=www-data ++ export APACHE_RUN_GROUP=www-data ++ APACHE_RUN_GROUP=www-data ++ export APACHE_PID_FILE=/var/run/apache2/apache2.pid ++ APACHE_PID_FILE=/var/run/apache2/apache2.pid ++ export APACHE_RUN_DIR=/var/run/apache2 ++ APACHE_RUN_DIR=/var/run/apache2 ++ export APACHE_LOCK_DIR=/var/lock/apache2 ++ APACHE_LOCK_DIR=/var/lock/apache2 ++ export APACHE_LOG_DIR=/var/log/apache2 ++ APACHE_LOG_DIR=/var/log/apache2 ++ export LANG=C ++ LANG=C ++ export LANG + '[' -f /var/run/apache2/apache2.pid ']' + exec apache2 -DFOREGROUND AH00558: apache2: Could not reliably determine the server's fully qualified domain name, using 10.0.0.214. Set the 'ServerName' directive globally to suppress this message AH00558: apache2: Could not reliably determine the server's fully qualified domain name, using 10.0.0.214. Set the 'ServerName' directive globally to suppress this message
[Fri Jul 03 03:31:28.666191 2026] [mpm_event:notice] [pid 1:tid 139716117870464] AH00489: Apache/2.4.58 (Ubuntu) mod_wsgi/5.0.0 Python/3.12 configured -- resuming normal operations
[Fri Jul 03 03:31:28.666332 2026] [core:notice] [pid 1:tid 139716117870464] AH00094: Command line: 'apache2 -D FOREGROUND'
[Fri Jul 03 03:32:27.781189 2026] [wsgi:error] [pid 12:tid 139715481097920] /var/lib/openstack/lib/python3.12/site-packages/oslo_utils/importutils.py:77: EventletDeprecationWarning:
[Fri Jul 03 03:32:27.781226 2026] [wsgi:error] [pid 12:tid 139715481097920] Eventlet is deprecated. It is currently being maintained in bugfix mode, and
[Fri Jul 03 03:32:27.781228 2026] [wsgi:error] [pid 12:tid 139715481097920] we strongly recommend against using it for new projects.
[Fri Jul 03 03:32:27.781230 2026] [wsgi:error] [pid 12:tid 139715481097920]
[Fri Jul 03 03:32:27.781231 2026] [wsgi:error] [pid 12:tid 139715481097920] If you are already using Eventlet, we recommend migrating to a different
[Fri Jul 03 03:32:27.781232 2026] [wsgi:error] [pid 12:tid 139715481097920] framework. For more detail see
[Fri Jul 03 03:32:27.781233 2026] [wsgi:error] [pid 12:tid 139715481097920] https://eventlet.readthedocs.io/en/latest/asyncio/migration.html
[Fri Jul 03 03:32:27.781234 2026] [wsgi:error] [pid 12:tid 139715481097920]
[Fri Jul 03 03:32:27.781235 2026] [wsgi:error] [pid 12:tid 139715481097920] __import__(import_str)
[Fri Jul 03 03:32:27.792387 2026] [wsgi:error] [pid 10:tid 139715481097920] /var/lib/openstack/lib/python3.12/site-packages/oslo_utils/importutils.py:77: EventletDeprecationWarning:
[Fri Jul 03 03:32:27.792430 2026] [wsgi:error] [pid 10:tid 139715481097920] Eventlet is deprecated. It is currently being maintained in bugfix mode, and
[Fri Jul 03 03:32:27.792432 2026] [wsgi:error] [pid 10:tid 139715481097920] we strongly recommend against using it for new projects.
[Fri Jul 03 03:32:27.792433 2026] [wsgi:error] [pid 10:tid 139715481097920]
[Fri Jul 03 03:32:27.792435 2026] [wsgi:error] [pid 10:tid 139715481097920] If you are already using Eventlet, we recommend migrating to a different
[Fri Jul 03 03:32:27.792436 2026] [wsgi:error] [pid 10:tid 139715481097920] framework. For more detail see
[Fri Jul 03 03:32:27.792438 2026] [wsgi:error] [pid 10:tid 139715481097920] https://eventlet.readthedocs.io/en/latest/asyncio/migration.html
[Fri Jul 03 03:32:27.792440 2026] [wsgi:error] [pid 10:tid 139715481097920]
[Fri Jul 03 03:32:27.792441 2026] [wsgi:error] [pid 10:tid 139715481097920] __import__(import_str) 10.0.0.121 - - [03/Jul/2026:03:32:26 +0000] "GET /v3/ HTTP/1.1" 200 250 10.0.0.121 - - [03/Jul/2026:03:32:26 +0000] "GET /v3/ HTTP/1.1" 200 250
[Fri Jul 03 03:32:40.735812 2026] [wsgi:error] [pid 11:tid 139715481097920] /var/lib/openstack/lib/python3.12/site-packages/oslo_utils/importutils.py:77: EventletDeprecationWarning:
[Fri Jul 03 03:32:40.735851 2026] [wsgi:error] [pid 11:tid 139715481097920] Eventlet is deprecated. It is currently being maintained in bugfix mode, and
[Fri Jul 03 03:32:40.735853 2026] [wsgi:error] [pid 11:tid 139715481097920] we strongly recommend against using it for new projects.
[Fri Jul 03 03:32:40.735854 2026] [wsgi:error] [pid 11:tid 139715481097920]
[Fri Jul 03 03:32:40.735855 2026] [wsgi:error] [pid 11:tid 139715481097920] If you are already using Eventlet, we recommend migrating to a different
[Fri Jul 03 03:32:40.735856 2026] [wsgi:error] [pid 11:tid 139715481097920] framework. For more detail see
[Fri Jul 03 03:32:40.735858 2026] [wsgi:error] [pid 11:tid 139715481097920] https://eventlet.readthedocs.io/en/latest/asyncio/migration.html
[Fri Jul 03 03:32:40.735859 2026] [wsgi:error] [pid 11:tid 139715481097920]
[Fri Jul 03 03:32:40.735860 2026] [wsgi:error] [pid 11:tid 139715481097920] __import__(import_str) 10.0.0.131 - - [03/Jul/2026:03:32:39 +0000] "GET / HTTP/1.1" 300 295
[Fri Jul 03 03:32:45.974225 2026] [wsgi:error] [pid 9:tid 139715481097920] /var/lib/openstack/lib/python3.12/site-packages/oslo_utils/importutils.py:77: EventletDeprecationWarning:
[Fri Jul 03 03:32:45.974262 2026] [wsgi:error] [pid 9:tid 139715481097920] Eventlet is deprecated. It is currently being maintained in bugfix mode, and
[Fri Jul 03 03:32:45.974264 2026] [wsgi:error] [pid 9:tid 139715481097920] we strongly recommend against using it for new projects.
[Fri Jul 03 03:32:45.974265 2026] [wsgi:error] [pid 9:tid 139715481097920]
[Fri Jul 03 03:32:45.974266 2026] [wsgi:error] [pid 9:tid 139715481097920] If you are already using Eventlet, we recommend migrating to a different
[Fri Jul 03 03:32:45.974267 2026] [wsgi:error] [pid 9:tid 139715481097920] framework. For more detail see
[Fri Jul 03 03:32:45.974269 2026] [wsgi:error] [pid 9:tid 139715481097920] https://eventlet.readthedocs.io/en/latest/asyncio/migration.html
[Fri Jul 03 03:32:45.974270 2026] [wsgi:error] [pid 9:tid 139715481097920]
[Fri Jul 03 03:32:45.974271 2026] [wsgi:error] [pid 9:tid 139715481097920] __import__(import_str)
[Fri Jul 03 03:32:50.675941 2026] [wsgi:error] [pid 9:tid 139715481097920] [remote 10.0.0.131:60224] 2026-07-03 03:32:50.670 9 WARNING keystone.identity.core [None req-62597ac0-146e-4c9f-9684-f7f6a2eaa610 - - - - - -] Invalid domain name (atmosphere) found in config file name: keystone.exception.DomainNotFound: Could not find domain: atmosphere.
[Fri Jul 03 03:32:50.731961 2026] [wsgi:error] [pid 9:tid 139715481097920] [remote 10.0.0.131:60224] 2026-07-03 03:32:50.731 9 WARNING keystone.common.password_hashing [None req-62597ac0-146e-4c9f-9684-f7f6a2eaa610 - - - - - -] Truncating password to algorithm specific maximum length 72 characters.
[Fri Jul 03 03:32:51.017044 2026] [wsgi:error] [pid 9:tid 139715481097920] [remote 10.0.0.131:60224] 2026-07-03 03:32:51.016 9 WARNING keystone.common.fernet_utils [None req-62597ac0-146e-4c9f-9684-f7f6a2eaa610 - - - - - -] key_repository is world readable: /etc/keystone/fernet-keys/ 10.0.0.131 - - [03/Jul/2026:03:32:45 +0000] "POST /v3/auth/tokens HTTP/1.1" 201 1360
[Fri Jul 03 03:32:51.391077 2026] [wsgi:error] [pid 12:tid 139715481097920] [remote 10.0.0.131:60224] 2026-07-03 03:32:51.388 12 WARNING keystone.identity.core [None req-bca24c2f-c865-4f22-9399-020e452b8a2a - - - - - -] Invalid domain name (atmosphere) found in config file name: keystone.exception.DomainNotFound: Could not find domain: atmosphere. 10.0.0.131 - - [03/Jul/2026:03:32:51 +0000] "POST /v3/domains HTTP/1.1" 201 261 10.0.0.244 - - [03/Jul/2026:03:33:04 +0000] "GET / HTTP/1.1" 300 295
[Fri Jul 03 03:33:04.401149 2026] [wsgi:error] [pid 11:tid 139715481097920] [remote 10.0.0.244:46532] 2026-07-03 03:33:04.400 11 WARNING keystone.common.password_hashing [None req-12f093ad-99b7-4c4a-b33d-a8cea88289de - - - - - -] Truncating password to algorithm specific maximum length 72 characters.
[Fri Jul 03 03:33:04.677659 2026] [wsgi:error] [pid 11:tid 139715481097920] [remote 10.0.0.244:46532] 2026-07-03 03:33:04.676 11 WARNING keystone.common.fernet_utils [None req-12f093ad-99b7-4c4a-b33d-a8cea88289de - - - - - -] key_repository is world readable: /etc/keystone/fernet-keys/ 10.0.0.244 - - [03/Jul/2026:03:33:04 +0000] "POST /v3/auth/tokens HTTP/1.1" 201 1360 10.0.0.244 - - [03/Jul/2026:03:33:04 +0000] "GET /v3/roles/admin HTTP/1.1" 404 83
[Fri Jul 03 03:33:04.957803 2026] [wsgi:error] [pid 12:tid 139715481097920] [remote 10.0.0.244:46532] 2026-07-03 03:33:04.957 12 WARNING keystone.common.rbac_enforcer.enforcer [None req-94627b02-a785-4141-909e-0716cb64b282 885508f905424643b3f129489acc00ba c41c13d1934540929d7ad63f2eed8935 - - default default] Deprecated policy rules found. Use oslopolicy-policy-generator and oslopolicy-policy-upgrade to detect and resolve deprecated policies in your configuration. 10.0.0.244 - - [03/Jul/2026:03:33:04 +0000] "GET /v3/roles?name=admin HTTP/1.1" 200 389
[Fri Jul 03 03:33:05.492778 2026] [wsgi:error] [pid 10:tid 139715481097920] [remote 10.0.0.244:46532] 2026-07-03 03:33:05.492 10 WARNING keystone.common.rbac_enforcer.enforcer [None req-9cf92c0d-ffe4-4d7d-a4f0-406c3b99a724 885508f905424643b3f129489acc00ba c41c13d1934540929d7ad63f2eed8935 - - default default] Deprecated policy rules found. Use oslopolicy-policy-generator and oslopolicy-policy-upgrade to detect and resolve deprecated policies in your configuration. 10.0.0.244 - - [03/Jul/2026:03:33:05 +0000] "GET /v3/users/admin-RegionOne HTTP/1.1" 404 93
[Fri Jul 03 03:33:05.658206 2026] [wsgi:error] [pid 11:tid 139715481097920] [remote 10.0.0.244:46532] 2026-07-03 03:33:05.657 11 WARNING keystone.common.rbac_enforcer.enforcer [None req-227ea7dd-d0d7-43de-88ee-7cd399abe642 885508f905424643b3f129489acc00ba c41c13d1934540929d7ad63f2eed8935 - - default default] Deprecated policy rules found. Use oslopolicy-policy-generator and oslopolicy-policy-upgrade to detect and resolve deprecated policies in your configuration. 10.0.0.244 - - [03/Jul/2026:03:33:05 +0000] "GET /v3/users?name=admin-RegionOne HTTP/1.1" 200 422
[Fri Jul 03 03:33:05.824416 2026] [wsgi:error] [pid 9:tid 139715481097920] [remote 10.0.0.244:46532] 2026-07-03 03:33:05.824 9 WARNING keystone.common.rbac_enforcer.enforcer [None req-10636d09-6b49-4863-95ac-54d7145d00a6 885508f905424643b3f129489acc00ba c41c13d1934540929d7ad63f2eed8935 - - default default] Deprecated policy rules found. Use oslopolicy-policy-generator and oslopolicy-policy-upgrade to detect and resolve deprecated policies in your configuration. 10.0.0.244 - - [03/Jul/2026:03:33:05 +0000] "GET /v3/domains/default HTTP/1.1" 200 224 10.0.0.244 - - [03/Jul/2026:03:33:05 +0000] "PUT /v3/domains/default/users/885508f905424643b3f129489acc00ba/roles/75bc4f716fa24db5b34419b2c18bd7b0 HTTP/1.1" 204 - 10.0.0.121 - - [03/Jul/2026:03:33:15 +0000] "GET / HTTP/1.1" 300 281 10.0.0.121 - - [03/Jul/2026:03:33:16 +0000] "GET /v3 HTTP/1.1" 200 266
[Fri Jul 03 03:33:16.641420 2026] [wsgi:error] [pid 9:tid 139715481097920] [remote 10.0.0.121:35986] 2026-07-03 03:33:16.641 9 WARNING keystone.common.password_hashing [None req-50820559-d829-4984-96f8-a4e7eace9b56 - - - - - -] Truncating password to algorithm specific maximum length 72 characters.
[Fri Jul 03 03:33:16.916901 2026] [wsgi:error] [pid 9:tid 139715481097920] [remote 10.0.0.121:35986] 2026-07-03 03:33:16.916 9 WARNING keystone.common.fernet_utils [None req-50820559-d829-4984-96f8-a4e7eace9b56 - - - - - -] key_repository is world readable: /etc/keystone/fernet-keys/ 10.0.0.121 - - [03/Jul/2026:03:33:16 +0000] "POST /v3/auth/tokens HTTP/1.1" 201 1360 10.0.0.121 - - [03/Jul/2026:03:33:16 +0000] "GET / HTTP/1.1" 300 281 10.0.0.121 - - [03/Jul/2026:03:33:16 +0000] "GET /v3/domains/atmosphere HTTP/1.1" 404 90 10.0.0.121 - - [03/Jul/2026:03:33:17 +0000] "GET /v3/domains?name=atmosphere HTTP/1.1" 200 370 10.0.0.121 - - [03/Jul/2026:03:33:17 +0000] "GET /v3/domains/ca52bbfc37e14f81919a723e33dcca20 HTTP/1.1" 200 247 10.0.0.121 - - [03/Jul/2026:03:33:18 +0000] "GET /v3 HTTP/1.1" 200 266
[Fri Jul 03 03:33:18.093653 2026] [wsgi:error] [pid 10:tid 139715481097920] [remote 10.0.0.121:35984] 2026-07-03 03:33:18.093 10 WARNING keystone.common.password_hashing [None req-b34d6d45-7b31-4474-850f-9091b9af1079 - - - - - -] Truncating password to algorithm specific maximum length 72 characters.
[Fri Jul 03 03:33:18.383403 2026] [wsgi:error] [pid 10:tid 139715481097920] [remote 10.0.0.121:35984] 2026-07-03 03:33:18.383 10 WARNING keystone.common.fernet_utils [None req-b34d6d45-7b31-4474-850f-9091b9af1079 - - - - - -] key_repository is world readable: /etc/keystone/fernet-keys/ 10.0.0.121 - - [03/Jul/2026:03:33:18 +0000] "POST /v3/auth/tokens HTTP/1.1" 201 1360 10.0.0.121 - - [03/Jul/2026:03:33:18 +0000] "GET / HTTP/1.1" 300 281 10.0.0.121 - - [03/Jul/2026:03:33:18 +0000] "GET /v3/OS-FEDERATION/identity_providers/atmosphere HTTP/1.1" 404 101 10.0.0.121 - - [03/Jul/2026:03:33:18 +0000] "GET /v3/OS-FEDERATION/identity_providers HTTP/1.1" 200 156 10.0.0.121 - - [03/Jul/2026:03:33:18 +0000] "PUT /v3/OS-FEDERATION/identity_providers/atmosphere HTTP/1.1" 201 342 10.0.0.121 - - [03/Jul/2026:03:33:19 +0000] "GET /v3 HTTP/1.1" 200 266
[Fri Jul 03 03:33:19.283723 2026] [wsgi:error] [pid 9:tid 139715481097920] [remote 10.0.0.121:35984] 2026-07-03 03:33:19.283 9 WARNING keystone.common.password_hashing [None req-ea471ff9-e587-4a45-a4b5-02d6467df6e9 - - - - - -] Truncating password to algorithm specific maximum length 72 characters.
[Fri Jul 03 03:33:19.566181 2026] [wsgi:error] [pid 9:tid 139715481097920] [remote 10.0.0.121:35984] 2026-07-03 03:33:19.565 9 WARNING keystone.common.fernet_utils [None req-ea471ff9-e587-4a45-a4b5-02d6467df6e9 - - - - - -] key_repository is world readable: /etc/keystone/fernet-keys/ 10.0.0.121 - - [03/Jul/2026:03:33:19 +0000] "POST /v3/auth/tokens HTTP/1.1" 201 1360 10.0.0.121 - - [03/Jul/2026:03:33:19 +0000] "GET / HTTP/1.1" 300 281 10.0.0.121 - - [03/Jul/2026:03:33:19 +0000] "GET /v3/OS-FEDERATION/mappings/atmosphere-openid HTTP/1.1" 404 98 10.0.0.121 - - [03/Jul/2026:03:33:19 +0000] "GET /v3/OS-FEDERATION/mappings HTTP/1.1" 200 136 10.0.0.121 - - [03/Jul/2026:03:33:19 +0000] "PUT /v3/OS-FEDERATION/mappings/atmosphere-openid HTTP/1.1" 201 357 10.0.0.121 - - [03/Jul/2026:03:33:20 +0000] "GET /v3 HTTP/1.1" 200 266
[Fri Jul 03 03:33:20.405978 2026] [wsgi:error] [pid 10:tid 139715481097920] [remote 10.0.0.121:35984] 2026-07-03 03:33:20.405 10 WARNING keystone.common.password_hashing [None req-8c953d4d-6453-4d2e-92dc-c117660eeddf - - - - - -] Truncating password to algorithm specific maximum length 72 characters.
[Fri Jul 03 03:33:20.675794 2026] [wsgi:error] [pid 10:tid 139715481097920] [remote 10.0.0.121:35984] 2026-07-03 03:33:20.675 10 WARNING keystone.common.fernet_utils [None req-8c953d4d-6453-4d2e-92dc-c117660eeddf - - - - - -] key_repository is world readable: /etc/keystone/fernet-keys/ 10.0.0.121 - - [03/Jul/2026:03:33:20 +0000] "POST /v3/auth/tokens HTTP/1.1" 201 1360 10.0.0.121 - - [03/Jul/2026:03:33:20 +0000] "GET / HTTP/1.1" 300 281 10.0.0.121 - - [03/Jul/2026:03:33:20 +0000] "GET /v3/OS-FEDERATION/identity_providers/atmosphere/protocols/openid?idp_id=atmosphere HTTP/1.1" 404 131 10.0.0.121 - - [03/Jul/2026:03:33:20 +0000] "GET /v3/OS-FEDERATION/identity_providers/atmosphere/protocols HTTP/1.1" 200 168 10.0.0.121 - - [03/Jul/2026:03:33:20 +0000] "PUT /v3/OS-FEDERATION/identity_providers/atmosphere/protocols/openid HTTP/1.1" 201 224 10.0.0.121 - - [03/Jul/2026:03:33:26 +0000] "GET /v3/ HTTP/1.1" 200 250 10.0.0.121 - - [03/Jul/2026:03:33:26 +0000] "GET /v3/ HTTP/1.1" 200 250 10.0.0.121 - - [03/Jul/2026:03:34:26 +0000] "GET /v3/ HTTP/1.1" 200 250 10.0.0.121 - - [03/Jul/2026:03:34:26 +0000] "GET /v3/ HTTP/1.1" 200 250 10.0.0.71 - - [03/Jul/2026:03:34:42 +0000] "GET / HTTP/1.1" 300 295
[Fri Jul 03 03:34:42.073092 2026] [wsgi:error] [pid 9:tid 139715481097920] [remote 10.0.0.71:52642] 2026-07-03 03:34:42.072 9 WARNING keystone.common.password_hashing [None req-1f37a50c-fbb6-474d-91e6-3e0c538fec56 - - - - - -] Truncating password to algorithm specific maximum length 72 characters.
[Fri Jul 03 03:34:42.369904 2026] [wsgi:error] [pid 9:tid 139715481097920] [remote 10.0.0.71:52642] 2026-07-03 03:34:42.369 9 WARNING keystone.common.fernet_utils [None req-1f37a50c-fbb6-474d-91e6-3e0c538fec56 - - - - - -] key_repository is world readable: /etc/keystone/fernet-keys/ 10.0.0.71 - - [03/Jul/2026:03:34:42 +0000] "POST /v3/auth/tokens HTTP/1.1" 201 1360 10.0.0.71 - - [03/Jul/2026:03:34:42 +0000] "GET /v3/services HTTP/1.1" 200 355 10.0.0.71 - - [03/Jul/2026:03:34:46 +0000] "GET / HTTP/1.1" 300 295
[Fri Jul 03 03:34:46.057742 2026] [wsgi:error] [pid 11:tid 139715481097920] [remote 10.0.0.71:52648] 2026-07-03 03:34:46.057 11 WARNING keystone.common.password_hashing [None req-47a4b9f4-bb6c-453b-b146-56cf547873ee - - - - - -] Truncating password to algorithm specific maximum length 72 characters.
[Fri Jul 03 03:34:46.328328 2026] [wsgi:error] [pid 11:tid 139715481097920] [remote 10.0.0.71:52648] 2026-07-03 03:34:46.328 11 WARNING keystone.common.fernet_utils [None req-47a4b9f4-bb6c-453b-b146-56cf547873ee - - - - - -] key_repository is world readable: /etc/keystone/fernet-keys/ 10.0.0.71 - - [03/Jul/2026:03:34:46 +0000] "POST /v3/auth/tokens HTTP/1.1" 201 1360 10.0.0.71 - - [03/Jul/2026:03:34:46 +0000] "GET /v3/services HTTP/1.1" 200 355 10.0.0.71 - - [03/Jul/2026:03:34:49 +0000] "GET / HTTP/1.1" 300 295
[Fri Jul 03 03:34:50.027942 2026] [wsgi:error] [pid 12:tid 139715481097920] [remote 10.0.0.71:52656] 2026-07-03 03:34:50.027 12 WARNING keystone.common.password_hashing [None req-121a4e1a-afd9-4331-93ac-d2a024946c29 - - - - - -] Truncating password to algorithm specific maximum length 72 characters.
[Fri Jul 03 03:34:50.307097 2026] [wsgi:error] [pid 12:tid 139715481097920] [remote 10.0.0.71:52656] 2026-07-03 03:34:50.306 12 WARNING keystone.common.fernet_utils [None req-121a4e1a-afd9-4331-93ac-d2a024946c29 - - - - - -] key_repository is world readable: /etc/keystone/fernet-keys/ 10.0.0.71 - - [03/Jul/2026:03:34:49 +0000] "POST /v3/auth/tokens HTTP/1.1" 201 1360 10.0.0.71 - - [03/Jul/2026:03:34:50 +0000] "GET /v3/services HTTP/1.1" 200 355 10.0.0.71 - - [03/Jul/2026:03:34:53 +0000] "GET / HTTP/1.1" 300 295
[Fri Jul 03 03:34:53.921525 2026] [wsgi:error] [pid 10:tid 139715481097920] [remote 10.0.0.71:48944] 2026-07-03 03:34:53.920 10 WARNING keystone.common.password_hashing [None req-20911563-f256-4702-834e-95b0d36a654b - - - - - -] Truncating password to algorithm specific maximum length 72 characters.
[Fri Jul 03 03:34:54.196158 2026] [wsgi:error] [pid 10:tid 139715481097920] [remote 10.0.0.71:48944] 2026-07-03 03:34:54.195 10 WARNING keystone.common.fernet_utils [None req-20911563-f256-4702-834e-95b0d36a654b - - - - - -] key_repository is world readable: /etc/keystone/fernet-keys/ 10.0.0.71 - - [03/Jul/2026:03:34:53 +0000] "POST /v3/auth/tokens HTTP/1.1" 201 1360 10.0.0.71 - - [03/Jul/2026:03:34:54 +0000] "POST /v3/services HTTP/1.1" 201 296 10.0.0.198 - - [03/Jul/2026:03:35:06 +0000] "GET / HTTP/1.1" 300 295 10.0.0.198 - - [03/Jul/2026:03:35:06 +0000] "GET / HTTP/1.1" 300 295
[Fri Jul 03 03:35:06.227727 2026] [wsgi:error] [pid 12:tid 139715481097920] [remote 10.0.0.198:57532] 2026-07-03 03:35:06.227 12 WARNING keystone.common.password_hashing [None req-556d3290-824e-4473-8294-d1ead9dbcae6 - - - - - -] Truncating password to algorithm specific maximum length 72 characters.
[Fri Jul 03 03:35:06.230101 2026] [wsgi:error] [pid 10:tid 139715481097920] [remote 10.0.0.198:57530] 2026-07-03 03:35:06.229 10 WARNING keystone.common.password_hashing [None req-95dcc733-1b96-463c-997c-c82083443e39 - - - - - -] Truncating password to algorithm specific maximum length 72 characters. 10.0.0.198 - - [03/Jul/2026:03:35:06 +0000] "GET / HTTP/1.1" 300 295
[Fri Jul 03 03:35:06.256496 2026] [wsgi:error] [pid 9:tid 139715481097920] [remote 10.0.0.198:57542] 2026-07-03 03:35:06.256 9 WARNING keystone.common.password_hashing [None req-3110397a-ce75-40db-bbd3-96a3accd2b30 - - - - - -] Truncating password to algorithm specific maximum length 72 characters.
[Fri Jul 03 03:35:06.504089 2026] [wsgi:error] [pid 12:tid 139715481097920] [remote 10.0.0.198:57532] 2026-07-03 03:35:06.503 12 WARNING keystone.common.fernet_utils [None req-556d3290-824e-4473-8294-d1ead9dbcae6 - - - - - -] key_repository is world readable: /etc/keystone/fernet-keys/ 10.0.0.198 - - [03/Jul/2026:03:35:06 +0000] "POST /v3/auth/tokens HTTP/1.1" 201 1464
[Fri Jul 03 03:35:06.525514 2026] [wsgi:error] [pid 10:tid 139715481097920] [remote 10.0.0.198:57530] 2026-07-03 03:35:06.525 10 WARNING keystone.common.fernet_utils [None req-95dcc733-1b96-463c-997c-c82083443e39 - - - - - -] key_repository is world readable: /etc/keystone/fernet-keys/ 10.0.0.198 - - [03/Jul/2026:03:35:06 +0000] "POST /v3/auth/tokens HTTP/1.1" 201 1464
[Fri Jul 03 03:35:06.556512 2026] [wsgi:error] [pid 9:tid 139715481097920] [remote 10.0.0.198:57542] 2026-07-03 03:35:06.556 9 WARNING keystone.common.fernet_utils [None req-3110397a-ce75-40db-bbd3-96a3accd2b30 - - - - - -] key_repository is world readable: /etc/keystone/fernet-keys/ 10.0.0.198 - - [03/Jul/2026:03:35:06 +0000] "POST /v3/auth/tokens HTTP/1.1" 201 1464 10.0.0.198 - - [03/Jul/2026:03:35:06 +0000] "GET /v3/services HTTP/1.1" 200 639 10.0.0.198 - - [03/Jul/2026:03:35:06 +0000] "GET /v3/services HTTP/1.1" 200 639 10.0.0.198 - - [03/Jul/2026:03:35:06 +0000] "GET /v3/services HTTP/1.1" 200 639 10.0.0.198 - - [03/Jul/2026:03:35:08 +0000] "GET / HTTP/1.1" 300 295
[Fri Jul 03 03:35:08.348495 2026] [wsgi:error] [pid 11:tid 139715481097920] [remote 10.0.0.198:57550] 2026-07-03 03:35:08.348 11 WARNING keystone.common.password_hashing [None req-5ee83a04-92ed-4d7a-8a0b-743b1a65eb4c - - - - - -] Truncating password to algorithm specific maximum length 72 characters. 10.0.0.198 - - [03/Jul/2026:03:35:08 +0000] "GET / HTTP/1.1" 300 295
[Fri Jul 03 03:35:08.419253 2026] [wsgi:error] [pid 12:tid 139715481097920] [remote 10.0.0.198:57566] 2026-07-03 03:35:08.419 12 WARNING keystone.common.password_hashing [None req-e94422ad-412b-4255-b8ab-f280340446e0 - - - - - -] Truncating password to algorithm specific maximum length 72 characters. 10.0.0.198 - - [03/Jul/2026:03:35:08 +0000] "GET / HTTP/1.1" 300 295
[Fri Jul 03 03:35:08.477965 2026] [wsgi:error] [pid 10:tid 139715481097920] [remote 10.0.0.198:57570] 2026-07-03 03:35:08.477 10 WARNING keystone.common.password_hashing [None req-668233d2-bd24-4c6d-9bff-e4edc5360062 - - - - - -] Truncating password to algorithm specific maximum length 72 characters.
[Fri Jul 03 03:35:08.647419 2026] [wsgi:error] [pid 11:tid 139715481097920] [remote 10.0.0.198:57550] 2026-07-03 03:35:08.647 11 WARNING keystone.common.fernet_utils [None req-5ee83a04-92ed-4d7a-8a0b-743b1a65eb4c - - - - - -] key_repository is world readable: /etc/keystone/fernet-keys/ 10.0.0.198 - - [03/Jul/2026:03:35:08 +0000] "POST /v3/auth/tokens HTTP/1.1" 201 1464
[Fri Jul 03 03:35:08.700996 2026] [wsgi:error] [pid 12:tid 139715481097920] [remote 10.0.0.198:57566] 2026-07-03 03:35:08.700 12 WARNING keystone.common.fernet_utils [None req-e94422ad-412b-4255-b8ab-f280340446e0 - - - - - -] key_repository is world readable: /etc/keystone/fernet-keys/ 10.0.0.198 - - [03/Jul/2026:03:35:08 +0000] "POST /v3/auth/tokens HTTP/1.1" 201 1464
[Fri Jul 03 03:35:08.748834 2026] [wsgi:error] [pid 10:tid 139715481097920] [remote 10.0.0.198:57570] 2026-07-03 03:35:08.748 10 WARNING keystone.common.fernet_utils [None req-668233d2-bd24-4c6d-9bff-e4edc5360062 - - - - - -] key_repository is world readable: /etc/keystone/fernet-keys/ 10.0.0.198 - - [03/Jul/2026:03:35:08 +0000] "POST /v3/auth/tokens HTTP/1.1" 201 1464 10.0.0.198 - - [03/Jul/2026:03:35:08 +0000] "GET /v3/endpoints HTTP/1.1" 200 1227 10.0.0.198 - - [03/Jul/2026:03:35:08 +0000] "GET /v3/services/7953c599e1324df6852a55dd8bc0609c HTTP/1.1" 200 233 10.0.0.198 - - [03/Jul/2026:03:35:08 +0000] "GET /v3/services/7953c599e1324df6852a55dd8bc0609c HTTP/1.1" 200 233 10.0.0.198 - - [03/Jul/2026:03:35:08 +0000] "GET /v3/endpoints HTTP/1.1" 200 1227 10.0.0.198 - - [03/Jul/2026:03:35:08 +0000] "GET /v3/services/7953c599e1324df6852a55dd8bc0609c HTTP/1.1" 200 233 10.0.0.198 - - [03/Jul/2026:03:35:08 +0000] "GET /v3/services/7953c599e1324df6852a55dd8bc0609c HTTP/1.1" 200 233 10.0.0.198 - - [03/Jul/2026:03:35:08 +0000] "GET /v3/services/7953c599e1324df6852a55dd8bc0609c HTTP/1.1" 200 233 10.0.0.198 - - [03/Jul/2026:03:35:08 +0000] "GET /v3/endpoints HTTP/1.1" 200 1227 10.0.0.198 - - [03/Jul/2026:03:35:08 +0000] "GET /v3/services/7953c599e1324df6852a55dd8bc0609c HTTP/1.1" 200 233 10.0.0.198 - - [03/Jul/2026:03:35:08 +0000] "GET /v3/services/7953c599e1324df6852a55dd8bc0609c HTTP/1.1" 200 233 10.0.0.198 - - [03/Jul/2026:03:35:08 +0000] "GET /v3/services/7953c599e1324df6852a55dd8bc0609c HTTP/1.1" 200 233 10.0.0.198 - - [03/Jul/2026:03:35:08 +0000] "GET /v3/services/7953c599e1324df6852a55dd8bc0609c HTTP/1.1" 200 233 10.0.0.198 - - [03/Jul/2026:03:35:10 +0000] "GET / HTTP/1.1" 300 295
[Fri Jul 03 03:35:10.380443 2026] [wsgi:error] [pid 11:tid 139715481097920] [remote 10.0.0.198:57584] 2026-07-03 03:35:10.380 11 WARNING keystone.common.password_hashing [None req-fbf83823-71fb-44f9-8ff8-c52336fe296b - - - - - -] Truncating password to algorithm specific maximum length 72 characters. 10.0.0.198 - - [03/Jul/2026:03:35:10 +0000] "GET / HTTP/1.1" 300 295
[Fri Jul 03 03:35:10.540529 2026] [wsgi:error] [pid 12:tid 139715481097920] [remote 10.0.0.198:57588] 2026-07-03 03:35:10.540 12 WARNING keystone.common.password_hashing [None req-f493f143-df95-480f-a77d-7aed41f84460 - - - - - -] Truncating password to algorithm specific maximum length 72 characters.
[Fri Jul 03 03:35:10.649051 2026] [wsgi:error] [pid 11:tid 139715481097920] [remote 10.0.0.198:57584] 2026-07-03 03:35:10.648 11 WARNING keystone.common.fernet_utils [None req-fbf83823-71fb-44f9-8ff8-c52336fe296b - - - - - -] key_repository is world readable: /etc/keystone/fernet-keys/ 10.0.0.198 - - [03/Jul/2026:03:35:10 +0000] "POST /v3/auth/tokens HTTP/1.1" 201 1464 10.0.0.198 - - [03/Jul/2026:03:35:10 +0000] "GET / HTTP/1.1" 300 295
[Fri Jul 03 03:35:10.679603 2026] [wsgi:error] [pid 10:tid 139715481097920] [remote 10.0.0.198:57594] 2026-07-03 03:35:10.679 10 WARNING keystone.common.password_hashing [None req-9044e1f4-be87-477a-b3e9-b07b4cd29a14 - - - - - -] Truncating password to algorithm specific maximum length 72 characters. 10.0.0.198 - - [03/Jul/2026:03:35:10 +0000] "GET /v3/services/40ba600d55cb4743baf7059a250b2ef7 HTTP/1.1" 200 296 10.0.0.198 - - [03/Jul/2026:03:35:10 +0000] "GET /v3/regions/RegionOne HTTP/1.1" 200 173
[Fri Jul 03 03:35:10.819634 2026] [wsgi:error] [pid 12:tid 139715481097920] [remote 10.0.0.198:57588] 2026-07-03 03:35:10.819 12 WARNING keystone.common.fernet_utils [None req-f493f143-df95-480f-a77d-7aed41f84460 - - - - - -] key_repository is world readable: /etc/keystone/fernet-keys/ 10.0.0.198 - - [03/Jul/2026:03:35:10 +0000] "POST /v3/auth/tokens HTTP/1.1" 201 1464 10.0.0.198 - - [03/Jul/2026:03:35:10 +0000] "POST /v3/endpoints HTTP/1.1" 201 383
[Fri Jul 03 03:35:10.950315 2026] [wsgi:error] [pid 10:tid 139715481097920] [remote 10.0.0.198:57594] 2026-07-03 03:35:10.950 10 WARNING keystone.common.fernet_utils [None req-9044e1f4-be87-477a-b3e9-b07b4cd29a14 - - - - - -] key_repository is world readable: /etc/keystone/fernet-keys/ 10.0.0.198 - - [03/Jul/2026:03:35:10 +0000] "POST /v3/auth/tokens HTTP/1.1" 201 1644 10.0.0.198 - - [03/Jul/2026:03:35:10 +0000] "GET /v3/services/40ba600d55cb4743baf7059a250b2ef7 HTTP/1.1" 200 296 10.0.0.198 - - [03/Jul/2026:03:35:10 +0000] "GET /v3/regions/RegionOne HTTP/1.1" 200 173 10.0.0.198 - - [03/Jul/2026:03:35:10 +0000] "POST /v3/endpoints HTTP/1.1" 201 380 10.0.0.198 - - [03/Jul/2026:03:35:11 +0000] "GET /v3/services/40ba600d55cb4743baf7059a250b2ef7 HTTP/1.1" 200 296 10.0.0.198 - - [03/Jul/2026:03:35:11 +0000] "GET /v3/regions/RegionOne HTTP/1.1" 200 173 10.0.0.198 - - [03/Jul/2026:03:35:11 +0000] "POST /v3/endpoints HTTP/1.1" 201 370 10.0.0.198 - - [03/Jul/2026:03:35:12 +0000] "GET / HTTP/1.1" 300 295
[Fri Jul 03 03:35:12.507484 2026] [wsgi:error] [pid 10:tid 139715481097920] [remote 10.0.0.198:43112] 2026-07-03 03:35:12.507 10 WARNING keystone.common.password_hashing [None req-050ba434-6a7e-43d5-a849-58b36e863bc1 - - - - - -] Truncating password to algorithm specific maximum length 72 characters. 10.0.0.198 - - [03/Jul/2026:03:35:12 +0000] "GET / HTTP/1.1" 300 295
[Fri Jul 03 03:35:12.643920 2026] [wsgi:error] [pid 12:tid 139715481097920] [remote 10.0.0.198:43126] 2026-07-03 03:35:12.643 12 WARNING keystone.common.password_hashing [None req-c7a6cc7c-3bb4-4fe8-b19c-f5592cb7c37d - - - - - -] Truncating password to algorithm specific maximum length 72 characters.
[Fri Jul 03 03:35:12.782737 2026] [wsgi:error] [pid 10:tid 139715481097920] [remote 10.0.0.198:43112] 2026-07-03 03:35:12.782 10 WARNING keystone.common.fernet_utils [None req-050ba434-6a7e-43d5-a849-58b36e863bc1 - - - - - -] key_repository is world readable: /etc/keystone/fernet-keys/ 10.0.0.198 - - [03/Jul/2026:03:35:12 +0000] "GET / HTTP/1.1" 300 295 10.0.0.198 - - [03/Jul/2026:03:35:12 +0000] "POST /v3/auth/tokens HTTP/1.1" 201 1992
[Fri Jul 03 03:35:12.815137 2026] [wsgi:error] [pid 9:tid 139715481097920] [remote 10.0.0.198:43136] 2026-07-03 03:35:12.814 9 WARNING keystone.common.password_hashing [None req-38b9ba4a-e80f-4935-9dc9-85b13657697f - - - - - -] Truncating password to algorithm specific maximum length 72 characters.
[Fri Jul 03 03:35:12.929077 2026] [wsgi:error] [pid 12:tid 139715481097920] [remote 10.0.0.198:43126] 2026-07-03 03:35:12.928 12 WARNING keystone.common.fernet_utils [None req-c7a6cc7c-3bb4-4fe8-b19c-f5592cb7c37d - - - - - -] key_repository is world readable: /etc/keystone/fernet-keys/ 10.0.0.198 - - [03/Jul/2026:03:35:12 +0000] "GET /v3/endpoints/42ca67f6ae954a55afec92f8437be011 HTTP/1.1" 200 383 10.0.0.198 - - [03/Jul/2026:03:35:12 +0000] "POST /v3/auth/tokens HTTP/1.1" 201 1992 10.0.0.198 - - [03/Jul/2026:03:35:12 +0000] "GET /v3/services/40ba600d55cb4743baf7059a250b2ef7 HTTP/1.1" 200 296 10.0.0.198 - - [03/Jul/2026:03:35:13 +0000] "GET /v3/endpoints/9906adee0f3043f5a655c26f58d747cc HTTP/1.1" 200 380 10.0.0.198 - - [03/Jul/2026:03:35:13 +0000] "GET /v3/services/40ba600d55cb4743baf7059a250b2ef7 HTTP/1.1" 200 296
[Fri Jul 03 03:35:13.098428 2026] [wsgi:error] [pid 9:tid 139715481097920] [remote 10.0.0.198:43136] 2026-07-03 03:35:13.098 9 WARNING keystone.common.fernet_utils [None req-38b9ba4a-e80f-4935-9dc9-85b13657697f - - - - - -] key_repository is world readable: /etc/keystone/fernet-keys/ 10.0.0.198 - - [03/Jul/2026:03:35:12 +0000] "POST /v3/auth/tokens HTTP/1.1" 201 1992 10.0.0.198 - - [03/Jul/2026:03:35:13 +0000] "GET /v3/endpoints/7bf1964f65a54f52b2e3c64ddfb8c1c8 HTTP/1.1" 200 370 10.0.0.198 - - [03/Jul/2026:03:35:13 +0000] "GET /v3/services/40ba600d55cb4743baf7059a250b2ef7 HTTP/1.1" 200 296 10.0.0.81 - - [03/Jul/2026:03:35:23 +0000] "GET / HTTP/1.1" 300 295
[Fri Jul 03 03:35:23.240199 2026] [wsgi:error] [pid 9:tid 139715481097920] [remote 10.0.0.81:44314] 2026-07-03 03:35:23.240 9 WARNING keystone.common.password_hashing [None req-83edac54-a15e-4703-8799-514c4fac2d86 - - - - - -] Truncating password to algorithm specific maximum length 72 characters.
[Fri Jul 03 03:35:23.525599 2026] [wsgi:error] [pid 9:tid 139715481097920] [remote 10.0.0.81:44314] 2026-07-03 03:35:23.525 9 WARNING keystone.common.fernet_utils [None req-83edac54-a15e-4703-8799-514c4fac2d86 - - - - - -] key_repository is world readable: /etc/keystone/fernet-keys/ 10.0.0.81 - - [03/Jul/2026:03:35:23 +0000] "POST /v3/auth/tokens HTTP/1.1" 201 1992 10.0.0.81 - - [03/Jul/2026:03:35:23 +0000] "POST /v3/domains HTTP/1.1" 201 284 10.0.0.81 - - [03/Jul/2026:03:35:25 +0000] "GET / HTTP/1.1" 300 295
[Fri Jul 03 03:35:25.299696 2026] [wsgi:error] [pid 12:tid 139715481097920] [remote 10.0.0.81:44318] 2026-07-03 03:35:25.299 12 WARNING keystone.common.password_hashing [None req-edf4adca-088e-415b-ba87-cac1f54192c7 - - - - - -] Truncating password to algorithm specific maximum length 72 characters.
[Fri Jul 03 03:35:25.585007 2026] [wsgi:error] [pid 12:tid 139715481097920] [remote 10.0.0.81:44318] 2026-07-03 03:35:25.584 12 WARNING keystone.common.fernet_utils [None req-edf4adca-088e-415b-ba87-cac1f54192c7 - - - - - -] key_repository is world readable: /etc/keystone/fernet-keys/ 10.0.0.81 - - [03/Jul/2026:03:35:25 +0000] "POST /v3/auth/tokens HTTP/1.1" 201 1992
[Fri Jul 03 03:35:25.769540 2026] [wsgi:error] [pid 9:tid 139715481097920] [remote 10.0.0.81:44318] 2026-07-03 03:35:25.757 9 ERROR keystone.server.flask.application [None req-d5b9c207-8f80-499e-8e7d-ab47e44ee451 885508f905424643b3f129489acc00ba c41c13d1934540929d7ad63f2eed8935 - - default default] Conflict occurred attempting to store project - it is not permitted to have two projects acting as domains with the same name: service.: keystone.exception.Conflict: Conflict occurred attempting to store project - it is not permitted to have two projects acting as domains with the same name: service.
[Fri Jul 03 03:35:25.769571 2026] [wsgi:error] [pid 9:tid 139715481097920] [remote 10.0.0.81:44318] 2026-07-03 03:35:25.757 9 ERROR keystone.server.flask.application
Traceback (most recent call last):
[Fri Jul 03 03:35:25.769574 2026] [wsgi:error] [pid 9:tid 139715481097920] [remote 10.0.0.81:44318] 2026-07-03 03:35:25.757 9 ERROR keystone.server.flask.application
File "/var/lib/openstack/lib/python3.12/site-packages/sqlalchemy/engine/base.py", line 1969, in _exec_single_context
[Fri Jul 03 03:35:25.769576 2026] [wsgi:error] [pid 9:tid 139715481097920] [remote 10.0.0.81:44318] 2026-07-03 03:35:25.757 9 ERROR keystone.server.flask.application self.dialect.do_execute(
[Fri Jul 03 03:35:25.769578 2026] [wsgi:error] [pid 9:tid 139715481097920] [remote 10.0.0.81:44318] 2026-07-03 03:35:25.757 9 ERROR keystone.server.flask.application
File "/var/lib/openstack/lib/python3.12/site-packages/sqlalchemy/engine/default.py", line 952, in do_execute
[Fri Jul 03 03:35:25.769580 2026] [wsgi:error] [pid 9:tid 139715481097920] [remote 10.0.0.81:44318] 2026-07-03 03:35:25.757 9 ERROR keystone.server.flask.application cursor.execute(statement, parameters)
[Fri Jul 03 03:35:25.769582 2026] [wsgi:error] [pid 9:tid 139715481097920] [remote 10.0.0.81:44318] 2026-07-03 03:35:25.757 9 ERROR keystone.server.flask.application
File "/var/lib/openstack/lib/python3.12/site-packages/pymysql/cursors.py", line 159, in execute
[Fri Jul 03 03:35:25.769583 2026] [wsgi:error] [pid 9:tid 139715481097920] [remote 10.0.0.81:44318] 2026-07-03 03:35:25.757 9 ERROR keystone.server.flask.application result = self._query(query)
[Fri Jul 03 03:35:25.769585 2026] [wsgi:error] [pid 9:tid 139715481097920] [remote 10.0.0.81:44318] 2026-07-03 03:35:25.757 9 ERROR keystone.server.flask.application ^^^^^^^^^^^^^^^^^^
[Fri Jul 03 03:35:25.769587 2026] [wsgi:error] [pid 9:tid 139715481097920] [remote 10.0.0.81:44318] 2026-07-03 03:35:25.757 9 ERROR keystone.server.flask.application
File "/var/lib/openstack/lib/python3.12/site-packages/pymysql/cursors.py", line 330, in _query
[Fri Jul 03 03:35:25.769589 2026] [wsgi:error] [pid 9:tid 139715481097920] [remote 10.0.0.81:44318] 2026-07-03 03:35:25.757 9 ERROR keystone.server.flask.application conn.query(q)
[Fri Jul 03 03:35:25.769591 2026] [wsgi:error] [pid 9:tid 139715481097920] [remote 10.0.0.81:44318] 2026-07-03 03:35:25.757 9 ERROR keystone.server.flask.application
File "/var/lib/openstack/lib/python3.12/site-packages/pymysql/connections.py", line 582, in query
[Fri Jul 03 03:35:25.769593 2026] [wsgi:error] [pid 9:tid 139715481097920] [remote 10.0.0.81:44318] 2026-07-03 03:35:25.757 9 ERROR keystone.server.flask.application self._affected_rows = self._read_query_result(unbuffered=unbuffered)
[Fri Jul 03 03:35:25.769595 2026] [wsgi:error] [pid 9:tid 139715481097920] [remote 10.0.0.81:44318] 2026-07-03 03:35:25.757 9 ERROR keystone.server.flask.application ^^^^^^^^^^^^^^^^^^^^^^^^^^^^^^^^^^^^^^^^^^^^^^
[Fri Jul 03 03:35:25.769597 2026] [wsgi:error] [pid 9:tid 139715481097920] [remote 10.0.0.81:44318] 2026-07-03 03:35:25.757 9 ERROR keystone.server.flask.application
File "/var/lib/openstack/lib/python3.12/site-packages/pymysql/connections.py", line 847, in _read_query_result
[Fri Jul 03 03:35:25.769598 2026] [wsgi:error] [pid 9:tid 139715481097920] [remote 10.0.0.81:44318] 2026-07-03 03:35:25.757 9 ERROR keystone.server.flask.application result.read()
[Fri Jul 03 03:35:25.769600 2026] [wsgi:error] [pid 9:tid 139715481097920] [remote 10.0.0.81:44318] 2026-07-03 03:35:25.757 9 ERROR keystone.server.flask.application
File "/var/lib/openstack/lib/python3.12/site-packages/pymysql/connections.py", line 1245, in read
[Fri Jul 03 03:35:25.769602 2026] [wsgi:error] [pid 9:tid 139715481097920] [remote 10.0.0.81:44318] 2026-07-03 03:35:25.757 9 ERROR keystone.server.flask.application first_packet = self.connection._read_packet()
[Fri Jul 03 03:35:25.769604 2026] [wsgi:error] [pid 9:tid 139715481097920] [remote 10.0.0.81:44318] 2026-07-03 03:35:25.757 9 ERROR keystone.server.flask.application ^^^^^^^^^^^^^^^^^^^^^^^^^^^^^^
[Fri Jul 03 03:35:25.769605 2026] [wsgi:error] [pid 9:tid 139715481097920] [remote 10.0.0.81:44318] 2026-07-03 03:35:25.757 9 ERROR keystone.server.flask.application
File "/var/lib/openstack/lib/python3.12/site-packages/pymysql/connections.py", line 803, in _read_packet
[Fri Jul 03 03:35:25.769606 2026] [wsgi:error] [pid 9:tid 139715481097920] [remote 10.0.0.81:44318] 2026-07-03 03:35:25.757 9 ERROR keystone.server.flask.application packet.raise_for_error()
[Fri Jul 03 03:35:25.769608 2026] [wsgi:error] [pid 9:tid 139715481097920] [remote 10.0.0.81:44318] 2026-07-03 03:35:25.757 9 ERROR keystone.server.flask.application
File "/var/lib/openstack/lib/python3.12/site-packages/pymysql/protocol.py", line 219, in raise_for_error
[Fri Jul 03 03:35:25.769609 2026] [wsgi:error] [pid 9:tid 139715481097920] [remote 10.0.0.81:44318] 2026-07-03 03:35:25.757 9 ERROR keystone.server.flask.application err.raise_mysql_exception(self._data)
[Fri Jul 03 03:35:25.769611 2026] [wsgi:error] [pid 9:tid 139715481097920] [remote 10.0.0.81:44318] 2026-07-03 03:35:25.757 9 ERROR keystone.server.flask.application
File "/var/lib/openstack/lib/python3.12/site-packages/pymysql/err.py", line 154, in raise_mysql_exception
[Fri Jul 03 03:35:25.769612 2026] [wsgi:error] [pid 9:tid 139715481097920] [remote 10.0.0.81:44318] 2026-07-03 03:35:25.757 9 ERROR keystone.server.flask.application raise errorclass(errno, errval, sqlstate=sqlstate)
[Fri Jul 03 03:35:25.769614 2026] [wsgi:error] [pid 9:tid 139715481097920] [remote 10.0.0.81:44318] 2026-07-03 03:35:25.757 9 ERROR keystone.server.flask.application pymysql.err.IntegrityError: (1062, "Duplicate entry '<>-service' for key 'project.ixu_project_name_domain_id'")
[Fri Jul 03 03:35:25.769615 2026] [wsgi:error] [pid 9:tid 139715481097920] [remote 10.0.0.81:44318] 2026-07-03 03:35:25.757 9 ERROR keystone.server.flask.application
[Fri Jul 03 03:35:25.769636 2026] [wsgi:error] [pid 9:tid 139715481097920] [remote 10.0.0.81:44318] 2026-07-03 03:35:25.757 9 ERROR keystone.server.flask.application The above exception was the direct cause of the following exception:
[Fri Jul 03 03:35:25.769637 2026] [wsgi:error] [pid 9:tid 139715481097920] [remote 10.0.0.81:44318] 2026-07-03 03:35:25.757 9 ERROR keystone.server.flask.application
[Fri Jul 03 03:35:25.769639 2026] [wsgi:error] [pid 9:tid 139715481097920] [remote 10.0.0.81:44318] 2026-07-03 03:35:25.757 9 ERROR keystone.server.flask.application
Traceback (most recent call last):
[Fri Jul 03 03:35:25.769640 2026] [wsgi:error] [pid 9:tid 139715481097920] [remote 10.0.0.81:44318] 2026-07-03 03:35:25.757 9 ERROR keystone.server.flask.application
File "/var/lib/openstack/lib/python3.12/site-packages/keystone/common/sql/core.py", line 575, in wrapper
[Fri Jul 03 03:35:25.769642 2026] [wsgi:error] [pid 9:tid 139715481097920] [remote 10.0.0.81:44318] 2026-07-03 03:35:25.757 9 ERROR keystone.server.flask.application return method(*args, **kwargs)
[Fri Jul 03 03:35:25.769643 2026] [wsgi:error] [pid 9:tid 139715481097920] [remote 10.0.0.81:44318] 2026-07-03 03:35:25.757 9 ERROR keystone.server.flask.application ^^^^^^^^^^^^^^^^^^^^^^^
[Fri Jul 03 03:35:25.769645 2026] [wsgi:error] [pid 9:tid 139715481097920] [remote 10.0.0.81:44318] 2026-07-03 03:35:25.757 9 ERROR keystone.server.flask.application
File "/var/lib/openstack/lib/python3.12/site-packages/keystone/resource/backends/sql.py", line 278, in create_project
[Fri Jul 03 03:35:25.769646 2026] [wsgi:error] [pid 9:tid 139715481097920] [remote 10.0.0.81:44318] 2026-07-03 03:35:25.757 9 ERROR keystone.server.flask.application with sql.session_for_write() as session:
[Fri Jul 03 03:35:25.769648 2026] [wsgi:error] [pid 9:tid 139715481097920] [remote 10.0.0.81:44318] 2026-07-03 03:35:25.757 9 ERROR keystone.server.flask.application
File "/usr/lib/python3.12/contextlib.py", line 144, in __exit__
[Fri Jul 03 03:35:25.769650 2026] [wsgi:error] [pid 9:tid 139715481097920] [remote 10.0.0.81:44318] 2026-07-03 03:35:25.757 9 ERROR keystone.server.flask.application next(self.gen)
[Fri Jul 03 03:35:25.769651 2026] [wsgi:error] [pid 9:tid 139715481097920] [remote 10.0.0.81:44318] 2026-07-03 03:35:25.757 9 ERROR keystone.server.flask.application
File "/var/lib/openstack/lib/python3.12/site-packages/oslo_db/sqlalchemy/enginefacade.py", line 1175, in _transaction_scope
[Fri Jul 03 03:35:25.769653 2026] [wsgi:error] [pid 9:tid 139715481097920] [remote 10.0.0.81:44318] 2026-07-03 03:35:25.757 9 ERROR keystone.server.flask.application with current._produce_block(
[Fri Jul 03 03:35:25.769654 2026] [wsgi:error] [pid 9:tid 139715481097920] [remote 10.0.0.81:44318] 2026-07-03 03:35:25.757 9 ERROR keystone.server.flask.application
File "/usr/lib/python3.12/contextlib.py", line 144, in __exit__
[Fri Jul 03 03:35:25.769656 2026] [wsgi:error] [pid 9:tid 139715481097920] [remote 10.0.0.81:44318] 2026-07-03 03:35:25.757 9 ERROR keystone.server.flask.application next(self.gen)
[Fri Jul 03 03:35:25.769657 2026] [wsgi:error] [pid 9:tid 139715481097920] [remote 10.0.0.81:44318] 2026-07-03 03:35:25.757 9 ERROR keystone.server.flask.application
File "/var/lib/openstack/lib/python3.12/site-packages/oslo_db/sqlalchemy/enginefacade.py", line 837, in _session
[Fri Jul 03 03:35:25.769659 2026] [wsgi:error] [pid 9:tid 139715481097920] [remote 10.0.0.81:44318] 2026-07-03 03:35:25.757 9 ERROR keystone.server.flask.application with excutils.save_and_reraise_exception():
[Fri Jul 03 03:35:25.769660 2026] [wsgi:error] [pid 9:tid 139715481097920] [remote 10.0.0.81:44318] 2026-07-03 03:35:25.757 9 ERROR keystone.server.flask.application
File "/var/lib/openstack/lib/python3.12/site-packages/oslo_utils/excutils.py", line 266, in __exit__
[Fri Jul 03 03:35:25.769662 2026] [wsgi:error] [pid 9:tid 139715481097920] [remote 10.0.0.81:44318] 2026-07-03 03:35:25.757 9 ERROR keystone.server.flask.application self.force_reraise()
[Fri Jul 03 03:35:25.769665 2026] [wsgi:error] [pid 9:tid 139715481097920] [remote 10.0.0.81:44318] 2026-07-03 03:35:25.757 9 ERROR keystone.server.flask.application
File "/var/lib/openstack/lib/python3.12/site-packages/oslo_utils/excutils.py", line 232, in force_reraise
[Fri Jul 03 03:35:25.769667 2026] [wsgi:error] [pid 9:tid 139715481097920] [remote 10.0.0.81:44318] 2026-07-03 03:35:25.757 9 ERROR keystone.server.flask.application raise self.value
[Fri Jul 03 03:35:25.769669 2026] [wsgi:error] [pid 9:tid 139715481097920] [remote 10.0.0.81:44318] 2026-07-03 03:35:25.757 9 ERROR keystone.server.flask.application
File "/var/lib/openstack/lib/python3.12/site-packages/oslo_db/sqlalchemy/enginefacade.py", line 835, in _session
[Fri Jul 03 03:35:25.769671 2026] [wsgi:error] [pid 9:tid 139715481097920] [remote 10.0.0.81:44318] 2026-07-03 03:35:25.757 9 ERROR keystone.server.flask.application self._end_session_transaction(self.session)
[Fri Jul 03 03:35:25.769673 2026] [wsgi:error] [pid 9:tid 139715481097920] [remote 10.0.0.81:44318] 2026-07-03 03:35:25.757 9 ERROR keystone.server.flask.application
File "/var/lib/openstack/lib/python3.12/site-packages/oslo_db/sqlalchemy/enginefacade.py", line 748, in _end_session_transaction
[Fri Jul 03 03:35:25.769675 2026] [wsgi:error] [pid 9:tid 139715481097920] [remote 10.0.0.81:44318] 2026-07-03 03:35:25.757 9 ERROR keystone.server.flask.application session.commit()
[Fri Jul 03 03:35:25.769677 2026] [wsgi:error] [pid 9:tid 139715481097920] [remote 10.0.0.81:44318] 2026-07-03 03:35:25.757 9 ERROR keystone.server.flask.application
File "/var/lib/openstack/lib/python3.12/site-packages/sqlalchemy/orm/session.py", line 2034, in commit
[Fri Jul 03 03:35:25.769679 2026] [wsgi:error] [pid 9:tid 139715481097920] [remote 10.0.0.81:44318] 2026-07-03 03:35:25.757 9 ERROR keystone.server.flask.application trans.commit(_to_root=True)
[Fri Jul 03 03:35:25.769681 2026] [wsgi:error] [pid 9:tid 139715481097920] [remote 10.0.0.81:44318] 2026-07-03 03:35:25.757 9 ERROR keystone.server.flask.application File "", line 2, in commit
[Fri Jul 03 03:35:25.769683 2026] [wsgi:error] [pid 9:tid 139715481097920] [remote 10.0.0.81:44318] 2026-07-03 03:35:25.757 9 ERROR keystone.server.flask.application
File "/var/lib/openstack/lib/python3.12/site-packages/sqlalchemy/orm/state_changes.py", line 137, in _go
[Fri Jul 03 03:35:25.769686 2026] [wsgi:error] [pid 9:tid 139715481097920] [remote 10.0.0.81:44318] 2026-07-03 03:35:25.757 9 ERROR keystone.server.flask.application ret_value = fn(self, *arg, **kw)
[Fri Jul 03 03:35:25.769688 2026] [wsgi:error] [pid 9:tid 139715481097920] [remote 10.0.0.81:44318] 2026-07-03 03:35:25.757 9 ERROR keystone.server.flask.application ^^^^^^^^^^^^^^^^^^^^
[Fri Jul 03 03:35:25.769690 2026] [wsgi:error] [pid 9:tid 139715481097920] [remote 10.0.0.81:44318] 2026-07-03 03:35:25.757 9 ERROR keystone.server.flask.application
File "/var/lib/openstack/lib/python3.12/site-packages/sqlalchemy/orm/session.py", line 1315, in commit
[Fri Jul 03 03:35:25.769692 2026] [wsgi:error] [pid 9:tid 139715481097920] [remote 10.0.0.81:44318] 2026-07-03 03:35:25.757 9 ERROR keystone.server.flask.application self._prepare_impl()
[Fri Jul 03 03:35:25.769695 2026] [wsgi:error] [pid 9:tid 139715481097920] [remote 10.0.0.81:44318] 2026-07-03 03:35:25.757 9 ERROR keystone.server.flask.application File "", line 2, in _prepare_impl
[Fri Jul 03 03:35:25.769697 2026] [wsgi:error] [pid 9:tid 139715481097920] [remote 10.0.0.81:44318] 2026-07-03 03:35:25.757 9 ERROR keystone.server.flask.application
File "/var/lib/openstack/lib/python3.12/site-packages/sqlalchemy/orm/state_changes.py", line 137, in _go
[Fri Jul 03 03:35:25.769699 2026] [wsgi:error] [pid 9:tid 139715481097920] [remote 10.0.0.81:44318] 2026-07-03 03:35:25.757 9 ERROR keystone.server.flask.application ret_value = fn(self, *arg, **kw)
[Fri Jul 03 03:35:25.769701 2026] [wsgi:error] [pid 9:tid 139715481097920] [remote 10.0.0.81:44318] 2026-07-03 03:35:25.757 9 ERROR keystone.server.flask.application ^^^^^^^^^^^^^^^^^^^^
[Fri Jul 03 03:35:25.769703 2026] [wsgi:error] [pid 9:tid 139715481097920] [remote 10.0.0.81:44318] 2026-07-03 03:35:25.757 9 ERROR keystone.server.flask.application
File "/var/lib/openstack/lib/python3.12/site-packages/sqlalchemy/orm/session.py", line 1290, in _prepare_impl
[Fri Jul 03 03:35:25.769705 2026] [wsgi:error] [pid 9:tid 139715481097920] [remote 10.0.0.81:44318] 2026-07-03 03:35:25.757 9 ERROR keystone.server.flask.application self.session.flush()
[Fri Jul 03 03:35:25.769707 2026] [wsgi:error] [pid 9:tid 139715481097920] [remote 10.0.0.81:44318] 2026-07-03 03:35:25.757 9 ERROR keystone.server.flask.application
File "/var/lib/openstack/lib/python3.12/site-packages/sqlalchemy/orm/session.py", line 4352, in flush
[Fri Jul 03 03:35:25.769709 2026] [wsgi:error] [pid 9:tid 139715481097920] [remote 10.0.0.81:44318] 2026-07-03 03:35:25.757 9 ERROR keystone.server.flask.application self._flush(objects)
[Fri Jul 03 03:35:25.769711 2026] [wsgi:error] [pid 9:tid 139715481097920] [remote 10.0.0.81:44318] 2026-07-03 03:35:25.757 9 ERROR keystone.server.flask.application
File "/var/lib/openstack/lib/python3.12/site-packages/sqlalchemy/orm/session.py", line 4487, in _flush
[Fri Jul 03 03:35:25.769713 2026] [wsgi:error] [pid 9:tid 139715481097920] [remote 10.0.0.81:44318] 2026-07-03 03:35:25.757 9 ERROR keystone.server.flask.application with util.safe_reraise():
[Fri Jul 03 03:35:25.769716 2026] [wsgi:error] [pid 9:tid 139715481097920] [remote 10.0.0.81:44318] 2026-07-03 03:35:25.757 9 ERROR keystone.server.flask.application
File "/var/lib/openstack/lib/python3.12/site-packages/sqlalchemy/util/langhelpers.py", line 122, in __exit__
[Fri Jul 03 03:35:25.769718 2026] [wsgi:error] [pid 9:tid 139715481097920] [remote 10.0.0.81:44318] 2026-07-03 03:35:25.757 9 ERROR keystone.server.flask.application raise exc_value.with_traceback(exc_tb)
[Fri Jul 03 03:35:25.769720 2026] [wsgi:error] [pid 9:tid 139715481097920] [remote 10.0.0.81:44318] 2026-07-03 03:35:25.757 9 ERROR keystone.server.flask.application
File "/var/lib/openstack/lib/python3.12/site-packages/sqlalchemy/orm/session.py", line 4448, in _flush
[Fri Jul 03 03:35:25.769723 2026] [wsgi:error] [pid 9:tid 139715481097920] [remote 10.0.0.81:44318] 2026-07-03 03:35:25.757 9 ERROR keystone.server.flask.application flush_context.execute()
[Fri Jul 03 03:35:25.769725 2026] [wsgi:error] [pid 9:tid 139715481097920] [remote 10.0.0.81:44318] 2026-07-03 03:35:25.757 9 ERROR keystone.server.flask.application
File "/var/lib/openstack/lib/python3.12/site-packages/sqlalchemy/orm/unitofwork.py", line 465, in execute
[Fri Jul 03 03:35:25.769728 2026] [wsgi:error] [pid 9:tid 139715481097920] [remote 10.0.0.81:44318] 2026-07-03 03:35:25.757 9 ERROR keystone.server.flask.application rec.execute(self)
