Jul 03 00:57:27.040649 np0000184007 devstack@neutron-api.service[102107]: INFO neutron.api.extensions [None req-54065d06-bd36-4d0a-ae7f-4ef129d9f334 None None] Extension tag-ports-during-bulk-creation not supported by any of loaded plugins
Jul 03 00:57:27.040649 np0000184007 devstack@neutron-api.service[102107]: DEBUG neutron.api.extensions [None req-54065d06-bd36-4d0a-ae7f-4ef129d9f334 None None] Loading extension file: tagging.py {{(pid=102107) _load_all_extensions_from_path /opt/stack/neutron/neutron/api/extensions.py:449}}
Jul 03 00:57:27.040793 np0000184007 devstack@neutron-api.service[102109]: DEBUG neutron.api.extensions [None req-efe053cd-9722-43e0-a296-31c2113e0016 None None] Extended resource: address-groups {{(pid=102109) __init__ /opt/stack/neutron/neutron/api/extensions.py:156}}
Jul 03 00:57:27.041248 np0000184007 devstack@neutron-api.service[102109]: DEBUG neutron.api.extensions [None req-efe053cd-9722-43e0-a296-31c2113e0016 None None] Extended resource: address-scopes {{(pid=102109) __init__ /opt/stack/neutron/neutron/api/extensions.py:156}}
Jul 03 00:57:27.041688 np0000184007 devstack@neutron-api.service[102107]: DEBUG neutron.api.extensions [None req-54065d06-bd36-4d0a-ae7f-4ef129d9f334 None None] Ext name="Tag support for resources with standard attribute: port, subnet, subnetpool, network, security_group, router, floatingip, policy, trunk, network_segment_range" alias="standard-attr-tag" description="Enables to set tag on resources with standard attribute." updated="2017-01-01T00:00:00-00:00" {{(pid=102107) _check_extension /opt/stack/neutron/neutron/api/extensions.py:415}}
Jul 03 00:57:27.041823 np0000184007 devstack@neutron-api.service[102109]: DEBUG neutron.api.extensions [None req-efe053cd-9722-43e0-a296-31c2113e0016 None None] Extended resource: agents {{(pid=102109) __init__ /opt/stack/neutron/neutron/api/extensions.py:156}}
Jul 03 00:57:27.042123 np0000184007 devstack@neutron-api.service[102107]: INFO neutron.api.extensions [None req-54065d06-bd36-4d0a-ae7f-4ef129d9f334 None None] Loaded extension: standard-attr-tag
Jul 03 00:57:27.042342 np0000184007 devstack@neutron-api.service[102107]: DEBUG neutron.api.extensions [None req-54065d06-bd36-4d0a-ae7f-4ef129d9f334 None None] Loading extension file: timestamp.py {{(pid=102107) _load_all_extensions_from_path /opt/stack/neutron/neutron/api/extensions.py:449}}
Jul 03 00:57:27.042403 np0000184007 devstack@neutron-api.service[102109]: DEBUG neutron.api.extensions [None req-efe053cd-9722-43e0-a296-31c2113e0016 None None] Extended resource: auto-allocated-topology {{(pid=102109) __init__ /opt/stack/neutron/neutron/api/extensions.py:156}}
Jul 03 00:57:27.042919 np0000184007 devstack@neutron-api.service[102107]: DEBUG neutron.api.extensions [None req-54065d06-bd36-4d0a-ae7f-4ef129d9f334 None None] Ext name="Resource timestamps" alias="standard-attr-timestamp" description="Adds created_at and updated_at fields to all Neutron resources that have Neutron standard attributes." updated="2016-09-12T10:00:00-00:00" {{(pid=102107) _check_extension /opt/stack/neutron/neutron/api/extensions.py:415}}
Jul 03 00:57:27.042980 np0000184007 devstack@neutron-api.service[102109]: DEBUG neutron.api.extensions [None req-efe053cd-9722-43e0-a296-31c2113e0016 None None] Extended resource: availability_zones {{(pid=102109) __init__ /opt/stack/neutron/neutron/api/extensions.py:156}}
Jul 03 00:57:27.043039 np0000184007 devstack@neutron-api.service[102107]: INFO neutron.api.extensions [None req-54065d06-bd36-4d0a-ae7f-4ef129d9f334 None None] Loaded extension: standard-attr-timestamp
Jul 03 00:57:27.043161 np0000184007 devstack@neutron-api.service[102107]: DEBUG neutron.api.extensions [None req-54065d06-bd36-4d0a-ae7f-4ef129d9f334 None None] Loading extension file: trunk.py {{(pid=102107) _load_all_extensions_from_path /opt/stack/neutron/neutron/api/extensions.py:449}}
Jul 03 00:57:27.043513 np0000184007 devstack@neutron-api.service[102109]: DEBUG neutron.api.extensions [None req-efe053cd-9722-43e0-a296-31c2113e0016 None None] Extended resource: dhcp-networks {{(pid=102109) __init__ /opt/stack/neutron/neutron/api/extensions.py:156}}
Jul 03 00:57:27.043733 np0000184007 devstack@neutron-api.service[102107]: DEBUG neutron.api.extensions [None req-54065d06-bd36-4d0a-ae7f-4ef129d9f334 None None] Ext name="Trunk Extension" alias="trunk" description="Provides support for trunk ports" updated="2016-01-01T10:00:00-00:00" {{(pid=102107) _check_extension /opt/stack/neutron/neutron/api/extensions.py:415}}
Jul 03 00:57:27.044160 np0000184007 devstack@neutron-api.service[102107]: INFO neutron.api.extensions [None req-54065d06-bd36-4d0a-ae7f-4ef129d9f334 None None] Extension trunk not supported by any of loaded plugins
Jul 03 00:57:27.044226 np0000184007 devstack@neutron-api.service[102109]: DEBUG neutron.api.extensions [None req-efe053cd-9722-43e0-a296-31c2113e0016 None None] Extended resource: dhcp-agents {{(pid=102109) __init__ /opt/stack/neutron/neutron/api/extensions.py:156}}
Jul 03 00:57:27.044465 np0000184007 devstack@neutron-api.service[102107]: DEBUG neutron.api.extensions [None req-54065d06-bd36-4d0a-ae7f-4ef129d9f334 None None] Loading extension file: trunk_details.py {{(pid=102107) _load_all_extensions_from_path /opt/stack/neutron/neutron/api/extensions.py:449}}
Jul 03 00:57:27.044828 np0000184007 devstack@neutron-api.service[102107]: DEBUG neutron.api.extensions [None req-54065d06-bd36-4d0a-ae7f-4ef129d9f334 None None] Ext name="Trunk port details" alias="trunk-details" description="Expose trunk port details" updated="2016-01-01T10:00:00-00:00" {{(pid=102107) _check_extension /opt/stack/neutron/neutron/api/extensions.py:415}}
Jul 03 00:57:27.044890 np0000184007 devstack@neutron-api.service[102109]: DEBUG neutron.api.extensions [None req-efe053cd-9722-43e0-a296-31c2113e0016 None None] Extended resource: routers {{(pid=102109) __init__ /opt/stack/neutron/neutron/api/extensions.py:156}}
Jul 03 00:57:27.045163 np0000184007 devstack@neutron-api.service[102107]: INFO neutron.api.extensions [None req-54065d06-bd36-4d0a-ae7f-4ef129d9f334 None None] Extension trunk-details not supported by any of loaded plugins
Jul 03 00:57:27.045388 np0000184007 devstack@neutron-api.service[102107]: DEBUG neutron.api.extensions [None req-54065d06-bd36-4d0a-ae7f-4ef129d9f334 None None] Loading extension file: uplink_status_propagation.py {{(pid=102107) _load_all_extensions_from_path /opt/stack/neutron/neutron/api/extensions.py:449}}
Jul 03 00:57:27.045836 np0000184007 devstack@neutron-api.service[102109]: DEBUG neutron.api.extensions [None req-efe053cd-9722-43e0-a296-31c2113e0016 None None] Extended resource: flavors {{(pid=102109) __init__ /opt/stack/neutron/neutron/api/extensions.py:156}}
Jul 03 00:57:27.045967 np0000184007 devstack@neutron-api.service[102107]: DEBUG neutron.api.extensions [None req-54065d06-bd36-4d0a-ae7f-4ef129d9f334 None None] Ext name="Uplink status propagation extension" alias="uplink-status-propagation" description="Provides ability to propagate port uplink status." updated="2018-05-31T18:00:00-00:00" {{(pid=102107) _check_extension /opt/stack/neutron/neutron/api/extensions.py:415}}
Jul 03 00:57:27.046484 np0000184007 devstack@neutron-api.service[102107]: INFO neutron.api.extensions [None req-54065d06-bd36-4d0a-ae7f-4ef129d9f334 None None] Extension uplink-status-propagation not supported by any of loaded plugins
Jul 03 00:57:27.046484 np0000184007 devstack@neutron-api.service[102107]: DEBUG neutron.api.extensions [None req-54065d06-bd36-4d0a-ae7f-4ef129d9f334 None None] Loading extension file: uplink_status_propagation_updatable.py {{(pid=102107) _load_all_extensions_from_path /opt/stack/neutron/neutron/api/extensions.py:449}}
Jul 03 00:57:27.047012 np0000184007 devstack@neutron-api.service[102107]: DEBUG neutron.api.extensions [None req-54065d06-bd36-4d0a-ae7f-4ef129d9f334 None None] Ext name="Uplink status propagation updatable extension" alias="uplink-status-propagation-updatable" description="Provides ability to update the port uplink status." updated="2024-09-03T18:00:00-00:00" {{(pid=102107) _check_extension /opt/stack/neutron/neutron/api/extensions.py:415}}
Jul 03 00:57:27.047247 np0000184007 devstack@neutron-api.service[102109]: DEBUG neutron.api.extensions [None req-efe053cd-9722-43e0-a296-31c2113e0016 None None] Extended resource: service_profiles {{(pid=102109) __init__ /opt/stack/neutron/neutron/api/extensions.py:156}}
Jul 03 00:57:27.047416 np0000184007 devstack@neutron-api.service[102107]: INFO neutron.api.extensions [None req-54065d06-bd36-4d0a-ae7f-4ef129d9f334 None None] Extension uplink-status-propagation-updatable not supported by any of loaded plugins
Jul 03 00:57:27.047880 np0000184007 devstack@neutron-api.service[102107]: DEBUG neutron.api.extensions [None req-54065d06-bd36-4d0a-ae7f-4ef129d9f334 None None] Loading extension file: vlantransparent.py {{(pid=102107) _load_all_extensions_from_path /opt/stack/neutron/neutron/api/extensions.py:449}}
Jul 03 00:57:27.048001 np0000184007 devstack@neutron-api.service[102109]: DEBUG neutron.api.extensions [None req-efe053cd-9722-43e0-a296-31c2113e0016 None None] Extended resource: next_providers {{(pid=102109) __init__ /opt/stack/neutron/neutron/api/extensions.py:156}}
Jul 03 00:57:27.048375 np0000184007 devstack@neutron-api.service[102107]: DEBUG neutron.api.extensions [None req-54065d06-bd36-4d0a-ae7f-4ef129d9f334 None None] Ext name="Vlantransparent" alias="vlan-transparent" description="Provides Vlan Transparent Networks" updated="2015-03-23T09:00:00-00:00" {{(pid=102107) _check_extension /opt/stack/neutron/neutron/api/extensions.py:415}}
Jul 03 00:57:27.048688 np0000184007 devstack@neutron-api.service[102109]: DEBUG neutron.api.extensions [None req-efe053cd-9722-43e0-a296-31c2113e0016 None None] Extended resource: service_profiles {{(pid=102109) __init__ /opt/stack/neutron/neutron/api/extensions.py:156}}
Jul 03 00:57:27.049026 np0000184007 devstack@neutron-api.service[102107]: INFO neutron.api.extensions [None req-54065d06-bd36-4d0a-ae7f-4ef129d9f334 None None] Loaded extension: vlan-transparent
Jul 03 00:57:27.049281 np0000184007 devstack@neutron-api.service[102109]: DEBUG neutron.api.extensions [None req-efe053cd-9722-43e0-a296-31c2113e0016 None None] Extended resource: floatingip-pools {{(pid=102109) __init__ /opt/stack/neutron/neutron/api/extensions.py:156}}
Jul 03 00:57:27.049838 np0000184007 devstack@neutron-api.service[102109]: DEBUG neutron.api.extensions [None req-efe053cd-9722-43e0-a296-31c2113e0016 None None] Extended resource: routers {{(pid=102109) __init__ /opt/stack/neutron/neutron/api/extensions.py:156}}
Jul 03 00:57:27.050415 np0000184007 devstack@neutron-api.service[102108]: DEBUG neutron_lib.callbacks.manager [None req-131673fc-e582-4b16-a7b6-932a75ee0ffb None None] Publish callbacks ['neutron.plugins.ml2.drivers.ovn.mech_driver.mech_driver.OVNMechanismDriver.pre_fork_initialize-989385'] for process (None), before_spawn {{(pid=102108) _notify_loop /opt/stack/data/venv/lib/python3.12/site-packages/neutron_lib/callbacks/manager.py:184}}
Jul 03 00:57:27.050812 np0000184007 devstack@neutron-api.service[102108]: DEBUG oslo_concurrency.processutils [None req-131673fc-e582-4b16-a7b6-932a75ee0ffb None None] Running cmd (subprocess): ovsdb-client transact ssl:199.204.45.19:6641 --timeout 180 -p /opt/stack/data/CA/int-ca/private/devstack-cert.key -c /opt/stack/data/CA/int-ca/devstack-cert.crt -C /opt/stack/data/CA/int-ca/ca-chain.pem ["OVN_Northbound", {"op": "wait", "timeout": 0, "table": "Port_Group", "where": [["name", "==", "neutron_pg_drop"]], "until": "==", "rows": []}, {"op": "insert", "table": "ACL", "row": {"action": "drop", "direction": "to-lport", "match": "outport == @neutron_pg_drop && ip", "priority": 1001}, "uuid-name": "droptoport"}, {"op": "insert", "table": "ACL", "row": {"action": "drop", "direction": "from-lport", "match": "inport == @neutron_pg_drop && ip", "priority": 1001}, "uuid-name": "dropfromport"}, {"op": "insert", "table": "Port_Group", "row": {"name": "neutron_pg_drop", "acls": ["set", [["named-uuid", "droptoport"], ["named-uuid", "dropfromport"]]]}}] {{(pid=102108) execute /opt/stack/data/venv/lib/python3.12/site-packages/oslo_concurrency/processutils.py:440}}
Jul 03 00:57:27.050904 np0000184007 devstack@neutron-api.service[102109]: DEBUG neutron.api.extensions [None req-efe053cd-9722-43e0-a296-31c2113e0016 None None] Extended resource: floatingips {{(pid=102109) __init__ /opt/stack/neutron/neutron/api/extensions.py:156}}
Jul 03 00:57:27.051445 np0000184007 devstack@neutron-api.service[102109]: DEBUG neutron.api.extensions [None req-efe053cd-9722-43e0-a296-31c2113e0016 None None] Extended resource: l3-routers {{(pid=102109) __init__ /opt/stack/neutron/neutron/api/extensions.py:156}}
Jul 03 00:57:27.051671 np0000184007 devstack@neutron-api.service[102107]: INFO neutron.quota.resource_registry [None req-54065d06-bd36-4d0a-ae7f-4ef129d9f334 None None] Creating instance of TrackedResource for resource:network
Jul 03 00:57:27.051945 np0000184007 devstack@neutron-api.service[102107]: INFO neutron.quota.resource_registry [None req-54065d06-bd36-4d0a-ae7f-4ef129d9f334 None None] Creating instance of TrackedResource for resource:subnet
Jul 03 00:57:27.052084 np0000184007 devstack@neutron-api.service[102109]: DEBUG neutron.api.extensions [None req-efe053cd-9722-43e0-a296-31c2113e0016 None None] Extended resource: l3-agents {{(pid=102109) __init__ /opt/stack/neutron/neutron/api/extensions.py:156}}
Jul 03 00:57:27.052116 np0000184007 devstack@neutron-api.service[102107]: INFO neutron.quota.resource_registry [None req-54065d06-bd36-4d0a-ae7f-4ef129d9f334 None None] Creating instance of TrackedResource for resource:subnetpool
Jul 03 00:57:27.052274 np0000184007 devstack@neutron-api.service[102107]: INFO neutron.quota.resource_registry [None req-54065d06-bd36-4d0a-ae7f-4ef129d9f334 None None] Creating instance of TrackedResource for resource:port
Jul 03 00:57:27.052698 np0000184007 devstack@neutron-api.service[102109]: DEBUG neutron.api.extensions [None req-efe053cd-9722-43e0-a296-31c2113e0016 None None] Extended resource: network-ip-availabilities {{(pid=102109) __init__ /opt/stack/neutron/neutron/api/extensions.py:156}}
Jul 03 00:57:27.053313 np0000184007 devstack@neutron-api.service[102109]: DEBUG neutron.api.extensions [None req-efe053cd-9722-43e0-a296-31c2113e0016 None None] Extended resource: network-ip-availabilities {{(pid=102109) __init__ /opt/stack/neutron/neutron/api/extensions.py:156}}
Jul 03 00:57:27.053853 np0000184007 devstack@neutron-api.service[102107]: INFO neutron.quota.resource_registry [None req-54065d06-bd36-4d0a-ae7f-4ef129d9f334 None None] Creating instance of CountableResource for resource:router_route
Jul 03 00:57:27.053960 np0000184007 devstack@neutron-api.service[102109]: DEBUG neutron.api.extensions [None req-efe053cd-9722-43e0-a296-31c2113e0016 None None] Extended resource: bindings {{(pid=102109) __init__ /opt/stack/neutron/neutron/api/extensions.py:156}}
Jul 03 00:57:27.054115 np0000184007 devstack@neutron-api.service[102107]: DEBUG neutron.api.v2.resource_helper [None req-54065d06-bd36-4d0a-ae7f-4ef129d9f334 None None] Service L3_ROUTER_NAT assigned prefix: {{(pid=102107) build_resource_info /opt/stack/neutron/neutron/api/v2/resource_helper.py:77}}
Jul 03 00:57:27.054553 np0000184007 devstack@neutron-api.service[102107]: DEBUG neutron.api.v2.resource_helper [None req-54065d06-bd36-4d0a-ae7f-4ef129d9f334 None None] Service FLAVORS assigned prefix: {{(pid=102107) build_resource_info /opt/stack/neutron/neutron/api/v2/resource_helper.py:77}}
Jul 03 00:57:27.054667 np0000184007 devstack@neutron-api.service[102109]: DEBUG neutron.api.extensions [None req-efe053cd-9722-43e0-a296-31c2113e0016 None None] Extended resource: quotas {{(pid=102109) __init__ /opt/stack/neutron/neutron/api/extensions.py:156}}
Jul 03 00:57:27.055682 np0000184007 devstack@neutron-api.service[102109]: DEBUG neutron.api.extensions [None req-efe053cd-9722-43e0-a296-31c2113e0016 None None] Extended resource: quotas {{(pid=102109) __init__ /opt/stack/neutron/neutron/api/extensions.py:156}}
Jul 03 00:57:27.056412 np0000184007 devstack@neutron-api.service[102109]: DEBUG neutron.api.extensions [None req-efe053cd-9722-43e0-a296-31c2113e0016 None None] Extended resource: rbac-policies {{(pid=102109) __init__ /opt/stack/neutron/neutron/api/extensions.py:156}}
Jul 03 00:57:27.056785 np0000184007 devstack@neutron-api.service[102107]: DEBUG neutron.api.v2.resource_helper [None req-54065d06-bd36-4d0a-ae7f-4ef129d9f334 None None] Service L3_ROUTER_NAT assigned prefix: {{(pid=102107) build_resource_info /opt/stack/neutron/neutron/api/v2/resource_helper.py:77}}
Jul 03 00:57:27.056785 np0000184007 devstack@neutron-api.service[102107]: DEBUG neutron.api.v2.resource_helper [None req-54065d06-bd36-4d0a-ae7f-4ef129d9f334 None None] Service L3_ROUTER_NAT assigned prefix: {{(pid=102107) build_resource_info /opt/stack/neutron/neutron/api/v2/resource_helper.py:77}}
Jul 03 00:57:27.056937 np0000184007 devstack@neutron-api.service[102109]: DEBUG neutron.api.extensions [None req-efe053cd-9722-43e0-a296-31c2113e0016 None None] Extended resource: default-security-group-rules {{(pid=102109) __init__ /opt/stack/neutron/neutron/api/extensions.py:156}}
Jul 03 00:57:27.056994 np0000184007 devstack@neutron-api.service[102107]: INFO neutron.quota.resource_registry [None req-54065d06-bd36-4d0a-ae7f-4ef129d9f334 None None] Creating instance of TrackedResource for resource:router
Jul 03 00:57:27.057410 np0000184007 devstack@neutron-api.service[102109]: DEBUG neutron.api.extensions [None req-efe053cd-9722-43e0-a296-31c2113e0016 None None] Extended resource: security-groups-default-statefulness {{(pid=102109) __init__ /opt/stack/neutron/neutron/api/extensions.py:156}}
Jul 03 00:57:27.057679 np0000184007 devstack@neutron-api.service[102107]: INFO neutron.quota.resource_registry [None req-54065d06-bd36-4d0a-ae7f-4ef129d9f334 None None] Creating instance of TrackedResource for resource:floatingip
Jul 03 00:57:27.058013 np0000184007 devstack@neutron-api.service[102109]: DEBUG neutron.api.extensions [None req-efe053cd-9722-43e0-a296-31c2113e0016 None None] Extended resource: security-groups {{(pid=102109) __init__ /opt/stack/neutron/neutron/api/extensions.py:156}}
Jul 03 00:57:27.058641 np0000184007 devstack@neutron-api.service[102109]: DEBUG neutron.api.extensions [None req-efe053cd-9722-43e0-a296-31c2113e0016 None None] Extended resource: security-group-rules {{(pid=102109) __init__ /opt/stack/neutron/neutron/api/extensions.py:156}}
Jul 03 00:57:27.059091 np0000184007 devstack@neutron-api.service[102109]: DEBUG neutron.api.extensions [None req-efe053cd-9722-43e0-a296-31c2113e0016 None None] Extended resource: service-providers {{(pid=102109) __init__ /opt/stack/neutron/neutron/api/extensions.py:156}}
Jul 03 00:57:27.059393 np0000184007 devstack@neutron-api.service[102107]: INFO neutron.quota.resource_registry [None req-54065d06-bd36-4d0a-ae7f-4ef129d9f334 None None] Creating instance of CountableResource for resource:rbac_policy
Jul 03 00:57:27.059657 np0000184007 devstack@neutron-api.service[102109]: DEBUG neutron.api.extensions [None req-efe053cd-9722-43e0-a296-31c2113e0016 None None] Extended resource: subnetpools {{(pid=102109) __init__ /opt/stack/neutron/neutron/api/extensions.py:156}}
Jul 03 00:57:27.060239 np0000184007 devstack@neutron-api.service[102107]: INFO neutron.quota.resource_registry [None req-54065d06-bd36-4d0a-ae7f-4ef129d9f334 None None] Creating instance of TrackedResource for resource:security_group
Jul 03 00:57:27.060290 np0000184007 devstack@neutron-api.service[102109]: DEBUG neutron.api.extensions [None req-efe053cd-9722-43e0-a296-31c2113e0016 None None] Extended resource: subnetpools {{(pid=102109) __init__ /opt/stack/neutron/neutron/api/extensions.py:156}}
Jul 03 00:57:27.060715 np0000184007 devstack@neutron-api.service[102107]: INFO neutron.quota.resource_registry [None req-54065d06-bd36-4d0a-ae7f-4ef129d9f334 None None] Creating instance of TrackedResource for resource:security_group_rule
Jul 03 00:57:27.060902 np0000184007 devstack@neutron-api.service[102109]: DEBUG neutron.api.extensions [None req-efe053cd-9722-43e0-a296-31c2113e0016 None None] Extended resource: tags {{(pid=102109) __init__ /opt/stack/neutron/neutron/api/extensions.py:156}}
Jul 03 00:57:27.061561 np0000184007 devstack@neutron-api.service[102107]: DEBUG neutron.api.v2.resource_helper [None req-54065d06-bd36-4d0a-ae7f-4ef129d9f334 None None] Service CORE assigned prefix: {{(pid=102107) build_resource_info /opt/stack/neutron/neutron/api/v2/resource_helper.py:77}}
Jul 03 00:57:27.061684 np0000184007 devstack@neutron-api.service[102109]: DEBUG neutron.api.extensions [None req-efe053cd-9722-43e0-a296-31c2113e0016 None None] Extended resource: tags {{(pid=102109) __init__ /opt/stack/neutron/neutron/api/extensions.py:156}}
Jul 03 00:57:27.061940 np0000184007 devstack@neutron-api.service[102107]: INFO neutron.quota.resource_registry [None req-54065d06-bd36-4d0a-ae7f-4ef129d9f334 None None] Creating instance of TrackedResource for resource:subnetpool
Jul 03 00:57:27.061940 np0000184007 devstack@neutron-api.service[102107]: WARNING neutron.quota.resource_registry [None req-54065d06-bd36-4d0a-ae7f-4ef129d9f334 None None] subnetpool is already registered
Jul 03 00:57:27.062554 np0000184007 devstack@neutron-api.service[102109]: DEBUG neutron.api.extensions [None req-efe053cd-9722-43e0-a296-31c2113e0016 None None] Extended resource: tags {{(pid=102109) __init__ /opt/stack/neutron/neutron/api/extensions.py:156}}
Jul 03 00:57:27.062755 np0000184007 devstack@neutron-api.service[102107]: DEBUG neutron.api.v2.resource_helper [None req-54065d06-bd36-4d0a-ae7f-4ef129d9f334 None None] Service CORE assigned prefix: {{(pid=102107) build_resource_info /opt/stack/neutron/neutron/api/v2/resource_helper.py:77}}
Jul 03 00:57:27.062997 np0000184007 devstack@neutron-api.service[102107]: INFO neutron.quota.resource_registry [None req-54065d06-bd36-4d0a-ae7f-4ef129d9f334 None None] Creating instance of TrackedResource for resource:subnetpool
Jul 03 00:57:27.063910 np0000184007 devstack@neutron-api.service[102107]: WARNING neutron.quota.resource_registry [None req-54065d06-bd36-4d0a-ae7f-4ef129d9f334 None None] subnetpool is already registered
Jul 03 00:57:27.064407 np0000184007 devstack@neutron-api.service[102109]: DEBUG neutron.api.extensions [None req-efe053cd-9722-43e0-a296-31c2113e0016 None None] Extended resource: tags {{(pid=102109) __init__ /opt/stack/neutron/neutron/api/extensions.py:156}}
Jul 03 00:57:27.064407 np0000184007 devstack@neutron-api.service[102109]: DEBUG neutron.api.extensions [None req-efe053cd-9722-43e0-a296-31c2113e0016 None None] Extended resource: tags {{(pid=102109) __init__ /opt/stack/neutron/neutron/api/extensions.py:156}}
Jul 03 00:57:27.065004 np0000184007 devstack@neutron-api.service[102109]: DEBUG neutron.api.extensions [None req-efe053cd-9722-43e0-a296-31c2113e0016 None None] Extended resource: tags {{(pid=102109) __init__ /opt/stack/neutron/neutron/api/extensions.py:156}}
Jul 03 00:57:27.065887 np0000184007 devstack@neutron-api.service[102109]: DEBUG neutron.api.extensions [None req-efe053cd-9722-43e0-a296-31c2113e0016 None None] Extended resource: tags {{(pid=102109) __init__ /opt/stack/neutron/neutron/api/extensions.py:156}}
Jul 03 00:57:27.066960 np0000184007 devstack@neutron-api.service[102109]: DEBUG neutron.api.extensions [None req-efe053cd-9722-43e0-a296-31c2113e0016 None None] Extended resource: tags {{(pid=102109) __init__ /opt/stack/neutron/neutron/api/extensions.py:156}}
Jul 03 00:57:27.067452 np0000184007 devstack@neutron-api.service[102109]: DEBUG neutron.api.extensions [None req-efe053cd-9722-43e0-a296-31c2113e0016 None None] Extended resource: tags {{(pid=102109) __init__ /opt/stack/neutron/neutron/api/extensions.py:156}}
Jul 03 00:57:27.068230 np0000184007 devstack@neutron-api.service[102109]: DEBUG neutron.api.extensions [None req-efe053cd-9722-43e0-a296-31c2113e0016 None None] Extended resource: tags {{(pid=102109) __init__ /opt/stack/neutron/neutron/api/extensions.py:156}}
Jul 03 00:57:27.068811 np0000184007 devstack@neutron-api.service[102107]: INFO neutron.quota.resource_registry [None req-54065d06-bd36-4d0a-ae7f-4ef129d9f334 None None] Creating instance of CountableResource for resource:router_route
Jul 03 00:57:27.068987 np0000184007 devstack@neutron-api.service[102107]: WARNING neutron.quota.resource_registry [None req-54065d06-bd36-4d0a-ae7f-4ef129d9f334 None None] router_route is already registered
Jul 03 00:57:27.069426 np0000184007 devstack@neutron-api.service[102107]: DEBUG neutron.api.v2.resource_helper [None req-54065d06-bd36-4d0a-ae7f-4ef129d9f334 None None] Service L3_ROUTER_NAT assigned prefix: {{(pid=102107) build_resource_info /opt/stack/neutron/neutron/api/v2/resource_helper.py:77}}
Jul 03 00:57:27.070438 np0000184007 devstack@neutron-api.service[102107]: DEBUG neutron.api.v2.resource_helper [None req-54065d06-bd36-4d0a-ae7f-4ef129d9f334 None None] Service FLAVORS assigned prefix: {{(pid=102107) build_resource_info /opt/stack/neutron/neutron/api/v2/resource_helper.py:77}}
Jul 03 00:57:27.072699 np0000184007 devstack@neutron-api.service[102107]: DEBUG neutron.api.v2.resource_helper [None req-54065d06-bd36-4d0a-ae7f-4ef129d9f334 None None] Service L3_ROUTER_NAT assigned prefix: {{(pid=102107) build_resource_info /opt/stack/neutron/neutron/api/v2/resource_helper.py:77}}
Jul 03 00:57:27.073565 np0000184007 devstack@neutron-api.service[102107]: DEBUG neutron.api.v2.resource_helper [None req-54065d06-bd36-4d0a-ae7f-4ef129d9f334 None None] Service L3_ROUTER_NAT assigned prefix: {{(pid=102107) build_resource_info /opt/stack/neutron/neutron/api/v2/resource_helper.py:77}}
Jul 03 00:57:27.073941 np0000184007 devstack@neutron-api.service[102107]: INFO neutron.quota.resource_registry [None req-54065d06-bd36-4d0a-ae7f-4ef129d9f334 None None] Creating instance of TrackedResource for resource:router
Jul 03 00:57:27.074159 np0000184007 devstack@neutron-api.service[102107]: WARNING neutron.quota.resource_registry [None req-54065d06-bd36-4d0a-ae7f-4ef129d9f334 None None] router is already registered
Jul 03 00:57:27.074996 np0000184007 devstack@neutron-api.service[102107]: INFO neutron.quota.resource_registry [None req-54065d06-bd36-4d0a-ae7f-4ef129d9f334 None None] Creating instance of TrackedResource for resource:floatingip
Jul 03 00:57:27.075230 np0000184007 devstack@neutron-api.service[102107]: WARNING neutron.quota.resource_registry [None req-54065d06-bd36-4d0a-ae7f-4ef129d9f334 None None] floatingip is already registered
Jul 03 00:57:27.076534 np0000184007 devstack@neutron-api.service[102107]: INFO neutron.quota.resource_registry [None req-54065d06-bd36-4d0a-ae7f-4ef129d9f334 None None] Creating instance of CountableResource for resource:rbac_policy
Jul 03 00:57:27.076670 np0000184007 devstack@neutron-api.service[102107]: WARNING neutron.quota.resource_registry [None req-54065d06-bd36-4d0a-ae7f-4ef129d9f334 None None] rbac_policy is already registered
Jul 03 00:57:27.077843 np0000184007 devstack@neutron-api.service[102107]: INFO neutron.quota.resource_registry [None req-54065d06-bd36-4d0a-ae7f-4ef129d9f334 None None] Creating instance of TrackedResource for resource:security_group
Jul 03 00:57:27.078271 np0000184007 devstack@neutron-api.service[102107]: WARNING neutron.quota.resource_registry [None req-54065d06-bd36-4d0a-ae7f-4ef129d9f334 None None] security_group is already registered
Jul 03 00:57:27.078760 np0000184007 devstack@neutron-api.service[102109]: DEBUG neutron_lib.callbacks.manager [None req-efe053cd-9722-43e0-a296-31c2113e0016 None None] Publish callbacks ['neutron.plugins.ml2.drivers.ovn.mech_driver.mech_driver.OVNMechanismDriver.pre_fork_initialize-989675'] for process (None), before_spawn {{(pid=102109) _notify_loop /opt/stack/data/venv/lib/python3.12/site-packages/neutron_lib/callbacks/manager.py:184}}
Jul 03 00:57:27.079725 np0000184007 devstack@neutron-api.service[102109]: DEBUG oslo_concurrency.processutils [None req-efe053cd-9722-43e0-a296-31c2113e0016 None None] Running cmd (subprocess): ovsdb-client transact ssl:199.204.45.19:6641 --timeout 180 -p /opt/stack/data/CA/int-ca/private/devstack-cert.key -c /opt/stack/data/CA/int-ca/devstack-cert.crt -C /opt/stack/data/CA/int-ca/ca-chain.pem ["OVN_Northbound", {"op": "wait", "timeout": 0, "table": "Port_Group", "where": [["name", "==", "neutron_pg_drop"]], "until": "==", "rows": []}, {"op": "insert", "table": "ACL", "row": {"action": "drop", "direction": "to-lport", "match": "outport == @neutron_pg_drop && ip", "priority": 1001}, "uuid-name": "droptoport"}, {"op": "insert", "table": "ACL", "row": {"action": "drop", "direction": "from-lport", "match": "inport == @neutron_pg_drop && ip", "priority": 1001}, "uuid-name": "dropfromport"}, {"op": "insert", "table": "Port_Group", "row": {"name": "neutron_pg_drop", "acls": ["set", [["named-uuid", "droptoport"], ["named-uuid", "dropfromport"]]]}}] {{(pid=102109) execute /opt/stack/data/venv/lib/python3.12/site-packages/oslo_concurrency/processutils.py:440}}
Jul 03 00:57:27.079967 np0000184007 devstack@neutron-api.service[102107]: INFO neutron.quota.resource_registry [None req-54065d06-bd36-4d0a-ae7f-4ef129d9f334 None None] Creating instance of TrackedResource for resource:security_group_rule
Jul 03 00:57:27.079967 np0000184007 devstack@neutron-api.service[102107]: WARNING neutron.quota.resource_registry [None req-54065d06-bd36-4d0a-ae7f-4ef129d9f334 None None] security_group_rule is already registered
Jul 03 00:57:27.080594 np0000184007 devstack@neutron-api.service[102107]: DEBUG neutron.api.v2.resource_helper [None req-54065d06-bd36-4d0a-ae7f-4ef129d9f334 None None] Service CORE assigned prefix: {{(pid=102107) build_resource_info /opt/stack/neutron/neutron/api/v2/resource_helper.py:77}}
Jul 03 00:57:27.080888 np0000184007 devstack@neutron-api.service[102107]: INFO neutron.quota.resource_registry [None req-54065d06-bd36-4d0a-ae7f-4ef129d9f334 None None] Creating instance of TrackedResource for resource:subnetpool
Jul 03 00:57:27.080986 np0000184007 devstack@neutron-api.service[102107]: WARNING neutron.quota.resource_registry [None req-54065d06-bd36-4d0a-ae7f-4ef129d9f334 None None] subnetpool is already registered
Jul 03 00:57:27.081547 np0000184007 devstack@neutron-api.service[102107]: DEBUG neutron.api.v2.resource_helper [None req-54065d06-bd36-4d0a-ae7f-4ef129d9f334 None None] Service CORE assigned prefix: {{(pid=102107) build_resource_info /opt/stack/neutron/neutron/api/v2/resource_helper.py:77}}
Jul 03 00:57:27.081713 np0000184007 devstack@neutron-api.service[102107]: INFO neutron.quota.resource_registry [None req-54065d06-bd36-4d0a-ae7f-4ef129d9f334 None None] Creating instance of TrackedResource for resource:subnetpool
Jul 03 00:57:27.081978 np0000184007 devstack@neutron-api.service[102107]: WARNING neutron.quota.resource_registry [None req-54065d06-bd36-4d0a-ae7f-4ef129d9f334 None None] subnetpool is already registered
Jul 03 00:57:27.082808 np0000184007 devstack@neutron-api.service[102107]: DEBUG neutron.api.extensions [None req-54065d06-bd36-4d0a-ae7f-4ef129d9f334 None None] Extended resource: extensions {{(pid=102107) __init__ /opt/stack/neutron/neutron/api/extensions.py:156}}
Jul 03 00:57:27.083854 np0000184007 devstack@neutron-api.service[102107]: DEBUG neutron.api.extensions [None req-54065d06-bd36-4d0a-ae7f-4ef129d9f334 None None] Extended resource: address-groups {{(pid=102107) __init__ /opt/stack/neutron/neutron/api/extensions.py:156}}
Jul 03 00:57:27.084843 np0000184007 devstack@neutron-api.service[102107]: DEBUG neutron.api.extensions [None req-54065d06-bd36-4d0a-ae7f-4ef129d9f334 None None] Extended resource: address-scopes {{(pid=102107) __init__ /opt/stack/neutron/neutron/api/extensions.py:156}}
Jul 03 00:57:27.085679 np0000184007 devstack@neutron-api.service[102107]: DEBUG neutron.api.extensions [None req-54065d06-bd36-4d0a-ae7f-4ef129d9f334 None None] Extended resource: agents {{(pid=102107) __init__ /opt/stack/neutron/neutron/api/extensions.py:156}}
Jul 03 00:57:27.086478 np0000184007 devstack@neutron-api.service[102107]: DEBUG neutron.api.extensions [None req-54065d06-bd36-4d0a-ae7f-4ef129d9f334 None None] Extended resource: auto-allocated-topology {{(pid=102107) __init__ /opt/stack/neutron/neutron/api/extensions.py:156}}
Jul 03 00:57:27.087330 np0000184007 devstack@neutron-api.service[102107]: DEBUG neutron.api.extensions [None req-54065d06-bd36-4d0a-ae7f-4ef129d9f334 None None] Extended resource: availability_zones {{(pid=102107) __init__ /opt/stack/neutron/neutron/api/extensions.py:156}}
Jul 03 00:57:27.088177 np0000184007 devstack@neutron-api.service[102107]: DEBUG neutron.api.extensions [None req-54065d06-bd36-4d0a-ae7f-4ef129d9f334 None None] Extended resource: dhcp-networks {{(pid=102107) __init__ /opt/stack/neutron/neutron/api/extensions.py:156}}
Jul 03 00:57:27.089185 np0000184007 devstack@neutron-api.service[102107]: DEBUG neutron.api.extensions [None req-54065d06-bd36-4d0a-ae7f-4ef129d9f334 None None] Extended resource: dhcp-agents {{(pid=102107) __init__ /opt/stack/neutron/neutron/api/extensions.py:156}}
Jul 03 00:57:27.090159 np0000184007 devstack@neutron-api.service[102107]: DEBUG neutron.api.extensions [None req-54065d06-bd36-4d0a-ae7f-4ef129d9f334 None None] Extended resource: routers {{(pid=102107) __init__ /opt/stack/neutron/neutron/api/extensions.py:156}}
Jul 03 00:57:27.091663 np0000184007 devstack@neutron-api.service[102107]: DEBUG neutron.api.extensions [None req-54065d06-bd36-4d0a-ae7f-4ef129d9f334 None None] Extended resource: flavors {{(pid=102107) __init__ /opt/stack/neutron/neutron/api/extensions.py:156}}
Jul 03 00:57:27.092409 np0000184007 devstack@neutron-api.service[102107]: DEBUG neutron.api.extensions [None req-54065d06-bd36-4d0a-ae7f-4ef129d9f334 None None] Extended resource: service_profiles {{(pid=102107) __init__ /opt/stack/neutron/neutron/api/extensions.py:156}}
Jul 03 00:57:27.093263 np0000184007 devstack@neutron-api.service[102107]: DEBUG neutron.api.extensions [None req-54065d06-bd36-4d0a-ae7f-4ef129d9f334 None None] Extended resource: next_providers {{(pid=102107) __init__ /opt/stack/neutron/neutron/api/extensions.py:156}}
Jul 03 00:57:27.094550 np0000184007 devstack@neutron-api.service[102107]: DEBUG neutron.api.extensions [None req-54065d06-bd36-4d0a-ae7f-4ef129d9f334 None None] Extended resource: service_profiles {{(pid=102107) __init__ /opt/stack/neutron/neutron/api/extensions.py:156}}
Jul 03 00:57:27.095947 np0000184007 devstack@neutron-api.service[102107]: DEBUG neutron.api.extensions [None req-54065d06-bd36-4d0a-ae7f-4ef129d9f334 None None] Extended resource: floatingip-pools {{(pid=102107) __init__ /opt/stack/neutron/neutron/api/extensions.py:156}}
Jul 03 00:57:27.097106 np0000184007 devstack@neutron-api.service[102107]: DEBUG neutron.api.extensions [None req-54065d06-bd36-4d0a-ae7f-4ef129d9f334 None None] Extended resource: routers {{(pid=102107) __init__ /opt/stack/neutron/neutron/api/extensions.py:156}}
Jul 03 00:57:27.098702 np0000184007 devstack@neutron-api.service[102107]: DEBUG neutron.api.extensions [None req-54065d06-bd36-4d0a-ae7f-4ef129d9f334 None None] Extended resource: floatingips {{(pid=102107) __init__ /opt/stack/neutron/neutron/api/extensions.py:156}}
Jul 03 00:57:27.099915 np0000184007 devstack@neutron-api.service[102107]: DEBUG neutron.api.extensions [None req-54065d06-bd36-4d0a-ae7f-4ef129d9f334 None None] Extended resource: l3-routers {{(pid=102107) __init__ /opt/stack/neutron/neutron/api/extensions.py:156}}
Jul 03 00:57:27.100843 np0000184007 devstack@neutron-api.service[102107]: DEBUG neutron.api.extensions [None req-54065d06-bd36-4d0a-ae7f-4ef129d9f334 None None] Extended resource: l3-agents {{(pid=102107) __init__ /opt/stack/neutron/neutron/api/extensions.py:156}}
Jul 03 00:57:27.101612 np0000184007 devstack@neutron-api.service[102107]: DEBUG neutron.api.extensions [None req-54065d06-bd36-4d0a-ae7f-4ef129d9f334 None None] Extended resource: network-ip-availabilities {{(pid=102107) __init__ /opt/stack/neutron/neutron/api/extensions.py:156}}
Jul 03 00:57:27.102238 np0000184007 devstack@neutron-api.service[102107]: DEBUG neutron.api.extensions [None req-54065d06-bd36-4d0a-ae7f-4ef129d9f334 None None] Extended resource: network-ip-availabilities {{(pid=102107) __init__ /opt/stack/neutron/neutron/api/extensions.py:156}}
Jul 03 00:57:27.102844 np0000184007 devstack@neutron-api.service[102107]: DEBUG neutron.api.extensions [None req-54065d06-bd36-4d0a-ae7f-4ef129d9f334 None None] Extended resource: bindings {{(pid=102107) __init__ /opt/stack/neutron/neutron/api/extensions.py:156}}
Jul 03 00:57:27.103679 np0000184007 devstack@neutron-api.service[102107]: DEBUG neutron.api.extensions [None req-54065d06-bd36-4d0a-ae7f-4ef129d9f334 None None] Extended resource: quotas {{(pid=102107) __init__ /opt/stack/neutron/neutron/api/extensions.py:156}}
Jul 03 00:57:27.104329 np0000184007 devstack@neutron-api.service[102107]: DEBUG neutron.api.extensions [None req-54065d06-bd36-4d0a-ae7f-4ef129d9f334 None None] Extended resource: quotas {{(pid=102107) __init__ /opt/stack/neutron/neutron/api/extensions.py:156}}
Jul 03 00:57:27.105189 np0000184007 devstack@neutron-api.service[102107]: DEBUG neutron.api.extensions [None req-54065d06-bd36-4d0a-ae7f-4ef129d9f334 None None] Extended resource: rbac-policies {{(pid=102107) __init__ /opt/stack/neutron/neutron/api/extensions.py:156}}
Jul 03 00:57:27.105688 np0000184007 devstack@neutron-api.service[102107]: DEBUG neutron.api.extensions [None req-54065d06-bd36-4d0a-ae7f-4ef129d9f334 None None] Extended resource: default-security-group-rules {{(pid=102107) __init__ /opt/stack/neutron/neutron/api/extensions.py:156}}
Jul 03 00:57:27.106867 np0000184007 devstack@neutron-api.service[102107]: DEBUG neutron.api.extensions [None req-54065d06-bd36-4d0a-ae7f-4ef129d9f334 None None] Extended resource: security-groups-default-statefulness {{(pid=102107) __init__ /opt/stack/neutron/neutron/api/extensions.py:156}}
Jul 03 00:57:27.106867 np0000184007 devstack@neutron-api.service[102107]: DEBUG neutron.api.extensions [None req-54065d06-bd36-4d0a-ae7f-4ef129d9f334 None None] Extended resource: security-groups {{(pid=102107) __init__ /opt/stack/neutron/neutron/api/extensions.py:156}}
Jul 03 00:57:27.107913 np0000184007 devstack@neutron-api.service[102107]: DEBUG neutron.api.extensions [None req-54065d06-bd36-4d0a-ae7f-4ef129d9f334 None None] Extended resource: security-group-rules {{(pid=102107) __init__ /opt/stack/neutron/neutron/api/extensions.py:156}}
Jul 03 00:57:27.107913 np0000184007 devstack@neutron-api.service[102107]: DEBUG neutron.api.extensions [None req-54065d06-bd36-4d0a-ae7f-4ef129d9f334 None None] Extended resource: service-providers {{(pid=102107) __init__ /opt/stack/neutron/neutron/api/extensions.py:156}}
Jul 03 00:57:27.109611 np0000184007 devstack@neutron-api.service[102107]: DEBUG neutron.api.extensions [None req-54065d06-bd36-4d0a-ae7f-4ef129d9f334 None None] Extended resource: subnetpools {{(pid=102107) __init__ /opt/stack/neutron/neutron/api/extensions.py:156}}
Jul 03 00:57:27.109611 np0000184007 devstack@neutron-api.service[102107]: DEBUG neutron.api.extensions [None req-54065d06-bd36-4d0a-ae7f-4ef129d9f334 None None] Extended resource: subnetpools {{(pid=102107) __init__ /opt/stack/neutron/neutron/api/extensions.py:156}}
Jul 03 00:57:27.109611 np0000184007 devstack@neutron-api.service[102107]: DEBUG neutron.api.extensions [None req-54065d06-bd36-4d0a-ae7f-4ef129d9f334 None None] Extended resource: tags {{(pid=102107) __init__ /opt/stack/neutron/neutron/api/extensions.py:156}}
Jul 03 00:57:27.110263 np0000184007 devstack@neutron-api.service[102107]: DEBUG neutron.api.extensions [None req-54065d06-bd36-4d0a-ae7f-4ef129d9f334 None None] Extended resource: tags {{(pid=102107) __init__ /opt/stack/neutron/neutron/api/extensions.py:156}}
Jul 03 00:57:27.110664 np0000184007 devstack@neutron-api.service[102108]: DEBUG oslo_concurrency.processutils [None req-131673fc-e582-4b16-a7b6-932a75ee0ffb None None] CMD "ovsdb-client transact ssl:199.204.45.19:6641 --timeout 180 -p /opt/stack/data/CA/int-ca/private/devstack-cert.key -c /opt/stack/data/CA/int-ca/devstack-cert.crt -C /opt/stack/data/CA/int-ca/ca-chain.pem ["OVN_Northbound", {"op": "wait", "timeout": 0, "table": "Port_Group", "where": [["name", "==", "neutron_pg_drop"]], "until": "==", "rows": []}, {"op": "insert", "table": "ACL", "row": {"action": "drop", "direction": "to-lport", "match": "outport == @neutron_pg_drop && ip", "priority": 1001}, "uuid-name": "droptoport"}, {"op": "insert", "table": "ACL", "row": {"action": "drop", "direction": "from-lport", "match": "inport == @neutron_pg_drop && ip", "priority": 1001}, "uuid-name": "dropfromport"}, {"op": "insert", "table": "Port_Group", "row": {"name": "neutron_pg_drop", "acls": ["set", [["named-uuid", "droptoport"], ["named-uuid", "dropfromport"]]]}}]" returned: 0 in 0.058s {{(pid=102108) execute /opt/stack/data/venv/lib/python3.12/site-packages/oslo_concurrency/processutils.py:468}}
Jul 03 00:57:27.111185 np0000184007 devstack@neutron-api.service[102107]: DEBUG neutron.api.extensions [None req-54065d06-bd36-4d0a-ae7f-4ef129d9f334 None None] Extended resource: tags {{(pid=102107) __init__ /opt/stack/neutron/neutron/api/extensions.py:156}}
Jul 03 00:57:27.111956 np0000184007 devstack@neutron-api.service[102107]: DEBUG neutron.api.extensions [None req-54065d06-bd36-4d0a-ae7f-4ef129d9f334 None None] Extended resource: tags {{(pid=102107) __init__ /opt/stack/neutron/neutron/api/extensions.py:156}}
Jul 03 00:57:27.112732 np0000184007 devstack@neutron-api.service[102107]: DEBUG neutron.api.extensions [None req-54065d06-bd36-4d0a-ae7f-4ef129d9f334 None None] Extended resource: tags {{(pid=102107) __init__ /opt/stack/neutron/neutron/api/extensions.py:156}}
Jul 03 00:57:27.114464 np0000184007 devstack@neutron-api.service[102107]: DEBUG neutron.api.extensions [None req-54065d06-bd36-4d0a-ae7f-4ef129d9f334 None None] Extended resource: tags {{(pid=102107) __init__ /opt/stack/neutron/neutron/api/extensions.py:156}}
Jul 03 00:57:27.114789 np0000184007 devstack@neutron-api.service[102109]: DEBUG oslo_concurrency.processutils [None req-efe053cd-9722-43e0-a296-31c2113e0016 None None] CMD "ovsdb-client transact ssl:199.204.45.19:6641 --timeout 180 -p /opt/stack/data/CA/int-ca/private/devstack-cert.key -c /opt/stack/data/CA/int-ca/devstack-cert.crt -C /opt/stack/data/CA/int-ca/ca-chain.pem ["OVN_Northbound", {"op": "wait", "timeout": 0, "table": "Port_Group", "where": [["name", "==", "neutron_pg_drop"]], "until": "==", "rows": []}, {"op": "insert", "table": "ACL", "row": {"action": "drop", "direction": "to-lport", "match": "outport == @neutron_pg_drop && ip", "priority": 1001}, "uuid-name": "droptoport"}, {"op": "insert", "table": "ACL", "row": {"action": "drop", "direction": "from-lport", "match": "inport == @neutron_pg_drop && ip", "priority": 1001}, "uuid-name": "dropfromport"}, {"op": "insert", "table": "Port_Group", "row": {"name": "neutron_pg_drop", "acls": ["set", [["named-uuid", "droptoport"], ["named-uuid", "dropfromport"]]]}}]" returned: 0 in 0.034s {{(pid=102109) execute /opt/stack/data/venv/lib/python3.12/site-packages/oslo_concurrency/processutils.py:468}}
Jul 03 00:57:27.114991 np0000184007 devstack@neutron-api.service[102108]: DEBUG neutron_lib.callbacks.manager [None req-131673fc-e582-4b16-a7b6-932a75ee0ffb None None] Publish callbacks ['neutron.plugins.ml2.drivers.ovn.mech_driver.mech_driver.OVNMechanismDriver.post_fork_initialize-989201', 'neutron.services.pvlan.drivers.ovn.driver._initialize_pvlan_pg_drop-7862423580976', 'neutron.services.ovn_l3.plugin.OVNL3RouterPlugin._post_fork_initialize-14065'] for process (None), after_init {{(pid=102108) _notify_loop /opt/stack/data/venv/lib/python3.12/site-packages/neutron_lib/callbacks/manager.py:184}}
Jul 03 00:57:27.115190 np0000184007 devstack@neutron-api.service[102107]: DEBUG neutron.api.extensions [None req-54065d06-bd36-4d0a-ae7f-4ef129d9f334 None None] Extended resource: tags {{(pid=102107) __init__ /opt/stack/neutron/neutron/api/extensions.py:156}}
Jul 03 00:57:27.115318 np0000184007 devstack@neutron-api.service[102108]: DEBUG oslo_concurrency.lockutils [None req-131673fc-e582-4b16-a7b6-932a75ee0ffb None None] Acquiring lock "singleton_lock" {{(pid=102108) lock /opt/stack/data/venv/lib/python3.12/site-packages/oslo_concurrency/lockutils.py:395}}
Jul 03 00:57:27.115318 np0000184007 devstack@neutron-api.service[102108]: DEBUG oslo_concurrency.lockutils [None req-131673fc-e582-4b16-a7b6-932a75ee0ffb None None] Acquired lock "singleton_lock" {{(pid=102108) lock /opt/stack/data/venv/lib/python3.12/site-packages/oslo_concurrency/lockutils.py:398}}
Jul 03 00:57:27.115318 np0000184007 devstack@neutron-api.service[102108]: DEBUG oslo_concurrency.lockutils [None req-131673fc-e582-4b16-a7b6-932a75ee0ffb None None] Releasing lock "singleton_lock" {{(pid=102108) lock /opt/stack/data/venv/lib/python3.12/site-packages/oslo_concurrency/lockutils.py:418}}
Jul 03 00:57:27.115565 np0000184007 devstack@neutron-api.service[102107]: DEBUG neutron.api.extensions [None req-54065d06-bd36-4d0a-ae7f-4ef129d9f334 None None] Extended resource: tags {{(pid=102107) __init__ /opt/stack/neutron/neutron/api/extensions.py:156}}
Jul 03 00:57:27.115681 np0000184007 devstack@neutron-api.service[102109]: DEBUG neutron_lib.callbacks.manager [None req-efe053cd-9722-43e0-a296-31c2113e0016 None None] Publish callbacks ['neutron.plugins.ml2.drivers.ovn.mech_driver.mech_driver.OVNMechanismDriver.post_fork_initialize-989651', 'neutron.services.pvlan.drivers.ovn.driver._initialize_pvlan_pg_drop-7862423585002', 'neutron.services.ovn_l3.plugin.OVNL3RouterPlugin._post_fork_initialize-12689'] for process (None), after_init {{(pid=102109) _notify_loop /opt/stack/data/venv/lib/python3.12/site-packages/neutron_lib/callbacks/manager.py:184}}
Jul 03 00:57:27.115921 np0000184007 devstack@neutron-api.service[102107]: DEBUG neutron.api.extensions [None req-54065d06-bd36-4d0a-ae7f-4ef129d9f334 None None] Extended resource: tags {{(pid=102107) __init__ /opt/stack/neutron/neutron/api/extensions.py:156}}
Jul 03 00:57:27.116066 np0000184007 devstack@neutron-api.service[102109]: DEBUG oslo_concurrency.lockutils [None req-efe053cd-9722-43e0-a296-31c2113e0016 None None] Acquiring lock "singleton_lock" {{(pid=102109) lock /opt/stack/data/venv/lib/python3.12/site-packages/oslo_concurrency/lockutils.py:395}}
Jul 03 00:57:27.116273 np0000184007 devstack@neutron-api.service[102109]: DEBUG oslo_concurrency.lockutils [None req-efe053cd-9722-43e0-a296-31c2113e0016 None None] Acquired lock "singleton_lock" {{(pid=102109) lock /opt/stack/data/venv/lib/python3.12/site-packages/oslo_concurrency/lockutils.py:398}}
Jul 03 00:57:27.116661 np0000184007 devstack@neutron-api.service[102109]: DEBUG oslo_concurrency.lockutils [None req-efe053cd-9722-43e0-a296-31c2113e0016 None None] Releasing lock "singleton_lock" {{(pid=102109) lock /opt/stack/data/venv/lib/python3.12/site-packages/oslo_concurrency/lockutils.py:418}}
Jul 03 00:57:27.116821 np0000184007 devstack@neutron-api.service[102107]: DEBUG neutron.api.extensions [None req-54065d06-bd36-4d0a-ae7f-4ef129d9f334 None None] Extended resource: tags {{(pid=102107) __init__ /opt/stack/neutron/neutron/api/extensions.py:156}}
Jul 03 00:57:27.119054 np0000184007 devstack@neutron-api.service[102108]: DEBUG neutron.plugins.ml2.drivers.ovn.mech_driver.mech_driver [None req-131673fc-e582-4b16-a7b6-932a75ee0ffb None None] Hash Ring setup using WSGI start time 2026-07-03 00:57:20+00:00 {{(pid=102108) _init_hash_ring /opt/stack/neutron/neutron/plugins/ml2/drivers/ovn/mech_driver/mech_driver.py:404}}
Jul 03 00:57:27.120139 np0000184007 devstack@neutron-api.service[102109]: DEBUG neutron.plugins.ml2.drivers.ovn.mech_driver.mech_driver [None req-efe053cd-9722-43e0-a296-31c2113e0016 None None] Hash Ring setup using WSGI start time 2026-07-03 00:57:20+00:00 {{(pid=102109) _init_hash_ring /opt/stack/neutron/neutron/plugins/ml2/drivers/ovn/mech_driver/mech_driver.py:404}}
Jul 03 00:57:27.126984 np0000184007 devstack@neutron-api.service[102108]: INFO neutron.db.ovn_hash_ring_db [None req-131673fc-e582-4b16-a7b6-932a75ee0ffb None None] Nodes from host "np0000184007" and group "mechanism_driver" removed from the Hash Ring created at 2026-07-03 00:57:20+00:00
Jul 03 00:57:27.128384 np0000184007 devstack@neutron-api.service[102107]: DEBUG neutron_lib.callbacks.manager [None req-54065d06-bd36-4d0a-ae7f-4ef129d9f334 None None] Publish callbacks ['neutron.plugins.ml2.drivers.ovn.mech_driver.mech_driver.OVNMechanismDriver.pre_fork_initialize-969032'] for process (None), before_spawn {{(pid=102107) _notify_loop /opt/stack/data/venv/lib/python3.12/site-packages/neutron_lib/callbacks/manager.py:184}}
