Jun 22 04:50:05.314518 np0000182450 devstack@neutron-api.service[103008]: DEBUG ovsdbapp.backend.ovs_idl [None req-43647376-bf5f-4bba-9f2e-ce745c1346ff None None] Created schema index Datapath_Binding.tunnel_key {{(pid=103008) autocreate_indices /opt/stack/data/venv/lib/python3.12/site-packages/ovsdbapp/backend/ovs_idl/__init__.py:106}}
Jun 22 04:50:05.317979 np0000182450 devstack@neutron-api.service[103008]: INFO ovsdbapp.backend.ovs_idl.vlog [None req-43647376-bf5f-4bba-9f2e-ce745c1346ff None None] ssl:199.204.45.57:6642: connecting...
Jun 22 04:50:05.321698 np0000182450 devstack@neutron-api.service[103008]: INFO ovsdbapp.backend.ovs_idl.vlog [None req-43647376-bf5f-4bba-9f2e-ce745c1346ff None None] ssl:199.204.45.57:6642: connected
Jun 22 04:50:05.353341 np0000182450 devstack@neutron-api.service[103008]: DEBUG neutron.common.ovn.hash_ring_manager [None req-43647376-bf5f-4bba-9f2e-ce745c1346ff None None] Allow caching, nodes 4>=4 {{(pid=103008) _wait_startup_before_caching /opt/stack/neutron/neutron/common/ovn/hash_ring_manager.py:71}}
Jun 22 04:50:05.357962 np0000182450 devstack@neutron-api.service[103008]: DEBUG neutron.common.ovn.hash_ring_manager [None req-43647376-bf5f-4bba-9f2e-ce745c1346ff None None] Hash Ring loaded. 4 active nodes. 0 offline nodes {{(pid=103008) _load_hash_ring /opt/stack/neutron/neutron/common/ovn/hash_ring_manager.py:110}}
Jun 22 04:50:05.358222 np0000182450 devstack@neutron-api.service[103008]: DEBUG neutron.plugins.ml2.drivers.ovn.mech_driver.ovsdb.ovsdb_monitor [None req-43647376-bf5f-4bba-9f2e-ce745c1346ff None None] ChassisOVNAgentWriteEvent : Matched Chassis_Private, create, None None {{(pid=103008) matches /opt/stack/neutron/neutron/plugins/ml2/drivers/ovn/mech_driver/ovsdb/ovsdb_monitor.py:64}}
Jun 22 04:50:05.358305 np0000182450 devstack@neutron-api.service[103008]: DEBUG neutron.plugins.ml2.drivers.ovn.mech_driver.ovsdb.ovsdb_monitor [None req-43647376-bf5f-4bba-9f2e-ce745c1346ff None None] ChassisAgentWriteEvent : Matched Chassis_Private, create, None None {{(pid=103008) matches /opt/stack/neutron/neutron/plugins/ml2/drivers/ovn/mech_driver/ovsdb/ovsdb_monitor.py:64}}
Jun 22 04:50:05.358647 np0000182450 devstack@neutron-api.service[103008]: DEBUG neutron.plugins.ml2.drivers.ovn.mech_driver.ovsdb.ovsdb_monitor [None req-43647376-bf5f-4bba-9f2e-ce745c1346ff None None] Hash Ring: Node e46ffe791e225b649da39a215c562be0 (host: np0000182450) handling event "create" for row aabe31c5-73a8-40a3-beca-40f2dcb6c7eb (table: Chassis_Private) {{(pid=103008) notify /opt/stack/neutron/neutron/plugins/ml2/drivers/ovn/mech_driver/ovsdb/ovsdb_monitor.py:1015}}
Jun 22 04:50:05.361239 np0000182450 devstack@neutron-api.service[103008]: INFO neutron.plugins.ml2.drivers.ovn.mech_driver.mech_driver [None req-43647376-bf5f-4bba-9f2e-ce745c1346ff None None] WorkerService process has finished the post initialization
Jun 22 04:50:05.361570 np0000182450 devstack@neutron-api.service[103008]: DEBUG oslo_concurrency.processutils [None req-43647376-bf5f-4bba-9f2e-ce745c1346ff None None] Running cmd (subprocess): ovsdb-client transact ssl:199.204.45.57:6641 --timeout 180 -p /opt/stack/data/CA/int-ca/private/devstack-cert.key -c /opt/stack/data/CA/int-ca/devstack-cert.crt -C /opt/stack/data/CA/int-ca/ca-chain.pem ["OVN_Northbound", {"op": "wait", "timeout": 0, "table": "Port_Group", "where": [["name", "==", "pvlan_pg_drop"]], "until": "==", "rows": []}, {"op": "insert", "table": "ACL", "row": {"action": "drop", "direction": "to-lport", "match": "outport == @pvlan_pg_drop && ip", "priority": 1010}, "uuid-name": "pvlandroptoport"}, {"op": "insert", "table": "ACL", "row": {"action": "drop", "direction": "from-lport", "match": "inport == @pvlan_pg_drop && ip", "priority": 1010}, "uuid-name": "pvlandropfromport"}, {"op": "insert", "table": "Port_Group", "row": {"name": "pvlan_pg_drop", "acls": ["set", [["named-uuid", "pvlandroptoport"], ["named-uuid", "pvlandropfromport"]]]}}] {{(pid=103008) execute /opt/stack/data/venv/lib/python3.12/site-packages/oslo_concurrency/processutils.py:440}}
Jun 22 04:50:05.401510 np0000182450 devstack@neutron-api.service[103008]: DEBUG oslo_concurrency.processutils [None req-43647376-bf5f-4bba-9f2e-ce745c1346ff None None] CMD "ovsdb-client transact ssl:199.204.45.57:6641 --timeout 180 -p /opt/stack/data/CA/int-ca/private/devstack-cert.key -c /opt/stack/data/CA/int-ca/devstack-cert.crt -C /opt/stack/data/CA/int-ca/ca-chain.pem ["OVN_Northbound", {"op": "wait", "timeout": 0, "table": "Port_Group", "where": [["name", "==", "pvlan_pg_drop"]], "until": "==", "rows": []}, {"op": "insert", "table": "ACL", "row": {"action": "drop", "direction": "to-lport", "match": "outport == @pvlan_pg_drop && ip", "priority": 1010}, "uuid-name": "pvlandroptoport"}, {"op": "insert", "table": "ACL", "row": {"action": "drop", "direction": "from-lport", "match": "inport == @pvlan_pg_drop && ip", "priority": 1010}, "uuid-name": "pvlandropfromport"}, {"op": "insert", "table": "Port_Group", "row": {"name": "pvlan_pg_drop", "acls": ["set", [["named-uuid", "pvlandroptoport"], ["named-uuid", "pvlandropfromport"]]]}}]" returned: 0 in 0.039s {{(pid=103008) execute /opt/stack/data/venv/lib/python3.12/site-packages/oslo_concurrency/processutils.py:468}}
Jun 22 04:50:05.405530 np0000182450 devstack@neutron-api.service[103008]: WSGI app 0 (mountpoint='') ready in 8 seconds on interpreter 0x7f92ba0a3668 pid: 103008 (default app)
Jun 22 04:50:06.673360 np0000182450 devstack@neutron-api.service[103006]: DEBUG neutron.common.ovn.hash_ring_manager [-] Allow caching, nodes 4>=4 {{(pid=103006) _wait_startup_before_caching /opt/stack/neutron/neutron/common/ovn/hash_ring_manager.py:71}}
Jun 22 04:50:06.673360 np0000182450 devstack@neutron-api.service[103006]: DEBUG neutron.plugins.ml2.drivers.ovn.mech_driver.ovsdb.ovsdb_monitor [-] Hash Ring: Node 05cd82da421a58aa9eb0e568b545ceee (host: np0000182450) handling event "update" for row 8405f5ac-8995-4c5b-ae57-30032d5489fe (table: Connection) {{(pid=103006) notify /opt/stack/neutron/neutron/plugins/ml2/drivers/ovn/mech_driver/ovsdb/ovsdb_monitor.py:1015}}
Jun 22 04:50:06.679125 np0000182450 devstack@neutron-api.service[103009]: DEBUG neutron.common.ovn.hash_ring_manager [-] Allow caching, nodes 4>=4 {{(pid=103009) _wait_startup_before_caching /opt/stack/neutron/neutron/common/ovn/hash_ring_manager.py:71}}
Jun 22 04:50:06.679511 np0000182450 devstack@neutron-api.service[103009]: DEBUG neutron.plugins.ml2.drivers.ovn.mech_driver.ovsdb.ovsdb_monitor [-] Hash Ring: Node 910e888141735fed97d47ae408793ccc (host: np0000182450) handling event "update" for row 8405f5ac-8995-4c5b-ae57-30032d5489fe (table: Connection) {{(pid=103009) notify /opt/stack/neutron/neutron/plugins/ml2/drivers/ovn/mech_driver/ovsdb/ovsdb_monitor.py:1015}}
Jun 22 04:50:09.223239 np0000182450 devstack@neutron-api.service[103006]: DEBUG neutron.plugins.ml2.drivers.ovn.mech_driver.ovsdb.ovsdb_monitor [-] Hash Ring: Node 05cd82da421a58aa9eb0e568b545ceee (host: np0000182450) handling event "update" for row 8405f5ac-8995-4c5b-ae57-30032d5489fe (table: Connection) {{(pid=103006) notify /opt/stack/neutron/neutron/plugins/ml2/drivers/ovn/mech_driver/ovsdb/ovsdb_monitor.py:1015}}
Jun 22 04:50:09.223946 np0000182450 devstack@neutron-api.service[103009]: DEBUG neutron.plugins.ml2.drivers.ovn.mech_driver.ovsdb.ovsdb_monitor [-] Hash Ring: Node 910e888141735fed97d47ae408793ccc (host: np0000182450) handling event "update" for row 8405f5ac-8995-4c5b-ae57-30032d5489fe (table: Connection) {{(pid=103009) notify /opt/stack/neutron/neutron/plugins/ml2/drivers/ovn/mech_driver/ovsdb/ovsdb_monitor.py:1015}}
Jun 22 04:50:11.249425 np0000182450 devstack@neutron-api.service[103006]: DEBUG neutron.api.wsgi [None req-0dbcb785-4c02-4362-9482-dd66118d21cf admin admin] Missing Content-Type {{(pid=103006) get_content_type /opt/stack/neutron/neutron/api/wsgi.py:80}}
Jun 22 04:50:11.250507 np0000182450 devstack@neutron-api.service[103006]: DEBUG neutron.api.wsgi [None req-0dbcb785-4c02-4362-9482-dd66118d21cf admin admin] https://199.204.45.57/networking/v2.0/extensions returned with HTTP 200 {{(pid=103006) __call__ /opt/stack/neutron/neutron/api/wsgi.py:540}}
Jun 22 04:50:11.250507 np0000182450 devstack@neutron-api.service[103006]: [pid: 103006|app: 0|req: 2/2] 199.204.45.57 () {64 vars in 1316 bytes} [Mon Jun 22 04:50:10 2026] GET /networking/v2.0/extensions => generated 16171 bytes in 428 msecs (HTTP/1.1 200) 4 headers in 159 bytes (1 switches on core 0)
Jun 22 04:50:11.682357 np0000182450 devstack@neutron-api.service[103009]: DEBUG neutron.api.v2.base [None req-5a2a0b98-82fd-4506-97c6-119e5962317d admin admin] Request body: {'subnetpool': {'shared': True, 'name': 'shared-default-subnetpool-v4', 'prefixes': ['10.1.0.0/20'], 'is_default': True, 'default_prefixlen': 26}} {{(pid=103009) prepare_request_body /opt/stack/neutron/neutron/api/v2/base.py:727}}
Jun 22 04:50:11.888901 np0000182450 devstack@neutron-api.service[103009]: DEBUG neutron.policy [None req-5a2a0b98-82fd-4506-97c6-119e5962317d admin admin] Loaded default policies from ['neutron'] under neutron.policies entry points {{(pid=103009) register_rules /opt/stack/neutron/neutron/policy.py:65}}
Jun 22 04:50:12.062779 np0000182450 devstack@neutron-api.service[103009]: DEBUG neutron_lib.callbacks.manager [None req-5a2a0b98-82fd-4506-97c6-119e5962317d admin admin] Publish callbacks ['neutron.objects.securitygroup.RbacNeutronDbObjectMixin.validate_rbac_policy_change-2598037330039', 'neutron.objects.address_group.RbacNeutronDbObjectMixin.validate_rbac_policy_change-2598037095379', 'neutron.objects.network.RbacNeutronDbObjectMixin.validate_rbac_policy_change-2598037230924', 'neutron.objects.qos.policy.RbacNeutronDbObjectMixin.validate_rbac_policy_change-2598037270650', 'neutron.objects.subnetpool.RbacNeutronDbObjectMixin.validate_rbac_policy_change-2598037268965', 'neutron.objects.address_scope.RbacNeutronDbObjectMixin.validate_rbac_policy_change-2598037435894', 'neutron.plugins.ml2.plugin.External_net_db_mixin._process_ext_policy_create-72717', 'neutron.plugins.ml2.plugin.NeutronDbPluginV2.validate_network_rbac_policy_change-95249'] for rbac-policy (None), before_create {{(pid=103009) _notify_loop /opt/stack/data/venv/lib/python3.12/site-packages/neutron_lib/callbacks/manager.py:184}}
Jun 22 04:50:12.115450 np0000182450 devstack@neutron-api.service[103009]: DEBUG neutron_lib.callbacks.manager [None req-5a2a0b98-82fd-4506-97c6-119e5962317d admin admin] Publish callbacks [] for subnetpool (None), before_response {{(pid=103009) _notify_loop /opt/stack/data/venv/lib/python3.12/site-packages/neutron_lib/callbacks/manager.py:184}}
Jun 22 04:50:12.116113 np0000182450 devstack@neutron-api.service[103009]: [pid: 103009|app: 0|req: 1/3] 199.204.45.57 () {68 vars in 1360 bytes} [Mon Jun 22 04:50:11 2026] POST /networking/v2.0/subnetpools => generated 533 bytes in 554 msecs (HTTP/1.1 201) 4 headers in 162 bytes (1 switches on core 0)
Jun 22 04:50:12.456767 np0000182450 devstack@neutron-api.service[103007]: DEBUG neutron.api.v2.base [None req-663ef1e6-b5ad-4a1f-8a85-8b3123bbff4d admin admin] Request body: {'subnetpool': {'shared': True, 'name': 'shared-default-subnetpool-v6', 'prefixes': ['fde2:e1a7:b133::/56'], 'is_default': True, 'default_prefixlen': 64}} {{(pid=103007) prepare_request_body /opt/stack/neutron/neutron/api/v2/base.py:727}}
Jun 22 04:50:12.654360 np0000182450 devstack@neutron-api.service[103007]: DEBUG neutron.policy [None req-663ef1e6-b5ad-4a1f-8a85-8b3123bbff4d admin admin] Loaded default policies from ['neutron'] under neutron.policies entry points {{(pid=103007) register_rules /opt/stack/neutron/neutron/policy.py:65}}
Jun 22 04:50:12.815307 np0000182450 devstack@neutron-api.service[103007]: DEBUG neutron_lib.callbacks.manager [None req-663ef1e6-b5ad-4a1f-8a85-8b3123bbff4d admin admin] Publish callbacks ['neutron.objects.securitygroup.RbacNeutronDbObjectMixin.validate_rbac_policy_change-2598037138854', 'neutron.objects.address_group.RbacNeutronDbObjectMixin.validate_rbac_policy_change-2598037144868', 'neutron.objects.network.RbacNeutronDbObjectMixin.validate_rbac_policy_change-2598037175639', 'neutron.objects.qos.policy.RbacNeutronDbObjectMixin.validate_rbac_policy_change-2598037167140', 'neutron.objects.subnetpool.RbacNeutronDbObjectMixin.validate_rbac_policy_change-2598037179295', 'neutron.objects.address_scope.RbacNeutronDbObjectMixin.validate_rbac_policy_change-2598037214724', 'neutron.plugins.ml2.plugin.External_net_db_mixin._process_ext_policy_create-368340', 'neutron.plugins.ml2.plugin.NeutronDbPluginV2.validate_network_rbac_policy_change-395004'] for rbac-policy (None), before_create {{(pid=103007) _notify_loop /opt/stack/data/venv/lib/python3.12/site-packages/neutron_lib/callbacks/manager.py:184}}
Jun 22 04:50:12.861163 np0000182450 devstack@neutron-api.service[103007]: DEBUG neutron_lib.callbacks.manager [None req-663ef1e6-b5ad-4a1f-8a85-8b3123bbff4d admin admin] Publish callbacks [] for subnetpool (None), before_response {{(pid=103007) _notify_loop /opt/stack/data/venv/lib/python3.12/site-packages/neutron_lib/callbacks/manager.py:184}}
Jun 22 04:50:12.861813 np0000182450 devstack@neutron-api.service[103007]: [pid: 103007|app: 0|req: 1/4] 199.204.45.57 () {68 vars in 1360 bytes} [Mon Jun 22 04:50:12 2026] POST /networking/v2.0/subnetpools => generated 543 bytes in 534 msecs (HTTP/1.1 201) 4 headers in 162 bytes (1 switches on core 0)
Jun 22 04:50:13.281230 np0000182450 devstack@neutron-api.service[103008]: DEBUG neutron.api.v2.base [None req-ef88987e-7967-4e74-b1a1-7c82914d387b admin admin] Request body: {'network': {'admin_state_up': True, 'name': 'private'}} {{(pid=103008) prepare_request_body /opt/stack/neutron/neutron/api/v2/base.py:727}}
Jun 22 04:50:13.320139 np0000182450 devstack@neutron-api.service[103008]: DEBUG neutron.pecan_wsgi.hooks.quota_enforcement [None req-ef88987e-7967-4e74-b1a1-7c82914d387b admin admin] Made reservation on behalf of 7ad3f989e6914e87ad2bd581b50ab96f for: {'network': 1} {{(pid=103008) before /opt/stack/neutron/neutron/pecan_wsgi/hooks/quota_enforcement.py:66}}
Jun 22 04:50:13.501437 np0000182450 devstack@neutron-api.service[103008]: DEBUG neutron.policy [None req-ef88987e-7967-4e74-b1a1-7c82914d387b admin admin] Loaded default policies from ['neutron'] under neutron.policies entry points {{(pid=103008) register_rules /opt/stack/neutron/neutron/policy.py:65}}
Jun 22 04:50:13.605862 np0000182450 devstack@neutron-api.service[103008]: DEBUG neutron_lib.callbacks.manager [None req-ef88987e-7967-4e74-b1a1-7c82914d387b admin admin] Publish callbacks ['neutron.plugins.ml2.plugin.SecurityGroupDbMixin._ensure_default_security_group_handler-210346'] for network (None), before_create {{(pid=103008) _notify_loop /opt/stack/data/venv/lib/python3.12/site-packages/neutron_lib/callbacks/manager.py:184}}
Jun 22 04:50:13.626086 np0000182450 devstack@neutron-api.service[103008]: DEBUG neutron_lib.callbacks.manager [None req-ef88987e-7967-4e74-b1a1-7c82914d387b admin admin] Publish callbacks [] for security_group (None), before_create {{(pid=103008) _notify_loop /opt/stack/data/venv/lib/python3.12/site-packages/neutron_lib/callbacks/manager.py:184}}
Jun 22 04:50:13.724423 np0000182450 devstack@neutron-api.service[103008]: DEBUG neutron_lib.callbacks.manager [None req-ef88987e-7967-4e74-b1a1-7c82914d387b admin admin] Publish callbacks ['neutron.plugins.ml2.drivers.ovn.mech_driver.mech_driver.OVNMechanismDriver._create_security_group_precommit-1798511'] for security_group (a2006c32-878d-4dc9-9779-5a3bde7e187a), precommit_create {{(pid=103008) _notify_loop /opt/stack/data/venv/lib/python3.12/site-packages/neutron_lib/callbacks/manager.py:184}}
Jun 22 04:50:13.724601 np0000182450 devstack@neutron-api.service[103008]: DEBUG neutron.db.ovn_revision_numbers_db [None req-ef88987e-7967-4e74-b1a1-7c82914d387b admin admin] create_initial_revision uuid=a2006c32-878d-4dc9-9779-5a3bde7e187a, type=security_groups, rev=-1 {{(pid=103008) create_initial_revision /opt/stack/neutron/neutron/db/ovn_revision_numbers_db.py:98}}
Jun 22 04:50:13.726749 np0000182450 devstack@neutron-api.service[103008]: DEBUG neutron.db.ovn_revision_numbers_db [None req-ef88987e-7967-4e74-b1a1-7c82914d387b admin admin] create_initial_revision uuid=3f782605-a50d-4cdc-a415-cc40e90b44d5, type=security_group_rules, rev=-1 {{(pid=103008) create_initial_revision /opt/stack/neutron/neutron/db/ovn_revision_numbers_db.py:98}}
Jun 22 04:50:13.727712 np0000182450 devstack@neutron-api.service[103008]: DEBUG neutron.db.ovn_revision_numbers_db [None req-ef88987e-7967-4e74-b1a1-7c82914d387b admin admin] create_initial_revision uuid=b6888607-fbe0-4ae9-94b2-53b54d475849, type=security_group_rules, rev=-1 {{(pid=103008) create_initial_revision /opt/stack/neutron/neutron/db/ovn_revision_numbers_db.py:98}}
Jun 22 04:50:13.728581 np0000182450 devstack@neutron-api.service[103008]: DEBUG neutron.db.ovn_revision_numbers_db [None req-ef88987e-7967-4e74-b1a1-7c82914d387b admin admin] create_initial_revision uuid=bce84a9d-da72-4ce5-9e23-e33a31d51ec9, type=security_group_rules, rev=-1 {{(pid=103008) create_initial_revision /opt/stack/neutron/neutron/db/ovn_revision_numbers_db.py:98}}
Jun 22 04:50:13.729532 np0000182450 devstack@neutron-api.service[103008]: DEBUG neutron.db.ovn_revision_numbers_db [None req-ef88987e-7967-4e74-b1a1-7c82914d387b admin admin] create_initial_revision uuid=f235954d-7750-4a10-914a-01429b2b9cf1, type=security_group_rules, rev=-1 {{(pid=103008) create_initial_revision /opt/stack/neutron/neutron/db/ovn_revision_numbers_db.py:98}}
Jun 22 04:50:13.736802 np0000182450 devstack@neutron-api.service[103008]: DEBUG neutron_lib.callbacks.manager [None req-ef88987e-7967-4e74-b1a1-7c82914d387b admin admin] Publish callbacks ['neutron.plugins.ml2.drivers.ovn.mech_driver.mech_driver.OVNMechanismDriver._create_security_group-1798297', 'neutron.plugins.ml2.ovo_rpc._ObjectChangeHandler.handle_event-3037148'] for security_group (a2006c32-878d-4dc9-9779-5a3bde7e187a), after_create {{(pid=103008) _notify_loop /opt/stack/data/venv/lib/python3.12/site-packages/neutron_lib/callbacks/manager.py:184}}
Jun 22 04:50:13.737031 np0000182450 devstack@neutron-api.service[103008]: INFO neutron.plugins.ml2.drivers.ovn.mech_driver.ovsdb.extensions.qos [None req-ef88987e-7967-4e74-b1a1-7c82914d387b admin admin] Starting OVNClientQosExtension
Jun 22 04:50:13.737220 np0000182450 devstack@neutron-api.service[103008]: INFO neutron.plugins.ml2.drivers.ovn.mech_driver.ovsdb.extensions.placement [None req-ef88987e-7967-4e74-b1a1-7c82914d387b admin admin] Starting OVNClientPlacementExtension
Jun 22 04:50:13.739162 np0000182450 devstack@neutron-api.service[103008]: DEBUG ovsdbapp.backend.ovs_idl.transaction [-] Running txn n=1 command(idx=0): PgAddCommand(_result=None, name=pg_a2006c32_878d_4dc9_9779_5a3bde7e187a, may_exist=False, columns={'acls': [], 'external_ids': {'neutron:security_group_id': 'a2006c32-878d-4dc9-9779-5a3bde7e187a'}}) {{(pid=103008) do_commit /opt/stack/data/venv/lib/python3.12/site-packages/ovsdbapp/backend/ovs_idl/transaction.py:89}}
Jun 22 04:50:13.742009 np0000182450 devstack@neutron-api.service[103008]: DEBUG ovsdbapp.backend.ovs_idl.transaction [-] Running txn n=1 command(idx=1): PgAclAddCommand(_result=None, entity=pg_a2006c32_878d_4dc9_9779_5a3bde7e187a, direction=from-lport, priority=1002, match=inport == @pg_a2006c32_878d_4dc9_9779_5a3bde7e187a && ip4, action=allow-related, log=False, may_exist=True, severity=[], name=[], meter=[], external_ids={'neutron:security_group_rule_id': '3f782605-a50d-4cdc-a415-cc40e90b44d5'}) {{(pid=103008) do_commit /opt/stack/data/venv/lib/python3.12/site-packages/ovsdbapp/backend/ovs_idl/transaction.py:89}}
Jun 22 04:50:13.742762 np0000182450 devstack@neutron-api.service[103008]: DEBUG ovsdbapp.backend.ovs_idl.transaction [-] Running txn n=1 command(idx=2): PgAclAddCommand(_result=None, entity=pg_a2006c32_878d_4dc9_9779_5a3bde7e187a, direction=to-lport, priority=1002, match=outport == @pg_a2006c32_878d_4dc9_9779_5a3bde7e187a && ip4 && ip4.src == $pg_a2006c32_878d_4dc9_9779_5a3bde7e187a_ip4, action=allow-related, log=False, may_exist=True, severity=[], name=[], meter=[], external_ids={'neutron:security_group_rule_id': 'b6888607-fbe0-4ae9-94b2-53b54d475849'}) {{(pid=103008) do_commit /opt/stack/data/venv/lib/python3.12/site-packages/ovsdbapp/backend/ovs_idl/transaction.py:89}}
Jun 22 04:50:13.743330 np0000182450 devstack@neutron-api.service[103008]: DEBUG ovsdbapp.backend.ovs_idl.transaction [-] Running txn n=1 command(idx=3): PgAclAddCommand(_result=None, entity=pg_a2006c32_878d_4dc9_9779_5a3bde7e187a, direction=to-lport, priority=1002, match=outport == @pg_a2006c32_878d_4dc9_9779_5a3bde7e187a && ip6 && ip6.src == $pg_a2006c32_878d_4dc9_9779_5a3bde7e187a_ip6, action=allow-related, log=False, may_exist=True, severity=[], name=[], meter=[], external_ids={'neutron:security_group_rule_id': 'bce84a9d-da72-4ce5-9e23-e33a31d51ec9'}) {{(pid=103008) do_commit /opt/stack/data/venv/lib/python3.12/site-packages/ovsdbapp/backend/ovs_idl/transaction.py:89}}
Jun 22 04:50:13.743787 np0000182450 devstack@neutron-api.service[103008]: DEBUG ovsdbapp.backend.ovs_idl.transaction [-] Running txn n=1 command(idx=4): PgAclAddCommand(_result=None, entity=pg_a2006c32_878d_4dc9_9779_5a3bde7e187a, direction=from-lport, priority=1002, match=inport == @pg_a2006c32_878d_4dc9_9779_5a3bde7e187a && ip6, action=allow-related, log=False, may_exist=True, severity=[], name=[], meter=[], external_ids={'neutron:security_group_rule_id': 'f235954d-7750-4a10-914a-01429b2b9cf1'}) {{(pid=103008) do_commit /opt/stack/data/venv/lib/python3.12/site-packages/ovsdbapp/backend/ovs_idl/transaction.py:89}}
Jun 22 04:50:13.752099 np0000182450 devstack@neutron-api.service[103008]: DEBUG neutron.plugins.ml2.drivers.ovn.mech_driver.ovsdb.ovsdb_monitor [-] Hash Ring: Node e46ffe791e225b649da39a215c562be0 (host: np0000182450) handling event "create" for row 1a696a80-898d-4b34-b53d-d79e53b663c7 (table: ACL) {{(pid=103008) notify /opt/stack/neutron/neutron/plugins/ml2/drivers/ovn/mech_driver/ovsdb/ovsdb_monitor.py:1015}}
Jun 22 04:50:13.752453 np0000182450 devstack@neutron-api.service[103008]: DEBUG neutron.plugins.ml2.drivers.ovn.mech_driver.ovsdb.ovsdb_monitor [-] Hash Ring: Node e46ffe791e225b649da39a215c562be0 (host: np0000182450) handling event "create" for row 548d2b52-e8df-4572-a33e-46cf51f30c09 (table: ACL) {{(pid=103008) notify /opt/stack/neutron/neutron/plugins/ml2/drivers/ovn/mech_driver/ovsdb/ovsdb_monitor.py:1015}}
Jun 22 04:50:13.752749 np0000182450 devstack@neutron-api.service[103008]: DEBUG neutron.plugins.ml2.drivers.ovn.mech_driver.ovsdb.ovsdb_monitor [-] Hash Ring: Node e46ffe791e225b649da39a215c562be0 (host: np0000182450) handling event "create" for row b70f60f0-7c0c-4393-8c67-8e55ce43f2f6 (table: ACL) {{(pid=103008) notify /opt/stack/neutron/neutron/plugins/ml2/drivers/ovn/mech_driver/ovsdb/ovsdb_monitor.py:1015}}
Jun 22 04:50:13.753295 np0000182450 devstack@neutron-api.service[103008]: DEBUG neutron.plugins.ml2.drivers.ovn.mech_driver.ovsdb.ovsdb_monitor [-] Hash Ring: Node e46ffe791e225b649da39a215c562be0 (host: np0000182450) handling event "create" for row aedbb14f-645b-46b1-847b-cab0cda50a9d (table: Port_Group) {{(pid=103008) notify /opt/stack/neutron/neutron/plugins/ml2/drivers/ovn/mech_driver/ovsdb/ovsdb_monitor.py:1015}}
Jun 22 04:50:13.756088 np0000182450 devstack@neutron-api.service[103006]: DEBUG neutron.plugins.ml2.drivers.ovn.mech_driver.ovsdb.ovsdb_monitor [-] Hash Ring: Node 05cd82da421a58aa9eb0e568b545ceee (host: np0000182450) handling event "create" for row 1a696a80-898d-4b34-b53d-d79e53b663c7 (table: ACL) {{(pid=103006) notify /opt/stack/neutron/neutron/plugins/ml2/drivers/ovn/mech_driver/ovsdb/ovsdb_monitor.py:1015}}
Jun 22 04:50:13.756088 np0000182450 devstack@neutron-api.service[103006]: DEBUG neutron.plugins.ml2.drivers.ovn.mech_driver.ovsdb.ovsdb_monitor [-] Hash Ring: Node 05cd82da421a58aa9eb0e568b545ceee (host: np0000182450) handling event "create" for row 548d2b52-e8df-4572-a33e-46cf51f30c09 (table: ACL) {{(pid=103006) notify /opt/stack/neutron/neutron/plugins/ml2/drivers/ovn/mech_driver/ovsdb/ovsdb_monitor.py:1015}}
Jun 22 04:50:13.756088 np0000182450 devstack@neutron-api.service[103006]: DEBUG neutron.plugins.ml2.drivers.ovn.mech_driver.ovsdb.ovsdb_monitor [-] Hash Ring: Node 05cd82da421a58aa9eb0e568b545ceee (host: np0000182450) handling event "create" for row b70f60f0-7c0c-4393-8c67-8e55ce43f2f6 (table: ACL) {{(pid=103006) notify /opt/stack/neutron/neutron/plugins/ml2/drivers/ovn/mech_driver/ovsdb/ovsdb_monitor.py:1015}}
Jun 22 04:50:13.756655 np0000182450 devstack@neutron-api.service[103006]: DEBUG neutron.plugins.ml2.drivers.ovn.mech_driver.ovsdb.ovsdb_monitor [-] Hash Ring: Node 05cd82da421a58aa9eb0e568b545ceee (host: np0000182450) handling event "create" for row c7b3c022-fcd4-42c8-90de-40b293409613 (table: ACL) {{(pid=103006) notify /opt/stack/neutron/neutron/plugins/ml2/drivers/ovn/mech_driver/ovsdb/ovsdb_monitor.py:1015}}
Jun 22 04:50:13.756655 np0000182450 devstack@neutron-api.service[103006]: DEBUG neutron.plugins.ml2.drivers.ovn.mech_driver.ovsdb.ovsdb_monitor [-] Hash Ring: Node 05cd82da421a58aa9eb0e568b545ceee (host: np0000182450) handling event "create" for row aedbb14f-645b-46b1-847b-cab0cda50a9d (table: Port_Group) {{(pid=103006) notify /opt/stack/neutron/neutron/plugins/ml2/drivers/ovn/mech_driver/ovsdb/ovsdb_monitor.py:1015}}
Jun 22 04:50:13.763135 np0000182450 devstack@neutron-api.service[103009]: DEBUG neutron.plugins.ml2.drivers.ovn.mech_driver.ovsdb.ovsdb_monitor [-] Hash Ring: Node 910e888141735fed97d47ae408793ccc (host: np0000182450) handling event "create" for row 1a696a80-898d-4b34-b53d-d79e53b663c7 (table: ACL) {{(pid=103009) notify /opt/stack/neutron/neutron/plugins/ml2/drivers/ovn/mech_driver/ovsdb/ovsdb_monitor.py:1015}}
Jun 22 04:50:13.763135 np0000182450 devstack@neutron-api.service[103009]: DEBUG neutron.plugins.ml2.drivers.ovn.mech_driver.ovsdb.ovsdb_monitor [-] Hash Ring: Node 910e888141735fed97d47ae408793ccc (host: np0000182450) handling event "create" for row b70f60f0-7c0c-4393-8c67-8e55ce43f2f6 (table: ACL) {{(pid=103009) notify /opt/stack/neutron/neutron/plugins/ml2/drivers/ovn/mech_driver/ovsdb/ovsdb_monitor.py:1015}}
Jun 22 04:50:13.763135 np0000182450 devstack@neutron-api.service[103009]: DEBUG neutron.plugins.ml2.drivers.ovn.mech_driver.ovsdb.ovsdb_monitor [-] Hash Ring: Node 910e888141735fed97d47ae408793ccc (host: np0000182450) handling event "create" for row c7b3c022-fcd4-42c8-90de-40b293409613 (table: ACL) {{(pid=103009) notify /opt/stack/neutron/neutron/plugins/ml2/drivers/ovn/mech_driver/ovsdb/ovsdb_monitor.py:1015}}
Jun 22 04:50:13.763135 np0000182450 devstack@neutron-api.service[103009]: DEBUG neutron.plugins.ml2.drivers.ovn.mech_driver.ovsdb.ovsdb_monitor [-] Hash Ring: Node 910e888141735fed97d47ae408793ccc (host: np0000182450) handling event "create" for row aedbb14f-645b-46b1-847b-cab0cda50a9d (table: Port_Group) {{(pid=103009) notify /opt/stack/neutron/neutron/plugins/ml2/drivers/ovn/mech_driver/ovsdb/ovsdb_monitor.py:1015}}
Jun 22 04:50:13.783250 np0000182450 devstack@neutron-api.service[103008]: INFO neutron.db.ovn_revision_numbers_db [None req-ef88987e-7967-4e74-b1a1-7c82914d387b admin admin] Successfully bumped revision number for resource a2006c32-878d-4dc9-9779-5a3bde7e187a (type: security_groups) to 1
Jun 22 04:50:13.802616 np0000182450 devstack@neutron-api.service[103008]: INFO neutron.db.ovn_revision_numbers_db [None req-ef88987e-7967-4e74-b1a1-7c82914d387b admin admin] Successfully bumped revision number for resource 3f782605-a50d-4cdc-a415-cc40e90b44d5 (type: security_group_rules) to 0
Jun 22 04:50:13.815927 np0000182450 devstack@neutron-api.service[103008]: INFO neutron.db.ovn_revision_numbers_db [None req-ef88987e-7967-4e74-b1a1-7c82914d387b admin admin] Successfully bumped revision number for resource b6888607-fbe0-4ae9-94b2-53b54d475849 (type: security_group_rules) to 0
Jun 22 04:50:13.829150 np0000182450 devstack@neutron-api.service[103008]: INFO neutron.db.ovn_revision_numbers_db [None req-ef88987e-7967-4e74-b1a1-7c82914d387b admin admin] Successfully bumped revision number for resource bce84a9d-da72-4ce5-9e23-e33a31d51ec9 (type: security_group_rules) to 0
Jun 22 04:50:13.845466 np0000182450 devstack@neutron-api.service[103008]: INFO neutron.db.ovn_revision_numbers_db [None req-ef88987e-7967-4e74-b1a1-7c82914d387b admin admin] Successfully bumped revision number for resource f235954d-7750-4a10-914a-01429b2b9cf1 (type: security_group_rules) to 0
Jun 22 04:50:13.869432 np0000182450 devstack@neutron-api.service[103008]: DEBUG neutron.api.rpc.handlers.resources_rpc [None req-ef88987e-7967-4e74-b1a1-7c82914d387b admin admin] Pushing event updated for resources: {'SecurityGroup': ['ID=a2006c32-878d-4dc9-9779-5a3bde7e187a,revision_number=1']} {{(pid=103008) push /opt/stack/neutron/neutron/api/rpc/handlers/resources_rpc.py:237}}
Jun 22 04:50:13.877194 np0000182450 devstack@neutron-api.service[103008]: DEBUG ovsdbapp.backend.ovs_idl.transaction [-] Running txn n=1 command(idx=0): CheckLivenessCommand(_result=None) {{(pid=103008) do_commit /opt/stack/data/venv/lib/python3.12/site-packages/ovsdbapp/backend/ovs_idl/transaction.py:89}}
Jun 22 04:50:13.883966 np0000182450 devstack@neutron-api.service[103008]: DEBUG neutron.api.rpc.callbacks.version_manager [None req-ef88987e-7967-4e74-b1a1-7c82914d387b admin admin] Tracked resource versions report:
Jun 22 04:50:13.883966 np0000182450 devstack@neutron-api.service[103008]: pushed versions:
Jun 22 04:50:13.883966 np0000182450 devstack@neutron-api.service[103008]: { 'AddressGroup': {'1.2'},
Jun 22 04:50:13.883966 np0000182450 devstack@neutron-api.service[103008]: 'Agent': {'1.1'},
Jun 22 04:50:13.883966 np0000182450 devstack@neutron-api.service[103008]: 'ConntrackHelper': {'1.0'},
Jun 22 04:50:13.883966 np0000182450 devstack@neutron-api.service[103008]: 'LocalIPAssociation': {'1.0'},
Jun 22 04:50:13.883966 np0000182450 devstack@neutron-api.service[103008]: 'Log': {'1.0'},
Jun 22 04:50:13.883966 np0000182450 devstack@neutron-api.service[103008]: 'NDPProxy': {'1.0'},
Jun 22 04:50:13.883966 np0000182450 devstack@neutron-api.service[103008]: 'Network': {'1.3'},
Jun 22 04:50:13.883966 np0000182450 devstack@neutron-api.service[103008]: 'Port': {'1.11'},
Jun 22 04:50:13.883966 np0000182450 devstack@neutron-api.service[103008]: 'PortForwarding': {'1.3'},
Jun 22 04:50:13.883966 np0000182450 devstack@neutron-api.service[103008]: 'QosPolicy': {'1.10'},
Jun 22 04:50:13.883966 np0000182450 devstack@neutron-api.service[103008]: 'SecurityGroup': {'1.6'},
Jun 22 04:50:13.883966 np0000182450 devstack@neutron-api.service[103008]: 'SecurityGroupRule': {'1.3'},
Jun 22 04:50:13.883966 np0000182450 devstack@neutron-api.service[103008]: 'SubPort': {'1.0'},
Jun 22 04:50:13.883966 np0000182450 devstack@neutron-api.service[103008]: 'Subnet': {'1.2'},
Jun 22 04:50:13.883966 np0000182450 devstack@neutron-api.service[103008]: 'Trunk': {'1.1'}}
Jun 22 04:50:13.883966 np0000182450 devstack@neutron-api.service[103008]: consumer versions:
Jun 22 04:50:13.883966 np0000182450 devstack@neutron-api.service[103008]: {}
Jun 22 04:50:13.883966 np0000182450 devstack@neutron-api.service[103008]: {{(pid=103008) report /opt/stack/neutron/neutron/api/rpc/callbacks/version_manager.py:183}}
Jun 22 04:50:13.886920 np0000182450 devstack@neutron-api.service[103009]: DEBUG neutron.plugins.ml2.drivers.ovn.mech_driver.ovsdb.ovsdb_monitor [-] Hash Ring: Node 910e888141735fed97d47ae408793ccc (host: np0000182450) handling event "update" for row 9dd5f7be-46a0-49ed-8d5b-a6c402d32fc1 (table: NB_Global) {{(pid=103009) notify /opt/stack/neutron/neutron/plugins/ml2/drivers/ovn/mech_driver/ovsdb/ovsdb_monitor.py:1015}}
Jun 22 04:50:13.887173 np0000182450 devstack@neutron-api.service[103006]: DEBUG neutron.plugins.ml2.drivers.ovn.mech_driver.ovsdb.ovsdb_monitor [-] Hash Ring: Node 05cd82da421a58aa9eb0e568b545ceee (host: np0000182450) handling event "update" for row 9dd5f7be-46a0-49ed-8d5b-a6c402d32fc1 (table: NB_Global) {{(pid=103006) notify /opt/stack/neutron/neutron/plugins/ml2/drivers/ovn/mech_driver/ovsdb/ovsdb_monitor.py:1015}}
Jun 22 04:50:13.887468 np0000182450 devstack@neutron-api.service[103009]: DEBUG neutron.plugins.ml2.drivers.ovn.mech_driver.ovsdb.ovsdb_monitor [-] Hash Ring: Node 910e888141735fed97d47ae408793ccc (host: np0000182450) handling event "update" for row 9dd5f7be-46a0-49ed-8d5b-a6c402d32fc1 (table: NB_Global) {{(pid=103009) notify /opt/stack/neutron/neutron/plugins/ml2/drivers/ovn/mech_driver/ovsdb/ovsdb_monitor.py:1015}}
Jun 22 04:50:13.888246 np0000182450 devstack@neutron-api.service[103006]: DEBUG neutron.plugins.ml2.drivers.ovn.mech_driver.ovsdb.ovsdb_monitor [-] Hash Ring: Node 05cd82da421a58aa9eb0e568b545ceee (host: np0000182450) handling event "update" for row 9dd5f7be-46a0-49ed-8d5b-a6c402d32fc1 (table: NB_Global) {{(pid=103006) notify /opt/stack/neutron/neutron/plugins/ml2/drivers/ovn/mech_driver/ovsdb/ovsdb_monitor.py:1015}}
Jun 22 04:50:13.889409 np0000182450 devstack@neutron-api.service[103006]: DEBUG neutron.plugins.ml2.drivers.ovn.mech_driver.ovsdb.ovsdb_monitor [-] ChassisAgentWriteEvent : Matched Chassis_Private, update, None None {{(pid=103006) matches /opt/stack/neutron/neutron/plugins/ml2/drivers/ovn/mech_driver/ovsdb/ovsdb_monitor.py:64}}
Jun 22 04:50:13.890764 np0000182450 devstack@neutron-api.service[103009]: DEBUG neutron.plugins.ml2.drivers.ovn.mech_driver.ovsdb.ovsdb_monitor [-] ChassisAgentWriteEvent : Matched Chassis_Private, update, None None {{(pid=103009) matches /opt/stack/neutron/neutron/plugins/ml2/drivers/ovn/mech_driver/ovsdb/ovsdb_monitor.py:64}}
Jun 22 04:50:13.891186 np0000182450 devstack@neutron-api.service[103007]: DEBUG neutron.plugins.ml2.drivers.ovn.mech_driver.ovsdb.ovsdb_monitor [-] ChassisAgentWriteEvent : Matched Chassis_Private, update, None None {{(pid=103007) matches /opt/stack/neutron/neutron/plugins/ml2/drivers/ovn/mech_driver/ovsdb/ovsdb_monitor.py:64}}
Jun 22 04:50:13.891462 np0000182450 devstack@neutron-api.service[103008]: DEBUG neutron.plugins.ml2.drivers.ovn.mech_driver.ovsdb.ovsdb_monitor [-] ChassisAgentWriteEvent : Matched Chassis_Private, update, None None {{(pid=103008) matches /opt/stack/neutron/neutron/plugins/ml2/drivers/ovn/mech_driver/ovsdb/ovsdb_monitor.py:64}}
Jun 22 04:50:13.891926 np0000182450 devstack@neutron-api.service[103008]: DEBUG neutron.plugins.ml2.drivers.ovn.mech_driver.ovsdb.ovsdb_monitor [-] Hash Ring: Node e46ffe791e225b649da39a215c562be0 (host: np0000182450) handling event "update" for row aabe31c5-73a8-40a3-beca-40f2dcb6c7eb (table: Chassis_Private) {{(pid=103008) notify /opt/stack/neutron/neutron/plugins/ml2/drivers/ovn/mech_driver/ovsdb/ovsdb_monitor.py:1015}}
Jun 22 04:50:13.892055 np0000182450 devstack@neutron-api.service[103006]: DEBUG neutron.plugins.ml2.drivers.ovn.mech_driver.ovsdb.ovsdb_monitor [-] Hash Ring: Node 05cd82da421a58aa9eb0e568b545ceee (host: np0000182450) handling event "update" for row 9dd5f7be-46a0-49ed-8d5b-a6c402d32fc1 (table: NB_Global) {{(pid=103006) notify /opt/stack/neutron/neutron/plugins/ml2/drivers/ovn/mech_driver/ovsdb/ovsdb_monitor.py:1015}}
Jun 22 04:50:13.892146 np0000182450 devstack@neutron-api.service[103009]: DEBUG neutron.plugins.ml2.drivers.ovn.mech_driver.ovsdb.ovsdb_monitor [-] Hash Ring: Node 910e888141735fed97d47ae408793ccc (host: np0000182450) handling event "update" for row 9dd5f7be-46a0-49ed-8d5b-a6c402d32fc1 (table: NB_Global) {{(pid=103009) notify /opt/stack/neutron/neutron/plugins/ml2/drivers/ovn/mech_driver/ovsdb/ovsdb_monitor.py:1015}}
Jun 22 04:50:13.894459 np0000182450 devstack@neutron-api.service[103006]: DEBUG neutron.plugins.ml2.drivers.ovn.mech_driver.ovsdb.ovsdb_monitor [-] Hash Ring: Node 05cd82da421a58aa9eb0e568b545ceee (host: np0000182450) handling event "update" for row 9dd5f7be-46a0-49ed-8d5b-a6c402d32fc1 (table: NB_Global) {{(pid=103006) notify /opt/stack/neutron/neutron/plugins/ml2/drivers/ovn/mech_driver/ovsdb/ovsdb_monitor.py:1015}}
Jun 22 04:50:13.894945 np0000182450 devstack@neutron-api.service[103009]: DEBUG neutron.plugins.ml2.drivers.ovn.mech_driver.ovsdb.ovsdb_monitor [-] Hash Ring: Node 910e888141735fed97d47ae408793ccc (host: np0000182450) handling event "update" for row 9dd5f7be-46a0-49ed-8d5b-a6c402d32fc1 (table: NB_Global) {{(pid=103009) notify /opt/stack/neutron/neutron/plugins/ml2/drivers/ovn/mech_driver/ovsdb/ovsdb_monitor.py:1015}}
Jun 22 04:50:13.896177 np0000182450 devstack@neutron-api.service[103007]: DEBUG neutron.plugins.ml2.drivers.ovn.mech_driver.ovsdb.ovsdb_monitor [-] ChassisOVNAgentWriteEvent : Matched Chassis_Private, update, None None {{(pid=103007) matches /opt/stack/neutron/neutron/plugins/ml2/drivers/ovn/mech_driver/ovsdb/ovsdb_monitor.py:64}}
Jun 22 04:50:13.896284 np0000182450 devstack@neutron-api.service[103009]: DEBUG neutron.plugins.ml2.drivers.ovn.mech_driver.ovsdb.ovsdb_monitor [-] ChassisOVNAgentWriteEvent : Matched Chassis_Private, update, None None {{(pid=103009) matches /opt/stack/neutron/neutron/plugins/ml2/drivers/ovn/mech_driver/ovsdb/ovsdb_monitor.py:64}}
Jun 22 04:50:13.897260 np0000182450 devstack@neutron-api.service[103008]: DEBUG neutron.plugins.ml2.drivers.ovn.mech_driver.ovsdb.ovsdb_monitor [-] ChassisOVNAgentWriteEvent : Matched Chassis_Private, update, None None {{(pid=103008) matches /opt/stack/neutron/neutron/plugins/ml2/drivers/ovn/mech_driver/ovsdb/ovsdb_monitor.py:64}}
Jun 22 04:50:13.897728 np0000182450 devstack@neutron-api.service[103008]: DEBUG neutron.plugins.ml2.drivers.ovn.mech_driver.ovsdb.ovsdb_monitor [-] Hash Ring: Node e46ffe791e225b649da39a215c562be0 (host: np0000182450) handling event "update" for row aabe31c5-73a8-40a3-beca-40f2dcb6c7eb (table: Chassis_Private) {{(pid=103008) notify /opt/stack/neutron/neutron/plugins/ml2/drivers/ovn/mech_driver/ovsdb/ovsdb_monitor.py:1015}}
Jun 22 04:50:13.898834 np0000182450 devstack@neutron-api.service[103006]: DEBUG neutron.common.ovn.hash_ring_manager [-] Allow caching, nodes 4>=4 {{(pid=103006) _wait_startup_before_caching /opt/stack/neutron/neutron/common/ovn/hash_ring_manager.py:71}}
Jun 22 04:50:13.898834 np0000182450 devstack@neutron-api.service[103006]: DEBUG neutron.plugins.ml2.drivers.ovn.mech_driver.ovsdb.ovsdb_monitor [-] Hash Ring: Node 05cd82da421a58aa9eb0e568b545ceee (host: np0000182450) handling event "update" for row aabe31c5-73a8-40a3-beca-40f2dcb6c7eb (table: Chassis_Private) {{(pid=103006) notify /opt/stack/neutron/neutron/plugins/ml2/drivers/ovn/mech_driver/ovsdb/ovsdb_monitor.py:1015}}
Jun 22 04:50:13.902195 np0000182450 devstack@neutron-api.service[103006]: DEBUG neutron.plugins.ml2.drivers.ovn.mech_driver.ovsdb.ovsdb_monitor [-] ChassisOVNAgentWriteEvent : Matched Chassis_Private, update, None None {{(pid=103006) matches /opt/stack/neutron/neutron/plugins/ml2/drivers/ovn/mech_driver/ovsdb/ovsdb_monitor.py:64}}
Jun 22 04:50:13.902828 np0000182450 devstack@neutron-api.service[103006]: DEBUG neutron.plugins.ml2.drivers.ovn.mech_driver.ovsdb.ovsdb_monitor [-] Hash Ring: Node 05cd82da421a58aa9eb0e568b545ceee (host: np0000182450) handling event "update" for row aabe31c5-73a8-40a3-beca-40f2dcb6c7eb (table: Chassis_Private) {{(pid=103006) notify /opt/stack/neutron/neutron/plugins/ml2/drivers/ovn/mech_driver/ovsdb/ovsdb_monitor.py:1015}}
Jun 22 04:50:13.952637 np0000182450 devstack@neutron-api.service[103008]: DEBUG neutron.plugins.ml2.drivers.helpers [None req-ef88987e-7967-4e74-b1a1-7c82914d387b admin admin] geneve segment allocate from pool success with {'geneve_vni': 30731} {{(pid=103008) allocate_partially_specified_segment /opt/stack/neutron/neutron/plugins/ml2/drivers/helpers.py:142}}
Jun 22 04:50:13.969386 np0000182450 devstack@neutron-api.service[103008]: DEBUG neutron_lib.callbacks.manager [None req-ef88987e-7967-4e74-b1a1-7c82914d387b admin admin] Publish callbacks ['neutron.services.segments.db._add_segment_host_mapping_for_segment-8766752955846', 'neutron.plugins.ml2.plugin.Ml2Plugin._handle_segment_change-2033596'] for segment (79886b06-5f3e-449a-920f-b758f31b49f6), precommit_create {{(pid=103008) _notify_loop /opt/stack/data/venv/lib/python3.12/site-packages/neutron_lib/callbacks/manager.py:184}}
Jun 22 04:50:13.969739 np0000182450 devstack@neutron-api.service[103008]: INFO neutron.db.segments_db [None req-ef88987e-7967-4e74-b1a1-7c82914d387b admin admin] Added segment 79886b06-5f3e-449a-920f-b758f31b49f6 of type geneve for network a2296eba-0864-4f88-b1ab-cdb62d5a355b
Jun 22 04:50:14.023479 np0000182450 devstack@neutron-api.service[103008]: DEBUG neutron_lib.callbacks.manager [None req-ef88987e-7967-4e74-b1a1-7c82914d387b admin admin] Publish callbacks ['neutron.services.auto_allocate.db._ensure_external_network_default_value_callback-8766751806788'] for network (a2296eba-0864-4f88-b1ab-cdb62d5a355b), precommit_create {{(pid=103008) _notify_loop /opt/stack/data/venv/lib/python3.12/site-packages/neutron_lib/callbacks/manager.py:184}}
Jun 22 04:50:14.042220 np0000182450 devstack@neutron-api.service[103008]: DEBUG neutron.plugins.ml2.drivers.ovn.mech_driver.mech_driver [None req-ef88987e-7967-4e74-b1a1-7c82914d387b admin admin] Validating network segment with type geneve, segmentation ID 30731, physical network None {{(pid=103008) _validate_network_segments /opt/stack/neutron/neutron/plugins/ml2/drivers/ovn/mech_driver/mech_driver.py:646}}
Jun 22 04:50:14.042400 np0000182450 devstack@neutron-api.service[103008]: DEBUG neutron.db.ovn_revision_numbers_db [None req-ef88987e-7967-4e74-b1a1-7c82914d387b admin admin] create_initial_revision uuid=a2296eba-0864-4f88-b1ab-cdb62d5a355b, type=networks, rev=-1 {{(pid=103008) create_initial_revision /opt/stack/neutron/neutron/db/ovn_revision_numbers_db.py:98}}
Jun 22 04:50:14.060240 np0000182450 devstack@neutron-api.service[103008]: DEBUG neutron_lib.callbacks.manager [None req-ef88987e-7967-4e74-b1a1-7c82914d387b admin admin] Publish callbacks ['neutron.plugins.ml2.ovo_rpc._ObjectChangeHandler.handle_event-3036704'] for network (a2296eba-0864-4f88-b1ab-cdb62d5a355b), after_create {{(pid=103008) _notify_loop /opt/stack/data/venv/lib/python3.12/site-packages/neutron_lib/callbacks/manager.py:184}}
Jun 22 04:50:14.106109 np0000182450 devstack@neutron-api.service[103008]: DEBUG neutron.api.rpc.handlers.resources_rpc [None req-ef88987e-7967-4e74-b1a1-7c82914d387b admin admin] Pushing event updated for resources: {'Network': ['ID=a2296eba-0864-4f88-b1ab-cdb62d5a355b,revision_number=1']} {{(pid=103008) push /opt/stack/neutron/neutron/api/rpc/handlers/resources_rpc.py:237}}
Jun 22 04:50:14.115424 np0000182450 devstack@neutron-api.service[103008]: DEBUG ovsdbapp.backend.ovs_idl.transaction [-] Running txn n=1 command(idx=0): AddNetworkCommand(_result=None, network_uuid=a2296eba-0864-4f88-b1ab-cdb62d5a355b, may_exist=True, columns={'external_ids': {'neutron:network_name': 'private', 'neutron:mtu': '1372', 'neutron:revision_number': '1', 'neutron:availability_zone_hints': '', 'neutron:provnet-network-type': 'geneve'}, 'other_config': {'mcast_snoop': 'false', 'mcast_flood_unregistered': 'false', 'vlan-passthru': 'false'}}) {{(pid=103008) do_commit /opt/stack/data/venv/lib/python3.12/site-packages/ovsdbapp/backend/ovs_idl/transaction.py:89}}
Jun 22 04:50:14.116426 np0000182450 devstack@neutron-api.service[103008]: DEBUG neutron.common.ovn.utils [-] OVS persist_uuid supported=True {{(pid=103008) ovs_persist_uuid_supported /opt/stack/neutron/neutron/common/ovn/utils.py:1544}}
Jun 22 04:50:14.178460 np0000182450 devstack@neutron-api.service[103008]: DEBUG neutron.plugins.ml2.drivers.ovn.mech_driver.ovsdb.ovsdb_monitor [-] Hash Ring: Node e46ffe791e225b649da39a215c562be0 (host: np0000182450) handling event "create" for row a2296eba-0864-4f88-b1ab-cdb62d5a355b (table: Logical_Switch) {{(pid=103008) notify /opt/stack/neutron/neutron/plugins/ml2/drivers/ovn/mech_driver/ovsdb/ovsdb_monitor.py:1015}}
Jun 22 04:50:14.184800 np0000182450 devstack@neutron-api.service[103006]: DEBUG neutron.plugins.ml2.drivers.ovn.mech_driver.ovsdb.ovsdb_monitor [-] Hash Ring: Node 05cd82da421a58aa9eb0e568b545ceee (host: np0000182450) handling event "create" for row a2296eba-0864-4f88-b1ab-cdb62d5a355b (table: Logical_Switch) {{(pid=103006) notify /opt/stack/neutron/neutron/plugins/ml2/drivers/ovn/mech_driver/ovsdb/ovsdb_monitor.py:1015}}
Jun 22 04:50:14.185457 np0000182450 devstack@neutron-api.service[103006]: DEBUG neutron.plugins.ml2.drivers.ovn.mech_driver.ovsdb.ovsdb_monitor [-] Hash Ring: Node 05cd82da421a58aa9eb0e568b545ceee (host: np0000182450) handling event "create" for row 3ebad297-6812-432a-a2df-8482c34fff87 (table: Datapath_Binding) {{(pid=103006) notify /opt/stack/neutron/neutron/plugins/ml2/drivers/ovn/mech_driver/ovsdb/ovsdb_monitor.py:1015}}
Jun 22 04:50:14.186694 np0000182450 devstack@neutron-api.service[103007]: DEBUG neutron.plugins.ml2.drivers.ovn.mech_driver.ovsdb.ovsdb_monitor [-] Hash Ring: Node cd2ec04d7afc510aac05bf7f2b606470 (host: np0000182450) handling event "create" for row 3ebad297-6812-432a-a2df-8482c34fff87 (table: Datapath_Binding) {{(pid=103007) notify /opt/stack/neutron/neutron/plugins/ml2/drivers/ovn/mech_driver/ovsdb/ovsdb_monitor.py:1015}}
Jun 22 04:50:14.218974 np0000182450 devstack@neutron-api.service[103008]: INFO neutron.db.ovn_revision_numbers_db [None req-ef88987e-7967-4e74-b1a1-7c82914d387b admin admin] Successfully bumped revision number for resource a2296eba-0864-4f88-b1ab-cdb62d5a355b (type: networks) to 1
Jun 22 04:50:14.289823 np0000182450 devstack@neutron-api.service[103008]: DEBUG neutron_lib.callbacks.manager [None req-ef88987e-7967-4e74-b1a1-7c82914d387b admin admin] Publish callbacks ['neutron.plugins.ml2.plugin.SecurityGroupDbMixin._ensure_default_security_group_handler-210346'] for port (None), before_create {{(pid=103008) _notify_loop /opt/stack/data/venv/lib/python3.12/site-packages/neutron_lib/callbacks/manager.py:184}}
Jun 22 04:50:14.572770 np0000182450 devstack@neutron-api.service[103008]: DEBUG neutron_lib.callbacks.manager [None req-ef88987e-7967-4e74-b1a1-7c82914d387b admin admin] Publish callbacks ['neutron.plugins.ml2.drivers.ovn.mech_driver.mech_driver.OVNMechanismDriver._validate_allowed_address_pairs-1798375'] for allowed_address_pair (cfde90db-e303-4194-be33-f93148707b69), before_create {{(pid=103008) _notify_loop /opt/stack/data/venv/lib/python3.12/site-packages/neutron_lib/callbacks/manager.py:184}}
Jun 22 04:50:14.573339 np0000182450 devstack@neutron-api.service[103008]: DEBUG neutron_lib.callbacks.manager [None req-ef88987e-7967-4e74-b1a1-7c82914d387b admin admin] Publish callbacks [] for port (cfde90db-e303-4194-be33-f93148707b69), precommit_create {{(pid=103008) _notify_loop /opt/stack/data/venv/lib/python3.12/site-packages/neutron_lib/callbacks/manager.py:184}}
Jun 22 04:50:14.573531 np0000182450 devstack@neutron-api.service[103008]: DEBUG neutron.plugins.ml2.drivers.ovn.mech_driver.mech_driver [None req-ef88987e-7967-4e74-b1a1-7c82914d387b admin admin] No provisioning block for port cfde90db-e303-4194-be33-f93148707b69 since it does not have a host {{(pid=103008) _is_port_provisioning_required /opt/stack/neutron/neutron/plugins/ml2/drivers/ovn/mech_driver/mech_driver.py:899}}
Jun 22 04:50:14.573634 np0000182450 devstack@neutron-api.service[103008]: DEBUG neutron.db.ovn_revision_numbers_db [None req-ef88987e-7967-4e74-b1a1-7c82914d387b admin admin] create_initial_revision uuid=cfde90db-e303-4194-be33-f93148707b69, type=ports, rev=-1 {{(pid=103008) create_initial_revision /opt/stack/neutron/neutron/db/ovn_revision_numbers_db.py:98}}
Jun 22 04:50:14.636373 np0000182450 devstack@neutron-api.service[103008]: DEBUG neutron_lib.callbacks.manager [None req-ef88987e-7967-4e74-b1a1-7c82914d387b admin admin] Publish callbacks ['neutron.plugins.ml2.ovo_rpc._ObjectChangeHandler.handle_event-3036781'] for port (cfde90db-e303-4194-be33-f93148707b69), after_create {{(pid=103008) _notify_loop /opt/stack/data/venv/lib/python3.12/site-packages/neutron_lib/callbacks/manager.py:184}}
Jun 22 04:50:14.702612 np0000182450 devstack@neutron-api.service[103008]: DEBUG neutron.api.rpc.handlers.resources_rpc [None req-ef88987e-7967-4e74-b1a1-7c82914d387b admin admin] Pushing event updated for resources: {'Port': ['ID=cfde90db-e303-4194-be33-f93148707b69,revision_number=1']} {{(pid=103008) push /opt/stack/neutron/neutron/api/rpc/handlers/resources_rpc.py:237}}
Jun 22 04:50:14.747846 np0000182450 devstack@neutron-api.service[103008]: DEBUG neutron.plugins.ml2.drivers.ovn.mech_driver.ovsdb.commands [None req-ef88987e-7967-4e74-b1a1-7c82914d387b admin admin] Converting tag [] to a tag_request {{(pid=103008) _tag_column_to_tag_request /opt/stack/neutron/neutron/plugins/ml2/drivers/ovn/mech_driver/ovsdb/commands.py:205}}
Jun 22 04:50:14.748729 np0000182450 devstack@neutron-api.service[103008]: DEBUG ovsdbapp.backend.ovs_idl.transaction [-] Running txn n=1 command(idx=0): AddLSwitchPortCommand(_result=None, lport=cfde90db-e303-4194-be33-f93148707b69, lswitch=neutron-a2296eba-0864-4f88-b1ab-cdb62d5a355b, may_exist=True, network_uuid=a2296eba-0864-4f88-b1ab-cdb62d5a355b, columns={'addresses': ['fa:16:3e:92:6b:51'], 'external_ids': {'neutron:port_name': '', 'neutron:device_id': 'ovnmeta-a2296eba-0864-4f88-b1ab-cdb62d5a355b', 'neutron:project_id': '7ad3f989e6914e87ad2bd581b50ab96f', 'neutron:cidrs': '', 'neutron:device_owner': 'network:distributed', 'neutron:subnet_pool_addr_scope4': '', 'neutron:subnet_pool_addr_scope6': '', 'neutron:network_name': 'neutron-a2296eba-0864-4f88-b1ab-cdb62d5a355b', 'neutron:security_group_ids': '', 'neutron:revision_number': '1', 'neutron:vnic_type': 'normal', 'neutron:port_capabilities': '', 'neutron:mtu': '1372'}, 'parent_name': [], 'enabled': True, 'options': {}, 'type': 'localport', 'port_security': [], 'dhcpv4_options': [], 'dhcpv6_options': [], 'tag_request': []}) {{(pid=103008) do_commit /opt/stack/data/venv/lib/python3.12/site-packages/ovsdbapp/backend/ovs_idl/transaction.py:89}}
