Jun 22 04:50:46.744882 np0000182450 nova-conductor[110507]: DEBUG cotyledon.oslo_config_glue [-] vnc.vencrypt_client_key = None {{(pid=110507) log_opt_values /opt/stack/data/venv/lib/python3.12/site-packages/oslo_config/cfg.py:3253}}
Jun 22 04:50:46.744882 np0000182450 nova-conductor[110507]: DEBUG cotyledon.oslo_config_glue [-] workarounds.disable_compute_service_check_for_ffu = False {{(pid=110507) log_opt_values /opt/stack/data/venv/lib/python3.12/site-packages/oslo_config/cfg.py:3253}}
Jun 22 04:50:46.744882 np0000182450 nova-conductor[110507]: DEBUG cotyledon.oslo_config_glue [-] workarounds.disable_deep_image_inspection = False {{(pid=110507) log_opt_values /opt/stack/data/venv/lib/python3.12/site-packages/oslo_config/cfg.py:3253}}
Jun 22 04:50:46.744882 np0000182450 nova-conductor[110507]: DEBUG cotyledon.oslo_config_glue [-] workarounds.disable_fallback_pcpu_query = False {{(pid=110507) log_opt_values /opt/stack/data/venv/lib/python3.12/site-packages/oslo_config/cfg.py:3253}}
Jun 22 04:50:46.744882 np0000182450 nova-conductor[110507]: DEBUG cotyledon.oslo_config_glue [-] workarounds.disable_group_policy_check_upcall = False {{(pid=110507) log_opt_values /opt/stack/data/venv/lib/python3.12/site-packages/oslo_config/cfg.py:3253}}
Jun 22 04:50:46.744882 np0000182450 nova-conductor[110507]: DEBUG cotyledon.oslo_config_glue [-] workarounds.disable_libvirt_livesnapshot = False {{(pid=110507) log_opt_values /opt/stack/data/venv/lib/python3.12/site-packages/oslo_config/cfg.py:3253}}
Jun 22 04:50:46.745117 np0000182450 nova-conductor[110507]: DEBUG cotyledon.oslo_config_glue [-] workarounds.disable_rootwrap = False {{(pid=110507) log_opt_values /opt/stack/data/venv/lib/python3.12/site-packages/oslo_config/cfg.py:3253}}
Jun 22 04:50:46.745117 np0000182450 nova-conductor[110507]: DEBUG cotyledon.oslo_config_glue [-] workarounds.enable_numa_live_migration = False {{(pid=110507) log_opt_values /opt/stack/data/venv/lib/python3.12/site-packages/oslo_config/cfg.py:3253}}
Jun 22 04:50:46.745117 np0000182450 nova-conductor[110507]: DEBUG cotyledon.oslo_config_glue [-] workarounds.enable_qemu_monitor_announce_self = False {{(pid=110507) log_opt_values /opt/stack/data/venv/lib/python3.12/site-packages/oslo_config/cfg.py:3253}}
Jun 22 04:50:46.745117 np0000182450 nova-conductor[110507]: DEBUG cotyledon.oslo_config_glue [-] workarounds.ensure_libvirt_rbd_instance_dir_cleanup = False {{(pid=110507) log_opt_values /opt/stack/data/venv/lib/python3.12/site-packages/oslo_config/cfg.py:3253}}
Jun 22 04:50:46.745117 np0000182450 nova-conductor[110507]: DEBUG cotyledon.oslo_config_glue [-] workarounds.handle_virt_lifecycle_events = True {{(pid=110507) log_opt_values /opt/stack/data/venv/lib/python3.12/site-packages/oslo_config/cfg.py:3253}}
Jun 22 04:50:46.745117 np0000182450 nova-conductor[110507]: DEBUG cotyledon.oslo_config_glue [-] workarounds.libvirt_disable_apic = False {{(pid=110507) log_opt_values /opt/stack/data/venv/lib/python3.12/site-packages/oslo_config/cfg.py:3253}}
Jun 22 04:50:46.745117 np0000182450 nova-conductor[110507]: DEBUG cotyledon.oslo_config_glue [-] workarounds.never_download_image_if_on_rbd = False {{(pid=110507) log_opt_values /opt/stack/data/venv/lib/python3.12/site-packages/oslo_config/cfg.py:3253}}
Jun 22 04:50:46.745117 np0000182450 nova-conductor[110507]: DEBUG cotyledon.oslo_config_glue [-] workarounds.qemu_monitor_announce_self_count = 3 {{(pid=110507) log_opt_values /opt/stack/data/venv/lib/python3.12/site-packages/oslo_config/cfg.py:3253}}
Jun 22 04:50:46.745117 np0000182450 nova-conductor[110507]: DEBUG cotyledon.oslo_config_glue [-] workarounds.qemu_monitor_announce_self_interval = 1 {{(pid=110507) log_opt_values /opt/stack/data/venv/lib/python3.12/site-packages/oslo_config/cfg.py:3253}}
Jun 22 04:50:46.745337 np0000182450 nova-conductor[110507]: DEBUG cotyledon.oslo_config_glue [-] workarounds.reserve_disk_resource_for_image_cache = False {{(pid=110507) log_opt_values /opt/stack/data/venv/lib/python3.12/site-packages/oslo_config/cfg.py:3253}}
Jun 22 04:50:46.745337 np0000182450 nova-conductor[110507]: DEBUG cotyledon.oslo_config_glue [-] workarounds.skip_cpu_compare_at_startup = False {{(pid=110507) log_opt_values /opt/stack/data/venv/lib/python3.12/site-packages/oslo_config/cfg.py:3253}}
Jun 22 04:50:46.745337 np0000182450 nova-conductor[110507]: DEBUG cotyledon.oslo_config_glue [-] workarounds.skip_cpu_compare_on_dest = False {{(pid=110507) log_opt_values /opt/stack/data/venv/lib/python3.12/site-packages/oslo_config/cfg.py:3253}}
Jun 22 04:50:46.745337 np0000182450 nova-conductor[110507]: DEBUG cotyledon.oslo_config_glue [-] workarounds.skip_hypervisor_version_check_on_lm = False {{(pid=110507) log_opt_values /opt/stack/data/venv/lib/python3.12/site-packages/oslo_config/cfg.py:3253}}
Jun 22 04:50:46.745337 np0000182450 nova-conductor[110507]: DEBUG cotyledon.oslo_config_glue [-] workarounds.skip_reserve_in_use_ironic_nodes = False {{(pid=110507) log_opt_values /opt/stack/data/venv/lib/python3.12/site-packages/oslo_config/cfg.py:3253}}
Jun 22 04:50:46.745337 np0000182450 nova-conductor[110507]: DEBUG cotyledon.oslo_config_glue [-] workarounds.unified_limits_count_pcpu_as_vcpu = False {{(pid=110507) log_opt_values /opt/stack/data/venv/lib/python3.12/site-packages/oslo_config/cfg.py:3253}}
Jun 22 04:50:46.745337 np0000182450 nova-conductor[110507]: DEBUG cotyledon.oslo_config_glue [-] workarounds.wait_for_vif_plugged_event_during_hard_reboot = [] {{(pid=110507) log_opt_values /opt/stack/data/venv/lib/python3.12/site-packages/oslo_config/cfg.py:3253}}
Jun 22 04:50:46.745337 np0000182450 nova-conductor[110507]: DEBUG cotyledon.oslo_config_glue [-] wsgi.api_paste_config = /etc/nova/api-paste.ini {{(pid=110507) log_opt_values /opt/stack/data/venv/lib/python3.12/site-packages/oslo_config/cfg.py:3253}}
Jun 22 04:50:46.745534 np0000182450 nova-conductor[110507]: DEBUG cotyledon.oslo_config_glue [-] wsgi.secure_proxy_ssl_header = None {{(pid=110507) log_opt_values /opt/stack/data/venv/lib/python3.12/site-packages/oslo_config/cfg.py:3253}}
Jun 22 04:50:46.745534 np0000182450 nova-conductor[110507]: DEBUG cotyledon.oslo_config_glue [-] zvm.ca_file = None {{(pid=110507) log_opt_values /opt/stack/data/venv/lib/python3.12/site-packages/oslo_config/cfg.py:3253}}
Jun 22 04:50:46.745534 np0000182450 nova-conductor[110507]: DEBUG cotyledon.oslo_config_glue [-] zvm.cloud_connector_url = None {{(pid=110507) log_opt_values /opt/stack/data/venv/lib/python3.12/site-packages/oslo_config/cfg.py:3253}}
Jun 22 04:50:46.745534 np0000182450 nova-conductor[110507]: DEBUG cotyledon.oslo_config_glue [-] zvm.image_tmp_path = /opt/stack/data/nova/images {{(pid=110507) log_opt_values /opt/stack/data/venv/lib/python3.12/site-packages/oslo_config/cfg.py:3253}}
Jun 22 04:50:46.745534 np0000182450 nova-conductor[110507]: DEBUG cotyledon.oslo_config_glue [-] zvm.reachable_timeout = 300 {{(pid=110507) log_opt_values /opt/stack/data/venv/lib/python3.12/site-packages/oslo_config/cfg.py:3253}}
Jun 22 04:50:46.745534 np0000182450 nova-conductor[110507]: DEBUG cotyledon.oslo_config_glue [-] oslo_versionedobjects.fatal_exception_format_errors = False {{(pid=110507) log_opt_values /opt/stack/data/venv/lib/python3.12/site-packages/oslo_config/cfg.py:3253}}
Jun 22 04:50:46.745534 np0000182450 nova-conductor[110507]: DEBUG cotyledon.oslo_config_glue [-] oslo_middleware.http_basic_auth_user_file = /etc/htpasswd {{(pid=110507) log_opt_values /opt/stack/data/venv/lib/python3.12/site-packages/oslo_config/cfg.py:3253}}
Jun 22 04:50:46.745534 np0000182450 nova-conductor[110507]: DEBUG cotyledon.oslo_config_glue [-] profiler.connection_string = messaging:// {{(pid=110507) log_opt_values /opt/stack/data/venv/lib/python3.12/site-packages/oslo_config/cfg.py:3253}}
Jun 22 04:50:46.745534 np0000182450 nova-conductor[110507]: DEBUG cotyledon.oslo_config_glue [-] profiler.enabled = False {{(pid=110507) log_opt_values /opt/stack/data/venv/lib/python3.12/site-packages/oslo_config/cfg.py:3253}}
Jun 22 04:50:46.745808 np0000182450 nova-conductor[110507]: DEBUG cotyledon.oslo_config_glue [-] profiler.es_doc_type = notification {{(pid=110507) log_opt_values /opt/stack/data/venv/lib/python3.12/site-packages/oslo_config/cfg.py:3253}}
Jun 22 04:50:46.745808 np0000182450 nova-conductor[110507]: DEBUG cotyledon.oslo_config_glue [-] profiler.es_scroll_size = 10000 {{(pid=110507) log_opt_values /opt/stack/data/venv/lib/python3.12/site-packages/oslo_config/cfg.py:3253}}
Jun 22 04:50:46.745808 np0000182450 nova-conductor[110507]: DEBUG cotyledon.oslo_config_glue [-] profiler.es_scroll_time = 2m {{(pid=110507) log_opt_values /opt/stack/data/venv/lib/python3.12/site-packages/oslo_config/cfg.py:3253}}
Jun 22 04:50:46.745808 np0000182450 nova-conductor[110507]: DEBUG cotyledon.oslo_config_glue [-] profiler.filter_error_trace = False {{(pid=110507) log_opt_values /opt/stack/data/venv/lib/python3.12/site-packages/oslo_config/cfg.py:3253}}
Jun 22 04:50:46.745808 np0000182450 nova-conductor[110507]: DEBUG cotyledon.oslo_config_glue [-] profiler.hmac_keys = **** {{(pid=110507) log_opt_values /opt/stack/data/venv/lib/python3.12/site-packages/oslo_config/cfg.py:3253}}
Jun 22 04:50:46.745808 np0000182450 nova-conductor[110507]: DEBUG cotyledon.oslo_config_glue [-] profiler.sentinel_service_name = mymaster {{(pid=110507) log_opt_values /opt/stack/data/venv/lib/python3.12/site-packages/oslo_config/cfg.py:3253}}
Jun 22 04:50:46.745808 np0000182450 nova-conductor[110507]: DEBUG cotyledon.oslo_config_glue [-] profiler.socket_timeout = 0.1 {{(pid=110507) log_opt_values /opt/stack/data/venv/lib/python3.12/site-packages/oslo_config/cfg.py:3253}}
Jun 22 04:50:46.745808 np0000182450 nova-conductor[110507]: DEBUG cotyledon.oslo_config_glue [-] profiler.trace_requests = False {{(pid=110507) log_opt_values /opt/stack/data/venv/lib/python3.12/site-packages/oslo_config/cfg.py:3253}}
Jun 22 04:50:46.745808 np0000182450 nova-conductor[110507]: DEBUG cotyledon.oslo_config_glue [-] profiler.trace_sqlalchemy = False {{(pid=110507) log_opt_values /opt/stack/data/venv/lib/python3.12/site-packages/oslo_config/cfg.py:3253}}
Jun 22 04:50:46.746025 np0000182450 nova-conductor[110507]: DEBUG cotyledon.oslo_config_glue [-] profiler_jaeger.process_tags = {} {{(pid=110507) log_opt_values /opt/stack/data/venv/lib/python3.12/site-packages/oslo_config/cfg.py:3253}}
Jun 22 04:50:46.746025 np0000182450 nova-conductor[110507]: DEBUG cotyledon.oslo_config_glue [-] profiler_jaeger.service_name_prefix = None {{(pid=110507) log_opt_values /opt/stack/data/venv/lib/python3.12/site-packages/oslo_config/cfg.py:3253}}
Jun 22 04:50:46.746025 np0000182450 nova-conductor[110507]: DEBUG cotyledon.oslo_config_glue [-] profiler_otlp.service_name_prefix = None {{(pid=110507) log_opt_values /opt/stack/data/venv/lib/python3.12/site-packages/oslo_config/cfg.py:3253}}
Jun 22 04:50:46.746025 np0000182450 nova-conductor[110507]: DEBUG cotyledon.oslo_config_glue [-] oslo_messaging_rabbit.amqp_auto_delete = False {{(pid=110507) log_opt_values /opt/stack/data/venv/lib/python3.12/site-packages/oslo_config/cfg.py:3253}}
Jun 22 04:50:46.746025 np0000182450 nova-conductor[110507]: DEBUG cotyledon.oslo_config_glue [-] oslo_messaging_rabbit.amqp_durable_queues = False {{(pid=110507) log_opt_values /opt/stack/data/venv/lib/python3.12/site-packages/oslo_config/cfg.py:3253}}
Jun 22 04:50:46.746025 np0000182450 nova-conductor[110507]: DEBUG cotyledon.oslo_config_glue [-] oslo_messaging_rabbit.conn_pool_min_size = 2 {{(pid=110507) log_opt_values /opt/stack/data/venv/lib/python3.12/site-packages/oslo_config/cfg.py:3253}}
Jun 22 04:50:46.746025 np0000182450 nova-conductor[110507]: DEBUG cotyledon.oslo_config_glue [-] oslo_messaging_rabbit.conn_pool_ttl = 1200 {{(pid=110507) log_opt_values /opt/stack/data/venv/lib/python3.12/site-packages/oslo_config/cfg.py:3253}}
Jun 22 04:50:46.746025 np0000182450 nova-conductor[110507]: DEBUG cotyledon.oslo_config_glue [-] oslo_messaging_rabbit.direct_mandatory_flag = True {{(pid=110507) log_opt_values /opt/stack/data/venv/lib/python3.12/site-packages/oslo_config/cfg.py:3253}}
Jun 22 04:50:46.746025 np0000182450 nova-conductor[110507]: DEBUG cotyledon.oslo_config_glue [-] oslo_messaging_rabbit.enable_cancel_on_failover = False {{(pid=110507) log_opt_values /opt/stack/data/venv/lib/python3.12/site-packages/oslo_config/cfg.py:3253}}
Jun 22 04:50:46.746262 np0000182450 nova-conductor[110507]: DEBUG cotyledon.oslo_config_glue [-] oslo_messaging_rabbit.heartbeat_rate = 3 {{(pid=110507) log_opt_values /opt/stack/data/venv/lib/python3.12/site-packages/oslo_config/cfg.py:3253}}
Jun 22 04:50:46.746262 np0000182450 nova-conductor[110507]: DEBUG cotyledon.oslo_config_glue [-] oslo_messaging_rabbit.heartbeat_timeout_threshold = 60 {{(pid=110507) log_opt_values /opt/stack/data/venv/lib/python3.12/site-packages/oslo_config/cfg.py:3253}}
Jun 22 04:50:46.746262 np0000182450 nova-conductor[110507]: DEBUG cotyledon.oslo_config_glue [-] oslo_messaging_rabbit.hostname = np0000182450 {{(pid=110507) log_opt_values /opt/stack/data/venv/lib/python3.12/site-packages/oslo_config/cfg.py:3253}}
Jun 22 04:50:46.746262 np0000182450 nova-conductor[110507]: DEBUG cotyledon.oslo_config_glue [-] oslo_messaging_rabbit.kombu_compression = None {{(pid=110507) log_opt_values /opt/stack/data/venv/lib/python3.12/site-packages/oslo_config/cfg.py:3253}}
Jun 22 04:50:46.746262 np0000182450 nova-conductor[110507]: DEBUG cotyledon.oslo_config_glue [-] oslo_messaging_rabbit.kombu_failover_strategy = round-robin {{(pid=110507) log_opt_values /opt/stack/data/venv/lib/python3.12/site-packages/oslo_config/cfg.py:3253}}
Jun 22 04:50:46.746262 np0000182450 nova-conductor[110507]: DEBUG cotyledon.oslo_config_glue [-] oslo_messaging_rabbit.kombu_missing_consumer_retry_timeout = 60 {{(pid=110507) log_opt_values /opt/stack/data/venv/lib/python3.12/site-packages/oslo_config/cfg.py:3253}}
Jun 22 04:50:46.746262 np0000182450 nova-conductor[110507]: DEBUG cotyledon.oslo_config_glue [-] oslo_messaging_rabbit.kombu_reconnect_delay = 1.0 {{(pid=110507) log_opt_values /opt/stack/data/venv/lib/python3.12/site-packages/oslo_config/cfg.py:3253}}
Jun 22 04:50:46.746262 np0000182450 nova-conductor[110507]: DEBUG cotyledon.oslo_config_glue [-] oslo_messaging_rabbit.kombu_reconnect_splay = 0.0 {{(pid=110507) log_opt_values /opt/stack/data/venv/lib/python3.12/site-packages/oslo_config/cfg.py:3253}}
Jun 22 04:50:46.746454 np0000182450 nova-conductor[110507]: DEBUG cotyledon.oslo_config_glue [-] oslo_messaging_rabbit.processname = nova-conductor {{(pid=110507) log_opt_values /opt/stack/data/venv/lib/python3.12/site-packages/oslo_config/cfg.py:3253}}
Jun 22 04:50:46.746454 np0000182450 nova-conductor[110507]: DEBUG cotyledon.oslo_config_glue [-] oslo_messaging_rabbit.rabbit_ha_queues = False {{(pid=110507) log_opt_values /opt/stack/data/venv/lib/python3.12/site-packages/oslo_config/cfg.py:3253}}
Jun 22 04:50:46.746454 np0000182450 nova-conductor[110507]: DEBUG cotyledon.oslo_config_glue [-] oslo_messaging_rabbit.rabbit_interval_max = 30 {{(pid=110507) log_opt_values /opt/stack/data/venv/lib/python3.12/site-packages/oslo_config/cfg.py:3253}}
Jun 22 04:50:46.746454 np0000182450 nova-conductor[110507]: DEBUG cotyledon.oslo_config_glue [-] oslo_messaging_rabbit.rabbit_login_method = AMQPLAIN {{(pid=110507) log_opt_values /opt/stack/data/venv/lib/python3.12/site-packages/oslo_config/cfg.py:3253}}
Jun 22 04:50:46.746454 np0000182450 nova-conductor[110507]: DEBUG cotyledon.oslo_config_glue [-] oslo_messaging_rabbit.rabbit_qos_prefetch_count = 0 {{(pid=110507) log_opt_values /opt/stack/data/venv/lib/python3.12/site-packages/oslo_config/cfg.py:3253}}
Jun 22 04:50:46.746454 np0000182450 nova-conductor[110507]: DEBUG cotyledon.oslo_config_glue [-] oslo_messaging_rabbit.rabbit_quorum_delivery_limit = 0 {{(pid=110507) log_opt_values /opt/stack/data/venv/lib/python3.12/site-packages/oslo_config/cfg.py:3253}}
Jun 22 04:50:46.746454 np0000182450 nova-conductor[110507]: DEBUG cotyledon.oslo_config_glue [-] oslo_messaging_rabbit.rabbit_quorum_max_memory_bytes = 0 {{(pid=110507) log_opt_values /opt/stack/data/venv/lib/python3.12/site-packages/oslo_config/cfg.py:3253}}
Jun 22 04:50:46.746454 np0000182450 nova-conductor[110507]: DEBUG cotyledon.oslo_config_glue [-] oslo_messaging_rabbit.rabbit_quorum_max_memory_length = 0 {{(pid=110507) log_opt_values /opt/stack/data/venv/lib/python3.12/site-packages/oslo_config/cfg.py:3253}}
Jun 22 04:50:46.746653 np0000182450 nova-conductor[110507]: DEBUG cotyledon.oslo_config_glue [-] oslo_messaging_rabbit.rabbit_quorum_queue = False {{(pid=110507) log_opt_values /opt/stack/data/venv/lib/python3.12/site-packages/oslo_config/cfg.py:3253}}
Jun 22 04:50:46.746653 np0000182450 nova-conductor[110507]: DEBUG cotyledon.oslo_config_glue [-] oslo_messaging_rabbit.rabbit_retry_backoff = 2 {{(pid=110507) log_opt_values /opt/stack/data/venv/lib/python3.12/site-packages/oslo_config/cfg.py:3253}}
Jun 22 04:50:46.746653 np0000182450 nova-conductor[110507]: DEBUG cotyledon.oslo_config_glue [-] oslo_messaging_rabbit.rabbit_retry_interval = 1 {{(pid=110507) log_opt_values /opt/stack/data/venv/lib/python3.12/site-packages/oslo_config/cfg.py:3253}}
Jun 22 04:50:46.746653 np0000182450 nova-conductor[110507]: DEBUG cotyledon.oslo_config_glue [-] oslo_messaging_rabbit.rabbit_stream_fanout = False {{(pid=110507) log_opt_values /opt/stack/data/venv/lib/python3.12/site-packages/oslo_config/cfg.py:3253}}
Jun 22 04:50:46.746653 np0000182450 nova-conductor[110507]: DEBUG cotyledon.oslo_config_glue [-] oslo_messaging_rabbit.rabbit_transient_queues_ttl = 1800 {{(pid=110507) log_opt_values /opt/stack/data/venv/lib/python3.12/site-packages/oslo_config/cfg.py:3253}}
Jun 22 04:50:46.746653 np0000182450 nova-conductor[110507]: DEBUG cotyledon.oslo_config_glue [-] oslo_messaging_rabbit.rabbit_transient_quorum_queue = False {{(pid=110507) log_opt_values /opt/stack/data/venv/lib/python3.12/site-packages/oslo_config/cfg.py:3253}}
Jun 22 04:50:46.746653 np0000182450 nova-conductor[110507]: DEBUG cotyledon.oslo_config_glue [-] oslo_messaging_rabbit.rpc_conn_pool_size = 30 {{(pid=110507) log_opt_values /opt/stack/data/venv/lib/python3.12/site-packages/oslo_config/cfg.py:3253}}
Jun 22 04:50:46.746653 np0000182450 nova-conductor[110507]: DEBUG cotyledon.oslo_config_glue [-] oslo_messaging_rabbit.ssl = False {{(pid=110507) log_opt_values /opt/stack/data/venv/lib/python3.12/site-packages/oslo_config/cfg.py:3253}}
Jun 22 04:50:46.746653 np0000182450 nova-conductor[110507]: DEBUG cotyledon.oslo_config_glue [-] oslo_messaging_rabbit.ssl_ca_file = {{(pid=110507) log_opt_values /opt/stack/data/venv/lib/python3.12/site-packages/oslo_config/cfg.py:3253}}
Jun 22 04:50:46.746871 np0000182450 nova-conductor[110507]: DEBUG cotyledon.oslo_config_glue [-] oslo_messaging_rabbit.ssl_cert_file = {{(pid=110507) log_opt_values /opt/stack/data/venv/lib/python3.12/site-packages/oslo_config/cfg.py:3253}}
Jun 22 04:50:46.746871 np0000182450 nova-conductor[110507]: DEBUG cotyledon.oslo_config_glue [-] oslo_messaging_rabbit.ssl_enforce_fips_mode = False {{(pid=110507) log_opt_values /opt/stack/data/venv/lib/python3.12/site-packages/oslo_config/cfg.py:3253}}
Jun 22 04:50:46.746871 np0000182450 nova-conductor[110507]: DEBUG cotyledon.oslo_config_glue [-] oslo_messaging_rabbit.ssl_enforce_hostname_verification = True {{(pid=110507) log_opt_values /opt/stack/data/venv/lib/python3.12/site-packages/oslo_config/cfg.py:3253}}
Jun 22 04:50:46.746871 np0000182450 nova-conductor[110507]: DEBUG cotyledon.oslo_config_glue [-] oslo_messaging_rabbit.ssl_key_file = {{(pid=110507) log_opt_values /opt/stack/data/venv/lib/python3.12/site-packages/oslo_config/cfg.py:3253}}
Jun 22 04:50:46.746871 np0000182450 nova-conductor[110507]: DEBUG cotyledon.oslo_config_glue [-] oslo_messaging_rabbit.ssl_version = {{(pid=110507) log_opt_values /opt/stack/data/venv/lib/python3.12/site-packages/oslo_config/cfg.py:3253}}
Jun 22 04:50:46.746871 np0000182450 nova-conductor[110507]: DEBUG cotyledon.oslo_config_glue [-] oslo_messaging_rabbit.use_queue_manager = False {{(pid=110507) log_opt_values /opt/stack/data/venv/lib/python3.12/site-packages/oslo_config/cfg.py:3253}}
Jun 22 04:50:46.746871 np0000182450 nova-conductor[110507]: DEBUG cotyledon.oslo_config_glue [-] oslo_messaging_notifications.driver = ['messagingv2'] {{(pid=110507) log_opt_values /opt/stack/data/venv/lib/python3.12/site-packages/oslo_config/cfg.py:3253}}
Jun 22 04:50:46.746871 np0000182450 nova-conductor[110507]: DEBUG cotyledon.oslo_config_glue [-] oslo_messaging_notifications.retry = -1 {{(pid=110507) log_opt_values /opt/stack/data/venv/lib/python3.12/site-packages/oslo_config/cfg.py:3253}}
Jun 22 04:50:46.746871 np0000182450 nova-conductor[110507]: DEBUG cotyledon.oslo_config_glue [-] oslo_messaging_notifications.topics = ['notifications'] {{(pid=110507) log_opt_values /opt/stack/data/venv/lib/python3.12/site-packages/oslo_config/cfg.py:3253}}
Jun 22 04:50:46.747104 np0000182450 nova-conductor[110507]: DEBUG cotyledon.oslo_config_glue [-] oslo_messaging_notifications.transport_url = **** {{(pid=110507) log_opt_values /opt/stack/data/venv/lib/python3.12/site-packages/oslo_config/cfg.py:3253}}
Jun 22 04:50:46.747131 np0000182450 nova-conductor[110498]: INFO dbcounter [None req-c927e7b4-960c-4d75-990a-4111d278a88b None None] Registered counter for database nova_cell0
Jun 22 04:50:46.747164 np0000182450 nova-conductor[110507]: DEBUG cotyledon.oslo_config_glue [-] oslo_limit.auth_section = None {{(pid=110507) log_opt_values /opt/stack/data/venv/lib/python3.12/site-packages/oslo_config/cfg.py:3253}}
Jun 22 04:50:46.747164 np0000182450 nova-conductor[110507]: DEBUG cotyledon.oslo_config_glue [-] oslo_limit.auth_type = None {{(pid=110507) log_opt_values /opt/stack/data/venv/lib/python3.12/site-packages/oslo_config/cfg.py:3253}}
Jun 22 04:50:46.747164 np0000182450 nova-conductor[110507]: DEBUG cotyledon.oslo_config_glue [-] oslo_limit.cafile = None {{(pid=110507) log_opt_values /opt/stack/data/venv/lib/python3.12/site-packages/oslo_config/cfg.py:3253}}
Jun 22 04:50:46.747164 np0000182450 nova-conductor[110507]: DEBUG cotyledon.oslo_config_glue [-] oslo_limit.certfile = None {{(pid=110507) log_opt_values /opt/stack/data/venv/lib/python3.12/site-packages/oslo_config/cfg.py:3253}}
Jun 22 04:50:46.747164 np0000182450 nova-conductor[110507]: DEBUG cotyledon.oslo_config_glue [-] oslo_limit.collect_timing = False {{(pid=110507) log_opt_values /opt/stack/data/venv/lib/python3.12/site-packages/oslo_config/cfg.py:3253}}
Jun 22 04:50:46.747164 np0000182450 nova-conductor[110507]: DEBUG cotyledon.oslo_config_glue [-] oslo_limit.connect_retries = None {{(pid=110507) log_opt_values /opt/stack/data/venv/lib/python3.12/site-packages/oslo_config/cfg.py:3253}}
Jun 22 04:50:46.747164 np0000182450 nova-conductor[110507]: DEBUG cotyledon.oslo_config_glue [-] oslo_limit.connect_retry_delay = None {{(pid=110507) log_opt_values /opt/stack/data/venv/lib/python3.12/site-packages/oslo_config/cfg.py:3253}}
Jun 22 04:50:46.747164 np0000182450 nova-conductor[110507]: DEBUG cotyledon.oslo_config_glue [-] oslo_limit.endpoint_id = None {{(pid=110507) log_opt_values /opt/stack/data/venv/lib/python3.12/site-packages/oslo_config/cfg.py:3253}}
Jun 22 04:50:46.747164 np0000182450 nova-conductor[110507]: DEBUG cotyledon.oslo_config_glue [-] oslo_limit.endpoint_interface = public {{(pid=110507) log_opt_values /opt/stack/data/venv/lib/python3.12/site-packages/oslo_config/cfg.py:3253}}
Jun 22 04:50:46.747391 np0000182450 nova-conductor[110507]: DEBUG cotyledon.oslo_config_glue [-] oslo_limit.endpoint_override = None {{(pid=110507) log_opt_values /opt/stack/data/venv/lib/python3.12/site-packages/oslo_config/cfg.py:3253}}
Jun 22 04:50:46.747391 np0000182450 nova-conductor[110507]: DEBUG cotyledon.oslo_config_glue [-] oslo_limit.endpoint_region_name = None {{(pid=110507) log_opt_values /opt/stack/data/venv/lib/python3.12/site-packages/oslo_config/cfg.py:3253}}
Jun 22 04:50:46.747391 np0000182450 nova-conductor[110507]: DEBUG cotyledon.oslo_config_glue [-] oslo_limit.endpoint_service_name = None {{(pid=110507) log_opt_values /opt/stack/data/venv/lib/python3.12/site-packages/oslo_config/cfg.py:3253}}
Jun 22 04:50:46.747391 np0000182450 nova-conductor[110507]: DEBUG cotyledon.oslo_config_glue [-] oslo_limit.endpoint_service_type = None {{(pid=110507) log_opt_values /opt/stack/data/venv/lib/python3.12/site-packages/oslo_config/cfg.py:3253}}
Jun 22 04:50:46.747391 np0000182450 nova-conductor[110507]: DEBUG cotyledon.oslo_config_glue [-] oslo_limit.insecure = False {{(pid=110507) log_opt_values /opt/stack/data/venv/lib/python3.12/site-packages/oslo_config/cfg.py:3253}}
Jun 22 04:50:46.747391 np0000182450 nova-conductor[110507]: DEBUG cotyledon.oslo_config_glue [-] oslo_limit.keyfile = None {{(pid=110507) log_opt_values /opt/stack/data/venv/lib/python3.12/site-packages/oslo_config/cfg.py:3253}}
Jun 22 04:50:46.747391 np0000182450 nova-conductor[110507]: DEBUG cotyledon.oslo_config_glue [-] oslo_limit.max_version = None {{(pid=110507) log_opt_values /opt/stack/data/venv/lib/python3.12/site-packages/oslo_config/cfg.py:3253}}
Jun 22 04:50:46.747391 np0000182450 nova-conductor[110507]: DEBUG cotyledon.oslo_config_glue [-] oslo_limit.min_version = None {{(pid=110507) log_opt_values /opt/stack/data/venv/lib/python3.12/site-packages/oslo_config/cfg.py:3253}}
Jun 22 04:50:46.747391 np0000182450 nova-conductor[110507]: DEBUG cotyledon.oslo_config_glue [-] oslo_limit.region_name = None {{(pid=110507) log_opt_values /opt/stack/data/venv/lib/python3.12/site-packages/oslo_config/cfg.py:3253}}
Jun 22 04:50:46.747630 np0000182450 nova-conductor[110507]: DEBUG cotyledon.oslo_config_glue [-] oslo_limit.retriable_status_codes = None {{(pid=110507) log_opt_values /opt/stack/data/venv/lib/python3.12/site-packages/oslo_config/cfg.py:3253}}
Jun 22 04:50:46.747630 np0000182450 nova-conductor[110507]: DEBUG cotyledon.oslo_config_glue [-] oslo_limit.service_name = None {{(pid=110507) log_opt_values /opt/stack/data/venv/lib/python3.12/site-packages/oslo_config/cfg.py:3253}}
Jun 22 04:50:46.747630 np0000182450 nova-conductor[110507]: DEBUG cotyledon.oslo_config_glue [-] oslo_limit.service_type = None {{(pid=110507) log_opt_values /opt/stack/data/venv/lib/python3.12/site-packages/oslo_config/cfg.py:3253}}
Jun 22 04:50:46.747630 np0000182450 nova-conductor[110507]: DEBUG cotyledon.oslo_config_glue [-] oslo_limit.split_loggers = False {{(pid=110507) log_opt_values /opt/stack/data/venv/lib/python3.12/site-packages/oslo_config/cfg.py:3253}}
Jun 22 04:50:46.747630 np0000182450 nova-conductor[110507]: DEBUG cotyledon.oslo_config_glue [-] oslo_limit.status_code_retries = None {{(pid=110507) log_opt_values /opt/stack/data/venv/lib/python3.12/site-packages/oslo_config/cfg.py:3253}}
Jun 22 04:50:46.747630 np0000182450 nova-conductor[110507]: DEBUG cotyledon.oslo_config_glue [-] oslo_limit.status_code_retry_delay = None {{(pid=110507) log_opt_values /opt/stack/data/venv/lib/python3.12/site-packages/oslo_config/cfg.py:3253}}
Jun 22 04:50:46.747630 np0000182450 nova-conductor[110507]: DEBUG cotyledon.oslo_config_glue [-] oslo_limit.timeout = None {{(pid=110507) log_opt_values /opt/stack/data/venv/lib/python3.12/site-packages/oslo_config/cfg.py:3253}}
Jun 22 04:50:46.747630 np0000182450 nova-conductor[110507]: DEBUG cotyledon.oslo_config_glue [-] oslo_limit.valid_interfaces = None {{(pid=110507) log_opt_values /opt/stack/data/venv/lib/python3.12/site-packages/oslo_config/cfg.py:3253}}
Jun 22 04:50:46.747630 np0000182450 nova-conductor[110507]: DEBUG cotyledon.oslo_config_glue [-] oslo_limit.version = None {{(pid=110507) log_opt_values /opt/stack/data/venv/lib/python3.12/site-packages/oslo_config/cfg.py:3253}}
Jun 22 04:50:46.747850 np0000182450 nova-conductor[110507]: DEBUG cotyledon.oslo_config_glue [-] oslo_reports.file_event_handler = None {{(pid=110507) log_opt_values /opt/stack/data/venv/lib/python3.12/site-packages/oslo_config/cfg.py:3253}}
Jun 22 04:50:46.747850 np0000182450 nova-conductor[110507]: DEBUG cotyledon.oslo_config_glue [-] oslo_reports.file_event_handler_interval = 1 {{(pid=110507) log_opt_values /opt/stack/data/venv/lib/python3.12/site-packages/oslo_config/cfg.py:3253}}
Jun 22 04:50:46.747850 np0000182450 nova-conductor[110507]: DEBUG cotyledon.oslo_config_glue [-] oslo_reports.log_dir = None {{(pid=110507) log_opt_values /opt/stack/data/venv/lib/python3.12/site-packages/oslo_config/cfg.py:3253}}
Jun 22 04:50:46.747850 np0000182450 nova-conductor[110507]: DEBUG cotyledon.oslo_config_glue [-] ******************************************************************************** {{(pid=110507) log_opt_values /opt/stack/data/venv/lib/python3.12/site-packages/oslo_config/cfg.py:3260}}
Jun 22 04:50:46.747850 np0000182450 nova-conductor[110507]: DEBUG cotyledon._service_worker [-] Run service ServiceWrapper(3) [110507] {{(pid=110507) wait_forever /opt/stack/data/venv/lib/python3.12/site-packages/cotyledon/_service_worker.py:218}}
Jun 22 04:50:46.747850 np0000182450 nova-conductor[110507]: INFO nova.service [-] Starting conductor node (version 33.1.0)
Jun 22 04:50:46.747850 np0000182450 nova-conductor[110507]: INFO dbcounter [None req-06a4cc35-9a07-4d8a-9aeb-76915d5e7740 None None] Registered counter for database nova_cell0
Jun 22 04:50:46.748024 np0000182450 nova-conductor[110485]: DEBUG oslo_db.sqlalchemy.engines [None req-fa8b1f67-cbfd-456d-921f-6b30fe916552 None None] MySQL server mode set to STRICT_TRANS_TABLES,STRICT_ALL_TABLES,NO_ZERO_IN_DATE,NO_ZERO_DATE,ERROR_FOR_DIVISION_BY_ZERO,TRADITIONAL,NO_ENGINE_SUBSTITUTION {{(pid=110485) _check_effective_sql_mode /opt/stack/data/venv/lib/python3.12/site-packages/oslo_db/sqlalchemy/engines.py:325}}
Jun 22 04:50:46.748076 np0000182450 nova-conductor[110491]: DEBUG oslo_db.sqlalchemy.engines [None req-9e7ac9ad-5b30-4dc3-927f-1794535e419d None None] MySQL server mode set to STRICT_TRANS_TABLES,STRICT_ALL_TABLES,NO_ZERO_IN_DATE,NO_ZERO_DATE,ERROR_FOR_DIVISION_BY_ZERO,TRADITIONAL,NO_ENGINE_SUBSTITUTION {{(pid=110491) _check_effective_sql_mode /opt/stack/data/venv/lib/python3.12/site-packages/oslo_db/sqlalchemy/engines.py:325}}
Jun 22 04:50:46.753636 np0000182450 nova-conductor[110485]: DEBUG dbcounter [-] [110485] Writer thread running {{(pid=110485) stat_writer /opt/stack/data/venv/lib/python3.12/site-packages/dbcounter.py:102}}
Jun 22 04:50:46.760509 np0000182450 nova-conductor[110491]: DEBUG dbcounter [-] [110491] Writer thread running {{(pid=110491) stat_writer /opt/stack/data/venv/lib/python3.12/site-packages/dbcounter.py:102}}
Jun 22 04:50:46.766508 np0000182450 nova-conductor[110498]: DEBUG oslo_db.sqlalchemy.engines [None req-c927e7b4-960c-4d75-990a-4111d278a88b None None] MySQL server mode set to STRICT_TRANS_TABLES,STRICT_ALL_TABLES,NO_ZERO_IN_DATE,NO_ZERO_DATE,ERROR_FOR_DIVISION_BY_ZERO,TRADITIONAL,NO_ENGINE_SUBSTITUTION {{(pid=110498) _check_effective_sql_mode /opt/stack/data/venv/lib/python3.12/site-packages/oslo_db/sqlalchemy/engines.py:325}}
Jun 22 04:50:46.778651 np0000182450 nova-conductor[110507]: DEBUG oslo_db.sqlalchemy.engines [None req-06a4cc35-9a07-4d8a-9aeb-76915d5e7740 None None] MySQL server mode set to STRICT_TRANS_TABLES,STRICT_ALL_TABLES,NO_ZERO_IN_DATE,NO_ZERO_DATE,ERROR_FOR_DIVISION_BY_ZERO,TRADITIONAL,NO_ENGINE_SUBSTITUTION {{(pid=110507) _check_effective_sql_mode /opt/stack/data/venv/lib/python3.12/site-packages/oslo_db/sqlalchemy/engines.py:325}}
Jun 22 04:50:46.779184 np0000182450 nova-conductor[110498]: DEBUG dbcounter [-] [110498] Writer thread running {{(pid=110498) stat_writer /opt/stack/data/venv/lib/python3.12/site-packages/dbcounter.py:102}}
Jun 22 04:50:46.781016 np0000182450 nova-conductor[110485]: DEBUG nova.service [None req-fa8b1f67-cbfd-456d-921f-6b30fe916552 None None] Creating RPC server for service: nova-conductor on topic: conductor {{(pid=110485) start /opt/stack/nova/nova/service.py:196}}
Jun 22 04:50:46.782853 np0000182450 nova-conductor[110498]: DEBUG nova.service [None req-c927e7b4-960c-4d75-990a-4111d278a88b None None] Creating RPC server for service: nova-conductor on topic: conductor {{(pid=110498) start /opt/stack/nova/nova/service.py:196}}
Jun 22 04:50:46.787057 np0000182450 nova-conductor[110491]: DEBUG nova.service [None req-9e7ac9ad-5b30-4dc3-927f-1794535e419d None None] Creating RPC server for service: nova-conductor on topic: conductor {{(pid=110491) start /opt/stack/nova/nova/service.py:196}}
Jun 22 04:50:46.793851 np0000182450 nova-conductor[110507]: DEBUG dbcounter [-] [110507] Writer thread running {{(pid=110507) stat_writer /opt/stack/data/venv/lib/python3.12/site-packages/dbcounter.py:102}}
Jun 22 04:50:46.798374 np0000182450 nova-conductor[110507]: DEBUG nova.service [None req-06a4cc35-9a07-4d8a-9aeb-76915d5e7740 None None] Creating RPC server for service: nova-conductor on topic: conductor {{(pid=110507) start /opt/stack/nova/nova/service.py:196}}
Jun 22 04:50:46.814007 np0000182450 nova-conductor[110498]: DEBUG nova.service [None req-c927e7b4-960c-4d75-990a-4111d278a88b None None] Join ServiceGroup membership for this service conductor {{(pid=110498) start /opt/stack/nova/nova/service.py:222}}
Jun 22 04:50:46.814281 np0000182450 nova-conductor[110485]: DEBUG nova.service [None req-fa8b1f67-cbfd-456d-921f-6b30fe916552 None None] Join ServiceGroup membership for this service conductor {{(pid=110485) start /opt/stack/nova/nova/service.py:222}}
Jun 22 04:50:46.814376 np0000182450 nova-conductor[110498]: DEBUG nova.servicegroup.drivers.db [None req-c927e7b4-960c-4d75-990a-4111d278a88b None None] DB_Driver: join new ServiceGroup member np0000182450 to the conductor group, service = {{(pid=110498) join /opt/stack/nova/nova/servicegroup/drivers/db.py:44}}
Jun 22 04:50:46.814516 np0000182450 nova-conductor[110485]: DEBUG nova.servicegroup.drivers.db [None req-fa8b1f67-cbfd-456d-921f-6b30fe916552 None None] DB_Driver: join new ServiceGroup member np0000182450 to the conductor group, service = {{(pid=110485) join /opt/stack/nova/nova/servicegroup/drivers/db.py:44}}
Jun 22 04:50:46.823741 np0000182450 nova-conductor[110491]: DEBUG nova.service [None req-9e7ac9ad-5b30-4dc3-927f-1794535e419d None None] Join ServiceGroup membership for this service conductor {{(pid=110491) start /opt/stack/nova/nova/service.py:222}}
Jun 22 04:50:46.824106 np0000182450 nova-conductor[110491]: DEBUG nova.servicegroup.drivers.db [None req-9e7ac9ad-5b30-4dc3-927f-1794535e419d None None] DB_Driver: join new ServiceGroup member np0000182450 to the conductor group, service = {{(pid=110491) join /opt/stack/nova/nova/servicegroup/drivers/db.py:44}}
Jun 22 04:50:46.829607 np0000182450 nova-conductor[110507]: DEBUG nova.service [None req-06a4cc35-9a07-4d8a-9aeb-76915d5e7740 None None] Join ServiceGroup membership for this service conductor {{(pid=110507) start /opt/stack/nova/nova/service.py:222}}
Jun 22 04:50:46.829820 np0000182450 nova-conductor[110507]: DEBUG nova.servicegroup.drivers.db [None req-06a4cc35-9a07-4d8a-9aeb-76915d5e7740 None None] DB_Driver: join new ServiceGroup member np0000182450 to the conductor group, service = {{(pid=110507) join /opt/stack/nova/nova/servicegroup/drivers/db.py:44}}
Jun 22 04:50:51.837586 np0000182450 nova-conductor[110485]: DEBUG oslo.service.backend._threading.loopingcall [-] Fixed interval looping call 'nova.servicegroup.drivers.db.DbDriver._report_state' sleeping for 119.98 seconds {{(pid=110485) _run_loop /opt/stack/data/venv/lib/python3.12/site-packages/oslo_service/backend/_threading/loopingcall.py:125}}
Jun 22 04:50:51.838926 np0000182450 nova-conductor[110498]: DEBUG oslo.service.backend._threading.loopingcall [-] Fixed interval looping call 'nova.servicegroup.drivers.db.DbDriver._report_state' sleeping for 119.98 seconds {{(pid=110498) _run_loop /opt/stack/data/venv/lib/python3.12/site-packages/oslo_service/backend/_threading/loopingcall.py:125}}
Jun 22 04:50:51.840065 np0000182450 nova-conductor[110507]: DEBUG oslo.service.backend._threading.loopingcall [-] Fixed interval looping call 'nova.servicegroup.drivers.db.DbDriver._report_state' sleeping for 119.99 seconds {{(pid=110507) _run_loop /opt/stack/data/venv/lib/python3.12/site-packages/oslo_service/backend/_threading/loopingcall.py:125}}
Jun 22 04:50:51.840372 np0000182450 nova-conductor[110491]: DEBUG oslo.service.backend._threading.loopingcall [-] Fixed interval looping call 'nova.servicegroup.drivers.db.DbDriver._report_state' sleeping for 119.99 seconds {{(pid=110491) _run_loop /opt/stack/data/venv/lib/python3.12/site-packages/oslo_service/backend/_threading/loopingcall.py:125}}
Jun 22 04:50:54.827674 np0000182450 nova-conductor[110491]: DEBUG oslo.service.backend._threading.loopingcall [None req-c9eab9cb-392f-4142-8288-32eba45021ef None None] Dynamic interval looping call 'nova.service.Service.periodic_tasks' sleeping for 60.00 seconds {{(pid=110491) _run_loop /opt/stack/data/venv/lib/python3.12/site-packages/oslo_service/backend/_threading/loopingcall.py:125}}
Jun 22 04:50:55.303646 np0000182450 nova-conductor[109687]: DEBUG dbcounter [-] [109687] Writing DB stats nova_api:SELECT=1 {{(pid=109687) stat_writer /opt/stack/data/venv/lib/python3.12/site-packages/dbcounter.py:115}}
Jun 22 04:50:55.467366 np0000182450 nova-conductor[109687]: DEBUG dbcounter [-] [109687] Writing DB stats nova_cell1:SELECT=1 {{(pid=109687) stat_writer /opt/stack/data/venv/lib/python3.12/site-packages/dbcounter.py:115}}
Jun 22 04:50:55.474914 np0000182450 nova-conductor[109687]: DEBUG dbcounter [-] [109687] Writing DB stats nova_cell0:SELECT=1 {{(pid=109687) stat_writer /opt/stack/data/venv/lib/python3.12/site-packages/dbcounter.py:115}}
Jun 22 04:50:56.821064 np0000182450 nova-conductor[110485]: DEBUG oslo.service.backend._threading.loopingcall [None req-5ced3d96-8b57-40f2-9d88-f288c0c46151 None None] Dynamic interval looping call 'nova.service.Service.periodic_tasks' sleeping for 60.00 seconds {{(pid=110485) _run_loop /opt/stack/data/venv/lib/python3.12/site-packages/oslo_service/backend/_threading/loopingcall.py:125}}
Jun 22 04:51:01.832694 np0000182450 nova-conductor[110485]: DEBUG dbcounter [-] [110485] Writing DB stats nova_cell0:SELECT=4,nova_cell0:INSERT=1,nova_cell0:UPDATE=1 {{(pid=110485) stat_writer /opt/stack/data/venv/lib/python3.12/site-packages/dbcounter.py:115}}
Jun 22 04:51:01.833591 np0000182450 nova-conductor[110498]: DEBUG dbcounter [-] [110498] Writing DB stats nova_cell0:SELECT=3,nova_cell0:UPDATE=1 {{(pid=110498) stat_writer /opt/stack/data/venv/lib/python3.12/site-packages/dbcounter.py:115}}
Jun 22 04:51:01.840089 np0000182450 nova-conductor[110507]: DEBUG dbcounter [-] [110507] Writing DB stats nova_cell0:SELECT=3 {{(pid=110507) stat_writer /opt/stack/data/venv/lib/python3.12/site-packages/dbcounter.py:115}}
Jun 22 04:51:01.840648 np0000182450 nova-conductor[110491]: DEBUG dbcounter [-] [110491] Writing DB stats nova_cell0:SELECT=5,nova_cell0:INSERT=1,nova_cell0:UPDATE=1 {{(pid=110491) stat_writer /opt/stack/data/venv/lib/python3.12/site-packages/dbcounter.py:115}}
Jun 22 04:51:26.832438 np0000182450 nova-conductor[110507]: DEBUG oslo.service.backend._threading.loopingcall [None req-3314d784-31ce-440b-b2c4-88a4a6888e6b None None] Dynamic interval looping call 'nova.service.Service.periodic_tasks' sleeping for 60.00 seconds {{(pid=110507) _run_loop /opt/stack/data/venv/lib/python3.12/site-packages/oslo_service/backend/_threading/loopingcall.py:125}}
Jun 22 04:51:32.818162 np0000182450 nova-conductor[110498]: DEBUG oslo.service.backend._threading.loopingcall [None req-86a3765d-7b9e-4122-b962-9fe37bec1f12 None None] Dynamic interval looping call 'nova.service.Service.periodic_tasks' sleeping for 60.00 seconds {{(pid=110498) _run_loop /opt/stack/data/venv/lib/python3.12/site-packages/oslo_service/backend/_threading/loopingcall.py:125}}
Jun 22 04:51:54.832293 np0000182450 nova-conductor[110491]: DEBUG oslo.service.backend._threading.loopingcall [None req-c9eab9cb-392f-4142-8288-32eba45021ef None None] Dynamic interval looping call 'nova.service.Service.periodic_tasks' sleeping for 60.00 seconds {{(pid=110491) _run_loop /opt/stack/data/venv/lib/python3.12/site-packages/oslo_service/backend/_threading/loopingcall.py:125}}
Jun 22 04:51:56.823202 np0000182450 nova-conductor[110485]: DEBUG oslo.service.backend._threading.loopingcall [None req-5ced3d96-8b57-40f2-9d88-f288c0c46151 None None] Dynamic interval looping call 'nova.service.Service.periodic_tasks' sleeping for 60.00 seconds {{(pid=110485) _run_loop /opt/stack/data/venv/lib/python3.12/site-packages/oslo_service/backend/_threading/loopingcall.py:125}}
Jun 22 04:52:26.837982 np0000182450 nova-conductor[110507]: DEBUG oslo.service.backend._threading.loopingcall [None req-3314d784-31ce-440b-b2c4-88a4a6888e6b None None] Dynamic interval looping call 'nova.service.Service.periodic_tasks' sleeping for 60.00 seconds {{(pid=110507) _run_loop /opt/stack/data/venv/lib/python3.12/site-packages/oslo_service/backend/_threading/loopingcall.py:125}}
Jun 22 04:52:32.818399 np0000182450 nova-conductor[110498]: DEBUG oslo.service.backend._threading.loopingcall [None req-86a3765d-7b9e-4122-b962-9fe37bec1f12 None None] Dynamic interval looping call 'nova.service.Service.periodic_tasks' sleeping for 60.00 seconds {{(pid=110498) _run_loop /opt/stack/data/venv/lib/python3.12/site-packages/oslo_service/backend/_threading/loopingcall.py:125}}
Jun 22 04:52:51.827291 np0000182450 nova-conductor[110485]: DEBUG oslo.service.backend._threading.loopingcall [-] Fixed interval looping call 'nova.servicegroup.drivers.db.DbDriver._report_state' sleeping for 119.99 seconds {{(pid=110485) _run_loop /opt/stack/data/venv/lib/python3.12/site-packages/oslo_service/backend/_threading/loopingcall.py:125}}
Jun 22 04:52:51.827902 np0000182450 nova-conductor[110498]: DEBUG oslo.service.backend._threading.loopingcall [-] Fixed interval looping call 'nova.servicegroup.drivers.db.DbDriver._report_state' sleeping for 119.99 seconds {{(pid=110498) _run_loop /opt/stack/data/venv/lib/python3.12/site-packages/oslo_service/backend/_threading/loopingcall.py:125}}
Jun 22 04:52:51.835391 np0000182450 nova-conductor[110507]: DEBUG oslo.service.backend._threading.loopingcall [-] Fixed interval looping call 'nova.servicegroup.drivers.db.DbDriver._report_state' sleeping for 120.00 seconds {{(pid=110507) _run_loop /opt/stack/data/venv/lib/python3.12/site-packages/oslo_service/backend/_threading/loopingcall.py:125}}
Jun 22 04:52:51.839608 np0000182450 nova-conductor[110491]: DEBUG oslo.service.backend._threading.loopingcall [-] Fixed interval looping call 'nova.servicegroup.drivers.db.DbDriver._report_state' sleeping for 119.99 seconds {{(pid=110491) _run_loop /opt/stack/data/venv/lib/python3.12/site-packages/oslo_service/backend/_threading/loopingcall.py:125}}
Jun 22 04:52:54.833163 np0000182450 nova-conductor[110491]: DEBUG oslo.service.backend._threading.loopingcall [None req-c9eab9cb-392f-4142-8288-32eba45021ef None None] Dynamic interval looping call 'nova.service.Service.periodic_tasks' sleeping for 60.00 seconds {{(pid=110491) _run_loop /opt/stack/data/venv/lib/python3.12/site-packages/oslo_service/backend/_threading/loopingcall.py:125}}
Jun 22 04:52:56.824604 np0000182450 nova-conductor[110485]: DEBUG oslo.service.backend._threading.loopingcall [None req-5ced3d96-8b57-40f2-9d88-f288c0c46151 None None] Dynamic interval looping call 'nova.service.Service.periodic_tasks' sleeping for 60.00 seconds {{(pid=110485) _run_loop /opt/stack/data/venv/lib/python3.12/site-packages/oslo_service/backend/_threading/loopingcall.py:125}}
Jun 22 04:53:01.822191 np0000182450 nova-conductor[110485]: DEBUG dbcounter [-] [110485] Writing DB stats nova_cell0:SELECT=1,nova_cell0:UPDATE=1 {{(pid=110485) stat_writer /opt/stack/data/venv/lib/python3.12/site-packages/dbcounter.py:115}}
Jun 22 04:53:01.823628 np0000182450 nova-conductor[110498]: DEBUG dbcounter [-] [110498] Writing DB stats nova_cell0:SELECT=1,nova_cell0:UPDATE=1 {{(pid=110498) stat_writer /opt/stack/data/venv/lib/python3.12/site-packages/dbcounter.py:115}}
Jun 22 04:53:01.832690 np0000182450 nova-conductor[110491]: DEBUG dbcounter [-] [110491] Writing DB stats nova_cell0:SELECT=1 {{(pid=110491) stat_writer /opt/stack/data/venv/lib/python3.12/site-packages/dbcounter.py:115}}
Jun 22 04:53:01.833433 np0000182450 nova-conductor[110507]: DEBUG dbcounter [-] [110507] Writing DB stats nova_cell0:SELECT=1 {{(pid=110507) stat_writer /opt/stack/data/venv/lib/python3.12/site-packages/dbcounter.py:115}}
Jun 22 04:53:26.834099 np0000182450 nova-conductor[110507]: DEBUG oslo.service.backend._threading.loopingcall [None req-3314d784-31ce-440b-b2c4-88a4a6888e6b None None] Dynamic interval looping call 'nova.service.Service.periodic_tasks' sleeping for 60.00 seconds {{(pid=110507) _run_loop /opt/stack/data/venv/lib/python3.12/site-packages/oslo_service/backend/_threading/loopingcall.py:125}}
Jun 22 04:53:32.819316 np0000182450 nova-conductor[110498]: DEBUG oslo.service.backend._threading.loopingcall [None req-86a3765d-7b9e-4122-b962-9fe37bec1f12 None None] Dynamic interval looping call 'nova.service.Service.periodic_tasks' sleeping for 60.00 seconds {{(pid=110498) _run_loop /opt/stack/data/venv/lib/python3.12/site-packages/oslo_service/backend/_threading/loopingcall.py:125}}
Jun 22 04:53:54.833933 np0000182450 nova-conductor[110491]: DEBUG oslo.service.backend._threading.loopingcall [None req-c9eab9cb-392f-4142-8288-32eba45021ef None None] Dynamic interval looping call 'nova.service.Service.periodic_tasks' sleeping for 60.00 seconds {{(pid=110491) _run_loop /opt/stack/data/venv/lib/python3.12/site-packages/oslo_service/backend/_threading/loopingcall.py:125}}
Jun 22 04:53:56.825250 np0000182450 nova-conductor[110485]: DEBUG oslo.service.backend._threading.loopingcall [None req-5ced3d96-8b57-40f2-9d88-f288c0c46151 None None] Dynamic interval looping call 'nova.service.Service.periodic_tasks' sleeping for 60.00 seconds {{(pid=110485) _run_loop /opt/stack/data/venv/lib/python3.12/site-packages/oslo_service/backend/_threading/loopingcall.py:125}}
Jun 22 04:54:26.834844 np0000182450 nova-conductor[110507]: DEBUG oslo.service.backend._threading.loopingcall [None req-3314d784-31ce-440b-b2c4-88a4a6888e6b None None] Dynamic interval looping call 'nova.service.Service.periodic_tasks' sleeping for 60.00 seconds {{(pid=110507) _run_loop /opt/stack/data/venv/lib/python3.12/site-packages/oslo_service/backend/_threading/loopingcall.py:125}}
Jun 22 04:54:32.820538 np0000182450 nova-conductor[110498]: DEBUG oslo.service.backend._threading.loopingcall [None req-86a3765d-7b9e-4122-b962-9fe37bec1f12 None None] Dynamic interval looping call 'nova.service.Service.periodic_tasks' sleeping for 60.00 seconds {{(pid=110498) _run_loop /opt/stack/data/venv/lib/python3.12/site-packages/oslo_service/backend/_threading/loopingcall.py:125}}
Jun 22 04:54:52.160085 np0000182450 nova-conductor[110485]: DEBUG oslo.service.backend._threading.loopingcall [-] Fixed interval looping call 'nova.servicegroup.drivers.db.DbDriver._report_state' sleeping for 119.66 seconds {{(pid=110485) _run_loop /opt/stack/data/venv/lib/python3.12/site-packages/oslo_service/backend/_threading/loopingcall.py:125}}
Jun 22 04:54:52.160833 np0000182450 nova-conductor[110498]: DEBUG oslo.service.backend._threading.loopingcall [-] Fixed interval looping call 'nova.servicegroup.drivers.db.DbDriver._report_state' sleeping for 119.66 seconds {{(pid=110498) _run_loop /opt/stack/data/venv/lib/python3.12/site-packages/oslo_service/backend/_threading/loopingcall.py:125}}
Jun 22 04:54:52.162295 np0000182450 nova-conductor[110491]: DEBUG oslo.service.backend._threading.loopingcall [-] Fixed interval looping call 'nova.servicegroup.drivers.db.DbDriver._report_state' sleeping for 119.67 seconds {{(pid=110491) _run_loop /opt/stack/data/venv/lib/python3.12/site-packages/oslo_service/backend/_threading/loopingcall.py:125}}
Jun 22 04:54:52.163935 np0000182450 nova-conductor[110507]: DEBUG oslo.service.backend._threading.loopingcall [-] Fixed interval looping call 'nova.servicegroup.drivers.db.DbDriver._report_state' sleeping for 119.67 seconds {{(pid=110507) _run_loop /opt/stack/data/venv/lib/python3.12/site-packages/oslo_service/backend/_threading/loopingcall.py:125}}
Jun 22 04:54:54.834573 np0000182450 nova-conductor[110491]: DEBUG oslo.service.backend._threading.loopingcall [None req-c9eab9cb-392f-4142-8288-32eba45021ef None None] Dynamic interval looping call 'nova.service.Service.periodic_tasks' sleeping for 60.00 seconds {{(pid=110491) _run_loop /opt/stack/data/venv/lib/python3.12/site-packages/oslo_service/backend/_threading/loopingcall.py:125}}
Jun 22 04:54:56.826247 np0000182450 nova-conductor[110485]: DEBUG oslo.service.backend._threading.loopingcall [None req-5ced3d96-8b57-40f2-9d88-f288c0c46151 None None] Dynamic interval looping call 'nova.service.Service.periodic_tasks' sleeping for 60.00 seconds {{(pid=110485) _run_loop /opt/stack/data/venv/lib/python3.12/site-packages/oslo_service/backend/_threading/loopingcall.py:125}}
Jun 22 04:55:01.823686 np0000182450 nova-conductor[110485]: DEBUG dbcounter [-] [110485] Writing DB stats nova_cell0:SELECT=1,nova_cell0:UPDATE=1 {{(pid=110485) stat_writer /opt/stack/data/venv/lib/python3.12/site-packages/dbcounter.py:115}}
Jun 22 04:55:01.826348 np0000182450 nova-conductor[110498]: DEBUG dbcounter [-] [110498] Writing DB stats nova_cell0:SELECT=1,nova_cell0:UPDATE=1 {{(pid=110498) stat_writer /opt/stack/data/venv/lib/python3.12/site-packages/dbcounter.py:115}}
Jun 22 04:55:01.833659 np0000182450 nova-conductor[110491]: DEBUG dbcounter [-] [110491] Writing DB stats nova_cell0:SELECT=1,nova_cell0:UPDATE=1 {{(pid=110491) stat_writer /opt/stack/data/venv/lib/python3.12/site-packages/dbcounter.py:115}}
Jun 22 04:55:01.840334 np0000182450 nova-conductor[110507]: DEBUG dbcounter [-] [110507] Writing DB stats nova_cell0:SELECT=1,nova_cell0:UPDATE=1 {{(pid=110507) stat_writer /opt/stack/data/venv/lib/python3.12/site-packages/dbcounter.py:115}}
