Jun 20 01:10:59.600103 np0000182341 devstack@neutron-api.service[103163]: INFO neutron.api.extensions [None req-efd96ab4-41ac-48b7-a3d6-2fb226d5f1c8 None None] Extension trunk-details not supported by any of loaded plugins
Jun 20 01:10:59.600253 np0000182341 devstack@neutron-api.service[103162]: INFO neutron.manager [None req-a7398363-f93b-4012-a0c8-758ed66bd383 None None] Loading Plugin: ovn-router
Jun 20 01:10:59.600336 np0000182341 devstack@neutron-api.service[103163]: DEBUG neutron.api.extensions [None req-efd96ab4-41ac-48b7-a3d6-2fb226d5f1c8 None None] Loading extension file: uplink_status_propagation.py {{(pid=103163) _load_all_extensions_from_path /opt/stack/neutron/neutron/api/extensions.py:449}}
Jun 20 01:10:59.600336 np0000182341 devstack@neutron-api.service[103163]: DEBUG neutron.api.extensions [None req-efd96ab4-41ac-48b7-a3d6-2fb226d5f1c8 None None] Ext name="Uplink status propagation extension" alias="uplink-status-propagation" description="Provides ability to propagate port uplink status." updated="2018-05-31T18:00:00-00:00" {{(pid=103163) _check_extension /opt/stack/neutron/neutron/api/extensions.py:415}}
Jun 20 01:10:59.600336 np0000182341 devstack@neutron-api.service[103163]: INFO neutron.api.extensions [None req-efd96ab4-41ac-48b7-a3d6-2fb226d5f1c8 None None] Extension uplink-status-propagation not supported by any of loaded plugins
Jun 20 01:10:59.600336 np0000182341 devstack@neutron-api.service[103163]: DEBUG neutron.api.extensions [None req-efd96ab4-41ac-48b7-a3d6-2fb226d5f1c8 None None] Loading extension file: uplink_status_propagation_updatable.py {{(pid=103163) _load_all_extensions_from_path /opt/stack/neutron/neutron/api/extensions.py:449}}
Jun 20 01:10:59.600336 np0000182341 devstack@neutron-api.service[103163]: DEBUG neutron.api.extensions [None req-efd96ab4-41ac-48b7-a3d6-2fb226d5f1c8 None None] Ext name="Uplink status propagation updatable extension" alias="uplink-status-propagation-updatable" description="Provides ability to update the port uplink status." updated="2024-09-03T18:00:00-00:00" {{(pid=103163) _check_extension /opt/stack/neutron/neutron/api/extensions.py:415}}
Jun 20 01:10:59.600336 np0000182341 devstack@neutron-api.service[103163]: INFO neutron.api.extensions [None req-efd96ab4-41ac-48b7-a3d6-2fb226d5f1c8 None None] Extension uplink-status-propagation-updatable not supported by any of loaded plugins
Jun 20 01:10:59.600336 np0000182341 devstack@neutron-api.service[103163]: DEBUG neutron.api.extensions [None req-efd96ab4-41ac-48b7-a3d6-2fb226d5f1c8 None None] Loading extension file: vlantransparent.py {{(pid=103163) _load_all_extensions_from_path /opt/stack/neutron/neutron/api/extensions.py:449}}
Jun 20 01:10:59.600573 np0000182341 devstack@neutron-api.service[103163]: DEBUG neutron.api.extensions [None req-efd96ab4-41ac-48b7-a3d6-2fb226d5f1c8 None None] Ext name="Vlantransparent" alias="vlan-transparent" description="Provides Vlan Transparent Networks" updated="2015-03-23T09:00:00-00:00" {{(pid=103163) _check_extension /opt/stack/neutron/neutron/api/extensions.py:415}}
Jun 20 01:10:59.600573 np0000182341 devstack@neutron-api.service[103163]: INFO neutron.api.extensions [None req-efd96ab4-41ac-48b7-a3d6-2fb226d5f1c8 None None] Loaded extension: vlan-transparent
Jun 20 01:10:59.600672 np0000182341 devstack@neutron-api.service[103164]: DEBUG neutron.api.extensions [None req-ab9c3fe1-04a8-45cf-af4a-8c5d2748732d None None] Ext name="security-group" alias="security-group" description="The security groups extension." updated="2012-10-05T10:00:00-00:00" {{(pid=103164) _check_extension /opt/stack/neutron/neutron/api/extensions.py:415}}
Jun 20 01:10:59.600672 np0000182341 devstack@neutron-api.service[103164]: INFO neutron.api.extensions [None req-ab9c3fe1-04a8-45cf-af4a-8c5d2748732d None None] Loaded extension: security-group
Jun 20 01:10:59.600672 np0000182341 devstack@neutron-api.service[103164]: DEBUG neutron.api.extensions [None req-ab9c3fe1-04a8-45cf-af4a-8c5d2748732d None None] Loading extension file: segment.py {{(pid=103164) _load_all_extensions_from_path /opt/stack/neutron/neutron/api/extensions.py:449}}
Jun 20 01:10:59.600672 np0000182341 devstack@neutron-api.service[103164]: DEBUG neutron.api.extensions [None req-ab9c3fe1-04a8-45cf-af4a-8c5d2748732d None None] Ext name="Segment" alias="segment" description="Segments extension." updated="2016-02-24T17:00:00-00:00" {{(pid=103164) _check_extension /opt/stack/neutron/neutron/api/extensions.py:415}}
Jun 20 01:10:59.600672 np0000182341 devstack@neutron-api.service[103164]: INFO neutron.api.extensions [None req-ab9c3fe1-04a8-45cf-af4a-8c5d2748732d None None] Extension segment not supported by any of loaded plugins
Jun 20 01:10:59.600672 np0000182341 devstack@neutron-api.service[103164]: DEBUG neutron.api.extensions [None req-ab9c3fe1-04a8-45cf-af4a-8c5d2748732d None None] Loading extension file: segments_peer_subnet_host_routes.py {{(pid=103164) _load_all_extensions_from_path /opt/stack/neutron/neutron/api/extensions.py:449}}
Jun 20 01:10:59.600919 np0000182341 devstack@neutron-api.service[103163]: INFO neutron.quota.resource_registry [None req-efd96ab4-41ac-48b7-a3d6-2fb226d5f1c8 None None] Creating instance of TrackedResource for resource:network
Jun 20 01:10:59.600919 np0000182341 devstack@neutron-api.service[103163]: INFO neutron.quota.resource_registry [None req-efd96ab4-41ac-48b7-a3d6-2fb226d5f1c8 None None] Creating instance of TrackedResource for resource:subnet
Jun 20 01:10:59.600919 np0000182341 devstack@neutron-api.service[103163]: INFO neutron.quota.resource_registry [None req-efd96ab4-41ac-48b7-a3d6-2fb226d5f1c8 None None] Creating instance of TrackedResource for resource:subnetpool
Jun 20 01:10:59.600919 np0000182341 devstack@neutron-api.service[103163]: INFO neutron.quota.resource_registry [None req-efd96ab4-41ac-48b7-a3d6-2fb226d5f1c8 None None] Creating instance of TrackedResource for resource:port
Jun 20 01:10:59.601065 np0000182341 devstack@neutron-api.service[103164]: DEBUG neutron.api.extensions [None req-ab9c3fe1-04a8-45cf-af4a-8c5d2748732d None None] Ext name="Segments peer-subnet host routes" alias="segments-peer-subnet-host-routes" description="Add host routes to subnets on a routed network (segments)" updated="2018-06-12T10:00:00-00:00" {{(pid=103164) _check_extension /opt/stack/neutron/neutron/api/extensions.py:415}}
Jun 20 01:10:59.601065 np0000182341 devstack@neutron-api.service[103164]: INFO neutron.api.extensions [None req-ab9c3fe1-04a8-45cf-af4a-8c5d2748732d None None] Extension segments-peer-subnet-host-routes not supported by any of loaded plugins
Jun 20 01:10:59.601065 np0000182341 devstack@neutron-api.service[103164]: DEBUG neutron.api.extensions [None req-ab9c3fe1-04a8-45cf-af4a-8c5d2748732d None None] Loading extension file: servicetype.py {{(pid=103164) _load_all_extensions_from_path /opt/stack/neutron/neutron/api/extensions.py:449}}
Jun 20 01:10:59.601065 np0000182341 devstack@neutron-api.service[103164]: DEBUG neutron.api.extensions [None req-ab9c3fe1-04a8-45cf-af4a-8c5d2748732d None None] Ext name="Neutron Service Type Management" alias="service-type" description="API for retrieving service providers for Neutron advanced services" updated="2013-01-20T00:00:00-00:00" {{(pid=103164) _check_extension /opt/stack/neutron/neutron/api/extensions.py:415}}
Jun 20 01:10:59.601338 np0000182341 devstack@neutron-api.service[103163]: DEBUG neutron.api.v2.resource_helper [None req-efd96ab4-41ac-48b7-a3d6-2fb226d5f1c8 None None] Service L3_ROUTER_NAT assigned prefix: {{(pid=103163) build_resource_info /opt/stack/neutron/neutron/api/v2/resource_helper.py:77}}
Jun 20 01:10:59.601733 np0000182341 devstack@neutron-api.service[103163]: DEBUG neutron.api.v2.resource_helper [None req-efd96ab4-41ac-48b7-a3d6-2fb226d5f1c8 None None] Service FLAVORS assigned prefix: {{(pid=103163) build_resource_info /opt/stack/neutron/neutron/api/v2/resource_helper.py:77}}
Jun 20 01:10:59.602774 np0000182341 devstack@neutron-api.service[103163]: DEBUG neutron.api.v2.resource_helper [None req-efd96ab4-41ac-48b7-a3d6-2fb226d5f1c8 None None] Service L3_ROUTER_NAT assigned prefix: {{(pid=103163) build_resource_info /opt/stack/neutron/neutron/api/v2/resource_helper.py:77}}
Jun 20 01:10:59.602925 np0000182341 devstack@neutron-api.service[103163]: DEBUG neutron.api.v2.resource_helper [None req-efd96ab4-41ac-48b7-a3d6-2fb226d5f1c8 None None] Service L3_ROUTER_NAT assigned prefix: {{(pid=103163) build_resource_info /opt/stack/neutron/neutron/api/v2/resource_helper.py:77}}
Jun 20 01:10:59.603061 np0000182341 devstack@neutron-api.service[103163]: INFO neutron.quota.resource_registry [None req-efd96ab4-41ac-48b7-a3d6-2fb226d5f1c8 None None] Creating instance of TrackedResource for resource:router
Jun 20 01:10:59.603479 np0000182341 devstack@neutron-api.service[103163]: INFO neutron.quota.resource_registry [None req-efd96ab4-41ac-48b7-a3d6-2fb226d5f1c8 None None] Creating instance of TrackedResource for resource:floatingip
Jun 20 01:10:59.604350 np0000182341 devstack@neutron-api.service[103164]: INFO neutron.api.extensions [None req-ab9c3fe1-04a8-45cf-af4a-8c5d2748732d None None] Loaded extension: service-type
Jun 20 01:10:59.604603 np0000182341 devstack@neutron-api.service[103164]: DEBUG neutron.api.extensions [None req-ab9c3fe1-04a8-45cf-af4a-8c5d2748732d None None] Loading extension file: sorting.py {{(pid=103164) _load_all_extensions_from_path /opt/stack/neutron/neutron/api/extensions.py:449}}
Jun 20 01:10:59.604703 np0000182341 devstack@neutron-api.service[103163]: INFO neutron.quota.resource_registry [None req-efd96ab4-41ac-48b7-a3d6-2fb226d5f1c8 None None] Creating instance of CountableResource for resource:rbac_policy
Jun 20 01:10:59.604872 np0000182341 devstack@neutron-api.service[103164]: DEBUG neutron.api.extensions [None req-ab9c3fe1-04a8-45cf-af4a-8c5d2748732d None None] Ext name="Sorting support" alias="sorting" description="Extension that indicates that sorting is enabled." updated="2016-06-12T00:00:00-00:00" {{(pid=103164) _check_extension /opt/stack/neutron/neutron/api/extensions.py:415}}
Jun 20 01:10:59.604872 np0000182341 devstack@neutron-api.service[103164]: INFO neutron.api.extensions [None req-ab9c3fe1-04a8-45cf-af4a-8c5d2748732d None None] Loaded extension: sorting
Jun 20 01:10:59.604872 np0000182341 devstack@neutron-api.service[103164]: DEBUG neutron.api.extensions [None req-ab9c3fe1-04a8-45cf-af4a-8c5d2748732d None None] Loading extension file: standard_attr_segment.py {{(pid=103164) _load_all_extensions_from_path /opt/stack/neutron/neutron/api/extensions.py:449}}
Jun 20 01:10:59.605171 np0000182341 devstack@neutron-api.service[103164]: DEBUG neutron.api.extensions [None req-ab9c3fe1-04a8-45cf-af4a-8c5d2748732d None None] Ext name="Standard Attribute Segment Extension" alias="standard-attr-segment" description="Add standard attributes to Segment resource" updated="2018-04-09T10:00:00-00:00" {{(pid=103164) _check_extension /opt/stack/neutron/neutron/api/extensions.py:415}}
Jun 20 01:10:59.605628 np0000182341 devstack@neutron-api.service[103164]: INFO neutron.api.extensions [None req-ab9c3fe1-04a8-45cf-af4a-8c5d2748732d None None] Extension standard-attr-segment not supported by any of loaded plugins
Jun 20 01:10:59.605733 np0000182341 devstack@neutron-api.service[103163]: INFO neutron.quota.resource_registry [None req-efd96ab4-41ac-48b7-a3d6-2fb226d5f1c8 None None] Creating instance of TrackedResource for resource:security_group
Jun 20 01:10:59.605920 np0000182341 devstack@neutron-api.service[103164]: DEBUG neutron.api.extensions [None req-ab9c3fe1-04a8-45cf-af4a-8c5d2748732d None None] Loading extension file: standardattrdescription.py {{(pid=103164) _load_all_extensions_from_path /opt/stack/neutron/neutron/api/extensions.py:449}}
Jun 20 01:10:59.606014 np0000182341 devstack@neutron-api.service[103163]: INFO neutron.quota.resource_registry [None req-efd96ab4-41ac-48b7-a3d6-2fb226d5f1c8 None None] Creating instance of TrackedResource for resource:security_group_rule
Jun 20 01:10:59.606221 np0000182341 devstack@neutron-api.service[103164]: DEBUG neutron.api.extensions [None req-ab9c3fe1-04a8-45cf-af4a-8c5d2748732d None None] Ext name="standard-attr-description" alias="standard-attr-description" description="Extension to add descriptions to standard attributes" updated="2016-02-10T10:00:00-00:00" {{(pid=103164) _check_extension /opt/stack/neutron/neutron/api/extensions.py:415}}
Jun 20 01:10:59.606221 np0000182341 devstack@neutron-api.service[103164]: INFO neutron.api.extensions [None req-ab9c3fe1-04a8-45cf-af4a-8c5d2748732d None None] Loaded extension: standard-attr-description
Jun 20 01:10:59.606221 np0000182341 devstack@neutron-api.service[103164]: DEBUG neutron.api.extensions [None req-ab9c3fe1-04a8-45cf-af4a-8c5d2748732d None None] Loading extension file: stateful_security_group.py {{(pid=103164) _load_all_extensions_from_path /opt/stack/neutron/neutron/api/extensions.py:449}}
Jun 20 01:10:59.606598 np0000182341 devstack@neutron-api.service[103163]: DEBUG neutron.api.v2.resource_helper [None req-efd96ab4-41ac-48b7-a3d6-2fb226d5f1c8 None None] Service CORE assigned prefix: {{(pid=103163) build_resource_info /opt/stack/neutron/neutron/api/v2/resource_helper.py:77}}
Jun 20 01:10:59.606598 np0000182341 devstack@neutron-api.service[103163]: INFO neutron.quota.resource_registry [None req-efd96ab4-41ac-48b7-a3d6-2fb226d5f1c8 None None] Creating instance of TrackedResource for resource:subnetpool
Jun 20 01:10:59.606814 np0000182341 devstack@neutron-api.service[103164]: DEBUG neutron.api.extensions [None req-ab9c3fe1-04a8-45cf-af4a-8c5d2748732d None None] Ext name="Stateful security group" alias="stateful-security-group" description="Indicates if the security group is stateful or not" updated="2019-11-26T09:00:00-00:00" {{(pid=103164) _check_extension /opt/stack/neutron/neutron/api/extensions.py:415}}
Jun 20 01:10:59.607003 np0000182341 devstack@neutron-api.service[103163]: WARNING neutron.quota.resource_registry [None req-efd96ab4-41ac-48b7-a3d6-2fb226d5f1c8 None None] subnetpool is already registered
Jun 20 01:10:59.607119 np0000182341 devstack@neutron-api.service[103164]: INFO neutron.api.extensions [None req-ab9c3fe1-04a8-45cf-af4a-8c5d2748732d None None] Loaded extension: stateful-security-group
Jun 20 01:10:59.607119 np0000182341 devstack@neutron-api.service[103164]: DEBUG neutron.api.extensions [None req-ab9c3fe1-04a8-45cf-af4a-8c5d2748732d None None] Loading extension file: stdattrs_common.py {{(pid=103164) _load_all_extensions_from_path /opt/stack/neutron/neutron/api/extensions.py:449}}
Jun 20 01:10:59.607292 np0000182341 devstack@neutron-api.service[103163]: DEBUG neutron.api.v2.resource_helper [None req-efd96ab4-41ac-48b7-a3d6-2fb226d5f1c8 None None] Service CORE assigned prefix: {{(pid=103163) build_resource_info /opt/stack/neutron/neutron/api/v2/resource_helper.py:77}}
Jun 20 01:10:59.607292 np0000182341 devstack@neutron-api.service[103163]: INFO neutron.quota.resource_registry [None req-efd96ab4-41ac-48b7-a3d6-2fb226d5f1c8 None None] Creating instance of TrackedResource for resource:subnetpool
Jun 20 01:10:59.607292 np0000182341 devstack@neutron-api.service[103163]: WARNING neutron.quota.resource_registry [None req-efd96ab4-41ac-48b7-a3d6-2fb226d5f1c8 None None] subnetpool is already registered
Jun 20 01:10:59.608206 np0000182341 devstack@neutron-api.service[103164]: WARNING neutron.api.extensions [None req-ab9c3fe1-04a8-45cf-af4a-8c5d2748732d None None] Did not find expected name "Stdattrs_common" in /opt/stack/neutron/neutron/extensions/stdattrs_common.py
Jun 20 01:10:59.608358 np0000182341 devstack@neutron-api.service[103164]: DEBUG neutron.api.extensions [None req-ab9c3fe1-04a8-45cf-af4a-8c5d2748732d None None] Loading extension file: subnet_dns_publish_fixed_ip.py {{(pid=103164) _load_all_extensions_from_path /opt/stack/neutron/neutron/api/extensions.py:449}}
Jun 20 01:10:59.608696 np0000182341 devstack@neutron-api.service[103164]: DEBUG neutron.api.extensions [None req-ab9c3fe1-04a8-45cf-af4a-8c5d2748732d None None] Ext name="Subnet DNS publish fixed IP" alias="subnet-dns-publish-fixed-ip" description="Support choosing to publish DNS records for IPs from a subnet" updated="2019-05-24T10:00:00-00:00" {{(pid=103164) _check_extension /opt/stack/neutron/neutron/api/extensions.py:415}}
Jun 20 01:10:59.608696 np0000182341 devstack@neutron-api.service[103164]: INFO neutron.api.extensions [None req-ab9c3fe1-04a8-45cf-af4a-8c5d2748732d None None] Loaded extension: subnet-dns-publish-fixed-ip
Jun 20 01:10:59.608833 np0000182341 devstack@neutron-api.service[103164]: DEBUG neutron.api.extensions [None req-ab9c3fe1-04a8-45cf-af4a-8c5d2748732d None None] Loading extension file: subnet_external_network.py {{(pid=103164) _load_all_extensions_from_path /opt/stack/neutron/neutron/api/extensions.py:449}}
Jun 20 01:10:59.609041 np0000182341 devstack@neutron-api.service[103164]: DEBUG neutron.api.extensions [None req-ab9c3fe1-04a8-45cf-af4a-8c5d2748732d None None] Ext name="Subnet belongs to an external network" alias="subnet-external-network" description="Informs if the subnet belongs to an external network" updated="2024-02-05T18:00:00-00:00" {{(pid=103164) _check_extension /opt/stack/neutron/neutron/api/extensions.py:415}}
Jun 20 01:10:59.609256 np0000182341 devstack@neutron-api.service[103164]: INFO neutron.api.extensions [None req-ab9c3fe1-04a8-45cf-af4a-8c5d2748732d None None] Loaded extension: subnet-external-network
Jun 20 01:10:59.609256 np0000182341 devstack@neutron-api.service[103164]: DEBUG neutron.api.extensions [None req-ab9c3fe1-04a8-45cf-af4a-8c5d2748732d None None] Loading extension file: subnet_onboard.py {{(pid=103164) _load_all_extensions_from_path /opt/stack/neutron/neutron/api/extensions.py:449}}
Jun 20 01:10:59.609440 np0000182341 devstack@neutron-api.service[103163]: DEBUG neutron.api.v2.resource_helper [None req-efd96ab4-41ac-48b7-a3d6-2fb226d5f1c8 None None] Service L3_ROUTER_NAT assigned prefix: {{(pid=103163) build_resource_info /opt/stack/neutron/neutron/api/v2/resource_helper.py:77}}
Jun 20 01:10:59.609581 np0000182341 devstack@neutron-api.service[103164]: DEBUG neutron.api.extensions [None req-ab9c3fe1-04a8-45cf-af4a-8c5d2748732d None None] Ext name="Subnet Onboard" alias="subnet_onboard" description="Provides support for onboarding subnets into subnet pools" updated="2018-12-18T09:00:00-00:00" {{(pid=103164) _check_extension /opt/stack/neutron/neutron/api/extensions.py:415}}
Jun 20 01:10:59.609750 np0000182341 devstack@neutron-api.service[103164]: INFO neutron.api.extensions [None req-ab9c3fe1-04a8-45cf-af4a-8c5d2748732d None None] Loaded extension: subnet_onboard
Jun 20 01:10:59.609831 np0000182341 devstack@neutron-api.service[103163]: DEBUG neutron.api.v2.resource_helper [None req-efd96ab4-41ac-48b7-a3d6-2fb226d5f1c8 None None] Service FLAVORS assigned prefix: {{(pid=103163) build_resource_info /opt/stack/neutron/neutron/api/v2/resource_helper.py:77}}
Jun 20 01:10:59.609940 np0000182341 devstack@neutron-api.service[103164]: DEBUG neutron.api.extensions [None req-ab9c3fe1-04a8-45cf-af4a-8c5d2748732d None None] Loading extension file: subnet_segmentid_writable.py {{(pid=103164) _load_all_extensions_from_path /opt/stack/neutron/neutron/api/extensions.py:449}}
Jun 20 01:10:59.610056 np0000182341 devstack@neutron-api.service[103164]: DEBUG neutron.api.extensions [None req-ab9c3fe1-04a8-45cf-af4a-8c5d2748732d None None] Ext name="Subnet SegmentID (writable)" alias="subnet-segmentid-writable" description="Provides a writable segment_id attribute for a subnet resource." updated="2018-03-12T00:00:00-00:00" {{(pid=103164) _check_extension /opt/stack/neutron/neutron/api/extensions.py:415}}
Jun 20 01:10:59.610241 np0000182341 devstack@neutron-api.service[103164]: INFO neutron.api.extensions [None req-ab9c3fe1-04a8-45cf-af4a-8c5d2748732d None None] Extension subnet-segmentid-writable not supported by any of loaded plugins
Jun 20 01:10:59.610384 np0000182341 devstack@neutron-api.service[103164]: DEBUG neutron.api.extensions [None req-ab9c3fe1-04a8-45cf-af4a-8c5d2748732d None None] Loading extension file: subnet_service_types.py {{(pid=103164) _load_all_extensions_from_path /opt/stack/neutron/neutron/api/extensions.py:449}}
Jun 20 01:10:59.610644 np0000182341 devstack@neutron-api.service[103164]: DEBUG neutron.api.extensions [None req-ab9c3fe1-04a8-45cf-af4a-8c5d2748732d None None] Ext name="Subnet service types" alias="subnet-service-types" description="Provides ability to set the subnet service_types field" updated="2016-03-15T18:00:00-00:00" {{(pid=103164) _check_extension /opt/stack/neutron/neutron/api/extensions.py:415}}
Jun 20 01:10:59.610757 np0000182341 devstack@neutron-api.service[103163]: DEBUG neutron.api.v2.resource_helper [None req-efd96ab4-41ac-48b7-a3d6-2fb226d5f1c8 None None] Service L3_ROUTER_NAT assigned prefix: {{(pid=103163) build_resource_info /opt/stack/neutron/neutron/api/v2/resource_helper.py:77}}
Jun 20 01:10:59.610865 np0000182341 devstack@neutron-api.service[103164]: INFO neutron.api.extensions [None req-ab9c3fe1-04a8-45cf-af4a-8c5d2748732d None None] Loaded extension: subnet-service-types
Jun 20 01:10:59.610865 np0000182341 devstack@neutron-api.service[103164]: DEBUG neutron.api.extensions [None req-ab9c3fe1-04a8-45cf-af4a-8c5d2748732d None None] Loading extension file: subnetallocation.py {{(pid=103164) _load_all_extensions_from_path /opt/stack/neutron/neutron/api/extensions.py:449}}
Jun 20 01:10:59.611057 np0000182341 devstack@neutron-api.service[103164]: DEBUG neutron.api.extensions [None req-ab9c3fe1-04a8-45cf-af4a-8c5d2748732d None None] Ext name="Subnet Allocation" alias="subnet_allocation" description="Enables allocation of subnets from a subnet pool" updated="2015-03-30T10:00:00-00:00" {{(pid=103164) _check_extension /opt/stack/neutron/neutron/api/extensions.py:415}}
Jun 20 01:10:59.611170 np0000182341 devstack@neutron-api.service[103163]: DEBUG neutron.api.v2.resource_helper [None req-efd96ab4-41ac-48b7-a3d6-2fb226d5f1c8 None None] Service L3_ROUTER_NAT assigned prefix: {{(pid=103163) build_resource_info /opt/stack/neutron/neutron/api/v2/resource_helper.py:77}}
Jun 20 01:10:59.611281 np0000182341 devstack@neutron-api.service[103163]: INFO neutron.quota.resource_registry [None req-efd96ab4-41ac-48b7-a3d6-2fb226d5f1c8 None None] Creating instance of TrackedResource for resource:router
Jun 20 01:10:59.611369 np0000182341 devstack@neutron-api.service[103163]: WARNING neutron.quota.resource_registry [None req-efd96ab4-41ac-48b7-a3d6-2fb226d5f1c8 None None] router is already registered
Jun 20 01:10:59.611914 np0000182341 devstack@neutron-api.service[103163]: INFO neutron.quota.resource_registry [None req-efd96ab4-41ac-48b7-a3d6-2fb226d5f1c8 None None] Creating instance of TrackedResource for resource:floatingip
Jun 20 01:10:59.612122 np0000182341 devstack@neutron-api.service[103163]: WARNING neutron.quota.resource_registry [None req-efd96ab4-41ac-48b7-a3d6-2fb226d5f1c8 None None] floatingip is already registered
Jun 20 01:10:59.613135 np0000182341 devstack@neutron-api.service[103163]: INFO neutron.quota.resource_registry [None req-efd96ab4-41ac-48b7-a3d6-2fb226d5f1c8 None None] Creating instance of CountableResource for resource:rbac_policy
Jun 20 01:10:59.613237 np0000182341 devstack@neutron-api.service[103163]: WARNING neutron.quota.resource_registry [None req-efd96ab4-41ac-48b7-a3d6-2fb226d5f1c8 None None] rbac_policy is already registered
Jun 20 01:10:59.613729 np0000182341 devstack@neutron-api.service[103162]: DEBUG neutron_lib.callbacks.manager [None req-a7398363-f93b-4012-a0c8-758ed66bd383 None None] Subscribe: > router before_delete 55550000, False {{(pid=103162) subscribe /opt/stack/data/venv/lib/python3.12/site-packages/neutron_lib/callbacks/manager.py:52}}
Jun 20 01:10:59.613907 np0000182341 devstack@neutron-api.service[103162]: DEBUG neutron_lib.callbacks.manager [None req-a7398363-f93b-4012-a0c8-758ed66bd383 None None] Subscribe: port before_update 55550000, False {{(pid=103162) subscribe /opt/stack/data/venv/lib/python3.12/site-packages/neutron_lib/callbacks/manager.py:52}}
Jun 20 01:10:59.613988 np0000182341 devstack@neutron-api.service[103163]: INFO neutron.quota.resource_registry [None req-efd96ab4-41ac-48b7-a3d6-2fb226d5f1c8 None None] Creating instance of TrackedResource for resource:security_group
Jun 20 01:10:59.614101 np0000182341 devstack@neutron-api.service[103162]: DEBUG neutron_lib.callbacks.manager [None req-a7398363-f93b-4012-a0c8-758ed66bd383 None None] Subscribe: port after_update 55550000, False {{(pid=103162) subscribe /opt/stack/data/venv/lib/python3.12/site-packages/neutron_lib/callbacks/manager.py:52}}
Jun 20 01:10:59.614194 np0000182341 devstack@neutron-api.service[103163]: WARNING neutron.quota.resource_registry [None req-efd96ab4-41ac-48b7-a3d6-2fb226d5f1c8 None None] security_group is already registered
Jun 20 01:10:59.614300 np0000182341 devstack@neutron-api.service[103162]: DEBUG neutron_lib.callbacks.manager [None req-a7398363-f93b-4012-a0c8-758ed66bd383 None None] Subscribe: > port precommit_delete 55550000, False {{(pid=103162) subscribe /opt/stack/data/venv/lib/python3.12/site-packages/neutron_lib/callbacks/manager.py:52}}
Jun 20 01:10:59.614300 np0000182341 devstack@neutron-api.service[103162]: DEBUG neutron_lib.callbacks.manager [None req-a7398363-f93b-4012-a0c8-758ed66bd383 None None] Subscribe: port before_update 55550000, False {{(pid=103162) subscribe /opt/stack/data/venv/lib/python3.12/site-packages/neutron_lib/callbacks/manager.py:52}}
Jun 20 01:10:59.614404 np0000182341 devstack@neutron-api.service[103164]: INFO neutron.api.extensions [None req-ab9c3fe1-04a8-45cf-af4a-8c5d2748732d None None] Loaded extension: subnet_allocation
Jun 20 01:10:59.614558 np0000182341 devstack@neutron-api.service[103162]: DEBUG neutron_lib.callbacks.manager [None req-a7398363-f93b-4012-a0c8-758ed66bd383 None None] Subscribe: port before_delete 55550000, False {{(pid=103162) subscribe /opt/stack/data/venv/lib/python3.12/site-packages/neutron_lib/callbacks/manager.py:52}}
Jun 20 01:10:59.614653 np0000182341 devstack@neutron-api.service[103164]: DEBUG neutron.api.extensions [None req-ab9c3fe1-04a8-45cf-af4a-8c5d2748732d None None] Loading extension file: subnetpool_prefix_ops.py {{(pid=103164) _load_all_extensions_from_path /opt/stack/neutron/neutron/api/extensions.py:449}}
Jun 20 01:10:59.614758 np0000182341 devstack@neutron-api.service[103162]: DEBUG neutron_lib.callbacks.manager [None req-a7398363-f93b-4012-a0c8-758ed66bd383 None None] Subscribe: > router precommit_create 55550000, False {{(pid=103162) subscribe /opt/stack/data/venv/lib/python3.12/site-packages/neutron_lib/callbacks/manager.py:52}}
Jun 20 01:10:59.614758 np0000182341 devstack@neutron-api.service[103162]: DEBUG neutron_lib.callbacks.manager [None req-a7398363-f93b-4012-a0c8-758ed66bd383 None None] Subscribe: > router precommit_create 55550000, False {{(pid=103162) subscribe /opt/stack/data/venv/lib/python3.12/site-packages/neutron_lib/callbacks/manager.py:52}}
Jun 20 01:10:59.614870 np0000182341 devstack@neutron-api.service[103163]: INFO neutron.quota.resource_registry [None req-efd96ab4-41ac-48b7-a3d6-2fb226d5f1c8 None None] Creating instance of TrackedResource for resource:security_group_rule
Jun 20 01:10:59.614963 np0000182341 devstack@neutron-api.service[103162]: DEBUG neutron_lib.callbacks.manager [None req-a7398363-f93b-4012-a0c8-758ed66bd383 None None] Subscribe: > router precommit_update 55550000, False {{(pid=103162) subscribe /opt/stack/data/venv/lib/python3.12/site-packages/neutron_lib/callbacks/manager.py:52}}
Jun 20 01:10:59.615055 np0000182341 devstack@neutron-api.service[103163]: WARNING neutron.quota.resource_registry [None req-efd96ab4-41ac-48b7-a3d6-2fb226d5f1c8 None None] security_group_rule is already registered
Jun 20 01:10:59.615190 np0000182341 devstack@neutron-api.service[103164]: DEBUG neutron.api.extensions [None req-ab9c3fe1-04a8-45cf-af4a-8c5d2748732d None None] Ext name="Subnet Pool Prefix Operations" alias="subnetpool-prefix-ops" description="Provides support for adjusting the prefix list of subnet pools" updated="2019-02-08T10:00:00-00:00" {{(pid=103164) _check_extension /opt/stack/neutron/neutron/api/extensions.py:415}}
Jun 20 01:10:59.615278 np0000182341 devstack@neutron-api.service[103162]: DEBUG neutron_lib.callbacks.manager [None req-a7398363-f93b-4012-a0c8-758ed66bd383 None None] Subscribe: subnet after_update 55550000, False {{(pid=103162) subscribe /opt/stack/data/venv/lib/python3.12/site-packages/neutron_lib/callbacks/manager.py:52}}
Jun 20 01:10:59.615361 np0000182341 devstack@neutron-api.service[103164]: INFO neutron.api.extensions [None req-ab9c3fe1-04a8-45cf-af4a-8c5d2748732d None None] Loaded extension: subnetpool-prefix-ops
Jun 20 01:10:59.615674 np0000182341 devstack@neutron-api.service[103162]: DEBUG neutron.quota.resource_registry [None req-a7398363-f93b-4012-a0c8-758ed66bd383 None None] Tracking information for resource: router configured {{(pid=103162) set_tracked_resource /opt/stack/neutron/neutron/quota/resource_registry.py:203}}
Jun 20 01:10:59.615930 np0000182341 devstack@neutron-api.service[103164]: DEBUG neutron.api.extensions [None req-ab9c3fe1-04a8-45cf-af4a-8c5d2748732d None None] Loading extension file: tag_creation.py {{(pid=103164) _load_all_extensions_from_path /opt/stack/neutron/neutron/api/extensions.py:449}}
Jun 20 01:10:59.616197 np0000182341 devstack@neutron-api.service[103162]: DEBUG neutron.quota.resource_registry [None req-a7398363-f93b-4012-a0c8-758ed66bd383 None None] Tracking information for resource: floatingip configured {{(pid=103162) set_tracked_resource /opt/stack/neutron/neutron/quota/resource_registry.py:203}}
Jun 20 01:10:59.616197 np0000182341 devstack@neutron-api.service[103162]: INFO neutron.services.ovn_l3.plugin [None req-a7398363-f93b-4012-a0c8-758ed66bd383 None None] Starting OVNL3RouterPlugin
Jun 20 01:10:59.616452 np0000182341 devstack@neutron-api.service[103163]: DEBUG neutron.api.v2.resource_helper [None req-efd96ab4-41ac-48b7-a3d6-2fb226d5f1c8 None None] Service CORE assigned prefix: {{(pid=103163) build_resource_info /opt/stack/neutron/neutron/api/v2/resource_helper.py:77}}
Jun 20 01:10:59.616452 np0000182341 devstack@neutron-api.service[103163]: INFO neutron.quota.resource_registry [None req-efd96ab4-41ac-48b7-a3d6-2fb226d5f1c8 None None] Creating instance of TrackedResource for resource:subnetpool
Jun 20 01:10:59.616557 np0000182341 devstack@neutron-api.service[103162]: DEBUG neutron_lib.callbacks.manager [None req-a7398363-f93b-4012-a0c8-758ed66bd383 None None] Subscribe: > port_forwarding_plugin after_init 55550000, False {{(pid=103162) subscribe /opt/stack/data/venv/lib/python3.12/site-packages/neutron_lib/callbacks/manager.py:52}}
Jun 20 01:10:59.616648 np0000182341 devstack@neutron-api.service[103163]: WARNING neutron.quota.resource_registry [None req-efd96ab4-41ac-48b7-a3d6-2fb226d5f1c8 None None] subnetpool is already registered
Jun 20 01:10:59.616730 np0000182341 devstack@neutron-api.service[103162]: DEBUG neutron_lib.callbacks.manager [None req-a7398363-f93b-4012-a0c8-758ed66bd383 None None] Subscribe: > router before_create 55550100, False {{(pid=103162) subscribe /opt/stack/data/venv/lib/python3.12/site-packages/neutron_lib/callbacks/manager.py:52}}
Jun 20 01:10:59.616730 np0000182341 devstack@neutron-api.service[103162]: DEBUG neutron_lib.callbacks.manager [None req-a7398363-f93b-4012-a0c8-758ed66bd383 None None] Subscribe: > router precommit_delete 55550100, False {{(pid=103162) subscribe /opt/stack/data/venv/lib/python3.12/site-packages/neutron_lib/callbacks/manager.py:52}}
Jun 20 01:10:59.616730 np0000182341 devstack@neutron-api.service[103162]: DEBUG neutron_lib.callbacks.manager [None req-a7398363-f93b-4012-a0c8-758ed66bd383 None None] Subscribe: > router precommit_create 55550100, False {{(pid=103162) subscribe /opt/stack/data/venv/lib/python3.12/site-packages/neutron_lib/callbacks/manager.py:52}}
Jun 20 01:10:59.616893 np0000182341 devstack@neutron-api.service[103163]: DEBUG neutron.api.v2.resource_helper [None req-efd96ab4-41ac-48b7-a3d6-2fb226d5f1c8 None None] Service CORE assigned prefix: {{(pid=103163) build_resource_info /opt/stack/neutron/neutron/api/v2/resource_helper.py:77}}
Jun 20 01:10:59.616984 np0000182341 devstack@neutron-api.service[103162]: DEBUG neutron_lib.callbacks.manager [None req-a7398363-f93b-4012-a0c8-758ed66bd383 None None] Subscribe: > router precommit_update 55550100, False {{(pid=103162) subscribe /opt/stack/data/venv/lib/python3.12/site-packages/neutron_lib/callbacks/manager.py:52}}
Jun 20 01:10:59.617113 np0000182341 devstack@neutron-api.service[103163]: INFO neutron.quota.resource_registry [None req-efd96ab4-41ac-48b7-a3d6-2fb226d5f1c8 None None] Creating instance of TrackedResource for resource:subnetpool
Jun 20 01:10:59.617113 np0000182341 devstack@neutron-api.service[103163]: WARNING neutron.quota.resource_registry [None req-efd96ab4-41ac-48b7-a3d6-2fb226d5f1c8 None None] subnetpool is already registered
Jun 20 01:10:59.617113 np0000182341 devstack@neutron-api.service[103163]: DEBUG neutron.api.extensions [None req-efd96ab4-41ac-48b7-a3d6-2fb226d5f1c8 None None] Extended resource: extensions {{(pid=103163) __init__ /opt/stack/neutron/neutron/api/extensions.py:156}}
Jun 20 01:10:59.617262 np0000182341 devstack@neutron-api.service[103164]: DEBUG neutron.api.extensions [None req-ab9c3fe1-04a8-45cf-af4a-8c5d2748732d None None] Ext name="Tag creation extension" alias="tag-creation" description="Allow to create multiple tags for a resource" updated="2024-23-07T10:00:00-00:00" {{(pid=103164) _check_extension /opt/stack/neutron/neutron/api/extensions.py:415}}
Jun 20 01:10:59.617381 np0000182341 devstack@neutron-api.service[103163]: DEBUG neutron.api.extensions [None req-efd96ab4-41ac-48b7-a3d6-2fb226d5f1c8 None None] Extended resource: address-groups {{(pid=103163) __init__ /opt/stack/neutron/neutron/api/extensions.py:156}}
Jun 20 01:10:59.617491 np0000182341 devstack@neutron-api.service[103164]: INFO neutron.api.extensions [None req-ab9c3fe1-04a8-45cf-af4a-8c5d2748732d None None] Loaded extension: tag-creation
Jun 20 01:10:59.617593 np0000182341 devstack@neutron-api.service[103164]: DEBUG neutron.api.extensions [None req-ab9c3fe1-04a8-45cf-af4a-8c5d2748732d None None] Loading extension file: tag_ports_during_bulk_creation.py {{(pid=103164) _load_all_extensions_from_path /opt/stack/neutron/neutron/api/extensions.py:449}}
Jun 20 01:10:59.617832 np0000182341 devstack@neutron-api.service[103164]: DEBUG neutron.api.extensions [None req-ab9c3fe1-04a8-45cf-af4a-8c5d2748732d None None] Ext name="Tag Ports During Bulk Creation" alias="tag-ports-during-bulk-creation" description="Allow to tag ports during bulk creation" updated="2019-12-29T19:00:00-00:00" {{(pid=103164) _check_extension /opt/stack/neutron/neutron/api/extensions.py:415}}
Jun 20 01:10:59.617981 np0000182341 devstack@neutron-api.service[103164]: INFO neutron.api.extensions [None req-ab9c3fe1-04a8-45cf-af4a-8c5d2748732d None None] Extension tag-ports-during-bulk-creation not supported by any of loaded plugins
Jun 20 01:10:59.618062 np0000182341 devstack@neutron-api.service[103164]: DEBUG neutron.api.extensions [None req-ab9c3fe1-04a8-45cf-af4a-8c5d2748732d None None] Loading extension file: tagging.py {{(pid=103164) _load_all_extensions_from_path /opt/stack/neutron/neutron/api/extensions.py:449}}
Jun 20 01:10:59.618198 np0000182341 devstack@neutron-api.service[103163]: DEBUG neutron.api.extensions [None req-efd96ab4-41ac-48b7-a3d6-2fb226d5f1c8 None None] Extended resource: address-scopes {{(pid=103163) __init__ /opt/stack/neutron/neutron/api/extensions.py:156}}
Jun 20 01:10:59.618672 np0000182341 devstack@neutron-api.service[103163]: DEBUG neutron.api.extensions [None req-efd96ab4-41ac-48b7-a3d6-2fb226d5f1c8 None None] Extended resource: agents {{(pid=103163) __init__ /opt/stack/neutron/neutron/api/extensions.py:156}}
Jun 20 01:10:59.619018 np0000182341 devstack@neutron-api.service[103164]: DEBUG neutron.api.extensions [None req-ab9c3fe1-04a8-45cf-af4a-8c5d2748732d None None] Ext name="Tag support for resources with standard attribute: port, subnet, subnetpool, network, security_group, router, floatingip, policy, trunk, network_segment_range" alias="standard-attr-tag" description="Enables to set tag on resources with standard attribute." updated="2017-01-01T00:00:00-00:00" {{(pid=103164) _check_extension /opt/stack/neutron/neutron/api/extensions.py:415}}
Jun 20 01:10:59.619200 np0000182341 devstack@neutron-api.service[103163]: DEBUG neutron.api.extensions [None req-efd96ab4-41ac-48b7-a3d6-2fb226d5f1c8 None None] Extended resource: auto-allocated-topology {{(pid=103163) __init__ /opt/stack/neutron/neutron/api/extensions.py:156}}
Jun 20 01:10:59.619720 np0000182341 devstack@neutron-api.service[103163]: DEBUG neutron.api.extensions [None req-efd96ab4-41ac-48b7-a3d6-2fb226d5f1c8 None None] Extended resource: availability_zones {{(pid=103163) __init__ /opt/stack/neutron/neutron/api/extensions.py:156}}
Jun 20 01:10:59.620016 np0000182341 devstack@neutron-api.service[103162]: DEBUG neutron.services.provider_configuration [None req-a7398363-f93b-4012-a0c8-758ed66bd383 None None] Service providers = [] {{(pid=103162) parse_service_provider_opt /opt/stack/neutron/neutron/services/provider_configuration.py:170}}
Jun 20 01:10:59.620016 np0000182341 devstack@neutron-api.service[103162]: DEBUG neutron.db.servicetype_db [None req-a7398363-f93b-4012-a0c8-758ed66bd383 None None] Adding provider configuration for service L3_ROUTER_NAT {{(pid=103162) add_provider_configuration /opt/stack/neutron/neutron/db/servicetype_db.py:45}}
Jun 20 01:10:59.620361 np0000182341 devstack@neutron-api.service[103163]: DEBUG neutron.api.extensions [None req-efd96ab4-41ac-48b7-a3d6-2fb226d5f1c8 None None] Extended resource: dhcp-networks {{(pid=103163) __init__ /opt/stack/neutron/neutron/api/extensions.py:156}}
Jun 20 01:10:59.620991 np0000182341 devstack@neutron-api.service[103163]: DEBUG neutron.api.extensions [None req-efd96ab4-41ac-48b7-a3d6-2fb226d5f1c8 None None] Extended resource: dhcp-agents {{(pid=103163) __init__ /opt/stack/neutron/neutron/api/extensions.py:156}}
Jun 20 01:10:59.621476 np0000182341 devstack@neutron-api.service[103164]: INFO neutron.api.extensions [None req-ab9c3fe1-04a8-45cf-af4a-8c5d2748732d None None] Loaded extension: standard-attr-tag
Jun 20 01:10:59.621559 np0000182341 devstack@neutron-api.service[103162]: DEBUG neutron_lib.callbacks.manager [None req-a7398363-f93b-4012-a0c8-758ed66bd383 None None] Subscribe: > router precommit_create 55549900, False {{(pid=103162) subscribe /opt/stack/data/venv/lib/python3.12/site-packages/neutron_lib/callbacks/manager.py:52}}
Jun 20 01:10:59.621751 np0000182341 devstack@neutron-api.service[103164]: DEBUG neutron.api.extensions [None req-ab9c3fe1-04a8-45cf-af4a-8c5d2748732d None None] Loading extension file: timestamp.py {{(pid=103164) _load_all_extensions_from_path /opt/stack/neutron/neutron/api/extensions.py:449}}
Jun 20 01:10:59.621903 np0000182341 devstack@neutron-api.service[103163]: DEBUG neutron.api.extensions [None req-efd96ab4-41ac-48b7-a3d6-2fb226d5f1c8 None None] Extended resource: routers {{(pid=103163) __init__ /opt/stack/neutron/neutron/api/extensions.py:156}}
Jun 20 01:10:59.622157 np0000182341 devstack@neutron-api.service[103162]: DEBUG neutron_lib.callbacks.manager [None req-a7398363-f93b-4012-a0c8-758ed66bd383 None None] Subscribe: > router_interface after_create 55550000, False {{(pid=103162) subscribe /opt/stack/data/venv/lib/python3.12/site-packages/neutron_lib/callbacks/manager.py:52}}
Jun 20 01:10:59.622157 np0000182341 devstack@neutron-api.service[103162]: DEBUG neutron_lib.callbacks.manager [None req-a7398363-f93b-4012-a0c8-758ed66bd383 None None] Subscribe: > floatingip after_create 55550000, False {{(pid=103162) subscribe /opt/stack/data/venv/lib/python3.12/site-packages/neutron_lib/callbacks/manager.py:52}}
Jun 20 01:10:59.622469 np0000182341 devstack@neutron-api.service[103164]: DEBUG neutron.api.extensions [None req-ab9c3fe1-04a8-45cf-af4a-8c5d2748732d None None] Ext name="Resource timestamps" alias="standard-attr-timestamp" description="Adds created_at and updated_at fields to all Neutron resources that have Neutron standard attributes." updated="2016-09-12T10:00:00-00:00" {{(pid=103164) _check_extension /opt/stack/neutron/neutron/api/extensions.py:415}}
Jun 20 01:10:59.622726 np0000182341 devstack@neutron-api.service[103162]: DEBUG neutron_lib.callbacks.manager [None req-a7398363-f93b-4012-a0c8-758ed66bd383 None None] Subscribe: > floatingip precommit_create 55550000, False {{(pid=103162) subscribe /opt/stack/data/venv/lib/python3.12/site-packages/neutron_lib/callbacks/manager.py:52}}
Jun 20 01:10:59.622726 np0000182341 devstack@neutron-api.service[103162]: DEBUG neutron_lib.callbacks.manager [None req-a7398363-f93b-4012-a0c8-758ed66bd383 None None] Subscribe: > floatingip precommit_update 55550000, False {{(pid=103162) subscribe /opt/stack/data/venv/lib/python3.12/site-packages/neutron_lib/callbacks/manager.py:52}}
Jun 20 01:10:59.622965 np0000182341 devstack@neutron-api.service[103164]: INFO neutron.api.extensions [None req-ab9c3fe1-04a8-45cf-af4a-8c5d2748732d None None] Loaded extension: standard-attr-timestamp
Jun 20 01:10:59.623058 np0000182341 devstack@neutron-api.service[103162]: DEBUG neutron_lib.callbacks.manager [None req-a7398363-f93b-4012-a0c8-758ed66bd383 None None] Subscribe: > floatingip after_delete 55550000, False {{(pid=103162) subscribe /opt/stack/data/venv/lib/python3.12/site-packages/neutron_lib/callbacks/manager.py:52}}
Jun 20 01:10:59.623297 np0000182341 devstack@neutron-api.service[103164]: DEBUG neutron.api.extensions [None req-ab9c3fe1-04a8-45cf-af4a-8c5d2748732d None None] Loading extension file: trunk.py {{(pid=103164) _load_all_extensions_from_path /opt/stack/neutron/neutron/api/extensions.py:449}}
Jun 20 01:10:59.623470 np0000182341 devstack@neutron-api.service[103162]: DEBUG neutron_lib.callbacks.manager [None req-a7398363-f93b-4012-a0c8-758ed66bd383 None None] Subscribe: > floatingip after_status_update 55550000, False {{(pid=103162) subscribe /opt/stack/data/venv/lib/python3.12/site-packages/neutron_lib/callbacks/manager.py:52}}
Jun 20 01:10:59.623470 np0000182341 devstack@neutron-api.service[103162]: DEBUG neutron_lib.callbacks.manager [None req-a7398363-f93b-4012-a0c8-758ed66bd383 None None] Subscribe: > floatingip after_update 55550000, False {{(pid=103162) subscribe /opt/stack/data/venv/lib/python3.12/site-packages/neutron_lib/callbacks/manager.py:52}}
Jun 20 01:10:59.623590 np0000182341 devstack@neutron-api.service[103164]: DEBUG neutron.api.extensions [None req-ab9c3fe1-04a8-45cf-af4a-8c5d2748732d None None] Ext name="Trunk Extension" alias="trunk" description="Provides support for trunk ports" updated="2016-01-01T10:00:00-00:00" {{(pid=103164) _check_extension /opt/stack/neutron/neutron/api/extensions.py:415}}
Jun 20 01:10:59.623715 np0000182341 devstack@neutron-api.service[103162]: DEBUG neutron_lib.callbacks.manager [None req-a7398363-f93b-4012-a0c8-758ed66bd383 None None] Subscribe: > port_forwarding after_create 55550000, False {{(pid=103162) subscribe /opt/stack/data/venv/lib/python3.12/site-packages/neutron_lib/callbacks/manager.py:52}}
Jun 20 01:10:59.623715 np0000182341 devstack@neutron-api.service[103162]: DEBUG neutron_lib.callbacks.manager [None req-a7398363-f93b-4012-a0c8-758ed66bd383 None None] Subscribe: > router_interface after_delete 55550000, False {{(pid=103162) subscribe /opt/stack/data/venv/lib/python3.12/site-packages/neutron_lib/callbacks/manager.py:52}}
Jun 20 01:10:59.623715 np0000182341 devstack@neutron-api.service[103162]: DEBUG neutron_lib.callbacks.manager [None req-a7398363-f93b-4012-a0c8-758ed66bd383 None None] Subscribe: > router after_create 55550000, False {{(pid=103162) subscribe /opt/stack/data/venv/lib/python3.12/site-packages/neutron_lib/callbacks/manager.py:52}}
Jun 20 01:10:59.623946 np0000182341 devstack@neutron-api.service[103164]: INFO neutron.api.extensions [None req-ab9c3fe1-04a8-45cf-af4a-8c5d2748732d None None] Extension trunk not supported by any of loaded plugins
Jun 20 01:10:59.624125 np0000182341 devstack@neutron-api.service[103162]: DEBUG neutron_lib.callbacks.manager [None req-a7398363-f93b-4012-a0c8-758ed66bd383 None None] Subscribe: > router precommit_create 55550000, False {{(pid=103162) subscribe /opt/stack/data/venv/lib/python3.12/site-packages/neutron_lib/callbacks/manager.py:52}}
Jun 20 01:10:59.624390 np0000182341 devstack@neutron-api.service[103164]: DEBUG neutron.api.extensions [None req-ab9c3fe1-04a8-45cf-af4a-8c5d2748732d None None] Loading extension file: trunk_details.py {{(pid=103164) _load_all_extensions_from_path /opt/stack/neutron/neutron/api/extensions.py:449}}
Jun 20 01:10:59.624655 np0000182341 devstack@neutron-api.service[103162]: DEBUG neutron_lib.callbacks.manager [None req-a7398363-f93b-4012-a0c8-758ed66bd383 None None] Subscribe: > router after_delete 55550000, False {{(pid=103162) subscribe /opt/stack/data/venv/lib/python3.12/site-packages/neutron_lib/callbacks/manager.py:52}}
Jun 20 01:10:59.624910 np0000182341 devstack@neutron-api.service[103163]: DEBUG neutron.api.extensions [None req-efd96ab4-41ac-48b7-a3d6-2fb226d5f1c8 None None] Extended resource: flavors {{(pid=103163) __init__ /opt/stack/neutron/neutron/api/extensions.py:156}}
Jun 20 01:10:59.625195 np0000182341 devstack@neutron-api.service[103162]: DEBUG neutron_lib.callbacks.manager [None req-a7398363-f93b-4012-a0c8-758ed66bd383 None None] Subscribe: > router after_update 55550000, False {{(pid=103162) subscribe /opt/stack/data/venv/lib/python3.12/site-packages/neutron_lib/callbacks/manager.py:52}}
Jun 20 01:10:59.625512 np0000182341 devstack@neutron-api.service[103164]: DEBUG neutron.api.extensions [None req-ab9c3fe1-04a8-45cf-af4a-8c5d2748732d None None] Ext name="Trunk port details" alias="trunk-details" description="Expose trunk port details" updated="2016-01-01T10:00:00-00:00" {{(pid=103164) _check_extension /opt/stack/neutron/neutron/api/extensions.py:415}}
Jun 20 01:10:59.625800 np0000182341 devstack@neutron-api.service[103162]: DEBUG neutron.services.service_base [None req-a7398363-f93b-4012-a0c8-758ed66bd383 None None] Loaded 'neutron.services.ovn_l3.service_providers.ovn.OvnDriver' provider for service L3_ROUTER_NAT {{(pid=103162) load_drivers /opt/stack/neutron/neutron/services/service_base.py:49}}
Jun 20 01:10:59.625962 np0000182341 devstack@neutron-api.service[103164]: INFO neutron.api.extensions [None req-ab9c3fe1-04a8-45cf-af4a-8c5d2748732d None None] Extension trunk-details not supported by any of loaded plugins
Jun 20 01:10:59.626059 np0000182341 devstack@neutron-api.service[103162]: DEBUG neutron_lib.callbacks.manager [None req-a7398363-f93b-4012-a0c8-758ed66bd383 None None] Subscribe: > process after_init 55550001, True {{(pid=103162) subscribe /opt/stack/data/venv/lib/python3.12/site-packages/neutron_lib/callbacks/manager.py:52}}
Jun 20 01:10:59.626216 np0000182341 devstack@neutron-api.service[103164]: DEBUG neutron.api.extensions [None req-ab9c3fe1-04a8-45cf-af4a-8c5d2748732d None None] Loading extension file: uplink_status_propagation.py {{(pid=103164) _load_all_extensions_from_path /opt/stack/neutron/neutron/api/extensions.py:449}}
Jun 20 01:10:59.626482 np0000182341 devstack@neutron-api.service[103162]: DEBUG neutron.manager [None req-a7398363-f93b-4012-a0c8-758ed66bd383 None None] Successfully loaded L3_ROUTER_NAT plugin. Description: L3 Router Service Plugin for basic L3 forwarding using OVN {{(pid=103162) _create_and_add_service_plugin /opt/stack/neutron/neutron/manager.py:239}}
Jun 20 01:10:59.626548 np0000182341 devstack@neutron-api.service[103164]: DEBUG neutron.api.extensions [None req-ab9c3fe1-04a8-45cf-af4a-8c5d2748732d None None] Ext name="Uplink status propagation extension" alias="uplink-status-propagation" description="Provides ability to propagate port uplink status." updated="2018-05-31T18:00:00-00:00" {{(pid=103164) _check_extension /opt/stack/neutron/neutron/api/extensions.py:415}}
Jun 20 01:10:59.626604 np0000182341 devstack@neutron-api.service[103162]: INFO neutron.manager [None req-a7398363-f93b-4012-a0c8-758ed66bd383 None None] Loading Plugin: auto_allocate
Jun 20 01:10:59.626663 np0000182341 devstack@neutron-api.service[103163]: DEBUG neutron.api.extensions [None req-efd96ab4-41ac-48b7-a3d6-2fb226d5f1c8 None None] Extended resource: service_profiles {{(pid=103163) __init__ /opt/stack/neutron/neutron/api/extensions.py:156}}
Jun 20 01:10:59.626719 np0000182341 devstack@neutron-api.service[103164]: INFO neutron.api.extensions [None req-ab9c3fe1-04a8-45cf-af4a-8c5d2748732d None None] Extension uplink-status-propagation not supported by any of loaded plugins
Jun 20 01:10:59.626719 np0000182341 devstack@neutron-api.service[103164]: DEBUG neutron.api.extensions [None req-ab9c3fe1-04a8-45cf-af4a-8c5d2748732d None None] Loading extension file: uplink_status_propagation_updatable.py {{(pid=103164) _load_all_extensions_from_path /opt/stack/neutron/neutron/api/extensions.py:449}}
Jun 20 01:10:59.626719 np0000182341 devstack@neutron-api.service[103164]: DEBUG neutron.api.extensions [None req-ab9c3fe1-04a8-45cf-af4a-8c5d2748732d None None] Ext name="Uplink status propagation updatable extension" alias="uplink-status-propagation-updatable" description="Provides ability to update the port uplink status." updated="2024-09-03T18:00:00-00:00" {{(pid=103164) _check_extension /opt/stack/neutron/neutron/api/extensions.py:415}}
Jun 20 01:10:59.626719 np0000182341 devstack@neutron-api.service[103164]: INFO neutron.api.extensions [None req-ab9c3fe1-04a8-45cf-af4a-8c5d2748732d None None] Extension uplink-status-propagation-updatable not supported by any of loaded plugins
