Jun 20 01:11:31.493698 np0000182341 systemd[1]: Starting devstack@n-api-meta.service - Devstack devstack@n-api-meta.service...
Jun 20 01:11:31.504277 np0000182341 devstack@n-api-meta.service[108362]: [uWSGI] getting INI configuration from /etc/nova/nova-metadata-uwsgi.ini
Jun 20 01:11:31.508052 np0000182341 devstack@n-api-meta.service[108362]: *** Starting uWSGI 2.0.24-debian (64bit) on [Sat Jun 20 01:11:31 2026] ***
Jun 20 01:11:31.508052 np0000182341 devstack@n-api-meta.service[108362]: compiled with version: 13.2.0 on 17 April 2024 16:23:48
Jun 20 01:11:31.508052 np0000182341 devstack@n-api-meta.service[108362]: os: Linux-6.8.0-124-generic #124-Ubuntu SMP PREEMPT_DYNAMIC Tue May 26 13:00:45 UTC 2026
Jun 20 01:11:31.508052 np0000182341 devstack@n-api-meta.service[108362]: nodename: np0000182341
Jun 20 01:11:31.508052 np0000182341 devstack@n-api-meta.service[108362]: machine: x86_64
Jun 20 01:11:31.508052 np0000182341 devstack@n-api-meta.service[108362]: clock source: unix
Jun 20 01:11:31.508052 np0000182341 devstack@n-api-meta.service[108362]: pcre jit disabled
Jun 20 01:11:31.508052 np0000182341 devstack@n-api-meta.service[108362]: detected number of CPU cores: 16
Jun 20 01:11:31.508052 np0000182341 devstack@n-api-meta.service[108362]: current working directory: /
Jun 20 01:11:31.508052 np0000182341 devstack@n-api-meta.service[108362]: detected binary path: /usr/bin/uwsgi-core
Jun 20 01:11:31.508052 np0000182341 devstack@n-api-meta.service[108362]: your processes number limit is 256917
Jun 20 01:11:31.508052 np0000182341 devstack@n-api-meta.service[108362]: your memory page size is 4096 bytes
Jun 20 01:11:31.508052 np0000182341 devstack@n-api-meta.service[108362]: detected max file descriptor number: 2048
Jun 20 01:11:31.508052 np0000182341 devstack@n-api-meta.service[108362]: lock engine: pthread robust mutexes
Jun 20 01:11:31.508939 np0000182341 devstack@n-api-meta.service[108362]: thunder lock: enabled
Jun 20 01:11:31.508939 np0000182341 devstack@n-api-meta.service[108362]: uWSGI http bound on 0.0.0.0:8775 fd 5
Jun 20 01:11:31.508939 np0000182341 devstack@n-api-meta.service[108362]: uwsgi socket 0 bound to TCP address 127.0.0.1:41647 (port auto-assigned) fd 4
Jun 20 01:11:31.508939 np0000182341 devstack@n-api-meta.service[108362]: Python version: 3.12.3 (main, Mar 23 2026, 19:04:32) [GCC 13.3.0]
Jun 20 01:11:31.508939 np0000182341 devstack@n-api-meta.service[108362]: PEP 405 virtualenv detected: /opt/stack/data/venv
Jun 20 01:11:31.508939 np0000182341 devstack@n-api-meta.service[108362]: Set PythonHome to /opt/stack/data/venv
Jun 20 01:11:31.547804 np0000182341 devstack@n-api-meta.service[108362]: Python main interpreter initialized at 0x77fb3dea3668
Jun 20 01:11:31.547804 np0000182341 devstack@n-api-meta.service[108362]: python threads support enabled
Jun 20 01:11:31.547804 np0000182341 devstack@n-api-meta.service[108362]: your server socket listen backlog is limited to 100 connections
Jun 20 01:11:31.547804 np0000182341 devstack@n-api-meta.service[108362]: your mercy for graceful operations on workers is 80 seconds
Jun 20 01:11:31.548303 np0000182341 devstack@n-api-meta.service[108362]: mapped 671795 bytes (656 KB) for 4 cores
Jun 20 01:11:31.548461 np0000182341 devstack@n-api-meta.service[108362]: *** Operational MODE: preforking ***
Jun 20 01:11:31.548661 np0000182341 devstack@n-api-meta.service[108362]: *** uWSGI is running in multiple interpreter mode ***
Jun 20 01:11:31.548661 np0000182341 devstack@n-api-meta.service[108362]: spawned uWSGI master process (pid: 108362)
Jun 20 01:11:31.548899 np0000182341 systemd[1]: Started devstack@n-api-meta.service - Devstack devstack@n-api-meta.service.
Jun 20 01:11:31.549425 np0000182341 devstack@n-api-meta.service[108362]: spawned uWSGI worker 1 (pid: 108363, cores: 1)
Jun 20 01:11:31.550114 np0000182341 devstack@n-api-meta.service[108362]: spawned uWSGI worker 2 (pid: 108364, cores: 1)
Jun 20 01:11:31.550647 np0000182341 devstack@n-api-meta.service[108362]: spawned uWSGI worker 3 (pid: 108365, cores: 1)
Jun 20 01:11:31.551139 np0000182341 devstack@n-api-meta.service[108362]: spawned uWSGI worker 4 (pid: 108366, cores: 1)
Jun 20 01:11:31.551644 np0000182341 devstack@n-api-meta.service[108362]: spawned uWSGI http 1 (pid: 108367)
Jun 20 01:11:31.551644 np0000182341 devstack@n-api-meta.service[108362]: running "unix_signal:15 gracefully_kill_them_all" (master-start)...
Jun 20 01:11:33.293084 np0000182341 devstack@n-api-meta.service[108363]: INFO dbcounter [None req-72b91f4e-445d-43a9-a6eb-470f87ea18c5 None None] Registered counter for database nova_api
Jun 20 01:11:33.317653 np0000182341 devstack@n-api-meta.service[108365]: INFO dbcounter [None req-9b83c389-84c5-40fb-9555-c062d80bd23d None None] Registered counter for database nova_api
Jun 20 01:11:33.346443 np0000182341 devstack@n-api-meta.service[108363]: DEBUG oslo_db.sqlalchemy.engines [None req-72b91f4e-445d-43a9-a6eb-470f87ea18c5 None None] MySQL server mode set to STRICT_TRANS_TABLES,STRICT_ALL_TABLES,NO_ZERO_IN_DATE,NO_ZERO_DATE,ERROR_FOR_DIVISION_BY_ZERO,TRADITIONAL,NO_ENGINE_SUBSTITUTION {{(pid=108363) _check_effective_sql_mode /opt/stack/data/venv/lib/python3.12/site-packages/oslo_db/sqlalchemy/engines.py:325}}
Jun 20 01:11:33.365414 np0000182341 devstack@n-api-meta.service[108365]: DEBUG oslo_db.sqlalchemy.engines [None req-9b83c389-84c5-40fb-9555-c062d80bd23d None None] MySQL server mode set to STRICT_TRANS_TABLES,STRICT_ALL_TABLES,NO_ZERO_IN_DATE,NO_ZERO_DATE,ERROR_FOR_DIVISION_BY_ZERO,TRADITIONAL,NO_ENGINE_SUBSTITUTION {{(pid=108365) _check_effective_sql_mode /opt/stack/data/venv/lib/python3.12/site-packages/oslo_db/sqlalchemy/engines.py:325}}
Jun 20 01:11:33.368534 np0000182341 devstack@n-api-meta.service[108364]: INFO dbcounter [None req-058a2ff8-cc68-47b6-937f-d26b600cfb30 None None] Registered counter for database nova_api
Jun 20 01:11:33.372214 np0000182341 devstack@n-api-meta.service[108366]: INFO dbcounter [None req-d0a52338-a828-4d5a-a662-fb3a5566823b None None] Registered counter for database nova_api
Jun 20 01:11:33.378168 np0000182341 devstack@n-api-meta.service[108363]: DEBUG dbcounter [-] [108363] Writer thread running {{(pid=108363) stat_writer /opt/stack/data/venv/lib/python3.12/site-packages/dbcounter.py:102}}
Jun 20 01:11:33.380972 np0000182341 devstack@n-api-meta.service[108363]: DEBUG nova.context [None req-72b91f4e-445d-43a9-a6eb-470f87ea18c5 None None] Found 2 cells: 00000000-0000-0000-0000-000000000000(cell0),c3ee6b6d-e5f2-4dfe-b536-00ab69ca3237(cell1) {{(pid=108363) load_cells /opt/stack/nova/nova/context.py:509}}
Jun 20 01:11:33.381187 np0000182341 devstack@n-api-meta.service[108363]: INFO nova.utils [None req-72b91f4e-445d-43a9-a6eb-470f87ea18c5 None None] The cell worker thread pool MainProcess.cell_worker is initialized
Jun 20 01:11:33.382975 np0000182341 devstack@n-api-meta.service[108363]: DEBUG oslo_concurrency.lockutils [None req-72b91f4e-445d-43a9-a6eb-470f87ea18c5 None None] Acquiring lock "00000000-0000-0000-0000-000000000000" by "nova.context.set_target_cell..get_or_set_cached_cell_and_set_connections" {{(pid=108363) inner /opt/stack/data/venv/lib/python3.12/site-packages/oslo_concurrency/lockutils.py:511}}
Jun 20 01:11:33.383159 np0000182341 devstack@n-api-meta.service[108363]: DEBUG oslo_concurrency.lockutils [None req-72b91f4e-445d-43a9-a6eb-470f87ea18c5 None None] Lock "00000000-0000-0000-0000-000000000000" acquired by "nova.context.set_target_cell..get_or_set_cached_cell_and_set_connections" :: waited 0.000s {{(pid=108363) inner /opt/stack/data/venv/lib/python3.12/site-packages/oslo_concurrency/lockutils.py:524}}
Jun 20 01:11:33.383578 np0000182341 devstack@n-api-meta.service[108363]: DEBUG oslo_concurrency.lockutils [None req-72b91f4e-445d-43a9-a6eb-470f87ea18c5 None None] Lock "00000000-0000-0000-0000-000000000000" "released" by "nova.context.set_target_cell..get_or_set_cached_cell_and_set_connections" :: held 0.000s {{(pid=108363) inner /opt/stack/data/venv/lib/python3.12/site-packages/oslo_concurrency/lockutils.py:543}}
Jun 20 01:11:33.384591 np0000182341 devstack@n-api-meta.service[108363]: DEBUG oslo_concurrency.lockutils [None req-72b91f4e-445d-43a9-a6eb-470f87ea18c5 None None] Acquiring lock "c3ee6b6d-e5f2-4dfe-b536-00ab69ca3237" by "nova.context.set_target_cell..get_or_set_cached_cell_and_set_connections" {{(pid=108363) inner /opt/stack/data/venv/lib/python3.12/site-packages/oslo_concurrency/lockutils.py:511}}
Jun 20 01:11:33.384739 np0000182341 devstack@n-api-meta.service[108363]: DEBUG oslo_concurrency.lockutils [None req-72b91f4e-445d-43a9-a6eb-470f87ea18c5 None None] Lock "c3ee6b6d-e5f2-4dfe-b536-00ab69ca3237" acquired by "nova.context.set_target_cell..get_or_set_cached_cell_and_set_connections" :: waited 0.000s {{(pid=108363) inner /opt/stack/data/venv/lib/python3.12/site-packages/oslo_concurrency/lockutils.py:524}}
Jun 20 01:11:33.385600 np0000182341 devstack@n-api-meta.service[108363]: DEBUG oslo_concurrency.lockutils [None req-72b91f4e-445d-43a9-a6eb-470f87ea18c5 None None] Lock "c3ee6b6d-e5f2-4dfe-b536-00ab69ca3237" "released" by "nova.context.set_target_cell..get_or_set_cached_cell_and_set_connections" :: held 0.001s {{(pid=108363) inner /opt/stack/data/venv/lib/python3.12/site-packages/oslo_concurrency/lockutils.py:543}}
Jun 20 01:11:33.387861 np0000182341 devstack@n-api-meta.service[108363]: INFO dbcounter [None req-72b91f4e-445d-43a9-a6eb-470f87ea18c5 None None] Registered counter for database nova_cell0
Jun 20 01:11:33.391083 np0000182341 devstack@n-api-meta.service[108363]: INFO dbcounter [None req-72b91f4e-445d-43a9-a6eb-470f87ea18c5 None None] Registered counter for database nova_cell1
Jun 20 01:11:33.405119 np0000182341 devstack@n-api-meta.service[108365]: DEBUG dbcounter [-] [108365] Writer thread running {{(pid=108365) stat_writer /opt/stack/data/venv/lib/python3.12/site-packages/dbcounter.py:102}}
Jun 20 01:11:33.407960 np0000182341 devstack@n-api-meta.service[108365]: DEBUG nova.context [None req-9b83c389-84c5-40fb-9555-c062d80bd23d None None] Found 2 cells: 00000000-0000-0000-0000-000000000000(cell0),c3ee6b6d-e5f2-4dfe-b536-00ab69ca3237(cell1) {{(pid=108365) load_cells /opt/stack/nova/nova/context.py:509}}
Jun 20 01:11:33.408196 np0000182341 devstack@n-api-meta.service[108365]: INFO nova.utils [None req-9b83c389-84c5-40fb-9555-c062d80bd23d None None] The cell worker thread pool MainProcess.cell_worker is initialized
Jun 20 01:11:33.410483 np0000182341 devstack@n-api-meta.service[108365]: DEBUG oslo_concurrency.lockutils [None req-9b83c389-84c5-40fb-9555-c062d80bd23d None None] Acquiring lock "00000000-0000-0000-0000-000000000000" by "nova.context.set_target_cell..get_or_set_cached_cell_and_set_connections" {{(pid=108365) inner /opt/stack/data/venv/lib/python3.12/site-packages/oslo_concurrency/lockutils.py:511}}
Jun 20 01:11:33.410660 np0000182341 devstack@n-api-meta.service[108365]: DEBUG oslo_concurrency.lockutils [None req-9b83c389-84c5-40fb-9555-c062d80bd23d None None] Lock "00000000-0000-0000-0000-000000000000" acquired by "nova.context.set_target_cell..get_or_set_cached_cell_and_set_connections" :: waited 0.000s {{(pid=108365) inner /opt/stack/data/venv/lib/python3.12/site-packages/oslo_concurrency/lockutils.py:524}}
Jun 20 01:11:33.411163 np0000182341 devstack@n-api-meta.service[108365]: DEBUG oslo_concurrency.lockutils [None req-9b83c389-84c5-40fb-9555-c062d80bd23d None None] Lock "00000000-0000-0000-0000-000000000000" "released" by "nova.context.set_target_cell..get_or_set_cached_cell_and_set_connections" :: held 0.000s {{(pid=108365) inner /opt/stack/data/venv/lib/python3.12/site-packages/oslo_concurrency/lockutils.py:543}}
Jun 20 01:11:33.411836 np0000182341 devstack@n-api-meta.service[108365]: DEBUG oslo_concurrency.lockutils [None req-9b83c389-84c5-40fb-9555-c062d80bd23d None None] Acquiring lock "c3ee6b6d-e5f2-4dfe-b536-00ab69ca3237" by "nova.context.set_target_cell..get_or_set_cached_cell_and_set_connections" {{(pid=108365) inner /opt/stack/data/venv/lib/python3.12/site-packages/oslo_concurrency/lockutils.py:511}}
Jun 20 01:11:33.411982 np0000182341 devstack@n-api-meta.service[108365]: DEBUG oslo_concurrency.lockutils [None req-9b83c389-84c5-40fb-9555-c062d80bd23d None None] Lock "c3ee6b6d-e5f2-4dfe-b536-00ab69ca3237" acquired by "nova.context.set_target_cell..get_or_set_cached_cell_and_set_connections" :: waited 0.000s {{(pid=108365) inner /opt/stack/data/venv/lib/python3.12/site-packages/oslo_concurrency/lockutils.py:524}}
Jun 20 01:11:33.413068 np0000182341 devstack@n-api-meta.service[108365]: DEBUG oslo_concurrency.lockutils [None req-9b83c389-84c5-40fb-9555-c062d80bd23d None None] Lock "c3ee6b6d-e5f2-4dfe-b536-00ab69ca3237" "released" by "nova.context.set_target_cell..get_or_set_cached_cell_and_set_connections" :: held 0.001s {{(pid=108365) inner /opt/stack/data/venv/lib/python3.12/site-packages/oslo_concurrency/lockutils.py:543}}
Jun 20 01:11:33.415344 np0000182341 devstack@n-api-meta.service[108365]: INFO dbcounter [None req-9b83c389-84c5-40fb-9555-c062d80bd23d None None] Registered counter for database nova_cell0
Jun 20 01:11:33.416251 np0000182341 devstack@n-api-meta.service[108364]: DEBUG oslo_db.sqlalchemy.engines [None req-058a2ff8-cc68-47b6-937f-d26b600cfb30 None None] MySQL server mode set to STRICT_TRANS_TABLES,STRICT_ALL_TABLES,NO_ZERO_IN_DATE,NO_ZERO_DATE,ERROR_FOR_DIVISION_BY_ZERO,TRADITIONAL,NO_ENGINE_SUBSTITUTION {{(pid=108364) _check_effective_sql_mode /opt/stack/data/venv/lib/python3.12/site-packages/oslo_db/sqlalchemy/engines.py:325}}
Jun 20 01:11:33.420862 np0000182341 devstack@n-api-meta.service[108366]: DEBUG oslo_db.sqlalchemy.engines [None req-d0a52338-a828-4d5a-a662-fb3a5566823b None None] MySQL server mode set to STRICT_TRANS_TABLES,STRICT_ALL_TABLES,NO_ZERO_IN_DATE,NO_ZERO_DATE,ERROR_FOR_DIVISION_BY_ZERO,TRADITIONAL,NO_ENGINE_SUBSTITUTION {{(pid=108366) _check_effective_sql_mode /opt/stack/data/venv/lib/python3.12/site-packages/oslo_db/sqlalchemy/engines.py:325}}
Jun 20 01:11:33.420981 np0000182341 devstack@n-api-meta.service[108365]: INFO dbcounter [None req-9b83c389-84c5-40fb-9555-c062d80bd23d None None] Registered counter for database nova_cell1
Jun 20 01:11:33.442194 np0000182341 devstack@n-api-meta.service[108363]: DEBUG oslo_db.sqlalchemy.engines [None req-72b91f4e-445d-43a9-a6eb-470f87ea18c5 None None] MySQL server mode set to STRICT_TRANS_TABLES,STRICT_ALL_TABLES,NO_ZERO_IN_DATE,NO_ZERO_DATE,ERROR_FOR_DIVISION_BY_ZERO,TRADITIONAL,NO_ENGINE_SUBSTITUTION {{(pid=108363) _check_effective_sql_mode /opt/stack/data/venv/lib/python3.12/site-packages/oslo_db/sqlalchemy/engines.py:325}}
Jun 20 01:11:33.449718 np0000182341 devstack@n-api-meta.service[108363]: DEBUG oslo_db.sqlalchemy.engines [None req-72b91f4e-445d-43a9-a6eb-470f87ea18c5 None None] MySQL server mode set to STRICT_TRANS_TABLES,STRICT_ALL_TABLES,NO_ZERO_IN_DATE,NO_ZERO_DATE,ERROR_FOR_DIVISION_BY_ZERO,TRADITIONAL,NO_ENGINE_SUBSTITUTION {{(pid=108363) _check_effective_sql_mode /opt/stack/data/venv/lib/python3.12/site-packages/oslo_db/sqlalchemy/engines.py:325}}
Jun 20 01:11:33.452830 np0000182341 devstack@n-api-meta.service[108364]: DEBUG dbcounter [-] [108364] Writer thread running {{(pid=108364) stat_writer /opt/stack/data/venv/lib/python3.12/site-packages/dbcounter.py:102}}
Jun 20 01:11:33.456441 np0000182341 devstack@n-api-meta.service[108364]: DEBUG nova.context [None req-058a2ff8-cc68-47b6-937f-d26b600cfb30 None None] Found 2 cells: 00000000-0000-0000-0000-000000000000(cell0),c3ee6b6d-e5f2-4dfe-b536-00ab69ca3237(cell1) {{(pid=108364) load_cells /opt/stack/nova/nova/context.py:509}}
Jun 20 01:11:33.456789 np0000182341 devstack@n-api-meta.service[108364]: INFO nova.utils [None req-058a2ff8-cc68-47b6-937f-d26b600cfb30 None None] The cell worker thread pool MainProcess.cell_worker is initialized
Jun 20 01:11:33.457941 np0000182341 devstack@n-api-meta.service[108366]: DEBUG dbcounter [-] [108366] Writer thread running {{(pid=108366) stat_writer /opt/stack/data/venv/lib/python3.12/site-packages/dbcounter.py:102}}
Jun 20 01:11:33.459701 np0000182341 devstack@n-api-meta.service[108364]: DEBUG oslo_concurrency.lockutils [None req-058a2ff8-cc68-47b6-937f-d26b600cfb30 None None] Acquiring lock "00000000-0000-0000-0000-000000000000" by "nova.context.set_target_cell..get_or_set_cached_cell_and_set_connections" {{(pid=108364) inner /opt/stack/data/venv/lib/python3.12/site-packages/oslo_concurrency/lockutils.py:511}}
Jun 20 01:11:33.460027 np0000182341 devstack@n-api-meta.service[108364]: DEBUG oslo_concurrency.lockutils [None req-058a2ff8-cc68-47b6-937f-d26b600cfb30 None None] Lock "00000000-0000-0000-0000-000000000000" acquired by "nova.context.set_target_cell..get_or_set_cached_cell_and_set_connections" :: waited 0.000s {{(pid=108364) inner /opt/stack/data/venv/lib/python3.12/site-packages/oslo_concurrency/lockutils.py:524}}
Jun 20 01:11:33.460800 np0000182341 devstack@n-api-meta.service[108364]: DEBUG oslo_concurrency.lockutils [None req-058a2ff8-cc68-47b6-937f-d26b600cfb30 None None] Lock "00000000-0000-0000-0000-000000000000" "released" by "nova.context.set_target_cell..get_or_set_cached_cell_and_set_connections" :: held 0.001s {{(pid=108364) inner /opt/stack/data/venv/lib/python3.12/site-packages/oslo_concurrency/lockutils.py:543}}
Jun 20 01:11:33.460882 np0000182341 devstack@n-api-meta.service[108366]: DEBUG nova.context [None req-d0a52338-a828-4d5a-a662-fb3a5566823b None None] Found 2 cells: 00000000-0000-0000-0000-000000000000(cell0),c3ee6b6d-e5f2-4dfe-b536-00ab69ca3237(cell1) {{(pid=108366) load_cells /opt/stack/nova/nova/context.py:509}}
Jun 20 01:11:33.461100 np0000182341 devstack@n-api-meta.service[108366]: INFO nova.utils [None req-d0a52338-a828-4d5a-a662-fb3a5566823b None None] The cell worker thread pool MainProcess.cell_worker is initialized
Jun 20 01:11:33.462016 np0000182341 devstack@n-api-meta.service[108364]: DEBUG oslo_concurrency.lockutils [None req-058a2ff8-cc68-47b6-937f-d26b600cfb30 None None] Acquiring lock "c3ee6b6d-e5f2-4dfe-b536-00ab69ca3237" by "nova.context.set_target_cell..get_or_set_cached_cell_and_set_connections" {{(pid=108364) inner /opt/stack/data/venv/lib/python3.12/site-packages/oslo_concurrency/lockutils.py:511}}
Jun 20 01:11:33.462324 np0000182341 devstack@n-api-meta.service[108364]: DEBUG oslo_concurrency.lockutils [None req-058a2ff8-cc68-47b6-937f-d26b600cfb30 None None] Lock "c3ee6b6d-e5f2-4dfe-b536-00ab69ca3237" acquired by "nova.context.set_target_cell..get_or_set_cached_cell_and_set_connections" :: waited 0.000s {{(pid=108364) inner /opt/stack/data/venv/lib/python3.12/site-packages/oslo_concurrency/lockutils.py:524}}
Jun 20 01:11:33.463486 np0000182341 devstack@n-api-meta.service[108366]: DEBUG oslo_concurrency.lockutils [None req-d0a52338-a828-4d5a-a662-fb3a5566823b None None] Acquiring lock "00000000-0000-0000-0000-000000000000" by "nova.context.set_target_cell..get_or_set_cached_cell_and_set_connections" {{(pid=108366) inner /opt/stack/data/venv/lib/python3.12/site-packages/oslo_concurrency/lockutils.py:511}}
Jun 20 01:11:33.463756 np0000182341 devstack@n-api-meta.service[108366]: DEBUG oslo_concurrency.lockutils [None req-d0a52338-a828-4d5a-a662-fb3a5566823b None None] Lock "00000000-0000-0000-0000-000000000000" acquired by "nova.context.set_target_cell..get_or_set_cached_cell_and_set_connections" :: waited 0.000s {{(pid=108366) inner /opt/stack/data/venv/lib/python3.12/site-packages/oslo_concurrency/lockutils.py:524}}
Jun 20 01:11:33.463957 np0000182341 devstack@n-api-meta.service[108364]: DEBUG oslo_concurrency.lockutils [None req-058a2ff8-cc68-47b6-937f-d26b600cfb30 None None] Lock "c3ee6b6d-e5f2-4dfe-b536-00ab69ca3237" "released" by "nova.context.set_target_cell..get_or_set_cached_cell_and_set_connections" :: held 0.001s {{(pid=108364) inner /opt/stack/data/venv/lib/python3.12/site-packages/oslo_concurrency/lockutils.py:543}}
Jun 20 01:11:33.464378 np0000182341 devstack@n-api-meta.service[108366]: DEBUG oslo_concurrency.lockutils [None req-d0a52338-a828-4d5a-a662-fb3a5566823b None None] Lock "00000000-0000-0000-0000-000000000000" "released" by "nova.context.set_target_cell..get_or_set_cached_cell_and_set_connections" :: held 0.001s {{(pid=108366) inner /opt/stack/data/venv/lib/python3.12/site-packages/oslo_concurrency/lockutils.py:543}}
Jun 20 01:11:33.465425 np0000182341 devstack@n-api-meta.service[108366]: DEBUG oslo_concurrency.lockutils [None req-d0a52338-a828-4d5a-a662-fb3a5566823b None None] Acquiring lock "c3ee6b6d-e5f2-4dfe-b536-00ab69ca3237" by "nova.context.set_target_cell..get_or_set_cached_cell_and_set_connections" {{(pid=108366) inner /opt/stack/data/venv/lib/python3.12/site-packages/oslo_concurrency/lockutils.py:511}}
Jun 20 01:11:33.465675 np0000182341 devstack@n-api-meta.service[108366]: DEBUG oslo_concurrency.lockutils [None req-d0a52338-a828-4d5a-a662-fb3a5566823b None None] Lock "c3ee6b6d-e5f2-4dfe-b536-00ab69ca3237" acquired by "nova.context.set_target_cell..get_or_set_cached_cell_and_set_connections" :: waited 0.000s {{(pid=108366) inner /opt/stack/data/venv/lib/python3.12/site-packages/oslo_concurrency/lockutils.py:524}}
Jun 20 01:11:33.466738 np0000182341 devstack@n-api-meta.service[108364]: INFO dbcounter [None req-058a2ff8-cc68-47b6-937f-d26b600cfb30 None None] Registered counter for database nova_cell0
Jun 20 01:11:33.466942 np0000182341 devstack@n-api-meta.service[108366]: DEBUG oslo_concurrency.lockutils [None req-d0a52338-a828-4d5a-a662-fb3a5566823b None None] Lock "c3ee6b6d-e5f2-4dfe-b536-00ab69ca3237" "released" by "nova.context.set_target_cell..get_or_set_cached_cell_and_set_connections" :: held 0.001s {{(pid=108366) inner /opt/stack/data/venv/lib/python3.12/site-packages/oslo_concurrency/lockutils.py:543}}
Jun 20 01:11:33.469942 np0000182341 devstack@n-api-meta.service[108366]: INFO dbcounter [None req-d0a52338-a828-4d5a-a662-fb3a5566823b None None] Registered counter for database nova_cell0
Jun 20 01:11:33.473249 np0000182341 devstack@n-api-meta.service[108364]: INFO dbcounter [None req-058a2ff8-cc68-47b6-937f-d26b600cfb30 None None] Registered counter for database nova_cell1
Jun 20 01:11:33.474915 np0000182341 devstack@n-api-meta.service[108366]: INFO dbcounter [None req-d0a52338-a828-4d5a-a662-fb3a5566823b None None] Registered counter for database nova_cell1
Jun 20 01:11:33.484879 np0000182341 devstack@n-api-meta.service[108365]: DEBUG oslo_db.sqlalchemy.engines [None req-9b83c389-84c5-40fb-9555-c062d80bd23d None None] MySQL server mode set to STRICT_TRANS_TABLES,STRICT_ALL_TABLES,NO_ZERO_IN_DATE,NO_ZERO_DATE,ERROR_FOR_DIVISION_BY_ZERO,TRADITIONAL,NO_ENGINE_SUBSTITUTION {{(pid=108365) _check_effective_sql_mode /opt/stack/data/venv/lib/python3.12/site-packages/oslo_db/sqlalchemy/engines.py:325}}
Jun 20 01:11:33.490296 np0000182341 devstack@n-api-meta.service[108365]: DEBUG oslo_db.sqlalchemy.engines [None req-9b83c389-84c5-40fb-9555-c062d80bd23d None None] MySQL server mode set to STRICT_TRANS_TABLES,STRICT_ALL_TABLES,NO_ZERO_IN_DATE,NO_ZERO_DATE,ERROR_FOR_DIVISION_BY_ZERO,TRADITIONAL,NO_ENGINE_SUBSTITUTION {{(pid=108365) _check_effective_sql_mode /opt/stack/data/venv/lib/python3.12/site-packages/oslo_db/sqlalchemy/engines.py:325}}
Jun 20 01:11:33.531781 np0000182341 devstack@n-api-meta.service[108366]: DEBUG oslo_db.sqlalchemy.engines [None req-d0a52338-a828-4d5a-a662-fb3a5566823b None None] MySQL server mode set to STRICT_TRANS_TABLES,STRICT_ALL_TABLES,NO_ZERO_IN_DATE,NO_ZERO_DATE,ERROR_FOR_DIVISION_BY_ZERO,TRADITIONAL,NO_ENGINE_SUBSTITUTION {{(pid=108366) _check_effective_sql_mode /opt/stack/data/venv/lib/python3.12/site-packages/oslo_db/sqlalchemy/engines.py:325}}
Jun 20 01:11:33.533120 np0000182341 devstack@n-api-meta.service[108363]: DEBUG dbcounter [-] [108363] Writer thread running {{(pid=108363) stat_writer /opt/stack/data/venv/lib/python3.12/site-packages/dbcounter.py:102}}
Jun 20 01:11:33.536619 np0000182341 devstack@n-api-meta.service[108364]: DEBUG oslo_db.sqlalchemy.engines [None req-058a2ff8-cc68-47b6-937f-d26b600cfb30 None None] MySQL server mode set to STRICT_TRANS_TABLES,STRICT_ALL_TABLES,NO_ZERO_IN_DATE,NO_ZERO_DATE,ERROR_FOR_DIVISION_BY_ZERO,TRADITIONAL,NO_ENGINE_SUBSTITUTION {{(pid=108364) _check_effective_sql_mode /opt/stack/data/venv/lib/python3.12/site-packages/oslo_db/sqlalchemy/engines.py:325}}
Jun 20 01:11:33.537120 np0000182341 devstack@n-api-meta.service[108363]: DEBUG dbcounter [-] [108363] Writer thread running {{(pid=108363) stat_writer /opt/stack/data/venv/lib/python3.12/site-packages/dbcounter.py:102}}
Jun 20 01:11:33.544620 np0000182341 devstack@n-api-meta.service[108363]: INFO dbcounter [None req-72b91f4e-445d-43a9-a6eb-470f87ea18c5 None None] Registered counter for database nova_cell0
Jun 20 01:11:33.550852 np0000182341 devstack@n-api-meta.service[108364]: DEBUG oslo_db.sqlalchemy.engines [None req-058a2ff8-cc68-47b6-937f-d26b600cfb30 None None] MySQL server mode set to STRICT_TRANS_TABLES,STRICT_ALL_TABLES,NO_ZERO_IN_DATE,NO_ZERO_DATE,ERROR_FOR_DIVISION_BY_ZERO,TRADITIONAL,NO_ENGINE_SUBSTITUTION {{(pid=108364) _check_effective_sql_mode /opt/stack/data/venv/lib/python3.12/site-packages/oslo_db/sqlalchemy/engines.py:325}}
Jun 20 01:11:33.588985 np0000182341 devstack@n-api-meta.service[108365]: DEBUG dbcounter [-] [108365] Writer thread running {{(pid=108365) stat_writer /opt/stack/data/venv/lib/python3.12/site-packages/dbcounter.py:102}}
Jun 20 01:11:33.592227 np0000182341 devstack@n-api-meta.service[108363]: DEBUG oslo_db.sqlalchemy.engines [None req-72b91f4e-445d-43a9-a6eb-470f87ea18c5 None None] MySQL server mode set to STRICT_TRANS_TABLES,STRICT_ALL_TABLES,NO_ZERO_IN_DATE,NO_ZERO_DATE,ERROR_FOR_DIVISION_BY_ZERO,TRADITIONAL,NO_ENGINE_SUBSTITUTION {{(pid=108363) _check_effective_sql_mode /opt/stack/data/venv/lib/python3.12/site-packages/oslo_db/sqlalchemy/engines.py:325}}
Jun 20 01:11:33.596185 np0000182341 devstack@n-api-meta.service[108365]: DEBUG dbcounter [-] [108365] Writer thread running {{(pid=108365) stat_writer /opt/stack/data/venv/lib/python3.12/site-packages/dbcounter.py:102}}
Jun 20 01:11:33.599739 np0000182341 devstack@n-api-meta.service[108365]: INFO dbcounter [None req-9b83c389-84c5-40fb-9555-c062d80bd23d None None] Registered counter for database nova_cell0
Jun 20 01:11:33.601268 np0000182341 devstack@n-api-meta.service[108363]: DEBUG dbcounter [-] [108363] Writer thread running {{(pid=108363) stat_writer /opt/stack/data/venv/lib/python3.12/site-packages/dbcounter.py:102}}
Jun 20 01:11:33.626979 np0000182341 devstack@n-api-meta.service[108366]: DEBUG dbcounter [-] [108366] Writer thread running {{(pid=108366) stat_writer /opt/stack/data/venv/lib/python3.12/site-packages/dbcounter.py:102}}
Jun 20 01:11:33.633209 np0000182341 devstack@n-api-meta.service[108366]: DEBUG oslo_db.sqlalchemy.engines [None req-d0a52338-a828-4d5a-a662-fb3a5566823b None None] MySQL server mode set to STRICT_TRANS_TABLES,STRICT_ALL_TABLES,NO_ZERO_IN_DATE,NO_ZERO_DATE,ERROR_FOR_DIVISION_BY_ZERO,TRADITIONAL,NO_ENGINE_SUBSTITUTION {{(pid=108366) _check_effective_sql_mode /opt/stack/data/venv/lib/python3.12/site-packages/oslo_db/sqlalchemy/engines.py:325}}
Jun 20 01:11:33.640176 np0000182341 devstack@n-api-meta.service[108366]: DEBUG dbcounter [-] [108366] Writer thread running {{(pid=108366) stat_writer /opt/stack/data/venv/lib/python3.12/site-packages/dbcounter.py:102}}
Jun 20 01:11:33.644949 np0000182341 devstack@n-api-meta.service[108366]: INFO dbcounter [None req-d0a52338-a828-4d5a-a662-fb3a5566823b None None] Registered counter for database nova_cell0
Jun 20 01:11:33.648291 np0000182341 devstack@n-api-meta.service[108365]: DEBUG oslo_db.sqlalchemy.engines [None req-9b83c389-84c5-40fb-9555-c062d80bd23d None None] MySQL server mode set to STRICT_TRANS_TABLES,STRICT_ALL_TABLES,NO_ZERO_IN_DATE,NO_ZERO_DATE,ERROR_FOR_DIVISION_BY_ZERO,TRADITIONAL,NO_ENGINE_SUBSTITUTION {{(pid=108365) _check_effective_sql_mode /opt/stack/data/venv/lib/python3.12/site-packages/oslo_db/sqlalchemy/engines.py:325}}
Jun 20 01:11:33.651908 np0000182341 devstack@n-api-meta.service[108363]: WARNING nova.api.metadata.handler [None req-72b91f4e-445d-43a9-a6eb-470f87ea18c5 None None] metadata_proxy_shared_secret is not configured, the metadata information returned by the proxy cannot be trusted
Jun 20 01:11:33.652902 np0000182341 devstack@n-api-meta.service[108364]: DEBUG dbcounter [-] [108364] Writer thread running {{(pid=108364) stat_writer /opt/stack/data/venv/lib/python3.12/site-packages/dbcounter.py:102}}
Jun 20 01:11:33.655997 np0000182341 devstack@n-api-meta.service[108365]: DEBUG dbcounter [-] [108365] Writer thread running {{(pid=108365) stat_writer /opt/stack/data/venv/lib/python3.12/site-packages/dbcounter.py:102}}
Jun 20 01:11:33.657002 np0000182341 devstack@n-api-meta.service[108364]: DEBUG dbcounter [-] [108364] Writer thread running {{(pid=108364) stat_writer /opt/stack/data/venv/lib/python3.12/site-packages/dbcounter.py:102}}
Jun 20 01:11:33.657338 np0000182341 devstack@n-api-meta.service[108363]: DEBUG nova.api.openstack.wsgi_app [None req-72b91f4e-445d-43a9-a6eb-470f87ea18c5 None None] ******************************************************************************** {{(pid=108363) log_opt_values /opt/stack/data/venv/lib/python3.12/site-packages/oslo_config/cfg.py:3226}}
Jun 20 01:11:33.657406 np0000182341 devstack@n-api-meta.service[108363]: DEBUG nova.api.openstack.wsgi_app [None req-72b91f4e-445d-43a9-a6eb-470f87ea18c5 None None] Configuration options gathered from: {{(pid=108363) log_opt_values /opt/stack/data/venv/lib/python3.12/site-packages/oslo_config/cfg.py:3227}}
Jun 20 01:11:33.657527 np0000182341 devstack@n-api-meta.service[108363]: DEBUG nova.api.openstack.wsgi_app [None req-72b91f4e-445d-43a9-a6eb-470f87ea18c5 None None] command line args: [] {{(pid=108363) log_opt_values /opt/stack/data/venv/lib/python3.12/site-packages/oslo_config/cfg.py:3228}}
Jun 20 01:11:33.657689 np0000182341 devstack@n-api-meta.service[108363]: DEBUG nova.api.openstack.wsgi_app [None req-72b91f4e-445d-43a9-a6eb-470f87ea18c5 None None] config files: ['/etc/nova/api-paste.ini', '/etc/nova/nova.conf'] {{(pid=108363) log_opt_values /opt/stack/data/venv/lib/python3.12/site-packages/oslo_config/cfg.py:3229}}
Jun 20 01:11:33.657786 np0000182341 devstack@n-api-meta.service[108363]: DEBUG nova.api.openstack.wsgi_app [None req-72b91f4e-445d-43a9-a6eb-470f87ea18c5 None None] ================================================================================ {{(pid=108363) log_opt_values /opt/stack/data/venv/lib/python3.12/site-packages/oslo_config/cfg.py:3234}}
Jun 20 01:11:33.657970 np0000182341 devstack@n-api-meta.service[108363]: DEBUG nova.api.openstack.wsgi_app [None req-72b91f4e-445d-43a9-a6eb-470f87ea18c5 None None] allow_resize_to_same_host = True {{(pid=108363) log_opt_values /opt/stack/data/venv/lib/python3.12/site-packages/oslo_config/cfg.py:3242}}
Jun 20 01:11:33.658107 np0000182341 devstack@n-api-meta.service[108363]: DEBUG nova.api.openstack.wsgi_app [None req-72b91f4e-445d-43a9-a6eb-470f87ea18c5 None None] arq_binding_timeout = 300 {{(pid=108363) log_opt_values /opt/stack/data/venv/lib/python3.12/site-packages/oslo_config/cfg.py:3242}}
Jun 20 01:11:33.658241 np0000182341 devstack@n-api-meta.service[108363]: DEBUG nova.api.openstack.wsgi_app [None req-72b91f4e-445d-43a9-a6eb-470f87ea18c5 None None] block_device_allocate_retries = 60 {{(pid=108363) log_opt_values /opt/stack/data/venv/lib/python3.12/site-packages/oslo_config/cfg.py:3242}}
Jun 20 01:11:33.658369 np0000182341 devstack@n-api-meta.service[108363]: DEBUG nova.api.openstack.wsgi_app [None req-72b91f4e-445d-43a9-a6eb-470f87ea18c5 None None] block_device_allocate_retries_interval = 3 {{(pid=108363) log_opt_values /opt/stack/data/venv/lib/python3.12/site-packages/oslo_config/cfg.py:3242}}
Jun 20 01:11:33.658498 np0000182341 devstack@n-api-meta.service[108363]: DEBUG nova.api.openstack.wsgi_app [None req-72b91f4e-445d-43a9-a6eb-470f87ea18c5 None None] cell_worker_thread_pool_size = 5 {{(pid=108363) log_opt_values /opt/stack/data/venv/lib/python3.12/site-packages/oslo_config/cfg.py:3242}}
Jun 20 01:11:33.658639 np0000182341 devstack@n-api-meta.service[108363]: DEBUG nova.api.openstack.wsgi_app [None req-72b91f4e-445d-43a9-a6eb-470f87ea18c5 None None] cert = self.pem {{(pid=108363) log_opt_values /opt/stack/data/venv/lib/python3.12/site-packages/oslo_config/cfg.py:3242}}
Jun 20 01:11:33.658811 np0000182341 devstack@n-api-meta.service[108363]: DEBUG nova.api.openstack.wsgi_app [None req-72b91f4e-445d-43a9-a6eb-470f87ea18c5 None None] compute_driver = libvirt.LibvirtDriver {{(pid=108363) log_opt_values /opt/stack/data/venv/lib/python3.12/site-packages/oslo_config/cfg.py:3242}}
Jun 20 01:11:33.658949 np0000182341 devstack@n-api-meta.service[108363]: DEBUG nova.api.openstack.wsgi_app [None req-72b91f4e-445d-43a9-a6eb-470f87ea18c5 None None] compute_monitors = [] {{(pid=108363) log_opt_values /opt/stack/data/venv/lib/python3.12/site-packages/oslo_config/cfg.py:3242}}
Jun 20 01:11:33.659085 np0000182341 devstack@n-api-meta.service[108363]: DEBUG nova.api.openstack.wsgi_app [None req-72b91f4e-445d-43a9-a6eb-470f87ea18c5 None None] config_dir = [] {{(pid=108363) log_opt_values /opt/stack/data/venv/lib/python3.12/site-packages/oslo_config/cfg.py:3242}}
Jun 20 01:11:33.659241 np0000182341 devstack@n-api-meta.service[108363]: DEBUG nova.api.openstack.wsgi_app [None req-72b91f4e-445d-43a9-a6eb-470f87ea18c5 None None] config_drive_format = iso9660 {{(pid=108363) log_opt_values /opt/stack/data/venv/lib/python3.12/site-packages/oslo_config/cfg.py:3242}}
Jun 20 01:11:33.659349 np0000182341 devstack@n-api-meta.service[108363]: DEBUG nova.api.openstack.wsgi_app [None req-72b91f4e-445d-43a9-a6eb-470f87ea18c5 None None] config_file = ['/etc/nova/api-paste.ini', '/etc/nova/nova.conf'] {{(pid=108363) log_opt_values /opt/stack/data/venv/lib/python3.12/site-packages/oslo_config/cfg.py:3242}}
Jun 20 01:11:33.659480 np0000182341 devstack@n-api-meta.service[108363]: DEBUG nova.api.openstack.wsgi_app [None req-72b91f4e-445d-43a9-a6eb-470f87ea18c5 None None] config_source = [] {{(pid=108363) log_opt_values /opt/stack/data/venv/lib/python3.12/site-packages/oslo_config/cfg.py:3242}}
Jun 20 01:11:33.659616 np0000182341 devstack@n-api-meta.service[108363]: DEBUG nova.api.openstack.wsgi_app [None req-72b91f4e-445d-43a9-a6eb-470f87ea18c5 None None] console_host = np0000182341 {{(pid=108363) log_opt_values /opt/stack/data/venv/lib/python3.12/site-packages/oslo_config/cfg.py:3242}}
Jun 20 01:11:33.659752 np0000182341 devstack@n-api-meta.service[108363]: DEBUG nova.api.openstack.wsgi_app [None req-72b91f4e-445d-43a9-a6eb-470f87ea18c5 None None] control_exchange = nova {{(pid=108363) log_opt_values /opt/stack/data/venv/lib/python3.12/site-packages/oslo_config/cfg.py:3242}}
Jun 20 01:11:33.659883 np0000182341 devstack@n-api-meta.service[108363]: DEBUG nova.api.openstack.wsgi_app [None req-72b91f4e-445d-43a9-a6eb-470f87ea18c5 None None] cpu_allocation_ratio = None {{(pid=108363) log_opt_values /opt/stack/data/venv/lib/python3.12/site-packages/oslo_config/cfg.py:3242}}
Jun 20 01:11:33.660011 np0000182341 devstack@n-api-meta.service[108363]: DEBUG nova.api.openstack.wsgi_app [None req-72b91f4e-445d-43a9-a6eb-470f87ea18c5 None None] daemon = False {{(pid=108363) log_opt_values /opt/stack/data/venv/lib/python3.12/site-packages/oslo_config/cfg.py:3242}}
Jun 20 01:11:33.660319 np0000182341 devstack@n-api-meta.service[108363]: DEBUG nova.api.openstack.wsgi_app [None req-72b91f4e-445d-43a9-a6eb-470f87ea18c5 None None] debug = True {{(pid=108363) log_opt_values /opt/stack/data/venv/lib/python3.12/site-packages/oslo_config/cfg.py:3242}}
Jun 20 01:11:33.660462 np0000182341 devstack@n-api-meta.service[108363]: DEBUG nova.api.openstack.wsgi_app [None req-72b91f4e-445d-43a9-a6eb-470f87ea18c5 None None] default_access_ip_network_name = None {{(pid=108363) log_opt_values /opt/stack/data/venv/lib/python3.12/site-packages/oslo_config/cfg.py:3242}}
Jun 20 01:11:33.660599 np0000182341 devstack@n-api-meta.service[108363]: DEBUG nova.api.openstack.wsgi_app [None req-72b91f4e-445d-43a9-a6eb-470f87ea18c5 None None] default_availability_zone = nova {{(pid=108363) log_opt_values /opt/stack/data/venv/lib/python3.12/site-packages/oslo_config/cfg.py:3242}}
Jun 20 01:11:33.660736 np0000182341 devstack@n-api-meta.service[108363]: DEBUG nova.api.openstack.wsgi_app [None req-72b91f4e-445d-43a9-a6eb-470f87ea18c5 None None] default_ephemeral_format = ext4 {{(pid=108363) log_opt_values /opt/stack/data/venv/lib/python3.12/site-packages/oslo_config/cfg.py:3242}}
Jun 20 01:11:33.661392 np0000182341 devstack@n-api-meta.service[108363]: DEBUG nova.api.openstack.wsgi_app [None req-72b91f4e-445d-43a9-a6eb-470f87ea18c5 None None] default_green_pool_size = 1000 {{(pid=108363) log_opt_values /opt/stack/data/venv/lib/python3.12/site-packages/oslo_config/cfg.py:3242}}
Jun 20 01:11:33.661939 np0000182341 devstack@n-api-meta.service[108363]: DEBUG nova.api.openstack.wsgi_app [None req-72b91f4e-445d-43a9-a6eb-470f87ea18c5 None None] default_log_levels = ['amqp=WARN', 'boto=WARN', 'sqlalchemy=WARN', 'suds=INFO', 'oslo.messaging=INFO', 'oslo_messaging=INFO', 'iso8601=WARN', 'requests.packages.urllib3.connectionpool=WARN', 'urllib3.connectionpool=WARN', 'websocket=WARN', 'requests.packages.urllib3.util.retry=WARN', 'urllib3.util.retry=WARN', 'keystonemiddleware=WARN', 'routes.middleware=WARN', 'stevedore=WARN', 'taskflow=WARN', 'keystoneauth=WARN', 'oslo.cache=INFO', 'oslo_policy=INFO', 'dogpile.core.dogpile=INFO', 'glanceclient=WARN', 'oslo.privsep.daemon=INFO'] {{(pid=108363) log_opt_values /opt/stack/data/venv/lib/python3.12/site-packages/oslo_config/cfg.py:3242}}
Jun 20 01:11:33.662080 np0000182341 devstack@n-api-meta.service[108363]: DEBUG nova.api.openstack.wsgi_app [None req-72b91f4e-445d-43a9-a6eb-470f87ea18c5 None None] default_schedule_zone = None {{(pid=108363) log_opt_values /opt/stack/data/venv/lib/python3.12/site-packages/oslo_config/cfg.py:3242}}
Jun 20 01:11:33.662220 np0000182341 devstack@n-api-meta.service[108363]: DEBUG nova.api.openstack.wsgi_app [None req-72b91f4e-445d-43a9-a6eb-470f87ea18c5 None None] default_thread_pool_size = 10 {{(pid=108363) log_opt_values /opt/stack/data/venv/lib/python3.12/site-packages/oslo_config/cfg.py:3242}}
Jun 20 01:11:33.662351 np0000182341 devstack@n-api-meta.service[108363]: DEBUG nova.api.openstack.wsgi_app [None req-72b91f4e-445d-43a9-a6eb-470f87ea18c5 None None] disk_allocation_ratio = None {{(pid=108363) log_opt_values /opt/stack/data/venv/lib/python3.12/site-packages/oslo_config/cfg.py:3242}}
Jun 20 01:11:33.662470 np0000182341 devstack@n-api-meta.service[108363]: DEBUG nova.api.openstack.wsgi_app [None req-72b91f4e-445d-43a9-a6eb-470f87ea18c5 None None] enable_new_services = True {{(pid=108363) log_opt_values /opt/stack/data/venv/lib/python3.12/site-packages/oslo_config/cfg.py:3242}}
Jun 20 01:11:33.662607 np0000182341 devstack@n-api-meta.service[108363]: DEBUG nova.api.openstack.wsgi_app [None req-72b91f4e-445d-43a9-a6eb-470f87ea18c5 None None] flat_injected = False {{(pid=108363) log_opt_values /opt/stack/data/venv/lib/python3.12/site-packages/oslo_config/cfg.py:3242}}
Jun 20 01:11:33.662786 np0000182341 devstack@n-api-meta.service[108363]: DEBUG nova.api.openstack.wsgi_app [None req-72b91f4e-445d-43a9-a6eb-470f87ea18c5 None None] force_config_drive = False {{(pid=108363) log_opt_values /opt/stack/data/venv/lib/python3.12/site-packages/oslo_config/cfg.py:3242}}
Jun 20 01:11:33.662938 np0000182341 devstack@n-api-meta.service[108363]: DEBUG nova.api.openstack.wsgi_app [None req-72b91f4e-445d-43a9-a6eb-470f87ea18c5 None None] force_raw_images = True {{(pid=108363) log_opt_values /opt/stack/data/venv/lib/python3.12/site-packages/oslo_config/cfg.py:3242}}
Jun 20 01:11:33.663107 np0000182341 devstack@n-api-meta.service[108363]: DEBUG nova.api.openstack.wsgi_app [None req-72b91f4e-445d-43a9-a6eb-470f87ea18c5 None None] graceful_shutdown_timeout = 5 {{(pid=108363) log_opt_values /opt/stack/data/venv/lib/python3.12/site-packages/oslo_config/cfg.py:3242}}
Jun 20 01:11:33.663244 np0000182341 devstack@n-api-meta.service[108363]: DEBUG nova.api.openstack.wsgi_app [None req-72b91f4e-445d-43a9-a6eb-470f87ea18c5 None None] heal_instance_info_cache_interval = -1 {{(pid=108363) log_opt_values /opt/stack/data/venv/lib/python3.12/site-packages/oslo_config/cfg.py:3242}}
Jun 20 01:11:33.663435 np0000182341 devstack@n-api-meta.service[108363]: DEBUG nova.api.openstack.wsgi_app [None req-72b91f4e-445d-43a9-a6eb-470f87ea18c5 None None] host = np0000182341 {{(pid=108363) log_opt_values /opt/stack/data/venv/lib/python3.12/site-packages/oslo_config/cfg.py:3242}}
Jun 20 01:11:33.663563 np0000182341 devstack@n-api-meta.service[108363]: DEBUG nova.api.openstack.wsgi_app [None req-72b91f4e-445d-43a9-a6eb-470f87ea18c5 None None] initial_cpu_allocation_ratio = 4.0 {{(pid=108363) log_opt_values /opt/stack/data/venv/lib/python3.12/site-packages/oslo_config/cfg.py:3242}}
Jun 20 01:11:33.663695 np0000182341 devstack@n-api-meta.service[108363]: DEBUG nova.api.openstack.wsgi_app [None req-72b91f4e-445d-43a9-a6eb-470f87ea18c5 None None] initial_disk_allocation_ratio = 1.0 {{(pid=108363) log_opt_values /opt/stack/data/venv/lib/python3.12/site-packages/oslo_config/cfg.py:3242}}
Jun 20 01:11:33.663824 np0000182341 devstack@n-api-meta.service[108363]: DEBUG nova.api.openstack.wsgi_app [None req-72b91f4e-445d-43a9-a6eb-470f87ea18c5 None None] initial_ram_allocation_ratio = 1.0 {{(pid=108363) log_opt_values /opt/stack/data/venv/lib/python3.12/site-packages/oslo_config/cfg.py:3242}}
Jun 20 01:11:33.663974 np0000182341 devstack@n-api-meta.service[108364]: INFO dbcounter [None req-058a2ff8-cc68-47b6-937f-d26b600cfb30 None None] Registered counter for database nova_cell0
Jun 20 01:11:33.664025 np0000182341 devstack@n-api-meta.service[108363]: DEBUG nova.api.openstack.wsgi_app [None req-72b91f4e-445d-43a9-a6eb-470f87ea18c5 None None] injected_network_template = /opt/stack/nova/nova/virt/interfaces.template {{(pid=108363) log_opt_values /opt/stack/data/venv/lib/python3.12/site-packages/oslo_config/cfg.py:3242}}
Jun 20 01:11:33.664153 np0000182341 devstack@n-api-meta.service[108363]: DEBUG nova.api.openstack.wsgi_app [None req-72b91f4e-445d-43a9-a6eb-470f87ea18c5 None None] instance_build_timeout = 0 {{(pid=108363) log_opt_values /opt/stack/data/venv/lib/python3.12/site-packages/oslo_config/cfg.py:3242}}
Jun 20 01:11:33.664286 np0000182341 devstack@n-api-meta.service[108363]: DEBUG nova.api.openstack.wsgi_app [None req-72b91f4e-445d-43a9-a6eb-470f87ea18c5 None None] instance_delete_interval = 300 {{(pid=108363) log_opt_values /opt/stack/data/venv/lib/python3.12/site-packages/oslo_config/cfg.py:3242}}
Jun 20 01:11:33.664421 np0000182341 devstack@n-api-meta.service[108363]: DEBUG nova.api.openstack.wsgi_app [None req-72b91f4e-445d-43a9-a6eb-470f87ea18c5 None None] instance_format = [instance: %(uuid)s] {{(pid=108363) log_opt_values /opt/stack/data/venv/lib/python3.12/site-packages/oslo_config/cfg.py:3242}}
Jun 20 01:11:33.664557 np0000182341 devstack@n-api-meta.service[108363]: DEBUG nova.api.openstack.wsgi_app [None req-72b91f4e-445d-43a9-a6eb-470f87ea18c5 None None] instance_name_template = instance-%08x {{(pid=108363) log_opt_values /opt/stack/data/venv/lib/python3.12/site-packages/oslo_config/cfg.py:3242}}
Jun 20 01:11:33.664690 np0000182341 devstack@n-api-meta.service[108363]: DEBUG nova.api.openstack.wsgi_app [None req-72b91f4e-445d-43a9-a6eb-470f87ea18c5 None None] instance_usage_audit = False {{(pid=108363) log_opt_values /opt/stack/data/venv/lib/python3.12/site-packages/oslo_config/cfg.py:3242}}
Jun 20 01:11:33.664825 np0000182341 devstack@n-api-meta.service[108363]: DEBUG nova.api.openstack.wsgi_app [None req-72b91f4e-445d-43a9-a6eb-470f87ea18c5 None None] instance_usage_audit_period = month {{(pid=108363) log_opt_values /opt/stack/data/venv/lib/python3.12/site-packages/oslo_config/cfg.py:3242}}
Jun 20 01:11:33.664959 np0000182341 devstack@n-api-meta.service[108363]: DEBUG nova.api.openstack.wsgi_app [None req-72b91f4e-445d-43a9-a6eb-470f87ea18c5 None None] instance_uuid_format = [instance: %(uuid)s] {{(pid=108363) log_opt_values /opt/stack/data/venv/lib/python3.12/site-packages/oslo_config/cfg.py:3242}}
Jun 20 01:11:33.665104 np0000182341 devstack@n-api-meta.service[108363]: DEBUG nova.api.openstack.wsgi_app [None req-72b91f4e-445d-43a9-a6eb-470f87ea18c5 None None] instances_path = /opt/stack/data/nova/instances {{(pid=108363) log_opt_values /opt/stack/data/venv/lib/python3.12/site-packages/oslo_config/cfg.py:3242}}
Jun 20 01:11:33.665285 np0000182341 devstack@n-api-meta.service[108363]: DEBUG nova.api.openstack.wsgi_app [None req-72b91f4e-445d-43a9-a6eb-470f87ea18c5 None None] internal_service_availability_zone = internal {{(pid=108363) log_opt_values /opt/stack/data/venv/lib/python3.12/site-packages/oslo_config/cfg.py:3242}}
Jun 20 01:11:33.665479 np0000182341 devstack@n-api-meta.service[108363]: DEBUG nova.api.openstack.wsgi_app [None req-72b91f4e-445d-43a9-a6eb-470f87ea18c5 None None] key = None {{(pid=108363) log_opt_values /opt/stack/data/venv/lib/python3.12/site-packages/oslo_config/cfg.py:3242}}
Jun 20 01:11:33.665674 np0000182341 devstack@n-api-meta.service[108363]: DEBUG nova.api.openstack.wsgi_app [None req-72b91f4e-445d-43a9-a6eb-470f87ea18c5 None None] live_migration_retry_count = 30 {{(pid=108363) log_opt_values /opt/stack/data/venv/lib/python3.12/site-packages/oslo_config/cfg.py:3242}}
Jun 20 01:11:33.665882 np0000182341 devstack@n-api-meta.service[108363]: DEBUG nova.api.openstack.wsgi_app [None req-72b91f4e-445d-43a9-a6eb-470f87ea18c5 None None] log_color = False {{(pid=108363) log_opt_values /opt/stack/data/venv/lib/python3.12/site-packages/oslo_config/cfg.py:3242}}
Jun 20 01:11:33.666086 np0000182341 devstack@n-api-meta.service[108363]: DEBUG nova.api.openstack.wsgi_app [None req-72b91f4e-445d-43a9-a6eb-470f87ea18c5 None None] log_config_append = None {{(pid=108363) log_opt_values /opt/stack/data/venv/lib/python3.12/site-packages/oslo_config/cfg.py:3242}}
Jun 20 01:11:33.666313 np0000182341 devstack@n-api-meta.service[108363]: DEBUG nova.api.openstack.wsgi_app [None req-72b91f4e-445d-43a9-a6eb-470f87ea18c5 None None] log_date_format = %Y-%m-%d %H:%M:%S {{(pid=108363) log_opt_values /opt/stack/data/venv/lib/python3.12/site-packages/oslo_config/cfg.py:3242}}
Jun 20 01:11:33.666462 np0000182341 devstack@n-api-meta.service[108363]: DEBUG nova.api.openstack.wsgi_app [None req-72b91f4e-445d-43a9-a6eb-470f87ea18c5 None None] log_dir = None {{(pid=108363) log_opt_values /opt/stack/data/venv/lib/python3.12/site-packages/oslo_config/cfg.py:3242}}
Jun 20 01:11:33.666593 np0000182341 devstack@n-api-meta.service[108363]: DEBUG nova.api.openstack.wsgi_app [None req-72b91f4e-445d-43a9-a6eb-470f87ea18c5 None None] log_file = None {{(pid=108363) log_opt_values /opt/stack/data/venv/lib/python3.12/site-packages/oslo_config/cfg.py:3242}}
Jun 20 01:11:33.666697 np0000182341 devstack@n-api-meta.service[108363]: DEBUG nova.api.openstack.wsgi_app [None req-72b91f4e-445d-43a9-a6eb-470f87ea18c5 None None] log_options = True {{(pid=108363) log_opt_values /opt/stack/data/venv/lib/python3.12/site-packages/oslo_config/cfg.py:3242}}
Jun 20 01:11:33.666864 np0000182341 devstack@n-api-meta.service[108363]: DEBUG nova.api.openstack.wsgi_app [None req-72b91f4e-445d-43a9-a6eb-470f87ea18c5 None None] log_rotate_interval = 1 {{(pid=108363) log_opt_values /opt/stack/data/venv/lib/python3.12/site-packages/oslo_config/cfg.py:3242}}
Jun 20 01:11:33.667005 np0000182341 devstack@n-api-meta.service[108363]: DEBUG nova.api.openstack.wsgi_app [None req-72b91f4e-445d-43a9-a6eb-470f87ea18c5 None None] log_rotate_interval_type = days {{(pid=108363) log_opt_values /opt/stack/data/venv/lib/python3.12/site-packages/oslo_config/cfg.py:3242}}
Jun 20 01:11:33.667156 np0000182341 devstack@n-api-meta.service[108363]: DEBUG nova.api.openstack.wsgi_app [None req-72b91f4e-445d-43a9-a6eb-470f87ea18c5 None None] log_rotation_type = none {{(pid=108363) log_opt_values /opt/stack/data/venv/lib/python3.12/site-packages/oslo_config/cfg.py:3242}}
Jun 20 01:11:33.667260 np0000182341 devstack@n-api-meta.service[108363]: DEBUG nova.api.openstack.wsgi_app [None req-72b91f4e-445d-43a9-a6eb-470f87ea18c5 None None] logging_context_format_string = %(color)s%(levelname)s %(name)s [%(global_request_id)s %(request_id)s %(project_name)s %(user_name)s%(color)s] %(instance)s%(color)s%(message)s {{(pid=108363) log_opt_values /opt/stack/data/venv/lib/python3.12/site-packages/oslo_config/cfg.py:3242}}
Jun 20 01:11:33.667387 np0000182341 devstack@n-api-meta.service[108363]: DEBUG nova.api.openstack.wsgi_app [None req-72b91f4e-445d-43a9-a6eb-470f87ea18c5 None None] logging_debug_format_suffix = {{(pid=%(process)d) %(funcName)s %(pathname)s:%(lineno)d}} {{(pid=108363) log_opt_values /opt/stack/data/venv/lib/python3.12/site-packages/oslo_config/cfg.py:3242}}
Jun 20 01:11:33.667512 np0000182341 devstack@n-api-meta.service[108363]: DEBUG nova.api.openstack.wsgi_app [None req-72b91f4e-445d-43a9-a6eb-470f87ea18c5 None None] logging_default_format_string = %(color)s%(levelname)s %(name)s [-%(color)s] %(instance)s%(color)s%(message)s {{(pid=108363) log_opt_values /opt/stack/data/venv/lib/python3.12/site-packages/oslo_config/cfg.py:3242}}
Jun 20 01:11:33.667643 np0000182341 devstack@n-api-meta.service[108363]: DEBUG nova.api.openstack.wsgi_app [None req-72b91f4e-445d-43a9-a6eb-470f87ea18c5 None None] logging_exception_prefix = ERROR %(name)s %(instance)s {{(pid=108363) log_opt_values /opt/stack/data/venv/lib/python3.12/site-packages/oslo_config/cfg.py:3242}}
Jun 20 01:11:33.667745 np0000182341 devstack@n-api-meta.service[108363]: DEBUG nova.api.openstack.wsgi_app [None req-72b91f4e-445d-43a9-a6eb-470f87ea18c5 None None] logging_user_identity_format = %(user)s %(project)s %(domain)s %(system_scope)s %(user_domain)s %(project_domain)s {{(pid=108363) log_opt_values /opt/stack/data/venv/lib/python3.12/site-packages/oslo_config/cfg.py:3242}}
