2026-07-01 08:44:25.015 8 INFO placement.requestlog [req-adc3885d-3f46-408c-a250-288c830c6b8d req-c0548aaf-6d8f-4a5f-a817-e73078b98b23 3a67f6e5107e49faa49da79b7ac05884 c6059abe33e64304a83e369009930c13 - - a4990410fa584cc393ee9292d37724f8 a4990410fa584cc393ee9292d37724f8] 199.19.213.107 "GET /allocations/e41ea11a-9663-4fc8-8169-92be8fa31f67" status: 200 len: 257 microversion: 1.28 [pid: 8|app: 0|req: 442/874] 199.19.213.107 () {34 vars in 863 bytes} [Wed Jul 1 08:44:25 2026] GET /allocations/e41ea11a-9663-4fc8-8169-92be8fa31f67 => generated 257 bytes in 14 msecs (HTTP/1.1 200) 8 headers in 296 bytes (1 switches on core 0)
2026-07-01 08:44:25.616 7 INFO placement.requestlog [None req-9369cbe8-9f40-4ebf-ae34-719c96d7426c 0fdd3dd0346f4050bcc7444cbe9703e7 c6059abe33e64304a83e369009930c13 - - a4990410fa584cc393ee9292d37724f8 a4990410fa584cc393ee9292d37724f8] 10.0.0.245 "GET /resource_providers/b3779466-e097-465d-9c2e-9a892e901718/aggregates" status: 404 len: 235 microversion: 1.1 [pid: 7|app: 0|req: 433/875] 10.0.0.245 () {32 vars in 816 bytes} [Wed Jul 1 08:44:25 2026] GET /resource_providers/b3779466-e097-465d-9c2e-9a892e901718/aggregates => generated 235 bytes in 9 msecs (HTTP/1.1 404) 5 headers in 202 bytes (1 switches on core 0)
2026-07-01 08:44:25.622 8 INFO placement.requestlog [None req-38cf6571-ae8d-4b22-bdfb-5da37a650ff8 0fdd3dd0346f4050bcc7444cbe9703e7 c6059abe33e64304a83e369009930c13 - - a4990410fa584cc393ee9292d37724f8 a4990410fa584cc393ee9292d37724f8] 10.0.0.245 "GET /resource_providers/b3779466-e097-465d-9c2e-9a892e901718/aggregates" status: 404 len: 235 microversion: 1.1 [pid: 8|app: 0|req: 443/876] 10.0.0.245 () {32 vars in 816 bytes} [Wed Jul 1 08:44:25 2026] GET /resource_providers/b3779466-e097-465d-9c2e-9a892e901718/aggregates => generated 235 bytes in 9 msecs (HTTP/1.1 404) 5 headers in 202 bytes (1 switches on core 0)
2026-07-01 08:44:25.642 7 INFO placement.requestlog [None req-225dad60-22b3-4ea5-9fbc-287c7da2ead1 0fdd3dd0346f4050bcc7444cbe9703e7 c6059abe33e64304a83e369009930c13 - - a4990410fa584cc393ee9292d37724f8 a4990410fa584cc393ee9292d37724f8] 10.0.0.245 "DELETE /resource_providers/b3779466-e097-465d-9c2e-9a892e901718" status: 404 len: 246 microversion: 1.1 [pid: 7|app: 0|req: 434/877] 10.0.0.245 () {34 vars in 816 bytes} [Wed Jul 1 08:44:25 2026] DELETE /resource_providers/b3779466-e097-465d-9c2e-9a892e901718 => generated 246 bytes in 10 msecs (HTTP/1.1 404) 6 headers in 231 bytes (1 switches on core 0)
2026-07-01 08:44:25.650 8 INFO placement.requestlog [None req-94d30290-47cb-4cb7-b9cf-da1b575718a2 0fdd3dd0346f4050bcc7444cbe9703e7 c6059abe33e64304a83e369009930c13 - - a4990410fa584cc393ee9292d37724f8 a4990410fa584cc393ee9292d37724f8] 10.0.0.245 "DELETE /resource_providers/b3779466-e097-465d-9c2e-9a892e901718" status: 404 len: 246 microversion: 1.1 [pid: 8|app: 0|req: 444/878] 10.0.0.245 () {34 vars in 816 bytes} [Wed Jul 1 08:44:25 2026] DELETE /resource_providers/b3779466-e097-465d-9c2e-9a892e901718 => generated 246 bytes in 11 msecs (HTTP/1.1 404) 6 headers in 231 bytes (1 switches on core 0)
2026-07-01 08:44:25.776 7 INFO placement.requestlog [None req-506ba644-521b-4db7-967c-719ec5b92c25 0fdd3dd0346f4050bcc7444cbe9703e7 c6059abe33e64304a83e369009930c13 - - a4990410fa584cc393ee9292d37724f8 a4990410fa584cc393ee9292d37724f8] 10.0.0.245 "GET /resource_providers/0d6f0139-3e9f-4d44-a300-9c87182f4886/aggregates" status: 404 len: 235 microversion: 1.1 [pid: 7|app: 0|req: 435/879] 10.0.0.245 () {32 vars in 816 bytes} [Wed Jul 1 08:44:25 2026] GET /resource_providers/0d6f0139-3e9f-4d44-a300-9c87182f4886/aggregates => generated 235 bytes in 15 msecs (HTTP/1.1 404) 5 headers in 202 bytes (1 switches on core 0)
2026-07-01 08:44:25.779 8 INFO placement.requestlog [None req-a36fc08f-e8e6-4a0a-b345-491d51cf4969 0fdd3dd0346f4050bcc7444cbe9703e7 c6059abe33e64304a83e369009930c13 - - a4990410fa584cc393ee9292d37724f8 a4990410fa584cc393ee9292d37724f8] 10.0.0.245 "GET /resource_providers/0d6f0139-3e9f-4d44-a300-9c87182f4886/aggregates" status: 404 len: 235 microversion: 1.1 [pid: 8|app: 0|req: 445/880] 10.0.0.245 () {32 vars in 816 bytes} [Wed Jul 1 08:44:25 2026] GET /resource_providers/0d6f0139-3e9f-4d44-a300-9c87182f4886/aggregates => generated 235 bytes in 14 msecs (HTTP/1.1 404) 5 headers in 202 bytes (1 switches on core 0)
2026-07-01 08:44:25.798 7 INFO placement.requestlog [None req-28fa1491-bf42-419c-a270-e757b0b0ee43 0fdd3dd0346f4050bcc7444cbe9703e7 c6059abe33e64304a83e369009930c13 - - a4990410fa584cc393ee9292d37724f8 a4990410fa584cc393ee9292d37724f8] 10.0.0.245 "DELETE /resource_providers/0d6f0139-3e9f-4d44-a300-9c87182f4886" status: 404 len: 246 microversion: 1.1 [pid: 7|app: 0|req: 436/881] 10.0.0.245 () {34 vars in 816 bytes} [Wed Jul 1 08:44:25 2026] DELETE /resource_providers/0d6f0139-3e9f-4d44-a300-9c87182f4886 => generated 246 bytes in 11 msecs (HTTP/1.1 404) 6 headers in 231 bytes (1 switches on core 0)
2026-07-01 08:44:25.800 8 INFO placement.requestlog [None req-f7badc14-3742-4614-b8eb-5641292f681f 0fdd3dd0346f4050bcc7444cbe9703e7 c6059abe33e64304a83e369009930c13 - - a4990410fa584cc393ee9292d37724f8 a4990410fa584cc393ee9292d37724f8] 10.0.0.245 "DELETE /resource_providers/0d6f0139-3e9f-4d44-a300-9c87182f4886" status: 404 len: 246 microversion: 1.1 [pid: 8|app: 0|req: 446/882] 10.0.0.245 () {34 vars in 816 bytes} [Wed Jul 1 08:44:25 2026] DELETE /resource_providers/0d6f0139-3e9f-4d44-a300-9c87182f4886 => generated 246 bytes in 12 msecs (HTTP/1.1 404) 6 headers in 231 bytes (1 switches on core 0)
2026-07-01 08:44:26.077 7 INFO placement.requestlog [req-adc3885d-3f46-408c-a250-288c830c6b8d req-9128cb44-4c0b-40c2-b791-79a58cd75a1b 3a67f6e5107e49faa49da79b7ac05884 c6059abe33e64304a83e369009930c13 - - a4990410fa584cc393ee9292d37724f8 a4990410fa584cc393ee9292d37724f8] 199.19.213.107 "DELETE /allocations/95824f4e-257b-4612-b463-1752ae75e8fe" status: 204 len: 0 microversion: 1.0 [pid: 7|app: 0|req: 437/883] 199.19.213.107 () {34 vars in 841 bytes} [Wed Jul 1 08:44:26 2026] DELETE /allocations/95824f4e-257b-4612-b463-1752ae75e8fe => generated 0 bytes in 31 msecs (HTTP/1.1 204) 5 headers in 198 bytes (1 switches on core 0)
2026-07-01 08:44:27.821 7 INFO placement.requestlog [None req-71ca182e-59f2-4c56-beb2-5ad133908e9b 0fdd3dd0346f4050bcc7444cbe9703e7 c6059abe33e64304a83e369009930c13 - - a4990410fa584cc393ee9292d37724f8 a4990410fa584cc393ee9292d37724f8] 10.0.0.245 "GET /resource_providers/4d032f4a-b73d-4aab-826f-b7375532f935/aggregates" status: 404 len: 235 microversion: 1.1
2026-07-01 08:44:27.821 8 INFO placement.requestlog [None req-b675cf11-59d7-4b63-a69a-5ddab522cb6c 0fdd3dd0346f4050bcc7444cbe9703e7 c6059abe33e64304a83e369009930c13 - - a4990410fa584cc393ee9292d37724f8 a4990410fa584cc393ee9292d37724f8] 10.0.0.245 "GET /resource_providers/4d032f4a-b73d-4aab-826f-b7375532f935/aggregates" status: 404 len: 235 microversion: 1.1 [pid: 7|app: 0|req: 438/884] 10.0.0.245 () {32 vars in 816 bytes} [Wed Jul 1 08:44:27 2026] GET /resource_providers/4d032f4a-b73d-4aab-826f-b7375532f935/aggregates => generated 235 bytes in 9 msecs (HTTP/1.1 404) 5 headers in 202 bytes (1 switches on core 0) [pid: 8|app: 0|req: 447/885] 10.0.0.245 () {32 vars in 816 bytes} [Wed Jul 1 08:44:27 2026] GET /resource_providers/4d032f4a-b73d-4aab-826f-b7375532f935/aggregates => generated 235 bytes in 10 msecs (HTTP/1.1 404) 5 headers in 202 bytes (1 switches on core 0)
2026-07-01 08:44:27.844 7 INFO placement.requestlog [None req-e1288b2d-5b5f-4484-aa60-0e18ddfc78df 0fdd3dd0346f4050bcc7444cbe9703e7 c6059abe33e64304a83e369009930c13 - - a4990410fa584cc393ee9292d37724f8 a4990410fa584cc393ee9292d37724f8] 10.0.0.245 "DELETE /resource_providers/4d032f4a-b73d-4aab-826f-b7375532f935" status: 404 len: 246 microversion: 1.1
2026-07-01 08:44:27.844 8 INFO placement.requestlog [None req-a503153c-356d-44ae-a060-c084522237c5 0fdd3dd0346f4050bcc7444cbe9703e7 c6059abe33e64304a83e369009930c13 - - a4990410fa584cc393ee9292d37724f8 a4990410fa584cc393ee9292d37724f8] 10.0.0.245 "DELETE /resource_providers/4d032f4a-b73d-4aab-826f-b7375532f935" status: 404 len: 246 microversion: 1.1 [pid: 7|app: 0|req: 439/886] 10.0.0.245 () {34 vars in 816 bytes} [Wed Jul 1 08:44:27 2026] DELETE /resource_providers/4d032f4a-b73d-4aab-826f-b7375532f935 => generated 246 bytes in 9 msecs (HTTP/1.1 404) 6 headers in 231 bytes (1 switches on core 0) [pid: 8|app: 0|req: 448/887] 10.0.0.245 () {34 vars in 816 bytes} [Wed Jul 1 08:44:27 2026] DELETE /resource_providers/4d032f4a-b73d-4aab-826f-b7375532f935 => generated 246 bytes in 9 msecs (HTTP/1.1 404) 6 headers in 231 bytes (1 switches on core 0)
2026-07-01 08:44:30.404 7 INFO placement.requestlog [None req-5df9cbcb-df18-44d7-95e9-21f58c4fba7f 0fdd3dd0346f4050bcc7444cbe9703e7 c6059abe33e64304a83e369009930c13 - - a4990410fa584cc393ee9292d37724f8 a4990410fa584cc393ee9292d37724f8] 10.0.0.245 "GET /resource_providers/6d46ffea-2c7b-4340-93ef-239c194fbcf2/aggregates" status: 404 len: 235 microversion: 1.1 [pid: 7|app: 0|req: 440/888] 10.0.0.245 () {32 vars in 816 bytes} [Wed Jul 1 08:44:30 2026] GET /resource_providers/6d46ffea-2c7b-4340-93ef-239c194fbcf2/aggregates => generated 235 bytes in 9 msecs (HTTP/1.1 404) 5 headers in 202 bytes (1 switches on core 0)
2026-07-01 08:44:30.407 8 INFO placement.requestlog [None req-7fa23641-5d83-4aa3-8403-86eb36f374fc 0fdd3dd0346f4050bcc7444cbe9703e7 c6059abe33e64304a83e369009930c13 - - a4990410fa584cc393ee9292d37724f8 a4990410fa584cc393ee9292d37724f8] 10.0.0.245 "GET /resource_providers/6d46ffea-2c7b-4340-93ef-239c194fbcf2/aggregates" status: 404 len: 235 microversion: 1.1 [pid: 8|app: 0|req: 449/889] 10.0.0.245 () {32 vars in 816 bytes} [Wed Jul 1 08:44:30 2026] GET /resource_providers/6d46ffea-2c7b-4340-93ef-239c194fbcf2/aggregates => generated 235 bytes in 14 msecs (HTTP/1.1 404) 5 headers in 202 bytes (1 switches on core 0)
2026-07-01 08:44:30.442 8 INFO placement.requestlog [None req-f7c57150-60c0-4531-97a0-83fe1469cf94 0fdd3dd0346f4050bcc7444cbe9703e7 c6059abe33e64304a83e369009930c13 - - a4990410fa584cc393ee9292d37724f8 a4990410fa584cc393ee9292d37724f8] 10.0.0.245 "DELETE /resource_providers/6d46ffea-2c7b-4340-93ef-239c194fbcf2" status: 404 len: 246 microversion: 1.1 [pid: 8|app: 0|req: 450/890] 10.0.0.245 () {34 vars in 816 bytes} [Wed Jul 1 08:44:30 2026] DELETE /resource_providers/6d46ffea-2c7b-4340-93ef-239c194fbcf2 => generated 246 bytes in 13 msecs (HTTP/1.1 404) 6 headers in 231 bytes (1 switches on core 0)
2026-07-01 08:44:30.443 7 INFO placement.requestlog [None req-6c577b29-c0d7-4ece-9f2f-b13141f5138d 0fdd3dd0346f4050bcc7444cbe9703e7 c6059abe33e64304a83e369009930c13 - - a4990410fa584cc393ee9292d37724f8 a4990410fa584cc393ee9292d37724f8] 10.0.0.245 "DELETE /resource_providers/6d46ffea-2c7b-4340-93ef-239c194fbcf2" status: 404 len: 246 microversion: 1.1 [pid: 7|app: 0|req: 441/891] 10.0.0.245 () {34 vars in 816 bytes} [Wed Jul 1 08:44:30 2026] DELETE /resource_providers/6d46ffea-2c7b-4340-93ef-239c194fbcf2 => generated 246 bytes in 20 msecs (HTTP/1.1 404) 6 headers in 231 bytes (1 switches on core 0)
2026-07-01 08:44:31.523 8 INFO placement.requestlog [None req-1fba5889-590e-4000-b258-3d0a66bc6794 0fdd3dd0346f4050bcc7444cbe9703e7 c6059abe33e64304a83e369009930c13 - - a4990410fa584cc393ee9292d37724f8 a4990410fa584cc393ee9292d37724f8] 10.0.0.245 "GET /resource_providers/2c2576f0-b1b8-4de0-8c3c-563c1d696cae/aggregates" status: 404 len: 235 microversion: 1.1 [pid: 8|app: 0|req: 451/892] 10.0.0.245 () {32 vars in 816 bytes} [Wed Jul 1 08:44:31 2026] GET /resource_providers/2c2576f0-b1b8-4de0-8c3c-563c1d696cae/aggregates => generated 235 bytes in 8 msecs (HTTP/1.1 404) 5 headers in 202 bytes (1 switches on core 0)
2026-07-01 08:44:31.525 7 INFO placement.requestlog [None req-66cacb0e-d18a-40d1-9059-5035a84d0785 0fdd3dd0346f4050bcc7444cbe9703e7 c6059abe33e64304a83e369009930c13 - - a4990410fa584cc393ee9292d37724f8 a4990410fa584cc393ee9292d37724f8] 10.0.0.245 "GET /resource_providers/2c2576f0-b1b8-4de0-8c3c-563c1d696cae/aggregates" status: 404 len: 235 microversion: 1.1 [pid: 7|app: 0|req: 442/893] 10.0.0.245 () {32 vars in 816 bytes} [Wed Jul 1 08:44:31 2026] GET /resource_providers/2c2576f0-b1b8-4de0-8c3c-563c1d696cae/aggregates => generated 235 bytes in 9 msecs (HTTP/1.1 404) 5 headers in 202 bytes (1 switches on core 0)
2026-07-01 08:44:31.550 7 INFO placement.requestlog [None req-af7b83ca-d76e-476f-8233-cf5636cba8f5 0fdd3dd0346f4050bcc7444cbe9703e7 c6059abe33e64304a83e369009930c13 - - a4990410fa584cc393ee9292d37724f8 a4990410fa584cc393ee9292d37724f8] 10.0.0.245 "DELETE /resource_providers/2c2576f0-b1b8-4de0-8c3c-563c1d696cae" status: 404 len: 246 microversion: 1.1 [pid: 7|app: 0|req: 443/894] 10.0.0.245 () {34 vars in 816 bytes} [Wed Jul 1 08:44:31 2026] DELETE /resource_providers/2c2576f0-b1b8-4de0-8c3c-563c1d696cae => generated 246 bytes in 7 msecs (HTTP/1.1 404) 6 headers in 231 bytes (1 switches on core 0)
2026-07-01 08:44:31.554 8 INFO placement.requestlog [None req-92914e2a-3c70-4258-a9d9-d1b5764ab392 0fdd3dd0346f4050bcc7444cbe9703e7 c6059abe33e64304a83e369009930c13 - - a4990410fa584cc393ee9292d37724f8 a4990410fa584cc393ee9292d37724f8] 10.0.0.245 "DELETE /resource_providers/2c2576f0-b1b8-4de0-8c3c-563c1d696cae" status: 404 len: 246 microversion: 1.1 [pid: 8|app: 0|req: 452/895] 10.0.0.245 () {34 vars in 816 bytes} [Wed Jul 1 08:44:31 2026] DELETE /resource_providers/2c2576f0-b1b8-4de0-8c3c-563c1d696cae => generated 246 bytes in 11 msecs (HTTP/1.1 404) 6 headers in 231 bytes (1 switches on core 0)
2026-07-01 08:44:34.474 8 INFO placement.requestlog [None req-23330dec-c4d6-4af6-a25a-f12b2974c4f7 - - - - - -] 10.0.0.154 "GET /" status: 200 len: 136 microversion: 1.0
2026-07-01 08:44:34.475 7 INFO placement.requestlog [None req-ba9ec8ad-f365-4f6e-b6ff-fcae0c9abb6a - - - - - -] 10.0.0.154 "GET /" status: 200 len: 136 microversion: 1.0
2026-07-01 08:44:41.592 8 INFO placement.requestlog [req-420fca62-5cac-47a9-9ebf-ed7931ba1d34 req-e775aa3c-2669-47de-9dc9-9c13a4a23cdc 3a67f6e5107e49faa49da79b7ac05884 c6059abe33e64304a83e369009930c13 - - a4990410fa584cc393ee9292d37724f8 a4990410fa584cc393ee9292d37724f8] 10.0.0.60 "GET /allocation_candidates?limit=1000&resources=DISK_GB%3A1%2CMEMORY_MB%3A512%2CVCPU%3A1&root_required=%21COMPUTE_STATUS_DISABLED" status: 200 len: 2642 microversion: 1.36 [pid: 8|app: 0|req: 454/898] 10.0.0.60 () {34 vars in 1011 bytes} [Wed Jul 1 08:44:41 2026] GET /allocation_candidates?limit=1000&resources=DISK_GB%3A1%2CMEMORY_MB%3A512%2CVCPU%3A1&root_required=%21COMPUTE_STATUS_DISABLED => generated 2642 bytes in 45 msecs (HTTP/1.1 200) 8 headers in 297 bytes (1 switches on core 0)
2026-07-01 08:44:41.620 7 INFO placement.requestlog [req-420fca62-5cac-47a9-9ebf-ed7931ba1d34 req-e9f11fd4-bc52-48a3-ac67-7085380c804e 3a67f6e5107e49faa49da79b7ac05884 c6059abe33e64304a83e369009930c13 - - a4990410fa584cc393ee9292d37724f8 a4990410fa584cc393ee9292d37724f8] 10.0.0.60 "GET /allocations/12978f9f-17d3-4ffe-bc0b-cd0cfffbe90b" status: 200 len: 19 microversion: 1.28 [pid: 7|app: 0|req: 445/899] 10.0.0.60 () {34 vars in 860 bytes} [Wed Jul 1 08:44:41 2026] GET /allocations/12978f9f-17d3-4ffe-bc0b-cd0cfffbe90b => generated 19 bytes in 10 msecs (HTTP/1.1 200) 8 headers in 295 bytes (1 switches on core 0)
2026-07-01 08:44:41.686 8 INFO placement.requestlog [req-420fca62-5cac-47a9-9ebf-ed7931ba1d34 req-eea543f6-2235-46c2-8919-5b62759ba9a8 3a67f6e5107e49faa49da79b7ac05884 c6059abe33e64304a83e369009930c13 - - a4990410fa584cc393ee9292d37724f8 a4990410fa584cc393ee9292d37724f8] 10.0.0.60 "PUT /allocations/12978f9f-17d3-4ffe-bc0b-cd0cfffbe90b" status: 204 len: 0 microversion: 1.36 [pid: 8|app: 0|req: 455/900] 10.0.0.60 () {38 vars in 913 bytes} [Wed Jul 1 08:44:41 2026] PUT /allocations/12978f9f-17d3-4ffe-bc0b-cd0cfffbe90b => generated 0 bytes in 59 msecs (HTTP/1.1 204) 5 headers in 199 bytes (1 switches on core 0)
2026-07-01 08:44:43.207 7 INFO placement.requestlog [req-420fca62-5cac-47a9-9ebf-ed7931ba1d34 req-aab476c6-f5ef-4ae5-add2-646e2f598314 3a67f6e5107e49faa49da79b7ac05884 c6059abe33e64304a83e369009930c13 - - a4990410fa584cc393ee9292d37724f8 a4990410fa584cc393ee9292d37724f8] 199.19.213.107 "GET /allocations/12978f9f-17d3-4ffe-bc0b-cd0cfffbe90b" status: 200 len: 257 microversion: 1.28 [pid: 7|app: 0|req: 446/901] 199.19.213.107 () {34 vars in 863 bytes} [Wed Jul 1 08:44:43 2026] GET /allocations/12978f9f-17d3-4ffe-bc0b-cd0cfffbe90b => generated 257 bytes in 13 msecs (HTTP/1.1 200) 8 headers in 296 bytes (1 switches on core 0)
2026-07-01 08:44:44.249 8 INFO placement.requestlog [req-420fca62-5cac-47a9-9ebf-ed7931ba1d34 req-7399e48a-659e-4b73-bb9c-3c04a2ef9774 3a67f6e5107e49faa49da79b7ac05884 c6059abe33e64304a83e369009930c13 - - a4990410fa584cc393ee9292d37724f8 a4990410fa584cc393ee9292d37724f8] 199.19.213.107 "GET /resource_providers/7f8a558e-87c5-4fc5-9d3b-bed181d8136a/allocations" status: 200 len: 252 microversion: 1.0 [pid: 8|app: 0|req: 456/902] 199.19.213.107 () {32 vars in 857 bytes} [Wed Jul 1 08:44:44 2026] GET /resource_providers/7f8a558e-87c5-4fc5-9d3b-bed181d8136a/allocations => generated 252 bytes in 16 msecs (HTTP/1.1 200) 6 headers in 224 bytes (1 switches on core 0)
2026-07-01 08:44:44.269 7 INFO placement.requestlog [req-420fca62-5cac-47a9-9ebf-ed7931ba1d34 req-6a1994bd-cc33-49d3-9c0a-4b528791f600 3a67f6e5107e49faa49da79b7ac05884 c6059abe33e64304a83e369009930c13 - - a4990410fa584cc393ee9292d37724f8 a4990410fa584cc393ee9292d37724f8] 199.19.213.107 "GET /allocations/12978f9f-17d3-4ffe-bc0b-cd0cfffbe90b" status: 200 len: 257 microversion: 1.28 [pid: 7|app: 0|req: 447/903] 199.19.213.107 () {34 vars in 863 bytes} [Wed Jul 1 08:44:44 2026] GET /allocations/12978f9f-17d3-4ffe-bc0b-cd0cfffbe90b => generated 257 bytes in 13 msecs (HTTP/1.1 200) 8 headers in 296 bytes (1 switches on core 0)
2026-07-01 08:44:44.285 8 INFO placement.requestlog [req-420fca62-5cac-47a9-9ebf-ed7931ba1d34 req-8e9f8e46-b4a2-45a4-b9a9-5cd7f9a311c5 3a67f6e5107e49faa49da79b7ac05884 c6059abe33e64304a83e369009930c13 - - a4990410fa584cc393ee9292d37724f8 a4990410fa584cc393ee9292d37724f8] 199.19.213.107 "GET /allocations/e41ea11a-9663-4fc8-8169-92be8fa31f67" status: 200 len: 257 microversion: 1.28 [pid: 8|app: 0|req: 457/904] 199.19.213.107 () {34 vars in 863 bytes} [Wed Jul 1 08:44:44 2026] GET /allocations/e41ea11a-9663-4fc8-8169-92be8fa31f67 => generated 257 bytes in 11 msecs (HTTP/1.1 200) 8 headers in 296 bytes (1 switches on core 0)
2026-07-01 08:44:44.474 8 INFO placement.requestlog [None req-75c04d22-a8b7-452c-814a-1391eb461a34 - - - - - -] 10.0.0.154 "GET /" status: 200 len: 136 microversion: 1.0
2026-07-01 08:44:44.476 7 INFO placement.requestlog [None req-1a964752-a658-4960-84bc-a37fe4814042 - - - - - -] 10.0.0.154 "GET /" status: 200 len: 136 microversion: 1.0
2026-07-01 08:44:47.716 8 INFO placement.requestlog [req-83af7ad2-9849-4b28-8849-2231b1628ad8 req-7e46f042-bf45-4d35-8f92-d5a48d9647fe 3a67f6e5107e49faa49da79b7ac05884 c6059abe33e64304a83e369009930c13 - - a4990410fa584cc393ee9292d37724f8 a4990410fa584cc393ee9292d37724f8] 10.0.0.60 "GET /allocation_candidates?limit=1000&resources=DISK_GB%3A1%2CMEMORY_MB%3A512%2CVCPU%3A1&root_required=%21COMPUTE_STATUS_DISABLED" status: 200 len: 2643 microversion: 1.36 [pid: 8|app: 0|req: 459/907] 10.0.0.60 () {34 vars in 1011 bytes} [Wed Jul 1 08:44:47 2026] GET /allocation_candidates?limit=1000&resources=DISK_GB%3A1%2CMEMORY_MB%3A512%2CVCPU%3A1&root_required=%21COMPUTE_STATUS_DISABLED => generated 2643 bytes in 43 msecs (HTTP/1.1 200) 8 headers in 297 bytes (1 switches on core 0)
2026-07-01 08:44:47.743 7 INFO placement.requestlog [req-83af7ad2-9849-4b28-8849-2231b1628ad8 req-ed68239e-5acf-48da-aca3-702105c1fa5f 3a67f6e5107e49faa49da79b7ac05884 c6059abe33e64304a83e369009930c13 - - a4990410fa584cc393ee9292d37724f8 a4990410fa584cc393ee9292d37724f8] 10.0.0.60 "GET /allocations/153e2951-1a89-4479-b599-70b435174ebb" status: 200 len: 19 microversion: 1.28 [pid: 7|app: 0|req: 449/908] 10.0.0.60 () {34 vars in 860 bytes} [Wed Jul 1 08:44:47 2026] GET /allocations/153e2951-1a89-4479-b599-70b435174ebb => generated 19 bytes in 11 msecs (HTTP/1.1 200) 8 headers in 295 bytes (1 switches on core 0)
2026-07-01 08:44:47.821 8 INFO placement.requestlog [req-83af7ad2-9849-4b28-8849-2231b1628ad8 req-212d3763-c891-4e50-9625-1fbc898e467a 3a67f6e5107e49faa49da79b7ac05884 c6059abe33e64304a83e369009930c13 - - a4990410fa584cc393ee9292d37724f8 a4990410fa584cc393ee9292d37724f8] 10.0.0.60 "PUT /allocations/153e2951-1a89-4479-b599-70b435174ebb" status: 204 len: 0 microversion: 1.36 [pid: 8|app: 0|req: 460/909] 10.0.0.60 () {38 vars in 913 bytes} [Wed Jul 1 08:44:47 2026] PUT /allocations/153e2951-1a89-4479-b599-70b435174ebb => generated 0 bytes in 73 msecs (HTTP/1.1 204) 5 headers in 199 bytes (1 switches on core 0)
2026-07-01 08:44:49.326 7 INFO placement.requestlog [req-83af7ad2-9849-4b28-8849-2231b1628ad8 req-b68774b4-0a55-41f6-ba8e-22ab76d1e2e8 3a67f6e5107e49faa49da79b7ac05884 c6059abe33e64304a83e369009930c13 - - a4990410fa584cc393ee9292d37724f8 a4990410fa584cc393ee9292d37724f8] 199.19.213.107 "GET /allocations/153e2951-1a89-4479-b599-70b435174ebb" status: 200 len: 258 microversion: 1.28 [pid: 7|app: 0|req: 450/910] 199.19.213.107 () {34 vars in 863 bytes} [Wed Jul 1 08:44:49 2026] GET /allocations/153e2951-1a89-4479-b599-70b435174ebb => generated 258 bytes in 10 msecs (HTTP/1.1 200) 8 headers in 296 bytes (1 switches on core 0)
2026-07-01 08:44:50.372 8 INFO placement.requestlog [req-83af7ad2-9849-4b28-8849-2231b1628ad8 req-954a61f0-e537-4901-9c13-77a39d2252fc 3a67f6e5107e49faa49da79b7ac05884 c6059abe33e64304a83e369009930c13 - - a4990410fa584cc393ee9292d37724f8 a4990410fa584cc393ee9292d37724f8] 199.19.213.107 "GET /resource_providers/7f8a558e-87c5-4fc5-9d3b-bed181d8136a/allocations" status: 200 len: 353 microversion: 1.0 [pid: 8|app: 0|req: 461/911] 199.19.213.107 () {32 vars in 857 bytes} [Wed Jul 1 08:44:50 2026] GET /resource_providers/7f8a558e-87c5-4fc5-9d3b-bed181d8136a/allocations => generated 353 bytes in 24 msecs (HTTP/1.1 200) 6 headers in 224 bytes (1 switches on core 0)
2026-07-01 08:44:50.396 7 INFO placement.requestlog [req-83af7ad2-9849-4b28-8849-2231b1628ad8 req-1dd05e82-57dd-46e4-b03c-94a96ebe2318 3a67f6e5107e49faa49da79b7ac05884 c6059abe33e64304a83e369009930c13 - - a4990410fa584cc393ee9292d37724f8 a4990410fa584cc393ee9292d37724f8] 199.19.213.107 "GET /allocations/12978f9f-17d3-4ffe-bc0b-cd0cfffbe90b" status: 200 len: 258 microversion: 1.28 [pid: 7|app: 0|req: 451/912] 199.19.213.107 () {34 vars in 863 bytes} [Wed Jul 1 08:44:50 2026] GET /allocations/12978f9f-17d3-4ffe-bc0b-cd0cfffbe90b => generated 258 bytes in 17 msecs (HTTP/1.1 200) 8 headers in 296 bytes (1 switches on core 0)
2026-07-01 08:44:50.418 8 INFO placement.requestlog [req-83af7ad2-9849-4b28-8849-2231b1628ad8 req-261bbff6-ca49-4683-82a5-bc1815086238 3a67f6e5107e49faa49da79b7ac05884 c6059abe33e64304a83e369009930c13 - - a4990410fa584cc393ee9292d37724f8 a4990410fa584cc393ee9292d37724f8] 199.19.213.107 "GET /allocations/e41ea11a-9663-4fc8-8169-92be8fa31f67" status: 200 len: 258 microversion: 1.28 [pid: 8|app: 0|req: 462/913] 199.19.213.107 () {34 vars in 863 bytes} [Wed Jul 1 08:44:50 2026] GET /allocations/e41ea11a-9663-4fc8-8169-92be8fa31f67 => generated 258 bytes in 16 msecs (HTTP/1.1 200) 8 headers in 296 bytes (1 switches on core 0)
2026-07-01 08:44:50.437 7 INFO placement.requestlog [req-83af7ad2-9849-4b28-8849-2231b1628ad8 req-b4ec2cd0-8b34-436a-8144-c371ef16e91d 3a67f6e5107e49faa49da79b7ac05884 c6059abe33e64304a83e369009930c13 - - a4990410fa584cc393ee9292d37724f8 a4990410fa584cc393ee9292d37724f8] 199.19.213.107 "GET /allocations/153e2951-1a89-4479-b599-70b435174ebb" status: 200 len: 258 microversion: 1.28 [pid: 7|app: 0|req: 452/914] 199.19.213.107 () {34 vars in 863 bytes} [Wed Jul 1 08:44:50 2026] GET /allocations/153e2951-1a89-4479-b599-70b435174ebb => generated 258 bytes in 13 msecs (HTTP/1.1 200) 8 headers in 296 bytes (1 switches on core 0)
2026-07-01 08:44:51.489 8 INFO placement.requestlog [req-d2a8747e-47a6-4949-9e07-91042d19b0d9 req-a292afce-ea70-4116-8103-8030fdbb2157 3a67f6e5107e49faa49da79b7ac05884 c6059abe33e64304a83e369009930c13 - - a4990410fa584cc393ee9292d37724f8 a4990410fa584cc393ee9292d37724f8] 199.19.213.107 "GET /resource_providers/7f8a558e-87c5-4fc5-9d3b-bed181d8136a/allocations" status: 200 len: 353 microversion: 1.0 [pid: 8|app: 0|req: 463/915] 199.19.213.107 () {32 vars in 857 bytes} [Wed Jul 1 08:44:51 2026] GET /resource_providers/7f8a558e-87c5-4fc5-9d3b-bed181d8136a/allocations => generated 353 bytes in 20 msecs (HTTP/1.1 200) 6 headers in 224 bytes (1 switches on core 0)
2026-07-01 08:44:51.509 7 INFO placement.requestlog [req-d2a8747e-47a6-4949-9e07-91042d19b0d9 req-6f25a376-a435-4885-b33b-716a2b607c02 3a67f6e5107e49faa49da79b7ac05884 c6059abe33e64304a83e369009930c13 - - a4990410fa584cc393ee9292d37724f8 a4990410fa584cc393ee9292d37724f8] 199.19.213.107 "GET /allocations/12978f9f-17d3-4ffe-bc0b-cd0cfffbe90b" status: 200 len: 258 microversion: 1.28 [pid: 7|app: 0|req: 453/916] 199.19.213.107 () {34 vars in 863 bytes} [Wed Jul 1 08:44:51 2026] GET /allocations/12978f9f-17d3-4ffe-bc0b-cd0cfffbe90b => generated 258 bytes in 13 msecs (HTTP/1.1 200) 8 headers in 296 bytes (1 switches on core 0)
2026-07-01 08:44:51.525 8 INFO placement.requestlog [req-d2a8747e-47a6-4949-9e07-91042d19b0d9 req-56748bd6-f19d-43af-8908-f15c7f6a9672 3a67f6e5107e49faa49da79b7ac05884 c6059abe33e64304a83e369009930c13 - - a4990410fa584cc393ee9292d37724f8 a4990410fa584cc393ee9292d37724f8] 199.19.213.107 "GET /allocations/e41ea11a-9663-4fc8-8169-92be8fa31f67" status: 200 len: 258 microversion: 1.28 [pid: 8|app: 0|req: 464/917] 199.19.213.107 () {34 vars in 863 bytes} [Wed Jul 1 08:44:51 2026] GET /allocations/e41ea11a-9663-4fc8-8169-92be8fa31f67 => generated 258 bytes in 11 msecs (HTTP/1.1 200) 8 headers in 296 bytes (1 switches on core 0)
2026-07-01 08:44:51.543 7 INFO placement.requestlog [req-d2a8747e-47a6-4949-9e07-91042d19b0d9 req-73bf0340-21ad-490c-bc0f-f048117dcc2f 3a67f6e5107e49faa49da79b7ac05884 c6059abe33e64304a83e369009930c13 - - a4990410fa584cc393ee9292d37724f8 a4990410fa584cc393ee9292d37724f8] 199.19.213.107 "GET /allocations/153e2951-1a89-4479-b599-70b435174ebb" status: 200 len: 258 microversion: 1.28 [pid: 7|app: 0|req: 454/918] 199.19.213.107 () {34 vars in 863 bytes} [Wed Jul 1 08:44:51 2026] GET /allocations/153e2951-1a89-4479-b599-70b435174ebb => generated 258 bytes in 12 msecs (HTTP/1.1 200) 8 headers in 296 bytes (1 switches on core 0)
2026-07-01 08:44:52.598 8 INFO placement.requestlog [req-d2a8747e-47a6-4949-9e07-91042d19b0d9 req-e44f572f-777a-44c5-9620-77355a802597 3a67f6e5107e49faa49da79b7ac05884 c6059abe33e64304a83e369009930c13 - - a4990410fa584cc393ee9292d37724f8 a4990410fa584cc393ee9292d37724f8] 199.19.213.107 "DELETE /allocations/e41ea11a-9663-4fc8-8169-92be8fa31f67" status: 204 len: 0 microversion: 1.0 [pid: 8|app: 0|req: 465/919] 199.19.213.107 () {34 vars in 841 bytes} [Wed Jul 1 08:44:52 2026] DELETE /allocations/e41ea11a-9663-4fc8-8169-92be8fa31f67 => generated 0 bytes in 27 msecs (HTTP/1.1 204) 5 headers in 198 bytes (1 switches on core 0)
2026-07-01 08:44:54.473 8 INFO placement.requestlog [None req-501595f7-5863-496a-835a-ebcf72b736cf - - - - - -] 10.0.0.154 "GET /" status: 200 len: 136 microversion: 1.0
2026-07-01 08:44:54.473 7 INFO placement.requestlog [None req-072e7fcd-70d1-432e-bdfd-f844ed791a14 - - - - - -] 10.0.0.154 "GET /" status: 200 len: 136 microversion: 1.0
2026-07-01 08:44:56.653 8 INFO placement.requestlog [None req-995f4256-c02a-4416-a0ca-271a51a0b35f 0fdd3dd0346f4050bcc7444cbe9703e7 c6059abe33e64304a83e369009930c13 - - a4990410fa584cc393ee9292d37724f8 a4990410fa584cc393ee9292d37724f8] 10.0.0.245 "GET /resource_providers/d722bf0b-32b4-49a0-9c2c-2c24e1966eb3/aggregates" status: 404 len: 235 microversion: 1.1 [pid: 8|app: 0|req: 467/922] 10.0.0.245 () {32 vars in 816 bytes} [Wed Jul 1 08:44:56 2026] GET /resource_providers/d722bf0b-32b4-49a0-9c2c-2c24e1966eb3/aggregates => generated 235 bytes in 10 msecs (HTTP/1.1 404) 5 headers in 202 bytes (1 switches on core 0)
2026-07-01 08:44:56.666 7 INFO placement.requestlog [None req-476be1de-52d5-4343-9e4c-1e102da66fee 0fdd3dd0346f4050bcc7444cbe9703e7 c6059abe33e64304a83e369009930c13 - - a4990410fa584cc393ee9292d37724f8 a4990410fa584cc393ee9292d37724f8] 10.0.0.245 "GET /resource_providers/d722bf0b-32b4-49a0-9c2c-2c24e1966eb3/aggregates" status: 404 len: 235 microversion: 1.1 [pid: 7|app: 0|req: 456/923] 10.0.0.245 () {32 vars in 816 bytes} [Wed Jul 1 08:44:56 2026] GET /resource_providers/d722bf0b-32b4-49a0-9c2c-2c24e1966eb3/aggregates => generated 235 bytes in 13 msecs (HTTP/1.1 404) 5 headers in 202 bytes (1 switches on core 0)
2026-07-01 08:44:56.679 8 INFO placement.requestlog [None req-7ce083ff-bba8-4e11-b0a1-0358f58458c4 0fdd3dd0346f4050bcc7444cbe9703e7 c6059abe33e64304a83e369009930c13 - - a4990410fa584cc393ee9292d37724f8 a4990410fa584cc393ee9292d37724f8] 10.0.0.245 "DELETE /resource_providers/d722bf0b-32b4-49a0-9c2c-2c24e1966eb3" status: 404 len: 246 microversion: 1.1 [pid: 8|app: 0|req: 468/924] 10.0.0.245 () {34 vars in 816 bytes} [Wed Jul 1 08:44:56 2026] DELETE /resource_providers/d722bf0b-32b4-49a0-9c2c-2c24e1966eb3 => generated 246 bytes in 14 msecs (HTTP/1.1 404) 6 headers in 231 bytes (1 switches on core 0)
2026-07-01 08:44:56.687 7 INFO placement.requestlog [None req-e304b68e-1bde-4dcd-b8a2-e813a44fbbd5 0fdd3dd0346f4050bcc7444cbe9703e7 c6059abe33e64304a83e369009930c13 - - a4990410fa584cc393ee9292d37724f8 a4990410fa584cc393ee9292d37724f8] 10.0.0.245 "DELETE /resource_providers/d722bf0b-32b4-49a0-9c2c-2c24e1966eb3" status: 404 len: 246 microversion: 1.1 [pid: 7|app: 0|req: 457/925] 10.0.0.245 () {34 vars in 816 bytes} [Wed Jul 1 08:44:56 2026] DELETE /resource_providers/d722bf0b-32b4-49a0-9c2c-2c24e1966eb3 => generated 246 bytes in 11 msecs (HTTP/1.1 404) 6 headers in 231 bytes (1 switches on core 0)
2026-07-01 08:44:58.257 8 INFO placement.requestlog [req-de37331b-5615-4bcb-8b4b-07c40db785dc req-4cef4421-5278-45de-986b-01f019e1e3f4 3a67f6e5107e49faa49da79b7ac05884 c6059abe33e64304a83e369009930c13 - - a4990410fa584cc393ee9292d37724f8 a4990410fa584cc393ee9292d37724f8] 199.19.213.107 "GET /resource_providers/7f8a558e-87c5-4fc5-9d3b-bed181d8136a/allocations" status: 200 len: 253 microversion: 1.0 [pid: 8|app: 0|req: 469/926] 199.19.213.107 () {32 vars in 857 bytes} [Wed Jul 1 08:44:58 2026] GET /resource_providers/7f8a558e-87c5-4fc5-9d3b-bed181d8136a/allocations => generated 253 bytes in 28 msecs (HTTP/1.1 200) 6 headers in 224 bytes (1 switches on core 0)
2026-07-01 08:44:58.287 7 INFO placement.requestlog [req-de37331b-5615-4bcb-8b4b-07c40db785dc req-c2cbd7c2-97aa-4334-a935-b088a5335059 3a67f6e5107e49faa49da79b7ac05884 c6059abe33e64304a83e369009930c13 - - a4990410fa584cc393ee9292d37724f8 a4990410fa584cc393ee9292d37724f8] 199.19.213.107 "GET /resource_providers/7f8a558e-87c5-4fc5-9d3b-bed181d8136a/allocations" status: 200 len: 253 microversion: 1.0 [pid: 7|app: 0|req: 458/927] 199.19.213.107 () {32 vars in 857 bytes} [Wed Jul 1 08:44:58 2026] GET /resource_providers/7f8a558e-87c5-4fc5-9d3b-bed181d8136a/allocations => generated 253 bytes in 23 msecs (HTTP/1.1 200) 6 headers in 224 bytes (1 switches on core 0)
2026-07-01 08:44:58.313 8 INFO placement.requestlog [req-de37331b-5615-4bcb-8b4b-07c40db785dc req-5a1b4014-a1cf-41f6-a485-acb33a30ba91 3a67f6e5107e49faa49da79b7ac05884 c6059abe33e64304a83e369009930c13 - - a4990410fa584cc393ee9292d37724f8 a4990410fa584cc393ee9292d37724f8] 199.19.213.107 "GET /allocations/12978f9f-17d3-4ffe-bc0b-cd0cfffbe90b" status: 200 len: 258 microversion: 1.28 [pid: 8|app: 0|req: 470/928] 199.19.213.107 () {34 vars in 863 bytes} [Wed Jul 1 08:44:58 2026] GET /allocations/12978f9f-17d3-4ffe-bc0b-cd0cfffbe90b => generated 258 bytes in 20 msecs (HTTP/1.1 200) 8 headers in 296 bytes (1 switches on core 0)
2026-07-01 08:44:58.330 7 INFO placement.requestlog [req-de37331b-5615-4bcb-8b4b-07c40db785dc req-a20a7715-1e2d-4019-92c0-5d8e376d3ccb 3a67f6e5107e49faa49da79b7ac05884 c6059abe33e64304a83e369009930c13 - - a4990410fa584cc393ee9292d37724f8 a4990410fa584cc393ee9292d37724f8] 199.19.213.107 "GET /allocations/153e2951-1a89-4479-b599-70b435174ebb" status: 200 len: 258 microversion: 1.28 [pid: 7|app: 0|req: 459/929] 199.19.213.107 () {34 vars in 863 bytes} [Wed Jul 1 08:44:58 2026] GET /allocations/153e2951-1a89-4479-b599-70b435174ebb => generated 258 bytes in 11 msecs (HTTP/1.1 200) 8 headers in 296 bytes (1 switches on core 0)
2026-07-01 08:44:59.270 8 INFO placement.requestlog [None req-10c4f71b-7004-4bf0-a061-267f81c016e2 0fdd3dd0346f4050bcc7444cbe9703e7 c6059abe33e64304a83e369009930c13 - - a4990410fa584cc393ee9292d37724f8 a4990410fa584cc393ee9292d37724f8] 10.0.0.245 "GET /resource_providers/4ed75493-10a1-4394-af09-0870fa0bb0fe/aggregates" status: 404 len: 235 microversion: 1.1 [pid: 8|app: 0|req: 471/930] 10.0.0.245 () {32 vars in 816 bytes} [Wed Jul 1 08:44:59 2026] GET /resource_providers/4ed75493-10a1-4394-af09-0870fa0bb0fe/aggregates => generated 235 bytes in 10 msecs (HTTP/1.1 404) 5 headers in 202 bytes (1 switches on core 0)
2026-07-01 08:44:59.274 7 INFO placement.requestlog [None req-5b0d4cbc-b7e7-4854-bf66-a009939b6095 0fdd3dd0346f4050bcc7444cbe9703e7 c6059abe33e64304a83e369009930c13 - - a4990410fa584cc393ee9292d37724f8 a4990410fa584cc393ee9292d37724f8] 10.0.0.245 "GET /resource_providers/4ed75493-10a1-4394-af09-0870fa0bb0fe/aggregates" status: 404 len: 235 microversion: 1.1 [pid: 7|app: 0|req: 460/931] 10.0.0.245 () {32 vars in 816 bytes} [Wed Jul 1 08:44:59 2026] GET /resource_providers/4ed75493-10a1-4394-af09-0870fa0bb0fe/aggregates => generated 235 bytes in 11 msecs (HTTP/1.1 404) 5 headers in 202 bytes (1 switches on core 0)
2026-07-01 08:44:59.306 8 INFO placement.requestlog [None req-b653bc52-0e6c-4f28-8c39-a6305aaf707d 0fdd3dd0346f4050bcc7444cbe9703e7 c6059abe33e64304a83e369009930c13 - - a4990410fa584cc393ee9292d37724f8 a4990410fa584cc393ee9292d37724f8] 10.0.0.245 "DELETE /resource_providers/4ed75493-10a1-4394-af09-0870fa0bb0fe" status: 404 len: 246 microversion: 1.1 [pid: 8|app: 0|req: 472/932] 10.0.0.245 () {34 vars in 816 bytes} [Wed Jul 1 08:44:59 2026] DELETE /resource_providers/4ed75493-10a1-4394-af09-0870fa0bb0fe => generated 246 bytes in 20 msecs (HTTP/1.1 404) 6 headers in 231 bytes (1 switches on core 0)
2026-07-01 08:44:59.310 7 INFO placement.requestlog [None req-991ab2fd-c735-40c0-9073-e3f3d343bec1 0fdd3dd0346f4050bcc7444cbe9703e7 c6059abe33e64304a83e369009930c13 - - a4990410fa584cc393ee9292d37724f8 a4990410fa584cc393ee9292d37724f8] 10.0.0.245 "DELETE /resource_providers/4ed75493-10a1-4394-af09-0870fa0bb0fe" status: 404 len: 246 microversion: 1.1 [pid: 7|app: 0|req: 461/933] 10.0.0.245 () {34 vars in 816 bytes} [Wed Jul 1 08:44:59 2026] DELETE /resource_providers/4ed75493-10a1-4394-af09-0870fa0bb0fe => generated 246 bytes in 23 msecs (HTTP/1.1 404) 6 headers in 231 bytes (1 switches on core 0)
2026-07-01 08:45:00.189 8 INFO placement.requestlog [req-498f3a4c-83d3-499b-acfb-f25b5a6b5ca8 req-ede4d869-755b-409e-b9d9-abe7774afd35 3a67f6e5107e49faa49da79b7ac05884 c6059abe33e64304a83e369009930c13 - - a4990410fa584cc393ee9292d37724f8 a4990410fa584cc393ee9292d37724f8] 199.19.213.107 "GET /resource_providers/7f8a558e-87c5-4fc5-9d3b-bed181d8136a/allocations" status: 200 len: 253 microversion: 1.0 [pid: 8|app: 0|req: 473/934] 199.19.213.107 () {32 vars in 857 bytes} [Wed Jul 1 08:45:00 2026] GET /resource_providers/7f8a558e-87c5-4fc5-9d3b-bed181d8136a/allocations => generated 253 bytes in 24 msecs (HTTP/1.1 200) 6 headers in 224 bytes (1 switches on core 0)
2026-07-01 08:45:00.200 7 INFO placement.requestlog [req-498f3a4c-83d3-499b-acfb-f25b5a6b5ca8 req-3f69b277-0289-44f2-b530-26532db76e65 3a67f6e5107e49faa49da79b7ac05884 c6059abe33e64304a83e369009930c13 - - a4990410fa584cc393ee9292d37724f8 a4990410fa584cc393ee9292d37724f8] 199.19.213.107 "GET /allocations/12978f9f-17d3-4ffe-bc0b-cd0cfffbe90b" status: 200 len: 258 microversion: 1.28 [pid: 7|app: 0|req: 462/935] 199.19.213.107 () {34 vars in 863 bytes} [Wed Jul 1 08:45:00 2026] GET /allocations/12978f9f-17d3-4ffe-bc0b-cd0cfffbe90b => generated 258 bytes in 8 msecs (HTTP/1.1 200) 8 headers in 296 bytes (1 switches on core 0)
2026-07-01 08:45:00.218 8 INFO placement.requestlog [req-498f3a4c-83d3-499b-acfb-f25b5a6b5ca8 req-42844181-f14b-45c8-91dd-3daf4e8bfa06 3a67f6e5107e49faa49da79b7ac05884 c6059abe33e64304a83e369009930c13 - - a4990410fa584cc393ee9292d37724f8 a4990410fa584cc393ee9292d37724f8] 199.19.213.107 "GET /allocations/153e2951-1a89-4479-b599-70b435174ebb" status: 200 len: 258 microversion: 1.28 [pid: 8|app: 0|req: 474/936] 199.19.213.107 () {34 vars in 863 bytes} [Wed Jul 1 08:45:00 2026] GET /allocations/153e2951-1a89-4479-b599-70b435174ebb => generated 258 bytes in 10 msecs (HTTP/1.1 200) 8 headers in 296 bytes (1 switches on core 0)
2026-07-01 08:45:01.272 7 INFO placement.requestlog [req-498f3a4c-83d3-499b-acfb-f25b5a6b5ca8 req-bfdb45b1-6224-49b4-a9aa-3f06af7dd105 3a67f6e5107e49faa49da79b7ac05884 c6059abe33e64304a83e369009930c13 - - a4990410fa584cc393ee9292d37724f8 a4990410fa584cc393ee9292d37724f8] 199.19.213.107 "DELETE /allocations/12978f9f-17d3-4ffe-bc0b-cd0cfffbe90b" status: 204 len: 0 microversion: 1.0 [pid: 7|app: 0|req: 463/937] 199.19.213.107 () {34 vars in 841 bytes} [Wed Jul 1 08:45:01 2026] DELETE /allocations/12978f9f-17d3-4ffe-bc0b-cd0cfffbe90b => generated 0 bytes in 27 msecs (HTTP/1.1 204) 5 headers in 198 bytes (1 switches on core 0)
2026-07-01 08:45:04.473 8 INFO placement.requestlog [None req-4e006f48-5e72-4bb8-80c7-3ea356403548 - - - - - -] 10.0.0.154 "GET /" status: 200 len: 136 microversion: 1.0
2026-07-01 08:45:04.474 7 INFO placement.requestlog [None req-925b8496-a536-4451-95cc-349744f56f83 - - - - - -] 10.0.0.154 "GET /" status: 200 len: 136 microversion: 1.0
2026-07-01 08:45:05.250 8 INFO placement.requestlog [None req-a289f6fd-fa0e-4469-b24c-972d95e1c2ce 0fdd3dd0346f4050bcc7444cbe9703e7 c6059abe33e64304a83e369009930c13 - - a4990410fa584cc393ee9292d37724f8 a4990410fa584cc393ee9292d37724f8] 10.0.0.245 "GET /resource_providers/f2fedae8-01fe-46bd-91f2-0ef72b2e5038/aggregates" status: 404 len: 235 microversion: 1.1 [pid: 8|app: 0|req: 476/940] 10.0.0.245 () {32 vars in 816 bytes} [Wed Jul 1 08:45:05 2026] GET /resource_providers/f2fedae8-01fe-46bd-91f2-0ef72b2e5038/aggregates => generated 235 bytes in 10 msecs (HTTP/1.1 404) 5 headers in 202 bytes (1 switches on core 0)
2026-07-01 08:45:05.255 7 INFO placement.requestlog [None req-d3839354-5bb3-4a60-bc62-7c595e10b3b4 0fdd3dd0346f4050bcc7444cbe9703e7 c6059abe33e64304a83e369009930c13 - - a4990410fa584cc393ee9292d37724f8 a4990410fa584cc393ee9292d37724f8] 10.0.0.245 "GET /resource_providers/f2fedae8-01fe-46bd-91f2-0ef72b2e5038/aggregates" status: 404 len: 235 microversion: 1.1 [pid: 7|app: 0|req: 465/941] 10.0.0.245 () {32 vars in 816 bytes} [Wed Jul 1 08:45:05 2026] GET /resource_providers/f2fedae8-01fe-46bd-91f2-0ef72b2e5038/aggregates => generated 235 bytes in 14 msecs (HTTP/1.1 404) 5 headers in 202 bytes (1 switches on core 0)
2026-07-01 08:45:05.289 8 INFO placement.requestlog [None req-5f8fc822-acb2-4ba5-8313-5b915c50412b 0fdd3dd0346f4050bcc7444cbe9703e7 c6059abe33e64304a83e369009930c13 - - a4990410fa584cc393ee9292d37724f8 a4990410fa584cc393ee9292d37724f8] 10.0.0.245 "DELETE /resource_providers/f2fedae8-01fe-46bd-91f2-0ef72b2e5038" status: 404 len: 246 microversion: 1.1 [pid: 8|app: 0|req: 477/942] 10.0.0.245 () {34 vars in 816 bytes} [Wed Jul 1 08:45:05 2026] DELETE /resource_providers/f2fedae8-01fe-46bd-91f2-0ef72b2e5038 => generated 246 bytes in 7 msecs (HTTP/1.1 404) 6 headers in 231 bytes (1 switches on core 0)
2026-07-01 08:45:05.292 7 INFO placement.requestlog [None req-f24c5cc4-2fee-4dce-b974-53cbb5652553 0fdd3dd0346f4050bcc7444cbe9703e7 c6059abe33e64304a83e369009930c13 - - a4990410fa584cc393ee9292d37724f8 a4990410fa584cc393ee9292d37724f8] 10.0.0.245 "DELETE /resource_providers/f2fedae8-01fe-46bd-91f2-0ef72b2e5038" status: 404 len: 246 microversion: 1.1 [pid: 7|app: 0|req: 466/943] 10.0.0.245 () {34 vars in 816 bytes} [Wed Jul 1 08:45:05 2026] DELETE /resource_providers/f2fedae8-01fe-46bd-91f2-0ef72b2e5038 => generated 246 bytes in 10 msecs (HTTP/1.1 404) 6 headers in 231 bytes (1 switches on core 0)
2026-07-01 08:45:06.191 8 INFO placement.requestlog [req-76ff339f-e3fb-4fc8-b02d-aad48e6e265d req-3a4b555a-4cfe-4024-bfaf-cea0ab8bd596 3a67f6e5107e49faa49da79b7ac05884 c6059abe33e64304a83e369009930c13 - - a4990410fa584cc393ee9292d37724f8 a4990410fa584cc393ee9292d37724f8] 199.19.213.107 "GET /resource_providers/7f8a558e-87c5-4fc5-9d3b-bed181d8136a/allocations" status: 200 len: 153 microversion: 1.0 [pid: 8|app: 0|req: 478/944] 199.19.213.107 () {32 vars in 857 bytes} [Wed Jul 1 08:45:06 2026] GET /resource_providers/7f8a558e-87c5-4fc5-9d3b-bed181d8136a/allocations => generated 153 bytes in 21 msecs (HTTP/1.1 200) 6 headers in 224 bytes (1 switches on core 0)
2026-07-01 08:45:06.212 7 INFO placement.requestlog [req-76ff339f-e3fb-4fc8-b02d-aad48e6e265d req-0ba51293-8407-4a17-b8fc-7ef27f796b5d 3a67f6e5107e49faa49da79b7ac05884 c6059abe33e64304a83e369009930c13 - - a4990410fa584cc393ee9292d37724f8 a4990410fa584cc393ee9292d37724f8] 199.19.213.107 "GET /allocations/153e2951-1a89-4479-b599-70b435174ebb" status: 200 len: 258 microversion: 1.28 [pid: 7|app: 0|req: 467/945] 199.19.213.107 () {34 vars in 863 bytes} [Wed Jul 1 08:45:06 2026] GET /allocations/153e2951-1a89-4479-b599-70b435174ebb => generated 258 bytes in 13 msecs (HTTP/1.1 200) 8 headers in 296 bytes (1 switches on core 0)
2026-07-01 08:45:07.280 8 INFO placement.requestlog [req-76ff339f-e3fb-4fc8-b02d-aad48e6e265d req-e4f35536-afef-402d-a2a0-3301abda01ff 3a67f6e5107e49faa49da79b7ac05884 c6059abe33e64304a83e369009930c13 - - a4990410fa584cc393ee9292d37724f8 a4990410fa584cc393ee9292d37724f8] 199.19.213.107 "DELETE /allocations/153e2951-1a89-4479-b599-70b435174ebb" status: 204 len: 0 microversion: 1.0 [pid: 8|app: 0|req: 479/946] 199.19.213.107 () {34 vars in 841 bytes} [Wed Jul 1 08:45:07 2026] DELETE /allocations/153e2951-1a89-4479-b599-70b435174ebb => generated 0 bytes in 40 msecs (HTTP/1.1 204) 5 headers in 198 bytes (1 switches on core 0)
2026-07-01 08:45:12.400 7 INFO placement.requestlog [None req-31314303-6bc6-4ef0-8a88-ff268b1d7505 0fdd3dd0346f4050bcc7444cbe9703e7 c6059abe33e64304a83e369009930c13 - - a4990410fa584cc393ee9292d37724f8 a4990410fa584cc393ee9292d37724f8] 10.0.0.245 "GET /resource_providers/b85091d2-b7b4-489a-b8d6-df3725688c65/aggregates" status: 404 len: 235 microversion: 1.1 [pid: 7|app: 0|req: 468/947] 10.0.0.245 () {32 vars in 816 bytes} [Wed Jul 1 08:45:12 2026] GET /resource_providers/b85091d2-b7b4-489a-b8d6-df3725688c65/aggregates => generated 235 bytes in 11 msecs (HTTP/1.1 404) 5 headers in 202 bytes (1 switches on core 0)
2026-07-01 08:45:12.408 8 INFO placement.requestlog [None req-8cf83129-e78b-46b6-9b61-9cdc2dd46814 0fdd3dd0346f4050bcc7444cbe9703e7 c6059abe33e64304a83e369009930c13 - - a4990410fa584cc393ee9292d37724f8 a4990410fa584cc393ee9292d37724f8] 10.0.0.245 "GET /resource_providers/b85091d2-b7b4-489a-b8d6-df3725688c65/aggregates" status: 404 len: 235 microversion: 1.1 [pid: 8|app: 0|req: 480/948] 10.0.0.245 () {32 vars in 816 bytes} [Wed Jul 1 08:45:12 2026] GET /resource_providers/b85091d2-b7b4-489a-b8d6-df3725688c65/aggregates => generated 235 bytes in 19 msecs (HTTP/1.1 404) 5 headers in 202 bytes (1 switches on core 0)
2026-07-01 08:45:12.431 7 INFO placement.requestlog [None req-34e0a7e2-8abc-4373-bc0d-7920582a9456 0fdd3dd0346f4050bcc7444cbe9703e7 c6059abe33e64304a83e369009930c13 - - a4990410fa584cc393ee9292d37724f8 a4990410fa584cc393ee9292d37724f8] 10.0.0.245 "DELETE /resource_providers/b85091d2-b7b4-489a-b8d6-df3725688c65" status: 404 len: 246 microversion: 1.1 [pid: 7|app: 0|req: 469/949] 10.0.0.245 () {34 vars in 816 bytes} [Wed Jul 1 08:45:12 2026] DELETE /resource_providers/b85091d2-b7b4-489a-b8d6-df3725688c65 => generated 246 bytes in 12 msecs (HTTP/1.1 404) 6 headers in 231 bytes (1 switches on core 0)
2026-07-01 08:45:12.440 8 INFO placement.requestlog [None req-58228f80-aaca-47c2-94a5-8cbc203a7d01 0fdd3dd0346f4050bcc7444cbe9703e7 c6059abe33e64304a83e369009930c13 - - a4990410fa584cc393ee9292d37724f8 a4990410fa584cc393ee9292d37724f8] 10.0.0.245 "DELETE /resource_providers/b85091d2-b7b4-489a-b8d6-df3725688c65" status: 404 len: 246 microversion: 1.1 [pid: 8|app: 0|req: 481/950] 10.0.0.245 () {34 vars in 816 bytes} [Wed Jul 1 08:45:12 2026] DELETE /resource_providers/b85091d2-b7b4-489a-b8d6-df3725688c65 => generated 246 bytes in 14 msecs (HTTP/1.1 404) 6 headers in 231 bytes (1 switches on core 0)
2026-07-01 08:45:12.662 7 INFO placement.requestlog [req-12cfbc00-0763-4380-8dee-09883cc447b1 req-473c12e6-8f3e-4634-bd77-4df941428c17 3a67f6e5107e49faa49da79b7ac05884 c6059abe33e64304a83e369009930c13 - - a4990410fa584cc393ee9292d37724f8 a4990410fa584cc393ee9292d37724f8] 10.0.0.60 "GET /allocation_candidates?limit=1000&resources=DISK_GB%3A1%2CMEMORY_MB%3A512%2CVCPU%3A1&root_required=%21COMPUTE_STATUS_DISABLED" status: 200 len: 2640 microversion: 1.36 [pid: 7|app: 0|req: 470/951] 10.0.0.60 () {34 vars in 1011 bytes} [Wed Jul 1 08:45:12 2026] GET /allocation_candidates?limit=1000&resources=DISK_GB%3A1%2CMEMORY_MB%3A512%2CVCPU%3A1&root_required=%21COMPUTE_STATUS_DISABLED => generated 2640 bytes in 46 msecs (HTTP/1.1 200) 8 headers in 297 bytes (1 switches on core 0)
2026-07-01 08:45:12.691 8 INFO placement.requestlog [req-12cfbc00-0763-4380-8dee-09883cc447b1 req-858807b9-8ce7-4af5-bb55-9d246697b38e 3a67f6e5107e49faa49da79b7ac05884 c6059abe33e64304a83e369009930c13 - - a4990410fa584cc393ee9292d37724f8 a4990410fa584cc393ee9292d37724f8] 10.0.0.60 "GET /allocations/3891c719-1e9f-4e32-aa39-ebfc0c7a9f81" status: 200 len: 19 microversion: 1.28 [pid: 8|app: 0|req: 482/952] 10.0.0.60 () {34 vars in 860 bytes} [Wed Jul 1 08:45:12 2026] GET /allocations/3891c719-1e9f-4e32-aa39-ebfc0c7a9f81 => generated 19 bytes in 10 msecs (HTTP/1.1 200) 8 headers in 295 bytes (1 switches on core 0)
2026-07-01 08:45:12.769 7 INFO placement.requestlog [req-12cfbc00-0763-4380-8dee-09883cc447b1 req-5265be2d-7e4d-4880-ae4f-cc78b539f279 3a67f6e5107e49faa49da79b7ac05884 c6059abe33e64304a83e369009930c13 - - a4990410fa584cc393ee9292d37724f8 a4990410fa584cc393ee9292d37724f8] 10.0.0.60 "PUT /allocations/3891c719-1e9f-4e32-aa39-ebfc0c7a9f81" status: 204 len: 0 microversion: 1.36 [pid: 7|app: 0|req: 471/953] 10.0.0.60 () {38 vars in 913 bytes} [Wed Jul 1 08:45:12 2026] PUT /allocations/3891c719-1e9f-4e32-aa39-ebfc0c7a9f81 => generated 0 bytes in 71 msecs (HTTP/1.1 204) 5 headers in 199 bytes (1 switches on core 0)
2026-07-01 08:45:14.266 8 INFO placement.requestlog [req-12cfbc00-0763-4380-8dee-09883cc447b1 req-a05f09c7-d8e8-4482-a84d-4919cb04cbb4 3a67f6e5107e49faa49da79b7ac05884 c6059abe33e64304a83e369009930c13 - - a4990410fa584cc393ee9292d37724f8 a4990410fa584cc393ee9292d37724f8] 199.19.213.107 "GET /allocations/3891c719-1e9f-4e32-aa39-ebfc0c7a9f81" status: 200 len: 258 microversion: 1.28 [pid: 8|app: 0|req: 483/954] 199.19.213.107 () {34 vars in 863 bytes} [Wed Jul 1 08:45:14 2026] GET /allocations/3891c719-1e9f-4e32-aa39-ebfc0c7a9f81 => generated 258 bytes in 18 msecs (HTTP/1.1 200) 8 headers in 296 bytes (1 switches on core 0)
2026-07-01 08:45:14.474 8 INFO placement.requestlog [None req-660e628b-14b1-406d-a7a9-5c4259cee09d - - - - - -] 10.0.0.154 "GET /" status: 200 len: 136 microversion: 1.0
2026-07-01 08:45:14.474 7 INFO placement.requestlog [None req-a387264e-4af2-411c-895c-6484c294c969 - - - - - -] 10.0.0.154 "GET /" status: 200 len: 136 microversion: 1.0
2026-07-01 08:45:15.326 7 INFO placement.requestlog [req-12cfbc00-0763-4380-8dee-09883cc447b1 req-c26f9a70-75fe-407c-abf0-77fd0709fffa 3a67f6e5107e49faa49da79b7ac05884 c6059abe33e64304a83e369009930c13 - - a4990410fa584cc393ee9292d37724f8 a4990410fa584cc393ee9292d37724f8] 199.19.213.107 "GET /resource_providers/7f8a558e-87c5-4fc5-9d3b-bed181d8136a/allocations" status: 200 len: 153 microversion: 1.0 [pid: 7|app: 0|req: 473/957] 199.19.213.107 () {32 vars in 857 bytes} [Wed Jul 1 08:45:15 2026] GET /resource_providers/7f8a558e-87c5-4fc5-9d3b-bed181d8136a/allocations => generated 153 bytes in 28 msecs (HTTP/1.1 200) 6 headers in 224 bytes (1 switches on core 0)
2026-07-01 08:45:15.353 8 INFO placement.requestlog [req-12cfbc00-0763-4380-8dee-09883cc447b1 req-6cb066b3-64e9-4522-9b5b-32a56dd5d35e 3a67f6e5107e49faa49da79b7ac05884 c6059abe33e64304a83e369009930c13 - - a4990410fa584cc393ee9292d37724f8 a4990410fa584cc393ee9292d37724f8] 199.19.213.107 "GET /allocations/3891c719-1e9f-4e32-aa39-ebfc0c7a9f81" status: 200 len: 258 microversion: 1.28 [pid: 8|app: 0|req: 485/958] 199.19.213.107 () {34 vars in 863 bytes} [Wed Jul 1 08:45:15 2026] GET /allocations/3891c719-1e9f-4e32-aa39-ebfc0c7a9f81 => generated 258 bytes in 21 msecs (HTTP/1.1 200) 8 headers in 296 bytes (1 switches on core 0)
2026-07-01 08:45:24.473 7 INFO placement.requestlog [None req-122d7410-becc-4a88-93ac-11d5fc26de53 - - - - - -] 10.0.0.154 "GET /" status: 200 len: 136 microversion: 1.0
2026-07-01 08:45:24.476 8 INFO placement.requestlog [None req-c7ae7dc8-7fb2-4f42-bfe1-8ff3a3c52b54 - - - - - -] 10.0.0.154 "GET /" status: 200 len: 136 microversion: 1.0
2026-07-01 08:45:25.959 7 INFO placement.requestlog [None req-bd120ab3-1f9d-46cb-9177-fae6abc8c41c 0fdd3dd0346f4050bcc7444cbe9703e7 c6059abe33e64304a83e369009930c13 - - a4990410fa584cc393ee9292d37724f8 a4990410fa584cc393ee9292d37724f8] 10.0.0.245 "GET /resource_providers/4e1ca921-7baa-4aef-9efe-fc3abf124f7e/aggregates" status: 404 len: 235 microversion: 1.1 [pid: 7|app: 0|req: 475/961] 10.0.0.245 () {32 vars in 816 bytes} [Wed Jul 1 08:45:25 2026] GET /resource_providers/4e1ca921-7baa-4aef-9efe-fc3abf124f7e/aggregates => generated 235 bytes in 9 msecs (HTTP/1.1 404) 5 headers in 202 bytes (1 switches on core 0)
