2026-07-01 08:42:46.806 7 INFO placement.requestlog [None req-e48bd040-ee7d-4dba-a050-1ab5af5d0243 0fdd3dd0346f4050bcc7444cbe9703e7 c6059abe33e64304a83e369009930c13 - - a4990410fa584cc393ee9292d37724f8 a4990410fa584cc393ee9292d37724f8] 10.0.0.245 "DELETE /resource_providers/5d553fc1-3f20-4837-915f-4d0863867a17" status: 404 len: 246 microversion: 1.1 [pid: 7|app: 0|req: 351/700] 10.0.0.245 () {34 vars in 816 bytes} [Wed Jul 1 08:42:46 2026] DELETE /resource_providers/5d553fc1-3f20-4837-915f-4d0863867a17 => generated 246 bytes in 11 msecs (HTTP/1.1 404) 6 headers in 231 bytes (1 switches on core 0)
2026-07-01 08:42:46.831 8 INFO placement.requestlog [None req-ea321f9f-e912-497b-9c59-6a224c317a78 0fdd3dd0346f4050bcc7444cbe9703e7 c6059abe33e64304a83e369009930c13 - - a4990410fa584cc393ee9292d37724f8 a4990410fa584cc393ee9292d37724f8] 10.0.0.245 "DELETE /resource_providers/5d553fc1-3f20-4837-915f-4d0863867a17" status: 404 len: 246 microversion: 1.1 [pid: 8|app: 0|req: 350/701] 10.0.0.245 () {34 vars in 816 bytes} [Wed Jul 1 08:42:46 2026] DELETE /resource_providers/5d553fc1-3f20-4837-915f-4d0863867a17 => generated 246 bytes in 10 msecs (HTTP/1.1 404) 6 headers in 231 bytes (1 switches on core 0)
2026-07-01 08:42:47.663 7 INFO placement.requestlog [req-e51e964a-d27e-4b5c-8002-1bffebb1a498 req-04b4e8af-1d45-4891-a506-a894d660e79f 3a67f6e5107e49faa49da79b7ac05884 c6059abe33e64304a83e369009930c13 - - a4990410fa584cc393ee9292d37724f8 a4990410fa584cc393ee9292d37724f8] 199.19.213.107 "DELETE /allocations/95ae4728-9e65-4a8e-9e32-7e66b13f5716" status: 204 len: 0 microversion: 1.0 [pid: 7|app: 0|req: 352/702] 199.19.213.107 () {34 vars in 841 bytes} [Wed Jul 1 08:42:47 2026] DELETE /allocations/95ae4728-9e65-4a8e-9e32-7e66b13f5716 => generated 0 bytes in 27 msecs (HTTP/1.1 204) 5 headers in 198 bytes (1 switches on core 0)
2026-07-01 08:42:51.531 8 INFO placement.requestlog [None req-f69a5e47-aa58-44a0-bfbb-a7a68688f3e3 0fdd3dd0346f4050bcc7444cbe9703e7 c6059abe33e64304a83e369009930c13 - - a4990410fa584cc393ee9292d37724f8 a4990410fa584cc393ee9292d37724f8] 10.0.0.245 "GET /resource_providers/b9c68a23-90cd-405e-8413-2f0af2777e24/aggregates" status: 404 len: 235 microversion: 1.1 [pid: 8|app: 0|req: 351/703] 10.0.0.245 () {32 vars in 816 bytes} [Wed Jul 1 08:42:51 2026] GET /resource_providers/b9c68a23-90cd-405e-8413-2f0af2777e24/aggregates => generated 235 bytes in 10 msecs (HTTP/1.1 404) 5 headers in 202 bytes (1 switches on core 0)
2026-07-01 08:42:51.542 7 INFO placement.requestlog [None req-ca94fda4-590c-4112-ae2b-b72425acb42d 0fdd3dd0346f4050bcc7444cbe9703e7 c6059abe33e64304a83e369009930c13 - - a4990410fa584cc393ee9292d37724f8 a4990410fa584cc393ee9292d37724f8] 10.0.0.245 "GET /resource_providers/b9c68a23-90cd-405e-8413-2f0af2777e24/aggregates" status: 404 len: 235 microversion: 1.1 [pid: 7|app: 0|req: 353/704] 10.0.0.245 () {32 vars in 816 bytes} [Wed Jul 1 08:42:51 2026] GET /resource_providers/b9c68a23-90cd-405e-8413-2f0af2777e24/aggregates => generated 235 bytes in 12 msecs (HTTP/1.1 404) 5 headers in 202 bytes (1 switches on core 0)
2026-07-01 08:42:51.557 8 INFO placement.requestlog [None req-6291d299-d7d8-42b2-bc57-d1ec8eb83c28 0fdd3dd0346f4050bcc7444cbe9703e7 c6059abe33e64304a83e369009930c13 - - a4990410fa584cc393ee9292d37724f8 a4990410fa584cc393ee9292d37724f8] 10.0.0.245 "DELETE /resource_providers/b9c68a23-90cd-405e-8413-2f0af2777e24" status: 404 len: 246 microversion: 1.1 [pid: 8|app: 0|req: 352/705] 10.0.0.245 () {34 vars in 816 bytes} [Wed Jul 1 08:42:51 2026] DELETE /resource_providers/b9c68a23-90cd-405e-8413-2f0af2777e24 => generated 246 bytes in 16 msecs (HTTP/1.1 404) 6 headers in 231 bytes (1 switches on core 0)
2026-07-01 08:42:51.566 7 INFO placement.requestlog [None req-0faab671-590a-42a9-b3d9-677e11208a5e 0fdd3dd0346f4050bcc7444cbe9703e7 c6059abe33e64304a83e369009930c13 - - a4990410fa584cc393ee9292d37724f8 a4990410fa584cc393ee9292d37724f8] 10.0.0.245 "DELETE /resource_providers/b9c68a23-90cd-405e-8413-2f0af2777e24" status: 404 len: 246 microversion: 1.1 [pid: 7|app: 0|req: 354/706] 10.0.0.245 () {34 vars in 816 bytes} [Wed Jul 1 08:42:51 2026] DELETE /resource_providers/b9c68a23-90cd-405e-8413-2f0af2777e24 => generated 246 bytes in 14 msecs (HTTP/1.1 404) 6 headers in 231 bytes (1 switches on core 0)
2026-07-01 08:42:53.589 8 INFO placement.requestlog [None req-cae53b8f-94cb-410b-b44c-cfc277a530eb 0fdd3dd0346f4050bcc7444cbe9703e7 c6059abe33e64304a83e369009930c13 - - a4990410fa584cc393ee9292d37724f8 a4990410fa584cc393ee9292d37724f8] 10.0.0.245 "GET /resource_providers/53915c78-3920-4220-9452-7e0c5d29f16d/aggregates" status: 404 len: 235 microversion: 1.1 [pid: 8|app: 0|req: 353/707] 10.0.0.245 () {32 vars in 816 bytes} [Wed Jul 1 08:42:53 2026] GET /resource_providers/53915c78-3920-4220-9452-7e0c5d29f16d/aggregates => generated 235 bytes in 19 msecs (HTTP/1.1 404) 5 headers in 202 bytes (1 switches on core 0)
2026-07-01 08:42:53.592 7 INFO placement.requestlog [None req-11ec254d-b3ed-464e-b4bc-7e0597740f1c 0fdd3dd0346f4050bcc7444cbe9703e7 c6059abe33e64304a83e369009930c13 - - a4990410fa584cc393ee9292d37724f8 a4990410fa584cc393ee9292d37724f8] 10.0.0.245 "GET /resource_providers/53915c78-3920-4220-9452-7e0c5d29f16d/aggregates" status: 404 len: 235 microversion: 1.1 [pid: 7|app: 0|req: 355/708] 10.0.0.245 () {32 vars in 816 bytes} [Wed Jul 1 08:42:53 2026] GET /resource_providers/53915c78-3920-4220-9452-7e0c5d29f16d/aggregates => generated 235 bytes in 12 msecs (HTTP/1.1 404) 5 headers in 202 bytes (1 switches on core 0)
2026-07-01 08:42:53.606 8 INFO placement.requestlog [None req-f8b76af6-43fb-442e-bec7-62c7eac6a60a 0fdd3dd0346f4050bcc7444cbe9703e7 c6059abe33e64304a83e369009930c13 - - a4990410fa584cc393ee9292d37724f8 a4990410fa584cc393ee9292d37724f8] 10.0.0.245 "DELETE /resource_providers/53915c78-3920-4220-9452-7e0c5d29f16d" status: 404 len: 246 microversion: 1.1
2026-07-01 08:42:53.606 7 INFO placement.requestlog [None req-0dcb3852-4014-4737-978c-dbb26523194e 0fdd3dd0346f4050bcc7444cbe9703e7 c6059abe33e64304a83e369009930c13 - - a4990410fa584cc393ee9292d37724f8 a4990410fa584cc393ee9292d37724f8] 10.0.0.245 "DELETE /resource_providers/53915c78-3920-4220-9452-7e0c5d29f16d" status: 404 len: 246 microversion: 1.1 [pid: 8|app: 0|req: 354/709] 10.0.0.245 () {34 vars in 816 bytes} [Wed Jul 1 08:42:53 2026] DELETE /resource_providers/53915c78-3920-4220-9452-7e0c5d29f16d => generated 246 bytes in 8 msecs (HTTP/1.1 404) 6 headers in 231 bytes (1 switches on core 0) [pid: 7|app: 0|req: 356/710] 10.0.0.245 () {34 vars in 816 bytes} [Wed Jul 1 08:42:53 2026] DELETE /resource_providers/53915c78-3920-4220-9452-7e0c5d29f16d => generated 246 bytes in 5 msecs (HTTP/1.1 404) 6 headers in 231 bytes (1 switches on core 0)
2026-07-01 08:42:53.618 8 INFO placement.requestlog [None req-d0f0e011-ea5b-4085-827b-21c186f565b6 0fdd3dd0346f4050bcc7444cbe9703e7 c6059abe33e64304a83e369009930c13 - - a4990410fa584cc393ee9292d37724f8 a4990410fa584cc393ee9292d37724f8] 10.0.0.245 "GET /resource_providers/f3b1250d-3e7e-4c9c-9c6b-089fde89039f/aggregates" status: 404 len: 235 microversion: 1.1 [pid: 8|app: 0|req: 355/711] 10.0.0.245 () {32 vars in 816 bytes} [Wed Jul 1 08:42:53 2026] GET /resource_providers/f3b1250d-3e7e-4c9c-9c6b-089fde89039f/aggregates => generated 235 bytes in 5 msecs (HTTP/1.1 404) 5 headers in 202 bytes (1 switches on core 0)
2026-07-01 08:42:53.623 7 INFO placement.requestlog [None req-a64dc107-17f9-48c6-990a-807bd4277291 0fdd3dd0346f4050bcc7444cbe9703e7 c6059abe33e64304a83e369009930c13 - - a4990410fa584cc393ee9292d37724f8 a4990410fa584cc393ee9292d37724f8] 10.0.0.245 "GET /resource_providers/f3b1250d-3e7e-4c9c-9c6b-089fde89039f/aggregates" status: 404 len: 235 microversion: 1.1 [pid: 7|app: 0|req: 357/712] 10.0.0.245 () {32 vars in 816 bytes} [Wed Jul 1 08:42:53 2026] GET /resource_providers/f3b1250d-3e7e-4c9c-9c6b-089fde89039f/aggregates => generated 235 bytes in 9 msecs (HTTP/1.1 404) 5 headers in 202 bytes (1 switches on core 0)
2026-07-01 08:42:53.627 8 INFO placement.requestlog [None req-5300d8fe-69ea-4947-930b-0d11776ef4a9 0fdd3dd0346f4050bcc7444cbe9703e7 c6059abe33e64304a83e369009930c13 - - a4990410fa584cc393ee9292d37724f8 a4990410fa584cc393ee9292d37724f8] 10.0.0.245 "DELETE /resource_providers/f3b1250d-3e7e-4c9c-9c6b-089fde89039f" status: 404 len: 246 microversion: 1.1 [pid: 8|app: 0|req: 356/713] 10.0.0.245 () {34 vars in 816 bytes} [Wed Jul 1 08:42:53 2026] DELETE /resource_providers/f3b1250d-3e7e-4c9c-9c6b-089fde89039f => generated 246 bytes in 4 msecs (HTTP/1.1 404) 6 headers in 231 bytes (1 switches on core 0)
2026-07-01 08:42:53.635 7 INFO placement.requestlog [None req-15092a1f-695a-4ecc-9392-165cdaf3bd0c 0fdd3dd0346f4050bcc7444cbe9703e7 c6059abe33e64304a83e369009930c13 - - a4990410fa584cc393ee9292d37724f8 a4990410fa584cc393ee9292d37724f8] 10.0.0.245 "DELETE /resource_providers/f3b1250d-3e7e-4c9c-9c6b-089fde89039f" status: 404 len: 246 microversion: 1.1 [pid: 7|app: 0|req: 358/714] 10.0.0.245 () {34 vars in 816 bytes} [Wed Jul 1 08:42:53 2026] DELETE /resource_providers/f3b1250d-3e7e-4c9c-9c6b-089fde89039f => generated 246 bytes in 5 msecs (HTTP/1.1 404) 6 headers in 231 bytes (1 switches on core 0)
2026-07-01 08:42:53.637 8 INFO placement.requestlog [None req-cb73311e-efab-4a6d-8522-3137cbed5720 0fdd3dd0346f4050bcc7444cbe9703e7 c6059abe33e64304a83e369009930c13 - - a4990410fa584cc393ee9292d37724f8 a4990410fa584cc393ee9292d37724f8] 10.0.0.245 "GET /resource_providers/42890921-84b5-4409-aef1-897f9b325c0f/aggregates" status: 404 len: 235 microversion: 1.1 [pid: 8|app: 0|req: 357/715] 10.0.0.245 () {32 vars in 816 bytes} [Wed Jul 1 08:42:53 2026] GET /resource_providers/42890921-84b5-4409-aef1-897f9b325c0f/aggregates => generated 235 bytes in 6 msecs (HTTP/1.1 404) 5 headers in 202 bytes (1 switches on core 0)
2026-07-01 08:42:53.646 7 INFO placement.requestlog [None req-69cea257-0090-491a-94fc-4d324588c845 0fdd3dd0346f4050bcc7444cbe9703e7 c6059abe33e64304a83e369009930c13 - - a4990410fa584cc393ee9292d37724f8 a4990410fa584cc393ee9292d37724f8] 10.0.0.245 "GET /resource_providers/42890921-84b5-4409-aef1-897f9b325c0f/aggregates" status: 404 len: 235 microversion: 1.1 [pid: 7|app: 0|req: 359/716] 10.0.0.245 () {32 vars in 816 bytes} [Wed Jul 1 08:42:53 2026] GET /resource_providers/42890921-84b5-4409-aef1-897f9b325c0f/aggregates => generated 235 bytes in 5 msecs (HTTP/1.1 404) 5 headers in 202 bytes (1 switches on core 0)
2026-07-01 08:42:53.648 8 INFO placement.requestlog [None req-4a352e6b-c6b5-4ea4-91d8-643a1a592cb6 0fdd3dd0346f4050bcc7444cbe9703e7 c6059abe33e64304a83e369009930c13 - - a4990410fa584cc393ee9292d37724f8 a4990410fa584cc393ee9292d37724f8] 10.0.0.245 "DELETE /resource_providers/42890921-84b5-4409-aef1-897f9b325c0f" status: 404 len: 246 microversion: 1.1 [pid: 8|app: 0|req: 358/717] 10.0.0.245 () {34 vars in 816 bytes} [Wed Jul 1 08:42:53 2026] DELETE /resource_providers/42890921-84b5-4409-aef1-897f9b325c0f => generated 246 bytes in 6 msecs (HTTP/1.1 404) 6 headers in 231 bytes (1 switches on core 0)
2026-07-01 08:42:53.658 8 INFO placement.requestlog [None req-c1b6006f-2607-4bb7-948f-f6b770c052e1 0fdd3dd0346f4050bcc7444cbe9703e7 c6059abe33e64304a83e369009930c13 - - a4990410fa584cc393ee9292d37724f8 a4990410fa584cc393ee9292d37724f8] 10.0.0.245 "GET /resource_providers/b6a70d38-af20-4ee9-a502-c8a405e7eec3/aggregates" status: 404 len: 235 microversion: 1.1
2026-07-01 08:42:53.658 7 INFO placement.requestlog [None req-3e536214-9898-483b-84cd-ccc63aca1287 0fdd3dd0346f4050bcc7444cbe9703e7 c6059abe33e64304a83e369009930c13 - - a4990410fa584cc393ee9292d37724f8 a4990410fa584cc393ee9292d37724f8] 10.0.0.245 "DELETE /resource_providers/42890921-84b5-4409-aef1-897f9b325c0f" status: 404 len: 246 microversion: 1.1 [pid: 8|app: 0|req: 359/718] 10.0.0.245 () {32 vars in 816 bytes} [Wed Jul 1 08:42:53 2026] GET /resource_providers/b6a70d38-af20-4ee9-a502-c8a405e7eec3/aggregates => generated 235 bytes in 4 msecs (HTTP/1.1 404) 5 headers in 202 bytes (1 switches on core 0) [pid: 7|app: 0|req: 360/719] 10.0.0.245 () {34 vars in 816 bytes} [Wed Jul 1 08:42:53 2026] DELETE /resource_providers/42890921-84b5-4409-aef1-897f9b325c0f => generated 246 bytes in 6 msecs (HTTP/1.1 404) 6 headers in 231 bytes (1 switches on core 0)
2026-07-01 08:42:53.673 8 INFO placement.requestlog [None req-0d64b547-0b64-4f67-a7bc-94064deac142 0fdd3dd0346f4050bcc7444cbe9703e7 c6059abe33e64304a83e369009930c13 - - a4990410fa584cc393ee9292d37724f8 a4990410fa584cc393ee9292d37724f8] 10.0.0.245 "GET /resource_providers/b6a70d38-af20-4ee9-a502-c8a405e7eec3/aggregates" status: 404 len: 235 microversion: 1.1 [pid: 8|app: 0|req: 360/720] 10.0.0.245 () {32 vars in 816 bytes} [Wed Jul 1 08:42:53 2026] GET /resource_providers/b6a70d38-af20-4ee9-a502-c8a405e7eec3/aggregates => generated 235 bytes in 7 msecs (HTTP/1.1 404) 5 headers in 202 bytes (1 switches on core 0)
2026-07-01 08:42:53.682 7 INFO placement.requestlog [None req-55614ba8-7724-4653-ac6d-449dddf289b6 0fdd3dd0346f4050bcc7444cbe9703e7 c6059abe33e64304a83e369009930c13 - - a4990410fa584cc393ee9292d37724f8 a4990410fa584cc393ee9292d37724f8] 10.0.0.245 "DELETE /resource_providers/b6a70d38-af20-4ee9-a502-c8a405e7eec3" status: 404 len: 246 microversion: 1.1 [pid: 7|app: 0|req: 361/721] 10.0.0.245 () {34 vars in 816 bytes} [Wed Jul 1 08:42:53 2026] DELETE /resource_providers/b6a70d38-af20-4ee9-a502-c8a405e7eec3 => generated 246 bytes in 15 msecs (HTTP/1.1 404) 6 headers in 231 bytes (1 switches on core 0)
2026-07-01 08:42:53.687 8 INFO placement.requestlog [None req-bb67a395-2197-4e15-b1b5-17caddcd5835 0fdd3dd0346f4050bcc7444cbe9703e7 c6059abe33e64304a83e369009930c13 - - a4990410fa584cc393ee9292d37724f8 a4990410fa584cc393ee9292d37724f8] 10.0.0.245 "DELETE /resource_providers/b6a70d38-af20-4ee9-a502-c8a405e7eec3" status: 404 len: 246 microversion: 1.1 [pid: 8|app: 0|req: 361/722] 10.0.0.245 () {34 vars in 816 bytes} [Wed Jul 1 08:42:53 2026] DELETE /resource_providers/b6a70d38-af20-4ee9-a502-c8a405e7eec3 => generated 246 bytes in 6 msecs (HTTP/1.1 404) 6 headers in 231 bytes (1 switches on core 0)
2026-07-01 08:42:54.474 8 INFO placement.requestlog [None req-db76cb33-a96e-4911-a411-44daceb4d872 - - - - - -] 10.0.0.154 "GET /" status: 200 len: 136 microversion: 1.0
2026-07-01 08:42:54.474 7 INFO placement.requestlog [None req-42f9f278-e1e5-4b12-9ef2-769e8b1d369c - - - - - -] 10.0.0.154 "GET /" status: 200 len: 136 microversion: 1.0
2026-07-01 08:42:56.299 8 INFO placement.requestlog [req-9e1c6416-971f-4451-b23d-935fbb314f6b req-fb4cf769-e782-4d31-b025-a9a150d2d007 3a67f6e5107e49faa49da79b7ac05884 c6059abe33e64304a83e369009930c13 - - a4990410fa584cc393ee9292d37724f8 a4990410fa584cc393ee9292d37724f8] 199.19.213.107 "GET /resource_providers/7f8a558e-87c5-4fc5-9d3b-bed181d8136a/allocations" status: 200 len: 152 microversion: 1.0 [pid: 8|app: 0|req: 363/725] 199.19.213.107 () {32 vars in 857 bytes} [Wed Jul 1 08:42:56 2026] GET /resource_providers/7f8a558e-87c5-4fc5-9d3b-bed181d8136a/allocations => generated 152 bytes in 130 msecs (HTTP/1.1 200) 6 headers in 224 bytes (1 switches on core 0)
2026-07-01 08:42:56.328 7 INFO placement.requestlog [req-9e1c6416-971f-4451-b23d-935fbb314f6b req-9eed7e92-3a16-4c7e-b4d4-1b5c96b59613 3a67f6e5107e49faa49da79b7ac05884 c6059abe33e64304a83e369009930c13 - - a4990410fa584cc393ee9292d37724f8 a4990410fa584cc393ee9292d37724f8] 199.19.213.107 "GET /resource_providers?in_tree=7f8a558e-87c5-4fc5-9d3b-bed181d8136a" status: 200 len: 797 microversion: 1.14 [pid: 7|app: 0|req: 363/726] 199.19.213.107 () {34 vars in 892 bytes} [Wed Jul 1 08:42:56 2026] GET /resource_providers?in_tree=7f8a558e-87c5-4fc5-9d3b-bed181d8136a => generated 797 bytes in 18 msecs (HTTP/1.1 200) 6 headers in 225 bytes (1 switches on core 0)
2026-07-01 08:42:56.349 8 INFO placement.requestlog [req-9e1c6416-971f-4451-b23d-935fbb314f6b req-325c4ba8-9b5f-4ab2-a58c-7e1f9c763a69 3a67f6e5107e49faa49da79b7ac05884 c6059abe33e64304a83e369009930c13 - - a4990410fa584cc393ee9292d37724f8 a4990410fa584cc393ee9292d37724f8] 199.19.213.107 "GET /resource_providers/7f8a558e-87c5-4fc5-9d3b-bed181d8136a/inventories" status: 200 len: 400 microversion: 1.0 [pid: 8|app: 0|req: 364/727] 199.19.213.107 () {32 vars in 857 bytes} [Wed Jul 1 08:42:56 2026] GET /resource_providers/7f8a558e-87c5-4fc5-9d3b-bed181d8136a/inventories => generated 400 bytes in 16 msecs (HTTP/1.1 200) 6 headers in 224 bytes (1 switches on core 0)
2026-07-01 08:42:56.369 7 INFO placement.requestlog [req-9e1c6416-971f-4451-b23d-935fbb314f6b req-1fd82498-7d3c-45c8-8e25-f42cf7ec7db1 3a67f6e5107e49faa49da79b7ac05884 c6059abe33e64304a83e369009930c13 - - a4990410fa584cc393ee9292d37724f8 a4990410fa584cc393ee9292d37724f8] 199.19.213.107 "GET /resource_providers/7f8a558e-87c5-4fc5-9d3b-bed181d8136a/aggregates" status: 200 len: 53 microversion: 1.19 [pid: 7|app: 0|req: 364/728] 199.19.213.107 () {34 vars in 899 bytes} [Wed Jul 1 08:42:56 2026] GET /resource_providers/7f8a558e-87c5-4fc5-9d3b-bed181d8136a/aggregates => generated 53 bytes in 12 msecs (HTTP/1.1 200) 8 headers in 295 bytes (1 switches on core 0)
2026-07-01 08:42:56.404 8 INFO placement.requestlog [req-9e1c6416-971f-4451-b23d-935fbb314f6b req-eba5c4d6-202b-42ad-87f7-50dcf8785792 3a67f6e5107e49faa49da79b7ac05884 c6059abe33e64304a83e369009930c13 - - a4990410fa584cc393ee9292d37724f8 a4990410fa584cc393ee9292d37724f8] 199.19.213.107 "GET /resource_providers/7f8a558e-87c5-4fc5-9d3b-bed181d8136a/traits" status: 200 len: 2175 microversion: 1.6 [pid: 8|app: 0|req: 365/729] 199.19.213.107 () {34 vars in 890 bytes} [Wed Jul 1 08:42:56 2026] GET /resource_providers/7f8a558e-87c5-4fc5-9d3b-bed181d8136a/traits => generated 2175 bytes in 29 msecs (HTTP/1.1 200) 6 headers in 225 bytes (1 switches on core 0)
2026-07-01 08:42:56.431 7 INFO placement.requestlog [req-9e1c6416-971f-4451-b23d-935fbb314f6b req-6d4da534-467c-4e8a-852a-b96cfaf62556 3a67f6e5107e49faa49da79b7ac05884 c6059abe33e64304a83e369009930c13 - - a4990410fa584cc393ee9292d37724f8 a4990410fa584cc393ee9292d37724f8] 199.19.213.107 "GET /resource_providers/7f8a558e-87c5-4fc5-9d3b-bed181d8136a/allocations" status: 200 len: 152 microversion: 1.0 [pid: 7|app: 0|req: 365/730] 199.19.213.107 () {32 vars in 857 bytes} [Wed Jul 1 08:42:56 2026] GET /resource_providers/7f8a558e-87c5-4fc5-9d3b-bed181d8136a/allocations => generated 152 bytes in 19 msecs (HTTP/1.1 200) 6 headers in 224 bytes (1 switches on core 0)
2026-07-01 08:42:56.451 8 INFO placement.requestlog [req-9e1c6416-971f-4451-b23d-935fbb314f6b req-ff7480b5-a8bf-45b9-bbe1-c59b99d54345 3a67f6e5107e49faa49da79b7ac05884 c6059abe33e64304a83e369009930c13 - - a4990410fa584cc393ee9292d37724f8 a4990410fa584cc393ee9292d37724f8] 199.19.213.107 "GET /allocations/f5ffe2ff-96ac-4330-a207-bc22fd7484ec" status: 200 len: 257 microversion: 1.28 [pid: 8|app: 0|req: 366/731] 199.19.213.107 () {34 vars in 863 bytes} [Wed Jul 1 08:42:56 2026] GET /allocations/f5ffe2ff-96ac-4330-a207-bc22fd7484ec => generated 257 bytes in 14 msecs (HTTP/1.1 200) 8 headers in 296 bytes (1 switches on core 0)
2026-07-01 08:42:58.188 7 INFO placement.requestlog [req-9a6cf2e5-9856-4f9b-8f0d-62afd2d5692d req-07abc5cb-b4af-4788-a9a3-d4ed58b947b5 3a67f6e5107e49faa49da79b7ac05884 c6059abe33e64304a83e369009930c13 - - a4990410fa584cc393ee9292d37724f8 a4990410fa584cc393ee9292d37724f8] 10.0.0.60 "GET /allocation_candidates?limit=1000&resources=DISK_GB%3A1%2CMEMORY_MB%3A512%2CVCPU%3A1&root_required=%21COMPUTE_STATUS_DISABLED" status: 200 len: 2642 microversion: 1.36 [pid: 7|app: 0|req: 366/732] 10.0.0.60 () {34 vars in 1011 bytes} [Wed Jul 1 08:42:58 2026] GET /allocation_candidates?limit=1000&resources=DISK_GB%3A1%2CMEMORY_MB%3A512%2CVCPU%3A1&root_required=%21COMPUTE_STATUS_DISABLED => generated 2642 bytes in 53 msecs (HTTP/1.1 200) 8 headers in 297 bytes (1 switches on core 0)
2026-07-01 08:42:58.222 8 INFO placement.requestlog [req-9a6cf2e5-9856-4f9b-8f0d-62afd2d5692d req-6d983da6-4881-4367-b3b5-0f0bf4b8ac4a 3a67f6e5107e49faa49da79b7ac05884 c6059abe33e64304a83e369009930c13 - - a4990410fa584cc393ee9292d37724f8 a4990410fa584cc393ee9292d37724f8] 10.0.0.60 "GET /allocations/77581b21-61d9-47aa-80e8-1ee36d7a203e" status: 200 len: 19 microversion: 1.28 [pid: 8|app: 0|req: 367/733] 10.0.0.60 () {34 vars in 860 bytes} [Wed Jul 1 08:42:58 2026] GET /allocations/77581b21-61d9-47aa-80e8-1ee36d7a203e => generated 19 bytes in 14 msecs (HTTP/1.1 200) 8 headers in 295 bytes (1 switches on core 0)
2026-07-01 08:42:58.295 7 INFO placement.requestlog [req-9a6cf2e5-9856-4f9b-8f0d-62afd2d5692d req-d619ac49-6f61-4bd5-ba36-605daf4e9734 3a67f6e5107e49faa49da79b7ac05884 c6059abe33e64304a83e369009930c13 - - a4990410fa584cc393ee9292d37724f8 a4990410fa584cc393ee9292d37724f8] 10.0.0.60 "PUT /allocations/77581b21-61d9-47aa-80e8-1ee36d7a203e" status: 204 len: 0 microversion: 1.36 [pid: 7|app: 0|req: 367/734] 10.0.0.60 () {38 vars in 913 bytes} [Wed Jul 1 08:42:58 2026] PUT /allocations/77581b21-61d9-47aa-80e8-1ee36d7a203e => generated 0 bytes in 69 msecs (HTTP/1.1 204) 5 headers in 199 bytes (1 switches on core 0)
2026-07-01 08:42:59.790 8 INFO placement.requestlog [req-9a6cf2e5-9856-4f9b-8f0d-62afd2d5692d req-7cc5d075-a456-4284-af81-b4bd2668f1a3 3a67f6e5107e49faa49da79b7ac05884 c6059abe33e64304a83e369009930c13 - - a4990410fa584cc393ee9292d37724f8 a4990410fa584cc393ee9292d37724f8] 199.19.213.107 "GET /allocations/77581b21-61d9-47aa-80e8-1ee36d7a203e" status: 200 len: 257 microversion: 1.28 [pid: 8|app: 0|req: 368/735] 199.19.213.107 () {34 vars in 863 bytes} [Wed Jul 1 08:42:59 2026] GET /allocations/77581b21-61d9-47aa-80e8-1ee36d7a203e => generated 257 bytes in 11 msecs (HTTP/1.1 200) 8 headers in 296 bytes (1 switches on core 0)
2026-07-01 08:43:00.830 7 INFO placement.requestlog [req-9a6cf2e5-9856-4f9b-8f0d-62afd2d5692d req-175f8058-9061-474a-b14f-d86e1391e3a5 3a67f6e5107e49faa49da79b7ac05884 c6059abe33e64304a83e369009930c13 - - a4990410fa584cc393ee9292d37724f8 a4990410fa584cc393ee9292d37724f8] 199.19.213.107 "GET /resource_providers/7f8a558e-87c5-4fc5-9d3b-bed181d8136a/allocations" status: 200 len: 252 microversion: 1.0 [pid: 7|app: 0|req: 368/736] 199.19.213.107 () {32 vars in 857 bytes} [Wed Jul 1 08:43:00 2026] GET /resource_providers/7f8a558e-87c5-4fc5-9d3b-bed181d8136a/allocations => generated 252 bytes in 14 msecs (HTTP/1.1 200) 6 headers in 224 bytes (1 switches on core 0)
2026-07-01 08:43:00.855 8 INFO placement.requestlog [req-9a6cf2e5-9856-4f9b-8f0d-62afd2d5692d req-a13aec77-b1cf-4805-9d2b-ea6a4de5aeca 3a67f6e5107e49faa49da79b7ac05884 c6059abe33e64304a83e369009930c13 - - a4990410fa584cc393ee9292d37724f8 a4990410fa584cc393ee9292d37724f8] 199.19.213.107 "GET /allocations/f5ffe2ff-96ac-4330-a207-bc22fd7484ec" status: 200 len: 257 microversion: 1.28 [pid: 8|app: 0|req: 369/737] 199.19.213.107 () {34 vars in 863 bytes} [Wed Jul 1 08:43:00 2026] GET /allocations/f5ffe2ff-96ac-4330-a207-bc22fd7484ec => generated 257 bytes in 20 msecs (HTTP/1.1 200) 8 headers in 296 bytes (1 switches on core 0)
2026-07-01 08:43:00.883 7 INFO placement.requestlog [req-9a6cf2e5-9856-4f9b-8f0d-62afd2d5692d req-02986964-5ad8-45ba-b9da-28fc68b57796 3a67f6e5107e49faa49da79b7ac05884 c6059abe33e64304a83e369009930c13 - - a4990410fa584cc393ee9292d37724f8 a4990410fa584cc393ee9292d37724f8] 199.19.213.107 "GET /allocations/77581b21-61d9-47aa-80e8-1ee36d7a203e" status: 200 len: 257 microversion: 1.28 [pid: 7|app: 0|req: 369/738] 199.19.213.107 () {34 vars in 863 bytes} [Wed Jul 1 08:43:00 2026] GET /allocations/77581b21-61d9-47aa-80e8-1ee36d7a203e => generated 257 bytes in 20 msecs (HTTP/1.1 200) 8 headers in 296 bytes (1 switches on core 0)
2026-07-01 08:43:04.479 7 INFO placement.requestlog [None req-51b797be-d7a5-4778-b506-8c9976803d26 - - - - - -] 10.0.0.154 "GET /" status: 200 len: 136 microversion: 1.0
2026-07-01 08:43:04.480 8 INFO placement.requestlog [None req-0a6e9ff2-6150-4ca1-baab-8391698ec934 - - - - - -] 10.0.0.154 "GET /" status: 200 len: 136 microversion: 1.0
2026-07-01 08:43:08.996 7 INFO placement.requestlog [req-4e167996-5f21-4fe6-9abb-dbfe19f7ff5c req-936f041a-534a-44ea-95b0-df1ef6e7e844 3a67f6e5107e49faa49da79b7ac05884 c6059abe33e64304a83e369009930c13 - - a4990410fa584cc393ee9292d37724f8 a4990410fa584cc393ee9292d37724f8] 199.19.213.107 "GET /resource_providers/7f8a558e-87c5-4fc5-9d3b-bed181d8136a/allocations" status: 200 len: 252 microversion: 1.0 [pid: 7|app: 0|req: 371/741] 199.19.213.107 () {32 vars in 857 bytes} [Wed Jul 1 08:43:08 2026] GET /resource_providers/7f8a558e-87c5-4fc5-9d3b-bed181d8136a/allocations => generated 252 bytes in 16 msecs (HTTP/1.1 200) 6 headers in 224 bytes (1 switches on core 0)
2026-07-01 08:43:09.013 8 INFO placement.requestlog [req-4e167996-5f21-4fe6-9abb-dbfe19f7ff5c req-990bdf43-88c8-4e1f-8f06-001f58a4b988 3a67f6e5107e49faa49da79b7ac05884 c6059abe33e64304a83e369009930c13 - - a4990410fa584cc393ee9292d37724f8 a4990410fa584cc393ee9292d37724f8] 199.19.213.107 "GET /allocations/f5ffe2ff-96ac-4330-a207-bc22fd7484ec" status: 200 len: 257 microversion: 1.28 [pid: 8|app: 0|req: 371/742] 199.19.213.107 () {34 vars in 863 bytes} [Wed Jul 1 08:43:09 2026] GET /allocations/f5ffe2ff-96ac-4330-a207-bc22fd7484ec => generated 257 bytes in 10 msecs (HTTP/1.1 200) 8 headers in 296 bytes (1 switches on core 0)
2026-07-01 08:43:09.037 7 INFO placement.requestlog [req-4e167996-5f21-4fe6-9abb-dbfe19f7ff5c req-4e7b72c1-bb71-4a4e-a22f-1012f919dbd7 3a67f6e5107e49faa49da79b7ac05884 c6059abe33e64304a83e369009930c13 - - a4990410fa584cc393ee9292d37724f8 a4990410fa584cc393ee9292d37724f8] 199.19.213.107 "GET /allocations/77581b21-61d9-47aa-80e8-1ee36d7a203e" status: 200 len: 257 microversion: 1.28 [pid: 7|app: 0|req: 372/743] 199.19.213.107 () {34 vars in 863 bytes} [Wed Jul 1 08:43:09 2026] GET /allocations/77581b21-61d9-47aa-80e8-1ee36d7a203e => generated 257 bytes in 19 msecs (HTTP/1.1 200) 8 headers in 296 bytes (1 switches on core 0)
2026-07-01 08:43:10.116 8 INFO placement.requestlog [req-4e167996-5f21-4fe6-9abb-dbfe19f7ff5c req-fedadef9-f614-4874-b1ff-224523ca60a7 3a67f6e5107e49faa49da79b7ac05884 c6059abe33e64304a83e369009930c13 - - a4990410fa584cc393ee9292d37724f8 a4990410fa584cc393ee9292d37724f8] 199.19.213.107 "DELETE /allocations/f5ffe2ff-96ac-4330-a207-bc22fd7484ec" status: 204 len: 0 microversion: 1.0 [pid: 8|app: 0|req: 372/744] 199.19.213.107 () {34 vars in 841 bytes} [Wed Jul 1 08:43:10 2026] DELETE /allocations/f5ffe2ff-96ac-4330-a207-bc22fd7484ec => generated 0 bytes in 46 msecs (HTTP/1.1 204) 5 headers in 198 bytes (1 switches on core 0)
2026-07-01 08:43:10.128 7 INFO placement.requestlog [None req-37c356af-6e62-4dea-b7db-824863b7ce0c 0fdd3dd0346f4050bcc7444cbe9703e7 c6059abe33e64304a83e369009930c13 - - a4990410fa584cc393ee9292d37724f8 a4990410fa584cc393ee9292d37724f8] 10.0.0.245 "GET /resource_providers/334a4ea2-4de7-4260-8198-ba3f69c14608/aggregates" status: 404 len: 235 microversion: 1.1 [pid: 7|app: 0|req: 373/745] 10.0.0.245 () {32 vars in 816 bytes} [Wed Jul 1 08:43:10 2026] GET /resource_providers/334a4ea2-4de7-4260-8198-ba3f69c14608/aggregates => generated 235 bytes in 15 msecs (HTTP/1.1 404) 5 headers in 202 bytes (1 switches on core 0)
2026-07-01 08:43:10.130 8 INFO placement.requestlog [None req-9c270e45-7046-42f9-a8fd-985de3f5faf5 0fdd3dd0346f4050bcc7444cbe9703e7 c6059abe33e64304a83e369009930c13 - - a4990410fa584cc393ee9292d37724f8 a4990410fa584cc393ee9292d37724f8] 10.0.0.245 "GET /resource_providers/334a4ea2-4de7-4260-8198-ba3f69c14608/aggregates" status: 404 len: 235 microversion: 1.1 [pid: 8|app: 0|req: 373/746] 10.0.0.245 () {32 vars in 816 bytes} [Wed Jul 1 08:43:10 2026] GET /resource_providers/334a4ea2-4de7-4260-8198-ba3f69c14608/aggregates => generated 235 bytes in 14 msecs (HTTP/1.1 404) 5 headers in 202 bytes (1 switches on core 0)
2026-07-01 08:43:10.155 8 INFO placement.requestlog [None req-8e3bac86-4630-49a7-bfdd-ff31fbc4a410 0fdd3dd0346f4050bcc7444cbe9703e7 c6059abe33e64304a83e369009930c13 - - a4990410fa584cc393ee9292d37724f8 a4990410fa584cc393ee9292d37724f8] 10.0.0.245 "DELETE /resource_providers/334a4ea2-4de7-4260-8198-ba3f69c14608" status: 404 len: 246 microversion: 1.1 [pid: 8|app: 0|req: 374/747] 10.0.0.245 () {34 vars in 816 bytes} [Wed Jul 1 08:43:10 2026] DELETE /resource_providers/334a4ea2-4de7-4260-8198-ba3f69c14608 => generated 246 bytes in 8 msecs (HTTP/1.1 404) 6 headers in 231 bytes (1 switches on core 0)
2026-07-01 08:43:10.157 7 INFO placement.requestlog [None req-db346723-2482-4bb0-a01f-d92d8094fd5c 0fdd3dd0346f4050bcc7444cbe9703e7 c6059abe33e64304a83e369009930c13 - - a4990410fa584cc393ee9292d37724f8 a4990410fa584cc393ee9292d37724f8] 10.0.0.245 "DELETE /resource_providers/334a4ea2-4de7-4260-8198-ba3f69c14608" status: 404 len: 246 microversion: 1.1 [pid: 7|app: 0|req: 374/748] 10.0.0.245 () {34 vars in 816 bytes} [Wed Jul 1 08:43:10 2026] DELETE /resource_providers/334a4ea2-4de7-4260-8198-ba3f69c14608 => generated 246 bytes in 11 msecs (HTTP/1.1 404) 6 headers in 231 bytes (1 switches on core 0)
2026-07-01 08:43:10.536 8 INFO placement.requestlog [None req-c5c52a75-b626-4b91-bf77-8377c8cafde4 0fdd3dd0346f4050bcc7444cbe9703e7 c6059abe33e64304a83e369009930c13 - - a4990410fa584cc393ee9292d37724f8 a4990410fa584cc393ee9292d37724f8] 10.0.0.245 "GET /resource_providers/443b31d9-7d46-4197-854d-4b0f42bba990/aggregates" status: 404 len: 235 microversion: 1.1 [pid: 8|app: 0|req: 375/749] 10.0.0.245 () {32 vars in 816 bytes} [Wed Jul 1 08:43:10 2026] GET /resource_providers/443b31d9-7d46-4197-854d-4b0f42bba990/aggregates => generated 235 bytes in 7 msecs (HTTP/1.1 404) 5 headers in 202 bytes (1 switches on core 0)
2026-07-01 08:43:10.542 7 INFO placement.requestlog [None req-92505bb6-9ed3-41ec-865d-60d321f909f7 0fdd3dd0346f4050bcc7444cbe9703e7 c6059abe33e64304a83e369009930c13 - - a4990410fa584cc393ee9292d37724f8 a4990410fa584cc393ee9292d37724f8] 10.0.0.245 "GET /resource_providers/443b31d9-7d46-4197-854d-4b0f42bba990/aggregates" status: 404 len: 235 microversion: 1.1 [pid: 7|app: 0|req: 375/750] 10.0.0.245 () {32 vars in 816 bytes} [Wed Jul 1 08:43:10 2026] GET /resource_providers/443b31d9-7d46-4197-854d-4b0f42bba990/aggregates => generated 235 bytes in 10 msecs (HTTP/1.1 404) 5 headers in 202 bytes (1 switches on core 0)
2026-07-01 08:43:10.565 8 INFO placement.requestlog [None req-455a7149-6e35-4e7b-acfe-07aed1959afc 0fdd3dd0346f4050bcc7444cbe9703e7 c6059abe33e64304a83e369009930c13 - - a4990410fa584cc393ee9292d37724f8 a4990410fa584cc393ee9292d37724f8] 10.0.0.245 "DELETE /resource_providers/443b31d9-7d46-4197-854d-4b0f42bba990" status: 404 len: 246 microversion: 1.1 [pid: 8|app: 0|req: 376/751] 10.0.0.245 () {34 vars in 816 bytes} [Wed Jul 1 08:43:10 2026] DELETE /resource_providers/443b31d9-7d46-4197-854d-4b0f42bba990 => generated 246 bytes in 15 msecs (HTTP/1.1 404) 6 headers in 231 bytes (1 switches on core 0)
2026-07-01 08:43:10.577 7 INFO placement.requestlog [None req-b104798f-2e71-4932-a491-2c58a42e1224 0fdd3dd0346f4050bcc7444cbe9703e7 c6059abe33e64304a83e369009930c13 - - a4990410fa584cc393ee9292d37724f8 a4990410fa584cc393ee9292d37724f8] 10.0.0.245 "DELETE /resource_providers/443b31d9-7d46-4197-854d-4b0f42bba990" status: 404 len: 246 microversion: 1.1 [pid: 7|app: 0|req: 376/752] 10.0.0.245 () {34 vars in 816 bytes} [Wed Jul 1 08:43:10 2026] DELETE /resource_providers/443b31d9-7d46-4197-854d-4b0f42bba990 => generated 246 bytes in 21 msecs (HTTP/1.1 404) 6 headers in 231 bytes (1 switches on core 0)
2026-07-01 08:43:14.474 8 INFO placement.requestlog [None req-b1fb8e41-b915-44c6-9a1f-f730524b3cc8 - - - - - -] 10.0.0.154 "GET /" status: 200 len: 136 microversion: 1.0
2026-07-01 08:43:14.476 7 INFO placement.requestlog [None req-8b2afb1d-b165-4aec-adaa-f8eec18b573d - - - - - -] 10.0.0.154 "GET /" status: 200 len: 136 microversion: 1.0
2026-07-01 08:43:16.177 8 INFO placement.requestlog [None req-ee36fc4d-28fe-47c6-9910-43b629c6d64f 0fdd3dd0346f4050bcc7444cbe9703e7 c6059abe33e64304a83e369009930c13 - - a4990410fa584cc393ee9292d37724f8 a4990410fa584cc393ee9292d37724f8] 10.0.0.245 "GET /resource_providers/58c8da6a-4346-406c-9d66-e7b9df4fe4a1/aggregates" status: 404 len: 235 microversion: 1.1 [pid: 8|app: 0|req: 378/755] 10.0.0.245 () {32 vars in 816 bytes} [Wed Jul 1 08:43:16 2026] GET /resource_providers/58c8da6a-4346-406c-9d66-e7b9df4fe4a1/aggregates => generated 235 bytes in 10 msecs (HTTP/1.1 404) 5 headers in 202 bytes (1 switches on core 0)
2026-07-01 08:43:16.183 7 INFO placement.requestlog [None req-4726b1be-d58a-4641-b201-a27b5d440367 0fdd3dd0346f4050bcc7444cbe9703e7 c6059abe33e64304a83e369009930c13 - - a4990410fa584cc393ee9292d37724f8 a4990410fa584cc393ee9292d37724f8] 10.0.0.245 "GET /resource_providers/58c8da6a-4346-406c-9d66-e7b9df4fe4a1/aggregates" status: 404 len: 235 microversion: 1.1 [pid: 7|app: 0|req: 378/756] 10.0.0.245 () {32 vars in 816 bytes} [Wed Jul 1 08:43:16 2026] GET /resource_providers/58c8da6a-4346-406c-9d66-e7b9df4fe4a1/aggregates => generated 235 bytes in 12 msecs (HTTP/1.1 404) 5 headers in 202 bytes (1 switches on core 0)
2026-07-01 08:43:16.204 8 INFO placement.requestlog [None req-1a88e779-8199-4df4-8fe0-64d15a277c48 0fdd3dd0346f4050bcc7444cbe9703e7 c6059abe33e64304a83e369009930c13 - - a4990410fa584cc393ee9292d37724f8 a4990410fa584cc393ee9292d37724f8] 10.0.0.245 "DELETE /resource_providers/58c8da6a-4346-406c-9d66-e7b9df4fe4a1" status: 404 len: 246 microversion: 1.1 [pid: 8|app: 0|req: 379/757] 10.0.0.245 () {34 vars in 816 bytes} [Wed Jul 1 08:43:16 2026] DELETE /resource_providers/58c8da6a-4346-406c-9d66-e7b9df4fe4a1 => generated 246 bytes in 12 msecs (HTTP/1.1 404) 6 headers in 231 bytes (1 switches on core 0)
2026-07-01 08:43:16.208 7 INFO placement.requestlog [None req-dbd34ab2-999c-4b2b-aa15-5797d4ccf494 0fdd3dd0346f4050bcc7444cbe9703e7 c6059abe33e64304a83e369009930c13 - - a4990410fa584cc393ee9292d37724f8 a4990410fa584cc393ee9292d37724f8] 10.0.0.245 "DELETE /resource_providers/58c8da6a-4346-406c-9d66-e7b9df4fe4a1" status: 404 len: 246 microversion: 1.1 [pid: 7|app: 0|req: 379/758] 10.0.0.245 () {34 vars in 816 bytes} [Wed Jul 1 08:43:16 2026] DELETE /resource_providers/58c8da6a-4346-406c-9d66-e7b9df4fe4a1 => generated 246 bytes in 12 msecs (HTTP/1.1 404) 6 headers in 231 bytes (1 switches on core 0)
2026-07-01 08:43:17.726 8 INFO placement.requestlog [None req-39c64514-6a8b-4f2c-a44a-71cd1a42fae4 0fdd3dd0346f4050bcc7444cbe9703e7 c6059abe33e64304a83e369009930c13 - - a4990410fa584cc393ee9292d37724f8 a4990410fa584cc393ee9292d37724f8] 10.0.0.245 "GET /resource_providers/531c13ad-d4ca-4ad0-b432-1d4a52004778/aggregates" status: 404 len: 235 microversion: 1.1 [pid: 8|app: 0|req: 380/759] 10.0.0.245 () {32 vars in 816 bytes} [Wed Jul 1 08:43:17 2026] GET /resource_providers/531c13ad-d4ca-4ad0-b432-1d4a52004778/aggregates => generated 235 bytes in 11 msecs (HTTP/1.1 404) 5 headers in 202 bytes (1 switches on core 0)
2026-07-01 08:43:17.728 7 INFO placement.requestlog [None req-3fcc660e-7e9b-4808-bf0c-3c8f845b0832 0fdd3dd0346f4050bcc7444cbe9703e7 c6059abe33e64304a83e369009930c13 - - a4990410fa584cc393ee9292d37724f8 a4990410fa584cc393ee9292d37724f8] 10.0.0.245 "GET /resource_providers/531c13ad-d4ca-4ad0-b432-1d4a52004778/aggregates" status: 404 len: 235 microversion: 1.1 [pid: 7|app: 0|req: 380/760] 10.0.0.245 () {32 vars in 816 bytes} [Wed Jul 1 08:43:17 2026] GET /resource_providers/531c13ad-d4ca-4ad0-b432-1d4a52004778/aggregates => generated 235 bytes in 10 msecs (HTTP/1.1 404) 5 headers in 202 bytes (1 switches on core 0)
2026-07-01 08:43:17.747 8 INFO placement.requestlog [None req-1787113b-6739-4fca-9e8d-a64bfc2b8988 0fdd3dd0346f4050bcc7444cbe9703e7 c6059abe33e64304a83e369009930c13 - - a4990410fa584cc393ee9292d37724f8 a4990410fa584cc393ee9292d37724f8] 10.0.0.245 "DELETE /resource_providers/531c13ad-d4ca-4ad0-b432-1d4a52004778" status: 404 len: 246 microversion: 1.1 [pid: 8|app: 0|req: 381/761] 10.0.0.245 () {34 vars in 816 bytes} [Wed Jul 1 08:43:17 2026] DELETE /resource_providers/531c13ad-d4ca-4ad0-b432-1d4a52004778 => generated 246 bytes in 10 msecs (HTTP/1.1 404) 6 headers in 231 bytes (1 switches on core 0)
2026-07-01 08:43:17.749 7 INFO placement.requestlog [None req-f0afca08-9269-4f3e-b74b-a102a8b78ec1 0fdd3dd0346f4050bcc7444cbe9703e7 c6059abe33e64304a83e369009930c13 - - a4990410fa584cc393ee9292d37724f8 a4990410fa584cc393ee9292d37724f8] 10.0.0.245 "DELETE /resource_providers/531c13ad-d4ca-4ad0-b432-1d4a52004778" status: 404 len: 246 microversion: 1.1 [pid: 7|app: 0|req: 381/762] 10.0.0.245 () {34 vars in 816 bytes} [Wed Jul 1 08:43:17 2026] DELETE /resource_providers/531c13ad-d4ca-4ad0-b432-1d4a52004778 => generated 246 bytes in 10 msecs (HTTP/1.1 404) 6 headers in 231 bytes (1 switches on core 0)
2026-07-01 08:43:18.317 8 INFO placement.requestlog [req-d6cb2732-f04b-467d-be31-0ffd61eb95a1 req-6f112b05-9593-49e2-b965-f05edc8a068a 3a67f6e5107e49faa49da79b7ac05884 c6059abe33e64304a83e369009930c13 - - a4990410fa584cc393ee9292d37724f8 a4990410fa584cc393ee9292d37724f8] 199.19.213.107 "GET /resource_providers/7f8a558e-87c5-4fc5-9d3b-bed181d8136a/allocations" status: 200 len: 152 microversion: 1.0 [pid: 8|app: 0|req: 382/763] 199.19.213.107 () {32 vars in 857 bytes} [Wed Jul 1 08:43:18 2026] GET /resource_providers/7f8a558e-87c5-4fc5-9d3b-bed181d8136a/allocations => generated 152 bytes in 20 msecs (HTTP/1.1 200) 6 headers in 224 bytes (1 switches on core 0)
2026-07-01 08:43:18.338 7 INFO placement.requestlog [req-d6cb2732-f04b-467d-be31-0ffd61eb95a1 req-b57eecc2-6e4d-4cf3-8dc7-a558bf791c9c 3a67f6e5107e49faa49da79b7ac05884 c6059abe33e64304a83e369009930c13 - - a4990410fa584cc393ee9292d37724f8 a4990410fa584cc393ee9292d37724f8] 199.19.213.107 "GET /allocations/77581b21-61d9-47aa-80e8-1ee36d7a203e" status: 200 len: 257 microversion: 1.28 [pid: 7|app: 0|req: 382/764] 199.19.213.107 () {34 vars in 863 bytes} [Wed Jul 1 08:43:18 2026] GET /allocations/77581b21-61d9-47aa-80e8-1ee36d7a203e => generated 257 bytes in 17 msecs (HTTP/1.1 200) 8 headers in 296 bytes (1 switches on core 0)
2026-07-01 08:43:19.404 8 INFO placement.requestlog [req-d6cb2732-f04b-467d-be31-0ffd61eb95a1 req-8246ad10-3352-4ee9-b78f-0a918938e647 3a67f6e5107e49faa49da79b7ac05884 c6059abe33e64304a83e369009930c13 - - a4990410fa584cc393ee9292d37724f8 a4990410fa584cc393ee9292d37724f8] 199.19.213.107 "DELETE /allocations/77581b21-61d9-47aa-80e8-1ee36d7a203e" status: 204 len: 0 microversion: 1.0 [pid: 8|app: 0|req: 383/765] 199.19.213.107 () {34 vars in 841 bytes} [Wed Jul 1 08:43:19 2026] DELETE /allocations/77581b21-61d9-47aa-80e8-1ee36d7a203e => generated 0 bytes in 38 msecs (HTTP/1.1 204) 5 headers in 198 bytes (1 switches on core 0)
2026-07-01 08:43:24.474 8 INFO placement.requestlog [None req-73dc32b4-297d-4dc7-97fb-e855cf156943 - - - - - -] 10.0.0.154 "GET /" status: 200 len: 136 microversion: 1.0
2026-07-01 08:43:24.475 7 INFO placement.requestlog [None req-c99bda60-6348-4a97-bf36-2332d4d486e1 - - - - - -] 10.0.0.154 "GET /" status: 200 len: 136 microversion: 1.0
2026-07-01 08:43:28.201 7 INFO placement.requestlog [None req-1374b38b-3a73-4cdc-afbe-60acb086bed5 0fdd3dd0346f4050bcc7444cbe9703e7 c6059abe33e64304a83e369009930c13 - - a4990410fa584cc393ee9292d37724f8 a4990410fa584cc393ee9292d37724f8] 10.0.0.245 "GET /resource_providers/043d43e4-727b-4ce4-b14f-6289ca1f9ab8/aggregates" status: 404 len: 235 microversion: 1.1 [pid: 7|app: 0|req: 384/768] 10.0.0.245 () {32 vars in 816 bytes} [Wed Jul 1 08:43:28 2026] GET /resource_providers/043d43e4-727b-4ce4-b14f-6289ca1f9ab8/aggregates => generated 235 bytes in 10 msecs (HTTP/1.1 404) 5 headers in 202 bytes (1 switches on core 0)
2026-07-01 08:43:28.202 8 INFO placement.requestlog [None req-07eeea71-8a78-4487-9a36-726df4bf34d5 0fdd3dd0346f4050bcc7444cbe9703e7 c6059abe33e64304a83e369009930c13 - - a4990410fa584cc393ee9292d37724f8 a4990410fa584cc393ee9292d37724f8] 10.0.0.245 "GET /resource_providers/043d43e4-727b-4ce4-b14f-6289ca1f9ab8/aggregates" status: 404 len: 235 microversion: 1.1 [pid: 8|app: 0|req: 385/769] 10.0.0.245 () {32 vars in 816 bytes} [Wed Jul 1 08:43:28 2026] GET /resource_providers/043d43e4-727b-4ce4-b14f-6289ca1f9ab8/aggregates => generated 235 bytes in 11 msecs (HTTP/1.1 404) 5 headers in 202 bytes (1 switches on core 0)
2026-07-01 08:43:28.223 7 INFO placement.requestlog [None req-89c95b79-5b40-4acf-a91e-020cd5d43fc3 0fdd3dd0346f4050bcc7444cbe9703e7 c6059abe33e64304a83e369009930c13 - - a4990410fa584cc393ee9292d37724f8 a4990410fa584cc393ee9292d37724f8] 10.0.0.245 "DELETE /resource_providers/043d43e4-727b-4ce4-b14f-6289ca1f9ab8" status: 404 len: 246 microversion: 1.1 [pid: 7|app: 0|req: 385/770] 10.0.0.245 () {34 vars in 816 bytes} [Wed Jul 1 08:43:28 2026] DELETE /resource_providers/043d43e4-727b-4ce4-b14f-6289ca1f9ab8 => generated 246 bytes in 10 msecs (HTTP/1.1 404) 6 headers in 231 bytes (1 switches on core 0)
2026-07-01 08:43:28.227 8 INFO placement.requestlog [None req-38ffd066-3ac9-4a48-8824-f547fbcfedf4 0fdd3dd0346f4050bcc7444cbe9703e7 c6059abe33e64304a83e369009930c13 - - a4990410fa584cc393ee9292d37724f8 a4990410fa584cc393ee9292d37724f8] 10.0.0.245 "DELETE /resource_providers/043d43e4-727b-4ce4-b14f-6289ca1f9ab8" status: 404 len: 246 microversion: 1.1 [pid: 8|app: 0|req: 386/771] 10.0.0.245 () {34 vars in 816 bytes} [Wed Jul 1 08:43:28 2026] DELETE /resource_providers/043d43e4-727b-4ce4-b14f-6289ca1f9ab8 => generated 246 bytes in 13 msecs (HTTP/1.1 404) 6 headers in 231 bytes (1 switches on core 0)
2026-07-01 08:43:30.250 7 INFO placement.requestlog [None req-ca2ef798-780f-4eb2-858b-26021a49c476 0fdd3dd0346f4050bcc7444cbe9703e7 c6059abe33e64304a83e369009930c13 - - a4990410fa584cc393ee9292d37724f8 a4990410fa584cc393ee9292d37724f8] 10.0.0.245 "GET /resource_providers/0d076d2e-8755-4f41-99aa-ec6710156f08/aggregates" status: 404 len: 235 microversion: 1.1 [pid: 7|app: 0|req: 386/772] 10.0.0.245 () {32 vars in 816 bytes} [Wed Jul 1 08:43:30 2026] GET /resource_providers/0d076d2e-8755-4f41-99aa-ec6710156f08/aggregates => generated 235 bytes in 8 msecs (HTTP/1.1 404) 5 headers in 202 bytes (1 switches on core 0)
2026-07-01 08:43:30.253 8 INFO placement.requestlog [None req-68ff6e57-c4d9-42bf-b5ac-1d8f7c653be7 0fdd3dd0346f4050bcc7444cbe9703e7 c6059abe33e64304a83e369009930c13 - - a4990410fa584cc393ee9292d37724f8 a4990410fa584cc393ee9292d37724f8] 10.0.0.245 "GET /resource_providers/0d076d2e-8755-4f41-99aa-ec6710156f08/aggregates" status: 404 len: 235 microversion: 1.1 [pid: 8|app: 0|req: 387/773] 10.0.0.245 () {32 vars in 816 bytes} [Wed Jul 1 08:43:30 2026] GET /resource_providers/0d076d2e-8755-4f41-99aa-ec6710156f08/aggregates => generated 235 bytes in 11 msecs (HTTP/1.1 404) 5 headers in 202 bytes (1 switches on core 0)
2026-07-01 08:43:30.283 7 INFO placement.requestlog [None req-a9965864-c5d9-4c3a-8e28-0df29950f154 0fdd3dd0346f4050bcc7444cbe9703e7 c6059abe33e64304a83e369009930c13 - - a4990410fa584cc393ee9292d37724f8 a4990410fa584cc393ee9292d37724f8] 10.0.0.245 "DELETE /resource_providers/0d076d2e-8755-4f41-99aa-ec6710156f08" status: 404 len: 246 microversion: 1.1 [pid: 7|app: 0|req: 387/774] 10.0.0.245 () {34 vars in 816 bytes} [Wed Jul 1 08:43:30 2026] DELETE /resource_providers/0d076d2e-8755-4f41-99aa-ec6710156f08 => generated 246 bytes in 13 msecs (HTTP/1.1 404) 6 headers in 231 bytes (1 switches on core 0)
2026-07-01 08:43:30.285 8 INFO placement.requestlog [None req-c7aee378-df98-492e-845f-8b6b1f21e64d 0fdd3dd0346f4050bcc7444cbe9703e7 c6059abe33e64304a83e369009930c13 - - a4990410fa584cc393ee9292d37724f8 a4990410fa584cc393ee9292d37724f8] 10.0.0.245 "DELETE /resource_providers/0d076d2e-8755-4f41-99aa-ec6710156f08" status: 404 len: 246 microversion: 1.1 [pid: 8|app: 0|req: 388/775] 10.0.0.245 () {34 vars in 816 bytes} [Wed Jul 1 08:43:30 2026] DELETE /resource_providers/0d076d2e-8755-4f41-99aa-ec6710156f08 => generated 246 bytes in 12 msecs (HTTP/1.1 404) 6 headers in 231 bytes (1 switches on core 0)
2026-07-01 08:43:30.310 8 INFO placement.requestlog [None req-252c0b82-ea55-4867-96ee-cc9ea4a3a580 0fdd3dd0346f4050bcc7444cbe9703e7 c6059abe33e64304a83e369009930c13 - - a4990410fa584cc393ee9292d37724f8 a4990410fa584cc393ee9292d37724f8] 10.0.0.245 "GET /resource_providers/f5786def-97cc-41f9-8143-35b5d30572cd/aggregates" status: 404 len: 235 microversion: 1.1 [pid: 8|app: 0|req: 389/776] 10.0.0.245 () {32 vars in 816 bytes} [Wed Jul 1 08:43:30 2026] GET /resource_providers/f5786def-97cc-41f9-8143-35b5d30572cd/aggregates => generated 235 bytes in 6 msecs (HTTP/1.1 404) 5 headers in 202 bytes (1 switches on core 0)
2026-07-01 08:43:30.312 7 INFO placement.requestlog [None req-d9062cb7-e2d1-4c90-b091-eccfb065613a 0fdd3dd0346f4050bcc7444cbe9703e7 c6059abe33e64304a83e369009930c13 - - a4990410fa584cc393ee9292d37724f8 a4990410fa584cc393ee9292d37724f8] 10.0.0.245 "GET /resource_providers/f5786def-97cc-41f9-8143-35b5d30572cd/aggregates" status: 404 len: 235 microversion: 1.1 [pid: 7|app: 0|req: 388/777] 10.0.0.245 () {32 vars in 816 bytes} [Wed Jul 1 08:43:30 2026] GET /resource_providers/f5786def-97cc-41f9-8143-35b5d30572cd/aggregates => generated 235 bytes in 9 msecs (HTTP/1.1 404) 5 headers in 202 bytes (1 switches on core 0)
2026-07-01 08:43:30.328 7 INFO placement.requestlog [None req-b2c809ce-9a4a-4484-b2d8-d9420484ff3d 0fdd3dd0346f4050bcc7444cbe9703e7 c6059abe33e64304a83e369009930c13 - - a4990410fa584cc393ee9292d37724f8 a4990410fa584cc393ee9292d37724f8] 10.0.0.245 "DELETE /resource_providers/f5786def-97cc-41f9-8143-35b5d30572cd" status: 404 len: 246 microversion: 1.1 [pid: 7|app: 0|req: 389/778] 10.0.0.245 () {34 vars in 816 bytes} [Wed Jul 1 08:43:30 2026] DELETE /resource_providers/f5786def-97cc-41f9-8143-35b5d30572cd => generated 246 bytes in 7 msecs (HTTP/1.1 404) 6 headers in 231 bytes (1 switches on core 0)
2026-07-01 08:43:30.334 8 INFO placement.requestlog [None req-9f83b06b-069c-4010-8b5f-bb8456243356 0fdd3dd0346f4050bcc7444cbe9703e7 c6059abe33e64304a83e369009930c13 - - a4990410fa584cc393ee9292d37724f8 a4990410fa584cc393ee9292d37724f8] 10.0.0.245 "DELETE /resource_providers/f5786def-97cc-41f9-8143-35b5d30572cd" status: 404 len: 246 microversion: 1.1 [pid: 8|app: 0|req: 390/779] 10.0.0.245 () {34 vars in 816 bytes} [Wed Jul 1 08:43:30 2026] DELETE /resource_providers/f5786def-97cc-41f9-8143-35b5d30572cd => generated 246 bytes in 14 msecs (HTTP/1.1 404) 6 headers in 231 bytes (1 switches on core 0)
2026-07-01 08:43:30.697 7 INFO placement.requestlog [req-02a3e8e3-c254-4dd4-b220-02ff0f7f523b req-e16c76d9-c0f0-4bf2-840c-2705ecb4ecfd 3a67f6e5107e49faa49da79b7ac05884 c6059abe33e64304a83e369009930c13 - - a4990410fa584cc393ee9292d37724f8 a4990410fa584cc393ee9292d37724f8] 10.0.0.60 "GET /allocation_candidates?limit=1000&resources=DISK_GB%3A1%2CMEMORY_MB%3A512%2CVCPU%3A1&root_required=%21COMPUTE_STATUS_DISABLED" status: 200 len: 2640 microversion: 1.36 [pid: 7|app: 0|req: 390/780] 10.0.0.60 () {34 vars in 1011 bytes} [Wed Jul 1 08:43:30 2026] GET /allocation_candidates?limit=1000&resources=DISK_GB%3A1%2CMEMORY_MB%3A512%2CVCPU%3A1&root_required=%21COMPUTE_STATUS_DISABLED => generated 2640 bytes in 46 msecs (HTTP/1.1 200) 8 headers in 297 bytes (1 switches on core 0)
2026-07-01 08:43:30.725 8 INFO placement.requestlog [req-02a3e8e3-c254-4dd4-b220-02ff0f7f523b req-f2964cea-ae6f-40aa-a472-85131e496bc7 3a67f6e5107e49faa49da79b7ac05884 c6059abe33e64304a83e369009930c13 - - a4990410fa584cc393ee9292d37724f8 a4990410fa584cc393ee9292d37724f8] 10.0.0.60 "GET /allocations/95824f4e-257b-4612-b463-1752ae75e8fe" status: 200 len: 19 microversion: 1.28 [pid: 8|app: 0|req: 391/781] 10.0.0.60 () {34 vars in 860 bytes} [Wed Jul 1 08:43:30 2026] GET /allocations/95824f4e-257b-4612-b463-1752ae75e8fe => generated 19 bytes in 8 msecs (HTTP/1.1 200) 8 headers in 295 bytes (1 switches on core 0)
2026-07-01 08:43:30.858 7 INFO placement.requestlog [req-02a3e8e3-c254-4dd4-b220-02ff0f7f523b req-35d721ed-8ac9-4b0d-82d7-5ae3431dd1e7 3a67f6e5107e49faa49da79b7ac05884 c6059abe33e64304a83e369009930c13 - - a4990410fa584cc393ee9292d37724f8 a4990410fa584cc393ee9292d37724f8] 10.0.0.60 "PUT /allocations/95824f4e-257b-4612-b463-1752ae75e8fe" status: 204 len: 0 microversion: 1.36 [pid: 7|app: 0|req: 391/782] 10.0.0.60 () {38 vars in 913 bytes} [Wed Jul 1 08:43:30 2026] PUT /allocations/95824f4e-257b-4612-b463-1752ae75e8fe => generated 0 bytes in 127 msecs (HTTP/1.1 204) 5 headers in 199 bytes (1 switches on core 0)
2026-07-01 08:43:32.349 8 INFO placement.requestlog [req-02a3e8e3-c254-4dd4-b220-02ff0f7f523b req-fcede663-2d60-4d0f-9bed-9ccde4c5b6ea 3a67f6e5107e49faa49da79b7ac05884 c6059abe33e64304a83e369009930c13 - - a4990410fa584cc393ee9292d37724f8 a4990410fa584cc393ee9292d37724f8] 199.19.213.107 "GET /allocations/95824f4e-257b-4612-b463-1752ae75e8fe" status: 200 len: 257 microversion: 1.28 [pid: 8|app: 0|req: 392/783] 199.19.213.107 () {34 vars in 863 bytes} [Wed Jul 1 08:43:32 2026] GET /allocations/95824f4e-257b-4612-b463-1752ae75e8fe => generated 257 bytes in 46 msecs (HTTP/1.1 200) 8 headers in 296 bytes (1 switches on core 0)
2026-07-01 08:43:32.357 7 INFO placement.requestlog [None req-1dd7d57d-b39e-4534-95a6-6a81a0f47e13 0fdd3dd0346f4050bcc7444cbe9703e7 c6059abe33e64304a83e369009930c13 - - a4990410fa584cc393ee9292d37724f8 a4990410fa584cc393ee9292d37724f8] 10.0.0.245 "GET /resource_providers/0dab2364-e560-4229-a454-a1449dc14b1e/aggregates" status: 404 len: 235 microversion: 1.1 [pid: 7|app: 0|req: 392/784] 10.0.0.245 () {32 vars in 816 bytes} [Wed Jul 1 08:43:32 2026] GET /resource_providers/0dab2364-e560-4229-a454-a1449dc14b1e/aggregates => generated 235 bytes in 15 msecs (HTTP/1.1 404) 5 headers in 202 bytes (1 switches on core 0)
