2026-07-01 08:44:11.389 7 INFO neutron_taas.services.taas.tap_mirror_plugin [None req-081c308e-5507-45c2-986a-9cd8c2e64f4d ff565e2ea7b1461bafe5cf2f7d3766ec ab271dc08a974e4b93ca8a9a2a9b7dd6 - - default default] Tap Mirror: Handle Delete Port: 64c43e57-17ac-4334-b28d-8cafd57ebbe6 [pid: 7|app: 0|req: 784/1587] 10.0.0.248 () {32 vars in 719 bytes} [Wed Jul 1 08:44:11 2026] DELETE /v2.0/ports/64c43e57-17ac-4334-b28d-8cafd57ebbe6 => generated 0 bytes in 461 msecs (HTTP/1.1 204) 3 headers in 131 bytes (1 switches on core 0) [pid: 7|app: 0|req: 785/1588] 10.0.0.138 () {34 vars in 1039 bytes} [Wed Jul 1 08:44:11 2026] GET /v2.0/security-groups?id=a934d061-8bfd-4030-85ec-570f8251b3bc&fields=id&fields=name => generated 114 bytes in 29 msecs (HTTP/1.1 200) 4 headers in 157 bytes (1 switches on core 0) [pid: 7|app: 0|req: 786/1589] 10.0.0.248 () {32 vars in 716 bytes} [Wed Jul 1 08:44:11 2026] GET /v2.0/ports/6c8bebc0-12c3-4008-84b0-e347967a1595 => generated 953 bytes in 35 msecs (HTTP/1.1 200) 4 headers in 157 bytes (1 switches on core 0)
2026-07-01 08:44:11.886 7 INFO neutron_taas.services.taas.taas_plugin [None req-bcf92633-f361-4322-a42b-0ffa9a024cb0 ff565e2ea7b1461bafe5cf2f7d3766ec ab271dc08a974e4b93ca8a9a2a9b7dd6 - - default default] TaaS: Handle Delete Port: 1a6a9166-c169-4620-b6cb-0326ead36c61
2026-07-01 08:44:11.889 7 INFO neutron_taas.services.taas.tap_mirror_plugin [None req-bcf92633-f361-4322-a42b-0ffa9a024cb0 ff565e2ea7b1461bafe5cf2f7d3766ec ab271dc08a974e4b93ca8a9a2a9b7dd6 - - default default] Tap Mirror: Handle Delete Port: 1a6a9166-c169-4620-b6cb-0326ead36c61 [pid: 7|app: 0|req: 787/1590] 10.0.0.248 () {32 vars in 719 bytes} [Wed Jul 1 08:44:11 2026] DELETE /v2.0/ports/1a6a9166-c169-4620-b6cb-0326ead36c61 => generated 0 bytes in 266 msecs (HTTP/1.1 204) 3 headers in 131 bytes (1 switches on core 0) [pid: 7|app: 0|req: 788/1591] 10.0.0.248 () {32 vars in 642 bytes} [Wed Jul 1 08:44:12 2026] GET /v2.0/ports => generated 1523 bytes in 47 msecs (HTTP/1.1 200) 4 headers in 158 bytes (1 switches on core 0)
2026-07-01 08:44:12.154 8 INFO neutron.db.ovn_revision_numbers_db [None req-c6f08c0d-13f7-4a7e-82ac-af62a8bf9960 e0efe2fbceb24d90a948a6a692559b16 b2aa9d6c3650431eb442e381cb765197 - - default default] Successfully bumped revision number for resource e3386b4f-d918-4d62-bbcd-a16c4f9ea0af (type: router_ports) to 1 [pid: 8|app: 0|req: 804/1592] 10.0.0.248 () {34 vars in 782 bytes} [Wed Jul 1 08:44:07 2026] PUT /v2.0/routers/cd02ab30-ab09-4211-b620-2a05a5c82b73/add_router_interface => generated 309 bytes in 4250 msecs (HTTP/1.1 200) 4 headers in 157 bytes (1 switches on core 0)
2026-07-01 08:44:12.186 7 INFO neutron.db.segments_db [None req-644a646c-9194-4196-8430-fb4e6327781f ff565e2ea7b1461bafe5cf2f7d3766ec ab271dc08a974e4b93ca8a9a2a9b7dd6 - - default default] Added segment 1bd57973-8725-4bad-8a18-024af601755b of type geneve for network 457aed4a-c964-4cbd-b65a-671e622711fe
2026-07-01 08:44:12.236 8 INFO neutron.db.ovn_revision_numbers_db [None req-43c30dd6-b943-4fb5-9a07-95fd7e0899d5 - - - - - -] Successfully bumped revision number for resource e3386b4f-d918-4d62-bbcd-a16c4f9ea0af (type: ports) to 2
2026-07-01 08:44:12.330 7 INFO neutron.db.ovn_revision_numbers_db [None req-644a646c-9194-4196-8430-fb4e6327781f ff565e2ea7b1461bafe5cf2f7d3766ec ab271dc08a974e4b93ca8a9a2a9b7dd6 - - default default] Successfully bumped revision number for resource 457aed4a-c964-4cbd-b65a-671e622711fe (type: networks) to 1
2026-07-01 08:44:12.519 7 WARNING neutron.scheduler.dhcp_agent_scheduler [None req-644a646c-9194-4196-8430-fb4e6327781f ff565e2ea7b1461bafe5cf2f7d3766ec ab271dc08a974e4b93ca8a9a2a9b7dd6 - - default default] No more DHCP agents
2026-07-01 08:44:12.520 7 WARNING neutron.api.rpc.agentnotifiers.dhcp_rpc_agent_api [None req-644a646c-9194-4196-8430-fb4e6327781f ff565e2ea7b1461bafe5cf2f7d3766ec ab271dc08a974e4b93ca8a9a2a9b7dd6 - - default default] Unable to schedule network 457aed4a-c964-4cbd-b65a-671e622711fe: no agents available; will retry on subsequent port and subnet creation events.
2026-07-01 08:44:12.608 7 INFO neutron.db.ovn_revision_numbers_db [None req-644a646c-9194-4196-8430-fb4e6327781f ff565e2ea7b1461bafe5cf2f7d3766ec ab271dc08a974e4b93ca8a9a2a9b7dd6 - - default default] Successfully bumped revision number for resource cc456d51-b359-4a99-94d3-f9a276fa5d7d (type: ports) to 1 [pid: 7|app: 0|req: 789/1593] 10.0.0.248 () {34 vars in 669 bytes} [Wed Jul 1 08:44:12 2026] POST /v2.0/networks => generated 688 bytes in 543 msecs (HTTP/1.1 201) 4 headers in 162 bytes (1 switches on core 0)
2026-07-01 08:44:12.724 8 INFO neutron.db.segments_db [None req-e7ea9f92-27ec-40fd-b211-2cbf999645b4 ff565e2ea7b1461bafe5cf2f7d3766ec ab271dc08a974e4b93ca8a9a2a9b7dd6 - - default default] Added segment 1cbb9830-dc10-4df1-9397-d644b217dd76 of type geneve for network f9fd93ee-88a4-4020-8c6d-9f9c45bdf26e [pid: 7|app: 0|req: 790/1594] 10.0.0.248 () {32 vars in 716 bytes} [Wed Jul 1 08:44:12 2026] GET /v2.0/ports/6c8bebc0-12c3-4008-84b0-e347967a1595 => generated 953 bytes in 40 msecs (HTTP/1.1 200) 4 headers in 157 bytes (1 switches on core 0)
2026-07-01 08:44:12.850 8 INFO neutron.db.ovn_revision_numbers_db [None req-e7ea9f92-27ec-40fd-b211-2cbf999645b4 ff565e2ea7b1461bafe5cf2f7d3766ec ab271dc08a974e4b93ca8a9a2a9b7dd6 - - default default] Successfully bumped revision number for resource f9fd93ee-88a4-4020-8c6d-9f9c45bdf26e (type: networks) to 1
2026-07-01 08:44:12.955 7 INFO neutron.db.ovn_revision_numbers_db [None req-331366d6-5967-404b-a0da-14135135853f 96be06b155464bd1b1dbec1948c17b0a ae6b4b351c0f4596a25ae5e714454e27 - - default default] Successfully bumped revision number for resource 1d22370f-a727-44b5-837d-20bfcce0582c (type: security_groups) to 1
2026-07-01 08:44:12.965 7 INFO neutron.db.ovn_revision_numbers_db [None req-331366d6-5967-404b-a0da-14135135853f 96be06b155464bd1b1dbec1948c17b0a ae6b4b351c0f4596a25ae5e714454e27 - - default default] Successfully bumped revision number for resource 18a104d8-73b0-41b0-9d44-d48054086e99 (type: security_group_rules) to 0
2026-07-01 08:44:12.976 7 INFO neutron.db.ovn_revision_numbers_db [None req-331366d6-5967-404b-a0da-14135135853f 96be06b155464bd1b1dbec1948c17b0a ae6b4b351c0f4596a25ae5e714454e27 - - default default] Successfully bumped revision number for resource 1f947577-bab1-4652-9691-41dc28cf9948 (type: security_group_rules) to 0 [pid: 7|app: 0|req: 791/1595] 10.0.0.248 () {34 vars in 684 bytes} [Wed Jul 1 08:44:12 2026] POST /v2.0/security-groups => generated 1673 bytes in 191 msecs (HTTP/1.1 201) 4 headers in 163 bytes (1 switches on core 0)
2026-07-01 08:44:13.043 8 WARNING neutron.scheduler.dhcp_agent_scheduler [None req-e7ea9f92-27ec-40fd-b211-2cbf999645b4 ff565e2ea7b1461bafe5cf2f7d3766ec ab271dc08a974e4b93ca8a9a2a9b7dd6 - - default default] No more DHCP agents
2026-07-01 08:44:13.045 8 WARNING neutron.api.rpc.agentnotifiers.dhcp_rpc_agent_api [None req-e7ea9f92-27ec-40fd-b211-2cbf999645b4 ff565e2ea7b1461bafe5cf2f7d3766ec ab271dc08a974e4b93ca8a9a2a9b7dd6 - - default default] Unable to schedule network f9fd93ee-88a4-4020-8c6d-9f9c45bdf26e: no agents available; will retry on subsequent port and subnet creation events.
2026-07-01 08:44:13.140 8 INFO neutron.db.ovn_revision_numbers_db [None req-e7ea9f92-27ec-40fd-b211-2cbf999645b4 ff565e2ea7b1461bafe5cf2f7d3766ec ab271dc08a974e4b93ca8a9a2a9b7dd6 - - default default] Successfully bumped revision number for resource 870e600e-fd32-4594-9a15-327e2198cde6 (type: ports) to 1
2026-07-01 08:44:13.170 7 INFO neutron.db.ovn_revision_numbers_db [None req-5056f7d1-72e9-4e6b-b5ac-b2c2e03f1dff 96be06b155464bd1b1dbec1948c17b0a ae6b4b351c0f4596a25ae5e714454e27 - - default default] Successfully bumped revision number for resource 3b8c0986-53e4-4440-bc52-d53fdc87de22 (type: security_group_rules) to 0 [pid: 8|app: 0|req: 805/1596] 10.0.0.248 () {34 vars in 669 bytes} [Wed Jul 1 08:44:12 2026] POST /v2.0/networks => generated 688 bytes in 535 msecs (HTTP/1.1 201) 4 headers in 162 bytes (1 switches on core 0) [pid: 7|app: 0|req: 792/1597] 10.0.0.248 () {34 vars in 694 bytes} [Wed Jul 1 08:44:13 2026] POST /v2.0/security-group-rules => generated 597 bytes in 200 msecs (HTTP/1.1 201) 4 headers in 162 bytes (1 switches on core 0)
2026-07-01 08:44:13.283 7 WARNING neutron.plugins.ml2.drivers.ovn.mech_driver.ovsdb.ovn_client [None req-ff60ce8d-1650-4fa4-9a85-caa12903353b - - - - - -] No hosting information found for port 52bc3393-8b65-4b82-8575-a41d86ef67e0: RuntimeError: No hosting information found for port 52bc3393-8b65-4b82-8575-a41d86ef67e0
2026-07-01 08:44:13.426 7 INFO neutron.db.ovn_revision_numbers_db [None req-ff60ce8d-1650-4fa4-9a85-caa12903353b - - - - - -] Successfully bumped revision number for resource 52bc3393-8b65-4b82-8575-a41d86ef67e0 (type: router_ports) to 2
2026-07-01 08:44:13.453 7 INFO neutron.db.ovn_revision_numbers_db [None req-8a68ddcf-3dac-4139-8ce1-acede23b8bb0 96be06b155464bd1b1dbec1948c17b0a ae6b4b351c0f4596a25ae5e714454e27 - - default default] Successfully bumped revision number for resource 4fee713f-099b-4b19-835b-2df532e875a6 (type: security_group_rules) to 0
2026-07-01 08:44:13.482 7 INFO neutron.plugins.ml2.drivers.ovn.mech_driver.mech_driver [None req-ff60ce8d-1650-4fa4-9a85-caa12903353b - - - - - -] OVN reports status down for port: 1a6a9166-c169-4620-b6cb-0326ead36c61
2026-07-01 08:44:13.492 7 INFO neutron.plugins.ml2.drivers.ovn.mech_driver.mech_driver [None req-ff60ce8d-1650-4fa4-9a85-caa12903353b - - - - - -] OVN reports status down for port: 6c8bebc0-12c3-4008-84b0-e347967a1595 [pid: 7|app: 0|req: 793/1598] 10.0.0.248 () {34 vars in 694 bytes} [Wed Jul 1 08:44:13 2026] POST /v2.0/security-group-rules => generated 596 bytes in 285 msecs (HTTP/1.1 201) 4 headers in 162 bytes (1 switches on core 0)
2026-07-01 08:44:13.532 8 WARNING neutron.scheduler.dhcp_agent_scheduler [None req-41d10681-aa88-4fcf-a983-762595f1cd14 ff565e2ea7b1461bafe5cf2f7d3766ec ab271dc08a974e4b93ca8a9a2a9b7dd6 - - default default] No more DHCP agents
2026-07-01 08:44:13.534 8 WARNING neutron.api.rpc.agentnotifiers.dhcp_rpc_agent_api [None req-41d10681-aa88-4fcf-a983-762595f1cd14 ff565e2ea7b1461bafe5cf2f7d3766ec ab271dc08a974e4b93ca8a9a2a9b7dd6 - - default default] Unable to schedule network 457aed4a-c964-4cbd-b65a-671e622711fe: no agents available; will retry on subsequent port and subnet creation events.
2026-07-01 08:44:13.581 7 WARNING neutron.plugins.ml2.drivers.ovn.mech_driver.ovsdb.ovn_client [None req-ff60ce8d-1650-4fa4-9a85-caa12903353b - - - - - -] Logical_Switch_Port 6c8bebc0-12c3-4008-84b0-e347967a1595 host information not removed, the port state is up
2026-07-01 08:44:13.583 7 INFO neutron.plugins.ml2.drivers.ovn.mech_driver.mech_driver [None req-ff60ce8d-1650-4fa4-9a85-caa12903353b - - - - - -] OVN reports status up for port: 6c8bebc0-12c3-4008-84b0-e347967a1595
2026-07-01 08:44:13.598 7 INFO neutron.plugins.ml2.plugin [None req-ff60ce8d-1650-4fa4-9a85-caa12903353b - - - - - -] Attempt 1 to provision port 6c8bebc0-12c3-4008-84b0-e347967a1595
2026-07-01 08:44:13.729 7 INFO neutron.db.ovn_revision_numbers_db [None req-1888b137-b8be-4b01-a21e-20d2b2b4c753 96be06b155464bd1b1dbec1948c17b0a ae6b4b351c0f4596a25ae5e714454e27 - - default default] Successfully bumped revision number for resource 78c08dee-f5e8-4059-b2a4-40a8dff1616a (type: security_group_rules) to 0 [pid: 7|app: 0|req: 794/1599] 10.0.0.248 () {34 vars in 694 bytes} [Wed Jul 1 08:44:13 2026] POST /v2.0/security-group-rules => generated 602 bytes in 278 msecs (HTTP/1.1 201) 4 headers in 162 bytes (1 switches on core 0)
2026-07-01 08:44:13.997 8 INFO neutron.db.ovn_revision_numbers_db [None req-8a5342e8-9191-4815-b9b9-1a461b0926db - - - - - -] Successfully bumped revision number for resource cc456d51-b359-4a99-94d3-f9a276fa5d7d (type: ports) to 2
2026-07-01 08:44:14.027 8 INFO neutron.db.ovn_revision_numbers_db [None req-8a5342e8-9191-4815-b9b9-1a461b0926db - - - - - -] Successfully bumped revision number for resource 8f02e712-adaf-4097-b839-888bb4f41f6a (type: subnets) to 0
2026-07-01 08:44:14.044 7 INFO neutron.db.ovn_revision_numbers_db [None req-41e82e70-4bc8-4b02-9e2e-a4e1155eeba0 96be06b155464bd1b1dbec1948c17b0a ae6b4b351c0f4596a25ae5e714454e27 - - default default] Successfully bumped revision number for resource e6faa793-4c2c-40da-b7e1-c206082cd949 (type: security_group_rules) to 0
2026-07-01 08:44:14.054 8 WARNING neutron.scheduler.dhcp_agent_scheduler [None req-41d10681-aa88-4fcf-a983-762595f1cd14 ff565e2ea7b1461bafe5cf2f7d3766ec ab271dc08a974e4b93ca8a9a2a9b7dd6 - - default default] No more DHCP agents
2026-07-01 08:44:14.056 8 WARNING neutron.api.rpc.agentnotifiers.dhcp_rpc_agent_api [None req-41d10681-aa88-4fcf-a983-762595f1cd14 ff565e2ea7b1461bafe5cf2f7d3766ec ab271dc08a974e4b93ca8a9a2a9b7dd6 - - default default] Unable to schedule network f9fd93ee-88a4-4020-8c6d-9f9c45bdf26e: no agents available; will retry on subsequent port and subnet creation events. [pid: 7|app: 0|req: 795/1600] 10.0.0.248 () {34 vars in 694 bytes} [Wed Jul 1 08:44:13 2026] POST /v2.0/security-group-rules => generated 601 bytes in 301 msecs (HTTP/1.1 201) 4 headers in 162 bytes (1 switches on core 0) [pid: 7|app: 0|req: 796/1601] 10.0.0.248 () {32 vars in 716 bytes} [Wed Jul 1 08:44:14 2026] GET /v2.0/ports/6c8bebc0-12c3-4008-84b0-e347967a1595 => generated 955 bytes in 71 msecs (HTTP/1.1 200) 4 headers in 157 bytes (1 switches on core 0)
2026-07-01 08:44:14.242 7 INFO neutron.db.securitygroups_db [None req-8b834773-6481-447f-a4dc-18dab533e243 96be06b155464bd1b1dbec1948c17b0a ae6b4b351c0f4596a25ae5e714454e27 - - default default] Project ae6b4b351c0f4596a25ae5e714454e27 added a security group rule with legacy IPv6 ICMP protocol name icmp, ipv6-icmp should be used instead. It was automatically converted.
2026-07-01 08:44:14.247 7 INFO neutron.db.ovn_revision_numbers_db [None req-ff60ce8d-1650-4fa4-9a85-caa12903353b - - - - - -] Successfully bumped revision number for resource 6c8bebc0-12c3-4008-84b0-e347967a1595 (type: ports) to 2
2026-07-01 08:44:14.418 7 INFO neutron.db.ovn_revision_numbers_db [None req-8b834773-6481-447f-a4dc-18dab533e243 96be06b155464bd1b1dbec1948c17b0a ae6b4b351c0f4596a25ae5e714454e27 - - default default] Successfully bumped revision number for resource 02e2052f-8c9b-4adb-845c-6d0c4bae2722 (type: security_group_rules) to 0 [pid: 7|app: 0|req: 797/1602] 10.0.0.248 () {34 vars in 694 bytes} [Wed Jul 1 08:44:14 2026] POST /v2.0/security-group-rules => generated 607 bytes in 283 msecs (HTTP/1.1 201) 4 headers in 162 bytes (1 switches on core 0)
2026-07-01 08:44:14.581 8 INFO neutron.db.ovn_revision_numbers_db [None req-badf7f1e-d042-41fd-b5d7-4b706b8a0f01 - - - - - -] Successfully bumped revision number for resource 870e600e-fd32-4594-9a15-327e2198cde6 (type: ports) to 2
2026-07-01 08:44:14.620 8 INFO neutron.db.ovn_revision_numbers_db [None req-badf7f1e-d042-41fd-b5d7-4b706b8a0f01 - - - - - -] Successfully bumped revision number for resource 5572c6af-a895-4872-9bda-33a400999d11 (type: subnets) to 0 [pid: 8|app: 0|req: 806/1603] 10.0.0.248 () {34 vars in 668 bytes} [Wed Jul 1 08:44:13 2026] POST /v2.0/subnets => generated 1274 bytes in 1431 msecs (HTTP/1.1 201) 4 headers in 163 bytes (1 switches on core 0)
2026-07-01 08:44:14.688 8 INFO neutron.db.securitygroups_db [None req-c9a6628f-b58b-4676-9425-0ee538c1358c 96be06b155464bd1b1dbec1948c17b0a ae6b4b351c0f4596a25ae5e714454e27 - - default default] Project ae6b4b351c0f4596a25ae5e714454e27 added a security group rule with legacy IPv6 ICMP protocol name icmp, ipv6-icmp should be used instead. It was automatically converted.
2026-07-01 08:44:14.742 7 INFO neutron_taas.services.taas.taas_plugin [None req-73c96d1a-c3aa-44dc-87a5-91b5742ad694 02e86ddb4fde4f04aab634271d0a9f06 ecde2f4aa25f4d0abb62962f11e6e3c1 - - default default] TaaS: Handle Delete Port: 6c8bebc0-12c3-4008-84b0-e347967a1595
2026-07-01 08:44:14.746 7 INFO neutron_taas.services.taas.tap_mirror_plugin [None req-73c96d1a-c3aa-44dc-87a5-91b5742ad694 02e86ddb4fde4f04aab634271d0a9f06 ecde2f4aa25f4d0abb62962f11e6e3c1 - - default default] Tap Mirror: Handle Delete Port: 6c8bebc0-12c3-4008-84b0-e347967a1595
2026-07-01 08:44:14.816 8 INFO neutron.db.ovn_revision_numbers_db [None req-c9a6628f-b58b-4676-9425-0ee538c1358c 96be06b155464bd1b1dbec1948c17b0a ae6b4b351c0f4596a25ae5e714454e27 - - default default] Successfully bumped revision number for resource 9a297d26-77c4-4dc6-9208-c0e90afa33aa (type: security_group_rules) to 0 [pid: 8|app: 0|req: 807/1604] 10.0.0.248 () {34 vars in 694 bytes} [Wed Jul 1 08:44:14 2026] POST /v2.0/security-group-rules => generated 606 bytes in 210 msecs (HTTP/1.1 201) 4 headers in 162 bytes (1 switches on core 0) [pid: 8|app: 0|req: 808/1605] 10.0.0.248 () {32 vars in 646 bytes} [Wed Jul 1 08:44:14 2026] GET /v2.0/subnets => generated 1910 bytes in 61 msecs (HTTP/1.1 200) 4 headers in 158 bytes (1 switches on core 0) [pid: 7|app: 0|req: 798/1606] 10.0.0.248 () {34 vars in 788 bytes} [Wed Jul 1 08:44:14 2026] PUT /v2.0/routers/ac805213-c144-491e-89c7-864128da4c5a/remove_router_interface => generated 309 bytes in 636 msecs (HTTP/1.1 200) 4 headers in 157 bytes (1 switches on core 0) /var/lib/openstack/lib/python3.12/site-packages/pycadf/identifier.py:70: UserWarning: Invalid uuid: neutron. To ensure interoperability, identifiers should be a valid uuid. warnings.warn(('Invalid uuid: %s. To ensure interoperability, ' [pid: 8|app: 0|req: 809/1607] 10.0.0.248 () {32 vars in 723 bytes} [Wed Jul 1 08:44:14 2026] DELETE /v2.0/subnets/8f02e712-adaf-4097-b839-888bb4f41f6a => generated 0 bytes in 190 msecs (HTTP/1.1 204) 3 headers in 131 bytes (1 switches on core 0) [pid: 7|app: 0|req: 799/1608] 10.0.0.248 () {32 vars in 716 bytes} [Wed Jul 1 08:44:15 2026] GET /v2.0/ports/52bc3393-8b65-4b82-8575-a41d86ef67e0 => generated 947 bytes in 75 msecs (HTTP/1.1 200) 4 headers in 157 bytes (1 switches on core 0) [pid: 8|app: 0|req: 810/1609] 10.0.0.248 () {32 vars in 723 bytes} [Wed Jul 1 08:44:15 2026] DELETE /v2.0/subnets/5572c6af-a895-4872-9bda-33a400999d11 => generated 0 bytes in 181 msecs (HTTP/1.1 204) 3 headers in 131 bytes (1 switches on core 0)
2026-07-01 08:44:15.424 8 INFO neutron.db.ovn_revision_numbers_db [None req-5ff89ee8-75a2-416c-8cda-bc3ae10c28e0 96be06b155464bd1b1dbec1948c17b0a ae6b4b351c0f4596a25ae5e714454e27 - - default default] Successfully bumped revision number for resource 39d31d52-7a55-4e1c-bea1-2dce24843026 (type: security_groups) to 1
2026-07-01 08:44:15.440 8 INFO neutron.db.ovn_revision_numbers_db [None req-5ff89ee8-75a2-416c-8cda-bc3ae10c28e0 96be06b155464bd1b1dbec1948c17b0a ae6b4b351c0f4596a25ae5e714454e27 - - default default] Successfully bumped revision number for resource 2f9c3346-7e08-44d1-bfa2-92e5c8940fa2 (type: security_group_rules) to 0
2026-07-01 08:44:15.457 8 INFO neutron.db.ovn_revision_numbers_db [None req-5ff89ee8-75a2-416c-8cda-bc3ae10c28e0 96be06b155464bd1b1dbec1948c17b0a ae6b4b351c0f4596a25ae5e714454e27 - - default default] Successfully bumped revision number for resource e0705483-2914-4789-a99c-83e80e7a3440 (type: security_group_rules) to 0 [pid: 8|app: 0|req: 811/1610] 10.0.0.248 () {34 vars in 684 bytes} [Wed Jul 1 08:44:15 2026] POST /v2.0/security-groups => generated 1660 bytes in 203 msecs (HTTP/1.1 201) 4 headers in 163 bytes (1 switches on core 0)
2026-07-01 08:44:15.500 7 INFO neutron_taas.services.taas.taas_plugin [None req-5976191d-c5e4-4ce6-ab79-e82cc260644b 02e86ddb4fde4f04aab634271d0a9f06 ecde2f4aa25f4d0abb62962f11e6e3c1 - - default default] TaaS: Handle Delete Port: 52bc3393-8b65-4b82-8575-a41d86ef67e0
2026-07-01 08:44:15.506 7 INFO neutron_taas.services.taas.tap_mirror_plugin [None req-5976191d-c5e4-4ce6-ab79-e82cc260644b 02e86ddb4fde4f04aab634271d0a9f06 ecde2f4aa25f4d0abb62962f11e6e3c1 - - default default] Tap Mirror: Handle Delete Port: 52bc3393-8b65-4b82-8575-a41d86ef67e0 [pid: 8|app: 0|req: 812/1611] 10.0.0.248 () {32 vars in 646 bytes} [Wed Jul 1 08:44:15 2026] GET /v2.0/subnets => generated 649 bytes in 22 msecs (HTTP/1.1 200) 4 headers in 157 bytes (1 switches on core 0)
2026-07-01 08:44:15.623 8 INFO neutron.db.ovn_revision_numbers_db [None req-0547c5c4-41cc-44ca-9c80-444c9cd0e92c 96be06b155464bd1b1dbec1948c17b0a ae6b4b351c0f4596a25ae5e714454e27 - - default default] Successfully bumped revision number for resource f62d44e9-d606-4c18-95cd-59b05576763c (type: security_group_rules) to 0 [pid: 8|app: 0|req: 813/1612] 10.0.0.248 () {34 vars in 694 bytes} [Wed Jul 1 08:44:15 2026] POST /v2.0/security-group-rules => generated 597 bytes in 143 msecs (HTTP/1.1 201) 4 headers in 162 bytes (1 switches on core 0)
2026-07-01 08:44:15.780 8 INFO neutron_taas.services.taas.taas_plugin [None req-04b6a6ce-a064-4aea-bae6-3a31dd78f7b0 ff565e2ea7b1461bafe5cf2f7d3766ec ab271dc08a974e4b93ca8a9a2a9b7dd6 - - default default] TaaS: Handle Delete Port: 870e600e-fd32-4594-9a15-327e2198cde6
2026-07-01 08:44:15.783 8 INFO neutron_taas.services.taas.tap_mirror_plugin [None req-04b6a6ce-a064-4aea-bae6-3a31dd78f7b0 ff565e2ea7b1461bafe5cf2f7d3766ec ab271dc08a974e4b93ca8a9a2a9b7dd6 - - default default] Tap Mirror: Handle Delete Port: 870e600e-fd32-4594-9a15-327e2198cde6 [pid: 7|app: 0|req: 800/1613] 10.0.0.248 () {34 vars in 788 bytes} [Wed Jul 1 08:44:15 2026] PUT /v2.0/routers/ac805213-c144-491e-89c7-864128da4c5a/remove_router_interface => generated 309 bytes in 633 msecs (HTTP/1.1 200) 4 headers in 157 bytes (1 switches on core 0) /var/lib/openstack/lib/python3.12/site-packages/pycadf/identifier.py:70: UserWarning: Invalid uuid: neutron. To ensure interoperability, identifiers should be a valid uuid. warnings.warn(('Invalid uuid: %s. To ensure interoperability, '
2026-07-01 08:44:15.965 7 INFO neutron.db.ovn_revision_numbers_db [None req-03bfc1ee-b885-4ce9-9d8b-cd2f6645f13d 96be06b155464bd1b1dbec1948c17b0a ae6b4b351c0f4596a25ae5e714454e27 - - default default] Successfully bumped revision number for resource 6b58535f-44c6-471c-9e80-24401e8d9339 (type: security_group_rules) to 0
2026-07-01 08:44:15.984 8 INFO neutron.services.segments.plugin [-] Segment 1cbb9830-dc10-4df1-9397-d644b217dd76 resource provider aggregate not found
2026-07-01 08:44:15.988 8 INFO neutron.services.segments.plugin [-] Segment 1cbb9830-dc10-4df1-9397-d644b217dd76 resource provider aggregate not found [pid: 7|app: 0|req: 801/1614] 10.0.0.248 () {34 vars in 694 bytes} [Wed Jul 1 08:44:15 2026] POST /v2.0/security-group-rules => generated 602 bytes in 182 msecs (HTTP/1.1 201) 4 headers in 162 bytes (1 switches on core 0)
2026-07-01 08:44:16.005 8 INFO neutron.services.segments.plugin [-] Segment 1cbb9830-dc10-4df1-9397-d644b217dd76 resource provider not found; error: Placement Client Error (4xx): {"errors": [{"status": 404, "title": "Not Found", "detail": "The resource could not be found.\n\n No resource provider with uuid 1cbb9830-dc10-4df1-9397-d644b217dd76 found for delete ", "request_id": "req-2462a280-7279-4401-9c47-a661a4f89e15"}]}
2026-07-01 08:44:16.008 8 INFO neutron.services.segments.plugin [-] Segment 1cbb9830-dc10-4df1-9397-d644b217dd76 resource provider not found; error: Placement Client Error (4xx): {"errors": [{"status": 404, "title": "Not Found", "detail": "The resource could not be found.\n\n No resource provider with uuid 1cbb9830-dc10-4df1-9397-d644b217dd76 found for delete ", "request_id": "req-87605c87-d5a5-4a93-a1ae-aef4fffff66e"}]} [pid: 7|app: 0|req: 802/1615] 10.0.0.248 () {32 vars in 735 bytes} [Wed Jul 1 08:44:15 2026] GET /v2.0/ports?device_id=ac805213-c144-491e-89c7-864128da4c5a => generated 12 bytes in 26 msecs (HTTP/1.1 200) 4 headers in 156 bytes (1 switches on core 0) [pid: 8|app: 0|req: 814/1616] 10.0.0.248 () {32 vars in 725 bytes} [Wed Jul 1 08:44:15 2026] DELETE /v2.0/networks/f9fd93ee-88a4-4020-8c6d-9f9c45bdf26e => generated 0 bytes in 373 msecs (HTTP/1.1 204) 3 headers in 131 bytes (1 switches on core 0)
2026-07-01 08:44:16.255 7 WARNING neutron.scheduler.dhcp_agent_scheduler [None req-72365f33-1b7a-4dae-ac43-8234c8ee3cf3 96be06b155464bd1b1dbec1948c17b0a ae6b4b351c0f4596a25ae5e714454e27 - - default default] No more DHCP agents
2026-07-01 08:44:16.256 7 WARNING neutron.api.rpc.agentnotifiers.dhcp_rpc_agent_api [None req-72365f33-1b7a-4dae-ac43-8234c8ee3cf3 96be06b155464bd1b1dbec1948c17b0a ae6b4b351c0f4596a25ae5e714454e27 - - default default] Unable to schedule network 22591cb1-1e45-46df-90d1-f940f3f73238: no agents available; will retry on subsequent port and subnet creation events. [pid: 8|app: 0|req: 815/1617] 10.0.0.248 () {32 vars in 723 bytes} [Wed Jul 1 08:44:16 2026] DELETE /v2.0/routers/ac805213-c144-491e-89c7-864128da4c5a => generated 0 bytes in 232 msecs (HTTP/1.1 204) 2 headers in 112 bytes (1 switches on core 0)
2026-07-01 08:44:16.414 8 INFO neutron_taas.services.taas.taas_plugin [None req-6e4a8534-5ae6-4eeb-8db7-3915661bf219 ff565e2ea7b1461bafe5cf2f7d3766ec ab271dc08a974e4b93ca8a9a2a9b7dd6 - - default default] TaaS: Handle Delete Port: cc456d51-b359-4a99-94d3-f9a276fa5d7d
2026-07-01 08:44:16.417 8 INFO neutron_taas.services.taas.tap_mirror_plugin [None req-6e4a8534-5ae6-4eeb-8db7-3915661bf219 ff565e2ea7b1461bafe5cf2f7d3766ec ab271dc08a974e4b93ca8a9a2a9b7dd6 - - default default] Tap Mirror: Handle Delete Port: cc456d51-b359-4a99-94d3-f9a276fa5d7d [pid: 7|app: 0|req: 803/1618] 10.0.0.248 () {34 vars in 675 bytes} [Wed Jul 1 08:44:16 2026] POST /v2.0/floatingips => generated 552 bytes in 577 msecs (HTTP/1.1 201) 4 headers in 162 bytes (1 switches on core 0) [pid: 8|app: 0|req: 816/1619] 10.0.0.248 () {32 vars in 725 bytes} [Wed Jul 1 08:44:16 2026] DELETE /v2.0/networks/457aed4a-c964-4cbd-b65a-671e622711fe => generated 0 bytes in 373 msecs (HTTP/1.1 204) 3 headers in 131 bytes (1 switches on core 0) [pid: 7|app: 0|req: 804/1620] 10.0.0.248 () {32 vars in 723 bytes} [Wed Jul 1 08:44:16 2026] DELETE /v2.0/subnets/e26c8fc2-cdfa-45e0-8e01-1571da1f5b4f => generated 0 bytes in 127 msecs (HTTP/1.1 204) 3 headers in 131 bytes (1 switches on core 0) [pid: 7|app: 0|req: 805/1621] 10.0.0.138 () {34 vars in 1097 bytes} [Wed Jul 1 08:44:16 2026] GET /v2.0/security-groups?name=tempest-securitygroup--273769680&fields=id&tenant_id=ae6b4b351c0f4596a25ae5e714454e27 => generated 69 bytes in 25 msecs (HTTP/1.1 200) 4 headers in 156 bytes (1 switches on core 0)
2026-07-01 08:44:16.757 8 INFO neutron_taas.services.taas.taas_plugin [None req-bfefba75-f593-4b0a-aeaa-191fad0335b8 ff565e2ea7b1461bafe5cf2f7d3766ec ab271dc08a974e4b93ca8a9a2a9b7dd6 - - default default] TaaS: Handle Delete Port: 48c6f2ff-b4c3-4caa-af03-5c815fd4f57b
2026-07-01 08:44:16.760 8 INFO neutron_taas.services.taas.tap_mirror_plugin [None req-bfefba75-f593-4b0a-aeaa-191fad0335b8 ff565e2ea7b1461bafe5cf2f7d3766ec ab271dc08a974e4b93ca8a9a2a9b7dd6 - - default default] Tap Mirror: Handle Delete Port: 48c6f2ff-b4c3-4caa-af03-5c815fd4f57b [pid: 7|app: 0|req: 806/1622] 10.0.0.248 () {32 vars in 723 bytes} [Wed Jul 1 08:44:16 2026] DELETE /v2.0/subnets/87550f1d-2bd6-437a-ab2b-8cb165efb2eb => generated 0 bytes in 119 msecs (HTTP/1.1 204) 3 headers in 131 bytes (1 switches on core 0) [pid: 7|app: 0|req: 807/1623] 10.0.0.138 () {34 vars in 1097 bytes} [Wed Jul 1 08:44:16 2026] GET /v2.0/security-groups?name=tempest-secgroup-smoke-643256169&fields=id&tenant_id=ae6b4b351c0f4596a25ae5e714454e27 => generated 69 bytes in 27 msecs (HTTP/1.1 200) 4 headers in 156 bytes (1 switches on core 0) [pid: 8|app: 0|req: 817/1624] 10.0.0.248 () {32 vars in 725 bytes} [Wed Jul 1 08:44:16 2026] DELETE /v2.0/networks/2097ca0e-8477-4c52-9abf-dba7a3b77e65 => generated 0 bytes in 327 msecs (HTTP/1.1 204) 3 headers in 131 bytes (1 switches on core 0) [pid: 8|app: 0|req: 818/1625] 10.0.0.138 () {34 vars in 981 bytes} [Wed Jul 1 08:44:16 2026] GET /v2.0/networks?id=326067ca-0722-4df4-8c10-7ad8be3a49fe => generated 711 bytes in 44 msecs (HTTP/1.1 200) 4 headers in 157 bytes (1 switches on core 0)
2026-07-01 08:44:17.017 7 INFO neutron_taas.services.taas.taas_plugin [None req-06b07e85-fb67-434f-ae96-0d749f95ce8f 02e86ddb4fde4f04aab634271d0a9f06 ecde2f4aa25f4d0abb62962f11e6e3c1 - - default default] TaaS: Handle Delete Port: 25b34afa-b48d-471e-a214-f1d1838fb132
2026-07-01 08:44:17.019 7 INFO neutron_taas.services.taas.tap_mirror_plugin [None req-06b07e85-fb67-434f-ae96-0d749f95ce8f 02e86ddb4fde4f04aab634271d0a9f06 ecde2f4aa25f4d0abb62962f11e6e3c1 - - default default] Tap Mirror: Handle Delete Port: 25b34afa-b48d-471e-a214-f1d1838fb132
2026-07-01 08:44:17.144 8 INFO neutron_taas.services.taas.taas_plugin [None req-332c483e-14e6-428c-b2ac-1a0a4b8457a6 ff565e2ea7b1461bafe5cf2f7d3766ec ab271dc08a974e4b93ca8a9a2a9b7dd6 - - default default] TaaS: Handle Delete Port: 729d9f61-2f19-4f3f-9d7d-b8578f2cb40e
2026-07-01 08:44:17.147 8 INFO neutron_taas.services.taas.tap_mirror_plugin [None req-332c483e-14e6-428c-b2ac-1a0a4b8457a6 ff565e2ea7b1461bafe5cf2f7d3766ec ab271dc08a974e4b93ca8a9a2a9b7dd6 - - default default] Tap Mirror: Handle Delete Port: 729d9f61-2f19-4f3f-9d7d-b8578f2cb40e
2026-07-01 08:44:17.197 7 INFO neutron.services.segments.plugin [-] Segment 99d2d7c3-62ef-4fb1-9eeb-5b85ce4feb24 resource provider aggregate not found
2026-07-01 08:44:17.206 7 INFO neutron.services.segments.plugin [-] Segment 99d2d7c3-62ef-4fb1-9eeb-5b85ce4feb24 resource provider aggregate not found
2026-07-01 08:44:17.228 7 INFO neutron.services.segments.plugin [-] Segment 99d2d7c3-62ef-4fb1-9eeb-5b85ce4feb24 resource provider not found; error: Placement Client Error (4xx): {"errors": [{"status": 404, "title": "Not Found", "detail": "The resource could not be found.\n\n No resource provider with uuid 99d2d7c3-62ef-4fb1-9eeb-5b85ce4feb24 found for delete ", "request_id": "req-de4196ff-3919-4082-a18d-9969d459b9a8"}]}
2026-07-01 08:44:17.229 7 INFO neutron.services.segments.plugin [-] Segment 99d2d7c3-62ef-4fb1-9eeb-5b85ce4feb24 resource provider not found; error: Placement Client Error (4xx): {"errors": [{"status": 404, "title": "Not Found", "detail": "The resource could not be found.\n\n No resource provider with uuid 99d2d7c3-62ef-4fb1-9eeb-5b85ce4feb24 found for delete ", "request_id": "req-edac67cf-2575-4fb0-8201-bd1828ef332a"}]} [pid: 7|app: 0|req: 808/1626] 10.0.0.248 () {32 vars in 725 bytes} [Wed Jul 1 08:44:16 2026] DELETE /v2.0/networks/670434cd-dc74-435f-ba74-1d47f9b902c3 => generated 0 bytes in 351 msecs (HTTP/1.1 204) 3 headers in 131 bytes (1 switches on core 0) [pid: 7|app: 0|req: 809/1627] 10.0.0.138 () {34 vars in 964 bytes} [Wed Jul 1 08:44:17 2026] GET /v2.0/quotas/ae6b4b351c0f4596a25ae5e714454e27 => generated 292 bytes in 11 msecs (HTTP/1.1 200) 4 headers in 157 bytes (1 switches on core 0) [pid: 7|app: 0|req: 810/1628] 10.0.0.194 () {34 vars in 989 bytes} [Wed Jul 1 08:44:17 2026] GET /v2.0/ports?device_id=95824f4e-257b-4612-b463-1752ae75e8fe => generated 1209 bytes in 32 msecs (HTTP/1.1 200) 4 headers in 158 bytes (1 switches on core 0)
2026-07-01 08:44:17.388 8 WARNING neutron.plugins.ml2.drivers.ovn.mech_driver.ovsdb.ovn_client [None req-a6a479e3-0db7-4e1e-82d1-37e0a66f5be5 - - - - - -] No hosting information found for port e3386b4f-d918-4d62-bbcd-a16c4f9ea0af: RuntimeError: No hosting information found for port e3386b4f-d918-4d62-bbcd-a16c4f9ea0af
2026-07-01 08:44:17.469 7 INFO neutron_taas.services.taas.taas_plugin [None req-9704d13f-47fb-4007-b273-e206305f5b58 02e86ddb4fde4f04aab634271d0a9f06 ecde2f4aa25f4d0abb62962f11e6e3c1 - - default default] TaaS: Handle Delete Port: d78d056c-fd78-4ac2-8ad8-933128c0672c
2026-07-01 08:44:17.473 7 INFO neutron_taas.services.taas.tap_mirror_plugin [None req-9704d13f-47fb-4007-b273-e206305f5b58 02e86ddb4fde4f04aab634271d0a9f06 ecde2f4aa25f4d0abb62962f11e6e3c1 - - default default] Tap Mirror: Handle Delete Port: d78d056c-fd78-4ac2-8ad8-933128c0672c [pid: 8|app: 0|req: 819/1629] 10.0.0.248 () {32 vars in 725 bytes} [Wed Jul 1 08:44:17 2026] DELETE /v2.0/networks/60ed8461-428c-4dfb-af12-98c1ffbe5c09 => generated 0 bytes in 518 msecs (HTTP/1.1 204) 3 headers in 131 bytes (1 switches on core 0)
2026-07-01 08:44:17.564 8 INFO neutron.db.ovn_revision_numbers_db [None req-a6a479e3-0db7-4e1e-82d1-37e0a66f5be5 - - - - - -] Successfully bumped revision number for resource e3386b4f-d918-4d62-bbcd-a16c4f9ea0af (type: router_ports) to 2
2026-07-01 08:44:17.662 8 INFO neutron.plugins.ml2.drivers.ovn.mech_driver.mech_driver [None req-a6a479e3-0db7-4e1e-82d1-37e0a66f5be5 - - - - - -] OVN reports status down for port: 870e600e-fd32-4594-9a15-327e2198cde6 [pid: 8|app: 0|req: 820/1630] 10.0.0.138 () {34 vars in 1001 bytes} [Wed Jul 1 08:44:17 2026] GET /v2.0/ports?tenant_id=ae6b4b351c0f4596a25ae5e714454e27&fields=id => generated 103 bytes in 144 msecs (HTTP/1.1 200) 4 headers in 157 bytes (1 switches on core 0) [pid: 8|app: 0|req: 821/1631] 10.0.0.194 () {34 vars in 1039 bytes} [Wed Jul 1 08:44:17 2026] GET /v2.0/security-groups?id=a934d061-8bfd-4030-85ec-570f8251b3bc&fields=id&fields=name => generated 114 bytes in 29 msecs (HTTP/1.1 200) 4 headers in 157 bytes (1 switches on core 0) [pid: 8|app: 0|req: 822/1632] 10.0.0.138 () {34 vars in 1007 bytes} [Wed Jul 1 08:44:17 2026] GET /v2.0/networks/326067ca-0722-4df4-8c10-7ad8be3a49fe?fields=segments => generated 14 bytes in 54 msecs (HTTP/1.1 200) 4 headers in 156 bytes (1 switches on core 0) [pid: 8|app: 0|req: 823/1633] 10.0.0.138 () {34 vars in 1107 bytes} [Wed Jul 1 08:44:17 2026] GET /v2.0/networks/326067ca-0722-4df4-8c10-7ad8be3a49fe?fields=provider%3Aphysical_network&fields=provider%3Anetwork_type => generated 79 bytes in 40 msecs (HTTP/1.1 200) 4 headers in 156 bytes (1 switches on core 0) [pid: 7|app: 0|req: 811/1634] 10.0.0.248 () {32 vars in 725 bytes} [Wed Jul 1 08:44:17 2026] DELETE /v2.0/networks/cd96ee70-000b-435c-ac34-9829dc56783c => generated 0 bytes in 618 msecs (HTTP/1.1 204) 3 headers in 131 bytes (1 switches on core 0)
2026-07-01 08:44:18.037 8 INFO neutron.services.segments.plugin [-] Segment 1bd57973-8725-4bad-8a18-024af601755b resource provider aggregate not found
2026-07-01 08:44:18.048 8 INFO neutron.services.segments.plugin [-] Segment 1bd57973-8725-4bad-8a18-024af601755b resource provider aggregate not found
2026-07-01 08:44:18.058 8 INFO neutron.services.segments.plugin [-] Segment 1bd57973-8725-4bad-8a18-024af601755b resource provider not found; error: Placement Client Error (4xx): {"errors": [{"status": 404, "title": "Not Found", "detail": "The resource could not be found.\n\n No resource provider with uuid 1bd57973-8725-4bad-8a18-024af601755b found for delete ", "request_id": "req-dfb5127f-4d21-44b9-89ae-fa97601851b1"}]} [pid: 7|app: 0|req: 812/1635] 10.0.0.138 () {34 vars in 989 bytes} [Wed Jul 1 08:44:18 2026] GET /v2.0/ports?device_id=e41ea11a-9663-4fc8-8169-92be8fa31f67 => generated 12 bytes in 21 msecs (HTTP/1.1 200) 4 headers in 156 bytes (1 switches on core 0)
2026-07-01 08:44:18.072 8 INFO neutron.services.segments.plugin [-] Segment 1bd57973-8725-4bad-8a18-024af601755b resource provider not found; error: Placement Client Error (4xx): {"errors": [{"status": 404, "title": "Not Found", "detail": "The resource could not be found.\n\n No resource provider with uuid 1bd57973-8725-4bad-8a18-024af601755b found for delete ", "request_id": "req-e5ec45cc-5777-4ebc-b813-22850716f7ef"}]}
2026-07-01 08:44:18.083 8 INFO neutron.services.segments.plugin [-] Segment d8930c4c-28cd-4645-9f71-17b468761974 resource provider aggregate not found
2026-07-01 08:44:18.093 8 INFO neutron.services.segments.plugin [-] Segment d8930c4c-28cd-4645-9f71-17b468761974 resource provider aggregate not found
2026-07-01 08:44:18.102 8 INFO neutron.services.segments.plugin [-] Segment d8930c4c-28cd-4645-9f71-17b468761974 resource provider not found; error: Placement Client Error (4xx): {"errors": [{"status": 404, "title": "Not Found", "detail": "The resource could not be found.\n\n No resource provider with uuid d8930c4c-28cd-4645-9f71-17b468761974 found for delete ", "request_id": "req-8bfb4007-9154-483f-b850-9b9675d810f4"}]}
2026-07-01 08:44:18.107 8 INFO neutron.services.segments.plugin [-] Segment d8930c4c-28cd-4645-9f71-17b468761974 resource provider not found; error: Placement Client Error (4xx): {"errors": [{"status": 404, "title": "Not Found", "detail": "The resource could not be found.\n\n No resource provider with uuid d8930c4c-28cd-4645-9f71-17b468761974 found for delete ", "request_id": "req-3febdbeb-1a4b-46cb-8142-391ed0dccced"}]}
2026-07-01 08:44:18.118 8 INFO neutron.services.segments.plugin [-] Segment 23883cf5-1a74-46d0-b237-3a1d2c90d70e resource provider aggregate not found
2026-07-01 08:44:18.119 8 INFO neutron.db.segments_db [None req-ecc8983c-f537-4450-8a11-ceb696e66a69 02e86ddb4fde4f04aab634271d0a9f06 ecde2f4aa25f4d0abb62962f11e6e3c1 - - default default] Added segment b3779466-e097-465d-9c2e-9a892e901718 of type geneve for network 3075f64e-aa52-45c4-8092-6e53e9aac720
2026-07-01 08:44:18.125 8 INFO neutron.services.segments.plugin [-] Segment 23883cf5-1a74-46d0-b237-3a1d2c90d70e resource provider aggregate not found
2026-07-01 08:44:18.141 8 INFO neutron.services.segments.plugin [-] Segment 23883cf5-1a74-46d0-b237-3a1d2c90d70e resource provider not found; error: Placement Client Error (4xx): {"errors": [{"status": 404, "title": "Not Found", "detail": "The resource could not be found.\n\n No resource provider with uuid 23883cf5-1a74-46d0-b237-3a1d2c90d70e found for delete ", "request_id": "req-3f1c17ed-7fa3-46fb-8293-02d66b83a3e6"}]}
2026-07-01 08:44:18.148 8 INFO neutron.services.segments.plugin [-] Segment 23883cf5-1a74-46d0-b237-3a1d2c90d70e resource provider not found; error: Placement Client Error (4xx): {"errors": [{"status": 404, "title": "Not Found", "detail": "The resource could not be found.\n\n No resource provider with uuid 23883cf5-1a74-46d0-b237-3a1d2c90d70e found for delete ", "request_id": "req-d92324a8-a8a1-4a53-930f-0a15e79fe79b"}]} [pid: 7|app: 0|req: 813/1636] 10.0.0.248 () {32 vars in 773 bytes} [Wed Jul 1 08:44:18 2026] GET /v2.0/security-groups?tenant_id=ab271dc08a974e4b93ca8a9a2a9b7dd6&name=default => generated 2925 bytes in 198 msecs (HTTP/1.1 200) 4 headers in 158 bytes (1 switches on core 0)
2026-07-01 08:44:18.411 8 INFO neutron.db.ovn_revision_numbers_db [None req-ecc8983c-f537-4450-8a11-ceb696e66a69 02e86ddb4fde4f04aab634271d0a9f06 ecde2f4aa25f4d0abb62962f11e6e3c1 - - default default] Successfully bumped revision number for resource 3075f64e-aa52-45c4-8092-6e53e9aac720 (type: networks) to 1
2026-07-01 08:44:18.645 8 WARNING neutron.scheduler.dhcp_agent_scheduler [None req-ecc8983c-f537-4450-8a11-ceb696e66a69 02e86ddb4fde4f04aab634271d0a9f06 ecde2f4aa25f4d0abb62962f11e6e3c1 - - default default] No more DHCP agents
2026-07-01 08:44:18.646 8 WARNING neutron.api.rpc.agentnotifiers.dhcp_rpc_agent_api [None req-ecc8983c-f537-4450-8a11-ceb696e66a69 02e86ddb4fde4f04aab634271d0a9f06 ecde2f4aa25f4d0abb62962f11e6e3c1 - - default default] Unable to schedule network 3075f64e-aa52-45c4-8092-6e53e9aac720: no agents available; will retry on subsequent port and subnet creation events.
2026-07-01 08:44:18.786 8 INFO neutron.plugins.ml2.drivers.ovn.mech_driver.mech_driver [None req-a6a479e3-0db7-4e1e-82d1-37e0a66f5be5 - - - - - -] OVN reports status down for port: 918fe173-9b21-4b03-a621-13b5b96276b7
2026-07-01 08:44:18.930 8 INFO neutron.db.ovn_revision_numbers_db [None req-ecc8983c-f537-4450-8a11-ceb696e66a69 02e86ddb4fde4f04aab634271d0a9f06 ecde2f4aa25f4d0abb62962f11e6e3c1 - - default default] Successfully bumped revision number for resource 918fe173-9b21-4b03-a621-13b5b96276b7 (type: ports) to 1 [pid: 7|app: 0|req: 814/1637] 10.0.0.248 () {32 vars in 739 bytes} [Wed Jul 1 08:44:18 2026] DELETE /v2.0/security-groups/9fe07584-18b1-44fe-94fe-6701571f26ce => generated 0 bytes in 668 msecs (HTTP/1.1 204) 2 headers in 112 bytes (1 switches on core 0) [pid: 8|app: 0|req: 824/1640] 10.0.0.248 () {34 vars in 669 bytes} [Wed Jul 1 08:44:17 2026] POST /v2.0/networks => generated 672 bytes in 1149 msecs (HTTP/1.1 201) 4 headers in 162 bytes (1 switches on core 0)
2026-07-01 08:44:19.394 8 WARNING neutron.scheduler.dhcp_agent_scheduler [None req-ebaac682-824c-4293-a8dc-bd344428e7a3 02e86ddb4fde4f04aab634271d0a9f06 ecde2f4aa25f4d0abb62962f11e6e3c1 - - default default] No more DHCP agents
2026-07-01 08:44:19.397 8 WARNING neutron.api.rpc.agentnotifiers.dhcp_rpc_agent_api [None req-ebaac682-824c-4293-a8dc-bd344428e7a3 02e86ddb4fde4f04aab634271d0a9f06 ecde2f4aa25f4d0abb62962f11e6e3c1 - - default default] Unable to schedule network 3075f64e-aa52-45c4-8092-6e53e9aac720: no agents available; will retry on subsequent port and subnet creation events.
2026-07-01 08:44:19.462 8 INFO neutron.db.ovn_revision_numbers_db [None req-ebaac682-824c-4293-a8dc-bd344428e7a3 02e86ddb4fde4f04aab634271d0a9f06 ecde2f4aa25f4d0abb62962f11e6e3c1 - - default default] Successfully bumped revision number for resource bac4c3d8-7bf0-4522-9bdb-a82f2c0a8f25 (type: subnets) to 0
2026-07-01 08:44:19.521 7 INFO neutron.services.segments.plugin [-] Segment 7af1f6d7-831a-40e8-9e8c-e57b2f73b7ef resource provider aggregate not found
2026-07-01 08:44:19.529 7 INFO neutron.services.segments.plugin [-] Segment 7af1f6d7-831a-40e8-9e8c-e57b2f73b7ef resource provider aggregate not found
2026-07-01 08:44:19.544 7 INFO neutron.services.segments.plugin [-] Segment 7af1f6d7-831a-40e8-9e8c-e57b2f73b7ef resource provider not found; error: Placement Client Error (4xx): {"errors": [{"status": 404, "title": "Not Found", "detail": "The resource could not be found.\n\n No resource provider with uuid 7af1f6d7-831a-40e8-9e8c-e57b2f73b7ef found for delete ", "request_id": "req-eb85b818-accc-4ee4-832c-a57cff7e9f92"}]}
2026-07-01 08:44:19.546 7 WARNING neutron.plugins.ml2.drivers.ovn.mech_driver.ovsdb.ovn_client [None req-e99b47b7-bfd5-4544-91b9-35832c454d67 - - - - - -] No port found with ID 6c8bebc0-12c3-4008-84b0-e347967a1595: RuntimeError: No port found with ID 6c8bebc0-12c3-4008-84b0-e347967a1595 [pid: 8|app: 0|req: 825/1641] 10.0.0.248 () {34 vars in 668 bytes} [Wed Jul 1 08:44:19 2026] POST /v2.0/subnets => generated 646 bytes in 477 msecs (HTTP/1.1 201) 4 headers in 162 bytes (1 switches on core 0)
2026-07-01 08:44:19.550 7 INFO neutron.services.segments.plugin [-] Segment 7af1f6d7-831a-40e8-9e8c-e57b2f73b7ef resource provider not found; error: Placement Client Error (4xx): {"errors": [{"status": 404, "title": "Not Found", "detail": "The resource could not be found.\n\n No resource provider with uuid 7af1f6d7-831a-40e8-9e8c-e57b2f73b7ef found for delete ", "request_id": "req-fb766a72-dbf5-459b-bc37-7369b4ba87c8"}]}
2026-07-01 08:44:19.562 7 INFO neutron.plugins.ml2.drivers.ovn.mech_driver.mech_driver [None req-e99b47b7-bfd5-4544-91b9-35832c454d67 - - - - - -] OVN reports status down for port: cc456d51-b359-4a99-94d3-f9a276fa5d7d [pid: 8|app: 0|req: 826/1642] 10.0.0.138 () {34 vars in 989 bytes} [Wed Jul 1 08:44:19 2026] GET /v2.0/ports?device_id=e41ea11a-9663-4fc8-8169-92be8fa31f67 => generated 12 bytes in 17 msecs (HTTP/1.1 200) 4 headers in 156 bytes (1 switches on core 0) [pid: 7|app: 0|req: 817/1643] 10.0.0.138 () {34 vars in 989 bytes} [Wed Jul 1 08:44:19 2026] GET /v2.0/ports?device_id=95824f4e-257b-4612-b463-1752ae75e8fe => generated 971 bytes in 598 msecs (HTTP/1.1 200) 4 headers in 157 bytes (1 switches on core 0) [pid: 7|app: 0|req: 818/1644] 10.0.0.138 () {34 vars in 1039 bytes} [Wed Jul 1 08:44:19 2026] GET /v2.0/security-groups?id=a934d061-8bfd-4030-85ec-570f8251b3bc&fields=id&fields=name => generated 114 bytes in 31 msecs (HTTP/1.1 200) 4 headers in 157 bytes (1 switches on core 0)
2026-07-01 08:44:19.865 8 INFO neutron.db.ovn_revision_numbers_db [None req-3802d3b3-78b0-4e0b-8c5a-0d1d210afc5d 02e86ddb4fde4f04aab634271d0a9f06 ecde2f4aa25f4d0abb62962f11e6e3c1 - - default default] Successfully bumped revision number for resource 9a885375-a189-406d-b016-f25feba077de (type: routers) to 1 [pid: 8|app: 0|req: 827/1645] 10.0.0.248 () {34 vars in 668 bytes} [Wed Jul 1 08:44:19 2026] POST /v2.0/routers => generated 607 bytes in 370 msecs (HTTP/1.1 201) 4 headers in 162 bytes (1 switches on core 0) [pid: 8|app: 0|req: 828/1646] 10.0.0.138 () {34 vars in 989 bytes} [Wed Jul 1 08:44:20 2026] GET /v2.0/ports?device_id=95824f4e-257b-4612-b463-1752ae75e8fe => generated 971 bytes in 96 msecs (HTTP/1.1 200) 4 headers in 157 bytes (1 switches on core 0) [pid: 8|app: 0|req: 829/1647] 10.0.0.138 () {34 vars in 1039 bytes} [Wed Jul 1 08:44:20 2026] GET /v2.0/security-groups?id=a934d061-8bfd-4030-85ec-570f8251b3bc&fields=id&fields=name => generated 114 bytes in 45 msecs (HTTP/1.1 200) 4 headers in 157 bytes (1 switches on core 0)
2026-07-01 08:44:20.494 7 WARNING neutron.scheduler.dhcp_agent_scheduler [None req-226d002b-8f67-405d-93b7-06cf28f9213b 02e86ddb4fde4f04aab634271d0a9f06 ecde2f4aa25f4d0abb62962f11e6e3c1 - - default default] No more DHCP agents
2026-07-01 08:44:20.495 7 WARNING neutron.api.rpc.agentnotifiers.dhcp_rpc_agent_api [None req-226d002b-8f67-405d-93b7-06cf28f9213b 02e86ddb4fde4f04aab634271d0a9f06 ecde2f4aa25f4d0abb62962f11e6e3c1 - - default default] Unable to schedule network 3075f64e-aa52-45c4-8092-6e53e9aac720: no agents available; will retry on subsequent port and subnet creation events. [pid: 8|app: 0|req: 830/1648] 10.0.0.138 () {34 vars in 989 bytes} [Wed Jul 1 08:44:20 2026] GET /v2.0/ports?device_id=e41ea11a-9663-4fc8-8169-92be8fa31f67 => generated 12 bytes in 52 msecs (HTTP/1.1 200) 4 headers in 156 bytes (1 switches on core 0)
2026-07-01 08:44:20.748 8 INFO neutron.plugins.ml2.drivers.ovn.mech_driver.mech_driver [None req-a6a479e3-0db7-4e1e-82d1-37e0a66f5be5 - - - - - -] OVN reports status down for port: dd7ba957-9cd9-4731-8dc7-78aa6e4c392e
2026-07-01 08:44:20.800 7 INFO neutron.db.ovn_revision_numbers_db [None req-226d002b-8f67-405d-93b7-06cf28f9213b 02e86ddb4fde4f04aab634271d0a9f06 ecde2f4aa25f4d0abb62962f11e6e3c1 - - default default] Successfully bumped revision number for resource dd7ba957-9cd9-4731-8dc7-78aa6e4c392e (type: ports) to 1 [pid: 7|app: 0|req: 819/1649] 10.0.0.248 () {34 vars in 664 bytes} [Wed Jul 1 08:44:19 2026] POST /v2.0/ports => generated 964 bytes in 1002 msecs (HTTP/1.1 201) 4 headers in 162 bytes (1 switches on core 0)
2026-07-01 08:44:21.063 7 INFO neutron.plugins.ml2.drivers.ovn.mech_driver.mech_driver [None req-e99b47b7-bfd5-4544-91b9-35832c454d67 - - - - - -] OVN reports status down for port: 35cc4d69-d959-43e6-a844-fdb452048f7a
2026-07-01 08:44:21.216 7 INFO neutron.notifiers.nova [-] Nova event matching ['req-b2abc808-25b2-488c-923a-ca5b3c0f6392'] response: {'server_uuid': '95824f4e-257b-4612-b463-1752ae75e8fe', 'name': 'network-vif-unplugged', 'status': 'completed', 'tag': '35cc4d69-d959-43e6-a844-fdb452048f7a', 'code': 200} /var/lib/openstack/lib/python3.12/site-packages/pycadf/identifier.py:70: UserWarning: Invalid uuid: neutron. To ensure interoperability, identifiers should be a valid uuid. warnings.warn(('Invalid uuid: %s. To ensure interoperability, '
2026-07-01 08:44:21.456 7 INFO neutron.db.ovn_revision_numbers_db [None req-e99b47b7-bfd5-4544-91b9-35832c454d67 - - - - - -] Successfully bumped revision number for resource 35cc4d69-d959-43e6-a844-fdb452048f7a (type: ports) to 8
2026-07-01 08:44:21.510 7 INFO neutron.db.ovn_revision_numbers_db [None req-5146087c-91e1-40a5-aaa6-1db8ba162212 f0be3d3e0919485bb8ec236d372c32e2 2d028a6bc76f4e0986f46f51d0541148 - - default default] Successfully bumped revision number for resource d86dc4a7-3ea7-4665-9963-aa7a02853b5c (type: security_groups) to 1
2026-07-01 08:44:21.511 8 INFO neutron.plugins.ml2.drivers.ovn.mech_driver.mech_driver [None req-a6a479e3-0db7-4e1e-82d1-37e0a66f5be5 - - - - - -] OVN reports status up for port: dd7ba957-9cd9-4731-8dc7-78aa6e4c392e
2026-07-01 08:44:21.531 8 INFO neutron.plugins.ml2.plugin [None req-a6a479e3-0db7-4e1e-82d1-37e0a66f5be5 - - - - - -] Attempt 1 to provision port dd7ba957-9cd9-4731-8dc7-78aa6e4c392e
2026-07-01 08:44:21.539 7 INFO neutron.db.ovn_revision_numbers_db [None req-5146087c-91e1-40a5-aaa6-1db8ba162212 f0be3d3e0919485bb8ec236d372c32e2 2d028a6bc76f4e0986f46f51d0541148 - - default default] Successfully bumped revision number for resource 2232187a-2587-4a87-83e4-db973c4e221a (type: security_group_rules) to 0
2026-07-01 08:44:21.565 7 INFO neutron.db.ovn_revision_numbers_db [None req-5146087c-91e1-40a5-aaa6-1db8ba162212 f0be3d3e0919485bb8ec236d372c32e2 2d028a6bc76f4e0986f46f51d0541148 - - default default] Successfully bumped revision number for resource 329a0711-da9b-4432-bbd0-c22baadc377e (type: security_group_rules) to 0
2026-07-01 08:44:21.574 8 INFO neutron.db.ovn_revision_numbers_db [None req-6505bb24-46df-4fd5-af55-47a4655f8c9c 02e86ddb4fde4f04aab634271d0a9f06 ecde2f4aa25f4d0abb62962f11e6e3c1 - - default default] Successfully bumped revision number for resource dd7ba957-9cd9-4731-8dc7-78aa6e4c392e (type: ports) to 2
2026-07-01 08:44:21.581 7 INFO neutron.db.ovn_revision_numbers_db [None req-5146087c-91e1-40a5-aaa6-1db8ba162212 f0be3d3e0919485bb8ec236d372c32e2 2d028a6bc76f4e0986f46f51d0541148 - - default default] Successfully bumped revision number for resource 3b210f6a-92dd-448f-85f9-0cd0309c2c88 (type: security_group_rules) to 0
2026-07-01 08:44:21.593 7 INFO neutron.db.ovn_revision_numbers_db [None req-5146087c-91e1-40a5-aaa6-1db8ba162212 f0be3d3e0919485bb8ec236d372c32e2 2d028a6bc76f4e0986f46f51d0541148 - - default default] Successfully bumped revision number for resource bed4fcea-98ef-4270-b28e-dc84011ab495 (type: security_group_rules) to 0
2026-07-01 08:44:21.673 7 INFO neutron.db.segments_db [None req-5146087c-91e1-40a5-aaa6-1db8ba162212 f0be3d3e0919485bb8ec236d372c32e2 2d028a6bc76f4e0986f46f51d0541148 - - default default] Added segment 4d032f4a-b73d-4aab-826f-b7375532f935 of type geneve for network 6e458940-08dd-4f9a-b2a1-8e1242b7d5a8
2026-07-01 08:44:21.782 7 INFO neutron.db.ovn_revision_numbers_db [None req-5146087c-91e1-40a5-aaa6-1db8ba162212 f0be3d3e0919485bb8ec236d372c32e2 2d028a6bc76f4e0986f46f51d0541148 - - default default] Successfully bumped revision number for resource 6e458940-08dd-4f9a-b2a1-8e1242b7d5a8 (type: networks) to 1
