2026-07-01 08:43:50.422 7 WARNING neutron.api.rpc.agentnotifiers.dhcp_rpc_agent_api [None req-f4a21df8-5a0f-43b7-bb20-6a83d30e838a 0bbe04fca0044577bd3f9003f3614e0e 6feafb74f36f45a1b5e5515a36a3f526 - - default default] Unable to schedule network 758a0113-0b5e-48ff-b463-18386ff9b525: no agents available; will retry on subsequent port and subnet creation events.
2026-07-01 08:43:50.585 7 INFO neutron.db.ovn_revision_numbers_db [None req-f4a21df8-5a0f-43b7-bb20-6a83d30e838a 0bbe04fca0044577bd3f9003f3614e0e 6feafb74f36f45a1b5e5515a36a3f526 - - default default] Successfully bumped revision number for resource 4d7d7536-65e8-4877-a2e7-1b7c335385b6 (type: ports) to 1 [pid: 7|app: 0|req: 735/1491] 10.0.0.248 () {34 vars in 664 bytes} [Wed Jul 1 08:43:50 2026] POST /v2.0/ports => generated 950 bytes in 546 msecs (HTTP/1.1 201) 4 headers in 162 bytes (1 switches on core 0) /var/lib/openstack/lib/python3.12/site-packages/pycadf/identifier.py:70: UserWarning: Invalid uuid: neutron. To ensure interoperability, identifiers should be a valid uuid. warnings.warn(('Invalid uuid: %s. To ensure interoperability, '
2026-07-01 08:43:50.690 8 WARNING neutron.scheduler.dhcp_agent_scheduler [None req-bfd3e4a7-5ef9-48cb-a671-226b828639ca 5835123ef0544e1eac95eb615295a5ab e1d503da56df4169b567694afd3203fc - - default default] No more DHCP agents
2026-07-01 08:43:50.692 8 WARNING neutron.api.rpc.agentnotifiers.dhcp_rpc_agent_api [None req-bfd3e4a7-5ef9-48cb-a671-226b828639ca 5835123ef0544e1eac95eb615295a5ab e1d503da56df4169b567694afd3203fc - - default default] Unable to schedule network 22591cb1-1e45-46df-90d1-f940f3f73238: no agents available; will retry on subsequent port and subnet creation events.
2026-07-01 08:43:50.801 7 INFO neutron_taas.services.taas.taas_plugin [None req-b0d8d4ba-809b-4222-85b4-d6a72aff786e 0bbe04fca0044577bd3f9003f3614e0e 6feafb74f36f45a1b5e5515a36a3f526 - - default default] TaaS: Handle Delete Port: 4d7d7536-65e8-4877-a2e7-1b7c335385b6
2026-07-01 08:43:50.805 7 INFO neutron_taas.services.taas.tap_mirror_plugin [None req-b0d8d4ba-809b-4222-85b4-d6a72aff786e 0bbe04fca0044577bd3f9003f3614e0e 6feafb74f36f45a1b5e5515a36a3f526 - - default default] Tap Mirror: Handle Delete Port: 4d7d7536-65e8-4877-a2e7-1b7c335385b6 [pid: 7|app: 0|req: 736/1492] 10.0.0.248 () {32 vars in 719 bytes} [Wed Jul 1 08:43:50 2026] DELETE /v2.0/ports/4d7d7536-65e8-4877-a2e7-1b7c335385b6 => generated 0 bytes in 332 msecs (HTTP/1.1 204) 3 headers in 131 bytes (1 switches on core 0)
2026-07-01 08:43:51.021 7 INFO neutron.pecan_wsgi.hooks.translation [None req-ec33b1b5-a7aa-4b1f-aa4c-e890ab1c3ec8 0bbe04fca0044577bd3f9003f3614e0e 6feafb74f36f45a1b5e5515a36a3f526 - - default default] DELETE failed (client error): The resource could not be found. [pid: 7|app: 0|req: 737/1493] 10.0.0.248 () {32 vars in 719 bytes} [Wed Jul 1 08:43:51 2026] DELETE /v2.0/ports/4d7d7536-65e8-4877-a2e7-1b7c335385b6 => generated 132 bytes in 21 msecs (HTTP/1.1 404) 4 headers in 164 bytes (1 switches on core 0)
2026-07-01 08:43:51.043 7 INFO neutron.pecan_wsgi.hooks.translation [None req-33a8a5c0-a9d4-479d-ba50-e269ee4f29ba 0bbe04fca0044577bd3f9003f3614e0e 6feafb74f36f45a1b5e5515a36a3f526 - - default default] GET failed (client error): The resource could not be found. [pid: 7|app: 0|req: 738/1494] 10.0.0.248 () {32 vars in 716 bytes} [Wed Jul 1 08:43:51 2026] GET /v2.0/ports/4d7d7536-65e8-4877-a2e7-1b7c335385b6 => generated 132 bytes in 15 msecs (HTTP/1.1 404) 4 headers in 164 bytes (1 switches on core 0) [pid: 7|app: 0|req: 739/1495] 10.0.0.248 () {32 vars in 723 bytes} [Wed Jul 1 08:43:51 2026] DELETE /v2.0/subnets/cf64a7d9-61a2-4db3-a93f-9a974f1cc679 => generated 0 bytes in 199 msecs (HTTP/1.1 204) 3 headers in 131 bytes (1 switches on core 0)
2026-07-01 08:43:51.401 7 INFO neutron_taas.services.taas.taas_plugin [None req-27857714-a36a-4534-9738-a26bb883790c 0bbe04fca0044577bd3f9003f3614e0e 6feafb74f36f45a1b5e5515a36a3f526 - - default default] TaaS: Handle Delete Port: 0f2dae1a-6f4e-4ce1-aca2-8d3e5e8f695a
2026-07-01 08:43:51.406 7 INFO neutron_taas.services.taas.tap_mirror_plugin [None req-27857714-a36a-4534-9738-a26bb883790c 0bbe04fca0044577bd3f9003f3614e0e 6feafb74f36f45a1b5e5515a36a3f526 - - default default] Tap Mirror: Handle Delete Port: 0f2dae1a-6f4e-4ce1-aca2-8d3e5e8f695a
2026-07-01 08:43:51.658 7 INFO neutron.services.segments.plugin [-] Segment 05ab696a-7622-448d-a921-f5ce886f36f7 resource provider aggregate not found
2026-07-01 08:43:51.666 7 INFO neutron.services.segments.plugin [-] Segment 05ab696a-7622-448d-a921-f5ce886f36f7 resource provider aggregate not found
2026-07-01 08:43:51.669 8 INFO neutron.db.ovn_revision_numbers_db [None req-bfd3e4a7-5ef9-48cb-a671-226b828639ca 5835123ef0544e1eac95eb615295a5ab e1d503da56df4169b567694afd3203fc - - default default] Successfully bumped revision number for resource 5c0ddbac-b845-4ac3-b283-8baee33bbe6a (type: floatingips) to 1
2026-07-01 08:43:51.670 8 INFO neutron.db.l3_db [None req-bfd3e4a7-5ef9-48cb-a671-226b828639ca 5835123ef0544e1eac95eb615295a5ab e1d503da56df4169b567694afd3203fc - - default default] Floating IP 5c0ddbac-b845-4ac3-b283-8baee33bbe6a associated. External IP: 10.96.250.208, port: 692847cb-3fc1-47dd-a291-3f18ede04c8f.
2026-07-01 08:43:51.681 7 INFO neutron.services.segments.plugin [-] Segment 05ab696a-7622-448d-a921-f5ce886f36f7 resource provider not found; error: Placement Client Error (4xx): {"errors": [{"status": 404, "title": "Not Found", "detail": "The resource could not be found.\n\n No resource provider with uuid 05ab696a-7622-448d-a921-f5ce886f36f7 found for delete ", "request_id": "req-bae1e272-51d7-40df-a3ab-dd05844d016f"}]}
2026-07-01 08:43:51.687 7 INFO neutron.services.segments.plugin [-] Segment 05ab696a-7622-448d-a921-f5ce886f36f7 resource provider not found; error: Placement Client Error (4xx): {"errors": [{"status": 404, "title": "Not Found", "detail": "The resource could not be found.\n\n No resource provider with uuid 05ab696a-7622-448d-a921-f5ce886f36f7 found for delete ", "request_id": "req-1ff69aa9-fe57-435c-8654-b31589083d1a"}]} [pid: 8|app: 0|req: 757/1496] 10.0.0.248 () {34 vars in 676 bytes} [Wed Jul 1 08:43:50 2026] POST /v2.0/floatingips => generated 842 bytes in 1303 msecs (HTTP/1.1 201) 4 headers in 162 bytes (1 switches on core 0) [pid: 7|app: 0|req: 740/1497] 10.0.0.248 () {32 vars in 725 bytes} [Wed Jul 1 08:43:51 2026] DELETE /v2.0/networks/758a0113-0b5e-48ff-b463-18386ff9b525 => generated 0 bytes in 466 msecs (HTTP/1.1 204) 3 headers in 131 bytes (1 switches on core 0) [pid: 8|app: 0|req: 758/1498] 10.0.0.248 () {32 vars in 728 bytes} [Wed Jul 1 08:43:51 2026] GET /v2.0/floatingips/5c0ddbac-b845-4ac3-b283-8baee33bbe6a => generated 844 bytes in 37 msecs (HTTP/1.1 200) 4 headers in 157 bytes (1 switches on core 0)
2026-07-01 08:43:51.817 7 INFO neutron.db.segments_db [None req-eae26401-e730-4258-9970-8a153e95c61e 0bbe04fca0044577bd3f9003f3614e0e 6feafb74f36f45a1b5e5515a36a3f526 - - default default] Added segment 650f9c13-cc25-4f14-afb0-f75e7f9228c7 of type geneve for network 312d3903-a59f-43db-b695-1939100abc58
2026-07-01 08:43:51.841 8 WARNING neutron.plugins.ml2.drivers.ovn.mech_driver.ovsdb.ovn_client [None req-bc88cb56-3dd7-4b78-bb23-121139b9b80c - - - - - -] No hosting information found for port 023120fe-4a75-4a29-83b5-83627e74e7ea: RuntimeError: No hosting information found for port 023120fe-4a75-4a29-83b5-83627e74e7ea [pid: 8|app: 0|req: 759/1499] 10.0.0.248 () {32 vars in 654 bytes} [Wed Jul 1 08:43:51 2026] GET /v2.0/floatingips => generated 847 bytes in 87 msecs (HTTP/1.1 200) 4 headers in 157 bytes (1 switches on core 0)
2026-07-01 08:43:51.954 7 INFO neutron.db.ovn_revision_numbers_db [None req-eae26401-e730-4258-9970-8a153e95c61e 0bbe04fca0044577bd3f9003f3614e0e 6feafb74f36f45a1b5e5515a36a3f526 - - default default] Successfully bumped revision number for resource 312d3903-a59f-43db-b695-1939100abc58 (type: networks) to 1
2026-07-01 08:43:52.015 8 INFO neutron.db.ovn_revision_numbers_db [None req-bc88cb56-3dd7-4b78-bb23-121139b9b80c - - - - - -] Successfully bumped revision number for resource 023120fe-4a75-4a29-83b5-83627e74e7ea (type: router_ports) to 2
2026-07-01 08:43:52.100 7 WARNING neutron.scheduler.dhcp_agent_scheduler [None req-eae26401-e730-4258-9970-8a153e95c61e 0bbe04fca0044577bd3f9003f3614e0e 6feafb74f36f45a1b5e5515a36a3f526 - - default default] No more DHCP agents
2026-07-01 08:43:52.101 7 WARNING neutron.api.rpc.agentnotifiers.dhcp_rpc_agent_api [None req-eae26401-e730-4258-9970-8a153e95c61e 0bbe04fca0044577bd3f9003f3614e0e 6feafb74f36f45a1b5e5515a36a3f526 - - default default] Unable to schedule network 312d3903-a59f-43db-b695-1939100abc58: no agents available; will retry on subsequent port and subnet creation events.
2026-07-01 08:43:52.120 8 INFO neutron.plugins.ml2.drivers.ovn.mech_driver.mech_driver [None req-bc88cb56-3dd7-4b78-bb23-121139b9b80c - - - - - -] OVN reports status down for port: 692847cb-3fc1-47dd-a291-3f18ede04c8f
2026-07-01 08:43:52.188 7 INFO neutron.db.ovn_revision_numbers_db [None req-eae26401-e730-4258-9970-8a153e95c61e 0bbe04fca0044577bd3f9003f3614e0e 6feafb74f36f45a1b5e5515a36a3f526 - - default default] Successfully bumped revision number for resource e037c309-e9b4-42f2-80dc-4abd84c73f2d (type: ports) to 1 [pid: 7|app: 0|req: 741/1500] 10.0.0.248 () {34 vars in 669 bytes} [Wed Jul 1 08:43:51 2026] POST /v2.0/networks => generated 670 bytes in 485 msecs (HTTP/1.1 201) 4 headers in 162 bytes (1 switches on core 0)
2026-07-01 08:43:52.280 8 INFO neutron.plugins.ml2.drivers.ovn.mech_driver.mech_driver [None req-bc88cb56-3dd7-4b78-bb23-121139b9b80c - - - - - -] OVN reports status down for port: 75d000ac-e3b2-4f57-80a1-e17ddf952a09
2026-07-01 08:43:52.423 8 INFO neutron.plugins.ml2.drivers.ovn.mech_driver.mech_driver [None req-bc88cb56-3dd7-4b78-bb23-121139b9b80c - - - - - -] OVN reports status down for port: 0f2dae1a-6f4e-4ce1-aca2-8d3e5e8f695a
2026-07-01 08:43:52.449 8 INFO neutron.plugins.ml2.drivers.ovn.mech_driver.mech_driver [None req-bc88cb56-3dd7-4b78-bb23-121139b9b80c - - - - - -] OVN reports status down for port: 4d7d7536-65e8-4877-a2e7-1b7c335385b6
2026-07-01 08:43:52.527 8 INFO neutron.plugins.ml2.drivers.ovn.mech_driver.mech_driver [None req-bc88cb56-3dd7-4b78-bb23-121139b9b80c - - - - - -] OVN reports status down for port: e037c309-e9b4-42f2-80dc-4abd84c73f2d
2026-07-01 08:43:52.584 7 INFO neutron.db.ovn_revision_numbers_db [None req-b0cb2708-3810-433c-8076-53940a4de4a7 e0efe2fbceb24d90a948a6a692559b16 b2aa9d6c3650431eb442e381cb765197 - - default default] Successfully bumped revision number for resource 69c1ee1b-4d07-4386-91d2-2d268e1273c4 (type: security_groups) to 1
2026-07-01 08:43:52.599 7 INFO neutron.db.ovn_revision_numbers_db [None req-b0cb2708-3810-433c-8076-53940a4de4a7 e0efe2fbceb24d90a948a6a692559b16 b2aa9d6c3650431eb442e381cb765197 - - default default] Successfully bumped revision number for resource 09ae4e27-425c-481c-9d79-f36e93dc34ae (type: security_group_rules) to 0
2026-07-01 08:43:52.612 7 INFO neutron.db.ovn_revision_numbers_db [None req-b0cb2708-3810-433c-8076-53940a4de4a7 e0efe2fbceb24d90a948a6a692559b16 b2aa9d6c3650431eb442e381cb765197 - - default default] Successfully bumped revision number for resource 102ad21d-fb28-4775-9088-f29fea5ba13d (type: security_group_rules) to 0
2026-07-01 08:43:52.626 7 INFO neutron.db.ovn_revision_numbers_db [None req-b0cb2708-3810-433c-8076-53940a4de4a7 e0efe2fbceb24d90a948a6a692559b16 b2aa9d6c3650431eb442e381cb765197 - - default default] Successfully bumped revision number for resource 4a21daee-f814-4ed9-bf7a-42f625164c32 (type: security_group_rules) to 0
2026-07-01 08:43:52.638 7 INFO neutron.db.ovn_revision_numbers_db [None req-b0cb2708-3810-433c-8076-53940a4de4a7 e0efe2fbceb24d90a948a6a692559b16 b2aa9d6c3650431eb442e381cb765197 - - default default] Successfully bumped revision number for resource 4cbcb2ad-4083-4a30-a056-d2236cb2afc6 (type: security_group_rules) to 0 [pid: 7|app: 0|req: 742/1501] 10.0.0.248 () {32 vars in 773 bytes} [Wed Jul 1 08:43:52 2026] GET /v2.0/security-groups?tenant_id=4bc0fa7644254190b50cc6dd0966f301&name=default => generated 2925 bytes in 462 msecs (HTTP/1.1 200) 4 headers in 158 bytes (1 switches on core 0)
2026-07-01 08:43:52.839 8 INFO neutron.db.ovn_revision_numbers_db [None req-b820bb00-3e21-4600-a205-95cae06ef443 5835123ef0544e1eac95eb615295a5ab e1d503da56df4169b567694afd3203fc - - default default] Successfully bumped revision number for resource 5c0ddbac-b845-4ac3-b283-8baee33bbe6a (type: floatingips) to 2
2026-07-01 08:43:52.877 7 WARNING neutron.scheduler.dhcp_agent_scheduler [None req-f83c607b-6806-41ab-8b5c-f6c27a830b4e 0bbe04fca0044577bd3f9003f3614e0e 6feafb74f36f45a1b5e5515a36a3f526 - - default default] No more DHCP agents
2026-07-01 08:43:52.878 7 WARNING neutron.api.rpc.agentnotifiers.dhcp_rpc_agent_api [None req-f83c607b-6806-41ab-8b5c-f6c27a830b4e 0bbe04fca0044577bd3f9003f3614e0e 6feafb74f36f45a1b5e5515a36a3f526 - - default default] Unable to schedule network 312d3903-a59f-43db-b695-1939100abc58: no agents available; will retry on subsequent port and subnet creation events.
2026-07-01 08:43:52.943 8 INFO neutron.db.l3_db [None req-b820bb00-3e21-4600-a205-95cae06ef443 5835123ef0544e1eac95eb615295a5ab e1d503da56df4169b567694afd3203fc - - default default] Floating IP 5c0ddbac-b845-4ac3-b283-8baee33bbe6a associated. External IP: 10.96.250.208, port: 692847cb-3fc1-47dd-a291-3f18ede04c8f. [pid: 8|app: 0|req: 760/1502] 10.0.0.248 () {34 vars in 748 bytes} [Wed Jul 1 08:43:51 2026] PUT /v2.0/floatingips/5c0ddbac-b845-4ac3-b283-8baee33bbe6a => generated 845 bytes in 1134 msecs (HTTP/1.1 200) 4 headers in 157 bytes (1 switches on core 0) /var/lib/openstack/lib/python3.12/site-packages/pycadf/identifier.py:70: UserWarning: Invalid uuid: neutron. To ensure interoperability, identifiers should be a valid uuid. warnings.warn(('Invalid uuid: %s. To ensure interoperability, '
2026-07-01 08:43:53.283 7 INFO neutron.db.ovn_revision_numbers_db [None req-621f0e00-dddd-4d33-81a7-e2818ecdf5e3 - - - - - -] Successfully bumped revision number for resource e037c309-e9b4-42f2-80dc-4abd84c73f2d (type: ports) to 2 [pid: 8|app: 0|req: 761/1503] 10.0.0.248 () {32 vars in 739 bytes} [Wed Jul 1 08:43:52 2026] DELETE /v2.0/security-groups/69c1ee1b-4d07-4386-91d2-2d268e1273c4 => generated 0 bytes in 293 msecs (HTTP/1.1 204) 2 headers in 112 bytes (1 switches on core 0)
2026-07-01 08:43:53.333 7 INFO neutron.db.ovn_revision_numbers_db [None req-621f0e00-dddd-4d33-81a7-e2818ecdf5e3 - - - - - -] Successfully bumped revision number for resource dad61c19-3825-4663-a576-68ce29e6e838 (type: subnets) to 0 [pid: 7|app: 0|req: 743/1504] 10.0.0.248 () {34 vars in 668 bytes} [Wed Jul 1 08:43:52 2026] POST /v2.0/subnets => generated 626 bytes in 682 msecs (HTTP/1.1 201) 4 headers in 162 bytes (1 switches on core 0)
2026-07-01 08:43:53.573 8 INFO neutron.db.ovn_revision_numbers_db [None req-7d2ecb52-7880-472c-aecb-18989db5e885 5835123ef0544e1eac95eb615295a5ab e1d503da56df4169b567694afd3203fc - - default default] Successfully bumped revision number for resource 5c0ddbac-b845-4ac3-b283-8baee33bbe6a (type: floatingips) to 3
2026-07-01 08:43:53.637 8 INFO neutron.db.l3_db [None req-7d2ecb52-7880-472c-aecb-18989db5e885 5835123ef0544e1eac95eb615295a5ab e1d503da56df4169b567694afd3203fc - - default default] Floating IP 5c0ddbac-b845-4ac3-b283-8baee33bbe6a disassociated. External IP: 10.96.250.208, port: 1e0c7f54-13e6-42fd-b841-fa66833586b5. [pid: 8|app: 0|req: 762/1505] 10.0.0.248 () {34 vars in 748 bytes} [Wed Jul 1 08:43:53 2026] PUT /v2.0/floatingips/5c0ddbac-b845-4ac3-b283-8baee33bbe6a => generated 554 bytes in 385 msecs (HTTP/1.1 200) 4 headers in 157 bytes (1 switches on core 0) /var/lib/openstack/lib/python3.12/site-packages/pycadf/identifier.py:70: UserWarning: Invalid uuid: neutron. To ensure interoperability, identifiers should be a valid uuid. warnings.warn(('Invalid uuid: %s. To ensure interoperability, '
2026-07-01 08:43:53.789 7 WARNING neutron.scheduler.dhcp_agent_scheduler [None req-23796080-aa59-44bc-ab89-d8368941ad7c 0bbe04fca0044577bd3f9003f3614e0e 6feafb74f36f45a1b5e5515a36a3f526 - - default default] No more DHCP agents
2026-07-01 08:43:53.792 7 WARNING neutron.api.rpc.agentnotifiers.dhcp_rpc_agent_api [None req-23796080-aa59-44bc-ab89-d8368941ad7c 0bbe04fca0044577bd3f9003f3614e0e 6feafb74f36f45a1b5e5515a36a3f526 - - default default] Unable to schedule network 312d3903-a59f-43db-b695-1939100abc58: no agents available; will retry on subsequent port and subnet creation events.
2026-07-01 08:43:53.803 8 INFO neutron_taas.services.taas.taas_plugin [None req-7a31aee9-0f24-45da-9d0e-4288a2c3da1a 5835123ef0544e1eac95eb615295a5ab e1d503da56df4169b567694afd3203fc - - default default] TaaS: Handle Delete Port: 4aa3975a-15d1-4b6e-9f20-5b24f335cb41
2026-07-01 08:43:53.807 8 INFO neutron_taas.services.taas.tap_mirror_plugin [None req-7a31aee9-0f24-45da-9d0e-4288a2c3da1a 5835123ef0544e1eac95eb615295a5ab e1d503da56df4169b567694afd3203fc - - default default] Tap Mirror: Handle Delete Port: 4aa3975a-15d1-4b6e-9f20-5b24f335cb41
2026-07-01 08:43:53.954 8 INFO neutron.plugins.ml2.drivers.ovn.mech_driver.mech_driver [None req-bc88cb56-3dd7-4b78-bb23-121139b9b80c - - - - - -] OVN reports status down for port: 216e5971-18e2-4eab-a001-d46b17e9a6bf
2026-07-01 08:43:53.998 7 INFO neutron.db.ovn_revision_numbers_db [None req-23796080-aa59-44bc-ab89-d8368941ad7c 0bbe04fca0044577bd3f9003f3614e0e 6feafb74f36f45a1b5e5515a36a3f526 - - default default] Successfully bumped revision number for resource 216e5971-18e2-4eab-a001-d46b17e9a6bf (type: ports) to 1 [pid: 7|app: 0|req: 744/1506] 10.0.0.248 () {34 vars in 664 bytes} [Wed Jul 1 08:43:53 2026] POST /v2.0/ports => generated 915 bytes in 665 msecs (HTTP/1.1 201) 4 headers in 162 bytes (1 switches on core 0) [pid: 8|app: 0|req: 763/1507] 10.0.0.248 () {32 vars in 731 bytes} [Wed Jul 1 08:43:53 2026] DELETE /v2.0/floatingips/5c0ddbac-b845-4ac3-b283-8baee33bbe6a => generated 0 bytes in 410 msecs (HTTP/1.1 204) 2 headers in 112 bytes (1 switches on core 0)
2026-07-01 08:43:54.104 8 INFO neutron.api.v2.resource [None req-3f5f175b-7d84-4b89-b694-5a68dc9c3a20 5835123ef0544e1eac95eb615295a5ab e1d503da56df4169b567694afd3203fc - - default default] delete failed (client error): The resource could not be found. [pid: 8|app: 0|req: 764/1508] 10.0.0.248 () {32 vars in 731 bytes} [Wed Jul 1 08:43:54 2026] DELETE /v2.0/floatingips/5c0ddbac-b845-4ac3-b283-8baee33bbe6a => generated 144 bytes in 13 msecs (HTTP/1.1 404) 4 headers in 164 bytes (1 switches on core 0)
2026-07-01 08:43:54.167 7 INFO neutron_taas.services.taas.taas_plugin [None req-e01f25e5-4742-477a-8163-ea7925875ebd 0bbe04fca0044577bd3f9003f3614e0e 6feafb74f36f45a1b5e5515a36a3f526 - - default default] TaaS: Handle Delete Port: 216e5971-18e2-4eab-a001-d46b17e9a6bf
2026-07-01 08:43:54.170 7 INFO neutron_taas.services.taas.tap_mirror_plugin [None req-e01f25e5-4742-477a-8163-ea7925875ebd 0bbe04fca0044577bd3f9003f3614e0e 6feafb74f36f45a1b5e5515a36a3f526 - - default default] Tap Mirror: Handle Delete Port: 216e5971-18e2-4eab-a001-d46b17e9a6bf
2026-07-01 08:43:54.278 8 INFO neutron_taas.services.taas.taas_plugin [None req-ba92e104-e260-4c64-9c53-6b9bc8fc6ee1 5835123ef0544e1eac95eb615295a5ab e1d503da56df4169b567694afd3203fc - - default default] TaaS: Handle Delete Port: 1e0c7f54-13e6-42fd-b841-fa66833586b5
2026-07-01 08:43:54.281 8 INFO neutron_taas.services.taas.tap_mirror_plugin [None req-ba92e104-e260-4c64-9c53-6b9bc8fc6ee1 5835123ef0544e1eac95eb615295a5ab e1d503da56df4169b567694afd3203fc - - default default] Tap Mirror: Handle Delete Port: 1e0c7f54-13e6-42fd-b841-fa66833586b5 [pid: 7|app: 0|req: 745/1509] 10.0.0.248 () {32 vars in 719 bytes} [Wed Jul 1 08:43:54 2026] DELETE /v2.0/ports/216e5971-18e2-4eab-a001-d46b17e9a6bf => generated 0 bytes in 313 msecs (HTTP/1.1 204) 3 headers in 131 bytes (1 switches on core 0)
2026-07-01 08:43:54.375 7 INFO neutron.pecan_wsgi.hooks.translation [None req-85aac605-c007-4be4-925e-bd9b374d807a 0bbe04fca0044577bd3f9003f3614e0e 6feafb74f36f45a1b5e5515a36a3f526 - - default default] GET failed (client error): The resource could not be found. [pid: 7|app: 0|req: 746/1510] 10.0.0.248 () {32 vars in 716 bytes} [Wed Jul 1 08:43:54 2026] GET /v2.0/ports/216e5971-18e2-4eab-a001-d46b17e9a6bf => generated 132 bytes in 20 msecs (HTTP/1.1 404) 4 headers in 164 bytes (1 switches on core 0) [pid: 8|app: 0|req: 765/1511] 10.0.0.248 () {32 vars in 719 bytes} [Wed Jul 1 08:43:54 2026] DELETE /v2.0/ports/1e0c7f54-13e6-42fd-b841-fa66833586b5 => generated 0 bytes in 391 msecs (HTTP/1.1 204) 3 headers in 131 bytes (1 switches on core 0) [pid: 7|app: 0|req: 747/1512] 10.0.0.248 () {32 vars in 723 bytes} [Wed Jul 1 08:43:54 2026] DELETE /v2.0/subnets/dad61c19-3825-4663-a576-68ce29e6e838 => generated 0 bytes in 215 msecs (HTTP/1.1 204) 3 headers in 131 bytes (1 switches on core 0)
2026-07-01 08:43:54.646 8 INFO neutron_taas.services.taas.taas_plugin [None req-ff5ebc80-9df7-4ae0-98b9-51399e5d1f25 5835123ef0544e1eac95eb615295a5ab e1d503da56df4169b567694afd3203fc - - default default] TaaS: Handle Delete Port: 692847cb-3fc1-47dd-a291-3f18ede04c8f
2026-07-01 08:43:54.649 8 INFO neutron_taas.services.taas.tap_mirror_plugin [None req-ff5ebc80-9df7-4ae0-98b9-51399e5d1f25 5835123ef0544e1eac95eb615295a5ab e1d503da56df4169b567694afd3203fc - - default default] Tap Mirror: Handle Delete Port: 692847cb-3fc1-47dd-a291-3f18ede04c8f [pid: 7|app: 0|req: 748/1513] 10.0.0.194 () {34 vars in 989 bytes} [Wed Jul 1 08:43:54 2026] GET /v2.0/ports?device_id=95824f4e-257b-4612-b463-1752ae75e8fe => generated 1209 bytes in 49 msecs (HTTP/1.1 200) 4 headers in 158 bytes (1 switches on core 0)
2026-07-01 08:43:54.776 7 INFO neutron_taas.services.taas.taas_plugin [None req-3610cbb4-e054-4eaa-8bad-d3792f5b3496 0bbe04fca0044577bd3f9003f3614e0e 6feafb74f36f45a1b5e5515a36a3f526 - - default default] TaaS: Handle Delete Port: e037c309-e9b4-42f2-80dc-4abd84c73f2d
2026-07-01 08:43:54.778 7 INFO neutron_taas.services.taas.tap_mirror_plugin [None req-3610cbb4-e054-4eaa-8bad-d3792f5b3496 0bbe04fca0044577bd3f9003f3614e0e 6feafb74f36f45a1b5e5515a36a3f526 - - default default] Tap Mirror: Handle Delete Port: e037c309-e9b4-42f2-80dc-4abd84c73f2d [pid: 8|app: 0|req: 766/1514] 10.0.0.248 () {32 vars in 719 bytes} [Wed Jul 1 08:43:54 2026] DELETE /v2.0/ports/692847cb-3fc1-47dd-a291-3f18ede04c8f => generated 0 bytes in 319 msecs (HTTP/1.1 204) 3 headers in 131 bytes (1 switches on core 0) [pid: 8|app: 0|req: 767/1515] 10.0.0.194 () {34 vars in 1039 bytes} [Wed Jul 1 08:43:54 2026] GET /v2.0/security-groups?id=a934d061-8bfd-4030-85ec-570f8251b3bc&fields=id&fields=name => generated 114 bytes in 25 msecs (HTTP/1.1 200) 4 headers in 157 bytes (1 switches on core 0) [pid: 8|app: 0|req: 768/1516] 10.0.0.248 () {32 vars in 735 bytes} [Wed Jul 1 08:43:54 2026] GET /v2.0/ports?device_id=02fb41af-e6aa-4e69-bc1d-f6b5470f7153 => generated 946 bytes in 47 msecs (HTTP/1.1 200) 4 headers in 157 bytes (1 switches on core 0)
2026-07-01 08:43:54.993 7 INFO neutron.services.segments.plugin [-] Segment 650f9c13-cc25-4f14-afb0-f75e7f9228c7 resource provider aggregate not found
2026-07-01 08:43:54.998 7 INFO neutron.services.segments.plugin [-] Segment 650f9c13-cc25-4f14-afb0-f75e7f9228c7 resource provider aggregate not found
2026-07-01 08:43:55.015 7 INFO neutron.services.segments.plugin [-] Segment 650f9c13-cc25-4f14-afb0-f75e7f9228c7 resource provider not found; error: Placement Client Error (4xx): {"errors": [{"status": 404, "title": "Not Found", "detail": "The resource could not be found.\n\n No resource provider with uuid 650f9c13-cc25-4f14-afb0-f75e7f9228c7 found for delete ", "request_id": "req-ca9df218-ad89-450f-9ad4-04b38614ba4c"}]}
2026-07-01 08:43:55.016 7 INFO neutron.services.segments.plugin [-] Segment 650f9c13-cc25-4f14-afb0-f75e7f9228c7 resource provider not found; error: Placement Client Error (4xx): {"errors": [{"status": 404, "title": "Not Found", "detail": "The resource could not be found.\n\n No resource provider with uuid 650f9c13-cc25-4f14-afb0-f75e7f9228c7 found for delete ", "request_id": "req-fe89a002-a7e0-48f7-ae07-273674ca2bc2"}]} [pid: 7|app: 0|req: 749/1517] 10.0.0.248 () {32 vars in 725 bytes} [Wed Jul 1 08:43:54 2026] DELETE /v2.0/networks/312d3903-a59f-43db-b695-1939100abc58 => generated 0 bytes in 402 msecs (HTTP/1.1 204) 3 headers in 131 bytes (1 switches on core 0)
2026-07-01 08:43:55.195 8 INFO neutron_taas.services.taas.taas_plugin [None req-dfb6af6e-2a6b-4d44-95e9-fb11d0e62957 5835123ef0544e1eac95eb615295a5ab e1d503da56df4169b567694afd3203fc - - default default] TaaS: Handle Delete Port: 023120fe-4a75-4a29-83b5-83627e74e7ea
2026-07-01 08:43:55.199 8 INFO neutron_taas.services.taas.tap_mirror_plugin [None req-dfb6af6e-2a6b-4d44-95e9-fb11d0e62957 5835123ef0544e1eac95eb615295a5ab e1d503da56df4169b567694afd3203fc - - default default] Tap Mirror: Handle Delete Port: 023120fe-4a75-4a29-83b5-83627e74e7ea
2026-07-01 08:43:55.351 7 INFO neutron.db.ovn_revision_numbers_db [None req-cd45791c-4168-42f3-9fa2-bbecf0e36d83 e0efe2fbceb24d90a948a6a692559b16 b2aa9d6c3650431eb442e381cb765197 - - default default] Successfully bumped revision number for resource 93a55e1b-c1bd-4caf-84c2-366281871c34 (type: security_groups) to 1
2026-07-01 08:43:55.366 7 INFO neutron.db.ovn_revision_numbers_db [None req-cd45791c-4168-42f3-9fa2-bbecf0e36d83 e0efe2fbceb24d90a948a6a692559b16 b2aa9d6c3650431eb442e381cb765197 - - default default] Successfully bumped revision number for resource 0f6526b9-7604-4425-b670-8bab310b6c03 (type: security_group_rules) to 0
2026-07-01 08:43:55.384 7 INFO neutron.db.ovn_revision_numbers_db [None req-cd45791c-4168-42f3-9fa2-bbecf0e36d83 e0efe2fbceb24d90a948a6a692559b16 b2aa9d6c3650431eb442e381cb765197 - - default default] Successfully bumped revision number for resource 1b7cbc13-c1a6-4d23-aff6-8486923834ab (type: security_group_rules) to 0
2026-07-01 08:43:55.411 7 INFO neutron.db.ovn_revision_numbers_db [None req-cd45791c-4168-42f3-9fa2-bbecf0e36d83 e0efe2fbceb24d90a948a6a692559b16 b2aa9d6c3650431eb442e381cb765197 - - default default] Successfully bumped revision number for resource 74a78e2d-5c43-4d84-b1f6-bca2f396510b (type: security_group_rules) to 0
2026-07-01 08:43:55.436 7 INFO neutron.db.ovn_revision_numbers_db [None req-cd45791c-4168-42f3-9fa2-bbecf0e36d83 e0efe2fbceb24d90a948a6a692559b16 b2aa9d6c3650431eb442e381cb765197 - - default default] Successfully bumped revision number for resource ea9a4d55-f59d-476b-a50a-e3ab99bcbce4 (type: security_group_rules) to 0
2026-07-01 08:43:55.505 7 INFO neutron.db.segments_db [None req-cd45791c-4168-42f3-9fa2-bbecf0e36d83 e0efe2fbceb24d90a948a6a692559b16 b2aa9d6c3650431eb442e381cb765197 - - default default] Added segment d722bf0b-32b4-49a0-9c2c-2c24e1966eb3 of type geneve for network 326067ca-0722-4df4-8c10-7ad8be3a49fe
2026-07-01 08:43:55.606 7 INFO neutron.db.ovn_revision_numbers_db [None req-cd45791c-4168-42f3-9fa2-bbecf0e36d83 e0efe2fbceb24d90a948a6a692559b16 b2aa9d6c3650431eb442e381cb765197 - - default default] Successfully bumped revision number for resource 326067ca-0722-4df4-8c10-7ad8be3a49fe (type: networks) to 1 [pid: 8|app: 0|req: 769/1518] 10.0.0.248 () {34 vars in 788 bytes} [Wed Jul 1 08:43:54 2026] PUT /v2.0/routers/02fb41af-e6aa-4e69-bc1d-f6b5470f7153/remove_router_interface => generated 309 bytes in 891 msecs (HTTP/1.1 200) 4 headers in 157 bytes (1 switches on core 0) /var/lib/openstack/lib/python3.12/site-packages/pycadf/identifier.py:70: UserWarning: Invalid uuid: neutron. To ensure interoperability, identifiers should be a valid uuid. warnings.warn(('Invalid uuid: %s. To ensure interoperability, '
2026-07-01 08:43:55.804 7 WARNING neutron.scheduler.dhcp_agent_scheduler [None req-cd45791c-4168-42f3-9fa2-bbecf0e36d83 e0efe2fbceb24d90a948a6a692559b16 b2aa9d6c3650431eb442e381cb765197 - - default default] No more DHCP agents
2026-07-01 08:43:55.806 7 WARNING neutron.api.rpc.agentnotifiers.dhcp_rpc_agent_api [None req-cd45791c-4168-42f3-9fa2-bbecf0e36d83 e0efe2fbceb24d90a948a6a692559b16 b2aa9d6c3650431eb442e381cb765197 - - default default] Unable to schedule network 326067ca-0722-4df4-8c10-7ad8be3a49fe: no agents available; will retry on subsequent port and subnet creation events.
2026-07-01 08:43:55.889 7 INFO neutron.plugins.ml2.drivers.ovn.mech_driver.mech_driver [None req-be3426e9-e771-4d01-bba0-f868c4f73700 - - - - - -] OVN reports status down for port: 9593554f-8534-43c9-8a6e-480617854cc3
2026-07-01 08:43:55.954 7 INFO neutron.db.ovn_revision_numbers_db [None req-cd45791c-4168-42f3-9fa2-bbecf0e36d83 e0efe2fbceb24d90a948a6a692559b16 b2aa9d6c3650431eb442e381cb765197 - - default default] Successfully bumped revision number for resource 9593554f-8534-43c9-8a6e-480617854cc3 (type: ports) to 1 [pid: 7|app: 0|req: 750/1519] 10.0.0.248 () {34 vars in 670 bytes} [Wed Jul 1 08:43:55 2026] POST /v2.0/networks => generated 782 bytes in 959 msecs (HTTP/1.1 201) 4 headers in 162 bytes (1 switches on core 0)
2026-07-01 08:43:56.082 8 WARNING neutron.scheduler.dhcp_agent_scheduler [None req-88c4b04f-8552-43f8-a550-21a159a8da00 0bbe04fca0044577bd3f9003f3614e0e 6feafb74f36f45a1b5e5515a36a3f526 - - default default] No more DHCP agents
2026-07-01 08:43:56.083 8 WARNING neutron.api.rpc.agentnotifiers.dhcp_rpc_agent_api [None req-88c4b04f-8552-43f8-a550-21a159a8da00 0bbe04fca0044577bd3f9003f3614e0e 6feafb74f36f45a1b5e5515a36a3f526 - - default default] Unable to schedule network fd0bd41c-f376-47b3-af1c-456e2a7a33a1: no agents available; will retry on subsequent port and subnet creation events.
2026-07-01 08:43:56.150 8 INFO neutron.plugins.ml2.drivers.ovn.mech_driver.mech_driver [None req-bc88cb56-3dd7-4b78-bb23-121139b9b80c - - - - - -] OVN reports status down for port: ebbe8747-6732-4f2f-b915-2a74ad92c73a
2026-07-01 08:43:56.231 8 INFO neutron.db.ovn_revision_numbers_db [None req-88c4b04f-8552-43f8-a550-21a159a8da00 0bbe04fca0044577bd3f9003f3614e0e 6feafb74f36f45a1b5e5515a36a3f526 - - default default] Successfully bumped revision number for resource ebbe8747-6732-4f2f-b915-2a74ad92c73a (type: ports) to 1 [pid: 8|app: 0|req: 770/1520] 10.0.0.248 () {34 vars in 664 bytes} [Wed Jul 1 08:43:55 2026] POST /v2.0/ports => generated 774 bytes in 527 msecs (HTTP/1.1 201) 4 headers in 162 bytes (1 switches on core 0) /var/lib/openstack/lib/python3.12/site-packages/pycadf/identifier.py:70: UserWarning: Invalid uuid: neutron. To ensure interoperability, identifiers should be a valid uuid. warnings.warn(('Invalid uuid: %s. To ensure interoperability, '
2026-07-01 08:43:56.424 7 INFO neutron_taas.services.taas.taas_plugin [None req-3eb3705a-30fc-478a-9c9c-3e3d63f856b8 5835123ef0544e1eac95eb615295a5ab e1d503da56df4169b567694afd3203fc - - default default] TaaS: Handle Delete Port: 643d0c62-284d-4e3f-93df-bd302503ae5a
2026-07-01 08:43:56.432 7 INFO neutron_taas.services.taas.tap_mirror_plugin [None req-3eb3705a-30fc-478a-9c9c-3e3d63f856b8 5835123ef0544e1eac95eb615295a5ab e1d503da56df4169b567694afd3203fc - - default default] Tap Mirror: Handle Delete Port: 643d0c62-284d-4e3f-93df-bd302503ae5a
2026-07-01 08:43:56.497 8 WARNING neutron.scheduler.dhcp_agent_scheduler [None req-e9a0edc7-1ac4-4e62-af14-bbafd099077a e0efe2fbceb24d90a948a6a692559b16 b2aa9d6c3650431eb442e381cb765197 - - default default] No more DHCP agents
2026-07-01 08:43:56.499 8 WARNING neutron.api.rpc.agentnotifiers.dhcp_rpc_agent_api [None req-e9a0edc7-1ac4-4e62-af14-bbafd099077a e0efe2fbceb24d90a948a6a692559b16 b2aa9d6c3650431eb442e381cb765197 - - default default] Unable to schedule network 326067ca-0722-4df4-8c10-7ad8be3a49fe: no agents available; will retry on subsequent port and subnet creation events. [pid: 7|app: 0|req: 751/1521] 10.0.0.248 () {32 vars in 723 bytes} [Wed Jul 1 08:43:56 2026] DELETE /v2.0/routers/02fb41af-e6aa-4e69-bc1d-f6b5470f7153 => generated 0 bytes in 863 msecs (HTTP/1.1 204) 2 headers in 112 bytes (1 switches on core 0)
2026-07-01 08:43:57.004 8 INFO neutron.db.ovn_revision_numbers_db [None req-e4d257d6-6a0f-456f-a421-94136b2742cc - - - - - -] Successfully bumped revision number for resource 9593554f-8534-43c9-8a6e-480617854cc3 (type: ports) to 2
2026-07-01 08:43:57.036 8 INFO neutron.db.ovn_revision_numbers_db [None req-e4d257d6-6a0f-456f-a421-94136b2742cc - - - - - -] Successfully bumped revision number for resource 7e8a7de9-477f-4b92-9134-855068c0004c (type: subnets) to 0 [pid: 8|app: 0|req: 771/1522] 10.0.0.248 () {34 vars in 668 bytes} [Wed Jul 1 08:43:56 2026] POST /v2.0/subnets => generated 688 bytes in 728 msecs (HTTP/1.1 201) 4 headers in 162 bytes (1 switches on core 0)
2026-07-01 08:43:57.135 8 INFO neutron.plugins.ml2.drivers.ovn.mech_driver.mech_driver [None req-bc88cb56-3dd7-4b78-bb23-121139b9b80c - - - - - -] OVN reports status down for port: ebbe8747-6732-4f2f-b915-2a74ad92c73a
2026-07-01 08:43:57.153 7 INFO neutron.db.ovn_revision_numbers_db [None req-bab130f5-c590-4ddc-a192-4c3470e98690 0bbe04fca0044577bd3f9003f3614e0e 6feafb74f36f45a1b5e5515a36a3f526 - - default default] Successfully bumped revision number for resource ebbe8747-6732-4f2f-b915-2a74ad92c73a (type: ports) to 2 [pid: 8|app: 0|req: 772/1523] 10.0.0.138 () {34 vars in 989 bytes} [Wed Jul 1 08:43:57 2026] GET /v2.0/ports?device_id=95824f4e-257b-4612-b463-1752ae75e8fe => generated 971 bytes in 110 msecs (HTTP/1.1 200) 4 headers in 157 bytes (1 switches on core 0) [pid: 7|app: 0|req: 752/1524] 10.0.0.248 () {34 vars in 736 bytes} [Wed Jul 1 08:43:56 2026] PUT /v2.0/ports/ebbe8747-6732-4f2f-b915-2a74ad92c73a => generated 752 bytes in 323 msecs (HTTP/1.1 200) 4 headers in 157 bytes (1 switches on core 0) /var/lib/openstack/lib/python3.12/site-packages/pycadf/identifier.py:70: UserWarning: Invalid uuid: neutron. To ensure interoperability, identifiers should be a valid uuid. warnings.warn(('Invalid uuid: %s. To ensure interoperability, ' [pid: 8|app: 0|req: 773/1525] 10.0.0.248 () {32 vars in 723 bytes} [Wed Jul 1 08:43:57 2026] DELETE /v2.0/subnets/2b9bd753-e842-495e-8e65-8846d64f7a9b => generated 0 bytes in 168 msecs (HTTP/1.1 204) 3 headers in 131 bytes (1 switches on core 0) [pid: 8|app: 0|req: 774/1526] 10.0.0.138 () {34 vars in 1039 bytes} [Wed Jul 1 08:43:57 2026] GET /v2.0/security-groups?id=a934d061-8bfd-4030-85ec-570f8251b3bc&fields=id&fields=name => generated 114 bytes in 32 msecs (HTTP/1.1 200) 4 headers in 157 bytes (1 switches on core 0)
2026-07-01 08:43:57.491 8 INFO neutron_taas.services.taas.taas_plugin [None req-97064566-c0a9-4bf9-8002-524b767db17c 0bbe04fca0044577bd3f9003f3614e0e 6feafb74f36f45a1b5e5515a36a3f526 - - default default] TaaS: Handle Delete Port: ebbe8747-6732-4f2f-b915-2a74ad92c73a
2026-07-01 08:43:57.495 8 INFO neutron_taas.services.taas.tap_mirror_plugin [None req-97064566-c0a9-4bf9-8002-524b767db17c 0bbe04fca0044577bd3f9003f3614e0e 6feafb74f36f45a1b5e5515a36a3f526 - - default default] Tap Mirror: Handle Delete Port: ebbe8747-6732-4f2f-b915-2a74ad92c73a
2026-07-01 08:43:57.615 7 WARNING neutron.scheduler.dhcp_agent_scheduler [None req-d4500b35-c567-420f-a6b1-0b52082aa992 e0efe2fbceb24d90a948a6a692559b16 b2aa9d6c3650431eb442e381cb765197 - - default default] No more DHCP agents
2026-07-01 08:43:57.617 7 WARNING neutron.api.rpc.agentnotifiers.dhcp_rpc_agent_api [None req-d4500b35-c567-420f-a6b1-0b52082aa992 e0efe2fbceb24d90a948a6a692559b16 b2aa9d6c3650431eb442e381cb765197 - - default default] Unable to schedule network 22591cb1-1e45-46df-90d1-f940f3f73238: no agents available; will retry on subsequent port and subnet creation events. [pid: 8|app: 0|req: 775/1527] 10.0.0.248 () {32 vars in 719 bytes} [Wed Jul 1 08:43:57 2026] DELETE /v2.0/ports/ebbe8747-6732-4f2f-b915-2a74ad92c73a => generated 0 bytes in 260 msecs (HTTP/1.1 204) 3 headers in 131 bytes (1 switches on core 0)
2026-07-01 08:43:57.727 7 INFO neutron.plugins.ml2.drivers.ovn.mech_driver.mech_driver [None req-be3426e9-e771-4d01-bba0-f868c4f73700 - - - - - -] OVN reports status down for port: 99f7dac2-4de2-4333-941e-f1df0aad04fc
2026-07-01 08:43:57.760 8 INFO neutron_taas.services.taas.taas_plugin [None req-3bef466c-5a8d-44dc-8e14-8076618182a6 5835123ef0544e1eac95eb615295a5ab e1d503da56df4169b567694afd3203fc - - default default] TaaS: Handle Delete Port: 5a90535f-398e-405f-b629-3ea8ae203c47
2026-07-01 08:43:57.764 8 INFO neutron_taas.services.taas.tap_mirror_plugin [None req-3bef466c-5a8d-44dc-8e14-8076618182a6 5835123ef0544e1eac95eb615295a5ab e1d503da56df4169b567694afd3203fc - - default default] Tap Mirror: Handle Delete Port: 5a90535f-398e-405f-b629-3ea8ae203c47
2026-07-01 08:43:57.787 7 INFO neutron.db.ovn_revision_numbers_db [None req-d4500b35-c567-420f-a6b1-0b52082aa992 e0efe2fbceb24d90a948a6a692559b16 b2aa9d6c3650431eb442e381cb765197 - - default default] Successfully bumped revision number for resource 99f7dac2-4de2-4333-941e-f1df0aad04fc (type: ports) to 1
2026-07-01 08:43:57.954 8 INFO neutron.services.segments.plugin [-] Segment 6bd002d9-2677-4373-8799-97d8c93b6f85 resource provider aggregate not found
2026-07-01 08:43:57.958 8 INFO neutron.services.segments.plugin [-] Segment 6bd002d9-2677-4373-8799-97d8c93b6f85 resource provider aggregate not found
2026-07-01 08:43:57.980 8 INFO neutron.services.segments.plugin [-] Segment 6bd002d9-2677-4373-8799-97d8c93b6f85 resource provider not found; error: Placement Client Error (4xx): {"errors": [{"status": 404, "title": "Not Found", "detail": "The resource could not be found.\n\n No resource provider with uuid 6bd002d9-2677-4373-8799-97d8c93b6f85 found for delete ", "request_id": "req-813ab6bd-3ae5-4d91-958e-52e64611873c"}]}
2026-07-01 08:43:57.982 8 INFO neutron.services.segments.plugin [-] Segment 6bd002d9-2677-4373-8799-97d8c93b6f85 resource provider not found; error: Placement Client Error (4xx): {"errors": [{"status": 404, "title": "Not Found", "detail": "The resource could not be found.\n\n No resource provider with uuid 6bd002d9-2677-4373-8799-97d8c93b6f85 found for delete ", "request_id": "req-76576458-71ff-469f-a48d-46a920c48b81"}]} [pid: 8|app: 0|req: 776/1528] 10.0.0.248 () {32 vars in 725 bytes} [Wed Jul 1 08:43:57 2026] DELETE /v2.0/networks/d1f90636-a277-4f14-8d2b-517063968f3a => generated 0 bytes in 375 msecs (HTTP/1.1 204) 3 headers in 131 bytes (1 switches on core 0) [pid: 8|app: 0|req: 777/1529] 10.0.0.138 () {34 vars in 989 bytes} [Wed Jul 1 08:43:58 2026] GET /v2.0/ports?device_id=95824f4e-257b-4612-b463-1752ae75e8fe => generated 971 bytes in 37 msecs (HTTP/1.1 200) 4 headers in 157 bytes (1 switches on core 0) [pid: 8|app: 0|req: 778/1530] 10.0.0.248 () {32 vars in 642 bytes} [Wed Jul 1 08:43:58 2026] GET /v2.0/ports => generated 1534 bytes in 36 msecs (HTTP/1.1 200) 4 headers in 158 bytes (1 switches on core 0) [pid: 8|app: 0|req: 779/1531] 10.0.0.138 () {34 vars in 1039 bytes} [Wed Jul 1 08:43:58 2026] GET /v2.0/security-groups?id=a934d061-8bfd-4030-85ec-570f8251b3bc&fields=id&fields=name => generated 114 bytes in 27 msecs (HTTP/1.1 200) 4 headers in 157 bytes (1 switches on core 0)
2026-07-01 08:43:58.118 8 INFO neutron.pecan_wsgi.hooks.translation [None req-de0e9fec-e97b-4eda-aeeb-7de5c682953b 0bbe04fca0044577bd3f9003f3614e0e 6feafb74f36f45a1b5e5515a36a3f526 - - default default] GET failed (client error): The resource could not be found. [pid: 8|app: 0|req: 780/1532] 10.0.0.248 () {32 vars in 716 bytes} [Wed Jul 1 08:43:58 2026] GET /v2.0/ports/ebbe8747-6732-4f2f-b915-2a74ad92c73a => generated 132 bytes in 16 msecs (HTTP/1.1 404) 4 headers in 164 bytes (1 switches on core 0) [pid: 8|app: 0|req: 781/1533] 10.0.0.248 () {32 vars in 642 bytes} [Wed Jul 1 08:43:58 2026] GET /v2.0/ports => generated 1534 bytes in 40 msecs (HTTP/1.1 200) 4 headers in 158 bytes (1 switches on core 0) [pid: 8|app: 0|req: 782/1534] 10.0.0.248 () {32 vars in 716 bytes} [Wed Jul 1 08:43:58 2026] GET /v2.0/ports/75d000ac-e3b2-4f57-80a1-e17ddf952a09 => generated 775 bytes in 40 msecs (HTTP/1.1 200) 4 headers in 157 bytes (1 switches on core 0)
2026-07-01 08:43:58.236 8 INFO neutron.pecan_wsgi.hooks.translation [None req-3e8dbc37-d2de-4f0b-b788-6805d1e5c476 0bbe04fca0044577bd3f9003f3614e0e 6feafb74f36f45a1b5e5515a36a3f526 - - default default] DELETE failed (client error): The resource could not be found. [pid: 8|app: 0|req: 783/1535] 10.0.0.248 () {32 vars in 719 bytes} [Wed Jul 1 08:43:58 2026] DELETE /v2.0/ports/216e5971-18e2-4eab-a001-d46b17e9a6bf => generated 132 bytes in 20 msecs (HTTP/1.1 404) 4 headers in 164 bytes (1 switches on core 0)
2026-07-01 08:43:58.255 8 INFO neutron.pecan_wsgi.hooks.translation [None req-7ebaa63c-7593-4df1-9b71-7fbacb88fe47 0bbe04fca0044577bd3f9003f3614e0e 6feafb74f36f45a1b5e5515a36a3f526 - - default default] DELETE failed (client error): The resource could not be found. [pid: 8|app: 0|req: 784/1536] 10.0.0.248 () {32 vars in 723 bytes} [Wed Jul 1 08:43:58 2026] DELETE /v2.0/subnets/dad61c19-3825-4663-a576-68ce29e6e838 => generated 136 bytes in 14 msecs (HTTP/1.1 404) 4 headers in 164 bytes (1 switches on core 0)
2026-07-01 08:43:58.276 8 INFO neutron.pecan_wsgi.hooks.translation [None req-d1d8c7b5-4a1b-4851-b4a0-13fa6c25e656 0bbe04fca0044577bd3f9003f3614e0e 6feafb74f36f45a1b5e5515a36a3f526 - - default default] DELETE failed (client error): The resource could not be found. [pid: 8|app: 0|req: 785/1537] 10.0.0.248 () {32 vars in 723 bytes} [Wed Jul 1 08:43:58 2026] DELETE /v2.0/subnets/cf64a7d9-61a2-4db3-a93f-9a974f1cc679 => generated 136 bytes in 16 msecs (HTTP/1.1 404) 4 headers in 164 bytes (1 switches on core 0)
2026-07-01 08:43:58.439 8 INFO neutron_taas.services.taas.taas_plugin [None req-3f95f3ba-6e67-4e90-af41-93f892521582 0bbe04fca0044577bd3f9003f3614e0e 6feafb74f36f45a1b5e5515a36a3f526 - - default default] TaaS: Handle Delete Port: 75d000ac-e3b2-4f57-80a1-e17ddf952a09
2026-07-01 08:43:58.444 8 INFO neutron_taas.services.taas.tap_mirror_plugin [None req-3f95f3ba-6e67-4e90-af41-93f892521582 0bbe04fca0044577bd3f9003f3614e0e 6feafb74f36f45a1b5e5515a36a3f526 - - default default] Tap Mirror: Handle Delete Port: 75d000ac-e3b2-4f57-80a1-e17ddf952a09
2026-07-01 08:43:58.514 7 INFO neutron.plugins.ml2.drivers.ovn.mech_driver.ovsdb.commands [None req-7542bb34-bf54-4cc5-94b8-3eb04609e182 - - - - - -] Schedule LRP lrp-99f7dac2-4de2-4333-941e-f1df0aad04fc on gateway 3dc2968e-acdd-431a-9e15-a1d73929b9bd with priority 1
2026-07-01 08:43:58.555 7 INFO neutron.plugins.ml2.drivers.ovn.mech_driver.mech_driver [None req-be3426e9-e771-4d01-bba0-f868c4f73700 - - - - - -] OVN reports status up for port: 99f7dac2-4de2-4333-941e-f1df0aad04fc
2026-07-01 08:43:58.594 8 INFO neutron.plugins.ml2.drivers.ovn.mech_driver.ovsdb.ovsdb_monitor [None req-2997403a-8282-41e4-a74b-0540ffb092d7 - - - - - -] Router 95fc55dc-c7e0-486e-bd00-b8cf784778d1 is bound to host instance
2026-07-01 08:43:58.602 7 INFO neutron.plugins.ml2.plugin [None req-be3426e9-e771-4d01-bba0-f868c4f73700 - - - - - -] Attempt 1 to provision port 99f7dac2-4de2-4333-941e-f1df0aad04fc
2026-07-01 08:43:58.639 7 INFO neutron.db.ovn_revision_numbers_db [None req-d4500b35-c567-420f-a6b1-0b52082aa992 e0efe2fbceb24d90a948a6a692559b16 b2aa9d6c3650431eb442e381cb765197 - - default default] Successfully bumped revision number for resource 99f7dac2-4de2-4333-941e-f1df0aad04fc (type: router_ports) to 1 [pid: 8|app: 0|req: 786/1538] 10.0.0.248 () {32 vars in 719 bytes} [Wed Jul 1 08:43:58 2026] DELETE /v2.0/ports/75d000ac-e3b2-4f57-80a1-e17ddf952a09 => generated 0 bytes in 365 msecs (HTTP/1.1 204) 3 headers in 131 bytes (1 switches on core 0) [pid: 8|app: 0|req: 787/1539] 10.0.0.138 () {34 vars in 989 bytes} [Wed Jul 1 08:43:58 2026] GET /v2.0/ports?device_id=95824f4e-257b-4612-b463-1752ae75e8fe => generated 971 bytes in 82 msecs (HTTP/1.1 200) 4 headers in 157 bytes (1 switches on core 0)
2026-07-01 08:43:58.751 7 INFO neutron.db.ovn_revision_numbers_db [None req-d4500b35-c567-420f-a6b1-0b52082aa992 e0efe2fbceb24d90a948a6a692559b16 b2aa9d6c3650431eb442e381cb765197 - - default default] Successfully bumped revision number for resource 95fc55dc-c7e0-486e-bd00-b8cf784778d1 (type: routers) to 2 [pid: 7|app: 0|req: 753/1540] 10.0.0.248 () {34 vars in 668 bytes} [Wed Jul 1 08:43:57 2026] POST /v2.0/routers => generated 966 bytes in 1570 msecs (HTTP/1.1 201) 4 headers in 162 bytes (1 switches on core 0) [pid: 8|app: 0|req: 788/1541] 10.0.0.248 () {32 vars in 773 bytes} [Wed Jul 1 08:43:58 2026] GET /v2.0/security-groups?tenant_id=e1d503da56df4169b567694afd3203fc&name=default => generated 2925 bytes in 169 msecs (HTTP/1.1 200) 4 headers in 158 bytes (1 switches on core 0)
2026-07-01 08:43:58.917 7 INFO neutron_taas.services.taas.taas_plugin [None req-94bec630-145a-4cfd-81e0-30584df96b55 0bbe04fca0044577bd3f9003f3614e0e 6feafb74f36f45a1b5e5515a36a3f526 - - default default] TaaS: Handle Delete Port: e75873f5-24dd-40ee-bdb1-06ce9f2f2e05
2026-07-01 08:43:58.920 7 INFO neutron_taas.services.taas.tap_mirror_plugin [None req-94bec630-145a-4cfd-81e0-30584df96b55 0bbe04fca0044577bd3f9003f3614e0e 6feafb74f36f45a1b5e5515a36a3f526 - - default default] Tap Mirror: Handle Delete Port: e75873f5-24dd-40ee-bdb1-06ce9f2f2e05 [pid: 8|app: 0|req: 789/1542] 10.0.0.138 () {34 vars in 1039 bytes} [Wed Jul 1 08:43:58 2026] GET /v2.0/security-groups?id=a934d061-8bfd-4030-85ec-570f8251b3bc&fields=id&fields=name => generated 114 bytes in 79 msecs (HTTP/1.1 200) 4 headers in 157 bytes (1 switches on core 0)
2026-07-01 08:43:59.139 7 INFO neutron.services.segments.plugin [-] Segment f6ea736b-5654-40b7-974b-2995817fe160 resource provider aggregate not found
2026-07-01 08:43:59.144 7 INFO neutron.services.segments.plugin [-] Segment f6ea736b-5654-40b7-974b-2995817fe160 resource provider aggregate not found
2026-07-01 08:43:59.166 7 INFO neutron.services.segments.plugin [-] Segment f6ea736b-5654-40b7-974b-2995817fe160 resource provider not found; error: Placement Client Error (4xx): {"errors": [{"status": 404, "title": "Not Found", "detail": "The resource could not be found.\n\n No resource provider with uuid f6ea736b-5654-40b7-974b-2995817fe160 found for delete ", "request_id": "req-210b4205-dd3a-40e7-b9d2-495fa2ff2b4e"}]}
2026-07-01 08:43:59.167 7 INFO neutron.services.segments.plugin [-] Segment f6ea736b-5654-40b7-974b-2995817fe160 resource provider not found; error: Placement Client Error (4xx): {"errors": [{"status": 404, "title": "Not Found", "detail": "The resource could not be found.\n\n No resource provider with uuid f6ea736b-5654-40b7-974b-2995817fe160 found for delete ", "request_id": "req-ec34c9b0-231c-485d-a774-36ae05624c54"}]} [pid: 7|app: 0|req: 754/1543] 10.0.0.248 () {32 vars in 725 bytes} [Wed Jul 1 08:43:58 2026] DELETE /v2.0/networks/fd0bd41c-f376-47b3-af1c-456e2a7a33a1 => generated 0 bytes in 408 msecs (HTTP/1.1 204) 3 headers in 131 bytes (1 switches on core 0) [pid: 7|app: 0|req: 755/1544] 10.0.0.248 () {32 vars in 739 bytes} [Wed Jul 1 08:43:59 2026] DELETE /v2.0/security-groups/a9c97aeb-572c-4015-8f9c-e56969be22e3 => generated 0 bytes in 287 msecs (HTTP/1.1 204) 2 headers in 112 bytes (1 switches on core 0) [pid: 7|app: 0|req: 756/1545] 10.0.0.248 () {32 vars in 773 bytes} [Wed Jul 1 08:43:59 2026] GET /v2.0/security-groups?tenant_id=6feafb74f36f45a1b5e5515a36a3f526&name=default => generated 2925 bytes in 183 msecs (HTTP/1.1 200) 4 headers in 158 bytes (1 switches on core 0)
2026-07-01 08:43:59.964 8 WARNING neutron.scheduler.dhcp_agent_scheduler [None req-b345eb7d-ea52-4283-ba97-e1698db2b2dc e0efe2fbceb24d90a948a6a692559b16 b2aa9d6c3650431eb442e381cb765197 - - default default] No more DHCP agents
2026-07-01 08:43:59.966 8 WARNING neutron.api.rpc.agentnotifiers.dhcp_rpc_agent_api [None req-b345eb7d-ea52-4283-ba97-e1698db2b2dc e0efe2fbceb24d90a948a6a692559b16 b2aa9d6c3650431eb442e381cb765197 - - default default] Unable to schedule network 326067ca-0722-4df4-8c10-7ad8be3a49fe: no agents available; will retry on subsequent port and subnet creation events. [pid: 7|app: 0|req: 757/1546] 10.0.0.248 () {32 vars in 739 bytes} [Wed Jul 1 08:43:59 2026] DELETE /v2.0/security-groups/23849b32-221f-4686-8aad-711dfa50e8e6 => generated 0 bytes in 294 msecs (HTTP/1.1 204) 2 headers in 112 bytes (1 switches on core 0) [pid: 7|app: 0|req: 758/1547] 199.19.213.107 () {34 vars in 1079 bytes} [Wed Jul 1 08:44:00 2026] GET /v2.0/ports?tenant_id=75891bc269244fceaaa1dfd62ecab5bf&device_id=95824f4e-257b-4612-b463-1752ae75e8fe => generated 1209 bytes in 44 msecs (HTTP/1.1 200) 4 headers in 158 bytes (1 switches on core 0)
2026-07-01 08:44:00.162 8 INFO neutron.plugins.ml2.drivers.ovn.mech_driver.mech_driver [None req-bc88cb56-3dd7-4b78-bb23-121139b9b80c - - - - - -] OVN reports status down for port: 5fccbf96-d866-48ef-b645-ad8e5558e9db
2026-07-01 08:44:00.165 8 INFO neutron.db.ovn_revision_numbers_db [None req-22dfb7fe-2148-4d76-81eb-1d9cba2a4b74 - - - - - -] Successfully bumped revision number for resource 99f7dac2-4de2-4333-941e-f1df0aad04fc (type: ports) to 4 [pid: 7|app: 0|req: 759/1548] 10.0.0.138 () {34 vars in 989 bytes} [Wed Jul 1 08:44:00 2026] GET /v2.0/ports?device_id=95824f4e-257b-4612-b463-1752ae75e8fe => generated 971 bytes in 137 msecs (HTTP/1.1 200) 4 headers in 157 bytes (1 switches on core 0) [pid: 7|app: 0|req: 760/1549] 199.19.213.107 () {34 vars in 985 bytes} [Wed Jul 1 08:44:00 2026] GET /v2.0/networks?id=b16f97a0-07b2-4c81-b341-8d3e215d76f8 => generated 813 bytes in 48 msecs (HTTP/1.1 200) 4 headers in 157 bytes (1 switches on core 0)
