2026-07-01 08:42:45.718 7 INFO neutron.db.ovn_revision_numbers_db [None req-bf576316-6490-41aa-82ba-706ea180ac92 9d881d9140b64fda9639e7e19ca70601 6f9d933504da4bf79c0874a8d0e7021e - - default default] Successfully bumped revision number for resource 4911b181-72ba-4658-930f-1d6a6b0bcec6 (type: ports) to 1 [pid: 7|app: 0|req: 547/1067] 10.0.0.248 () {34 vars in 664 bytes} [Wed Jul 1 08:42:45 2026] POST /v2.0/ports => generated 1505 bytes in 773 msecs (HTTP/1.1 201) 4 headers in 163 bytes (1 switches on core 0) [pid: 8|app: 0|req: 521/1068] 10.0.0.248 () {32 vars in 725 bytes} [Wed Jul 1 08:42:45 2026] DELETE /v2.0/networks/6ee33c11-b82f-4151-b59d-775395deb238 => generated 0 bytes in 439 msecs (HTTP/1.1 204) 3 headers in 131 bytes (1 switches on core 0) /var/lib/openstack/lib/python3.12/site-packages/pycadf/identifier.py:70: UserWarning: Invalid uuid: neutron. To ensure interoperability, identifiers should be a valid uuid. warnings.warn(('Invalid uuid: %s. To ensure interoperability, ' [pid: 7|app: 0|req: 548/1069] 10.0.0.248 () {32 vars in 642 bytes} [Wed Jul 1 08:42:45 2026] GET /v2.0/ports => generated 3017 bytes in 85 msecs (HTTP/1.1 200) 4 headers in 158 bytes (1 switches on core 0) [pid: 7|app: 0|req: 549/1070] 10.0.0.248 () {32 vars in 773 bytes} [Wed Jul 1 08:42:45 2026] GET /v2.0/security-groups?tenant_id=4ea211c02d094d78b70d832dcf76af31&name=default => generated 2921 bytes in 45 msecs (HTTP/1.1 200) 4 headers in 158 bytes (1 switches on core 0)
2026-07-01 08:42:46.068 8 INFO neutron_taas.services.taas.taas_plugin [None req-8faecc56-08f5-4150-ae87-d379b350995b 9d881d9140b64fda9639e7e19ca70601 6f9d933504da4bf79c0874a8d0e7021e - - default default] TaaS: Handle Delete Port: 124bf6d6-9932-403f-a32c-9a8e385ad17c
2026-07-01 08:42:46.071 8 INFO neutron_taas.services.taas.tap_mirror_plugin [None req-8faecc56-08f5-4150-ae87-d379b350995b 9d881d9140b64fda9639e7e19ca70601 6f9d933504da4bf79c0874a8d0e7021e - - default default] Tap Mirror: Handle Delete Port: 124bf6d6-9932-403f-a32c-9a8e385ad17c [pid: 8|app: 0|req: 522/1071] 10.0.0.248 () {32 vars in 719 bytes} [Wed Jul 1 08:42:45 2026] DELETE /v2.0/ports/124bf6d6-9932-403f-a32c-9a8e385ad17c => generated 0 bytes in 278 msecs (HTTP/1.1 204) 3 headers in 131 bytes (1 switches on core 0) [pid: 7|app: 0|req: 550/1072] 10.0.0.248 () {32 vars in 739 bytes} [Wed Jul 1 08:42:46 2026] DELETE /v2.0/security-groups/9d3663a1-6abe-4af3-a1dd-f3a55c2991fa => generated 0 bytes in 267 msecs (HTTP/1.1 204) 2 headers in 112 bytes (1 switches on core 0) [pid: 7|app: 0|req: 551/1073] 10.0.0.138 () {34 vars in 989 bytes} [Wed Jul 1 08:42:46 2026] GET /v2.0/ports?device_id=95ae4728-9e65-4a8e-9e32-7e66b13f5716 => generated 12 bytes in 20 msecs (HTTP/1.1 200) 4 headers in 156 bytes (1 switches on core 0)
2026-07-01 08:42:46.338 8 INFO neutron_taas.services.taas.taas_plugin [None req-9dc046fd-d9e2-47fc-946c-364b64d943aa 9d881d9140b64fda9639e7e19ca70601 6f9d933504da4bf79c0874a8d0e7021e - - default default] TaaS: Handle Delete Port: 4911b181-72ba-4658-930f-1d6a6b0bcec6
2026-07-01 08:42:46.343 8 INFO neutron_taas.services.taas.tap_mirror_plugin [None req-9dc046fd-d9e2-47fc-946c-364b64d943aa 9d881d9140b64fda9639e7e19ca70601 6f9d933504da4bf79c0874a8d0e7021e - - default default] Tap Mirror: Handle Delete Port: 4911b181-72ba-4658-930f-1d6a6b0bcec6 [pid: 8|app: 0|req: 523/1074] 10.0.0.248 () {32 vars in 719 bytes} [Wed Jul 1 08:42:46 2026] DELETE /v2.0/ports/4911b181-72ba-4658-930f-1d6a6b0bcec6 => generated 0 bytes in 286 msecs (HTTP/1.1 204) 3 headers in 131 bytes (1 switches on core 0) [pid: 7|app: 0|req: 552/1075] 10.0.0.248 () {32 vars in 642 bytes} [Wed Jul 1 08:42:46 2026] GET /v2.0/ports => generated 1523 bytes in 42 msecs (HTTP/1.1 200) 4 headers in 158 bytes (1 switches on core 0)
2026-07-01 08:42:46.632 8 INFO neutron.db.segments_db [None req-bfc89971-210c-43e7-abbd-1dd3e8b0239a 9d881d9140b64fda9639e7e19ca70601 6f9d933504da4bf79c0874a8d0e7021e - - default default] Added segment 53915c78-3920-4220-9452-7e0c5d29f16d of type geneve for network 5225a9f7-46da-4696-873c-f3525fbedc7f
2026-07-01 08:42:46.750 8 INFO neutron.db.ovn_revision_numbers_db [None req-bfc89971-210c-43e7-abbd-1dd3e8b0239a 9d881d9140b64fda9639e7e19ca70601 6f9d933504da4bf79c0874a8d0e7021e - - default default] Successfully bumped revision number for resource 5225a9f7-46da-4696-873c-f3525fbedc7f (type: networks) to 1
2026-07-01 08:42:46.787 8 INFO neutron.services.segments.plugin [-] Segment 5d553fc1-3f20-4837-915f-4d0863867a17 resource provider aggregate not found
2026-07-01 08:42:46.810 8 INFO neutron.services.segments.plugin [-] Segment 5d553fc1-3f20-4837-915f-4d0863867a17 resource provider aggregate not found
2026-07-01 08:42:46.818 8 INFO neutron.services.segments.plugin [-] Segment 5d553fc1-3f20-4837-915f-4d0863867a17 resource provider not found; error: Placement Client Error (4xx): {"errors": [{"status": 404, "title": "Not Found", "detail": "The resource could not be found.\n\n No resource provider with uuid 5d553fc1-3f20-4837-915f-4d0863867a17 found for delete ", "request_id": "req-e48bd040-ee7d-4dba-a050-1ab5af5d0243"}]}
2026-07-01 08:42:46.835 8 INFO neutron.services.segments.plugin [-] Segment 5d553fc1-3f20-4837-915f-4d0863867a17 resource provider not found; error: Placement Client Error (4xx): {"errors": [{"status": 404, "title": "Not Found", "detail": "The resource could not be found.\n\n No resource provider with uuid 5d553fc1-3f20-4837-915f-4d0863867a17 found for delete ", "request_id": "req-ea321f9f-e912-497b-9c59-6a224c317a78"}]}
2026-07-01 08:42:46.966 8 WARNING neutron.scheduler.dhcp_agent_scheduler [None req-bfc89971-210c-43e7-abbd-1dd3e8b0239a 9d881d9140b64fda9639e7e19ca70601 6f9d933504da4bf79c0874a8d0e7021e - - default default] No more DHCP agents
2026-07-01 08:42:46.968 8 WARNING neutron.api.rpc.agentnotifiers.dhcp_rpc_agent_api [None req-bfc89971-210c-43e7-abbd-1dd3e8b0239a 9d881d9140b64fda9639e7e19ca70601 6f9d933504da4bf79c0874a8d0e7021e - - default default] Unable to schedule network 5225a9f7-46da-4696-873c-f3525fbedc7f: no agents available; will retry on subsequent port and subnet creation events.
2026-07-01 08:42:47.019 7 INFO neutron.plugins.ml2.drivers.ovn.mech_driver.mech_driver [None req-cef71493-8112-494f-926d-a980ca968ad4 - - - - - -] OVN reports status down for port: 574a0cb8-4ec3-4b92-a0a2-722cd2256dae
2026-07-01 08:42:47.063 8 INFO neutron.db.ovn_revision_numbers_db [None req-bfc89971-210c-43e7-abbd-1dd3e8b0239a 9d881d9140b64fda9639e7e19ca70601 6f9d933504da4bf79c0874a8d0e7021e - - default default] Successfully bumped revision number for resource 574a0cb8-4ec3-4b92-a0a2-722cd2256dae (type: ports) to 1 [pid: 8|app: 0|req: 524/1076] 10.0.0.248 () {34 vars in 669 bytes} [Wed Jul 1 08:42:46 2026] POST /v2.0/networks => generated 692 bytes in 563 msecs (HTTP/1.1 201) 4 headers in 162 bytes (1 switches on core 0)
2026-07-01 08:42:47.197 7 INFO neutron.db.segments_db [None req-82556665-0912-4da4-90b9-d7ace6a74d40 9d881d9140b64fda9639e7e19ca70601 6f9d933504da4bf79c0874a8d0e7021e - - default default] Added segment b9c68a23-90cd-405e-8413-2f0af2777e24 of type geneve for network 0f239005-8dcb-48be-b922-31bf1de0bba4
2026-07-01 08:42:47.310 7 INFO neutron.db.ovn_revision_numbers_db [None req-82556665-0912-4da4-90b9-d7ace6a74d40 9d881d9140b64fda9639e7e19ca70601 6f9d933504da4bf79c0874a8d0e7021e - - default default] Successfully bumped revision number for resource 0f239005-8dcb-48be-b922-31bf1de0bba4 (type: networks) to 1 [pid: 8|app: 0|req: 525/1077] 10.0.0.138 () {34 vars in 989 bytes} [Wed Jul 1 08:42:47 2026] GET /v2.0/ports?device_id=95ae4728-9e65-4a8e-9e32-7e66b13f5716 => generated 12 bytes in 27 msecs (HTTP/1.1 200) 4 headers in 156 bytes (1 switches on core 0)
2026-07-01 08:42:47.548 7 WARNING neutron.scheduler.dhcp_agent_scheduler [None req-82556665-0912-4da4-90b9-d7ace6a74d40 9d881d9140b64fda9639e7e19ca70601 6f9d933504da4bf79c0874a8d0e7021e - - default default] No more DHCP agents
2026-07-01 08:42:47.550 7 WARNING neutron.api.rpc.agentnotifiers.dhcp_rpc_agent_api [None req-82556665-0912-4da4-90b9-d7ace6a74d40 9d881d9140b64fda9639e7e19ca70601 6f9d933504da4bf79c0874a8d0e7021e - - default default] Unable to schedule network 0f239005-8dcb-48be-b922-31bf1de0bba4: no agents available; will retry on subsequent port and subnet creation events.
2026-07-01 08:42:47.600 7 INFO neutron.plugins.ml2.drivers.ovn.mech_driver.mech_driver [None req-cef71493-8112-494f-926d-a980ca968ad4 - - - - - -] OVN reports status down for port: 8cc0aaf7-371f-4f45-b27a-2bcdb9e3271b
2026-07-01 08:42:47.666 7 INFO neutron.db.ovn_revision_numbers_db [None req-82556665-0912-4da4-90b9-d7ace6a74d40 9d881d9140b64fda9639e7e19ca70601 6f9d933504da4bf79c0874a8d0e7021e - - default default] Successfully bumped revision number for resource 8cc0aaf7-371f-4f45-b27a-2bcdb9e3271b (type: ports) to 1 [pid: 7|app: 0|req: 553/1078] 10.0.0.248 () {34 vars in 669 bytes} [Wed Jul 1 08:42:47 2026] POST /v2.0/networks => generated 691 bytes in 619 msecs (HTTP/1.1 201) 4 headers in 162 bytes (1 switches on core 0)
2026-07-01 08:42:48.312 8 INFO neutron.db.ovn_revision_numbers_db [None req-ab7c615e-8ec4-417b-b7a9-f649655b1e9e e0efe2fbceb24d90a948a6a692559b16 b2aa9d6c3650431eb442e381cb765197 - - default default] Successfully bumped revision number for resource 6b17c32b-67e2-4bfe-a3f0-d816ca4ec7c5 (type: security_groups) to 1
2026-07-01 08:42:48.326 8 INFO neutron.db.ovn_revision_numbers_db [None req-ab7c615e-8ec4-417b-b7a9-f649655b1e9e e0efe2fbceb24d90a948a6a692559b16 b2aa9d6c3650431eb442e381cb765197 - - default default] Successfully bumped revision number for resource 1b5b2656-84af-4c94-97bd-a009a5ab93d3 (type: security_group_rules) to 0
2026-07-01 08:42:48.340 8 INFO neutron.db.ovn_revision_numbers_db [None req-ab7c615e-8ec4-417b-b7a9-f649655b1e9e e0efe2fbceb24d90a948a6a692559b16 b2aa9d6c3650431eb442e381cb765197 - - default default] Successfully bumped revision number for resource 34415e4f-e4a6-4dc9-b771-df48aa6fd5bb (type: security_group_rules) to 0
2026-07-01 08:42:48.354 8 INFO neutron.db.ovn_revision_numbers_db [None req-ab7c615e-8ec4-417b-b7a9-f649655b1e9e e0efe2fbceb24d90a948a6a692559b16 b2aa9d6c3650431eb442e381cb765197 - - default default] Successfully bumped revision number for resource 68b54e18-7171-4738-886a-de0acf58fe24 (type: security_group_rules) to 0
2026-07-01 08:42:48.371 8 INFO neutron.db.ovn_revision_numbers_db [None req-ab7c615e-8ec4-417b-b7a9-f649655b1e9e e0efe2fbceb24d90a948a6a692559b16 b2aa9d6c3650431eb442e381cb765197 - - default default] Successfully bumped revision number for resource 6dbf930f-70e0-4f8e-9fc2-155167c3a436 (type: security_group_rules) to 0
2026-07-01 08:42:48.468 8 INFO neutron.db.segments_db [None req-ab7c615e-8ec4-417b-b7a9-f649655b1e9e e0efe2fbceb24d90a948a6a692559b16 b2aa9d6c3650431eb442e381cb765197 - - default default] Added segment 0d076d2e-8755-4f41-99aa-ec6710156f08 of type geneve for network 551e0320-9c86-4576-a2e0-53f2150436d0
2026-07-01 08:42:48.579 8 INFO neutron.db.ovn_revision_numbers_db [None req-ab7c615e-8ec4-417b-b7a9-f649655b1e9e e0efe2fbceb24d90a948a6a692559b16 b2aa9d6c3650431eb442e381cb765197 - - default default] Successfully bumped revision number for resource 551e0320-9c86-4576-a2e0-53f2150436d0 (type: networks) to 1
2026-07-01 08:42:48.581 7 WARNING neutron.scheduler.dhcp_agent_scheduler [None req-03b3d066-4409-4042-ba15-35d00fc9ae08 9d881d9140b64fda9639e7e19ca70601 6f9d933504da4bf79c0874a8d0e7021e - - default default] No more DHCP agents
2026-07-01 08:42:48.582 7 WARNING neutron.api.rpc.agentnotifiers.dhcp_rpc_agent_api [None req-03b3d066-4409-4042-ba15-35d00fc9ae08 9d881d9140b64fda9639e7e19ca70601 6f9d933504da4bf79c0874a8d0e7021e - - default default] Unable to schedule network 5225a9f7-46da-4696-873c-f3525fbedc7f: no agents available; will retry on subsequent port and subnet creation events.
2026-07-01 08:42:48.619 7 INFO neutron.db.ovn_revision_numbers_db [None req-03b3d066-4409-4042-ba15-35d00fc9ae08 9d881d9140b64fda9639e7e19ca70601 6f9d933504da4bf79c0874a8d0e7021e - - default default] Successfully bumped revision number for resource 13247f9e-aab8-4503-870c-79f1e9074369 (type: subnets) to 0
2026-07-01 08:42:48.661 7 WARNING neutron.scheduler.dhcp_agent_scheduler [None req-03b3d066-4409-4042-ba15-35d00fc9ae08 9d881d9140b64fda9639e7e19ca70601 6f9d933504da4bf79c0874a8d0e7021e - - default default] No more DHCP agents
2026-07-01 08:42:48.662 7 WARNING neutron.api.rpc.agentnotifiers.dhcp_rpc_agent_api [None req-03b3d066-4409-4042-ba15-35d00fc9ae08 9d881d9140b64fda9639e7e19ca70601 6f9d933504da4bf79c0874a8d0e7021e - - default default] Unable to schedule network 0f239005-8dcb-48be-b922-31bf1de0bba4: no agents available; will retry on subsequent port and subnet creation events.
2026-07-01 08:42:48.696 7 INFO neutron.db.ovn_revision_numbers_db [None req-03b3d066-4409-4042-ba15-35d00fc9ae08 9d881d9140b64fda9639e7e19ca70601 6f9d933504da4bf79c0874a8d0e7021e - - default default] Successfully bumped revision number for resource 231c0d97-5728-47c3-a3d5-fa61717c121d (type: subnets) to 0 [pid: 7|app: 0|req: 554/1079] 10.0.0.248 () {34 vars in 668 bytes} [Wed Jul 1 08:42:48 2026] POST /v2.0/subnets => generated 1324 bytes in 520 msecs (HTTP/1.1 201) 4 headers in 163 bytes (1 switches on core 0)
2026-07-01 08:42:48.766 8 WARNING neutron.scheduler.dhcp_agent_scheduler [None req-ab7c615e-8ec4-417b-b7a9-f649655b1e9e e0efe2fbceb24d90a948a6a692559b16 b2aa9d6c3650431eb442e381cb765197 - - default default] No more DHCP agents
2026-07-01 08:42:48.769 8 WARNING neutron.api.rpc.agentnotifiers.dhcp_rpc_agent_api [None req-ab7c615e-8ec4-417b-b7a9-f649655b1e9e e0efe2fbceb24d90a948a6a692559b16 b2aa9d6c3650431eb442e381cb765197 - - default default] Unable to schedule network 551e0320-9c86-4576-a2e0-53f2150436d0: no agents available; will retry on subsequent port and subnet creation events.
2026-07-01 08:42:48.815 8 INFO neutron.plugins.ml2.drivers.ovn.mech_driver.mech_driver [None req-7349525a-f536-49d7-b0e0-c87ef203930e - - - - - -] OVN reports status down for port: 824853c4-0a62-406e-9fe7-7dc3d1f6f90b
2026-07-01 08:42:48.870 8 INFO neutron.db.ovn_revision_numbers_db [None req-ab7c615e-8ec4-417b-b7a9-f649655b1e9e e0efe2fbceb24d90a948a6a692559b16 b2aa9d6c3650431eb442e381cb765197 - - default default] Successfully bumped revision number for resource 824853c4-0a62-406e-9fe7-7dc3d1f6f90b (type: ports) to 1 [pid: 7|app: 0|req: 555/1080] 10.0.0.248 () {32 vars in 739 bytes} [Wed Jul 1 08:42:48 2026] DELETE /v2.0/security-groups/ab7bb0a7-8be3-4c0f-aa53-3ec4282b95f5 => generated 0 bytes in 155 msecs (HTTP/1.1 204) 2 headers in 112 bytes (1 switches on core 0) [pid: 8|app: 0|req: 526/1081] 10.0.0.248 () {34 vars in 670 bytes} [Wed Jul 1 08:42:48 2026] POST /v2.0/networks => generated 777 bytes in 864 msecs (HTTP/1.1 201) 4 headers in 162 bytes (1 switches on core 0)
2026-07-01 08:42:48.924 8 INFO neutron.api.v2.resource [None req-04c193c6-e0af-4bda-ae9d-8c5bae0e29be 197e7276fee44552ba2dd032f424130f fd3e2a88b31f4609982a96236583865e - - default default] show failed (client error): The resource could not be found. [pid: 8|app: 0|req: 527/1082] 10.0.0.248 () {32 vars in 736 bytes} [Wed Jul 1 08:42:48 2026] GET /v2.0/security-groups/ab7bb0a7-8be3-4c0f-aa53-3ec4282b95f5 => generated 146 bytes in 13 msecs (HTTP/1.1 404) 4 headers in 164 bytes (1 switches on core 0) [pid: 7|app: 0|req: 556/1083] 10.0.0.248 () {32 vars in 646 bytes} [Wed Jul 1 08:42:48 2026] GET /v2.0/subnets => generated 1960 bytes in 48 msecs (HTTP/1.1 200) 4 headers in 158 bytes (1 switches on core 0)
2026-07-01 08:42:49.050 7 INFO neutron_taas.services.taas.taas_plugin [None req-2c2e4da3-2b2b-4403-bd03-e4da8c9de8f8 197e7276fee44552ba2dd032f424130f fd3e2a88b31f4609982a96236583865e - - default default] TaaS: Handle Delete Port: f13d0356-d2c8-4d00-a497-aa460881d45e
2026-07-01 08:42:49.054 7 INFO neutron_taas.services.taas.tap_mirror_plugin [None req-2c2e4da3-2b2b-4403-bd03-e4da8c9de8f8 197e7276fee44552ba2dd032f424130f fd3e2a88b31f4609982a96236583865e - - default default] Tap Mirror: Handle Delete Port: f13d0356-d2c8-4d00-a497-aa460881d45e
2026-07-01 08:42:49.058 8 WARNING neutron.scheduler.dhcp_agent_scheduler [None req-a9d6a526-5195-4b05-9f1d-9a0b84f08caf e0efe2fbceb24d90a948a6a692559b16 b2aa9d6c3650431eb442e381cb765197 - - default default] No more DHCP agents
2026-07-01 08:42:49.060 8 WARNING neutron.api.rpc.agentnotifiers.dhcp_rpc_agent_api [None req-a9d6a526-5195-4b05-9f1d-9a0b84f08caf e0efe2fbceb24d90a948a6a692559b16 b2aa9d6c3650431eb442e381cb765197 - - default default] Unable to schedule network 551e0320-9c86-4576-a2e0-53f2150436d0: no agents available; will retry on subsequent port and subnet creation events. [pid: 7|app: 0|req: 557/1084] 10.0.0.248 () {32 vars in 731 bytes} [Wed Jul 1 08:42:48 2026] DELETE /v2.0/floatingips/38608792-17b6-4add-9b87-3cb7f8327ec6 => generated 0 bytes in 280 msecs (HTTP/1.1 204) 2 headers in 112 bytes (1 switches on core 0) [pid: 7|app: 0|req: 558/1085] 10.0.0.248 () {32 vars in 723 bytes} [Wed Jul 1 08:42:49 2026] DELETE /v2.0/subnets/13247f9e-aab8-4503-870c-79f1e9074369 => generated 0 bytes in 213 msecs (HTTP/1.1 204) 3 headers in 131 bytes (1 switches on core 0)
2026-07-01 08:42:49.506 8 INFO neutron.db.ovn_revision_numbers_db [None req-b34173d8-304e-4bb5-bc3e-3ecf5e481029 - - - - - -] Successfully bumped revision number for resource 824853c4-0a62-406e-9fe7-7dc3d1f6f90b (type: ports) to 2
2026-07-01 08:42:49.547 8 INFO neutron.db.ovn_revision_numbers_db [None req-b34173d8-304e-4bb5-bc3e-3ecf5e481029 - - - - - -] Successfully bumped revision number for resource 4de6b95d-33be-4b6f-83d8-ad929f457520 (type: subnets) to 0 [pid: 8|app: 0|req: 528/1088] 10.0.0.248 () {34 vars in 668 bytes} [Wed Jul 1 08:42:48 2026] POST /v2.0/subnets => generated 684 bytes in 640 msecs (HTTP/1.1 201) 4 headers in 162 bytes (1 switches on core 0)
2026-07-01 08:42:49.696 7 INFO neutron_taas.services.taas.taas_plugin [None req-569d5bb8-5fba-4b34-883d-badafcafed83 e0efe2fbceb24d90a948a6a692559b16 b2aa9d6c3650431eb442e381cb765197 - - default default] TaaS: Handle Delete Port: 1d7625f3-e7d9-4537-856d-340a325047a0
2026-07-01 08:42:49.698 7 INFO neutron_taas.services.taas.tap_mirror_plugin [None req-569d5bb8-5fba-4b34-883d-badafcafed83 e0efe2fbceb24d90a948a6a692559b16 b2aa9d6c3650431eb442e381cb765197 - - default default] Tap Mirror: Handle Delete Port: 1d7625f3-e7d9-4537-856d-340a325047a0 [pid: 8|app: 0|req: 529/1089] 10.0.0.248 () {32 vars in 723 bytes} [Wed Jul 1 08:42:49 2026] DELETE /v2.0/subnets/231c0d97-5728-47c3-a3d5-fa61717c121d => generated 0 bytes in 133 msecs (HTTP/1.1 204) 3 headers in 131 bytes (1 switches on core 0)
2026-07-01 08:42:50.099 8 WARNING neutron.scheduler.dhcp_agent_scheduler [None req-732b968b-b739-4f33-be3a-9167442b0242 e0efe2fbceb24d90a948a6a692559b16 b2aa9d6c3650431eb442e381cb765197 - - default default] No more DHCP agents
2026-07-01 08:42:50.101 8 WARNING neutron.api.rpc.agentnotifiers.dhcp_rpc_agent_api [None req-732b968b-b739-4f33-be3a-9167442b0242 e0efe2fbceb24d90a948a6a692559b16 b2aa9d6c3650431eb442e381cb765197 - - default default] Unable to schedule network 22591cb1-1e45-46df-90d1-f940f3f73238: no agents available; will retry on subsequent port and subnet creation events.
2026-07-01 08:42:50.214 8 INFO neutron.plugins.ml2.drivers.ovn.mech_driver.mech_driver [None req-7349525a-f536-49d7-b0e0-c87ef203930e - - - - - -] OVN reports status down for port: deafaa3d-23ef-4aa4-abf0-9560ba034741
2026-07-01 08:42:50.268 8 INFO neutron.db.ovn_revision_numbers_db [None req-732b968b-b739-4f33-be3a-9167442b0242 e0efe2fbceb24d90a948a6a692559b16 b2aa9d6c3650431eb442e381cb765197 - - default default] Successfully bumped revision number for resource deafaa3d-23ef-4aa4-abf0-9560ba034741 (type: ports) to 1 [pid: 7|app: 0|req: 561/1090] 10.0.0.248 () {34 vars in 788 bytes} [Wed Jul 1 08:42:49 2026] PUT /v2.0/routers/5bc2ce77-2367-4096-9046-61f6f16c2d95/remove_router_interface => generated 309 bytes in 880 msecs (HTTP/1.1 200) 4 headers in 157 bytes (1 switches on core 0) /var/lib/openstack/lib/python3.12/site-packages/pycadf/identifier.py:70: UserWarning: Invalid uuid: neutron. To ensure interoperability, identifiers should be a valid uuid. warnings.warn(('Invalid uuid: %s. To ensure interoperability, ' [pid: 7|app: 0|req: 562/1091] 10.0.0.248 () {32 vars in 646 bytes} [Wed Jul 1 08:42:50 2026] GET /v2.0/subnets => generated 649 bytes in 38 msecs (HTTP/1.1 200) 4 headers in 157 bytes (1 switches on core 0)
2026-07-01 08:42:50.677 7 INFO neutron_taas.services.taas.taas_plugin [None req-df02280c-f857-4ad9-91ac-62138f52e3c0 e0efe2fbceb24d90a948a6a692559b16 b2aa9d6c3650431eb442e381cb765197 - - default default] TaaS: Handle Delete Port: 3341c6da-349d-4a4b-9681-41097b5c418e
2026-07-01 08:42:50.680 7 INFO neutron_taas.services.taas.tap_mirror_plugin [None req-df02280c-f857-4ad9-91ac-62138f52e3c0 e0efe2fbceb24d90a948a6a692559b16 b2aa9d6c3650431eb442e381cb765197 - - default default] Tap Mirror: Handle Delete Port: 3341c6da-349d-4a4b-9681-41097b5c418e
2026-07-01 08:42:50.940 8 INFO neutron.plugins.ml2.drivers.ovn.mech_driver.ovsdb.commands [None req-e9bfe617-0be4-4414-a4e0-c745218f5b34 - - - - - -] Schedule LRP lrp-deafaa3d-23ef-4aa4-abf0-9560ba034741 on gateway 3dc2968e-acdd-431a-9e15-a1d73929b9bd with priority 1
2026-07-01 08:42:50.996 8 INFO neutron.plugins.ml2.drivers.ovn.mech_driver.mech_driver [None req-7349525a-f536-49d7-b0e0-c87ef203930e - - - - - -] OVN reports status up for port: deafaa3d-23ef-4aa4-abf0-9560ba034741
2026-07-01 08:42:51.032 7 INFO neutron.plugins.ml2.drivers.ovn.mech_driver.ovsdb.ovsdb_monitor [None req-a098075f-3128-46c7-a072-89c03a476b0e - - - - - -] Router 25fb2633-3927-451c-9c18-0c7674ea5815 is bound to host instance
2026-07-01 08:42:51.033 8 INFO neutron.plugins.ml2.plugin [None req-7349525a-f536-49d7-b0e0-c87ef203930e - - - - - -] Attempt 1 to provision port deafaa3d-23ef-4aa4-abf0-9560ba034741
2026-07-01 08:42:51.058 8 INFO neutron.db.ovn_revision_numbers_db [None req-732b968b-b739-4f33-be3a-9167442b0242 e0efe2fbceb24d90a948a6a692559b16 b2aa9d6c3650431eb442e381cb765197 - - default default] Successfully bumped revision number for resource deafaa3d-23ef-4aa4-abf0-9560ba034741 (type: router_ports) to 1
2026-07-01 08:42:51.203 8 INFO neutron.db.ovn_revision_numbers_db [None req-732b968b-b739-4f33-be3a-9167442b0242 e0efe2fbceb24d90a948a6a692559b16 b2aa9d6c3650431eb442e381cb765197 - - default default] Successfully bumped revision number for resource 25fb2633-3927-451c-9c18-0c7674ea5815 (type: routers) to 2 [pid: 8|app: 0|req: 530/1092] 10.0.0.248 () {34 vars in 668 bytes} [Wed Jul 1 08:42:49 2026] POST /v2.0/routers => generated 962 bytes in 1534 msecs (HTTP/1.1 201) 4 headers in 162 bytes (1 switches on core 0) [pid: 7|app: 0|req: 563/1093] 10.0.0.248 () {32 vars in 723 bytes} [Wed Jul 1 08:42:50 2026] DELETE /v2.0/routers/5bc2ce77-2367-4096-9046-61f6f16c2d95 => generated 0 bytes in 899 msecs (HTTP/1.1 204) 2 headers in 112 bytes (1 switches on core 0)
2026-07-01 08:42:51.357 8 INFO neutron_taas.services.taas.taas_plugin [None req-0e190753-328c-436d-9477-6550e3c9c4d2 9d881d9140b64fda9639e7e19ca70601 6f9d933504da4bf79c0874a8d0e7021e - - default default] TaaS: Handle Delete Port: 8cc0aaf7-371f-4f45-b27a-2bcdb9e3271b
2026-07-01 08:42:51.362 8 INFO neutron_taas.services.taas.tap_mirror_plugin [None req-0e190753-328c-436d-9477-6550e3c9c4d2 9d881d9140b64fda9639e7e19ca70601 6f9d933504da4bf79c0874a8d0e7021e - - default default] Tap Mirror: Handle Delete Port: 8cc0aaf7-371f-4f45-b27a-2bcdb9e3271b
2026-07-01 08:42:51.533 8 INFO neutron.services.segments.plugin [-] Segment b9c68a23-90cd-405e-8413-2f0af2777e24 resource provider aggregate not found
2026-07-01 08:42:51.547 8 INFO neutron.services.segments.plugin [-] Segment b9c68a23-90cd-405e-8413-2f0af2777e24 resource provider aggregate not found
2026-07-01 08:42:51.559 8 INFO neutron.services.segments.plugin [-] Segment b9c68a23-90cd-405e-8413-2f0af2777e24 resource provider not found; error: Placement Client Error (4xx): {"errors": [{"status": 404, "title": "Not Found", "detail": "The resource could not be found.\n\n No resource provider with uuid b9c68a23-90cd-405e-8413-2f0af2777e24 found for delete ", "request_id": "req-6291d299-d7d8-42b2-bc57-d1ec8eb83c28"}]}
2026-07-01 08:42:51.570 8 INFO neutron.services.segments.plugin [-] Segment b9c68a23-90cd-405e-8413-2f0af2777e24 resource provider not found; error: Placement Client Error (4xx): {"errors": [{"status": 404, "title": "Not Found", "detail": "The resource could not be found.\n\n No resource provider with uuid b9c68a23-90cd-405e-8413-2f0af2777e24 found for delete ", "request_id": "req-0faab671-590a-42a9-b3d9-677e11208a5e"}]} [pid: 8|app: 0|req: 531/1094] 10.0.0.248 () {32 vars in 725 bytes} [Wed Jul 1 08:42:51 2026] DELETE /v2.0/networks/0f239005-8dcb-48be-b922-31bf1de0bba4 => generated 0 bytes in 346 msecs (HTTP/1.1 204) 3 headers in 131 bytes (1 switches on core 0) [pid: 8|app: 0|req: 532/1095] 10.0.0.248 () {32 vars in 723 bytes} [Wed Jul 1 08:42:51 2026] DELETE /v2.0/subnets/dbd144ac-8030-474b-a3d9-c68161bccdac => generated 0 bytes in 123 msecs (HTTP/1.1 204) 3 headers in 131 bytes (1 switches on core 0) [pid: 8|app: 0|req: 533/1096] 10.0.0.194 () {34 vars in 989 bytes} [Wed Jul 1 08:42:51 2026] GET /v2.0/ports?device_id=f5ffe2ff-96ac-4330-a207-bc22fd7484ec => generated 1213 bytes in 146 msecs (HTTP/1.1 200) 4 headers in 158 bytes (1 switches on core 0)
2026-07-01 08:42:51.972 8 INFO neutron_taas.services.taas.taas_plugin [None req-6737d263-cac0-495e-8033-8bf649720230 9d881d9140b64fda9639e7e19ca70601 6f9d933504da4bf79c0874a8d0e7021e - - default default] TaaS: Handle Delete Port: 574a0cb8-4ec3-4b92-a0a2-722cd2256dae
2026-07-01 08:42:51.975 8 INFO neutron_taas.services.taas.tap_mirror_plugin [None req-6737d263-cac0-495e-8033-8bf649720230 9d881d9140b64fda9639e7e19ca70601 6f9d933504da4bf79c0874a8d0e7021e - - default default] Tap Mirror: Handle Delete Port: 574a0cb8-4ec3-4b92-a0a2-722cd2256dae [pid: 8|app: 0|req: 534/1097] 10.0.0.248 () {32 vars in 725 bytes} [Wed Jul 1 08:42:51 2026] DELETE /v2.0/networks/5225a9f7-46da-4696-873c-f3525fbedc7f => generated 0 bytes in 354 msecs (HTTP/1.1 204) 3 headers in 131 bytes (1 switches on core 0)
2026-07-01 08:42:52.309 8 INFO neutron_taas.services.taas.taas_plugin [None req-65a0382c-8e1d-4b3c-8e38-46684eadcde6 e0efe2fbceb24d90a948a6a692559b16 b2aa9d6c3650431eb442e381cb765197 - - default default] TaaS: Handle Delete Port: 7090b681-bf1b-4bd8-a557-30231e2b7449
2026-07-01 08:42:52.315 8 INFO neutron_taas.services.taas.tap_mirror_plugin [None req-65a0382c-8e1d-4b3c-8e38-46684eadcde6 e0efe2fbceb24d90a948a6a692559b16 b2aa9d6c3650431eb442e381cb765197 - - default default] Tap Mirror: Handle Delete Port: 7090b681-bf1b-4bd8-a557-30231e2b7449
2026-07-01 08:42:52.565 7 WARNING neutron.scheduler.dhcp_agent_scheduler [None req-c89c671b-fcb2-46b4-80d1-2277123d7670 e0efe2fbceb24d90a948a6a692559b16 b2aa9d6c3650431eb442e381cb765197 - - default default] No more DHCP agents [pid: 8|app: 0|req: 535/1098] 10.0.0.248 () {32 vars in 725 bytes} [Wed Jul 1 08:42:52 2026] DELETE /v2.0/networks/f68b8876-7e1d-4e48-aa17-fb1c4cccd349 => generated 0 bytes in 362 msecs (HTTP/1.1 204) 3 headers in 131 bytes (1 switches on core 0)
2026-07-01 08:42:52.571 7 WARNING neutron.api.rpc.agentnotifiers.dhcp_rpc_agent_api [None req-c89c671b-fcb2-46b4-80d1-2277123d7670 e0efe2fbceb24d90a948a6a692559b16 b2aa9d6c3650431eb442e381cb765197 - - default default] Unable to schedule network 551e0320-9c86-4576-a2e0-53f2150436d0: no agents available; will retry on subsequent port and subnet creation events. [pid: 8|app: 0|req: 536/1099] 10.0.0.194 () {34 vars in 1039 bytes} [Wed Jul 1 08:42:52 2026] GET /v2.0/security-groups?id=7a5909a1-b798-4b94-b9c8-32bcbfe9e415&fields=id&fields=name => generated 113 bytes in 33 msecs (HTTP/1.1 200) 4 headers in 157 bytes (1 switches on core 0)
2026-07-01 08:42:52.706 8 INFO neutron_taas.services.taas.taas_plugin [None req-a93d495d-8eb8-4757-8517-728b7f66c104 9d881d9140b64fda9639e7e19ca70601 6f9d933504da4bf79c0874a8d0e7021e - - default default] TaaS: Handle Delete Port: e90fc156-518c-4182-9f0c-3a04ecd8675b
2026-07-01 08:42:52.710 8 INFO neutron_taas.services.taas.tap_mirror_plugin [None req-a93d495d-8eb8-4757-8517-728b7f66c104 9d881d9140b64fda9639e7e19ca70601 6f9d933504da4bf79c0874a8d0e7021e - - default default] Tap Mirror: Handle Delete Port: e90fc156-518c-4182-9f0c-3a04ecd8675b
2026-07-01 08:42:52.769 7 INFO neutron.plugins.ml2.drivers.ovn.mech_driver.mech_driver [None req-cef71493-8112-494f-926d-a980ca968ad4 - - - - - -] OVN reports status down for port: 20a15b4f-e7f8-4ce0-91cf-0f7996caae3f
2026-07-01 08:42:52.920 7 INFO neutron.db.ovn_revision_numbers_db [None req-c89c671b-fcb2-46b4-80d1-2277123d7670 e0efe2fbceb24d90a948a6a692559b16 b2aa9d6c3650431eb442e381cb765197 - - default default] Successfully bumped revision number for resource 20a15b4f-e7f8-4ce0-91cf-0f7996caae3f (type: ports) to 1 [pid: 8|app: 0|req: 537/1100] 10.0.0.248 () {32 vars in 725 bytes} [Wed Jul 1 08:42:52 2026] DELETE /v2.0/networks/6d02b83e-331b-40ba-9488-44fe681fbcf9 => generated 0 bytes in 333 msecs (HTTP/1.1 204) 3 headers in 131 bytes (1 switches on core 0) [pid: 8|app: 0|req: 538/1101] 10.0.0.248 () {32 vars in 773 bytes} [Wed Jul 1 08:42:52 2026] GET /v2.0/security-groups?tenant_id=fd3e2a88b31f4609982a96236583865e&name=default => generated 2925 bytes in 30 msecs (HTTP/1.1 200) 4 headers in 158 bytes (1 switches on core 0)
2026-07-01 08:42:53.077 8 INFO neutron_taas.services.taas.taas_plugin [None req-3cf3962c-3739-4908-b816-96dc4f7e6623 9d881d9140b64fda9639e7e19ca70601 6f9d933504da4bf79c0874a8d0e7021e - - default default] TaaS: Handle Delete Port: 4b291aab-9a0c-41cb-8b1f-4b155d4326ff
2026-07-01 08:42:53.080 8 INFO neutron_taas.services.taas.tap_mirror_plugin [None req-3cf3962c-3739-4908-b816-96dc4f7e6623 9d881d9140b64fda9639e7e19ca70601 6f9d933504da4bf79c0874a8d0e7021e - - default default] Tap Mirror: Handle Delete Port: 4b291aab-9a0c-41cb-8b1f-4b155d4326ff
2026-07-01 08:42:53.182 7 INFO neutron.db.ovn_revision_numbers_db [None req-7aa0c663-12b5-4f56-be3a-1e1ec69d0c79 - - - - - -] Successfully bumped revision number for resource deafaa3d-23ef-4aa4-abf0-9560ba034741 (type: ports) to 4 [pid: 8|app: 0|req: 539/1102] 10.0.0.248 () {32 vars in 725 bytes} [Wed Jul 1 08:42:52 2026] DELETE /v2.0/networks/725e36bc-47e6-499c-9363-0af9338e5a14 => generated 0 bytes in 323 msecs (HTTP/1.1 204) 3 headers in 131 bytes (1 switches on core 0) [pid: 8|app: 0|req: 540/1103] 10.0.0.248 () {32 vars in 739 bytes} [Wed Jul 1 08:42:53 2026] DELETE /v2.0/security-groups/fb3b51d9-d3ec-4582-b2e8-a13e64b56255 => generated 0 bytes in 293 msecs (HTTP/1.1 204) 2 headers in 112 bytes (1 switches on core 0)
2026-07-01 08:42:53.591 8 INFO neutron.services.segments.plugin [-] Segment 53915c78-3920-4220-9452-7e0c5d29f16d resource provider aggregate not found
2026-07-01 08:42:53.595 8 INFO neutron.services.segments.plugin [-] Segment 53915c78-3920-4220-9452-7e0c5d29f16d resource provider aggregate not found
2026-07-01 08:42:53.607 8 INFO neutron.services.segments.plugin [-] Segment 53915c78-3920-4220-9452-7e0c5d29f16d resource provider not found; error: Placement Client Error (4xx): {"errors": [{"status": 404, "title": "Not Found", "detail": "The resource could not be found.\n\n No resource provider with uuid 53915c78-3920-4220-9452-7e0c5d29f16d found for delete ", "request_id": "req-f8b76af6-43fb-442e-bec7-62c7eac6a60a"}]}
2026-07-01 08:42:53.610 8 INFO neutron.services.segments.plugin [-] Segment 53915c78-3920-4220-9452-7e0c5d29f16d resource provider not found; error: Placement Client Error (4xx): {"errors": [{"status": 404, "title": "Not Found", "detail": "The resource could not be found.\n\n No resource provider with uuid 53915c78-3920-4220-9452-7e0c5d29f16d found for delete ", "request_id": "req-0dcb3852-4014-4737-978c-dbb26523194e"}]}
2026-07-01 08:42:53.619 8 INFO neutron.services.segments.plugin [-] Segment f3b1250d-3e7e-4c9c-9c6b-089fde89039f resource provider aggregate not found
2026-07-01 08:42:53.625 8 INFO neutron.services.segments.plugin [-] Segment f3b1250d-3e7e-4c9c-9c6b-089fde89039f resource provider aggregate not found
2026-07-01 08:42:53.628 8 INFO neutron.services.segments.plugin [-] Segment f3b1250d-3e7e-4c9c-9c6b-089fde89039f resource provider not found; error: Placement Client Error (4xx): {"errors": [{"status": 404, "title": "Not Found", "detail": "The resource could not be found.\n\n No resource provider with uuid f3b1250d-3e7e-4c9c-9c6b-089fde89039f found for delete ", "request_id": "req-5300d8fe-69ea-4947-930b-0d11776ef4a9"}]}
2026-07-01 08:42:53.636 8 INFO neutron.services.segments.plugin [-] Segment f3b1250d-3e7e-4c9c-9c6b-089fde89039f resource provider not found; error: Placement Client Error (4xx): {"errors": [{"status": 404, "title": "Not Found", "detail": "The resource could not be found.\n\n No resource provider with uuid f3b1250d-3e7e-4c9c-9c6b-089fde89039f found for delete ", "request_id": "req-15092a1f-695a-4ecc-9392-165cdaf3bd0c"}]}
2026-07-01 08:42:53.639 8 INFO neutron.services.segments.plugin [-] Segment 42890921-84b5-4409-aef1-897f9b325c0f resource provider aggregate not found
2026-07-01 08:42:53.647 8 INFO neutron.services.segments.plugin [-] Segment 42890921-84b5-4409-aef1-897f9b325c0f resource provider aggregate not found
2026-07-01 08:42:53.650 8 INFO neutron.services.segments.plugin [-] Segment 42890921-84b5-4409-aef1-897f9b325c0f resource provider not found; error: Placement Client Error (4xx): {"errors": [{"status": 404, "title": "Not Found", "detail": "The resource could not be found.\n\n No resource provider with uuid 42890921-84b5-4409-aef1-897f9b325c0f found for delete ", "request_id": "req-4a352e6b-c6b5-4ea4-91d8-643a1a592cb6"}]}
2026-07-01 08:42:53.660 8 INFO neutron.services.segments.plugin [-] Segment b6a70d38-af20-4ee9-a502-c8a405e7eec3 resource provider aggregate not found
2026-07-01 08:42:53.662 8 INFO neutron.services.segments.plugin [-] Segment 42890921-84b5-4409-aef1-897f9b325c0f resource provider not found; error: Placement Client Error (4xx): {"errors": [{"status": 404, "title": "Not Found", "detail": "The resource could not be found.\n\n No resource provider with uuid 42890921-84b5-4409-aef1-897f9b325c0f found for delete ", "request_id": "req-3e536214-9898-483b-84cd-ccc63aca1287"}]}
2026-07-01 08:42:53.674 8 INFO neutron.services.segments.plugin [-] Segment b6a70d38-af20-4ee9-a502-c8a405e7eec3 resource provider aggregate not found
2026-07-01 08:42:53.685 8 INFO neutron.services.segments.plugin [-] Segment b6a70d38-af20-4ee9-a502-c8a405e7eec3 resource provider not found; error: Placement Client Error (4xx): {"errors": [{"status": 404, "title": "Not Found", "detail": "The resource could not be found.\n\n No resource provider with uuid b6a70d38-af20-4ee9-a502-c8a405e7eec3 found for delete ", "request_id": "req-55614ba8-7724-4653-ac6d-449dddf289b6"}]}
2026-07-01 08:42:53.688 8 INFO neutron.services.segments.plugin [-] Segment b6a70d38-af20-4ee9-a502-c8a405e7eec3 resource provider not found; error: Placement Client Error (4xx): {"errors": [{"status": 404, "title": "Not Found", "detail": "The resource could not be found.\n\n No resource provider with uuid b6a70d38-af20-4ee9-a502-c8a405e7eec3 found for delete ", "request_id": "req-bb67a395-2197-4e15-b1b5-17caddcd5835"}]}
2026-07-01 08:42:53.943 7 INFO neutron.db.ovn_revision_numbers_db [None req-7aa0c663-12b5-4f56-be3a-1e1ec69d0c79 - - - - - -] Successfully bumped revision number for resource deafaa3d-23ef-4aa4-abf0-9560ba034741 (type: ports) to 5
2026-07-01 08:42:54.102 7 INFO neutron.plugins.ml2.drivers.ovn.mech_driver.mech_driver [None req-cef71493-8112-494f-926d-a980ca968ad4 - - - - - -] OVN reports status up for port: 20a15b4f-e7f8-4ce0-91cf-0f7996caae3f [pid: 8|app: 0|req: 541/1104] 10.0.0.248 () {32 vars in 773 bytes} [Wed Jul 1 08:42:53 2026] GET /v2.0/security-groups?tenant_id=6f9d933504da4bf79c0874a8d0e7021e&name=default => generated 2925 bytes in 198 msecs (HTTP/1.1 200) 4 headers in 158 bytes (1 switches on core 0)
2026-07-01 08:42:54.129 7 INFO neutron.plugins.ml2.plugin [None req-cef71493-8112-494f-926d-a980ca968ad4 - - - - - -] Attempt 1 to provision port 20a15b4f-e7f8-4ce0-91cf-0f7996caae3f
2026-07-01 08:42:54.257 7 WARNING neutron.scheduler.dhcp_agent_scheduler [None req-c89c671b-fcb2-46b4-80d1-2277123d7670 e0efe2fbceb24d90a948a6a692559b16 b2aa9d6c3650431eb442e381cb765197 - - default default] No more DHCP agents
2026-07-01 08:42:54.261 7 WARNING neutron.api.rpc.agentnotifiers.dhcp_rpc_agent_api [None req-c89c671b-fcb2-46b4-80d1-2277123d7670 e0efe2fbceb24d90a948a6a692559b16 b2aa9d6c3650431eb442e381cb765197 - - default default] Unable to schedule network 551e0320-9c86-4576-a2e0-53f2150436d0: no agents available; will retry on subsequent port and subnet creation events. [pid: 8|app: 0|req: 542/1105] 10.0.0.248 () {32 vars in 739 bytes} [Wed Jul 1 08:42:54 2026] DELETE /v2.0/security-groups/b896d835-2c94-4334-b91f-7b10e7c0b8c8 => generated 0 bytes in 237 msecs (HTTP/1.1 204) 2 headers in 112 bytes (1 switches on core 0)
2026-07-01 08:42:54.862 7 INFO neutron.db.ovn_revision_numbers_db [None req-cef71493-8112-494f-926d-a980ca968ad4 - - - - - -] Successfully bumped revision number for resource 20a15b4f-e7f8-4ce0-91cf-0f7996caae3f (type: ports) to 2
2026-07-01 08:42:55.132 7 INFO neutron.db.ovn_revision_numbers_db [None req-c89c671b-fcb2-46b4-80d1-2277123d7670 e0efe2fbceb24d90a948a6a692559b16 b2aa9d6c3650431eb442e381cb765197 - - default default] Successfully bumped revision number for resource 20a15b4f-e7f8-4ce0-91cf-0f7996caae3f (type: router_ports) to 1 [pid: 7|app: 0|req: 564/1106] 10.0.0.248 () {34 vars in 782 bytes} [Wed Jul 1 08:42:51 2026] PUT /v2.0/routers/25fb2633-3927-451c-9c18-0c7674ea5815/add_router_interface => generated 309 bytes in 3892 msecs (HTTP/1.1 200) 4 headers in 157 bytes (1 switches on core 0)
2026-07-01 08:42:55.833 8 INFO neutron.db.ovn_revision_numbers_db [None req-d9ffcd01-050d-4b6b-be65-953ac4de716c cc520d3f052a4f2a8b21bb52fdc472b2 71bd371c26674da981089195b374cc07 - - default default] Successfully bumped revision number for resource 90d7deed-8d48-4a61-a50d-42d42248cfb4 (type: security_groups) to 1
2026-07-01 08:42:55.844 8 INFO neutron.db.ovn_revision_numbers_db [None req-d9ffcd01-050d-4b6b-be65-953ac4de716c cc520d3f052a4f2a8b21bb52fdc472b2 71bd371c26674da981089195b374cc07 - - default default] Successfully bumped revision number for resource a5b40cc5-3084-41b0-9b8f-d612935812db (type: security_group_rules) to 0
2026-07-01 08:42:55.856 8 INFO neutron.db.ovn_revision_numbers_db [None req-d9ffcd01-050d-4b6b-be65-953ac4de716c cc520d3f052a4f2a8b21bb52fdc472b2 71bd371c26674da981089195b374cc07 - - default default] Successfully bumped revision number for resource c66c3364-9f99-430e-a3f0-3d6cadc77d44 (type: security_group_rules) to 0 [pid: 8|app: 0|req: 543/1107] 10.0.0.248 () {34 vars in 684 bytes} [Wed Jul 1 08:42:55 2026] POST /v2.0/security-groups => generated 1661 bytes in 176 msecs (HTTP/1.1 201) 4 headers in 163 bytes (1 switches on core 0)
2026-07-01 08:42:56.060 7 INFO neutron.db.ovn_revision_numbers_db [None req-aa822e24-fa45-4316-809b-bfadb8f5264a cc520d3f052a4f2a8b21bb52fdc472b2 71bd371c26674da981089195b374cc07 - - default default] Successfully bumped revision number for resource 3cbedefb-99fa-49bc-9922-82b64adcb9e6 (type: security_group_rules) to 0 [pid: 7|app: 0|req: 565/1108] 10.0.0.248 () {34 vars in 694 bytes} [Wed Jul 1 08:42:55 2026] POST /v2.0/security-group-rules => generated 597 bytes in 200 msecs (HTTP/1.1 201) 4 headers in 162 bytes (1 switches on core 0) [pid: 8|app: 0|req: 544/1109] 10.0.0.138 () {34 vars in 989 bytes} [Wed Jul 1 08:42:56 2026] GET /v2.0/ports?device_id=f5ffe2ff-96ac-4330-a207-bc22fd7484ec => generated 975 bytes in 80 msecs (HTTP/1.1 200) 4 headers in 157 bytes (1 switches on core 0)
2026-07-01 08:42:56.290 7 INFO neutron.db.ovn_revision_numbers_db [None req-cd8a83be-ea66-4193-a327-a7fdbb8252af cc520d3f052a4f2a8b21bb52fdc472b2 71bd371c26674da981089195b374cc07 - - default default] Successfully bumped revision number for resource bc211ea6-f195-46f1-9d10-da784776c189 (type: security_group_rules) to 0 [pid: 7|app: 0|req: 566/1110] 10.0.0.248 () {34 vars in 694 bytes} [Wed Jul 1 08:42:56 2026] POST /v2.0/security-group-rules => generated 602 bytes in 221 msecs (HTTP/1.1 201) 4 headers in 162 bytes (1 switches on core 0) [pid: 7|app: 0|req: 567/1111] 10.0.0.138 () {34 vars in 970 bytes} [Wed Jul 1 08:42:56 2026] GET /v2.0/ports/93c6371d-2090-4b97-81cf-f1e186cc9d72 => generated 972 bytes in 95 msecs (HTTP/1.1 200) 4 headers in 157 bytes (1 switches on core 0)
2026-07-01 08:42:56.552 8 INFO neutron.db.ovn_revision_numbers_db [None req-f2cb5ca4-4f33-47f0-8662-57c54cb583ce 36666ac4b0b7454bb248227f92461591 d24ecb9a600441089ff04f734da90c54 - - default default] Successfully bumped revision number for resource 05f8a987-ccfc-4c7c-82e9-afdd24055a50 (type: security_groups) to 1
2026-07-01 08:42:56.563 8 INFO neutron.db.ovn_revision_numbers_db [None req-f2cb5ca4-4f33-47f0-8662-57c54cb583ce 36666ac4b0b7454bb248227f92461591 d24ecb9a600441089ff04f734da90c54 - - default default] Successfully bumped revision number for resource 44e5097b-f11d-44e4-8240-deecdcafb410 (type: security_group_rules) to 0
2026-07-01 08:42:56.575 8 INFO neutron.db.ovn_revision_numbers_db [None req-f2cb5ca4-4f33-47f0-8662-57c54cb583ce 36666ac4b0b7454bb248227f92461591 d24ecb9a600441089ff04f734da90c54 - - default default] Successfully bumped revision number for resource 51e7f801-6719-4824-a42d-b7e747583f20 (type: security_group_rules) to 0
2026-07-01 08:42:56.588 8 INFO neutron.db.ovn_revision_numbers_db [None req-f2cb5ca4-4f33-47f0-8662-57c54cb583ce 36666ac4b0b7454bb248227f92461591 d24ecb9a600441089ff04f734da90c54 - - default default] Successfully bumped revision number for resource 9b27771a-3aa8-493a-a4c2-45955eb065ef (type: security_group_rules) to 0
2026-07-01 08:42:56.601 8 INFO neutron.db.ovn_revision_numbers_db [None req-f2cb5ca4-4f33-47f0-8662-57c54cb583ce 36666ac4b0b7454bb248227f92461591 d24ecb9a600441089ff04f734da90c54 - - default default] Successfully bumped revision number for resource f61c850e-3a19-46d1-a589-d7ff2c362631 (type: security_group_rules) to 0
2026-07-01 08:42:56.667 7 WARNING neutron.scheduler.dhcp_agent_scheduler [None req-89457926-0409-4d82-bde3-75adae63ae78 cc520d3f052a4f2a8b21bb52fdc472b2 71bd371c26674da981089195b374cc07 - - default default] No more DHCP agents
2026-07-01 08:42:56.668 7 WARNING neutron.api.rpc.agentnotifiers.dhcp_rpc_agent_api [None req-89457926-0409-4d82-bde3-75adae63ae78 cc520d3f052a4f2a8b21bb52fdc472b2 71bd371c26674da981089195b374cc07 - - default default] Unable to schedule network 22591cb1-1e45-46df-90d1-f940f3f73238: no agents available; will retry on subsequent port and subnet creation events.
2026-07-01 08:42:56.669 8 INFO neutron.db.segments_db [None req-f2cb5ca4-4f33-47f0-8662-57c54cb583ce 36666ac4b0b7454bb248227f92461591 d24ecb9a600441089ff04f734da90c54 - - default default] Added segment 443b31d9-7d46-4197-854d-4b0f42bba990 of type geneve for network c47570de-2711-40c3-847c-eeacde0c9e85
2026-07-01 08:42:56.773 8 INFO neutron.db.ovn_revision_numbers_db [None req-f2cb5ca4-4f33-47f0-8662-57c54cb583ce 36666ac4b0b7454bb248227f92461591 d24ecb9a600441089ff04f734da90c54 - - default default] Successfully bumped revision number for resource c47570de-2711-40c3-847c-eeacde0c9e85 (type: networks) to 1
2026-07-01 08:42:56.945 8 WARNING neutron.scheduler.dhcp_agent_scheduler [None req-f2cb5ca4-4f33-47f0-8662-57c54cb583ce 36666ac4b0b7454bb248227f92461591 d24ecb9a600441089ff04f734da90c54 - - default default] No more DHCP agents
2026-07-01 08:42:56.947 8 WARNING neutron.api.rpc.agentnotifiers.dhcp_rpc_agent_api [None req-f2cb5ca4-4f33-47f0-8662-57c54cb583ce 36666ac4b0b7454bb248227f92461591 d24ecb9a600441089ff04f734da90c54 - - default default] Unable to schedule network c47570de-2711-40c3-847c-eeacde0c9e85: no agents available; will retry on subsequent port and subnet creation events. [pid: 7|app: 0|req: 568/1112] 10.0.0.248 () {34 vars in 675 bytes} [Wed Jul 1 08:42:56 2026] POST /v2.0/floatingips => generated 552 bytes in 537 msecs (HTTP/1.1 201) 4 headers in 162 bytes (1 switches on core 0)
2026-07-01 08:42:57.004 8 INFO neutron.plugins.ml2.drivers.ovn.mech_driver.mech_driver [None req-7349525a-f536-49d7-b0e0-c87ef203930e - - - - - -] OVN reports status down for port: 608124d2-b4af-4083-a92b-66285505aa70
2026-07-01 08:42:57.062 8 INFO neutron.db.ovn_revision_numbers_db [None req-f2cb5ca4-4f33-47f0-8662-57c54cb583ce 36666ac4b0b7454bb248227f92461591 d24ecb9a600441089ff04f734da90c54 - - default default] Successfully bumped revision number for resource 608124d2-b4af-4083-a92b-66285505aa70 (type: ports) to 1 [pid: 7|app: 0|req: 569/1113] 199.19.213.107 () {34 vars in 999 bytes} [Wed Jul 1 08:42:57 2026] GET /v2.0/subnets?network_id=0ca5d7be-ea11-4ed7-b69c-4437d9da4e28 => generated 683 bytes in 43 msecs (HTTP/1.1 200) 4 headers in 157 bytes (1 switches on core 0) [pid: 8|app: 0|req: 545/1114] 10.0.0.248 () {34 vars in 669 bytes} [Wed Jul 1 08:42:56 2026] POST /v2.0/networks => generated 665 bytes in 945 msecs (HTTP/1.1 201) 4 headers in 162 bytes (1 switches on core 0) [pid: 7|app: 0|req: 570/1115] 199.19.213.107 () {34 vars in 1145 bytes} [Wed Jul 1 08:42:57 2026] GET /v2.0/ports?device_id=f5ffe2ff-96ac-4330-a207-bc22fd7484ec&device_owner=compute%3Anova&network_id=0ca5d7be-ea11-4ed7-b69c-4437d9da4e28 => generated 975 bytes in 68 msecs (HTTP/1.1 200) 4 headers in 157 bytes (1 switches on core 0)
2026-07-01 08:42:57.209 8 INFO neutron.db.segments_db [None req-23af8aa3-aa85-4573-ae0b-97634b949de0 36666ac4b0b7454bb248227f92461591 d24ecb9a600441089ff04f734da90c54 - - default default] Added segment 334a4ea2-4de7-4260-8198-ba3f69c14608 of type geneve for network 00d2432f-4abc-41ef-bff5-fd8714847c14
2026-07-01 08:42:57.324 8 INFO neutron.db.ovn_revision_numbers_db [None req-23af8aa3-aa85-4573-ae0b-97634b949de0 36666ac4b0b7454bb248227f92461591 d24ecb9a600441089ff04f734da90c54 - - default default] Successfully bumped revision number for resource 00d2432f-4abc-41ef-bff5-fd8714847c14 (type: networks) to 1
2026-07-01 08:42:57.483 8 WARNING neutron.scheduler.dhcp_agent_scheduler [None req-23af8aa3-aa85-4573-ae0b-97634b949de0 36666ac4b0b7454bb248227f92461591 d24ecb9a600441089ff04f734da90c54 - - default default] No more DHCP agents
2026-07-01 08:42:57.485 8 WARNING neutron.api.rpc.agentnotifiers.dhcp_rpc_agent_api [None req-23af8aa3-aa85-4573-ae0b-97634b949de0 36666ac4b0b7454bb248227f92461591 d24ecb9a600441089ff04f734da90c54 - - default default] Unable to schedule network 00d2432f-4abc-41ef-bff5-fd8714847c14: no agents available; will retry on subsequent port and subnet creation events.
2026-07-01 08:42:57.569 8 INFO neutron.db.ovn_revision_numbers_db [None req-23af8aa3-aa85-4573-ae0b-97634b949de0 36666ac4b0b7454bb248227f92461591 d24ecb9a600441089ff04f734da90c54 - - default default] Successfully bumped revision number for resource 39225237-5d23-455a-bc28-eb491901cab0 (type: ports) to 1 [pid: 8|app: 0|req: 546/1116] 10.0.0.248 () {34 vars in 669 bytes} [Wed Jul 1 08:42:57 2026] POST /v2.0/networks => generated 667 bytes in 476 msecs (HTTP/1.1 201) 4 headers in 162 bytes (1 switches on core 0) [pid: 8|app: 0|req: 547/1117] 10.0.0.138 () {34 vars in 1099 bytes} [Wed Jul 1 08:42:57 2026] GET /v2.0/security-groups?name=tempest-securitygroup--1984888431&fields=id&tenant_id=71bd371c26674da981089195b374cc07 => generated 69 bytes in 35 msecs (HTTP/1.1 200) 4 headers in 156 bytes (1 switches on core 0)
2026-07-01 08:42:57.760 7 INFO neutron.db.ovn_revision_numbers_db [req-57cdafde-83f9-4c6e-ac2f-b4f21cef2295 req-c026836e-4dc8-4684-be00-483747e6c1f7 dda7a1ddf6b34d57a4dfe3d9abd4ceb8 ed2ea3f046e642a5b9abb966da3d1326 - - default default] Successfully bumped revision number for resource 93c6371d-2090-4b97-81cf-f1e186cc9d72 (type: ports) to 6 [pid: 7|app: 0|req: 571/1118] 199.19.213.107 () {38 vars in 1027 bytes} [Wed Jul 1 08:42:57 2026] PUT /v2.0/ports/93c6371d-2090-4b97-81cf-f1e186cc9d72 => generated 1153 bytes in 619 msecs (HTTP/1.1 200) 4 headers in 158 bytes (1 switches on core 0) /var/lib/openstack/lib/python3.12/site-packages/pycadf/identifier.py:70: UserWarning: Invalid uuid: neutron. To ensure interoperability, identifiers should be a valid uuid. warnings.warn(('Invalid uuid: %s. To ensure interoperability, '
2026-07-01 08:42:57.813 7 INFO neutron.notifiers.nova [-] Nova event matching ['req-37721e10-55ee-4835-9123-5cee9b80bdf8'] response: {'name': 'network-changed', 'server_uuid': 'f5ffe2ff-96ac-4330-a207-bc22fd7484ec', 'tag': '93c6371d-2090-4b97-81cf-f1e186cc9d72', 'status': 'completed', 'code': 200} [pid: 7|app: 0|req: 572/1119] 10.0.0.138 () {34 vars in 981 bytes} [Wed Jul 1 08:42:57 2026] GET /v2.0/networks?id=551e0320-9c86-4576-a2e0-53f2150436d0 => generated 707 bytes in 40 msecs (HTTP/1.1 200) 4 headers in 157 bytes (1 switches on core 0)
2026-07-01 08:42:57.827 8 WARNING neutron.scheduler.dhcp_agent_scheduler [None req-3f09cc9c-b04e-4ea8-8361-7efaada3852d 36666ac4b0b7454bb248227f92461591 d24ecb9a600441089ff04f734da90c54 - - default default] No more DHCP agents
