2026-07-01 08:43:19.976 8 WARNING neutron.api.rpc.agentnotifiers.dhcp_rpc_agent_api [None req-f3bf85f9-0f83-4ec1-8068-b4e9f550c33c e0efe2fbceb24d90a948a6a692559b16 b2aa9d6c3650431eb442e381cb765197 - - default default] Unable to schedule network b16f97a0-07b2-4c81-b341-8d3e215d76f8: no agents available; will retry on subsequent port and subnet creation events.
2026-07-01 08:43:20.497 7 INFO neutron.plugins.ml2.drivers.ovn.mech_driver.mech_driver [None req-45be73aa-dc04-4948-8671-f1d84bf6d488 - - - - - -] OVN reports status up for port: d851c817-d0b7-4b23-a68a-f1933efcd7aa
2026-07-01 08:43:20.527 8 INFO neutron.db.ovn_revision_numbers_db [None req-ceea7ed5-a062-4b1b-b0e7-d7734bbeab46 - - - - - -] Successfully bumped revision number for resource 238cfd2d-2f14-4585-a1c1-c1c4e583d2e4 (type: ports) to 2
2026-07-01 08:43:20.594 7 WARNING neutron.scheduler.dhcp_agent_scheduler [None req-d7d24416-2579-4ecb-b505-c8a6c7650af3 36666ac4b0b7454bb248227f92461591 d24ecb9a600441089ff04f734da90c54 - - default default] No more DHCP agents
2026-07-01 08:43:20.596 7 WARNING neutron.api.rpc.agentnotifiers.dhcp_rpc_agent_api [None req-d7d24416-2579-4ecb-b505-c8a6c7650af3 36666ac4b0b7454bb248227f92461591 d24ecb9a600441089ff04f734da90c54 - - default default] Unable to schedule network 020b4805-e523-4253-bad2-a233db6b5d13: no agents available; will retry on subsequent port and subnet creation events.
2026-07-01 08:43:20.611 7 INFO neutron.plugins.ml2.plugin [None req-45be73aa-dc04-4948-8671-f1d84bf6d488 - - - - - -] Attempt 1 to provision port d851c817-d0b7-4b23-a68a-f1933efcd7aa
2026-07-01 08:43:20.657 8 INFO neutron.db.ovn_revision_numbers_db [None req-ceea7ed5-a062-4b1b-b0e7-d7734bbeab46 - - - - - -] Successfully bumped revision number for resource b64397af-f276-48da-b3da-c88f9d307c76 (type: subnets) to 0
2026-07-01 08:43:20.658 8 WARNING neutron.plugins.ml2.drivers.ovn.mech_driver.ovsdb.ovn_client [None req-83f3c8f0-abce-4ff1-b9ce-5f17223f2a72 - - - - - -] No port found with ID 5bf5231e-38f5-4bcc-a95e-9482ebe335d0: RuntimeError: No port found with ID 5bf5231e-38f5-4bcc-a95e-9482ebe335d0
2026-07-01 08:43:20.663 8 INFO neutron.plugins.ml2.drivers.ovn.mech_driver.mech_driver [None req-83f3c8f0-abce-4ff1-b9ce-5f17223f2a72 - - - - - -] OVN reports status down for port: 9f9511c7-dfa2-48fd-8240-1f34988326dc [pid: 8|app: 0|req: 647/1284] 10.0.0.248 () {34 vars in 668 bytes} [Wed Jul 1 08:43:19 2026] POST /v2.0/subnets => generated 691 bytes in 919 msecs (HTTP/1.1 201) 4 headers in 162 bytes (1 switches on core 0) /var/lib/openstack/lib/python3.12/site-packages/pycadf/identifier.py:70: UserWarning: Invalid uuid: neutron. To ensure interoperability, identifiers should be a valid uuid. warnings.warn(('Invalid uuid: %s. To ensure interoperability, ' [pid: 8|app: 0|req: 648/1285] 10.0.0.248 () {32 vars in 739 bytes} [Wed Jul 1 08:43:20 2026] DELETE /v2.0/security-groups/90d7deed-8d48-4a61-a50d-42d42248cfb4 => generated 0 bytes in 365 msecs (HTTP/1.1 204) 2 headers in 112 bytes (1 switches on core 0)
2026-07-01 08:43:21.153 7 INFO neutron.db.ovn_revision_numbers_db [None req-d7d24416-2579-4ecb-b505-c8a6c7650af3 36666ac4b0b7454bb248227f92461591 d24ecb9a600441089ff04f734da90c54 - - default default] Successfully bumped revision number for resource d851c817-d0b7-4b23-a68a-f1933efcd7aa (type: router_ports) to 1 [pid: 7|app: 0|req: 638/1286] 10.0.0.248 () {34 vars in 782 bytes} [Wed Jul 1 08:43:19 2026] PUT /v2.0/routers/66b55559-1ef9-48d6-bc8a-64b57c099aa4/add_router_interface => generated 309 bytes in 1889 msecs (HTTP/1.1 200) 4 headers in 157 bytes (1 switches on core 0)
2026-07-01 08:43:21.397 7 INFO neutron.db.ovn_revision_numbers_db [None req-45be73aa-dc04-4948-8671-f1d84bf6d488 - - - - - -] Successfully bumped revision number for resource d851c817-d0b7-4b23-a68a-f1933efcd7aa (type: ports) to 2
2026-07-01 08:43:21.910 7 INFO neutron.db.ovn_revision_numbers_db [None req-3a5a81ee-5232-49fc-8b1c-dfbcaab7c7a8 39ee60fcd1c34de68e290afa473cfac5 58c7960ceb864fcd915ad36f117d200c - - default default] Successfully bumped revision number for resource 2999e56a-03e7-4193-a9a5-04c064f4e678 (type: security_groups) to 1
2026-07-01 08:43:21.986 7 INFO neutron.db.ovn_revision_numbers_db [None req-3a5a81ee-5232-49fc-8b1c-dfbcaab7c7a8 39ee60fcd1c34de68e290afa473cfac5 58c7960ceb864fcd915ad36f117d200c - - default default] Successfully bumped revision number for resource 638bce7e-4f3f-4120-aa03-3d82000f6473 (type: security_group_rules) to 0
2026-07-01 08:43:22.062 7 INFO neutron.db.ovn_revision_numbers_db [None req-3a5a81ee-5232-49fc-8b1c-dfbcaab7c7a8 39ee60fcd1c34de68e290afa473cfac5 58c7960ceb864fcd915ad36f117d200c - - default default] Successfully bumped revision number for resource d5853ee8-c0c5-4fbf-af32-2800592c2335 (type: security_group_rules) to 0
2026-07-01 08:43:22.101 8 WARNING neutron.scheduler.dhcp_agent_scheduler [None req-89bbb2bc-58e5-4c5a-a073-067ebca5f462 e0efe2fbceb24d90a948a6a692559b16 b2aa9d6c3650431eb442e381cb765197 - - default default] No more DHCP agents
2026-07-01 08:43:22.103 8 WARNING neutron.api.rpc.agentnotifiers.dhcp_rpc_agent_api [None req-89bbb2bc-58e5-4c5a-a073-067ebca5f462 e0efe2fbceb24d90a948a6a692559b16 b2aa9d6c3650431eb442e381cb765197 - - default default] Unable to schedule network 22591cb1-1e45-46df-90d1-f940f3f73238: no agents available; will retry on subsequent port and subnet creation events.
2026-07-01 08:43:22.242 7 INFO neutron.db.ovn_revision_numbers_db [None req-3a5a81ee-5232-49fc-8b1c-dfbcaab7c7a8 39ee60fcd1c34de68e290afa473cfac5 58c7960ceb864fcd915ad36f117d200c - - default default] Successfully bumped revision number for resource d760a0d3-0c59-40c9-a2db-3f49b9ffa56e (type: security_group_rules) to 0
2026-07-01 08:43:22.272 8 INFO neutron.db.ovn_revision_numbers_db [None req-89bbb2bc-58e5-4c5a-a073-067ebca5f462 e0efe2fbceb24d90a948a6a692559b16 b2aa9d6c3650431eb442e381cb765197 - - default default] Successfully bumped revision number for resource f7541261-ef64-4dfb-9553-cc77c97e1c99 (type: ports) to 1
2026-07-01 08:43:22.314 7 INFO neutron.db.ovn_revision_numbers_db [None req-3a5a81ee-5232-49fc-8b1c-dfbcaab7c7a8 39ee60fcd1c34de68e290afa473cfac5 58c7960ceb864fcd915ad36f117d200c - - default default] Successfully bumped revision number for resource e5936108-1bf5-40fc-b197-cc007c5f395c (type: security_group_rules) to 0
2026-07-01 08:43:22.399 7 INFO neutron.db.segments_db [None req-3a5a81ee-5232-49fc-8b1c-dfbcaab7c7a8 39ee60fcd1c34de68e290afa473cfac5 58c7960ceb864fcd915ad36f117d200c - - default default] Added segment 0dab2364-e560-4229-a454-a1449dc14b1e of type geneve for network 697b987b-fad5-4d35-8f61-bffc0a03dd1d
2026-07-01 08:43:22.700 7 INFO neutron.db.ovn_revision_numbers_db [None req-3a5a81ee-5232-49fc-8b1c-dfbcaab7c7a8 39ee60fcd1c34de68e290afa473cfac5 58c7960ceb864fcd915ad36f117d200c - - default default] Successfully bumped revision number for resource 697b987b-fad5-4d35-8f61-bffc0a03dd1d (type: networks) to 1
2026-07-01 08:43:22.877 7 WARNING neutron.scheduler.dhcp_agent_scheduler [None req-3a5a81ee-5232-49fc-8b1c-dfbcaab7c7a8 39ee60fcd1c34de68e290afa473cfac5 58c7960ceb864fcd915ad36f117d200c - - default default] No more DHCP agents
2026-07-01 08:43:22.878 7 WARNING neutron.api.rpc.agentnotifiers.dhcp_rpc_agent_api [None req-3a5a81ee-5232-49fc-8b1c-dfbcaab7c7a8 39ee60fcd1c34de68e290afa473cfac5 58c7960ceb864fcd915ad36f117d200c - - default default] Unable to schedule network 697b987b-fad5-4d35-8f61-bffc0a03dd1d: no agents available; will retry on subsequent port and subnet creation events.
2026-07-01 08:43:22.964 8 INFO neutron.plugins.ml2.drivers.ovn.mech_driver.mech_driver [None req-83f3c8f0-abce-4ff1-b9ce-5f17223f2a72 - - - - - -] OVN reports status down for port: 52e75a36-c9b1-41b9-a36b-94a78c9fdca3
2026-07-01 08:43:23.044 7 INFO neutron.db.ovn_revision_numbers_db [None req-3a5a81ee-5232-49fc-8b1c-dfbcaab7c7a8 39ee60fcd1c34de68e290afa473cfac5 58c7960ceb864fcd915ad36f117d200c - - default default] Successfully bumped revision number for resource 52e75a36-c9b1-41b9-a36b-94a78c9fdca3 (type: ports) to 1
2026-07-01 08:43:23.047 8 INFO neutron.plugins.ml2.drivers.ovn.mech_driver.ovsdb.commands [None req-e9bfe617-0be4-4414-a4e0-c745218f5b34 - - - - - -] Schedule LRP lrp-f7541261-ef64-4dfb-9553-cc77c97e1c99 on gateway 3dc2968e-acdd-431a-9e15-a1d73929b9bd with priority 1
2026-07-01 08:43:23.095 7 INFO neutron.plugins.ml2.drivers.ovn.mech_driver.ovsdb.ovsdb_monitor [None req-7aa0c663-12b5-4f56-be3a-1e1ec69d0c79 - - - - - -] Router 70b9fa5c-5f4a-4839-8d5e-3dee9b662dbf is bound to host instance [pid: 7|app: 0|req: 639/1287] 10.0.0.248 () {34 vars in 669 bytes} [Wed Jul 1 08:43:21 2026] POST /v2.0/networks => generated 685 bytes in 1940 msecs (HTTP/1.1 201) 4 headers in 162 bytes (1 switches on core 0)
2026-07-01 08:43:23.145 7 INFO neutron.api.v2.resource [None req-c4800178-5a52-41eb-84f2-24228c13cdb2 cc520d3f052a4f2a8b21bb52fdc472b2 71bd371c26674da981089195b374cc07 - - default default] show failed (client error): The resource could not be found. [pid: 7|app: 0|req: 640/1288] 10.0.0.248 () {32 vars in 736 bytes} [Wed Jul 1 08:43:23 2026] GET /v2.0/security-groups/90d7deed-8d48-4a61-a50d-42d42248cfb4 => generated 146 bytes in 36 msecs (HTTP/1.1 404) 4 headers in 164 bytes (1 switches on core 0)
2026-07-01 08:43:23.208 8 INFO neutron.db.ovn_revision_numbers_db [None req-89bbb2bc-58e5-4c5a-a073-067ebca5f462 e0efe2fbceb24d90a948a6a692559b16 b2aa9d6c3650431eb442e381cb765197 - - default default] Successfully bumped revision number for resource f7541261-ef64-4dfb-9553-cc77c97e1c99 (type: router_ports) to 1 [pid: 7|app: 0|req: 641/1289] 10.0.0.248 () {32 vars in 716 bytes} [Wed Jul 1 08:43:23 2026] GET /v2.0/ports/d851c817-d0b7-4b23-a68a-f1933efcd7aa => generated 943 bytes in 62 msecs (HTTP/1.1 200) 4 headers in 157 bytes (1 switches on core 0)
2026-07-01 08:43:23.329 8 INFO neutron.db.ovn_revision_numbers_db [None req-89bbb2bc-58e5-4c5a-a073-067ebca5f462 e0efe2fbceb24d90a948a6a692559b16 b2aa9d6c3650431eb442e381cb765197 - - default default] Successfully bumped revision number for resource 70b9fa5c-5f4a-4839-8d5e-3dee9b662dbf (type: routers) to 2 [pid: 8|app: 0|req: 649/1290] 10.0.0.248 () {34 vars in 668 bytes} [Wed Jul 1 08:43:21 2026] POST /v2.0/routers => generated 969 bytes in 2331 msecs (HTTP/1.1 201) 4 headers in 162 bytes (1 switches on core 0)
2026-07-01 08:43:23.470 7 INFO neutron_taas.services.taas.taas_plugin [None req-912fddc4-86aa-49ce-8161-1c884964ede3 cc520d3f052a4f2a8b21bb52fdc472b2 71bd371c26674da981089195b374cc07 - - default default] TaaS: Handle Delete Port: d5056e08-4a60-4dbe-a5b6-4583ff0c8410
2026-07-01 08:43:23.476 7 INFO neutron_taas.services.taas.tap_mirror_plugin [None req-912fddc4-86aa-49ce-8161-1c884964ede3 cc520d3f052a4f2a8b21bb52fdc472b2 71bd371c26674da981089195b374cc07 - - default default] Tap Mirror: Handle Delete Port: d5056e08-4a60-4dbe-a5b6-4583ff0c8410 [pid: 8|app: 0|req: 650/1291] 10.0.0.248 () {32 vars in 716 bytes} [Wed Jul 1 08:43:23 2026] GET /v2.0/ports/d851c817-d0b7-4b23-a68a-f1933efcd7aa => generated 943 bytes in 87 msecs (HTTP/1.1 200) 4 headers in 157 bytes (1 switches on core 0) [pid: 7|app: 0|req: 642/1292] 10.0.0.248 () {32 vars in 731 bytes} [Wed Jul 1 08:43:23 2026] DELETE /v2.0/floatingips/517b311d-6289-4f3e-bd4d-f5721fa24c3b => generated 0 bytes in 575 msecs (HTTP/1.1 204) 2 headers in 112 bytes (1 switches on core 0)
2026-07-01 08:43:24.283 8 WARNING neutron.scheduler.dhcp_agent_scheduler [None req-c7d8e1da-391d-4270-a273-8d86b934e8d1 e0efe2fbceb24d90a948a6a692559b16 b2aa9d6c3650431eb442e381cb765197 - - default default] No more DHCP agents
2026-07-01 08:43:24.285 8 WARNING neutron.api.rpc.agentnotifiers.dhcp_rpc_agent_api [None req-c7d8e1da-391d-4270-a273-8d86b934e8d1 e0efe2fbceb24d90a948a6a692559b16 b2aa9d6c3650431eb442e381cb765197 - - default default] Unable to schedule network b16f97a0-07b2-4c81-b341-8d3e215d76f8: no agents available; will retry on subsequent port and subnet creation events.
2026-07-01 08:43:24.428 8 INFO neutron.plugins.ml2.drivers.ovn.mech_driver.mech_driver [None req-83f3c8f0-abce-4ff1-b9ce-5f17223f2a72 - - - - - -] OVN reports status down for port: c551bdac-8e5a-4f5a-8a8d-7559c6598176
2026-07-01 08:43:24.491 7 INFO neutron_taas.services.taas.taas_plugin [None req-78638835-cd17-470a-b245-a96e71ed3322 36666ac4b0b7454bb248227f92461591 d24ecb9a600441089ff04f734da90c54 - - default default] TaaS: Handle Delete Port: d851c817-d0b7-4b23-a68a-f1933efcd7aa
2026-07-01 08:43:24.499 7 INFO neutron_taas.services.taas.tap_mirror_plugin [None req-78638835-cd17-470a-b245-a96e71ed3322 36666ac4b0b7454bb248227f92461591 d24ecb9a600441089ff04f734da90c54 - - default default] Tap Mirror: Handle Delete Port: d851c817-d0b7-4b23-a68a-f1933efcd7aa
2026-07-01 08:43:24.519 8 INFO neutron.db.ovn_revision_numbers_db [None req-c7d8e1da-391d-4270-a273-8d86b934e8d1 e0efe2fbceb24d90a948a6a692559b16 b2aa9d6c3650431eb442e381cb765197 - - default default] Successfully bumped revision number for resource c551bdac-8e5a-4f5a-8a8d-7559c6598176 (type: ports) to 1
2026-07-01 08:43:24.858 7 INFO neutron.db.ovn_revision_numbers_db [None req-89178236-8e20-4e6f-9d00-e12f5448d207 - - - - - -] Successfully bumped revision number for resource f7541261-ef64-4dfb-9553-cc77c97e1c99 (type: ports) to 4 [pid: 7|app: 0|req: 643/1293] 10.0.0.248 () {34 vars in 788 bytes} [Wed Jul 1 08:43:23 2026] PUT /v2.0/routers/66b55559-1ef9-48d6-bc8a-64b57c099aa4/remove_router_interface => generated 309 bytes in 1265 msecs (HTTP/1.1 200) 4 headers in 157 bytes (1 switches on core 0) /var/lib/openstack/lib/python3.12/site-packages/pycadf/identifier.py:70: UserWarning: Invalid uuid: neutron. To ensure interoperability, identifiers should be a valid uuid. warnings.warn(('Invalid uuid: %s. To ensure interoperability, '
2026-07-01 08:43:25.131 8 INFO neutron.plugins.ml2.drivers.ovn.mech_driver.mech_driver [None req-83f3c8f0-abce-4ff1-b9ce-5f17223f2a72 - - - - - -] OVN reports status up for port: c551bdac-8e5a-4f5a-8a8d-7559c6598176
2026-07-01 08:43:25.157 8 INFO neutron.plugins.ml2.plugin [None req-83f3c8f0-abce-4ff1-b9ce-5f17223f2a72 - - - - - -] Attempt 1 to provision port c551bdac-8e5a-4f5a-8a8d-7559c6598176
2026-07-01 08:43:25.264 8 WARNING neutron.scheduler.dhcp_agent_scheduler [None req-c7d8e1da-391d-4270-a273-8d86b934e8d1 e0efe2fbceb24d90a948a6a692559b16 b2aa9d6c3650431eb442e381cb765197 - - default default] No more DHCP agents
2026-07-01 08:43:25.266 8 WARNING neutron.api.rpc.agentnotifiers.dhcp_rpc_agent_api [None req-c7d8e1da-391d-4270-a273-8d86b934e8d1 e0efe2fbceb24d90a948a6a692559b16 b2aa9d6c3650431eb442e381cb765197 - - default default] Unable to schedule network b16f97a0-07b2-4c81-b341-8d3e215d76f8: no agents available; will retry on subsequent port and subnet creation events.
2026-07-01 08:43:25.455 7 WARNING neutron.scheduler.dhcp_agent_scheduler [None req-eeaf27e4-751a-41f5-8c35-64410bec7e04 39ee60fcd1c34de68e290afa473cfac5 58c7960ceb864fcd915ad36f117d200c - - default default] No more DHCP agents
2026-07-01 08:43:25.461 7 WARNING neutron.api.rpc.agentnotifiers.dhcp_rpc_agent_api [None req-eeaf27e4-751a-41f5-8c35-64410bec7e04 39ee60fcd1c34de68e290afa473cfac5 58c7960ceb864fcd915ad36f117d200c - - default default] Unable to schedule network 697b987b-fad5-4d35-8f61-bffc0a03dd1d: no agents available; will retry on subsequent port and subnet creation events.
2026-07-01 08:43:25.523 7 INFO neutron.db.ovn_revision_numbers_db [None req-89178236-8e20-4e6f-9d00-e12f5448d207 - - - - - -] Successfully bumped revision number for resource f7541261-ef64-4dfb-9553-cc77c97e1c99 (type: ports) to 5
2026-07-01 08:43:25.525 7 INFO neutron.db.ovn_revision_numbers_db [None req-eeaf27e4-751a-41f5-8c35-64410bec7e04 39ee60fcd1c34de68e290afa473cfac5 58c7960ceb864fcd915ad36f117d200c - - default default] Successfully bumped revision number for resource aa761d93-908d-4a86-8d9e-a50ae95d4c4d (type: subnets) to 0 [pid: 7|app: 0|req: 644/1294] 10.0.0.248 () {34 vars in 668 bytes} [Wed Jul 1 08:43:25 2026] POST /v2.0/subnets => generated 673 bytes in 501 msecs (HTTP/1.1 201) 4 headers in 162 bytes (1 switches on core 0)
2026-07-01 08:43:25.889 7 INFO neutron_taas.services.taas.taas_plugin [None req-ec05b713-3102-4f04-90f2-f15d5f2251a0 e0efe2fbceb24d90a948a6a692559b16 b2aa9d6c3650431eb442e381cb765197 - - default default] TaaS: Handle Delete Port: 20a15b4f-e7f8-4ce0-91cf-0f7996caae3f
2026-07-01 08:43:25.892 7 INFO neutron_taas.services.taas.tap_mirror_plugin [None req-ec05b713-3102-4f04-90f2-f15d5f2251a0 e0efe2fbceb24d90a948a6a692559b16 b2aa9d6c3650431eb442e381cb765197 - - default default] Tap Mirror: Handle Delete Port: 20a15b4f-e7f8-4ce0-91cf-0f7996caae3f
2026-07-01 08:43:25.895 8 INFO neutron.db.ovn_revision_numbers_db [None req-83f3c8f0-abce-4ff1-b9ce-5f17223f2a72 - - - - - -] Successfully bumped revision number for resource c551bdac-8e5a-4f5a-8a8d-7559c6598176 (type: ports) to 2
2026-07-01 08:43:26.109 7 WARNING neutron.plugins.ml2.drivers.ovn.mech_driver.ovsdb.ovn_client [None req-8729e742-0676-486e-925d-cb0df028b387 - - - - - -] No port found with ID d851c817-d0b7-4b23-a68a-f1933efcd7aa: RuntimeError: No port found with ID d851c817-d0b7-4b23-a68a-f1933efcd7aa
2026-07-01 08:43:26.136 7 INFO neutron.plugins.ml2.drivers.ovn.mech_driver.mech_driver [None req-8729e742-0676-486e-925d-cb0df028b387 - - - - - -] OVN reports status down for port: f7541261-ef64-4dfb-9553-cc77c97e1c99
2026-07-01 08:43:26.199 8 INFO neutron.db.ovn_revision_numbers_db [None req-c7d8e1da-391d-4270-a273-8d86b934e8d1 e0efe2fbceb24d90a948a6a692559b16 b2aa9d6c3650431eb442e381cb765197 - - default default] Successfully bumped revision number for resource c551bdac-8e5a-4f5a-8a8d-7559c6598176 (type: router_ports) to 1 [pid: 8|app: 0|req: 651/1295] 10.0.0.248 () {34 vars in 782 bytes} [Wed Jul 1 08:43:23 2026] PUT /v2.0/routers/70b9fa5c-5f4a-4839-8d5e-3dee9b662dbf/add_router_interface => generated 309 bytes in 2672 msecs (HTTP/1.1 200) 4 headers in 157 bytes (1 switches on core 0) [pid: 8|app: 0|req: 652/1296] 10.0.0.248 () {32 vars in 735 bytes} [Wed Jul 1 08:43:26 2026] GET /v2.0/ports?device_id=66b55559-1ef9-48d6-bc8a-64b57c099aa4 => generated 12 bytes in 17 msecs (HTTP/1.1 200) 4 headers in 156 bytes (1 switches on core 0)
2026-07-01 08:43:26.321 8 INFO neutron.db.segments_db [None req-91134ff0-76d9-41d2-bb75-4288402d78e1 39ee60fcd1c34de68e290afa473cfac5 58c7960ceb864fcd915ad36f117d200c - - default default] Added segment f5786def-97cc-41f9-8143-35b5d30572cd of type geneve for network 4314a41f-a27b-4e5c-b5fe-b73ee96dcb5c
2026-07-01 08:43:26.469 8 INFO neutron.db.ovn_revision_numbers_db [None req-91134ff0-76d9-41d2-bb75-4288402d78e1 39ee60fcd1c34de68e290afa473cfac5 58c7960ceb864fcd915ad36f117d200c - - default default] Successfully bumped revision number for resource 4314a41f-a27b-4e5c-b5fe-b73ee96dcb5c (type: networks) to 1
2026-07-01 08:43:26.671 8 WARNING neutron.scheduler.dhcp_agent_scheduler [None req-91134ff0-76d9-41d2-bb75-4288402d78e1 39ee60fcd1c34de68e290afa473cfac5 58c7960ceb864fcd915ad36f117d200c - - default default] No more DHCP agents
2026-07-01 08:43:26.673 8 WARNING neutron.api.rpc.agentnotifiers.dhcp_rpc_agent_api [None req-91134ff0-76d9-41d2-bb75-4288402d78e1 39ee60fcd1c34de68e290afa473cfac5 58c7960ceb864fcd915ad36f117d200c - - default default] Unable to schedule network 4314a41f-a27b-4e5c-b5fe-b73ee96dcb5c: no agents available; will retry on subsequent port and subnet creation events.
2026-07-01 08:43:26.781 8 INFO neutron.db.ovn_revision_numbers_db [None req-91134ff0-76d9-41d2-bb75-4288402d78e1 39ee60fcd1c34de68e290afa473cfac5 58c7960ceb864fcd915ad36f117d200c - - default default] Successfully bumped revision number for resource bb728d0b-6fda-4074-8b22-6b486e177057 (type: ports) to 1 [pid: 8|app: 0|req: 653/1297] 10.0.0.248 () {34 vars in 669 bytes} [Wed Jul 1 08:43:26 2026] POST /v2.0/networks => generated 685 bytes in 580 msecs (HTTP/1.1 201) 4 headers in 162 bytes (1 switches on core 0)
2026-07-01 08:43:26.808 7 INFO neutron.db.ovn_revision_numbers_db [None req-8729e742-0676-486e-925d-cb0df028b387 - - - - - -] Successfully bumped revision number for resource f7541261-ef64-4dfb-9553-cc77c97e1c99 (type: ports) to 6 [pid: 7|app: 0|req: 645/1298] 10.0.0.248 () {34 vars in 788 bytes} [Wed Jul 1 08:43:25 2026] PUT /v2.0/routers/25fb2633-3927-451c-9c18-0c7674ea5815/remove_router_interface => generated 309 bytes in 1373 msecs (HTTP/1.1 200) 4 headers in 157 bytes (1 switches on core 0) /var/lib/openstack/lib/python3.12/site-packages/pycadf/identifier.py:70: UserWarning: Invalid uuid: neutron. To ensure interoperability, identifiers should be a valid uuid. warnings.warn(('Invalid uuid: %s. To ensure interoperability, '
2026-07-01 08:43:26.957 7 WARNING neutron.plugins.ml2.drivers.ovn.mech_driver.ovsdb.ovn_client [None req-c701da39-ce2b-4c21-a6fe-f740e2c5e4e1 - - - - - -] Logical_Switch_Port f7541261-ef64-4dfb-9553-cc77c97e1c99 host information not removed, the port state is up
2026-07-01 08:43:26.958 7 INFO neutron.plugins.ml2.drivers.ovn.mech_driver.mech_driver [None req-c701da39-ce2b-4c21-a6fe-f740e2c5e4e1 - - - - - -] OVN reports status up for port: f7541261-ef64-4dfb-9553-cc77c97e1c99
2026-07-01 08:43:26.975 7 INFO neutron.plugins.ml2.plugin [None req-c701da39-ce2b-4c21-a6fe-f740e2c5e4e1 - - - - - -] Attempt 1 to provision port f7541261-ef64-4dfb-9553-cc77c97e1c99 [pid: 8|app: 0|req: 654/1299] 10.0.0.248 () {32 vars in 723 bytes} [Wed Jul 1 08:43:26 2026] DELETE /v2.0/routers/66b55559-1ef9-48d6-bc8a-64b57c099aa4 => generated 0 bytes in 191 msecs (HTTP/1.1 204) 2 headers in 112 bytes (1 switches on core 0)
2026-07-01 08:43:27.136 8 INFO neutron.db.ovn_revision_numbers_db [None req-9a1b795a-9d6e-457a-802a-a3c8ad5b653f 39ee60fcd1c34de68e290afa473cfac5 58c7960ceb864fcd915ad36f117d200c - - default default] Successfully bumped revision number for resource 4314a41f-a27b-4e5c-b5fe-b73ee96dcb5c (type: networks) to 2 [pid: 8|app: 0|req: 655/1300] 10.0.0.248 () {34 vars in 742 bytes} [Wed Jul 1 08:43:26 2026] PUT /v2.0/networks/4314a41f-a27b-4e5c-b5fe-b73ee96dcb5c => generated 636 bytes in 145 msecs (HTTP/1.1 200) 4 headers in 157 bytes (1 switches on core 0)
2026-07-01 08:43:27.146 7 INFO neutron.db.ovn_revision_numbers_db [None req-667c19da-dc40-4498-a580-dfafe38f7f22 1ccc020b13df4803ade2a3b8c19f65e8 75891bc269244fceaaa1dfd62ecab5bf - - default default] Successfully bumped revision number for resource a934d061-8bfd-4030-85ec-570f8251b3bc (type: security_groups) to 1
2026-07-01 08:43:27.166 7 INFO neutron.db.ovn_revision_numbers_db [None req-667c19da-dc40-4498-a580-dfafe38f7f22 1ccc020b13df4803ade2a3b8c19f65e8 75891bc269244fceaaa1dfd62ecab5bf - - default default] Successfully bumped revision number for resource 4ad7e6d9-5753-4792-ade3-5b9e98a027bb (type: security_group_rules) to 0
2026-07-01 08:43:27.184 7 INFO neutron.db.ovn_revision_numbers_db [None req-667c19da-dc40-4498-a580-dfafe38f7f22 1ccc020b13df4803ade2a3b8c19f65e8 75891bc269244fceaaa1dfd62ecab5bf - - default default] Successfully bumped revision number for resource a4cafeaa-f651-4e5d-9cbd-2cb985ea9445 (type: security_group_rules) to 0 [pid: 7|app: 0|req: 646/1301] 10.0.0.248 () {34 vars in 684 bytes} [Wed Jul 1 08:43:26 2026] POST /v2.0/security-groups => generated 1661 bytes in 320 msecs (HTTP/1.1 201) 4 headers in 163 bytes (1 switches on core 0)
2026-07-01 08:43:27.482 8 INFO neutron_taas.services.taas.taas_plugin [None req-237ba49f-6211-457b-b7ed-a0f69cb0ffc5 e0efe2fbceb24d90a948a6a692559b16 b2aa9d6c3650431eb442e381cb765197 - - default default] TaaS: Handle Delete Port: deafaa3d-23ef-4aa4-abf0-9560ba034741
2026-07-01 08:43:27.485 8 INFO neutron_taas.services.taas.tap_mirror_plugin [None req-237ba49f-6211-457b-b7ed-a0f69cb0ffc5 e0efe2fbceb24d90a948a6a692559b16 b2aa9d6c3650431eb442e381cb765197 - - default default] Tap Mirror: Handle Delete Port: deafaa3d-23ef-4aa4-abf0-9560ba034741
2026-07-01 08:43:27.541 7 INFO neutron.db.ovn_revision_numbers_db [None req-c701da39-ce2b-4c21-a6fe-f740e2c5e4e1 - - - - - -] Successfully bumped revision number for resource f7541261-ef64-4dfb-9553-cc77c97e1c99 (type: ports) to 7 [pid: 7|app: 0|req: 647/1302] 10.0.0.248 () {32 vars in 723 bytes} [Wed Jul 1 08:43:27 2026] DELETE /v2.0/subnets/ac7817e7-9c41-4c36-a20e-4e06504df858 => generated 0 bytes in 334 msecs (HTTP/1.1 204) 3 headers in 131 bytes (1 switches on core 0)
2026-07-01 08:43:27.854 7 WARNING neutron.scheduler.dhcp_agent_scheduler [None req-5a9bbcab-2e62-434a-919f-0d7bdd38c4ab 39ee60fcd1c34de68e290afa473cfac5 58c7960ceb864fcd915ad36f117d200c - - default default] No more DHCP agents
2026-07-01 08:43:27.856 7 WARNING neutron.api.rpc.agentnotifiers.dhcp_rpc_agent_api [None req-5a9bbcab-2e62-434a-919f-0d7bdd38c4ab 39ee60fcd1c34de68e290afa473cfac5 58c7960ceb864fcd915ad36f117d200c - - default default] Unable to schedule network 4314a41f-a27b-4e5c-b5fe-b73ee96dcb5c: no agents available; will retry on subsequent port and subnet creation events. [pid: 8|app: 0|req: 656/1303] 10.0.0.248 () {32 vars in 723 bytes} [Wed Jul 1 08:43:27 2026] DELETE /v2.0/routers/25fb2633-3927-451c-9c18-0c7674ea5815 => generated 0 bytes in 724 msecs (HTTP/1.1 204) 2 headers in 112 bytes (1 switches on core 0)
2026-07-01 08:43:27.892 7 INFO neutron.db.ovn_revision_numbers_db [None req-5a9bbcab-2e62-434a-919f-0d7bdd38c4ab 39ee60fcd1c34de68e290afa473cfac5 58c7960ceb864fcd915ad36f117d200c - - default default] Successfully bumped revision number for resource 62e5e564-6d8f-40e5-9a14-4b5e7020aeb3 (type: subnets) to 0 [pid: 7|app: 0|req: 648/1304] 10.0.0.248 () {34 vars in 668 bytes} [Wed Jul 1 08:43:27 2026] POST /v2.0/subnets => generated 646 bytes in 323 msecs (HTTP/1.1 201) 4 headers in 162 bytes (1 switches on core 0)
2026-07-01 08:43:27.982 8 INFO neutron.db.ovn_revision_numbers_db [None req-a2468cb7-821e-44e0-9069-400398b71cf8 1ccc020b13df4803ade2a3b8c19f65e8 75891bc269244fceaaa1dfd62ecab5bf - - default default] Successfully bumped revision number for resource b18aee19-0242-44ba-87e5-d8de0d224093 (type: security_group_rules) to 0 [pid: 8|app: 0|req: 657/1305] 10.0.0.248 () {34 vars in 694 bytes} [Wed Jul 1 08:43:27 2026] POST /v2.0/security-group-rules => generated 597 bytes in 144 msecs (HTTP/1.1 201) 4 headers in 162 bytes (1 switches on core 0)
2026-07-01 08:43:28.020 7 INFO neutron_taas.services.taas.taas_plugin [None req-38658fe3-f8a2-47ec-9ffa-b0ef8bdcc8ea 36666ac4b0b7454bb248227f92461591 d24ecb9a600441089ff04f734da90c54 - - default default] TaaS: Handle Delete Port: 864f343b-1b0a-41d0-b7d5-9812152702d2
2026-07-01 08:43:28.022 7 INFO neutron_taas.services.taas.tap_mirror_plugin [None req-38658fe3-f8a2-47ec-9ffa-b0ef8bdcc8ea 36666ac4b0b7454bb248227f92461591 d24ecb9a600441089ff04f734da90c54 - - default default] Tap Mirror: Handle Delete Port: 864f343b-1b0a-41d0-b7d5-9812152702d2 [pid: 8|app: 0|req: 658/1306] 10.0.0.248 () {32 vars in 723 bytes} [Wed Jul 1 08:43:28 2026] DELETE /v2.0/subnets/4de6b95d-33be-4b6f-83d8-ad929f457520 => generated 0 bytes in 134 msecs (HTTP/1.1 204) 3 headers in 131 bytes (1 switches on core 0)
2026-07-01 08:43:28.205 7 INFO neutron.services.segments.plugin [-] Segment 043d43e4-727b-4ce4-b14f-6289ca1f9ab8 resource provider aggregate not found
2026-07-01 08:43:28.206 7 INFO neutron.services.segments.plugin [-] Segment 043d43e4-727b-4ce4-b14f-6289ca1f9ab8 resource provider aggregate not found
2026-07-01 08:43:28.224 7 INFO neutron.services.segments.plugin [-] Segment 043d43e4-727b-4ce4-b14f-6289ca1f9ab8 resource provider not found; error: Placement Client Error (4xx): {"errors": [{"status": 404, "title": "Not Found", "detail": "The resource could not be found.\n\n No resource provider with uuid 043d43e4-727b-4ce4-b14f-6289ca1f9ab8 found for delete ", "request_id": "req-89c95b79-5b40-4acf-a91e-020cd5d43fc3"}]}
2026-07-01 08:43:28.230 7 INFO neutron.services.segments.plugin [-] Segment 043d43e4-727b-4ce4-b14f-6289ca1f9ab8 resource provider not found; error: Placement Client Error (4xx): {"errors": [{"status": 404, "title": "Not Found", "detail": "The resource could not be found.\n\n No resource provider with uuid 043d43e4-727b-4ce4-b14f-6289ca1f9ab8 found for delete ", "request_id": "req-38ffd066-3ac9-4a48-8824-f547fbcfedf4"}]} [pid: 7|app: 0|req: 649/1307] 10.0.0.248 () {32 vars in 725 bytes} [Wed Jul 1 08:43:27 2026] DELETE /v2.0/networks/020b4805-e523-4253-bad2-a233db6b5d13 => generated 0 bytes in 343 msecs (HTTP/1.1 204) 3 headers in 131 bytes (1 switches on core 0)
2026-07-01 08:43:28.425 7 INFO neutron.db.ovn_revision_numbers_db [None req-0921163e-3f4e-4bbf-a368-a5dd6ec71840 1ccc020b13df4803ade2a3b8c19f65e8 75891bc269244fceaaa1dfd62ecab5bf - - default default] Successfully bumped revision number for resource 00c3dd1c-a06b-4bf1-a960-334557b16d66 (type: security_group_rules) to 0 [pid: 7|app: 0|req: 650/1308] 10.0.0.248 () {34 vars in 694 bytes} [Wed Jul 1 08:43:28 2026] POST /v2.0/security-group-rules => generated 602 bytes in 210 msecs (HTTP/1.1 201) 4 headers in 162 bytes (1 switches on core 0)
2026-07-01 08:43:28.583 7 INFO neutron_taas.services.taas.taas_plugin [None req-4525b0f4-02e9-47a3-ae8f-b2af5a35dd1f e0efe2fbceb24d90a948a6a692559b16 b2aa9d6c3650431eb442e381cb765197 - - default default] TaaS: Handle Delete Port: 824853c4-0a62-406e-9fe7-7dc3d1f6f90b
2026-07-01 08:43:28.588 7 INFO neutron_taas.services.taas.tap_mirror_plugin [None req-4525b0f4-02e9-47a3-ae8f-b2af5a35dd1f e0efe2fbceb24d90a948a6a692559b16 b2aa9d6c3650431eb442e381cb765197 - - default default] Tap Mirror: Handle Delete Port: 824853c4-0a62-406e-9fe7-7dc3d1f6f90b
2026-07-01 08:43:28.753 8 INFO neutron.db.ovn_revision_numbers_db [None req-fa8f8460-439e-4a5f-930f-aa1764cb52c6 - - - - - -] Successfully bumped revision number for resource bb728d0b-6fda-4074-8b22-6b486e177057 (type: ports) to 2
2026-07-01 08:43:28.794 8 INFO neutron.db.ovn_revision_numbers_db [None req-fa8f8460-439e-4a5f-930f-aa1764cb52c6 - - - - - -] Successfully bumped revision number for resource 62e5e564-6d8f-40e5-9a14-4b5e7020aeb3 (type: subnets) to 1 [pid: 8|app: 0|req: 659/1309] 10.0.0.248 () {34 vars in 740 bytes} [Wed Jul 1 08:43:28 2026] PUT /v2.0/subnets/62e5e564-6d8f-40e5-9a14-4b5e7020aeb3 => generated 656 bytes in 652 msecs (HTTP/1.1 200) 4 headers in 157 bytes (1 switches on core 0) [pid: 7|app: 0|req: 651/1310] 10.0.0.248 () {32 vars in 725 bytes} [Wed Jul 1 08:43:28 2026] DELETE /v2.0/networks/551e0320-9c86-4576-a2e0-53f2150436d0 => generated 0 bytes in 337 msecs (HTTP/1.1 204) 3 headers in 131 bytes (1 switches on core 0)
2026-07-01 08:43:29.049 7 WARNING neutron.scheduler.dhcp_agent_scheduler [None req-1615a028-c68e-488d-98d5-4ecfe1c7a69b 1ccc020b13df4803ade2a3b8c19f65e8 75891bc269244fceaaa1dfd62ecab5bf - - default default] No more DHCP agents
2026-07-01 08:43:29.054 7 WARNING neutron.api.rpc.agentnotifiers.dhcp_rpc_agent_api [None req-1615a028-c68e-488d-98d5-4ecfe1c7a69b 1ccc020b13df4803ade2a3b8c19f65e8 75891bc269244fceaaa1dfd62ecab5bf - - default default] Unable to schedule network 22591cb1-1e45-46df-90d1-f940f3f73238: no agents available; will retry on subsequent port and subnet creation events.
2026-07-01 08:43:29.252 8 WARNING neutron.scheduler.dhcp_agent_scheduler [None req-edff3a7a-b6d1-4637-8cf1-49d2eb6cd2b6 36666ac4b0b7454bb248227f92461591 d24ecb9a600441089ff04f734da90c54 - - default default] No more DHCP agents
2026-07-01 08:43:29.253 8 WARNING neutron.api.rpc.agentnotifiers.dhcp_rpc_agent_api [None req-edff3a7a-b6d1-4637-8cf1-49d2eb6cd2b6 36666ac4b0b7454bb248227f92461591 d24ecb9a600441089ff04f734da90c54 - - default default] Unable to schedule network 22591cb1-1e45-46df-90d1-f940f3f73238: no agents available; will retry on subsequent port and subnet creation events. [pid: 7|app: 0|req: 652/1311] 10.0.0.248 () {34 vars in 675 bytes} [Wed Jul 1 08:43:28 2026] POST /v2.0/floatingips => generated 552 bytes in 601 msecs (HTTP/1.1 201) 4 headers in 162 bytes (1 switches on core 0)
2026-07-01 08:43:29.447 8 INFO neutron.db.ovn_revision_numbers_db [None req-edff3a7a-b6d1-4637-8cf1-49d2eb6cd2b6 36666ac4b0b7454bb248227f92461591 d24ecb9a600441089ff04f734da90c54 - - default default] Successfully bumped revision number for resource acf8c213-250c-4ac7-bfad-a39e8d63f5ea (type: ports) to 1
2026-07-01 08:43:29.566 7 INFO neutron_taas.services.taas.taas_plugin [None req-5063bcbc-dc84-4777-925f-003e59e243d4 39ee60fcd1c34de68e290afa473cfac5 58c7960ceb864fcd915ad36f117d200c - - default default] TaaS: Handle Delete Port: bb728d0b-6fda-4074-8b22-6b486e177057
2026-07-01 08:43:29.571 7 INFO neutron_taas.services.taas.tap_mirror_plugin [None req-5063bcbc-dc84-4777-925f-003e59e243d4 39ee60fcd1c34de68e290afa473cfac5 58c7960ceb864fcd915ad36f117d200c - - default default] Tap Mirror: Handle Delete Port: bb728d0b-6fda-4074-8b22-6b486e177057 [pid: 7|app: 0|req: 653/1312] 10.0.0.248 () {32 vars in 725 bytes} [Wed Jul 1 08:43:29 2026] DELETE /v2.0/networks/4314a41f-a27b-4e5c-b5fe-b73ee96dcb5c => generated 0 bytes in 456 msecs (HTTP/1.1 204) 3 headers in 131 bytes (1 switches on core 0) [pid: 7|app: 0|req: 654/1313] 10.0.0.248 () {32 vars in 773 bytes} [Wed Jul 1 08:43:29 2026] GET /v2.0/security-groups?tenant_id=71bd371c26674da981089195b374cc07&name=default => generated 2925 bytes in 31 msecs (HTTP/1.1 200) 4 headers in 158 bytes (1 switches on core 0) [pid: 7|app: 0|req: 655/1314] 10.0.0.138 () {34 vars in 1099 bytes} [Wed Jul 1 08:43:29 2026] GET /v2.0/security-groups?name=tempest-securitygroup--1215697537&fields=id&tenant_id=75891bc269244fceaaa1dfd62ecab5bf => generated 69 bytes in 29 msecs (HTTP/1.1 200) 4 headers in 156 bytes (1 switches on core 0)
2026-07-01 08:43:29.931 7 INFO neutron.pecan_wsgi.hooks.translation [None req-73f27861-cc70-4da0-93de-1d87865f9b40 39ee60fcd1c34de68e290afa473cfac5 58c7960ceb864fcd915ad36f117d200c - - default default] DELETE failed (client error): The resource could not be found. [pid: 7|app: 0|req: 656/1315] 10.0.0.248 () {32 vars in 725 bytes} [Wed Jul 1 08:43:29 2026] DELETE /v2.0/networks/4314a41f-a27b-4e5c-b5fe-b73ee96dcb5c => generated 138 bytes in 14 msecs (HTTP/1.1 404) 4 headers in 164 bytes (1 switches on core 0)
2026-07-01 08:43:30.067 8 INFO neutron.plugins.ml2.drivers.ovn.mech_driver.ovsdb.commands [None req-e9bfe617-0be4-4414-a4e0-c745218f5b34 - - - - - -] Schedule LRP lrp-acf8c213-250c-4ac7-bfad-a39e8d63f5ea on gateway 3dc2968e-acdd-431a-9e15-a1d73929b9bd with priority 1
2026-07-01 08:43:30.130 8 INFO neutron.db.ovn_revision_numbers_db [None req-edff3a7a-b6d1-4637-8cf1-49d2eb6cd2b6 36666ac4b0b7454bb248227f92461591 d24ecb9a600441089ff04f734da90c54 - - default default] Successfully bumped revision number for resource acf8c213-250c-4ac7-bfad-a39e8d63f5ea (type: router_ports) to 1 [pid: 7|app: 0|req: 657/1316] 10.0.0.248 () {32 vars in 739 bytes} [Wed Jul 1 08:43:29 2026] DELETE /v2.0/security-groups/6b17c32b-67e2-4bfe-a3f0-d816ca4ec7c5 => generated 0 bytes in 258 msecs (HTTP/1.1 204) 2 headers in 112 bytes (1 switches on core 0)
2026-07-01 08:43:30.199 8 INFO neutron.db.ovn_revision_numbers_db [None req-edff3a7a-b6d1-4637-8cf1-49d2eb6cd2b6 36666ac4b0b7454bb248227f92461591 d24ecb9a600441089ff04f734da90c54 - - default default] Successfully bumped revision number for resource ebaa1dad-0e85-45ff-849d-6d0a23061fd6 (type: routers) to 2 [pid: 8|app: 0|req: 660/1317] 10.0.0.248 () {34 vars in 668 bytes} [Wed Jul 1 08:43:28 2026] POST /v2.0/routers => generated 947 bytes in 1423 msecs (HTTP/1.1 201) 4 headers in 162 bytes (1 switches on core 0) [pid: 7|app: 0|req: 658/1318] 10.0.0.138 () {34 vars in 981 bytes} [Wed Jul 1 08:43:30 2026] GET /v2.0/networks?id=b16f97a0-07b2-4c81-b341-8d3e215d76f8 => generated 714 bytes in 44 msecs (HTTP/1.1 200) 4 headers in 157 bytes (1 switches on core 0)
2026-07-01 08:43:30.260 7 INFO neutron.services.segments.plugin [-] Segment 0d076d2e-8755-4f41-99aa-ec6710156f08 resource provider aggregate not found
2026-07-01 08:43:30.261 7 INFO neutron.services.segments.plugin [-] Segment 0d076d2e-8755-4f41-99aa-ec6710156f08 resource provider aggregate not found [pid: 8|app: 0|req: 661/1319] 10.0.0.248 () {32 vars in 693 bytes} [Wed Jul 1 08:43:30 2026] GET /v2.0/networks?router%3Aexternal=True => generated 689 bytes in 58 msecs (HTTP/1.1 200) 4 headers in 157 bytes (1 switches on core 0) [pid: 8|app: 0|req: 662/1320] 10.0.0.138 () {34 vars in 964 bytes} [Wed Jul 1 08:43:30 2026] GET /v2.0/quotas/75891bc269244fceaaa1dfd62ecab5bf => generated 292 bytes in 7 msecs (HTTP/1.1 200) 4 headers in 157 bytes (1 switches on core 0)
2026-07-01 08:43:30.289 7 INFO neutron.services.segments.plugin [-] Segment 0d076d2e-8755-4f41-99aa-ec6710156f08 resource provider not found; error: Placement Client Error (4xx): {"errors": [{"status": 404, "title": "Not Found", "detail": "The resource could not be found.\n\n No resource provider with uuid 0d076d2e-8755-4f41-99aa-ec6710156f08 found for delete ", "request_id": "req-a9965864-c5d9-4c3a-8e28-0df29950f154"}]}
2026-07-01 08:43:30.294 7 INFO neutron.services.segments.plugin [-] Segment 0d076d2e-8755-4f41-99aa-ec6710156f08 resource provider not found; error: Placement Client Error (4xx): {"errors": [{"status": 404, "title": "Not Found", "detail": "The resource could not be found.\n\n No resource provider with uuid 0d076d2e-8755-4f41-99aa-ec6710156f08 found for delete ", "request_id": "req-c7aee378-df98-492e-845f-8b6b1f21e64d"}]}
2026-07-01 08:43:30.311 7 INFO neutron.services.segments.plugin [-] Segment f5786def-97cc-41f9-8143-35b5d30572cd resource provider aggregate not found
2026-07-01 08:43:30.315 7 INFO neutron.services.segments.plugin [-] Segment f5786def-97cc-41f9-8143-35b5d30572cd resource provider aggregate not found [pid: 8|app: 0|req: 663/1321] 10.0.0.248 () {32 vars in 741 bytes} [Wed Jul 1 08:43:30 2026] GET /v2.0/subnets?network_id=22591cb1-1e45-46df-90d1-f940f3f73238 => generated 649 bytes in 33 msecs (HTTP/1.1 200) 4 headers in 157 bytes (1 switches on core 0)
2026-07-01 08:43:30.332 7 INFO neutron.services.segments.plugin [-] Segment f5786def-97cc-41f9-8143-35b5d30572cd resource provider not found; error: Placement Client Error (4xx): {"errors": [{"status": 404, "title": "Not Found", "detail": "The resource could not be found.\n\n No resource provider with uuid f5786def-97cc-41f9-8143-35b5d30572cd found for delete ", "request_id": "req-b2c809ce-9a4a-4484-b2d8-d9420484ff3d"}]}
2026-07-01 08:43:30.337 7 INFO neutron.services.segments.plugin [-] Segment f5786def-97cc-41f9-8143-35b5d30572cd resource provider not found; error: Placement Client Error (4xx): {"errors": [{"status": 404, "title": "Not Found", "detail": "The resource could not be found.\n\n No resource provider with uuid f5786def-97cc-41f9-8143-35b5d30572cd found for delete ", "request_id": "req-9f83b06b-069c-4010-8b5f-bb8456243356"}]} [pid: 7|app: 0|req: 659/1322] 10.0.0.248 () {32 vars in 720 bytes} [Wed Jul 1 08:43:30 2026] GET /v2.0/routers/ebaa1dad-0e85-45ff-849d-6d0a23061fd6 => generated 953 bytes in 115 msecs (HTTP/1.1 200) 4 headers in 157 bytes (1 switches on core 0) [pid: 7|app: 0|req: 660/1323] 10.0.0.248 () {32 vars in 652 bytes} [Wed Jul 1 08:43:30 2026] GET /v2.0/extensions => generated 20541 bytes in 6 msecs (HTTP/1.1 200) 4 headers in 159 bytes (1 switches on core 0) [pid: 8|app: 0|req: 664/1324] 10.0.0.138 () {34 vars in 1001 bytes} [Wed Jul 1 08:43:30 2026] GET /v2.0/ports?tenant_id=75891bc269244fceaaa1dfd62ecab5bf&fields=id => generated 103 bytes in 61 msecs (HTTP/1.1 200) 4 headers in 157 bytes (1 switches on core 0) [pid: 8|app: 0|req: 665/1325] 10.0.0.248 () {32 vars in 648 bytes} [Wed Jul 1 08:43:30 2026] GET /v2.0/networks => generated 1388 bytes in 44 msecs (HTTP/1.1 200) 4 headers in 158 bytes (1 switches on core 0) [pid: 7|app: 0|req: 661/1326] 10.0.0.248 () {32 vars in 646 bytes} [Wed Jul 1 08:43:30 2026] GET /v2.0/routers => generated 956 bytes in 100 msecs (HTTP/1.1 200) 4 headers in 157 bytes (1 switches on core 0) [pid: 8|app: 0|req: 666/1327] 10.0.0.138 () {34 vars in 1007 bytes} [Wed Jul 1 08:43:30 2026] GET /v2.0/networks/b16f97a0-07b2-4c81-b341-8d3e215d76f8?fields=segments => generated 14 bytes in 43 msecs (HTTP/1.1 200) 4 headers in 156 bytes (1 switches on core 0) [pid: 7|app: 0|req: 662/1328] 10.0.0.248 () {32 vars in 646 bytes} [Wed Jul 1 08:43:30 2026] GET /v2.0/subnets => generated 1312 bytes in 33 msecs (HTTP/1.1 200) 4 headers in 158 bytes (1 switches on core 0) [pid: 7|app: 0|req: 663/1329] 10.0.0.138 () {34 vars in 1107 bytes} [Wed Jul 1 08:43:30 2026] GET /v2.0/networks/b16f97a0-07b2-4c81-b341-8d3e215d76f8?fields=provider%3Aphysical_network&fields=provider%3Anetwork_type => generated 79 bytes in 39 msecs (HTTP/1.1 200) 4 headers in 156 bytes (1 switches on core 0) [pid: 7|app: 0|req: 664/1330] 10.0.0.248 () {32 vars in 722 bytes} [Wed Jul 1 08:43:30 2026] GET /v2.0/networks/697b987b-fad5-4d35-8f61-bffc0a03dd1d => generated 710 bytes in 36 msecs (HTTP/1.1 200) 4 headers in 157 bytes (1 switches on core 0) [pid: 7|app: 0|req: 665/1331] 10.0.0.248 () {32 vars in 720 bytes} [Wed Jul 1 08:43:30 2026] GET /v2.0/subnets/aa761d93-908d-4a86-8d9e-a50ae95d4c4d => generated 673 bytes in 24 msecs (HTTP/1.1 200) 4 headers in 157 bytes (1 switches on core 0)
2026-07-01 08:43:30.622 7 INFO neutron.pecan_wsgi.hooks.translation [None req-b3866672-e84c-44fd-ae2a-788733da66e5 39ee60fcd1c34de68e290afa473cfac5 58c7960ceb864fcd915ad36f117d200c - - default default] DELETE failed (client error): The resource could not be found. [pid: 7|app: 0|req: 666/1332] 10.0.0.248 () {32 vars in 723 bytes} [Wed Jul 1 08:43:30 2026] DELETE /v2.0/subnets/62e5e564-6d8f-40e5-9a14-4b5e7020aeb3 => generated 136 bytes in 17 msecs (HTTP/1.1 404) 4 headers in 164 bytes (1 switches on core 0)
2026-07-01 08:43:30.646 7 INFO neutron.pecan_wsgi.hooks.translation [None req-4254fa1d-635f-414c-8ebf-fde4398e11b5 39ee60fcd1c34de68e290afa473cfac5 58c7960ceb864fcd915ad36f117d200c - - default default] DELETE failed (client error): The resource could not be found. [pid: 7|app: 0|req: 667/1333] 10.0.0.248 () {32 vars in 725 bytes} [Wed Jul 1 08:43:30 2026] DELETE /v2.0/networks/4314a41f-a27b-4e5c-b5fe-b73ee96dcb5c => generated 138 bytes in 17 msecs (HTTP/1.1 404) 4 headers in 164 bytes (1 switches on core 0) [pid: 7|app: 0|req: 668/1334] 10.0.0.248 () {32 vars in 723 bytes} [Wed Jul 1 08:43:30 2026] DELETE /v2.0/subnets/aa761d93-908d-4a86-8d9e-a50ae95d4c4d => generated 0 bytes in 185 msecs (HTTP/1.1 204) 3 headers in 131 bytes (1 switches on core 0) [pid: 7|app: 0|req: 669/1335] 10.0.0.138 () {34 vars in 989 bytes} [Wed Jul 1 08:43:30 2026] GET /v2.0/ports?device_id=95824f4e-257b-4612-b463-1752ae75e8fe => generated 12 bytes in 29 msecs (HTTP/1.1 200) 4 headers in 156 bytes (1 switches on core 0)
2026-07-01 08:43:30.968 8 INFO neutron.db.ovn_revision_numbers_db [None req-f681804a-48ed-431e-818f-0df128a423f0 36666ac4b0b7454bb248227f92461591 d24ecb9a600441089ff04f734da90c54 - - default default] Successfully bumped revision number for resource ebaa1dad-0e85-45ff-849d-6d0a23061fd6 (type: routers) to 3 [pid: 8|app: 0|req: 667/1336] 10.0.0.248 () {34 vars in 740 bytes} [Wed Jul 1 08:43:30 2026] PUT /v2.0/routers/ebaa1dad-0e85-45ff-849d-6d0a23061fd6 => generated 960 bytes in 503 msecs (HTTP/1.1 200) 4 headers in 157 bytes (1 switches on core 0)
2026-07-01 08:43:31.005 7 INFO neutron_taas.services.taas.taas_plugin [None req-e238c76a-121d-4119-a766-9f4485d18829 39ee60fcd1c34de68e290afa473cfac5 58c7960ceb864fcd915ad36f117d200c - - default default] TaaS: Handle Delete Port: 52e75a36-c9b1-41b9-a36b-94a78c9fdca3
2026-07-01 08:43:31.008 7 INFO neutron_taas.services.taas.tap_mirror_plugin [None req-e238c76a-121d-4119-a766-9f4485d18829 39ee60fcd1c34de68e290afa473cfac5 58c7960ceb864fcd915ad36f117d200c - - default default] Tap Mirror: Handle Delete Port: 52e75a36-c9b1-41b9-a36b-94a78c9fdca3
2026-07-01 08:43:31.039 8 WARNING neutron.plugins.ml2.drivers.ovn.mech_driver.ovsdb.ovn_client [None req-65b47ca5-6b3c-4971-9e42-58bacc3a95b9 - - - - - -] No hosting information found for port c551bdac-8e5a-4f5a-8a8d-7559c6598176: RuntimeError: No hosting information found for port c551bdac-8e5a-4f5a-8a8d-7559c6598176 [pid: 8|app: 0|req: 668/1337] 10.0.0.248 () {32 vars in 720 bytes} [Wed Jul 1 08:43:30 2026] GET /v2.0/routers/ebaa1dad-0e85-45ff-849d-6d0a23061fd6 => generated 960 bytes in 134 msecs (HTTP/1.1 200) 4 headers in 157 bytes (1 switches on core 0) [pid: 8|app: 0|req: 669/1338] 10.0.0.248 () {32 vars in 735 bytes} [Wed Jul 1 08:43:31 2026] GET /v2.0/ports?device_id=ebaa1dad-0e85-45ff-849d-6d0a23061fd6 => generated 12 bytes in 44 msecs (HTTP/1.1 200) 4 headers in 156 bytes (1 switches on core 0)
2026-07-01 08:43:31.194 8 INFO neutron.db.ovn_revision_numbers_db [None req-65b47ca5-6b3c-4971-9e42-58bacc3a95b9 - - - - - -] Successfully bumped revision number for resource c551bdac-8e5a-4f5a-8a8d-7559c6598176 (type: router_ports) to 2
2026-07-01 08:43:31.194 8 INFO neutron.plugins.ml2.drivers.ovn.mech_driver.mech_driver [None req-65b47ca5-6b3c-4971-9e42-58bacc3a95b9 - - - - - -] OVN reports status down for port: bb728d0b-6fda-4074-8b22-6b486e177057
2026-07-01 08:43:31.213 8 INFO neutron.plugins.ml2.drivers.ovn.mech_driver.mech_driver [None req-65b47ca5-6b3c-4971-9e42-58bacc3a95b9 - - - - - -] OVN reports status down for port: acf8c213-250c-4ac7-bfad-a39e8d63f5ea [pid: 7|app: 0|req: 670/1339] 10.0.0.248 () {32 vars in 725 bytes} [Wed Jul 1 08:43:30 2026] DELETE /v2.0/networks/697b987b-fad5-4d35-8f61-bffc0a03dd1d => generated 0 bytes in 366 msecs (HTTP/1.1 204) 3 headers in 131 bytes (1 switches on core 0)
2026-07-01 08:43:31.344 8 WARNING neutron.plugins.ml2.drivers.ovn.mech_driver.ovsdb.ovn_client [None req-65b47ca5-6b3c-4971-9e42-58bacc3a95b9 - - - - - -] Logical_Switch_Port acf8c213-250c-4ac7-bfad-a39e8d63f5ea host information not removed, the port state is up
2026-07-01 08:43:31.344 8 INFO neutron.plugins.ml2.drivers.ovn.mech_driver.mech_driver [None req-65b47ca5-6b3c-4971-9e42-58bacc3a95b9 - - - - - -] OVN reports status up for port: acf8c213-250c-4ac7-bfad-a39e8d63f5ea
2026-07-01 08:43:31.365 8 INFO neutron.plugins.ml2.plugin [None req-65b47ca5-6b3c-4971-9e42-58bacc3a95b9 - - - - - -] Attempt 1 to provision port acf8c213-250c-4ac7-bfad-a39e8d63f5ea
2026-07-01 08:43:31.607 8 INFO neutron_taas.services.taas.taas_plugin [None req-f4988dcb-515c-437a-bc4d-1c6383b25918 36666ac4b0b7454bb248227f92461591 d24ecb9a600441089ff04f734da90c54 - - default default] TaaS: Handle Delete Port: acf8c213-250c-4ac7-bfad-a39e8d63f5ea
2026-07-01 08:43:31.610 8 INFO neutron_taas.services.taas.tap_mirror_plugin [None req-f4988dcb-515c-437a-bc4d-1c6383b25918 36666ac4b0b7454bb248227f92461591 d24ecb9a600441089ff04f734da90c54 - - default default] Tap Mirror: Handle Delete Port: acf8c213-250c-4ac7-bfad-a39e8d63f5ea [pid: 7|app: 0|req: 671/1340] 10.0.0.248 () {32 vars in 773 bytes} [Wed Jul 1 08:43:31 2026] GET /v2.0/security-groups?tenant_id=58c7960ceb864fcd915ad36f117d200c&name=default => generated 2925 bytes in 197 msecs (HTTP/1.1 200) 4 headers in 158 bytes (1 switches on core 0) [pid: 8|app: 0|req: 670/1341] 10.0.0.248 () {32 vars in 723 bytes} [Wed Jul 1 08:43:31 2026] DELETE /v2.0/routers/ebaa1dad-0e85-45ff-849d-6d0a23061fd6 => generated 0 bytes in 831 msecs (HTTP/1.1 204) 2 headers in 112 bytes (1 switches on core 0) [pid: 8|app: 0|req: 671/1342] 10.0.0.138 () {34 vars in 989 bytes} [Wed Jul 1 08:43:31 2026] GET /v2.0/ports?device_id=95824f4e-257b-4612-b463-1752ae75e8fe => generated 12 bytes in 19 msecs (HTTP/1.1 200) 4 headers in 156 bytes (1 switches on core 0) [pid: 8|app: 0|req: 672/1343] 10.0.0.248 () {32 vars in 735 bytes} [Wed Jul 1 08:43:32 2026] GET /v2.0/ports?device_id=ebaa1dad-0e85-45ff-849d-6d0a23061fd6 => generated 12 bytes in 18 msecs (HTTP/1.1 200) 4 headers in 156 bytes (1 switches on core 0)
2026-07-01 08:43:32.059 8 INFO neutron.api.v2.resource [None req-17313f25-dce7-4b92-95df-11e6fdfa4536 36666ac4b0b7454bb248227f92461591 d24ecb9a600441089ff04f734da90c54 - - default default] delete failed (client error): The resource could not be found. [pid: 8|app: 0|req: 673/1344] 10.0.0.248 () {32 vars in 723 bytes} [Wed Jul 1 08:43:32 2026] DELETE /v2.0/routers/ebaa1dad-0e85-45ff-849d-6d0a23061fd6 => generated 135 bytes in 23 msecs (HTTP/1.1 404) 4 headers in 164 bytes (1 switches on core 0) [pid: 8|app: 0|req: 674/1345] 10.0.0.248 () {32 vars in 735 bytes} [Wed Jul 1 08:43:32 2026] GET /v2.0/ports?device_id=66b55559-1ef9-48d6-bc8a-64b57c099aa4 => generated 12 bytes in 27 msecs (HTTP/1.1 200) 4 headers in 156 bytes (1 switches on core 0)
2026-07-01 08:43:32.119 8 INFO neutron.api.v2.resource [None req-bc6100fc-c4e1-4664-a8c0-b7e1e67e22d0 36666ac4b0b7454bb248227f92461591 d24ecb9a600441089ff04f734da90c54 - - default default] delete failed (client error): The resource could not be found. [pid: 8|app: 0|req: 675/1346] 10.0.0.248 () {32 vars in 723 bytes} [Wed Jul 1 08:43:32 2026] DELETE /v2.0/routers/66b55559-1ef9-48d6-bc8a-64b57c099aa4 => generated 135 bytes in 22 msecs (HTTP/1.1 404) 4 headers in 164 bytes (1 switches on core 0) [pid: 7|app: 0|req: 672/1347] 10.0.0.248 () {32 vars in 739 bytes} [Wed Jul 1 08:43:31 2026] DELETE /v2.0/security-groups/2999e56a-03e7-4193-a9a5-04c064f4e678 => generated 0 bytes in 223 msecs (HTTP/1.1 204) 2 headers in 112 bytes (1 switches on core 0)
2026-07-01 08:43:32.143 8 INFO neutron.pecan_wsgi.hooks.translation [None req-86d5ead5-e5db-48d3-a75a-95da7735368b 36666ac4b0b7454bb248227f92461591 d24ecb9a600441089ff04f734da90c54 - - default default] DELETE failed (client error): The resource could not be found. [pid: 8|app: 0|req: 676/1348] 10.0.0.248 () {32 vars in 723 bytes} [Wed Jul 1 08:43:32 2026] DELETE /v2.0/subnets/ac7817e7-9c41-4c36-a20e-4e06504df858 => generated 136 bytes in 22 msecs (HTTP/1.1 404) 4 headers in 164 bytes (1 switches on core 0) [pid: 7|app: 0|req: 673/1349] 10.0.0.248 () {32 vars in 735 bytes} [Wed Jul 1 08:43:32 2026] GET /v2.0/ports?device_id=bcb22564-0e23-401b-8ff2-3d2bfb424609 => generated 12 bytes in 21 msecs (HTTP/1.1 200) 4 headers in 156 bytes (1 switches on core 0)
