2026-07-01 08:45:42.777 8 INFO neutron.db.ovn_revision_numbers_db [None req-a8b3a0f1-c068-4948-97db-b2c71271e6bf 88b0c63c6d8442b18dd29988be5b1fe9 419613468d93493fab7dbbc158526753 - - default default] Successfully bumped revision number for resource 3555418c-1c3a-4b19-9d3e-2e71dd427644 (type: security_group_rules) to 0
2026-07-01 08:45:42.800 8 INFO neutron.db.ovn_revision_numbers_db [None req-a8b3a0f1-c068-4948-97db-b2c71271e6bf 88b0c63c6d8442b18dd29988be5b1fe9 419613468d93493fab7dbbc158526753 - - default default] Successfully bumped revision number for resource 708d2d21-9a1e-4a6c-9231-b72a4cdee42f (type: security_group_rules) to 0
2026-07-01 08:45:42.813 8 INFO neutron.db.ovn_revision_numbers_db [None req-a8b3a0f1-c068-4948-97db-b2c71271e6bf 88b0c63c6d8442b18dd29988be5b1fe9 419613468d93493fab7dbbc158526753 - - default default] Successfully bumped revision number for resource 980babd8-945d-4062-9cc3-3890327a51e0 (type: security_group_rules) to 0
2026-07-01 08:45:42.823 8 INFO neutron.db.ovn_revision_numbers_db [None req-a8b3a0f1-c068-4948-97db-b2c71271e6bf 88b0c63c6d8442b18dd29988be5b1fe9 419613468d93493fab7dbbc158526753 - - default default] Successfully bumped revision number for resource b1598379-ad6b-4851-8d00-37b147695602 (type: security_group_rules) to 0
2026-07-01 08:45:42.909 8 INFO neutron.db.segments_db [None req-a8b3a0f1-c068-4948-97db-b2c71271e6bf 88b0c63c6d8442b18dd29988be5b1fe9 419613468d93493fab7dbbc158526753 - - default default] Added segment 579438d8-d3e4-4e1d-908a-387021ea2d3d of type geneve for network 0e82dcc8-5a49-47df-b71a-eeacbea20436
2026-07-01 08:45:42.927 7 INFO neutron.plugins.ml2.drivers.ovn.mech_driver.ovsdb.commands [None req-7542bb34-bf54-4cc5-94b8-3eb04609e182 - - - - - -] Schedule LRP lrp-f06f4c10-2772-4a6f-bb1e-55d37283e309 on gateway 3dc2968e-acdd-431a-9e15-a1d73929b9bd with priority 1
2026-07-01 08:45:42.946 7 INFO neutron.plugins.ml2.drivers.ovn.mech_driver.mech_driver [None req-d5b71522-ba6d-4980-8612-106454f64362 - - - - - -] OVN reports status up for port: f06f4c10-2772-4a6f-bb1e-55d37283e309
2026-07-01 08:45:42.969 7 INFO neutron.plugins.ml2.plugin [None req-d5b71522-ba6d-4980-8612-106454f64362 - - - - - -] Attempt 1 to provision port f06f4c10-2772-4a6f-bb1e-55d37283e309
2026-07-01 08:45:43.000 7 INFO neutron.db.ovn_revision_numbers_db [None req-c8417ce9-cba8-4310-95bd-3bdba10d27f9 e40004d614e149d68da8cfe423b2fe22 7738e114ed8b4589b19c1ad59753306f - - default default] Successfully bumped revision number for resource f06f4c10-2772-4a6f-bb1e-55d37283e309 (type: router_ports) to 1
2026-07-01 08:45:43.043 8 INFO neutron.db.ovn_revision_numbers_db [None req-a8b3a0f1-c068-4948-97db-b2c71271e6bf 88b0c63c6d8442b18dd29988be5b1fe9 419613468d93493fab7dbbc158526753 - - default default] Successfully bumped revision number for resource 0e82dcc8-5a49-47df-b71a-eeacbea20436 (type: networks) to 1
2026-07-01 08:45:43.123 7 INFO neutron.db.ovn_revision_numbers_db [None req-c8417ce9-cba8-4310-95bd-3bdba10d27f9 e40004d614e149d68da8cfe423b2fe22 7738e114ed8b4589b19c1ad59753306f - - default default] Successfully bumped revision number for resource d360dbe8-3233-4042-bf15-85d38a96b0c8 (type: routers) to 2 [pid: 7|app: 0|req: 1093/2241] 10.0.0.248 () {34 vars in 668 bytes} [Wed Jul 1 08:45:41 2026] POST /v2.0/routers => generated 936 bytes in 1491 msecs (HTTP/1.1 201) 4 headers in 162 bytes (1 switches on core 0)
2026-07-01 08:45:43.180 7 INFO neutron.db.securitygroups_db [None req-59ed7824-3f20-4cf8-9491-2b241bad573c 8e4bb15000d24f4eb2349dece960f7c4 d5ca7e48e70049e9b06ce330c7aaafd4 - - default default] Project d5ca7e48e70049e9b06ce330c7aaafd4 added a security group rule with legacy IPv6 ICMP protocol name icmp, ipv6-icmp should be used instead. It was automatically converted.
2026-07-01 08:45:43.202 8 WARNING neutron.scheduler.dhcp_agent_scheduler [None req-a8b3a0f1-c068-4948-97db-b2c71271e6bf 88b0c63c6d8442b18dd29988be5b1fe9 419613468d93493fab7dbbc158526753 - - default default] No more DHCP agents
2026-07-01 08:45:43.203 8 WARNING neutron.api.rpc.agentnotifiers.dhcp_rpc_agent_api [None req-a8b3a0f1-c068-4948-97db-b2c71271e6bf 88b0c63c6d8442b18dd29988be5b1fe9 419613468d93493fab7dbbc158526753 - - default default] Unable to schedule network 0e82dcc8-5a49-47df-b71a-eeacbea20436: no agents available; will retry on subsequent port and subnet creation events.
2026-07-01 08:45:43.245 8 INFO neutron.plugins.ml2.drivers.ovn.mech_driver.mech_driver [None req-6e860e28-e72a-4d0e-aad6-c94afd4506c4 - - - - - -] OVN reports status down for port: f5b9d33d-518e-4d32-80d9-76936d4701ee
2026-07-01 08:45:43.318 8 INFO neutron.db.ovn_revision_numbers_db [None req-a8b3a0f1-c068-4948-97db-b2c71271e6bf 88b0c63c6d8442b18dd29988be5b1fe9 419613468d93493fab7dbbc158526753 - - default default] Successfully bumped revision number for resource f5b9d33d-518e-4d32-80d9-76936d4701ee (type: ports) to 1
2026-07-01 08:45:43.322 7 INFO neutron.db.ovn_revision_numbers_db [None req-59ed7824-3f20-4cf8-9491-2b241bad573c 8e4bb15000d24f4eb2349dece960f7c4 d5ca7e48e70049e9b06ce330c7aaafd4 - - default default] Successfully bumped revision number for resource 3279b49a-022b-4e72-b1b7-08ee6e19c921 (type: security_group_rules) to 0 [pid: 7|app: 0|req: 1094/2242] 10.0.0.248 () {34 vars in 694 bytes} [Wed Jul 1 08:45:43 2026] POST /v2.0/security-group-rules => generated 606 bytes in 214 msecs (HTTP/1.1 201) 4 headers in 162 bytes (1 switches on core 0) [pid: 8|app: 0|req: 1149/2243] 10.0.0.248 () {34 vars in 669 bytes} [Wed Jul 1 08:45:42 2026] POST /v2.0/networks => generated 669 bytes in 1017 msecs (HTTP/1.1 201) 4 headers in 162 bytes (1 switches on core 0)
2026-07-01 08:45:43.645 8 WARNING neutron.scheduler.dhcp_agent_scheduler [None req-b525ba2c-167a-4701-b14f-68fbabcf4e24 88b0c63c6d8442b18dd29988be5b1fe9 419613468d93493fab7dbbc158526753 - - default default] No more DHCP agents
2026-07-01 08:45:43.647 8 WARNING neutron.api.rpc.agentnotifiers.dhcp_rpc_agent_api [None req-b525ba2c-167a-4701-b14f-68fbabcf4e24 88b0c63c6d8442b18dd29988be5b1fe9 419613468d93493fab7dbbc158526753 - - default default] Unable to schedule network 0e82dcc8-5a49-47df-b71a-eeacbea20436: no agents available; will retry on subsequent port and subnet creation events.
2026-07-01 08:45:43.710 8 INFO neutron.plugins.ml2.drivers.ovn.mech_driver.mech_driver [None req-6e860e28-e72a-4d0e-aad6-c94afd4506c4 - - - - - -] OVN reports status down for port: 31c0ddcc-fb1b-4a80-8842-6d3b85fccc94
2026-07-01 08:45:43.772 8 INFO neutron.db.ovn_revision_numbers_db [None req-b525ba2c-167a-4701-b14f-68fbabcf4e24 88b0c63c6d8442b18dd29988be5b1fe9 419613468d93493fab7dbbc158526753 - - default default] Successfully bumped revision number for resource 31c0ddcc-fb1b-4a80-8842-6d3b85fccc94 (type: ports) to 1 [pid: 8|app: 0|req: 1150/2244] 10.0.0.248 () {34 vars in 663 bytes} [Wed Jul 1 08:45:43 2026] POST /v2.0/ports => generated 743 bytes in 483 msecs (HTTP/1.1 201) 4 headers in 162 bytes (1 switches on core 0)
2026-07-01 08:45:43.884 7 WARNING neutron.scheduler.dhcp_agent_scheduler [None req-19cb0984-5896-4a1a-b5e4-ca99c1cdb935 e40004d614e149d68da8cfe423b2fe22 7738e114ed8b4589b19c1ad59753306f - - default default] No more DHCP agents
2026-07-01 08:45:43.886 7 WARNING neutron.api.rpc.agentnotifiers.dhcp_rpc_agent_api [None req-19cb0984-5896-4a1a-b5e4-ca99c1cdb935 e40004d614e149d68da8cfe423b2fe22 7738e114ed8b4589b19c1ad59753306f - - default default] Unable to schedule network 1e36d1ad-8ef0-4964-936e-9a3273878158: no agents available; will retry on subsequent port and subnet creation events.
2026-07-01 08:45:43.985 8 INFO neutron.plugins.ml2.drivers.ovn.mech_driver.mech_driver [None req-6e860e28-e72a-4d0e-aad6-c94afd4506c4 - - - - - -] OVN reports status down for port: 6e046066-52d4-430d-b346-655eee5ae3f9
2026-07-01 08:45:44.028 7 INFO neutron.db.ovn_revision_numbers_db [None req-19cb0984-5896-4a1a-b5e4-ca99c1cdb935 e40004d614e149d68da8cfe423b2fe22 7738e114ed8b4589b19c1ad59753306f - - default default] Successfully bumped revision number for resource 6e046066-52d4-430d-b346-655eee5ae3f9 (type: ports) to 1 /var/lib/openstack/lib/python3.12/site-packages/pycadf/identifier.py:70: UserWarning: Invalid uuid: neutron. To ensure interoperability, identifiers should be a valid uuid. warnings.warn(('Invalid uuid: %s. To ensure interoperability, ' [pid: 8|app: 0|req: 1151/2245] 10.0.0.248 () {32 vars in 648 bytes} [Wed Jul 1 08:45:43 2026] GET /v2.0/networks => generated 1374 bytes in 256 msecs (HTTP/1.1 200) 4 headers in 158 bytes (1 switches on core 0)
2026-07-01 08:45:44.198 8 INFO neutron.db.segments_db [None req-72131f2c-3fe2-40ff-a453-91a60f8218e5 88b0c63c6d8442b18dd29988be5b1fe9 419613468d93493fab7dbbc158526753 - - default default] Added segment 9bc24d99-31d0-49d7-9696-4f2ed6b11703 of type geneve for network 911b20f7-8fa6-443e-9b5f-802c87afc571
2026-07-01 08:45:44.339 8 INFO neutron.db.ovn_revision_numbers_db [None req-72131f2c-3fe2-40ff-a453-91a60f8218e5 88b0c63c6d8442b18dd29988be5b1fe9 419613468d93493fab7dbbc158526753 - - default default] Successfully bumped revision number for resource 911b20f7-8fa6-443e-9b5f-802c87afc571 (type: networks) to 1
2026-07-01 08:45:44.521 8 WARNING neutron.scheduler.dhcp_agent_scheduler [None req-72131f2c-3fe2-40ff-a453-91a60f8218e5 88b0c63c6d8442b18dd29988be5b1fe9 419613468d93493fab7dbbc158526753 - - default default] No more DHCP agents
2026-07-01 08:45:44.522 8 WARNING neutron.api.rpc.agentnotifiers.dhcp_rpc_agent_api [None req-72131f2c-3fe2-40ff-a453-91a60f8218e5 88b0c63c6d8442b18dd29988be5b1fe9 419613468d93493fab7dbbc158526753 - - default default] Unable to schedule network 911b20f7-8fa6-443e-9b5f-802c87afc571: no agents available; will retry on subsequent port and subnet creation events.
2026-07-01 08:45:44.565 8 INFO neutron.plugins.ml2.drivers.ovn.mech_driver.mech_driver [None req-6e860e28-e72a-4d0e-aad6-c94afd4506c4 - - - - - -] OVN reports status down for port: b2623a7d-8c7a-4621-b9a0-8c6eb6a1b3ac
2026-07-01 08:45:44.625 8 INFO neutron.db.ovn_revision_numbers_db [None req-72131f2c-3fe2-40ff-a453-91a60f8218e5 88b0c63c6d8442b18dd29988be5b1fe9 419613468d93493fab7dbbc158526753 - - default default] Successfully bumped revision number for resource b2623a7d-8c7a-4621-b9a0-8c6eb6a1b3ac (type: ports) to 1 [pid: 8|app: 0|req: 1152/2246] 10.0.0.248 () {34 vars in 669 bytes} [Wed Jul 1 08:45:44 2026] POST /v2.0/networks => generated 669 bytes in 565 msecs (HTTP/1.1 201) 4 headers in 162 bytes (1 switches on core 0) [pid: 8|app: 0|req: 1153/2247] 10.0.0.138 () {34 vars in 1099 bytes} [Wed Jul 1 08:45:44 2026] GET /v2.0/security-groups?name=tempest-secgroup-smoke-1856365358&fields=id&tenant_id=d5ca7e48e70049e9b06ce330c7aaafd4 => generated 69 bytes in 32 msecs (HTTP/1.1 200) 4 headers in 156 bytes (1 switches on core 0)
2026-07-01 08:45:44.732 8 INFO neutron.plugins.ml2.drivers.ovn.mech_driver.mech_driver [None req-6e860e28-e72a-4d0e-aad6-c94afd4506c4 - - - - - -] OVN reports status up for port: 6e046066-52d4-430d-b346-655eee5ae3f9
2026-07-01 08:45:44.756 8 INFO neutron.plugins.ml2.plugin [None req-6e860e28-e72a-4d0e-aad6-c94afd4506c4 - - - - - -] Attempt 1 to provision port 6e046066-52d4-430d-b346-655eee5ae3f9
2026-07-01 08:45:44.801 7 WARNING neutron.scheduler.dhcp_agent_scheduler [None req-19cb0984-5896-4a1a-b5e4-ca99c1cdb935 e40004d614e149d68da8cfe423b2fe22 7738e114ed8b4589b19c1ad59753306f - - default default] No more DHCP agents
2026-07-01 08:45:44.802 7 WARNING neutron.api.rpc.agentnotifiers.dhcp_rpc_agent_api [None req-19cb0984-5896-4a1a-b5e4-ca99c1cdb935 e40004d614e149d68da8cfe423b2fe22 7738e114ed8b4589b19c1ad59753306f - - default default] Unable to schedule network 1e36d1ad-8ef0-4964-936e-9a3273878158: no agents available; will retry on subsequent port and subnet creation events.
2026-07-01 08:45:45.089 8 WARNING neutron.scheduler.dhcp_agent_scheduler [None req-9a94c3d0-794c-44af-815c-393988208602 88b0c63c6d8442b18dd29988be5b1fe9 419613468d93493fab7dbbc158526753 - - default default] No more DHCP agents
2026-07-01 08:45:45.107 8 WARNING neutron.api.rpc.agentnotifiers.dhcp_rpc_agent_api [None req-9a94c3d0-794c-44af-815c-393988208602 88b0c63c6d8442b18dd29988be5b1fe9 419613468d93493fab7dbbc158526753 - - default default] Unable to schedule network 911b20f7-8fa6-443e-9b5f-802c87afc571: no agents available; will retry on subsequent port and subnet creation events.
2026-07-01 08:45:45.109 7 INFO neutron.db.ovn_revision_numbers_db [None req-19cb0984-5896-4a1a-b5e4-ca99c1cdb935 e40004d614e149d68da8cfe423b2fe22 7738e114ed8b4589b19c1ad59753306f - - default default] Successfully bumped revision number for resource 6e046066-52d4-430d-b346-655eee5ae3f9 (type: router_ports) to 1 [pid: 7|app: 0|req: 1095/2248] 10.0.0.248 () {34 vars in 782 bytes} [Wed Jul 1 08:45:43 2026] PUT /v2.0/routers/d360dbe8-3233-4042-bf15-85d38a96b0c8/add_router_interface => generated 309 bytes in 1754 msecs (HTTP/1.1 200) 4 headers in 157 bytes (1 switches on core 0) [pid: 7|app: 0|req: 1096/2249] 10.0.0.138 () {34 vars in 981 bytes} [Wed Jul 1 08:45:45 2026] GET /v2.0/networks?id=c57bdec9-401a-4c03-a41c-3645ad03df7d => generated 699 bytes in 52 msecs (HTTP/1.1 200) 4 headers in 157 bytes (1 switches on core 0)
2026-07-01 08:45:45.312 8 INFO neutron.db.ovn_revision_numbers_db [None req-9a94c3d0-794c-44af-815c-393988208602 88b0c63c6d8442b18dd29988be5b1fe9 419613468d93493fab7dbbc158526753 - - default default] Successfully bumped revision number for resource d39f8081-528e-4825-a27f-a5cdbb00a88b (type: ports) to 1 [pid: 8|app: 0|req: 1154/2250] 10.0.0.248 () {34 vars in 663 bytes} [Wed Jul 1 08:45:44 2026] POST /v2.0/ports => generated 743 bytes in 705 msecs (HTTP/1.1 201) 4 headers in 162 bytes (1 switches on core 0) /var/lib/openstack/lib/python3.12/site-packages/pycadf/identifier.py:70: UserWarning: Invalid uuid: neutron. To ensure interoperability, identifiers should be a valid uuid. warnings.warn(('Invalid uuid: %s. To ensure interoperability, ' [pid: 8|app: 0|req: 1155/2251] 10.0.0.138 () {34 vars in 964 bytes} [Wed Jul 1 08:45:45 2026] GET /v2.0/quotas/d5ca7e48e70049e9b06ce330c7aaafd4 => generated 292 bytes in 36 msecs (HTTP/1.1 200) 4 headers in 157 bytes (1 switches on core 0)
2026-07-01 08:45:45.548 8 INFO neutron.db.ovn_revision_numbers_db [None req-6e860e28-e72a-4d0e-aad6-c94afd4506c4 - - - - - -] Successfully bumped revision number for resource 6e046066-52d4-430d-b346-655eee5ae3f9 (type: ports) to 2
2026-07-01 08:45:45.580 8 INFO neutron.db.segments_db [None req-efe3e2c9-c56e-4790-b4bd-1ea1928a9ad8 88b0c63c6d8442b18dd29988be5b1fe9 419613468d93493fab7dbbc158526753 - - default default] Added segment 66a0681a-5f18-4832-aa12-2f709856dfcf of type geneve for network e2bd0f90-5da4-4984-bb4a-e7a2266c8e4d
2026-07-01 08:45:45.737 8 INFO neutron.db.ovn_revision_numbers_db [None req-efe3e2c9-c56e-4790-b4bd-1ea1928a9ad8 88b0c63c6d8442b18dd29988be5b1fe9 419613468d93493fab7dbbc158526753 - - default default] Successfully bumped revision number for resource e2bd0f90-5da4-4984-bb4a-e7a2266c8e4d (type: networks) to 1
2026-07-01 08:45:45.836 7 WARNING neutron.scheduler.dhcp_agent_scheduler [None req-3a7c10fd-6445-49de-a246-069c6aa74cc8 - - - - - -] No more DHCP agents
2026-07-01 08:45:45.838 7 WARNING neutron.api.rpc.agentnotifiers.dhcp_rpc_agent_api [None req-3a7c10fd-6445-49de-a246-069c6aa74cc8 - - - - - -] Unable to schedule network 22591cb1-1e45-46df-90d1-f940f3f73238: no agents available; will retry on subsequent port and subnet creation events.
2026-07-01 08:45:45.909 8 WARNING neutron.scheduler.dhcp_agent_scheduler [None req-efe3e2c9-c56e-4790-b4bd-1ea1928a9ad8 88b0c63c6d8442b18dd29988be5b1fe9 419613468d93493fab7dbbc158526753 - - default default] No more DHCP agents
2026-07-01 08:45:45.910 8 WARNING neutron.api.rpc.agentnotifiers.dhcp_rpc_agent_api [None req-efe3e2c9-c56e-4790-b4bd-1ea1928a9ad8 88b0c63c6d8442b18dd29988be5b1fe9 419613468d93493fab7dbbc158526753 - - default default] Unable to schedule network e2bd0f90-5da4-4984-bb4a-e7a2266c8e4d: no agents available; will retry on subsequent port and subnet creation events.
2026-07-01 08:45:45.996 7 INFO neutron.db.ovn_revision_numbers_db [None req-3a7c10fd-6445-49de-a246-069c6aa74cc8 - - - - - -] Successfully bumped revision number for resource 24871af8-06c5-47f6-a7c4-da98ead14fbb (type: ports) to 1
2026-07-01 08:45:46.004 8 INFO neutron.db.ovn_revision_numbers_db [None req-efe3e2c9-c56e-4790-b4bd-1ea1928a9ad8 88b0c63c6d8442b18dd29988be5b1fe9 419613468d93493fab7dbbc158526753 - - default default] Successfully bumped revision number for resource fd922dc0-fb07-4959-b8fc-2e0322f705b9 (type: ports) to 1 [pid: 8|app: 0|req: 1156/2252] 10.0.0.248 () {34 vars in 669 bytes} [Wed Jul 1 08:45:45 2026] POST /v2.0/networks => generated 669 bytes in 575 msecs (HTTP/1.1 201) 4 headers in 162 bytes (1 switches on core 0) [pid: 8|app: 0|req: 1157/2253] 10.0.0.138 () {34 vars in 1001 bytes} [Wed Jul 1 08:45:46 2026] GET /v2.0/ports?tenant_id=d5ca7e48e70049e9b06ce330c7aaafd4&fields=id => generated 149 bytes in 69 msecs (HTTP/1.1 200) 4 headers in 157 bytes (1 switches on core 0)
2026-07-01 08:45:46.252 7 INFO neutron.db.ovn_revision_numbers_db [None req-3a7c10fd-6445-49de-a246-069c6aa74cc8 - - - - - -] Successfully bumped revision number for resource 24871af8-06c5-47f6-a7c4-da98ead14fbb (type: ports) to 3
2026-07-01 08:45:46.307 8 WARNING neutron.scheduler.dhcp_agent_scheduler [None req-2a4d496c-752a-4dcb-acb2-1dd537fc9f36 88b0c63c6d8442b18dd29988be5b1fe9 419613468d93493fab7dbbc158526753 - - default default] No more DHCP agents
2026-07-01 08:45:46.308 8 WARNING neutron.api.rpc.agentnotifiers.dhcp_rpc_agent_api [None req-2a4d496c-752a-4dcb-acb2-1dd537fc9f36 88b0c63c6d8442b18dd29988be5b1fe9 419613468d93493fab7dbbc158526753 - - default default] Unable to schedule network e2bd0f90-5da4-4984-bb4a-e7a2266c8e4d: no agents available; will retry on subsequent port and subnet creation events.
2026-07-01 08:45:46.328 7 INFO neutron.db.segments_db [None req-3a7c10fd-6445-49de-a246-069c6aa74cc8 - - - - - -] Added segment e2d1d320-e250-460f-8693-258da70de23a of type geneve for network ccca4b20-6313-45b7-84e6-6fed0b5a8a07
2026-07-01 08:45:46.400 8 INFO neutron.db.ovn_revision_numbers_db [None req-2a4d496c-752a-4dcb-acb2-1dd537fc9f36 88b0c63c6d8442b18dd29988be5b1fe9 419613468d93493fab7dbbc158526753 - - default default] Successfully bumped revision number for resource 5de4875d-56b6-49e3-9949-9cd92579b44c (type: ports) to 1 [pid: 8|app: 0|req: 1158/2254] 10.0.0.248 () {34 vars in 663 bytes} [Wed Jul 1 08:45:46 2026] POST /v2.0/ports => generated 743 bytes in 357 msecs (HTTP/1.1 201) 4 headers in 162 bytes (1 switches on core 0) /var/lib/openstack/lib/python3.12/site-packages/pycadf/identifier.py:70: UserWarning: Invalid uuid: neutron. To ensure interoperability, identifiers should be a valid uuid. warnings.warn(('Invalid uuid: %s. To ensure interoperability, '
2026-07-01 08:45:46.489 7 INFO neutron.db.ovn_revision_numbers_db [None req-41aac90b-f1c4-49e1-86c2-7134ad8c58a5 - - - - - -] Successfully bumped revision number for resource ccca4b20-6313-45b7-84e6-6fed0b5a8a07 (type: networks) to 1 [pid: 8|app: 0|req: 1159/2255] 10.0.0.138 () {34 vars in 1007 bytes} [Wed Jul 1 08:45:46 2026] GET /v2.0/networks/c57bdec9-401a-4c03-a41c-3645ad03df7d?fields=segments => generated 14 bytes in 43 msecs (HTTP/1.1 200) 4 headers in 156 bytes (1 switches on core 0)
2026-07-01 08:45:46.592 8 INFO neutron.db.segments_db [None req-bba6f953-fcd8-4cdf-8970-f7253233785b 88b0c63c6d8442b18dd29988be5b1fe9 419613468d93493fab7dbbc158526753 - - default default] Added segment 188a0e78-c6ce-487a-9589-a6e404c30fd8 of type geneve for network 48548731-99e6-4679-bb35-6b4bc4bd9069
2026-07-01 08:45:46.632 7 WARNING neutron.scheduler.dhcp_agent_scheduler [None req-41aac90b-f1c4-49e1-86c2-7134ad8c58a5 - - - - - -] No more DHCP agents
2026-07-01 08:45:46.635 7 WARNING neutron.api.rpc.agentnotifiers.dhcp_rpc_agent_api [None req-41aac90b-f1c4-49e1-86c2-7134ad8c58a5 - - - - - -] Unable to schedule network ccca4b20-6313-45b7-84e6-6fed0b5a8a07: no agents available; will retry on subsequent port and subnet creation events.
2026-07-01 08:45:46.715 8 INFO neutron.db.ovn_revision_numbers_db [None req-bba6f953-fcd8-4cdf-8970-f7253233785b 88b0c63c6d8442b18dd29988be5b1fe9 419613468d93493fab7dbbc158526753 - - default default] Successfully bumped revision number for resource 48548731-99e6-4679-bb35-6b4bc4bd9069 (type: networks) to 1
2026-07-01 08:45:46.719 7 INFO neutron.db.ovn_revision_numbers_db [None req-41aac90b-f1c4-49e1-86c2-7134ad8c58a5 - - - - - -] Successfully bumped revision number for resource 60130556-d1a8-4b94-9161-e31367439a65 (type: ports) to 1
2026-07-01 08:45:46.835 7 WARNING neutron.scheduler.dhcp_agent_scheduler [None req-41aac90b-f1c4-49e1-86c2-7134ad8c58a5 - - - - - -] No more DHCP agents
2026-07-01 08:45:46.836 7 WARNING neutron.api.rpc.agentnotifiers.dhcp_rpc_agent_api [None req-41aac90b-f1c4-49e1-86c2-7134ad8c58a5 - - - - - -] Unable to schedule network ccca4b20-6313-45b7-84e6-6fed0b5a8a07: no agents available; will retry on subsequent port and subnet creation events.
2026-07-01 08:45:46.863 7 INFO neutron.db.ovn_revision_numbers_db [None req-41aac90b-f1c4-49e1-86c2-7134ad8c58a5 - - - - - -] Successfully bumped revision number for resource c2d3dec7-8c10-44b2-8fe1-a46be1e95f4f (type: subnets) to 0
2026-07-01 08:45:46.887 8 WARNING neutron.scheduler.dhcp_agent_scheduler [None req-bba6f953-fcd8-4cdf-8970-f7253233785b 88b0c63c6d8442b18dd29988be5b1fe9 419613468d93493fab7dbbc158526753 - - default default] No more DHCP agents
2026-07-01 08:45:46.889 8 WARNING neutron.api.rpc.agentnotifiers.dhcp_rpc_agent_api [None req-bba6f953-fcd8-4cdf-8970-f7253233785b 88b0c63c6d8442b18dd29988be5b1fe9 419613468d93493fab7dbbc158526753 - - default default] Unable to schedule network 48548731-99e6-4679-bb35-6b4bc4bd9069: no agents available; will retry on subsequent port and subnet creation events.
2026-07-01 08:45:46.974 8 INFO neutron.db.ovn_revision_numbers_db [None req-bba6f953-fcd8-4cdf-8970-f7253233785b 88b0c63c6d8442b18dd29988be5b1fe9 419613468d93493fab7dbbc158526753 - - default default] Successfully bumped revision number for resource 7b501e4d-97fc-4b7a-bbe1-f2210d246bbf (type: ports) to 1 [pid: 8|app: 0|req: 1160/2256] 10.0.0.248 () {34 vars in 669 bytes} [Wed Jul 1 08:45:46 2026] POST /v2.0/networks => generated 669 bytes in 500 msecs (HTTP/1.1 201) 4 headers in 162 bytes (1 switches on core 0) [pid: 8|app: 0|req: 1161/2257] 10.0.0.138 () {34 vars in 1107 bytes} [Wed Jul 1 08:45:46 2026] GET /v2.0/networks/c57bdec9-401a-4c03-a41c-3645ad03df7d?fields=provider%3Aphysical_network&fields=provider%3Anetwork_type => generated 79 bytes in 52 msecs (HTTP/1.1 200) 4 headers in 156 bytes (1 switches on core 0)
2026-07-01 08:45:47.284 8 WARNING neutron.scheduler.dhcp_agent_scheduler [None req-4bbc6b0d-da03-40d4-8e94-86e79871b7ae 88b0c63c6d8442b18dd29988be5b1fe9 419613468d93493fab7dbbc158526753 - - default default] No more DHCP agents
2026-07-01 08:45:47.285 8 WARNING neutron.api.rpc.agentnotifiers.dhcp_rpc_agent_api [None req-4bbc6b0d-da03-40d4-8e94-86e79871b7ae 88b0c63c6d8442b18dd29988be5b1fe9 419613468d93493fab7dbbc158526753 - - default default] Unable to schedule network 48548731-99e6-4679-bb35-6b4bc4bd9069: no agents available; will retry on subsequent port and subnet creation events.
2026-07-01 08:45:47.298 7 WARNING neutron.scheduler.dhcp_agent_scheduler [None req-41aac90b-f1c4-49e1-86c2-7134ad8c58a5 - - - - - -] No more DHCP agents
2026-07-01 08:45:47.300 7 WARNING neutron.api.rpc.agentnotifiers.dhcp_rpc_agent_api [None req-41aac90b-f1c4-49e1-86c2-7134ad8c58a5 - - - - - -] Unable to schedule network ccca4b20-6313-45b7-84e6-6fed0b5a8a07: no agents available; will retry on subsequent port and subnet creation events.
2026-07-01 08:45:47.376 8 INFO neutron.db.ovn_revision_numbers_db [None req-4bbc6b0d-da03-40d4-8e94-86e79871b7ae 88b0c63c6d8442b18dd29988be5b1fe9 419613468d93493fab7dbbc158526753 - - default default] Successfully bumped revision number for resource d235ca81-74e0-43cb-9cf2-e0b95fe9c3b4 (type: ports) to 1 [pid: 8|app: 0|req: 1162/2258] 10.0.0.248 () {34 vars in 663 bytes} [Wed Jul 1 08:45:47 2026] POST /v2.0/ports => generated 743 bytes in 401 msecs (HTTP/1.1 201) 4 headers in 162 bytes (1 switches on core 0) /var/lib/openstack/lib/python3.12/site-packages/pycadf/identifier.py:70: UserWarning: Invalid uuid: neutron. To ensure interoperability, identifiers should be a valid uuid. warnings.warn(('Invalid uuid: %s. To ensure interoperability, '
2026-07-01 08:45:47.470 7 INFO neutron.db.ovn_revision_numbers_db [None req-41aac90b-f1c4-49e1-86c2-7134ad8c58a5 - - - - - -] Successfully bumped revision number for resource 9ae88616-9a34-4fcc-aa6c-85228e36b9c5 (type: ports) to 1 [pid: 8|app: 0|req: 1163/2259] 10.0.0.138 () {34 vars in 989 bytes} [Wed Jul 1 08:45:47 2026] GET /v2.0/ports?device_id=8296a52f-e389-4c68-9507-38bd3f119454 => generated 12 bytes in 20 msecs (HTTP/1.1 200) 4 headers in 156 bytes (1 switches on core 0)
2026-07-01 08:45:47.566 8 INFO neutron.db.segments_db [None req-e8835991-a177-41b6-990b-225b948f70e9 88b0c63c6d8442b18dd29988be5b1fe9 419613468d93493fab7dbbc158526753 - - default default] Added segment 7ff372cf-f06a-4262-89da-b967668e88d5 of type geneve for network 5a6a9b14-9c19-4f13-89e5-1f56533eb57a
2026-07-01 08:45:47.687 8 INFO neutron.db.ovn_revision_numbers_db [None req-e8835991-a177-41b6-990b-225b948f70e9 88b0c63c6d8442b18dd29988be5b1fe9 419613468d93493fab7dbbc158526753 - - default default] Successfully bumped revision number for resource 5a6a9b14-9c19-4f13-89e5-1f56533eb57a (type: networks) to 1
2026-07-01 08:45:47.860 8 WARNING neutron.scheduler.dhcp_agent_scheduler [None req-e8835991-a177-41b6-990b-225b948f70e9 88b0c63c6d8442b18dd29988be5b1fe9 419613468d93493fab7dbbc158526753 - - default default] No more DHCP agents
2026-07-01 08:45:47.862 8 WARNING neutron.api.rpc.agentnotifiers.dhcp_rpc_agent_api [None req-e8835991-a177-41b6-990b-225b948f70e9 88b0c63c6d8442b18dd29988be5b1fe9 419613468d93493fab7dbbc158526753 - - default default] Unable to schedule network 5a6a9b14-9c19-4f13-89e5-1f56533eb57a: no agents available; will retry on subsequent port and subnet creation events.
2026-07-01 08:45:47.944 8 INFO neutron.db.ovn_revision_numbers_db [None req-e8835991-a177-41b6-990b-225b948f70e9 88b0c63c6d8442b18dd29988be5b1fe9 419613468d93493fab7dbbc158526753 - - default default] Successfully bumped revision number for resource 946c6691-f26d-4a01-9d96-e2cc8e4eb1a5 (type: ports) to 1 [pid: 8|app: 0|req: 1164/2260] 10.0.0.248 () {34 vars in 669 bytes} [Wed Jul 1 08:45:47 2026] POST /v2.0/networks => generated 670 bytes in 494 msecs (HTTP/1.1 201) 4 headers in 162 bytes (1 switches on core 0)
2026-07-01 08:45:48.176 7 WARNING neutron.plugins.ml2.drivers.ovn.mech_driver.ovsdb.ovn_client [None req-d5b71522-ba6d-4980-8612-106454f64362 - - - - - -] No hosting information found for port f06f4c10-2772-4a6f-bb1e-55d37283e309: RuntimeError: No hosting information found for port f06f4c10-2772-4a6f-bb1e-55d37283e309
2026-07-01 08:45:48.177 7 INFO neutron.plugins.ml2.drivers.ovn.mech_driver.mech_driver [None req-d5b71522-ba6d-4980-8612-106454f64362 - - - - - -] OVN reports status down for port: 24871af8-06c5-47f6-a7c4-da98ead14fbb
2026-07-01 08:45:48.242 8 WARNING neutron.scheduler.dhcp_agent_scheduler [None req-3dab70d4-61f7-4b95-9f8a-b52aedb68893 88b0c63c6d8442b18dd29988be5b1fe9 419613468d93493fab7dbbc158526753 - - default default] No more DHCP agents
2026-07-01 08:45:48.243 8 WARNING neutron.api.rpc.agentnotifiers.dhcp_rpc_agent_api [None req-3dab70d4-61f7-4b95-9f8a-b52aedb68893 88b0c63c6d8442b18dd29988be5b1fe9 419613468d93493fab7dbbc158526753 - - default default] Unable to schedule network 5a6a9b14-9c19-4f13-89e5-1f56533eb57a: no agents available; will retry on subsequent port and subnet creation events.
2026-07-01 08:45:48.293 7 WARNING neutron.scheduler.dhcp_agent_scheduler [None req-41aac90b-f1c4-49e1-86c2-7134ad8c58a5 - - - - - -] No more DHCP agents
2026-07-01 08:45:48.298 7 WARNING neutron.api.rpc.agentnotifiers.dhcp_rpc_agent_api [None req-41aac90b-f1c4-49e1-86c2-7134ad8c58a5 - - - - - -] Unable to schedule network ccca4b20-6313-45b7-84e6-6fed0b5a8a07: no agents available; will retry on subsequent port and subnet creation events.
2026-07-01 08:45:48.319 8 INFO neutron.db.ovn_revision_numbers_db [None req-3dab70d4-61f7-4b95-9f8a-b52aedb68893 88b0c63c6d8442b18dd29988be5b1fe9 419613468d93493fab7dbbc158526753 - - default default] Successfully bumped revision number for resource bda7dbf9-3be3-4ec9-a360-d24e3aa817d4 (type: ports) to 1
2026-07-01 08:45:48.333 7 INFO neutron.plugins.ml2.drivers.ovn.mech_driver.mech_driver [None req-d5b71522-ba6d-4980-8612-106454f64362 - - - - - -] OVN reports status down for port: 60130556-d1a8-4b94-9161-e31367439a65 [pid: 8|app: 0|req: 1165/2261] 10.0.0.248 () {34 vars in 663 bytes} [Wed Jul 1 08:45:47 2026] POST /v2.0/ports => generated 743 bytes in 410 msecs (HTTP/1.1 201) 4 headers in 162 bytes (1 switches on core 0) /var/lib/openstack/lib/python3.12/site-packages/pycadf/identifier.py:70: UserWarning: Invalid uuid: neutron. To ensure interoperability, identifiers should be a valid uuid. warnings.warn(('Invalid uuid: %s. To ensure interoperability, ' [pid: 8|app: 0|req: 1166/2262] 10.0.0.248 () {34 vars in 746 bytes} [Wed Jul 1 08:45:48 2026] PUT /v2.0/ports/31c0ddcc-fb1b-4a80-8842-6d3b85fccc94/tags => generated 17 bytes in 79 msecs (HTTP/1.1 200) 4 headers in 156 bytes (1 switches on core 0) /var/lib/openstack/lib/python3.12/site-packages/pycadf/identifier.py:70: UserWarning: Invalid uuid: neutron. To ensure interoperability, identifiers should be a valid uuid. warnings.warn(('Invalid uuid: %s. To ensure interoperability, '
2026-07-01 08:45:48.477 7 INFO neutron.plugins.ml2.drivers.ovn.mech_driver.mech_driver [None req-d5b71522-ba6d-4980-8612-106454f64362 - - - - - -] OVN reports status down for port: d235ca81-74e0-43cb-9cf2-e0b95fe9c3b4 [pid: 8|app: 0|req: 1167/2263] 10.0.0.248 () {34 vars in 746 bytes} [Wed Jul 1 08:45:48 2026] PUT /v2.0/ports/d39f8081-528e-4825-a27f-a5cdbb00a88b/tags => generated 25 bytes in 68 msecs (HTTP/1.1 200) 4 headers in 156 bytes (1 switches on core 0) /var/lib/openstack/lib/python3.12/site-packages/pycadf/identifier.py:70: UserWarning: Invalid uuid: neutron. To ensure interoperability, identifiers should be a valid uuid. warnings.warn(('Invalid uuid: %s. To ensure interoperability, ' [pid: 8|app: 0|req: 1168/2264] 10.0.0.138 () {34 vars in 989 bytes} [Wed Jul 1 08:45:48 2026] GET /v2.0/ports?device_id=8296a52f-e389-4c68-9507-38bd3f119454 => generated 12 bytes in 17 msecs (HTTP/1.1 200) 4 headers in 156 bytes (1 switches on core 0)
2026-07-01 08:45:48.594 7 INFO neutron.plugins.ml2.drivers.ovn.mech_driver.mech_driver [None req-d5b71522-ba6d-4980-8612-106454f64362 - - - - - -] OVN reports status down for port: 9ae88616-9a34-4fcc-aa6c-85228e36b9c5 [pid: 8|app: 0|req: 1169/2265] 10.0.0.248 () {34 vars in 746 bytes} [Wed Jul 1 08:45:48 2026] PUT /v2.0/ports/5de4875d-56b6-49e3-9949-9cd92579b44c/tags => generated 34 bytes in 63 msecs (HTTP/1.1 200) 4 headers in 156 bytes (1 switches on core 0) /var/lib/openstack/lib/python3.12/site-packages/pycadf/identifier.py:70: UserWarning: Invalid uuid: neutron. To ensure interoperability, identifiers should be a valid uuid. warnings.warn(('Invalid uuid: %s. To ensure interoperability, ' [pid: 8|app: 0|req: 1170/2266] 10.0.0.248 () {34 vars in 746 bytes} [Wed Jul 1 08:45:48 2026] PUT /v2.0/ports/d235ca81-74e0-43cb-9cf2-e0b95fe9c3b4/tags => generated 19 bytes in 58 msecs (HTTP/1.1 200) 4 headers in 156 bytes (1 switches on core 0) /var/lib/openstack/lib/python3.12/site-packages/pycadf/identifier.py:70: UserWarning: Invalid uuid: neutron. To ensure interoperability, identifiers should be a valid uuid. warnings.warn(('Invalid uuid: %s. To ensure interoperability, '
2026-07-01 08:45:48.703 7 WARNING neutron.plugins.ml2.drivers.ovn.mech_driver.ovsdb.ovn_client [None req-d5b71522-ba6d-4980-8612-106454f64362 - - - - - -] Logical_Switch_Port 9ae88616-9a34-4fcc-aa6c-85228e36b9c5 host information not removed, the port state is up
2026-07-01 08:45:48.703 7 INFO neutron.plugins.ml2.drivers.ovn.mech_driver.mech_driver [None req-d5b71522-ba6d-4980-8612-106454f64362 - - - - - -] OVN reports status down for port: 946c6691-f26d-4a01-9d96-e2cc8e4eb1a5 [pid: 8|app: 0|req: 1171/2267] 10.0.0.248 () {32 vars in 659 bytes} [Wed Jul 1 08:45:48 2026] GET /v2.0/ports?tags=red => generated 2253 bytes in 60 msecs (HTTP/1.1 200) 4 headers in 158 bytes (1 switches on core 0)
2026-07-01 08:45:48.827 7 INFO neutron.plugins.ml2.drivers.ovn.mech_driver.mech_driver [None req-d5b71522-ba6d-4980-8612-106454f64362 - - - - - -] OVN reports status up for port: 9ae88616-9a34-4fcc-aa6c-85228e36b9c5 [pid: 8|app: 0|req: 1172/2268] 10.0.0.248 () {32 vars in 673 bytes} [Wed Jul 1 08:45:48 2026] GET /v2.0/ports?tags=red%2Cblue => generated 1513 bytes in 75 msecs (HTTP/1.1 200) 4 headers in 158 bytes (1 switches on core 0)
2026-07-01 08:45:48.850 7 INFO neutron.plugins.ml2.plugin [None req-d5b71522-ba6d-4980-8612-106454f64362 - - - - - -] Attempt 1 to provision port 9ae88616-9a34-4fcc-aa6c-85228e36b9c5 [pid: 8|app: 0|req: 1173/2269] 10.0.0.248 () {32 vars in 669 bytes} [Wed Jul 1 08:45:48 2026] GET /v2.0/ports?tags-any=blue => generated 1513 bytes in 64 msecs (HTTP/1.1 200) 4 headers in 158 bytes (1 switches on core 0) [pid: 8|app: 0|req: 1174/2270] 10.0.0.248 () {32 vars in 681 bytes} [Wed Jul 1 08:45:48 2026] GET /v2.0/ports?tags-any=red%2Cblue => generated 2253 bytes in 82 msecs (HTTP/1.1 200) 4 headers in 158 bytes (1 switches on core 0) [pid: 8|app: 0|req: 1177/2273] 10.0.0.248 () {32 vars in 667 bytes} [Wed Jul 1 08:45:48 2026] GET /v2.0/ports?not-tags=red => generated 5268 bytes in 83 msecs (HTTP/1.1 200) 4 headers in 158 bytes (1 switches on core 0)
2026-07-01 08:45:49.175 7 INFO neutron.db.ovn_revision_numbers_db [None req-41aac90b-f1c4-49e1-86c2-7134ad8c58a5 - - - - - -] Successfully bumped revision number for resource 9ae88616-9a34-4fcc-aa6c-85228e36b9c5 (type: router_ports) to 1 [pid: 8|app: 0|req: 1178/2274] 10.0.0.248 () {32 vars in 681 bytes} [Wed Jul 1 08:45:49 2026] GET /v2.0/ports?not-tags=red%2Cblue => generated 6008 bytes in 112 msecs (HTTP/1.1 200) 4 headers in 158 bytes (1 switches on core 0) [pid: 8|app: 0|req: 1179/2275] 10.0.0.248 () {32 vars in 677 bytes} [Wed Jul 1 08:45:49 2026] GET /v2.0/ports?not-tags-any=blue => generated 6008 bytes in 90 msecs (HTTP/1.1 200) 4 headers in 158 bytes (1 switches on core 0) [pid: 8|app: 0|req: 1180/2276] 10.0.0.248 () {32 vars in 689 bytes} [Wed Jul 1 08:45:49 2026] GET /v2.0/ports?not-tags-any=red%2Cblue => generated 5268 bytes in 75 msecs (HTTP/1.1 200) 4 headers in 158 bytes (1 switches on core 0)
2026-07-01 08:45:49.523 8 INFO neutron_taas.services.taas.taas_plugin [None req-680e6c55-1b82-427b-8273-81669009e73f 88b0c63c6d8442b18dd29988be5b1fe9 419613468d93493fab7dbbc158526753 - - default default] TaaS: Handle Delete Port: 31c0ddcc-fb1b-4a80-8842-6d3b85fccc94
2026-07-01 08:45:49.526 8 INFO neutron_taas.services.taas.tap_mirror_plugin [None req-680e6c55-1b82-427b-8273-81669009e73f 88b0c63c6d8442b18dd29988be5b1fe9 419613468d93493fab7dbbc158526753 - - default default] Tap Mirror: Handle Delete Port: 31c0ddcc-fb1b-4a80-8842-6d3b85fccc94
2026-07-01 08:45:49.556 7 WARNING neutron.scheduler.dhcp_agent_scheduler [None req-41aac90b-f1c4-49e1-86c2-7134ad8c58a5 - - - - - -] No more DHCP agents
2026-07-01 08:45:49.558 7 WARNING neutron.api.rpc.agentnotifiers.dhcp_rpc_agent_api [None req-41aac90b-f1c4-49e1-86c2-7134ad8c58a5 - - - - - -] Unable to schedule network ccca4b20-6313-45b7-84e6-6fed0b5a8a07: no agents available; will retry on subsequent port and subnet creation events.
2026-07-01 08:45:49.565 7 INFO neutron.db.ovn_revision_numbers_db [None req-d5b71522-ba6d-4980-8612-106454f64362 - - - - - -] Successfully bumped revision number for resource 9ae88616-9a34-4fcc-aa6c-85228e36b9c5 (type: ports) to 2 [pid: 8|app: 0|req: 1181/2277] 10.0.0.248 () {32 vars in 719 bytes} [Wed Jul 1 08:45:49 2026] DELETE /v2.0/ports/31c0ddcc-fb1b-4a80-8842-6d3b85fccc94 => generated 0 bytes in 299 msecs (HTTP/1.1 204) 3 headers in 131 bytes (1 switches on core 0) [pid: 8|app: 0|req: 1182/2278] 10.0.0.138 () {34 vars in 989 bytes} [Wed Jul 1 08:45:49 2026] GET /v2.0/ports?device_id=8296a52f-e389-4c68-9507-38bd3f119454 => generated 12 bytes in 15 msecs (HTTP/1.1 200) 4 headers in 156 bytes (1 switches on core 0)
2026-07-01 08:45:49.776 7 INFO neutron.db.ovn_revision_numbers_db [None req-41aac90b-f1c4-49e1-86c2-7134ad8c58a5 - - - - - -] Successfully bumped revision number for resource 78938ea3-3825-4e87-bcf5-5b95eea646c1 (type: ports) to 1
2026-07-01 08:45:49.817 8 INFO neutron_taas.services.taas.taas_plugin [None req-605f8b07-4be7-4c3d-a0b6-7494d66b46da 88b0c63c6d8442b18dd29988be5b1fe9 419613468d93493fab7dbbc158526753 - - default default] TaaS: Handle Delete Port: d39f8081-528e-4825-a27f-a5cdbb00a88b
2026-07-01 08:45:49.820 8 INFO neutron_taas.services.taas.tap_mirror_plugin [None req-605f8b07-4be7-4c3d-a0b6-7494d66b46da 88b0c63c6d8442b18dd29988be5b1fe9 419613468d93493fab7dbbc158526753 - - default default] Tap Mirror: Handle Delete Port: d39f8081-528e-4825-a27f-a5cdbb00a88b [pid: 8|app: 0|req: 1183/2279] 10.0.0.248 () {32 vars in 719 bytes} [Wed Jul 1 08:45:49 2026] DELETE /v2.0/ports/d39f8081-528e-4825-a27f-a5cdbb00a88b => generated 0 bytes in 248 msecs (HTTP/1.1 204) 3 headers in 131 bytes (1 switches on core 0)
2026-07-01 08:45:50.006 7 INFO neutron.db.ovn_revision_numbers_db [None req-41aac90b-f1c4-49e1-86c2-7134ad8c58a5 - - - - - -] Successfully bumped revision number for resource 78938ea3-3825-4e87-bcf5-5b95eea646c1 (type: ports) to 3
2026-07-01 08:45:50.075 8 INFO neutron_taas.services.taas.taas_plugin [None req-e4ab0b47-900d-496b-909c-c8ef69e3d7a6 88b0c63c6d8442b18dd29988be5b1fe9 419613468d93493fab7dbbc158526753 - - default default] TaaS: Handle Delete Port: 5de4875d-56b6-49e3-9949-9cd92579b44c
2026-07-01 08:45:50.079 8 INFO neutron_taas.services.taas.tap_mirror_plugin [None req-e4ab0b47-900d-496b-909c-c8ef69e3d7a6 88b0c63c6d8442b18dd29988be5b1fe9 419613468d93493fab7dbbc158526753 - - default default] Tap Mirror: Handle Delete Port: 5de4875d-56b6-49e3-9949-9cd92579b44c [pid: 8|app: 0|req: 1184/2280] 10.0.0.248 () {32 vars in 719 bytes} [Wed Jul 1 08:45:49 2026] DELETE /v2.0/ports/5de4875d-56b6-49e3-9949-9cd92579b44c => generated 0 bytes in 266 msecs (HTTP/1.1 204) 3 headers in 131 bytes (1 switches on core 0) [pid: 7|app: 0|req: 1097/2281] 10.0.0.248 () {34 vars in 684 bytes} [Wed Jul 1 08:45:45 2026] POST /v2.0/vpn/vpnservices => generated 457 bytes in 5097 msecs (HTTP/1.1 201) 4 headers in 162 bytes (1 switches on core 0)
2026-07-01 08:45:50.332 8 INFO neutron_taas.services.taas.taas_plugin [None req-d3597278-9ee6-4976-a4f4-ef7b24d20491 88b0c63c6d8442b18dd29988be5b1fe9 419613468d93493fab7dbbc158526753 - - default default] TaaS: Handle Delete Port: d235ca81-74e0-43cb-9cf2-e0b95fe9c3b4
2026-07-01 08:45:50.339 8 INFO neutron_taas.services.taas.tap_mirror_plugin [None req-d3597278-9ee6-4976-a4f4-ef7b24d20491 88b0c63c6d8442b18dd29988be5b1fe9 419613468d93493fab7dbbc158526753 - - default default] Tap Mirror: Handle Delete Port: d235ca81-74e0-43cb-9cf2-e0b95fe9c3b4 [pid: 8|app: 0|req: 1185/2282] 10.0.0.248 () {32 vars in 719 bytes} [Wed Jul 1 08:45:50 2026] DELETE /v2.0/ports/d235ca81-74e0-43cb-9cf2-e0b95fe9c3b4 => generated 0 bytes in 295 msecs (HTTP/1.1 204) 3 headers in 131 bytes (1 switches on core 0)
2026-07-01 08:45:50.596 8 WARNING neutron.plugins.ml2.drivers.ovn.mech_driver.ovsdb.ovn_client [None req-1ad18a80-b3be-44be-bf88-d9d88f813bcf - - - - - -] No hosting information found for port 6e046066-52d4-430d-b346-655eee5ae3f9: RuntimeError: No hosting information found for port 6e046066-52d4-430d-b346-655eee5ae3f9
2026-07-01 08:45:50.703 8 INFO neutron_taas.services.taas.taas_plugin [None req-d242ebf0-ce1b-4429-bb00-a04554c74222 88b0c63c6d8442b18dd29988be5b1fe9 419613468d93493fab7dbbc158526753 - - default default] TaaS: Handle Delete Port: bda7dbf9-3be3-4ec9-a360-d24e3aa817d4
2026-07-01 08:45:50.710 8 INFO neutron_taas.services.taas.tap_mirror_plugin [None req-d242ebf0-ce1b-4429-bb00-a04554c74222 88b0c63c6d8442b18dd29988be5b1fe9 419613468d93493fab7dbbc158526753 - - default default] Tap Mirror: Handle Delete Port: bda7dbf9-3be3-4ec9-a360-d24e3aa817d4
2026-07-01 08:45:50.737 8 INFO neutron.db.ovn_revision_numbers_db [None req-1ad18a80-b3be-44be-bf88-d9d88f813bcf - - - - - -] Successfully bumped revision number for resource 6e046066-52d4-430d-b346-655eee5ae3f9 (type: router_ports) to 2
2026-07-01 08:45:50.739 8 INFO neutron.plugins.ml2.drivers.ovn.mech_driver.mech_driver [None req-1ad18a80-b3be-44be-bf88-d9d88f813bcf - - - - - -] OVN reports status down for port: d39f8081-528e-4825-a27f-a5cdbb00a88b
2026-07-01 08:45:50.839 8 INFO neutron.plugins.ml2.drivers.ovn.mech_driver.mech_driver [None req-1ad18a80-b3be-44be-bf88-d9d88f813bcf - - - - - -] OVN reports status down for port: fd922dc0-fb07-4959-b8fc-2e0322f705b9
2026-07-01 08:45:50.938 8 INFO neutron.plugins.ml2.drivers.ovn.mech_driver.mech_driver [None req-1ad18a80-b3be-44be-bf88-d9d88f813bcf - - - - - -] OVN reports status down for port: 5de4875d-56b6-49e3-9949-9cd92579b44c [pid: 8|app: 0|req: 1186/2283] 10.0.0.248 () {32 vars in 719 bytes} [Wed Jul 1 08:45:50 2026] DELETE /v2.0/ports/bda7dbf9-3be3-4ec9-a360-d24e3aa817d4 => generated 0 bytes in 440 msecs (HTTP/1.1 204) 3 headers in 131 bytes (1 switches on core 0)
2026-07-01 08:45:50.969 8 INFO neutron.plugins.ml2.drivers.ovn.mech_driver.mech_driver [None req-1ad18a80-b3be-44be-bf88-d9d88f813bcf - - - - - -] OVN reports status down for port: 7b501e4d-97fc-4b7a-bbe1-f2210d246bbf [pid: 8|app: 0|req: 1187/2284] 10.0.0.138 () {34 vars in 989 bytes} [Wed Jul 1 08:45:50 2026] GET /v2.0/ports?device_id=8296a52f-e389-4c68-9507-38bd3f119454 => generated 12 bytes in 45 msecs (HTTP/1.1 200) 4 headers in 156 bytes (1 switches on core 0)
2026-07-01 08:45:51.088 8 INFO neutron.plugins.ml2.drivers.ovn.mech_driver.mech_driver [None req-1ad18a80-b3be-44be-bf88-d9d88f813bcf - - - - - -] OVN reports status down for port: bda7dbf9-3be3-4ec9-a360-d24e3aa817d4
2026-07-01 08:45:51.107 8 INFO neutron.plugins.ml2.drivers.ovn.mech_driver.mech_driver [None req-1ad18a80-b3be-44be-bf88-d9d88f813bcf - - - - - -] OVN reports status down for port: 78938ea3-3825-4e87-bcf5-5b95eea646c1 [pid: 7|app: 0|req: 1098/2285] 10.0.0.248 () {34 vars in 684 bytes} [Wed Jul 1 08:45:50 2026] POST /v2.0/vpn/vpnservices => generated 424 bytes in 886 msecs (HTTP/1.1 201) 4 headers in 162 bytes (1 switches on core 0)
2026-07-01 08:45:51.210 8 INFO neutron_taas.services.taas.taas_plugin [None req-6e4b22e0-a175-4370-a26e-8ed092f9508e 88b0c63c6d8442b18dd29988be5b1fe9 419613468d93493fab7dbbc158526753 - - default default] TaaS: Handle Delete Port: f5b9d33d-518e-4d32-80d9-76936d4701ee
2026-07-01 08:45:51.215 8 INFO neutron_taas.services.taas.tap_mirror_plugin [None req-6e4b22e0-a175-4370-a26e-8ed092f9508e 88b0c63c6d8442b18dd29988be5b1fe9 419613468d93493fab7dbbc158526753 - - default default] Tap Mirror: Handle Delete Port: f5b9d33d-518e-4d32-80d9-76936d4701ee [pid: 7|app: 0|req: 1099/2286] 10.0.0.248 () {34 vars in 683 bytes} [Wed Jul 1 08:45:51 2026] POST /v2.0/vpn/ikepolicies => generated 404 bytes in 49 msecs (HTTP/1.1 201) 4 headers in 162 bytes (1 switches on core 0) [pid: 7|app: 0|req: 1100/2287] 10.0.0.248 () {34 vars in 687 bytes} [Wed Jul 1 08:45:51 2026] POST /v2.0/vpn/ipsecpolicies => generated 413 bytes in 63 msecs (HTTP/1.1 201) 4 headers in 162 bytes (1 switches on core 0) [pid: 7|app: 0|req: 1101/2288] 10.0.0.248 () {34 vars in 692 bytes} [Wed Jul 1 08:45:51 2026] POST /v2.0/vpn/endpoint-groups => generated 328 bytes in 81 msecs (HTTP/1.1 201) 4 headers in 162 bytes (1 switches on core 0) [pid: 7|app: 0|req: 1102/2289] 10.0.0.248 () {34 vars in 692 bytes} [Wed Jul 1 08:45:51 2026] POST /v2.0/vpn/endpoint-groups => generated 320 bytes in 62 msecs (HTTP/1.1 201) 4 headers in 162 bytes (1 switches on core 0)
2026-07-01 08:45:51.459 8 INFO neutron.services.segments.plugin [-] Segment 579438d8-d3e4-4e1d-908a-387021ea2d3d resource provider aggregate not found
2026-07-01 08:45:51.459 8 INFO neutron.services.segments.plugin [-] Segment 579438d8-d3e4-4e1d-908a-387021ea2d3d resource provider aggregate not found
2026-07-01 08:45:51.490 8 INFO neutron.services.segments.plugin [-] Segment 579438d8-d3e4-4e1d-908a-387021ea2d3d resource provider not found; error: Placement Client Error (4xx): {"errors": [{"status": 404, "title": "Not Found", "detail": "The resource could not be found.\n\n No resource provider with uuid 579438d8-d3e4-4e1d-908a-387021ea2d3d found for delete ", "request_id": "req-1b2e1304-e71e-4b3b-b8ca-c53c66c6d625"}]} [pid: 7|app: 0|req: 1103/2290] 199.19.213.107 () {34 vars in 985 bytes} [Wed Jul 1 08:45:51 2026] GET /v2.0/networks?id=c57bdec9-401a-4c03-a41c-3645ad03df7d => generated 699 bytes in 56 msecs (HTTP/1.1 200) 4 headers in 157 bytes (1 switches on core 0)
2026-07-01 08:45:51.497 8 INFO neutron.services.segments.plugin [-] Segment 579438d8-d3e4-4e1d-908a-387021ea2d3d resource provider not found; error: Placement Client Error (4xx): {"errors": [{"status": 404, "title": "Not Found", "detail": "The resource could not be found.\n\n No resource provider with uuid 579438d8-d3e4-4e1d-908a-387021ea2d3d found for delete ", "request_id": "req-bc601da4-674a-4666-8d99-617ed696f56b"}]} [pid: 8|app: 0|req: 1188/2291] 10.0.0.248 () {32 vars in 725 bytes} [Wed Jul 1 08:45:50 2026] DELETE /v2.0/networks/0e82dcc8-5a49-47df-b71a-eeacbea20436 => generated 0 bytes in 527 msecs (HTTP/1.1 204) 3 headers in 131 bytes (1 switches on core 0) [pid: 8|app: 0|req: 1189/2292] 199.19.213.107 () {34 vars in 1049 bytes} [Wed Jul 1 08:45:51 2026] GET /v2.0/security-groups?fields=id&fields=name&tenant_id=d5ca7e48e70049e9b06ce330c7aaafd4 => generated 274 bytes in 41 msecs (HTTP/1.1 200) 4 headers in 157 bytes (1 switches on core 0)
2026-07-01 08:45:51.706 8 INFO neutron_taas.services.taas.taas_plugin [None req-8502be03-a3a7-49c7-8e72-638b378ecc85 88b0c63c6d8442b18dd29988be5b1fe9 419613468d93493fab7dbbc158526753 - - default default] TaaS: Handle Delete Port: b2623a7d-8c7a-4621-b9a0-8c6eb6a1b3ac
2026-07-01 08:45:51.709 8 INFO neutron_taas.services.taas.tap_mirror_plugin [None req-8502be03-a3a7-49c7-8e72-638b378ecc85 88b0c63c6d8442b18dd29988be5b1fe9 419613468d93493fab7dbbc158526753 - - default default] Tap Mirror: Handle Delete Port: b2623a7d-8c7a-4621-b9a0-8c6eb6a1b3ac [pid: 8|app: 0|req: 1190/2293] 10.0.0.248 () {32 vars in 725 bytes} [Wed Jul 1 08:45:51 2026] DELETE /v2.0/networks/911b20f7-8fa6-443e-9b5f-802c87afc571 => generated 0 bytes in 361 msecs (HTTP/1.1 204) 3 headers in 131 bytes (1 switches on core 0)
2026-07-01 08:45:52.163 7 INFO neutron.db.ovn_revision_numbers_db [None req-c78e1159-904e-4128-a4c9-e5dc9e3905d3 e40004d614e149d68da8cfe423b2fe22 7738e114ed8b4589b19c1ad59753306f - - default default] Successfully bumped revision number for resource d360dbe8-3233-4042-bf15-85d38a96b0c8 (type: routers) to 5 [pid: 7|app: 0|req: 1104/2294] 10.0.0.248 () {34 vars in 706 bytes} [Wed Jul 1 08:45:51 2026] POST /v2.0/vpn/ipsec-site-connections => generated 802 bytes in 697 msecs (HTTP/1.1 201) 4 headers in 162 bytes (1 switches on core 0)
2026-07-01 08:45:52.216 8 WARNING neutron.scheduler.dhcp_agent_scheduler [req-ad1d4340-aece-4769-b191-e56c368115be req-cd80481e-0ccb-4706-b829-67e82b78ce54 8e4bb15000d24f4eb2349dece960f7c4 d5ca7e48e70049e9b06ce330c7aaafd4 - - default default] No more DHCP agents
2026-07-01 08:45:52.217 8 WARNING neutron.api.rpc.agentnotifiers.dhcp_rpc_agent_api [req-ad1d4340-aece-4769-b191-e56c368115be req-cd80481e-0ccb-4706-b829-67e82b78ce54 8e4bb15000d24f4eb2349dece960f7c4 d5ca7e48e70049e9b06ce330c7aaafd4 - - default default] Unable to schedule network c57bdec9-401a-4c03-a41c-3645ad03df7d: no agents available; will retry on subsequent port and subnet creation events.
2026-07-01 08:45:52.288 7 INFO neutron_taas.services.taas.taas_plugin [None req-338f680e-dadf-443e-b6f3-c3688d36d42b 88b0c63c6d8442b18dd29988be5b1fe9 419613468d93493fab7dbbc158526753 - - default default] TaaS: Handle Delete Port: fd922dc0-fb07-4959-b8fc-2e0322f705b9
2026-07-01 08:45:52.290 7 INFO neutron_taas.services.taas.tap_mirror_plugin [None req-338f680e-dadf-443e-b6f3-c3688d36d42b 88b0c63c6d8442b18dd29988be5b1fe9 419613468d93493fab7dbbc158526753 - - default default] Tap Mirror: Handle Delete Port: fd922dc0-fb07-4959-b8fc-2e0322f705b9
2026-07-01 08:45:52.380 8 INFO neutron.db.ovn_revision_numbers_db [req-ad1d4340-aece-4769-b191-e56c368115be req-cd80481e-0ccb-4706-b829-67e82b78ce54 8e4bb15000d24f4eb2349dece960f7c4 d5ca7e48e70049e9b06ce330c7aaafd4 - - default default] Successfully bumped revision number for resource 2562c1e2-79b2-4d03-8b2a-f5ceedfc136a (type: ports) to 1 [pid: 8|app: 0|req: 1191/2295] 199.19.213.107 () {38 vars in 954 bytes} [Wed Jul 1 08:45:51 2026] POST /v2.0/ports => generated 958 bytes in 535 msecs (HTTP/1.1 201) 4 headers in 162 bytes (1 switches on core 0) /var/lib/openstack/lib/python3.12/site-packages/pycadf/identifier.py:70: UserWarning: Invalid uuid: neutron. To ensure interoperability, identifiers should be a valid uuid. warnings.warn(('Invalid uuid: %s. To ensure interoperability, ' [pid: 8|app: 0|req: 1192/2296] 10.0.0.138 () {34 vars in 989 bytes} [Wed Jul 1 08:45:52 2026] GET /v2.0/ports?device_id=8296a52f-e389-4c68-9507-38bd3f119454 => generated 961 bytes in 38 msecs (HTTP/1.1 200) 4 headers in 157 bytes (1 switches on core 0) [pid: 8|app: 0|req: 1193/2297] 10.0.0.248 () {34 vars in 692 bytes} [Wed Jul 1 08:45:52 2026] POST /v2.0/vpn/endpoint-groups => generated 290 bytes in 38 msecs (HTTP/1.1 201) 4 headers in 162 bytes (1 switches on core 0)
2026-07-01 08:45:52.549 7 INFO neutron.services.segments.plugin [-] Segment 66a0681a-5f18-4832-aa12-2f709856dfcf resource provider aggregate not found
