+ COMMAND=start + start + for KEYSTONE_WSGI_SCRIPT in keystone-wsgi-public ++ type -p keystone-wsgi-public + cp -a /var/lib/openstack/bin/keystone-wsgi-public /var/www/cgi-bin/keystone/ + '[' -f /etc/apache2/envvars ']' + source /etc/apache2/envvars ++ unset HOME ++ '[' '' '!=' '' ']' ++ SUFFIX= ++ export APACHE_RUN_USER=www-data ++ APACHE_RUN_USER=www-data ++ export APACHE_RUN_GROUP=www-data ++ APACHE_RUN_GROUP=www-data ++ export APACHE_PID_FILE=/var/run/apache2/apache2.pid ++ APACHE_PID_FILE=/var/run/apache2/apache2.pid ++ export APACHE_RUN_DIR=/var/run/apache2 ++ APACHE_RUN_DIR=/var/run/apache2 ++ export APACHE_LOCK_DIR=/var/lock/apache2 ++ APACHE_LOCK_DIR=/var/lock/apache2 ++ export APACHE_LOG_DIR=/var/log/apache2 ++ APACHE_LOG_DIR=/var/log/apache2 ++ export LANG=C ++ LANG=C ++ export LANG + '[' -f /var/run/apache2/apache2.pid ']' + exec apache2 -DFOREGROUND AH00558: apache2: Could not reliably determine the server's fully qualified domain name, using 10.0.0.226. Set the 'ServerName' directive globally to suppress this message AH00558: apache2: Could not reliably determine the server's fully qualified domain name, using 10.0.0.226. Set the 'ServerName' directive globally to suppress this message
[Wed Jun 24 13:32:11.759950 2026] [mpm_event:notice] [pid 1:tid 140188933343104] AH00489: Apache/2.4.58 (Ubuntu) mod_wsgi/5.0.0 Python/3.12 configured -- resuming normal operations
[Wed Jun 24 13:32:11.760381 2026] [core:notice] [pid 1:tid 140188933343104] AH00094: Command line: 'apache2 -D FOREGROUND'
[Wed Jun 24 13:33:01.366797 2026] [wsgi:error] [pid 9:tid 140188295521984] /var/lib/openstack/lib/python3.12/site-packages/oslo_utils/importutils.py:77: EventletDeprecationWarning:
[Wed Jun 24 13:33:01.366866 2026] [wsgi:error] [pid 9:tid 140188295521984] Eventlet is deprecated. It is currently being maintained in bugfix mode, and
[Wed Jun 24 13:33:01.366868 2026] [wsgi:error] [pid 9:tid 140188295521984] we strongly recommend against using it for new projects.
[Wed Jun 24 13:33:01.366870 2026] [wsgi:error] [pid 9:tid 140188295521984]
[Wed Jun 24 13:33:01.366871 2026] [wsgi:error] [pid 9:tid 140188295521984] If you are already using Eventlet, we recommend migrating to a different
[Wed Jun 24 13:33:01.366872 2026] [wsgi:error] [pid 9:tid 140188295521984] framework. For more detail see
[Wed Jun 24 13:33:01.366873 2026] [wsgi:error] [pid 9:tid 140188295521984] https://eventlet.readthedocs.io/en/latest/asyncio/migration.html
[Wed Jun 24 13:33:01.366874 2026] [wsgi:error] [pid 9:tid 140188295521984]
[Wed Jun 24 13:33:01.366875 2026] [wsgi:error] [pid 9:tid 140188295521984] __import__(import_str) 10.0.0.65 - - [24/Jun/2026:13:33:00 +0000] "GET /v3/ HTTP/1.1" 200 250
[Wed Jun 24 13:33:07.169964 2026] [wsgi:error] [pid 11:tid 140188295521984] /var/lib/openstack/lib/python3.12/site-packages/oslo_utils/importutils.py:77: EventletDeprecationWarning:
[Wed Jun 24 13:33:07.170014 2026] [wsgi:error] [pid 11:tid 140188295521984] Eventlet is deprecated. It is currently being maintained in bugfix mode, and
[Wed Jun 24 13:33:07.170016 2026] [wsgi:error] [pid 11:tid 140188295521984] we strongly recommend against using it for new projects.
[Wed Jun 24 13:33:07.170017 2026] [wsgi:error] [pid 11:tid 140188295521984]
[Wed Jun 24 13:33:07.170018 2026] [wsgi:error] [pid 11:tid 140188295521984] If you are already using Eventlet, we recommend migrating to a different
[Wed Jun 24 13:33:07.170019 2026] [wsgi:error] [pid 11:tid 140188295521984] framework. For more detail see
[Wed Jun 24 13:33:07.170020 2026] [wsgi:error] [pid 11:tid 140188295521984] https://eventlet.readthedocs.io/en/latest/asyncio/migration.html
[Wed Jun 24 13:33:07.170021 2026] [wsgi:error] [pid 11:tid 140188295521984]
[Wed Jun 24 13:33:07.170023 2026] [wsgi:error] [pid 11:tid 140188295521984] __import__(import_str) 10.0.0.65 - - [24/Jun/2026:13:33:06 +0000] "GET /v3/ HTTP/1.1" 200 250
[Wed Jun 24 13:33:14.716303 2026] [wsgi:error] [pid 12:tid 140188295521984] /var/lib/openstack/lib/python3.12/site-packages/oslo_utils/importutils.py:77: EventletDeprecationWarning:
[Wed Jun 24 13:33:14.716344 2026] [wsgi:error] [pid 12:tid 140188295521984] Eventlet is deprecated. It is currently being maintained in bugfix mode, and
[Wed Jun 24 13:33:14.716346 2026] [wsgi:error] [pid 12:tid 140188295521984] we strongly recommend against using it for new projects.
[Wed Jun 24 13:33:14.716347 2026] [wsgi:error] [pid 12:tid 140188295521984]
[Wed Jun 24 13:33:14.716349 2026] [wsgi:error] [pid 12:tid 140188295521984] If you are already using Eventlet, we recommend migrating to a different
[Wed Jun 24 13:33:14.716350 2026] [wsgi:error] [pid 12:tid 140188295521984] framework. For more detail see
[Wed Jun 24 13:33:14.716351 2026] [wsgi:error] [pid 12:tid 140188295521984] https://eventlet.readthedocs.io/en/latest/asyncio/migration.html
[Wed Jun 24 13:33:14.716352 2026] [wsgi:error] [pid 12:tid 140188295521984]
[Wed Jun 24 13:33:14.716353 2026] [wsgi:error] [pid 12:tid 140188295521984] __import__(import_str) 10.0.0.213 - - [24/Jun/2026:13:33:13 +0000] "GET / HTTP/1.1" 300 295
[Wed Jun 24 13:33:20.441035 2026] [wsgi:error] [pid 10:tid 140188295521984] /var/lib/openstack/lib/python3.12/site-packages/oslo_utils/importutils.py:77: EventletDeprecationWarning:
[Wed Jun 24 13:33:20.441075 2026] [wsgi:error] [pid 10:tid 140188295521984] Eventlet is deprecated. It is currently being maintained in bugfix mode, and
[Wed Jun 24 13:33:20.441077 2026] [wsgi:error] [pid 10:tid 140188295521984] we strongly recommend against using it for new projects.
[Wed Jun 24 13:33:20.441078 2026] [wsgi:error] [pid 10:tid 140188295521984]
[Wed Jun 24 13:33:20.441079 2026] [wsgi:error] [pid 10:tid 140188295521984] If you are already using Eventlet, we recommend migrating to a different
[Wed Jun 24 13:33:20.441081 2026] [wsgi:error] [pid 10:tid 140188295521984] framework. For more detail see
[Wed Jun 24 13:33:20.441082 2026] [wsgi:error] [pid 10:tid 140188295521984] https://eventlet.readthedocs.io/en/latest/asyncio/migration.html
[Wed Jun 24 13:33:20.441083 2026] [wsgi:error] [pid 10:tid 140188295521984]
[Wed Jun 24 13:33:20.441084 2026] [wsgi:error] [pid 10:tid 140188295521984] __import__(import_str)
[Wed Jun 24 13:33:25.434820 2026] [wsgi:error] [pid 10:tid 140188295521984] [remote 10.0.0.213:52020] 2026-06-24 13:33:25.431 10 WARNING keystone.identity.core [None req-628b1ac6-23a7-4d00-bc28-a598bb814d88 - - - - - -] Invalid domain name (atmosphere) found in config file name: keystone.exception.DomainNotFound: Could not find domain: atmosphere.
[Wed Jun 24 13:33:25.503512 2026] [wsgi:error] [pid 10:tid 140188295521984] [remote 10.0.0.213:52020] 2026-06-24 13:33:25.502 10 WARNING keystone.common.password_hashing [None req-628b1ac6-23a7-4d00-bc28-a598bb814d88 - - - - - -] Truncating password to algorithm specific maximum length 72 characters.
[Wed Jun 24 13:33:25.793785 2026] [wsgi:error] [pid 10:tid 140188295521984] [remote 10.0.0.213:52020] 2026-06-24 13:33:25.793 10 WARNING keystone.common.fernet_utils [None req-628b1ac6-23a7-4d00-bc28-a598bb814d88 - - - - - -] key_repository is world readable: /etc/keystone/fernet-keys/ 10.0.0.213 - - [24/Jun/2026:13:33:19 +0000] "POST /v3/auth/tokens HTTP/1.1" 201 1360
[Wed Jun 24 13:33:26.184573 2026] [wsgi:error] [pid 9:tid 140188295521984] [remote 10.0.0.213:52020] 2026-06-24 13:33:26.182 9 WARNING keystone.identity.core [None req-75be7e27-5a08-49cf-8cdc-2acbc0ac234c - - - - - -] Invalid domain name (atmosphere) found in config file name: keystone.exception.DomainNotFound: Could not find domain: atmosphere. 10.0.0.213 - - [24/Jun/2026:13:33:25 +0000] "POST /v3/domains HTTP/1.1" 201 261 10.0.0.153 - - [24/Jun/2026:13:33:38 +0000] "GET / HTTP/1.1" 300 295
[Wed Jun 24 13:33:39.019458 2026] [wsgi:error] [pid 12:tid 140188295521984] [remote 10.0.0.153:47624] 2026-06-24 13:33:39.018 12 WARNING keystone.common.password_hashing [None req-87c09c20-9310-4326-8fb8-e0f78fc479fa - - - - - -] Truncating password to algorithm specific maximum length 72 characters.
[Wed Jun 24 13:33:39.319795 2026] [wsgi:error] [pid 12:tid 140188295521984] [remote 10.0.0.153:47624] 2026-06-24 13:33:39.319 12 WARNING keystone.common.fernet_utils [None req-87c09c20-9310-4326-8fb8-e0f78fc479fa - - - - - -] key_repository is world readable: /etc/keystone/fernet-keys/ 10.0.0.153 - - [24/Jun/2026:13:33:38 +0000] "POST /v3/auth/tokens HTTP/1.1" 201 1360 10.0.0.153 - - [24/Jun/2026:13:33:39 +0000] "GET /v3/roles/admin HTTP/1.1" 404 83
[Wed Jun 24 13:33:39.585283 2026] [wsgi:error] [pid 9:tid 140188295521984] [remote 10.0.0.153:47624] 2026-06-24 13:33:39.584 9 WARNING keystone.common.rbac_enforcer.enforcer [None req-51a9d226-de1d-40c7-a150-be3cff2d4d10 6a1ecc72c7d24b12a6df5d3b0b0d5659 d81540d9dc774826a79d5d9c841e8a48 - - default default] Deprecated policy rules found. Use oslopolicy-policy-generator and oslopolicy-policy-upgrade to detect and resolve deprecated policies in your configuration. 10.0.0.153 - - [24/Jun/2026:13:33:39 +0000] "GET /v3/roles?name=admin HTTP/1.1" 200 389
[Wed Jun 24 13:33:40.086680 2026] [wsgi:error] [pid 11:tid 140188295521984] [remote 10.0.0.153:47624] 2026-06-24 13:33:40.086 11 WARNING keystone.common.rbac_enforcer.enforcer [None req-2c159c16-15f0-468e-8140-cfeaf70f8feb 6a1ecc72c7d24b12a6df5d3b0b0d5659 d81540d9dc774826a79d5d9c841e8a48 - - default default] Deprecated policy rules found. Use oslopolicy-policy-generator and oslopolicy-policy-upgrade to detect and resolve deprecated policies in your configuration. 10.0.0.153 - - [24/Jun/2026:13:33:39 +0000] "GET /v3/users/admin-RegionOne HTTP/1.1" 404 93
[Wed Jun 24 13:33:40.256696 2026] [wsgi:error] [pid 12:tid 140188295521984] [remote 10.0.0.153:47624] 2026-06-24 13:33:40.256 12 WARNING keystone.common.rbac_enforcer.enforcer [None req-947c1dda-24d5-42cd-9347-baf76baa1b8b 6a1ecc72c7d24b12a6df5d3b0b0d5659 d81540d9dc774826a79d5d9c841e8a48 - - default default] Deprecated policy rules found. Use oslopolicy-policy-generator and oslopolicy-policy-upgrade to detect and resolve deprecated policies in your configuration. 10.0.0.153 - - [24/Jun/2026:13:33:40 +0000] "GET /v3/users?name=admin-RegionOne HTTP/1.1" 200 422
[Wed Jun 24 13:33:40.477945 2026] [wsgi:error] [pid 10:tid 140188295521984] [remote 10.0.0.153:47624] 2026-06-24 13:33:40.477 10 WARNING keystone.common.rbac_enforcer.enforcer [None req-ea297d81-5d24-494f-939e-e041d4febf71 6a1ecc72c7d24b12a6df5d3b0b0d5659 d81540d9dc774826a79d5d9c841e8a48 - - default default] Deprecated policy rules found. Use oslopolicy-policy-generator and oslopolicy-policy-upgrade to detect and resolve deprecated policies in your configuration. 10.0.0.153 - - [24/Jun/2026:13:33:40 +0000] "GET /v3/domains/default HTTP/1.1" 200 224 10.0.0.153 - - [24/Jun/2026:13:33:40 +0000] "PUT /v3/domains/default/users/6a1ecc72c7d24b12a6df5d3b0b0d5659/roles/5d21428350454268a71e23d7d82a6d8a HTTP/1.1" 204 - 10.0.0.65 - - [24/Jun/2026:13:33:51 +0000] "GET / HTTP/1.1" 300 281 10.0.0.65 - - [24/Jun/2026:13:33:53 +0000] "GET /v3 HTTP/1.1" 200 266
[Wed Jun 24 13:33:53.155464 2026] [wsgi:error] [pid 10:tid 140188295521984] [remote 10.0.0.65:46126] 2026-06-24 13:33:53.155 10 WARNING keystone.common.password_hashing [None req-6ca57af4-ec38-43c0-9981-b40df68f9ce4 - - - - - -] Truncating password to algorithm specific maximum length 72 characters.
[Wed Jun 24 13:33:53.453593 2026] [wsgi:error] [pid 10:tid 140188295521984] [remote 10.0.0.65:46126] 2026-06-24 13:33:53.453 10 WARNING keystone.common.fernet_utils [None req-6ca57af4-ec38-43c0-9981-b40df68f9ce4 - - - - - -] key_repository is world readable: /etc/keystone/fernet-keys/ 10.0.0.65 - - [24/Jun/2026:13:33:53 +0000] "POST /v3/auth/tokens HTTP/1.1" 201 1360 10.0.0.65 - - [24/Jun/2026:13:33:53 +0000] "GET / HTTP/1.1" 300 281 10.0.0.65 - - [24/Jun/2026:13:33:53 +0000] "GET /v3/domains/atmosphere HTTP/1.1" 404 90 10.0.0.65 - - [24/Jun/2026:13:33:53 +0000] "GET /v3/domains?name=atmosphere HTTP/1.1" 200 370 10.0.0.65 - - [24/Jun/2026:13:33:53 +0000] "GET /v3/domains/05a1219fd203453e864157e168ffc744 HTTP/1.1" 200 247 10.0.0.65 - - [24/Jun/2026:13:33:54 +0000] "GET /v3 HTTP/1.1" 200 266
[Wed Jun 24 13:33:54.593169 2026] [wsgi:error] [pid 11:tid 140188295521984] [remote 10.0.0.65:57150] 2026-06-24 13:33:54.592 11 WARNING keystone.common.password_hashing [None req-348512ef-b7b9-4a08-a807-944385402fda - - - - - -] Truncating password to algorithm specific maximum length 72 characters.
[Wed Jun 24 13:33:54.873508 2026] [wsgi:error] [pid 11:tid 140188295521984] [remote 10.0.0.65:57150] 2026-06-24 13:33:54.873 11 WARNING keystone.common.fernet_utils [None req-348512ef-b7b9-4a08-a807-944385402fda - - - - - -] key_repository is world readable: /etc/keystone/fernet-keys/ 10.0.0.65 - - [24/Jun/2026:13:33:54 +0000] "POST /v3/auth/tokens HTTP/1.1" 201 1360 10.0.0.65 - - [24/Jun/2026:13:33:54 +0000] "GET / HTTP/1.1" 300 281 10.0.0.65 - - [24/Jun/2026:13:33:54 +0000] "GET /v3/OS-FEDERATION/identity_providers/atmosphere HTTP/1.1" 404 101 10.0.0.65 - - [24/Jun/2026:13:33:54 +0000] "GET /v3/OS-FEDERATION/identity_providers HTTP/1.1" 200 156 10.0.0.65 - - [24/Jun/2026:13:33:54 +0000] "PUT /v3/OS-FEDERATION/identity_providers/atmosphere HTTP/1.1" 201 342 10.0.0.65 - - [24/Jun/2026:13:33:55 +0000] "GET /v3 HTTP/1.1" 200 266
[Wed Jun 24 13:33:55.722592 2026] [wsgi:error] [pid 10:tid 140188295521984] [remote 10.0.0.65:57150] 2026-06-24 13:33:55.722 10 WARNING keystone.common.password_hashing [None req-532efb62-ba45-4009-b031-e34f88a28470 - - - - - -] Truncating password to algorithm specific maximum length 72 characters.
[Wed Jun 24 13:33:56.009915 2026] [wsgi:error] [pid 10:tid 140188295521984] [remote 10.0.0.65:57150] 2026-06-24 13:33:56.009 10 WARNING keystone.common.fernet_utils [None req-532efb62-ba45-4009-b031-e34f88a28470 - - - - - -] key_repository is world readable: /etc/keystone/fernet-keys/ 10.0.0.65 - - [24/Jun/2026:13:33:55 +0000] "POST /v3/auth/tokens HTTP/1.1" 201 1360 10.0.0.65 - - [24/Jun/2026:13:33:56 +0000] "GET / HTTP/1.1" 300 281 10.0.0.65 - - [24/Jun/2026:13:33:56 +0000] "GET /v3/OS-FEDERATION/mappings/atmosphere-openid HTTP/1.1" 404 98 10.0.0.65 - - [24/Jun/2026:13:33:56 +0000] "GET /v3/OS-FEDERATION/mappings HTTP/1.1" 200 136 10.0.0.65 - - [24/Jun/2026:13:33:56 +0000] "PUT /v3/OS-FEDERATION/mappings/atmosphere-openid HTTP/1.1" 201 357 10.0.0.65 - - [24/Jun/2026:13:33:57 +0000] "GET /v3 HTTP/1.1" 200 266
[Wed Jun 24 13:33:57.730323 2026] [wsgi:error] [pid 11:tid 140188295521984] [remote 10.0.0.65:57150] 2026-06-24 13:33:57.730 11 WARNING keystone.common.password_hashing [None req-ce205c4f-51fd-4caf-b717-721def38eb0d - - - - - -] Truncating password to algorithm specific maximum length 72 characters.
[Wed Jun 24 13:33:58.339566 2026] [wsgi:error] [pid 11:tid 140188295521984] [remote 10.0.0.65:57150] 2026-06-24 13:33:58.339 11 WARNING keystone.common.fernet_utils [None req-ce205c4f-51fd-4caf-b717-721def38eb0d - - - - - -] key_repository is world readable: /etc/keystone/fernet-keys/ 10.0.0.65 - - [24/Jun/2026:13:33:57 +0000] "POST /v3/auth/tokens HTTP/1.1" 201 1360 10.0.0.65 - - [24/Jun/2026:13:33:58 +0000] "GET / HTTP/1.1" 300 281 10.0.0.65 - - [24/Jun/2026:13:33:58 +0000] "GET /v3/OS-FEDERATION/identity_providers/atmosphere/protocols/openid?idp_id=atmosphere HTTP/1.1" 404 131 10.0.0.65 - - [24/Jun/2026:13:33:58 +0000] "GET /v3/OS-FEDERATION/identity_providers/atmosphere/protocols HTTP/1.1" 200 168 10.0.0.65 - - [24/Jun/2026:13:33:58 +0000] "PUT /v3/OS-FEDERATION/identity_providers/atmosphere/protocols/openid HTTP/1.1" 201 224 10.0.0.65 - - [24/Jun/2026:13:34:00 +0000] "GET /v3/ HTTP/1.1" 200 250 10.0.0.65 - - [24/Jun/2026:13:34:00 +0000] "GET /v3/ HTTP/1.1" 200 250 10.0.0.65 - - [24/Jun/2026:13:35:00 +0000] "GET /v3/ HTTP/1.1" 200 250 10.0.0.65 - - [24/Jun/2026:13:35:00 +0000] "GET /v3/ HTTP/1.1" 200 250 10.0.0.44 - - [24/Jun/2026:13:35:30 +0000] "GET / HTTP/1.1" 300 295
[Wed Jun 24 13:35:30.461937 2026] [wsgi:error] [pid 12:tid 140188295521984] [remote 10.0.0.44:48696] 2026-06-24 13:35:30.461 12 WARNING keystone.common.password_hashing [None req-99d6cc55-b99b-4d5e-b57a-432eebc5b0b3 - - - - - -] Truncating password to algorithm specific maximum length 72 characters.
[Wed Jun 24 13:35:30.750753 2026] [wsgi:error] [pid 12:tid 140188295521984] [remote 10.0.0.44:48696] 2026-06-24 13:35:30.750 12 WARNING keystone.common.fernet_utils [None req-99d6cc55-b99b-4d5e-b57a-432eebc5b0b3 - - - - - -] key_repository is world readable: /etc/keystone/fernet-keys/ 10.0.0.44 - - [24/Jun/2026:13:35:30 +0000] "POST /v3/auth/tokens HTTP/1.1" 201 1360 10.0.0.44 - - [24/Jun/2026:13:35:30 +0000] "GET /v3/services HTTP/1.1" 200 355 10.0.0.44 - - [24/Jun/2026:13:35:34 +0000] "GET / HTTP/1.1" 300 295
[Wed Jun 24 13:35:34.624040 2026] [wsgi:error] [pid 10:tid 140188295521984] [remote 10.0.0.44:35820] 2026-06-24 13:35:34.623 10 WARNING keystone.common.password_hashing [None req-4f98dc67-875d-456c-8bc5-cb0cd40d983a - - - - - -] Truncating password to algorithm specific maximum length 72 characters.
[Wed Jun 24 13:35:34.899065 2026] [wsgi:error] [pid 10:tid 140188295521984] [remote 10.0.0.44:35820] 2026-06-24 13:35:34.898 10 WARNING keystone.common.fernet_utils [None req-4f98dc67-875d-456c-8bc5-cb0cd40d983a - - - - - -] key_repository is world readable: /etc/keystone/fernet-keys/ 10.0.0.44 - - [24/Jun/2026:13:35:34 +0000] "POST /v3/auth/tokens HTTP/1.1" 201 1360 10.0.0.44 - - [24/Jun/2026:13:35:35 +0000] "GET /v3/services HTTP/1.1" 200 355 10.0.0.44 - - [24/Jun/2026:13:35:38 +0000] "GET / HTTP/1.1" 300 295
[Wed Jun 24 13:35:38.616788 2026] [wsgi:error] [pid 11:tid 140188295521984] [remote 10.0.0.44:35824] 2026-06-24 13:35:38.616 11 WARNING keystone.common.password_hashing [None req-355dfd1e-7841-40ee-beb4-0c2920dea400 - - - - - -] Truncating password to algorithm specific maximum length 72 characters.
[Wed Jun 24 13:35:38.889285 2026] [wsgi:error] [pid 11:tid 140188295521984] [remote 10.0.0.44:35824] 2026-06-24 13:35:38.889 11 WARNING keystone.common.fernet_utils [None req-355dfd1e-7841-40ee-beb4-0c2920dea400 - - - - - -] key_repository is world readable: /etc/keystone/fernet-keys/ 10.0.0.44 - - [24/Jun/2026:13:35:38 +0000] "POST /v3/auth/tokens HTTP/1.1" 201 1360 10.0.0.44 - - [24/Jun/2026:13:35:39 +0000] "GET /v3/services HTTP/1.1" 200 355 10.0.0.44 - - [24/Jun/2026:13:35:42 +0000] "GET / HTTP/1.1" 300 295
[Wed Jun 24 13:35:42.613849 2026] [wsgi:error] [pid 9:tid 140188295521984] [remote 10.0.0.44:38610] 2026-06-24 13:35:42.613 9 WARNING keystone.common.password_hashing [None req-8433ea4c-a969-4271-8275-cc67bbeaff68 - - - - - -] Truncating password to algorithm specific maximum length 72 characters.
[Wed Jun 24 13:35:42.890083 2026] [wsgi:error] [pid 9:tid 140188295521984] [remote 10.0.0.44:38610] 2026-06-24 13:35:42.889 9 WARNING keystone.common.fernet_utils [None req-8433ea4c-a969-4271-8275-cc67bbeaff68 - - - - - -] key_repository is world readable: /etc/keystone/fernet-keys/ 10.0.0.44 - - [24/Jun/2026:13:35:42 +0000] "POST /v3/auth/tokens HTTP/1.1" 201 1360 10.0.0.44 - - [24/Jun/2026:13:35:43 +0000] "POST /v3/services HTTP/1.1" 201 296 10.0.0.96 - - [24/Jun/2026:13:35:54 +0000] "GET / HTTP/1.1" 300 295
[Wed Jun 24 13:35:54.720287 2026] [wsgi:error] [pid 12:tid 140188295521984] [remote 10.0.0.96:59942] 2026-06-24 13:35:54.720 12 WARNING keystone.common.password_hashing [None req-65ca97a9-00a5-44b1-ae46-b17c7f3fb9c3 - - - - - -] Truncating password to algorithm specific maximum length 72 characters. 10.0.0.96 - - [24/Jun/2026:13:35:54 +0000] "GET / HTTP/1.1" 300 295
[Wed Jun 24 13:35:54.847240 2026] [wsgi:error] [pid 11:tid 140188295521984] [remote 10.0.0.96:59956] 2026-06-24 13:35:54.847 11 WARNING keystone.common.password_hashing [None req-85fea0d1-aaf3-456a-869f-7fe881c909b0 - - - - - -] Truncating password to algorithm specific maximum length 72 characters. 10.0.0.96 - - [24/Jun/2026:13:35:54 +0000] "GET / HTTP/1.1" 300 295
[Wed Jun 24 13:35:54.991595 2026] [wsgi:error] [pid 9:tid 140188295521984] [remote 10.0.0.96:59972] 2026-06-24 13:35:54.991 9 WARNING keystone.common.password_hashing [None req-1347cebc-9040-485a-a27f-0b3d00d75aa2 - - - - - -] Truncating password to algorithm specific maximum length 72 characters.
[Wed Jun 24 13:35:55.007368 2026] [wsgi:error] [pid 12:tid 140188295521984] [remote 10.0.0.96:59942] 2026-06-24 13:35:55.007 12 WARNING keystone.common.fernet_utils [None req-65ca97a9-00a5-44b1-ae46-b17c7f3fb9c3 - - - - - -] key_repository is world readable: /etc/keystone/fernet-keys/ 10.0.0.96 - - [24/Jun/2026:13:35:54 +0000] "POST /v3/auth/tokens HTTP/1.1" 201 1464
[Wed Jun 24 13:35:55.117822 2026] [wsgi:error] [pid 11:tid 140188295521984] [remote 10.0.0.96:59956] 2026-06-24 13:35:55.117 11 WARNING keystone.common.fernet_utils [None req-85fea0d1-aaf3-456a-869f-7fe881c909b0 - - - - - -] key_repository is world readable: /etc/keystone/fernet-keys/ 10.0.0.96 - - [24/Jun/2026:13:35:54 +0000] "POST /v3/auth/tokens HTTP/1.1" 201 1464 10.0.0.96 - - [24/Jun/2026:13:35:55 +0000] "GET /v3/services HTTP/1.1" 200 639 10.0.0.96 - - [24/Jun/2026:13:35:55 +0000] "GET /v3/services HTTP/1.1" 200 639
[Wed Jun 24 13:35:55.272202 2026] [wsgi:error] [pid 9:tid 140188295521984] [remote 10.0.0.96:59972] 2026-06-24 13:35:55.272 9 WARNING keystone.common.fernet_utils [None req-1347cebc-9040-485a-a27f-0b3d00d75aa2 - - - - - -] key_repository is world readable: /etc/keystone/fernet-keys/ 10.0.0.96 - - [24/Jun/2026:13:35:54 +0000] "POST /v3/auth/tokens HTTP/1.1" 201 1464 10.0.0.96 - - [24/Jun/2026:13:35:55 +0000] "GET /v3/services HTTP/1.1" 200 639 10.0.0.96 - - [24/Jun/2026:13:35:56 +0000] "GET / HTTP/1.1" 300 295
[Wed Jun 24 13:35:56.873937 2026] [wsgi:error] [pid 12:tid 140188295521984] [remote 10.0.0.96:59986] 2026-06-24 13:35:56.873 12 WARNING keystone.common.password_hashing [None req-8094957a-95f8-4fa2-88d2-671719840847 - - - - - -] Truncating password to algorithm specific maximum length 72 characters. 10.0.0.96 - - [24/Jun/2026:13:35:56 +0000] "GET / HTTP/1.1" 300 295
[Wed Jun 24 13:35:56.910728 2026] [wsgi:error] [pid 11:tid 140188295521984] [remote 10.0.0.96:59996] 2026-06-24 13:35:56.910 11 WARNING keystone.common.password_hashing [None req-7c9ed6a7-df6c-4888-a3d5-cab255274ad0 - - - - - -] Truncating password to algorithm specific maximum length 72 characters. 10.0.0.96 - - [24/Jun/2026:13:35:57 +0000] "GET / HTTP/1.1" 300 295
[Wed Jun 24 13:35:57.135425 2026] [wsgi:error] [pid 9:tid 140188295521984] [remote 10.0.0.96:60010] 2026-06-24 13:35:57.135 9 WARNING keystone.common.password_hashing [None req-cd72a223-1fe2-4703-82c3-112a35dc56f4 - - - - - -] Truncating password to algorithm specific maximum length 72 characters.
[Wed Jun 24 13:35:57.170682 2026] [wsgi:error] [pid 12:tid 140188295521984] [remote 10.0.0.96:59986] 2026-06-24 13:35:57.170 12 WARNING keystone.common.fernet_utils [None req-8094957a-95f8-4fa2-88d2-671719840847 - - - - - -] key_repository is world readable: /etc/keystone/fernet-keys/ 10.0.0.96 - - [24/Jun/2026:13:35:56 +0000] "POST /v3/auth/tokens HTTP/1.1" 201 1464
[Wed Jun 24 13:35:57.198331 2026] [wsgi:error] [pid 11:tid 140188295521984] [remote 10.0.0.96:59996] 2026-06-24 13:35:57.198 11 WARNING keystone.common.fernet_utils [None req-7c9ed6a7-df6c-4888-a3d5-cab255274ad0 - - - - - -] key_repository is world readable: /etc/keystone/fernet-keys/ 10.0.0.96 - - [24/Jun/2026:13:35:56 +0000] "POST /v3/auth/tokens HTTP/1.1" 201 1464 10.0.0.96 - - [24/Jun/2026:13:35:57 +0000] "GET /v3/endpoints HTTP/1.1" 200 1227 10.0.0.96 - - [24/Jun/2026:13:35:57 +0000] "GET /v3/services/3b133190b1704546820392ed8334281d HTTP/1.1" 200 233 10.0.0.96 - - [24/Jun/2026:13:35:57 +0000] "GET /v3/endpoints HTTP/1.1" 200 1227 10.0.0.96 - - [24/Jun/2026:13:35:57 +0000] "GET /v3/services/3b133190b1704546820392ed8334281d HTTP/1.1" 200 233 10.0.0.96 - - [24/Jun/2026:13:35:57 +0000] "GET /v3/services/3b133190b1704546820392ed8334281d HTTP/1.1" 200 233 10.0.0.96 - - [24/Jun/2026:13:35:57 +0000] "GET /v3/services/3b133190b1704546820392ed8334281d HTTP/1.1" 200 233 10.0.0.96 - - [24/Jun/2026:13:35:57 +0000] "GET /v3/services/3b133190b1704546820392ed8334281d HTTP/1.1" 200 233 10.0.0.96 - - [24/Jun/2026:13:35:57 +0000] "GET /v3/services/3b133190b1704546820392ed8334281d HTTP/1.1" 200 233
[Wed Jun 24 13:35:57.412473 2026] [wsgi:error] [pid 9:tid 140188295521984] [remote 10.0.0.96:60010] 2026-06-24 13:35:57.412 9 WARNING keystone.common.fernet_utils [None req-cd72a223-1fe2-4703-82c3-112a35dc56f4 - - - - - -] key_repository is world readable: /etc/keystone/fernet-keys/ 10.0.0.96 - - [24/Jun/2026:13:35:57 +0000] "POST /v3/auth/tokens HTTP/1.1" 201 1464 10.0.0.96 - - [24/Jun/2026:13:35:57 +0000] "GET /v3/endpoints HTTP/1.1" 200 1227 10.0.0.96 - - [24/Jun/2026:13:35:57 +0000] "GET /v3/services/3b133190b1704546820392ed8334281d HTTP/1.1" 200 233 10.0.0.96 - - [24/Jun/2026:13:35:57 +0000] "GET /v3/services/3b133190b1704546820392ed8334281d HTTP/1.1" 200 233 10.0.0.96 - - [24/Jun/2026:13:35:57 +0000] "GET /v3/services/3b133190b1704546820392ed8334281d HTTP/1.1" 200 233 10.0.0.96 - - [24/Jun/2026:13:35:58 +0000] "GET / HTTP/1.1" 300 295
[Wed Jun 24 13:35:58.888398 2026] [wsgi:error] [pid 10:tid 140188295521984] [remote 10.0.0.96:60024] 2026-06-24 13:35:58.888 10 WARNING keystone.common.password_hashing [None req-e64c87dd-6577-4b12-baf6-078a5cd46cbe - - - - - -] Truncating password to algorithm specific maximum length 72 characters. 10.0.0.96 - - [24/Jun/2026:13:35:58 +0000] "GET / HTTP/1.1" 300 295
[Wed Jun 24 13:35:58.948458 2026] [wsgi:error] [pid 9:tid 140188295521984] [remote 10.0.0.96:60026] 2026-06-24 13:35:58.948 9 WARNING keystone.common.password_hashing [None req-179f83fc-8dfa-44a6-8c6e-d6e2cdcff0af - - - - - -] Truncating password to algorithm specific maximum length 72 characters. 10.0.0.96 - - [24/Jun/2026:13:35:59 +0000] "GET / HTTP/1.1" 300 295
[Wed Jun 24 13:35:59.170384 2026] [wsgi:error] [pid 10:tid 140188295521984] [remote 10.0.0.96:60024] 2026-06-24 13:35:59.170 10 WARNING keystone.common.fernet_utils [None req-e64c87dd-6577-4b12-baf6-078a5cd46cbe - - - - - -] key_repository is world readable: /etc/keystone/fernet-keys/ 10.0.0.96 - - [24/Jun/2026:13:35:58 +0000] "POST /v3/auth/tokens HTTP/1.1" 201 1464
[Wed Jun 24 13:35:59.198647 2026] [wsgi:error] [pid 12:tid 140188295521984] [remote 10.0.0.96:60030] 2026-06-24 13:35:59.198 12 WARNING keystone.common.password_hashing [None req-a90b5c4e-2770-4834-aae5-e7f5025efaca - - - - - -] Truncating password to algorithm specific maximum length 72 characters.
[Wed Jun 24 13:35:59.225470 2026] [wsgi:error] [pid 9:tid 140188295521984] [remote 10.0.0.96:60026] 2026-06-24 13:35:59.225 9 WARNING keystone.common.fernet_utils [None req-179f83fc-8dfa-44a6-8c6e-d6e2cdcff0af - - - - - -] key_repository is world readable: /etc/keystone/fernet-keys/ 10.0.0.96 - - [24/Jun/2026:13:35:58 +0000] "POST /v3/auth/tokens HTTP/1.1" 201 1464 10.0.0.96 - - [24/Jun/2026:13:35:59 +0000] "GET /v3/services/5c9dc14efa0e4717b10c4a8319378aab HTTP/1.1" 200 296 10.0.0.96 - - [24/Jun/2026:13:35:59 +0000] "GET /v3/regions/RegionOne HTTP/1.1" 200 173 10.0.0.96 - - [24/Jun/2026:13:35:59 +0000] "POST /v3/endpoints HTTP/1.1" 201 383 10.0.0.96 - - [24/Jun/2026:13:35:59 +0000] "GET /v3/services/5c9dc14efa0e4717b10c4a8319378aab HTTP/1.1" 200 296 10.0.0.96 - - [24/Jun/2026:13:35:59 +0000] "GET /v3/regions/RegionOne HTTP/1.1" 200 173 10.0.0.96 - - [24/Jun/2026:13:35:59 +0000] "POST /v3/endpoints HTTP/1.1" 201 380
[Wed Jun 24 13:35:59.495671 2026] [wsgi:error] [pid 12:tid 140188295521984] [remote 10.0.0.96:60030] 2026-06-24 13:35:59.495 12 WARNING keystone.common.fernet_utils [None req-a90b5c4e-2770-4834-aae5-e7f5025efaca - - - - - -] key_repository is world readable: /etc/keystone/fernet-keys/ 10.0.0.96 - - [24/Jun/2026:13:35:59 +0000] "POST /v3/auth/tokens HTTP/1.1" 201 1823 10.0.0.96 - - [24/Jun/2026:13:35:59 +0000] "GET /v3/services/5c9dc14efa0e4717b10c4a8319378aab HTTP/1.1" 200 296 10.0.0.96 - - [24/Jun/2026:13:35:59 +0000] "GET /v3/regions/RegionOne HTTP/1.1" 200 173 10.0.0.96 - - [24/Jun/2026:13:35:59 +0000] "POST /v3/endpoints HTTP/1.1" 201 370 10.0.0.65 - - [24/Jun/2026:13:36:00 +0000] "GET /v3/ HTTP/1.1" 200 250 10.0.0.65 - - [24/Jun/2026:13:36:00 +0000] "GET /v3/ HTTP/1.1" 200 250 10.0.0.96 - - [24/Jun/2026:13:36:00 +0000] "GET / HTTP/1.1" 300 295
[Wed Jun 24 13:36:00.941681 2026] [wsgi:error] [pid 9:tid 140188295521984] [remote 10.0.0.96:60046] 2026-06-24 13:36:00.941 9 WARNING keystone.common.password_hashing [None req-9f36fa20-cac1-486c-9957-c7b385dcb124 - - - - - -] Truncating password to algorithm specific maximum length 72 characters. 10.0.0.96 - - [24/Jun/2026:13:36:01 +0000] "GET / HTTP/1.1" 300 295
[Wed Jun 24 13:36:01.079372 2026] [wsgi:error] [pid 11:tid 140188295521984] [remote 10.0.0.96:60050] 2026-06-24 13:36:01.079 11 WARNING keystone.common.password_hashing [None req-f50799de-42ed-4543-8621-9ae3c87f4871 - - - - - -] Truncating password to algorithm specific maximum length 72 characters.
[Wed Jun 24 13:36:01.219465 2026] [wsgi:error] [pid 9:tid 140188295521984] [remote 10.0.0.96:60046] 2026-06-24 13:36:01.219 9 WARNING keystone.common.fernet_utils [None req-9f36fa20-cac1-486c-9957-c7b385dcb124 - - - - - -] key_repository is world readable: /etc/keystone/fernet-keys/ 10.0.0.96 - - [24/Jun/2026:13:36:00 +0000] "POST /v3/auth/tokens HTTP/1.1" 201 1992 10.0.0.96 - - [24/Jun/2026:13:36:01 +0000] "GET / HTTP/1.1" 300 295
[Wed Jun 24 13:36:01.292179 2026] [wsgi:error] [pid 12:tid 140188295521984] [remote 10.0.0.96:60066] 2026-06-24 13:36:01.291 12 WARNING keystone.common.password_hashing [None req-e4f9c403-a9c8-4f51-bc7b-510fdd24c76e - - - - - -] Truncating password to algorithm specific maximum length 72 characters. 10.0.0.96 - - [24/Jun/2026:13:36:01 +0000] "GET /v3/endpoints/3bfd6ed1b71c4a789f82162acecf0c3e HTTP/1.1" 200 383
[Wed Jun 24 13:36:01.383312 2026] [wsgi:error] [pid 11:tid 140188295521984] [remote 10.0.0.96:60050] 2026-06-24 13:36:01.383 11 WARNING keystone.common.fernet_utils [None req-f50799de-42ed-4543-8621-9ae3c87f4871 - - - - - -] key_repository is world readable: /etc/keystone/fernet-keys/ 10.0.0.96 - - [24/Jun/2026:13:36:01 +0000] "POST /v3/auth/tokens HTTP/1.1" 201 1992 10.0.0.96 - - [24/Jun/2026:13:36:01 +0000] "GET /v3/services/5c9dc14efa0e4717b10c4a8319378aab HTTP/1.1" 200 296 10.0.0.96 - - [24/Jun/2026:13:36:01 +0000] "GET /v3/endpoints/795373c35628488aad7d3c3c27dd2a49 HTTP/1.1" 200 380 10.0.0.96 - - [24/Jun/2026:13:36:01 +0000] "GET /v3/services/5c9dc14efa0e4717b10c4a8319378aab HTTP/1.1" 200 296
[Wed Jun 24 13:36:01.584642 2026] [wsgi:error] [pid 12:tid 140188295521984] [remote 10.0.0.96:60066] 2026-06-24 13:36:01.584 12 WARNING keystone.common.fernet_utils [None req-e4f9c403-a9c8-4f51-bc7b-510fdd24c76e - - - - - -] key_repository is world readable: /etc/keystone/fernet-keys/ 10.0.0.96 - - [24/Jun/2026:13:36:01 +0000] "POST /v3/auth/tokens HTTP/1.1" 201 1992 10.0.0.96 - - [24/Jun/2026:13:36:01 +0000] "GET /v3/endpoints/58284ab26e1745d99ac27d5726520c48 HTTP/1.1" 200 370 10.0.0.96 - - [24/Jun/2026:13:36:01 +0000] "GET /v3/services/5c9dc14efa0e4717b10c4a8319378aab HTTP/1.1" 200 296 10.0.0.108 - - [24/Jun/2026:13:36:13 +0000] "GET / HTTP/1.1" 300 295
[Wed Jun 24 13:36:13.776140 2026] [wsgi:error] [pid 12:tid 140188295521984] [remote 10.0.0.108:41886] 2026-06-24 13:36:13.775 12 WARNING keystone.common.password_hashing [None req-b9fd408b-c887-4ef1-8ae1-bb0411b525d9 - - - - - -] Truncating password to algorithm specific maximum length 72 characters.
[Wed Jun 24 13:36:14.068140 2026] [wsgi:error] [pid 12:tid 140188295521984] [remote 10.0.0.108:41886] 2026-06-24 13:36:14.067 12 WARNING keystone.common.fernet_utils [None req-b9fd408b-c887-4ef1-8ae1-bb0411b525d9 - - - - - -] key_repository is world readable: /etc/keystone/fernet-keys/ 10.0.0.108 - - [24/Jun/2026:13:36:13 +0000] "POST /v3/auth/tokens HTTP/1.1" 201 1992 10.0.0.108 - - [24/Jun/2026:13:36:14 +0000] "POST /v3/domains HTTP/1.1" 201 284 10.0.0.108 - - [24/Jun/2026:13:36:16 +0000] "GET / HTTP/1.1" 300 295
[Wed Jun 24 13:36:16.095630 2026] [wsgi:error] [pid 11:tid 140188295521984] [remote 10.0.0.108:41894] 2026-06-24 13:36:16.095 11 WARNING keystone.common.password_hashing [None req-85062530-62b8-4551-a8cb-7ffc05fd1478 - - - - - -] Truncating password to algorithm specific maximum length 72 characters.
[Wed Jun 24 13:36:16.373941 2026] [wsgi:error] [pid 11:tid 140188295521984] [remote 10.0.0.108:41894] 2026-06-24 13:36:16.373 11 WARNING keystone.common.fernet_utils [None req-85062530-62b8-4551-a8cb-7ffc05fd1478 - - - - - -] key_repository is world readable: /etc/keystone/fernet-keys/ 10.0.0.108 - - [24/Jun/2026:13:36:16 +0000] "POST /v3/auth/tokens HTTP/1.1" 201 1992
[Wed Jun 24 13:36:16.568292 2026] [wsgi:error] [pid 12:tid 140188295521984] [remote 10.0.0.108:41894] 2026-06-24 13:36:16.553 12 ERROR keystone.server.flask.application [None req-15ac0121-541a-402a-96a7-b01935c45e79 6a1ecc72c7d24b12a6df5d3b0b0d5659 d81540d9dc774826a79d5d9c841e8a48 - - default default] Conflict occurred attempting to store project - it is not permitted to have two projects acting as domains with the same name: service.: keystone.exception.Conflict: Conflict occurred attempting to store project - it is not permitted to have two projects acting as domains with the same name: service.
[Wed Jun 24 13:36:16.568319 2026] [wsgi:error] [pid 12:tid 140188295521984] [remote 10.0.0.108:41894] 2026-06-24 13:36:16.553 12 ERROR keystone.server.flask.application
Traceback (most recent call last):
[Wed Jun 24 13:36:16.568322 2026] [wsgi:error] [pid 12:tid 140188295521984] [remote 10.0.0.108:41894] 2026-06-24 13:36:16.553 12 ERROR keystone.server.flask.application
File "/var/lib/openstack/lib/python3.12/site-packages/sqlalchemy/engine/base.py", line 1969, in _exec_single_context
[Wed Jun 24 13:36:16.568323 2026] [wsgi:error] [pid 12:tid 140188295521984] [remote 10.0.0.108:41894] 2026-06-24 13:36:16.553 12 ERROR keystone.server.flask.application self.dialect.do_execute(
[Wed Jun 24 13:36:16.568325 2026] [wsgi:error] [pid 12:tid 140188295521984] [remote 10.0.0.108:41894] 2026-06-24 13:36:16.553 12 ERROR keystone.server.flask.application
File "/var/lib/openstack/lib/python3.12/site-packages/sqlalchemy/engine/default.py", line 952, in do_execute
[Wed Jun 24 13:36:16.568326 2026] [wsgi:error] [pid 12:tid 140188295521984] [remote 10.0.0.108:41894] 2026-06-24 13:36:16.553 12 ERROR keystone.server.flask.application cursor.execute(statement, parameters)
[Wed Jun 24 13:36:16.568328 2026] [wsgi:error] [pid 12:tid 140188295521984] [remote 10.0.0.108:41894] 2026-06-24 13:36:16.553 12 ERROR keystone.server.flask.application
File "/var/lib/openstack/lib/python3.12/site-packages/pymysql/cursors.py", line 159, in execute
[Wed Jun 24 13:36:16.568329 2026] [wsgi:error] [pid 12:tid 140188295521984] [remote 10.0.0.108:41894] 2026-06-24 13:36:16.553 12 ERROR keystone.server.flask.application result = self._query(query)
[Wed Jun 24 13:36:16.568331 2026] [wsgi:error] [pid 12:tid 140188295521984] [remote 10.0.0.108:41894] 2026-06-24 13:36:16.553 12 ERROR keystone.server.flask.application ^^^^^^^^^^^^^^^^^^
[Wed Jun 24 13:36:16.568332 2026] [wsgi:error] [pid 12:tid 140188295521984] [remote 10.0.0.108:41894] 2026-06-24 13:36:16.553 12 ERROR keystone.server.flask.application
File "/var/lib/openstack/lib/python3.12/site-packages/pymysql/cursors.py", line 330, in _query
[Wed Jun 24 13:36:16.568334 2026] [wsgi:error] [pid 12:tid 140188295521984] [remote 10.0.0.108:41894] 2026-06-24 13:36:16.553 12 ERROR keystone.server.flask.application conn.query(q)
[Wed Jun 24 13:36:16.568335 2026] [wsgi:error] [pid 12:tid 140188295521984] [remote 10.0.0.108:41894] 2026-06-24 13:36:16.553 12 ERROR keystone.server.flask.application
File "/var/lib/openstack/lib/python3.12/site-packages/pymysql/connections.py", line 582, in query
[Wed Jun 24 13:36:16.568337 2026] [wsgi:error] [pid 12:tid 140188295521984] [remote 10.0.0.108:41894] 2026-06-24 13:36:16.553 12 ERROR keystone.server.flask.application self._affected_rows = self._read_query_result(unbuffered=unbuffered)
[Wed Jun 24 13:36:16.568338 2026] [wsgi:error] [pid 12:tid 140188295521984] [remote 10.0.0.108:41894] 2026-06-24 13:36:16.553 12 ERROR keystone.server.flask.application ^^^^^^^^^^^^^^^^^^^^^^^^^^^^^^^^^^^^^^^^^^^^^^
[Wed Jun 24 13:36:16.568339 2026] [wsgi:error] [pid 12:tid 140188295521984] [remote 10.0.0.108:41894] 2026-06-24 13:36:16.553 12 ERROR keystone.server.flask.application
File "/var/lib/openstack/lib/python3.12/site-packages/pymysql/connections.py", line 847, in _read_query_result
[Wed Jun 24 13:36:16.568341 2026] [wsgi:error] [pid 12:tid 140188295521984] [remote 10.0.0.108:41894] 2026-06-24 13:36:16.553 12 ERROR keystone.server.flask.application result.read()
[Wed Jun 24 13:36:16.568344 2026] [wsgi:error] [pid 12:tid 140188295521984] [remote 10.0.0.108:41894] 2026-06-24 13:36:16.553 12 ERROR keystone.server.flask.application
File "/var/lib/openstack/lib/python3.12/site-packages/pymysql/connections.py", line 1245, in read
[Wed Jun 24 13:36:16.568346 2026] [wsgi:error] [pid 12:tid 140188295521984] [remote 10.0.0.108:41894] 2026-06-24 13:36:16.553 12 ERROR keystone.server.flask.application first_packet = self.connection._read_packet()
[Wed Jun 24 13:36:16.568347 2026] [wsgi:error] [pid 12:tid 140188295521984] [remote 10.0.0.108:41894] 2026-06-24 13:36:16.553 12 ERROR keystone.server.flask.application ^^^^^^^^^^^^^^^^^^^^^^^^^^^^^^
[Wed Jun 24 13:36:16.568349 2026] [wsgi:error] [pid 12:tid 140188295521984] [remote 10.0.0.108:41894] 2026-06-24 13:36:16.553 12 ERROR keystone.server.flask.application
File "/var/lib/openstack/lib/python3.12/site-packages/pymysql/connections.py", line 803, in _read_packet
[Wed Jun 24 13:36:16.568350 2026] [wsgi:error] [pid 12:tid 140188295521984] [remote 10.0.0.108:41894] 2026-06-24 13:36:16.553 12 ERROR keystone.server.flask.application packet.raise_for_error()
[Wed Jun 24 13:36:16.568351 2026] [wsgi:error] [pid 12:tid 140188295521984] [remote 10.0.0.108:41894] 2026-06-24 13:36:16.553 12 ERROR keystone.server.flask.application
File "/var/lib/openstack/lib/python3.12/site-packages/pymysql/protocol.py", line 219, in raise_for_error
[Wed Jun 24 13:36:16.568353 2026] [wsgi:error] [pid 12:tid 140188295521984] [remote 10.0.0.108:41894] 2026-06-24 13:36:16.553 12 ERROR keystone.server.flask.application err.raise_mysql_exception(self._data)
[Wed Jun 24 13:36:16.568354 2026] [wsgi:error] [pid 12:tid 140188295521984] [remote 10.0.0.108:41894] 2026-06-24 13:36:16.553 12 ERROR keystone.server.flask.application
File "/var/lib/openstack/lib/python3.12/site-packages/pymysql/err.py", line 154, in raise_mysql_exception
[Wed Jun 24 13:36:16.568356 2026] [wsgi:error] [pid 12:tid 140188295521984] [remote 10.0.0.108:41894] 2026-06-24 13:36:16.553 12 ERROR keystone.server.flask.application raise errorclass(errno, errval, sqlstate=sqlstate)
[Wed Jun 24 13:36:16.568357 2026] [wsgi:error] [pid 12:tid 140188295521984] [remote 10.0.0.108:41894] 2026-06-24 13:36:16.553 12 ERROR keystone.server.flask.application pymysql.err.IntegrityError: (1062, "Duplicate entry '<>-service' for key 'project.ixu_project_name_domain_id'")
[Wed Jun 24 13:36:16.568359 2026] [wsgi:error] [pid 12:tid 140188295521984] [remote 10.0.0.108:41894] 2026-06-24 13:36:16.553 12 ERROR keystone.server.flask.application
[Wed Jun 24 13:36:16.568360 2026] [wsgi:error] [pid 12:tid 140188295521984] [remote 10.0.0.108:41894] 2026-06-24 13:36:16.553 12 ERROR keystone.server.flask.application The above exception was the direct cause of the following exception:
[Wed Jun 24 13:36:16.568362 2026] [wsgi:error] [pid 12:tid 140188295521984] [remote 10.0.0.108:41894] 2026-06-24 13:36:16.553 12 ERROR keystone.server.flask.application
[Wed Jun 24 13:36:16.568364 2026] [wsgi:error] [pid 12:tid 140188295521984] [remote 10.0.0.108:41894] 2026-06-24 13:36:16.553 12 ERROR keystone.server.flask.application
Traceback (most recent call last):
[Wed Jun 24 13:36:16.568365 2026] [wsgi:error] [pid 12:tid 140188295521984] [remote 10.0.0.108:41894] 2026-06-24 13:36:16.553 12 ERROR keystone.server.flask.application
File "/var/lib/openstack/lib/python3.12/site-packages/keystone/common/sql/core.py", line 575, in wrapper
[Wed Jun 24 13:36:16.568367 2026] [wsgi:error] [pid 12:tid 140188295521984] [remote 10.0.0.108:41894] 2026-06-24 13:36:16.553 12 ERROR keystone.server.flask.application return method(*args, **kwargs)
[Wed Jun 24 13:36:16.568368 2026] [wsgi:error] [pid 12:tid 140188295521984] [remote 10.0.0.108:41894] 2026-06-24 13:36:16.553 12 ERROR keystone.server.flask.application ^^^^^^^^^^^^^^^^^^^^^^^
[Wed Jun 24 13:36:16.568371 2026] [wsgi:error] [pid 12:tid 140188295521984] [remote 10.0.0.108:41894] 2026-06-24 13:36:16.553 12 ERROR keystone.server.flask.application
File "/var/lib/openstack/lib/python3.12/site-packages/keystone/resource/backends/sql.py", line 278, in create_project
[Wed Jun 24 13:36:16.568372 2026] [wsgi:error] [pid 12:tid 140188295521984] [remote 10.0.0.108:41894] 2026-06-24 13:36:16.553 12 ERROR keystone.server.flask.application with sql.session_for_write() as session:
[Wed Jun 24 13:36:16.568373 2026] [wsgi:error] [pid 12:tid 140188295521984] [remote 10.0.0.108:41894] 2026-06-24 13:36:16.553 12 ERROR keystone.server.flask.application
File "/usr/lib/python3.12/contextlib.py", line 144, in __exit__
[Wed Jun 24 13:36:16.568375 2026] [wsgi:error] [pid 12:tid 140188295521984] [remote 10.0.0.108:41894] 2026-06-24 13:36:16.553 12 ERROR keystone.server.flask.application next(self.gen)
[Wed Jun 24 13:36:16.568376 2026] [wsgi:error] [pid 12:tid 140188295521984] [remote 10.0.0.108:41894] 2026-06-24 13:36:16.553 12 ERROR keystone.server.flask.application
File "/var/lib/openstack/lib/python3.12/site-packages/oslo_db/sqlalchemy/enginefacade.py", line 1175, in _transaction_scope
[Wed Jun 24 13:36:16.568378 2026] [wsgi:error] [pid 12:tid 140188295521984] [remote 10.0.0.108:41894] 2026-06-24 13:36:16.553 12 ERROR keystone.server.flask.application with current._produce_block(
[Wed Jun 24 13:36:16.568379 2026] [wsgi:error] [pid 12:tid 140188295521984] [remote 10.0.0.108:41894] 2026-06-24 13:36:16.553 12 ERROR keystone.server.flask.application
File "/usr/lib/python3.12/contextlib.py", line 144, in __exit__
[Wed Jun 24 13:36:16.568380 2026] [wsgi:error] [pid 12:tid 140188295521984] [remote 10.0.0.108:41894] 2026-06-24 13:36:16.553 12 ERROR keystone.server.flask.application next(self.gen)
[Wed Jun 24 13:36:16.568382 2026] [wsgi:error] [pid 12:tid 140188295521984] [remote 10.0.0.108:41894] 2026-06-24 13:36:16.553 12 ERROR keystone.server.flask.application
File "/var/lib/openstack/lib/python3.12/site-packages/oslo_db/sqlalchemy/enginefacade.py", line 837, in _session
[Wed Jun 24 13:36:16.568383 2026] [wsgi:error] [pid 12:tid 140188295521984] [remote 10.0.0.108:41894] 2026-06-24 13:36:16.553 12 ERROR keystone.server.flask.application with excutils.save_and_reraise_exception():
[Wed Jun 24 13:36:16.568385 2026] [wsgi:error] [pid 12:tid 140188295521984] [remote 10.0.0.108:41894] 2026-06-24 13:36:16.553 12 ERROR keystone.server.flask.application
File "/var/lib/openstack/lib/python3.12/site-packages/oslo_utils/excutils.py", line 266, in __exit__
[Wed Jun 24 13:36:16.568386 2026] [wsgi:error] [pid 12:tid 140188295521984] [remote 10.0.0.108:41894] 2026-06-24 13:36:16.553 12 ERROR keystone.server.flask.application self.force_reraise()
[Wed Jun 24 13:36:16.568387 2026] [wsgi:error] [pid 12:tid 140188295521984] [remote 10.0.0.108:41894] 2026-06-24 13:36:16.553 12 ERROR keystone.server.flask.application
File "/var/lib/openstack/lib/python3.12/site-packages/oslo_utils/excutils.py", line 232, in force_reraise
[Wed Jun 24 13:36:16.568389 2026] [wsgi:error] [pid 12:tid 140188295521984] [remote 10.0.0.108:41894] 2026-06-24 13:36:16.553 12 ERROR keystone.server.flask.application raise self.value
[Wed Jun 24 13:36:16.568390 2026] [wsgi:error] [pid 12:tid 140188295521984] [remote 10.0.0.108:41894] 2026-06-24 13:36:16.553 12 ERROR keystone.server.flask.application
File "/var/lib/openstack/lib/python3.12/site-packages/oslo_db/sqlalchemy/enginefacade.py", line 835, in _session
[Wed Jun 24 13:36:16.568391 2026] [wsgi:error] [pid 12:tid 140188295521984] [remote 10.0.0.108:41894] 2026-06-24 13:36:16.553 12 ERROR keystone.server.flask.application self._end_session_transaction(self.session)
[Wed Jun 24 13:36:16.568393 2026] [wsgi:error] [pid 12:tid 140188295521984] [remote 10.0.0.108:41894] 2026-06-24 13:36:16.553 12 ERROR keystone.server.flask.application
File "/var/lib/openstack/lib/python3.12/site-packages/oslo_db/sqlalchemy/enginefacade.py", line 748, in _end_session_transaction
[Wed Jun 24 13:36:16.568395 2026] [wsgi:error] [pid 12:tid 140188295521984] [remote 10.0.0.108:41894] 2026-06-24 13:36:16.553 12 ERROR keystone.server.flask.application session.commit()
[Wed Jun 24 13:36:16.568396 2026] [wsgi:error] [pid 12:tid 140188295521984] [remote 10.0.0.108:41894] 2026-06-24 13:36:16.553 12 ERROR keystone.server.flask.application
File "/var/lib/openstack/lib/python3.12/site-packages/sqlalchemy/orm/session.py", line 2034, in commit
[Wed Jun 24 13:36:16.568398 2026] [wsgi:error] [pid 12:tid 140188295521984] [remote 10.0.0.108:41894] 2026-06-24 13:36:16.553 12 ERROR keystone.server.flask.application trans.commit(_to_root=True)
[Wed Jun 24 13:36:16.568399 2026] [wsgi:error] [pid 12:tid 140188295521984] [remote 10.0.0.108:41894] 2026-06-24 13:36:16.553 12 ERROR keystone.server.flask.application File "", line 2, in commit
[Wed Jun 24 13:36:16.568401 2026] [wsgi:error] [pid 12:tid 140188295521984] [remote 10.0.0.108:41894] 2026-06-24 13:36:16.553 12 ERROR keystone.server.flask.application
File "/var/lib/openstack/lib/python3.12/site-packages/sqlalchemy/orm/state_changes.py", line 137, in _go
[Wed Jun 24 13:36:16.568402 2026] [wsgi:error] [pid 12:tid 140188295521984] [remote 10.0.0.108:41894] 2026-06-24 13:36:16.553 12 ERROR keystone.server.flask.application ret_value = fn(self, *arg, **kw)
[Wed Jun 24 13:36:16.568420 2026] [wsgi:error] [pid 12:tid 140188295521984] [remote 10.0.0.108:41894] 2026-06-24 13:36:16.553 12 ERROR keystone.server.flask.application ^^^^^^^^^^^^^^^^^^^^
[Wed Jun 24 13:36:16.568422 2026] [wsgi:error] [pid 12:tid 140188295521984] [remote 10.0.0.108:41894] 2026-06-24 13:36:16.553 12 ERROR keystone.server.flask.application
File "/var/lib/openstack/lib/python3.12/site-packages/sqlalchemy/orm/session.py", line 1315, in commit
[Wed Jun 24 13:36:16.568424 2026] [wsgi:error] [pid 12:tid 140188295521984] [remote 10.0.0.108:41894] 2026-06-24 13:36:16.553 12 ERROR keystone.server.flask.application self._prepare_impl()
[Wed Jun 24 13:36:16.568426 2026] [wsgi:error] [pid 12:tid 140188295521984] [remote 10.0.0.108:41894] 2026-06-24 13:36:16.553 12 ERROR keystone.server.flask.application File "", line 2, in _prepare_impl
[Wed Jun 24 13:36:16.568427 2026] [wsgi:error] [pid 12:tid 140188295521984] [remote 10.0.0.108:41894] 2026-06-24 13:36:16.553 12 ERROR keystone.server.flask.application
File "/var/lib/openstack/lib/python3.12/site-packages/sqlalchemy/orm/state_changes.py", line 137, in _go
[Wed Jun 24 13:36:16.568429 2026] [wsgi:error] [pid 12:tid 140188295521984] [remote 10.0.0.108:41894] 2026-06-24 13:36:16.553 12 ERROR keystone.server.flask.application ret_value = fn(self, *arg, **kw)
[Wed Jun 24 13:36:16.568431 2026] [wsgi:error] [pid 12:tid 140188295521984] [remote 10.0.0.108:41894] 2026-06-24 13:36:16.553 12 ERROR keystone.server.flask.application ^^^^^^^^^^^^^^^^^^^^
[Wed Jun 24 13:36:16.568432 2026] [wsgi:error] [pid 12:tid 140188295521984] [remote 10.0.0.108:41894] 2026-06-24 13:36:16.553 12 ERROR keystone.server.flask.application
File "/var/lib/openstack/lib/python3.12/site-packages/sqlalchemy/orm/session.py", line 1290, in _prepare_impl
[Wed Jun 24 13:36:16.568434 2026] [wsgi:error] [pid 12:tid 140188295521984] [remote 10.0.0.108:41894] 2026-06-24 13:36:16.553 12 ERROR keystone.server.flask.application self.session.flush()
[Wed Jun 24 13:36:16.568436 2026] [wsgi:error] [pid 12:tid 140188295521984] [remote 10.0.0.108:41894] 2026-06-24 13:36:16.553 12 ERROR keystone.server.flask.application
File "/var/lib/openstack/lib/python3.12/site-packages/sqlalchemy/orm/session.py", line 4352, in flush
[Wed Jun 24 13:36:16.568437 2026] [wsgi:error] [pid 12:tid 140188295521984] [remote 10.0.0.108:41894] 2026-06-24 13:36:16.553 12 ERROR keystone.server.flask.application self._flush(objects)
[Wed Jun 24 13:36:16.568439 2026] [wsgi:error] [pid 12:tid 140188295521984] [remote 10.0.0.108:41894] 2026-06-24 13:36:16.553 12 ERROR keystone.server.flask.application
File "/var/lib/openstack/lib/python3.12/site-packages/sqlalchemy/orm/session.py", line 4487, in _flush
[Wed Jun 24 13:36:16.568441 2026] [wsgi:error] [pid 12:tid 140188295521984] [remote 10.0.0.108:41894] 2026-06-24 13:36:16.553 12 ERROR keystone.server.flask.application with util.safe_reraise():
[Wed Jun 24 13:36:16.568442 2026] [wsgi:error] [pid 12:tid 140188295521984] [remote 10.0.0.108:41894] 2026-06-24 13:36:16.553 12 ERROR keystone.server.flask.application
File "/var/lib/openstack/lib/python3.12/site-packages/sqlalchemy/util/langhelpers.py", line 122, in __exit__
[Wed Jun 24 13:36:16.568444 2026] [wsgi:error] [pid 12:tid 140188295521984] [remote 10.0.0.108:41894] 2026-06-24 13:36:16.553 12 ERROR keystone.server.flask.application raise exc_value.with_traceback(exc_tb)
[Wed Jun 24 13:36:16.568446 2026] [wsgi:error] [pid 12:tid 140188295521984] [remote 10.0.0.108:41894] 2026-06-24 13:36:16.553 12 ERROR keystone.server.flask.application
File "/var/lib/openstack/lib/python3.12/site-packages/sqlalchemy/orm/session.py", line 4448, in _flush
[Wed Jun 24 13:36:16.568447 2026] [wsgi:error] [pid 12:tid 140188295521984] [remote 10.0.0.108:41894] 2026-06-24 13:36:16.553 12 ERROR keystone.server.flask.application flush_context.execute()
[Wed Jun 24 13:36:16.568450 2026] [wsgi:error] [pid 12:tid 140188295521984] [remote 10.0.0.108:41894] 2026-06-24 13:36:16.553 12 ERROR keystone.server.flask.application
