Apr 11 02:03:25.411893 np0000164994 devstack@neutron-api.service[102231]: 'Port': {'1.10'},
Apr 11 02:03:25.411893 np0000164994 devstack@neutron-api.service[102231]: 'PortForwarding': {'1.3'},
Apr 11 02:03:25.411893 np0000164994 devstack@neutron-api.service[102231]: 'QosPolicy': {'1.10'},
Apr 11 02:03:25.411893 np0000164994 devstack@neutron-api.service[102231]: 'SecurityGroup': {'1.6'},
Apr 11 02:03:25.411893 np0000164994 devstack@neutron-api.service[102231]: 'SecurityGroupRule': {'1.3'},
Apr 11 02:03:25.411893 np0000164994 devstack@neutron-api.service[102231]: 'SubPort': {'1.0'},
Apr 11 02:03:25.411893 np0000164994 devstack@neutron-api.service[102231]: 'Subnet': {'1.2'},
Apr 11 02:03:25.411893 np0000164994 devstack@neutron-api.service[102231]: 'Trunk': {'1.1'}}
Apr 11 02:03:25.411893 np0000164994 devstack@neutron-api.service[102231]: consumer versions:
Apr 11 02:03:25.411893 np0000164994 devstack@neutron-api.service[102231]: { OVN Neutron agent@np0000164994: {},
Apr 11 02:03:25.411893 np0000164994 devstack@neutron-api.service[102231]: OVN Controller Gateway agent@np0000164994: {}}
Apr 11 02:03:25.411893 np0000164994 devstack@neutron-api.service[102231]: {{(pid=102231) report /opt/stack/neutron/neutron/api/rpc/callbacks/version_manager.py:183}}
Apr 11 02:03:25.622102 np0000164994 devstack@neutron-api.service[102231]: DEBUG ovsdbapp.backend.ovs_idl.transaction [-] Running txn n=1 command(idx=0): CheckRevisionNumberCommand(_result=None, name=d0059d6b-e5c4-4d44-bd2b-e3ae2a337467, resource={'id': 'd0059d6b-e5c4-4d44-bd2b-e3ae2a337467', 'name': '', 'network_id': 'ba0588cb-4806-4339-a983-eef9231d4687', 'project_id': 'e64dd44abb0c4b6bbc005a26db38c03d', 'mac_address': 'fa:16:3e:26:41:39', 'admin_state_up': True, 'status': 'DOWN', 'device_id': 'ovnmeta-ba0588cb-4806-4339-a983-eef9231d4687', 'device_owner': 'network:distributed', 'standard_attr_id': 14, 'fixed_ips': [{'subnet_id': 'f49a30e4-5410-4668-9150-a98a8d0f3cd8', 'ip_address': '10.1.0.2'}, {'subnet_id': 'a9932f03-3bc5-4c5c-b3c1-be79b2b74b85', 'ip_address': 'fdab:5b88:e46f:0:f816:3eff:fe26:4139'}], 'allowed_address_pairs': [], 'extra_dhcp_opts': [], 'security_groups': [], 'description': '', 'binding:vnic_type': 'normal', 'binding:profile': {}, 'binding:host_id': '', 'binding:vif_type': 'unbound', 'binding:vif_details': {}, 'port_security_enabled': False, 'tags': [], 'created_at': '2026-04-11T02:03:21Z', 'updated_at': '2026-04-11T02:03:25Z', 'revision_number': 3, 'tenant_id': 'e64dd44abb0c4b6bbc005a26db38c03d', 'network': {'id': 'ba0588cb-4806-4339-a983-eef9231d4687', 'name': 'private', 'tenant_id': 'e64dd44abb0c4b6bbc005a26db38c03d', 'project_id': 'e64dd44abb0c4b6bbc005a26db38c03d', 'admin_state_up': True, 'mtu': 1372, 'status': 'ACTIVE', 'subnets': ['a9932f03-3bc5-4c5c-b3c1-be79b2b74b85', 'f49a30e4-5410-4668-9150-a98a8d0f3cd8'], 'standard_attr_id': 12, 'shared': False, 'availability_zone_hints': [], 'availability_zones': [], 'ipv4_address_scope': None, 'ipv6_address_scope': None, 'router:external': False, 'qinq': False, 'vlan_transparent': False, 'description': '', 'port_security_enabled': True, 'tags': [], 'created_at': '2026-04-11T02:03:20Z', 'updated_at': '2026-04-11T02:03:24Z', 'revision_number': 3, 'provider:network_type': 'geneve', 'provider:physical_network': None, 'provider:segmentation_id': 61478}}, resource_type=ports, if_exists=True) {{(pid=102231) do_commit /opt/stack/data/venv/lib/python3.12/site-packages/ovsdbapp/backend/ovs_idl/transaction.py:89}}
Apr 11 02:03:25.622794 np0000164994 devstack@neutron-api.service[102231]: DEBUG ovsdbapp.backend.ovs_idl.transaction [-] Running txn n=1 command(idx=1): SetLSwitchPortCommand(_result=None, lport=d0059d6b-e5c4-4d44-bd2b-e3ae2a337467, external_ids_update=None, columns={'external_ids': {'neutron:port_name': '', 'neutron:device_id': 'ovnmeta-ba0588cb-4806-4339-a983-eef9231d4687', 'neutron:project_id': 'e64dd44abb0c4b6bbc005a26db38c03d', 'neutron:cidrs': '10.1.0.2/26 fdab:5b88:e46f:0:f816:3eff:fe26:4139/64', 'neutron:device_owner': 'network:distributed', 'neutron:subnet_pool_addr_scope4': '', 'neutron:subnet_pool_addr_scope6': '', 'neutron:network_name': 'neutron-ba0588cb-4806-4339-a983-eef9231d4687', 'neutron:security_group_ids': '', 'neutron:revision_number': '3', 'neutron:vnic_type': 'normal', 'neutron:port_capabilities': '', 'neutron:mtu': ''}, 'parent_name': [], 'tag': [], 'options': {}, 'enabled': True, 'port_security': [], 'dhcpv4_options': [], 'dhcpv6_options': [], 'type': 'localport', 'addresses': ['fa:16:3e:26:41:39 10.1.0.2 fdab:5b88:e46f:0:f816:3eff:fe26:4139'], 'ha_chassis_group': []}, if_exists=False) {{(pid=102231) do_commit /opt/stack/data/venv/lib/python3.12/site-packages/ovsdbapp/backend/ovs_idl/transaction.py:89}}
Apr 11 02:03:25.624324 np0000164994 devstack@neutron-api.service[102231]: DEBUG ovsdbapp.backend.ovs_idl.transaction [-] Running txn n=1 command(idx=2): PgDelPortCommand(_result=None, port_group=neutron_pg_drop, lsp=['d0059d6b-e5c4-4d44-bd2b-e3ae2a337467'], if_exists=False) {{(pid=102231) do_commit /opt/stack/data/venv/lib/python3.12/site-packages/ovsdbapp/backend/ovs_idl/transaction.py:89}}
Apr 11 02:03:25.628117 np0000164994 devstack@neutron-api.service[102231]: DEBUG neutron.plugins.ml2.drivers.ovn.mech_driver.ovsdb.ovsdb_monitor [-] Hash Ring: Node c93cae062444526aa00b2fdc7c56df55 (host: np0000164994) handling event "update" for row 24723567-a545-42b5-8f62-40a10e6c745a (table: Logical_Switch_Port) {{(pid=102231) notify /opt/stack/neutron/neutron/plugins/ml2/drivers/ovn/mech_driver/ovsdb/ovsdb_monitor.py:912}}
Apr 11 02:03:25.628239 np0000164994 devstack@neutron-api.service[102232]: DEBUG neutron.plugins.ml2.drivers.ovn.mech_driver.ovsdb.ovsdb_monitor [-] Hash Ring: Node c625d4fa140d5f699fde9bed4951f1c4 (host: np0000164994) handling event "update" for row 24723567-a545-42b5-8f62-40a10e6c745a (table: Logical_Switch_Port) {{(pid=102232) notify /opt/stack/neutron/neutron/plugins/ml2/drivers/ovn/mech_driver/ovsdb/ovsdb_monitor.py:912}}
Apr 11 02:03:25.628609 np0000164994 devstack@neutron-api.service[102230]: DEBUG neutron.plugins.ml2.drivers.ovn.mech_driver.ovsdb.ovsdb_monitor [-] Hash Ring: Node 90c3326669f252fda686b5da887fedce (host: np0000164994) handling event "update" for row 24723567-a545-42b5-8f62-40a10e6c745a (table: Logical_Switch_Port) {{(pid=102230) notify /opt/stack/neutron/neutron/plugins/ml2/drivers/ovn/mech_driver/ovsdb/ovsdb_monitor.py:912}}
Apr 11 02:03:25.630707 np0000164994 devstack@neutron-api.service[102232]: DEBUG neutron.plugins.ml2.drivers.ovn.mech_driver.ovsdb.ovsdb_monitor [-] Hash Ring: Node c625d4fa140d5f699fde9bed4951f1c4 (host: np0000164994) handling event "update" for row 317b9053-7192-415c-938c-45c63d03dd05 (table: Port_Binding) {{(pid=102232) notify /opt/stack/neutron/neutron/plugins/ml2/drivers/ovn/mech_driver/ovsdb/ovsdb_monitor.py:912}}
Apr 11 02:03:25.631684 np0000164994 devstack@neutron-api.service[102231]: DEBUG neutron.plugins.ml2.drivers.ovn.mech_driver.ovsdb.ovsdb_monitor [-] Hash Ring: Node c93cae062444526aa00b2fdc7c56df55 (host: np0000164994) handling event "update" for row 317b9053-7192-415c-938c-45c63d03dd05 (table: Port_Binding) {{(pid=102231) notify /opt/stack/neutron/neutron/plugins/ml2/drivers/ovn/mech_driver/ovsdb/ovsdb_monitor.py:912}}
Apr 11 02:03:25.666263 np0000164994 devstack@neutron-api.service[102231]: INFO neutron.db.ovn_revision_numbers_db [None req-6517b716-1313-4bae-b319-62c8c92d9542 admin admin] Successfully bumped revision number for resource d0059d6b-e5c4-4d44-bd2b-e3ae2a337467 (type: ports) to 3
Apr 11 02:03:25.678400 np0000164994 devstack@neutron-api.service[102231]: DEBUG neutron_lib.callbacks.manager [None req-6517b716-1313-4bae-b319-62c8c92d9542 admin admin] Publish callbacks ['neutron.plugins.ml2.ovo_rpc._ObjectChangeHandler.handle_event-4147140'] for subnet (a9932f03-3bc5-4c5c-b3c1-be79b2b74b85), after_create {{(pid=102231) _notify_loop /opt/stack/data/venv/lib/python3.12/site-packages/neutron_lib/callbacks/manager.py:184}}
Apr 11 02:03:25.694171 np0000164994 devstack@neutron-api.service[102231]: DEBUG neutron.api.rpc.handlers.resources_rpc [None req-6517b716-1313-4bae-b319-62c8c92d9542 admin admin] Pushing event updated for resources: {'Subnet': ['ID=a9932f03-3bc5-4c5c-b3c1-be79b2b74b85,revision_number=0']} {{(pid=102231) push /opt/stack/neutron/neutron/api/rpc/handlers/resources_rpc.py:237}}
Apr 11 02:03:25.726271 np0000164994 devstack@neutron-api.service[102231]: INFO neutron.db.ovn_revision_numbers_db [None req-6517b716-1313-4bae-b319-62c8c92d9542 admin admin] Successfully bumped revision number for resource a9932f03-3bc5-4c5c-b3c1-be79b2b74b85 (type: subnets) to 0
Apr 11 02:03:25.727823 np0000164994 devstack@neutron-api.service[102231]: DEBUG neutron.pecan_wsgi.hooks.policy_enforcement [None req-6517b716-1313-4bae-b319-62c8c92d9542 admin admin] Attributes excluded by policy engine: ['standard_attr_id', 'shared', 'network'] {{(pid=102231) _exclude_attributes_by_policy /opt/stack/neutron/neutron/pecan_wsgi/hooks/policy_enforcement.py:258}}
Apr 11 02:03:25.728029 np0000164994 devstack@neutron-api.service[102231]: DEBUG neutron_lib.callbacks.manager [None req-6517b716-1313-4bae-b319-62c8c92d9542 admin admin] Publish callbacks [] for subnet (None), before_response {{(pid=102231) _notify_loop /opt/stack/data/venv/lib/python3.12/site-packages/neutron_lib/callbacks/manager.py:184}}
Apr 11 02:03:25.741665 np0000164994 devstack@neutron-api.service[102231]: [pid: 102231|app: 0|req: 3/11] 199.204.45.115 () {68 vars in 1355 bytes} [Sat Apr 11 02:03:24 2026] POST /networking/v2.0/subnets => generated 730 bytes in 1332 msecs (HTTP/1.1 201) 4 headers in 162 bytes (1 switches on core 0)
Apr 11 02:03:26.024154 np0000164994 devstack@neutron-api.service[102229]: DEBUG neutron.api.wsgi [None req-82899cf4-6918-46e7-9936-d6ad9ccf0891 admin admin] Missing Content-Type {{(pid=102229) get_content_type /opt/stack/neutron/neutron/api/wsgi.py:85}}
Apr 11 02:03:26.024154 np0000164994 devstack@neutron-api.service[102229]: DEBUG neutron.api.wsgi [None req-82899cf4-6918-46e7-9936-d6ad9ccf0891 admin admin] https://199.204.45.115/networking/v2.0/extensions returned with HTTP 200 {{(pid=102229) __call__ /opt/stack/neutron/neutron/api/wsgi.py:545}}
Apr 11 02:03:26.024866 np0000164994 devstack@neutron-api.service[102229]: [pid: 102229|app: 0|req: 3/12] 199.204.45.115 () {64 vars in 1323 bytes} [Sat Apr 11 02:03:26 2026] GET /networking/v2.0/extensions => generated 15208 bytes in 5 msecs (HTTP/1.1 200) 4 headers in 159 bytes (1 switches on core 0)
Apr 11 02:03:26.322449 np0000164994 devstack@neutron-api.service[102230]: DEBUG neutron.api.wsgi [None req-6c3aa324-5200-4600-ac64-3ec9354d183a admin admin] Missing Content-Type {{(pid=102230) get_content_type /opt/stack/neutron/neutron/api/wsgi.py:85}}
Apr 11 02:03:26.323322 np0000164994 devstack@neutron-api.service[102230]: DEBUG neutron.api.wsgi [None req-6c3aa324-5200-4600-ac64-3ec9354d183a admin admin] https://199.204.45.115/networking/v2.0/extensions returned with HTTP 200 {{(pid=102230) __call__ /opt/stack/neutron/neutron/api/wsgi.py:545}}
Apr 11 02:03:26.323955 np0000164994 devstack@neutron-api.service[102230]: [pid: 102230|app: 0|req: 3/13] 199.204.45.115 () {64 vars in 1323 bytes} [Sat Apr 11 02:03:26 2026] GET /networking/v2.0/extensions => generated 15208 bytes in 7 msecs (HTTP/1.1 200) 4 headers in 159 bytes (1 switches on core 0)
Apr 11 02:03:26.599787 np0000164994 devstack@neutron-api.service[102232]: DEBUG neutron.api.v2.base [None req-36301e31-8e62-48d4-ab03-1f89c4f92461 admin admin] Request body: {'router': {'admin_state_up': True, 'name': 'router1'}} {{(pid=102232) prepare_request_body /opt/stack/neutron/neutron/api/v2/base.py:729}}
Apr 11 02:03:26.623776 np0000164994 devstack@neutron-api.service[102232]: DEBUG neutron_lib.callbacks.manager [None req-36301e31-8e62-48d4-ab03-1f89c4f92461 admin admin] Publish callbacks ['neutron.services.ovn_l3.service_providers.driver_controller.DriverController._check_router_request-1616361'] for router (95965c24-19cb-4141-bbd3-473026521c1d), before_create {{(pid=102232) _notify_loop /opt/stack/data/venv/lib/python3.12/site-packages/neutron_lib/callbacks/manager.py:184}}
Apr 11 02:03:26.624651 np0000164994 devstack@neutron-api.service[102232]: DEBUG neutron_lib.callbacks.manager [None req-36301e31-8e62-48d4-ab03-1f89c4f92461 admin admin] Publish callbacks ['neutron.services.ovn_l3.service_providers.ovn.OVN_L3_HA_db_mixin._precommit_router_create-103199', 'neutron.services.ovn_l3.plugin.RouterAvailabilityZoneMixin._process_az_request-2590407', 'neutron.services.ovn_l3.plugin.ExtraGatewaysDbOnlyMixin._process_bfd_ecmp_create-1616647', 'neutron.services.ovn_l3.service_providers.ovn.OvnDriver._process_router_create_precommit-102809', 'neutron.services.ovn_l3.service_providers.driver_controller.DriverController._set_router_provider-1616293'] for router (95965c24-19cb-4141-bbd3-473026521c1d), precommit_create {{(pid=102232) _notify_loop /opt/stack/data/venv/lib/python3.12/site-packages/neutron_lib/callbacks/manager.py:184}}
Apr 11 02:03:26.642026 np0000164994 devstack@neutron-api.service[102232]: DEBUG neutron.db.ovn_revision_numbers_db [None req-36301e31-8e62-48d4-ab03-1f89c4f92461 admin admin] create_initial_revision uuid=95965c24-19cb-4141-bbd3-473026521c1d, type=routers, rev=-1 {{(pid=102232) create_initial_revision /opt/stack/neutron/neutron/db/ovn_revision_numbers_db.py:98}}
Apr 11 02:03:26.698438 np0000164994 devstack@neutron-api.service[102232]: DEBUG futurist.periodics [-] Submitting periodic callback 'neutron.plugins.ml2.drivers.ovn.mech_driver.ovsdb.maintenance.HashRingHealthCheckPeriodics.touch_hash_ring_node' {{(pid=102232) _process_scheduled /opt/stack/data/venv/lib/python3.12/site-packages/futurist/periodics.py:784}}
Apr 11 02:03:26.708253 np0000164994 devstack@neutron-api.service[102232]: DEBUG neutron.plugins.ml2.drivers.ovn.mech_driver.ovsdb.maintenance [-] Touching Hash Ring node "c625d4fa140d5f699fde9bed4951f1c4" from periodic health check thread {{(pid=102232) touch_hash_ring_node /opt/stack/neutron/neutron/plugins/ml2/drivers/ovn/mech_driver/ovsdb/maintenance.py:1332}}
Apr 11 02:03:26.737948 np0000164994 devstack@neutron-api.service[102232]: DEBUG neutron_lib.callbacks.manager [None req-36301e31-8e62-48d4-ab03-1f89c4f92461 admin admin] Publish callbacks [] for router_controller (95965c24-19cb-4141-bbd3-473026521c1d), precommit_add_association {{(pid=102232) _notify_loop /opt/stack/data/venv/lib/python3.12/site-packages/neutron_lib/callbacks/manager.py:184}}
Apr 11 02:03:26.746379 np0000164994 devstack@neutron-api.service[102232]: DEBUG neutron_lib.callbacks.manager [None req-36301e31-8e62-48d4-ab03-1f89c4f92461 admin admin] Publish callbacks ['neutron.services.ovn_l3.service_providers.ovn.OvnDriver._process_router_create-102973'] for router (95965c24-19cb-4141-bbd3-473026521c1d), after_create {{(pid=102232) _notify_loop /opt/stack/data/venv/lib/python3.12/site-packages/neutron_lib/callbacks/manager.py:184}}
Apr 11 02:03:26.746664 np0000164994 devstack@neutron-api.service[102232]: INFO neutron.plugins.ml2.drivers.ovn.mech_driver.ovsdb.extensions.qos [None req-36301e31-8e62-48d4-ab03-1f89c4f92461 admin admin] Starting OVNClientQosExtension
Apr 11 02:03:26.747307 np0000164994 devstack@neutron-api.service[102232]: DEBUG neutron.plugins.ml2.drivers.ovn.mech_driver.ovsdb.extensions.qos [None req-36301e31-8e62-48d4-ab03-1f89c4f92461 admin admin] Router 95965c24-19cb-4141-bbd3-473026521c1d does not have ID or gateway assigned {{(pid=102232) update_router /opt/stack/neutron/neutron/plugins/ml2/drivers/ovn/mech_driver/ovsdb/extensions/qos.py:527}}
Apr 11 02:03:26.748242 np0000164994 devstack@neutron-api.service[102232]: DEBUG ovsdbapp.backend.ovs_idl.transaction [-] Running txn n=1 command(idx=0): LrAddCommand(_result=None, router=neutron-95965c24-19cb-4141-bbd3-473026521c1d, may_exist=True, columns={'external_ids': {'neutron:router_name': 'router1', 'neutron:revision_number': '1', 'neutron:availability_zone_hints': ''}, 'enabled': True, 'options': {'always_learn_from_arp_request': 'false', 'dynamic_neigh_routers': 'true', 'mac_binding_age_threshold': '300'}}) {{(pid=102232) do_commit /opt/stack/data/venv/lib/python3.12/site-packages/ovsdbapp/backend/ovs_idl/transaction.py:89}}
Apr 11 02:03:26.752954 np0000164994 devstack@neutron-api.service[102232]: DEBUG neutron.plugins.ml2.drivers.ovn.mech_driver.ovsdb.ovsdb_monitor [-] Hash Ring: Node c625d4fa140d5f699fde9bed4951f1c4 (host: np0000164994) handling event "create" for row 28cd720c-306c-4310-87ac-f43282e3a154 (table: Logical_Router) {{(pid=102232) notify /opt/stack/neutron/neutron/plugins/ml2/drivers/ovn/mech_driver/ovsdb/ovsdb_monitor.py:912}}
Apr 11 02:03:26.754680 np0000164994 devstack@neutron-api.service[102230]: DEBUG neutron.plugins.ml2.drivers.ovn.mech_driver.ovsdb.ovsdb_monitor [-] Hash Ring: Node 90c3326669f252fda686b5da887fedce (host: np0000164994) handling event "create" for row 28cd720c-306c-4310-87ac-f43282e3a154 (table: Logical_Router) {{(pid=102230) notify /opt/stack/neutron/neutron/plugins/ml2/drivers/ovn/mech_driver/ovsdb/ovsdb_monitor.py:912}}
Apr 11 02:03:26.777724 np0000164994 devstack@neutron-api.service[102232]: DEBUG neutron.plugins.ml2.drivers.ovn.mech_driver.ovsdb.ovsdb_monitor [-] Hash Ring: Node c625d4fa140d5f699fde9bed4951f1c4 (host: np0000164994) handling event "create" for row ffa06d2d-775c-4148-b5c0-166a1f572f84 (table: Datapath_Binding) {{(pid=102232) notify /opt/stack/neutron/neutron/plugins/ml2/drivers/ovn/mech_driver/ovsdb/ovsdb_monitor.py:912}}
Apr 11 02:03:26.865366 np0000164994 devstack@neutron-api.service[102232]: INFO neutron.db.ovn_revision_numbers_db [None req-36301e31-8e62-48d4-ab03-1f89c4f92461 admin admin] Successfully bumped revision number for resource 95965c24-19cb-4141-bbd3-473026521c1d (type: routers) to 1
Apr 11 02:03:26.888119 np0000164994 devstack@neutron-api.service[102232]: DEBUG neutron_lib.callbacks.manager [None req-36301e31-8e62-48d4-ab03-1f89c4f92461 admin admin] Publish callbacks [] for router (None), before_response {{(pid=102232) _notify_loop /opt/stack/data/venv/lib/python3.12/site-packages/neutron_lib/callbacks/manager.py:184}}
Apr 11 02:03:26.889188 np0000164994 devstack@neutron-api.service[102232]: [pid: 102232|app: 0|req: 5/14] 199.204.45.115 () {68 vars in 1354 bytes} [Sat Apr 11 02:03:26 2026] POST /networking/v2.0/routers => generated 599 bytes in 295 msecs (HTTP/1.1 201) 4 headers in 162 bytes (1 switches on core 0)
Apr 11 02:03:27.170647 np0000164994 devstack@neutron-api.service[102231]: DEBUG neutron.api.wsgi [None req-7009a6be-1dd8-4b0c-aba3-a576bbadc1f3 admin admin] Missing Content-Type {{(pid=102231) get_content_type /opt/stack/neutron/neutron/api/wsgi.py:85}}
Apr 11 02:03:27.171230 np0000164994 devstack@neutron-api.service[102231]: DEBUG neutron.api.wsgi [None req-7009a6be-1dd8-4b0c-aba3-a576bbadc1f3 admin admin] https://199.204.45.115/networking/v2.0/extensions returned with HTTP 200 {{(pid=102231) __call__ /opt/stack/neutron/neutron/api/wsgi.py:545}}
Apr 11 02:03:27.171560 np0000164994 devstack@neutron-api.service[102231]: [pid: 102231|app: 0|req: 4/15] 199.204.45.115 () {64 vars in 1323 bytes} [Sat Apr 11 02:03:27 2026] GET /networking/v2.0/extensions => generated 15208 bytes in 6 msecs (HTTP/1.1 200) 4 headers in 159 bytes (1 switches on core 0)
Apr 11 02:03:27.472472 np0000164994 devstack@neutron-api.service[102229]: DEBUG neutron.api.v2.base [None req-a3326fc8-df53-4122-bf41-82d04b903123 admin admin] Request body: {'network': {'router:external': True, 'is_default': True, 'name': 'public', 'admin_state_up': True, 'provider:network_type': 'flat', 'provider:physical_network': 'public'}} {{(pid=102229) prepare_request_body /opt/stack/neutron/neutron/api/v2/base.py:729}}
Apr 11 02:03:27.490625 np0000164994 devstack@neutron-api.service[102229]: DEBUG neutron.pecan_wsgi.hooks.quota_enforcement [None req-a3326fc8-df53-4122-bf41-82d04b903123 admin admin] Made reservation on behalf of e64dd44abb0c4b6bbc005a26db38c03d for: {'network': 1} {{(pid=102229) before /opt/stack/neutron/neutron/pecan_wsgi/hooks/quota_enforcement.py:66}}
Apr 11 02:03:27.495640 np0000164994 devstack@neutron-api.service[102229]: DEBUG neutron_lib.callbacks.manager [None req-a3326fc8-df53-4122-bf41-82d04b903123 admin admin] Publish callbacks ['neutron.plugins.ml2.plugin.SecurityGroupDbMixin._ensure_default_security_group_handler-1100408'] for network (None), before_create {{(pid=102229) _notify_loop /opt/stack/data/venv/lib/python3.12/site-packages/neutron_lib/callbacks/manager.py:184}}
Apr 11 02:03:27.511847 np0000164994 devstack@neutron-api.service[102229]: DEBUG neutron.plugins.ml2.drivers.type_flat [None req-a3326fc8-df53-4122-bf41-82d04b903123 admin admin] Reserving flat network on physical network public {{(pid=102229) reserve_provider_segment /opt/stack/neutron/neutron/plugins/ml2/drivers/type_flat.py:100}}
Apr 11 02:03:27.523462 np0000164994 devstack@neutron-api.service[102229]: DEBUG neutron_lib.callbacks.manager [None req-a3326fc8-df53-4122-bf41-82d04b903123 admin admin] Publish callbacks ['neutron.services.segments.db._add_segment_host_mapping_for_segment-8730660375522', 'neutron.plugins.ml2.plugin.Ml2Plugin._handle_segment_change-1877160'] for segment (affe3f80-0b8b-4cf0-bdd0-89a6e0f4e9e3), precommit_create {{(pid=102229) _notify_loop /opt/stack/data/venv/lib/python3.12/site-packages/neutron_lib/callbacks/manager.py:184}}
Apr 11 02:03:27.523810 np0000164994 devstack@neutron-api.service[102229]: DEBUG neutron_lib.callbacks.manager [None req-a3326fc8-df53-4122-bf41-82d04b903123 admin admin] Unsubscribe: segment precommit_create {{(pid=102229) unsubscribe /opt/stack/data/venv/lib/python3.12/site-packages/neutron_lib/callbacks/manager.py:90}}
Apr 11 02:03:27.524004 np0000164994 devstack@neutron-api.service[102229]: INFO neutron.db.segments_db [None req-a3326fc8-df53-4122-bf41-82d04b903123 admin admin] Added segment affe3f80-0b8b-4cf0-bdd0-89a6e0f4e9e3 of type flat for network f4e96285-c754-4e28-b0a0-d93a519c1f94
Apr 11 02:03:27.531710 np0000164994 devstack@neutron-api.service[102231]: DEBUG futurist.periodics [-] Submitting periodic callback 'neutron.plugins.ml2.drivers.ovn.mech_driver.ovsdb.maintenance.HashRingHealthCheckPeriodics.touch_hash_ring_node' {{(pid=102231) _process_scheduled /opt/stack/data/venv/lib/python3.12/site-packages/futurist/periodics.py:784}}
Apr 11 02:03:27.533039 np0000164994 devstack@neutron-api.service[102231]: DEBUG neutron.plugins.ml2.drivers.ovn.mech_driver.ovsdb.maintenance [-] Touching Hash Ring node "c93cae062444526aa00b2fdc7c56df55" from periodic health check thread {{(pid=102231) touch_hash_ring_node /opt/stack/neutron/neutron/plugins/ml2/drivers/ovn/mech_driver/ovsdb/maintenance.py:1332}}
Apr 11 02:03:27.549174 np0000164994 devstack@neutron-api.service[102229]: DEBUG neutron_lib.callbacks.manager [None req-a3326fc8-df53-4122-bf41-82d04b903123 admin admin] Publish callbacks ['neutron.services.auto_allocate.db._ensure_external_network_default_value_callback-8730659207202'] for network (f4e96285-c754-4e28-b0a0-d93a519c1f94), precommit_create {{(pid=102229) _notify_loop /opt/stack/data/venv/lib/python3.12/site-packages/neutron_lib/callbacks/manager.py:184}}
Apr 11 02:03:27.565321 np0000164994 devstack@neutron-api.service[102229]: DEBUG neutron.plugins.ml2.drivers.ovn.mech_driver.mech_driver [None req-a3326fc8-df53-4122-bf41-82d04b903123 admin admin] Validating network segment with type flat, segmentation ID None, physical network public {{(pid=102229) _validate_network_segments /opt/stack/neutron/neutron/plugins/ml2/drivers/ovn/mech_driver/mech_driver.py:631}}
Apr 11 02:03:27.565478 np0000164994 devstack@neutron-api.service[102229]: DEBUG neutron.db.ovn_revision_numbers_db [None req-a3326fc8-df53-4122-bf41-82d04b903123 admin admin] create_initial_revision uuid=f4e96285-c754-4e28-b0a0-d93a519c1f94, type=networks, rev=-1 {{(pid=102229) create_initial_revision /opt/stack/neutron/neutron/db/ovn_revision_numbers_db.py:98}}
Apr 11 02:03:27.580761 np0000164994 devstack@neutron-api.service[102229]: DEBUG neutron_lib.callbacks.manager [None req-a3326fc8-df53-4122-bf41-82d04b903123 admin admin] Publish callbacks ['neutron.plugins.ml2.ovo_rpc._ObjectChangeHandler.handle_event-4079677'] for network (f4e96285-c754-4e28-b0a0-d93a519c1f94), after_create {{(pid=102229) _notify_loop /opt/stack/data/venv/lib/python3.12/site-packages/neutron_lib/callbacks/manager.py:184}}
Apr 11 02:03:27.611520 np0000164994 devstack@neutron-api.service[102229]: DEBUG neutron.api.rpc.handlers.resources_rpc [None req-a3326fc8-df53-4122-bf41-82d04b903123 admin admin] Pushing event updated for resources: {'Network': ['ID=f4e96285-c754-4e28-b0a0-d93a519c1f94,revision_number=1']} {{(pid=102229) push /opt/stack/neutron/neutron/api/rpc/handlers/resources_rpc.py:237}}
Apr 11 02:03:27.621996 np0000164994 devstack@neutron-api.service[102229]: DEBUG ovsdbapp.backend.ovs_idl.transaction [-] Running txn n=1 command(idx=0): AddNetworkCommand(_result=None, network_uuid=f4e96285-c754-4e28-b0a0-d93a519c1f94, may_exist=True, columns={'external_ids': {'neutron:network_name': 'public', 'neutron:mtu': '1430', 'neutron:revision_number': '1', 'neutron:availability_zone_hints': '', 'neutron:provnet-network-type': 'flat', 'neutron:provnet-physical-network': 'public'}, 'other_config': {'mcast_snoop': 'false', 'mcast_flood_unregistered': 'false', 'vlan-passthru': 'false', 'fdb_age_threshold': '300', 'broadcast-arps-to-all-routers': 'true'}}) {{(pid=102229) do_commit /opt/stack/data/venv/lib/python3.12/site-packages/ovsdbapp/backend/ovs_idl/transaction.py:89}}
Apr 11 02:03:27.622600 np0000164994 devstack@neutron-api.service[102229]: DEBUG neutron.common.ovn.utils [-] OVS persist_uuid supported=True {{(pid=102229) ovs_persist_uuid_supported /opt/stack/neutron/neutron/common/ovn/utils.py:1527}}
Apr 11 02:03:27.622999 np0000164994 devstack@neutron-api.service[102229]: DEBUG ovsdbapp.backend.ovs_idl.transaction [-] Running txn n=1 command(idx=1): AddLSwitchPortCommand(_result=None, lport=provnet-affe3f80-0b8b-4cf0-bdd0-89a6e0f4e9e3, lswitch=neutron-f4e96285-c754-4e28-b0a0-d93a519c1f94, may_exist=True, network_uuid=f4e96285-c754-4e28-b0a0-d93a519c1f94, columns={'addresses': ['unknown'], 'external_ids': {}, 'type': 'localnet', 'tag': None, 'options': {'network_name': 'public', 'mcast_flood_reports': 'true', 'mcast_flood': 'false', 'localnet_learn_fdb': 'false'}}) {{(pid=102229) do_commit /opt/stack/data/venv/lib/python3.12/site-packages/ovsdbapp/backend/ovs_idl/transaction.py:89}}
Apr 11 02:03:27.628412 np0000164994 devstack@neutron-api.service[102232]: DEBUG neutron.plugins.ml2.drivers.ovn.mech_driver.ovsdb.ovsdb_monitor [None req-a956394f-eadc-4491-8faa-dbaf54f8dc89 None None] Touching Hash Ring node "c625d4fa140d5f699fde9bed4951f1c4" from IDL notify handler {{(pid=102232) notify /opt/stack/neutron/neutron/plugins/ml2/drivers/ovn/mech_driver/ovsdb/ovsdb_monitor.py:904}}
Apr 11 02:03:27.629740 np0000164994 devstack@neutron-api.service[102229]: DEBUG futurist.periodics [-] Submitting periodic callback 'neutron.plugins.ml2.drivers.ovn.mech_driver.ovsdb.maintenance.HashRingHealthCheckPeriodics.touch_hash_ring_node' {{(pid=102229) _process_scheduled /opt/stack/data/venv/lib/python3.12/site-packages/futurist/periodics.py:784}}
Apr 11 02:03:27.630194 np0000164994 devstack@neutron-api.service[102231]: DEBUG neutron.plugins.ml2.drivers.ovn.mech_driver.ovsdb.ovsdb_monitor [-] Hash Ring: Node c93cae062444526aa00b2fdc7c56df55 (host: np0000164994) handling event "create" for row f4e96285-c754-4e28-b0a0-d93a519c1f94 (table: Logical_Switch) {{(pid=102231) notify /opt/stack/neutron/neutron/plugins/ml2/drivers/ovn/mech_driver/ovsdb/ovsdb_monitor.py:912}}
Apr 11 02:03:27.630701 np0000164994 devstack@neutron-api.service[102231]: DEBUG neutron.plugins.ml2.drivers.ovn.mech_driver.ovsdb.ovsdb_monitor [-] Hash Ring: Node c93cae062444526aa00b2fdc7c56df55 (host: np0000164994) handling event "create" for row c041aab8-8353-4ecb-abb4-7556ae561a46 (table: Logical_Switch_Port) {{(pid=102231) notify /opt/stack/neutron/neutron/plugins/ml2/drivers/ovn/mech_driver/ovsdb/ovsdb_monitor.py:912}}
Apr 11 02:03:27.633203 np0000164994 devstack@neutron-api.service[102231]: DEBUG ovsdbapp.backend.ovs_idl.event [-] Matched CREATE: LogicalSwitchPortCreateEvent(events=('create',), table='Logical_Switch_Port', conditions=[], old_conditions=None), priority=20 to row=Logical_Switch_Port(uuid=c041aab8-8353-4ecb-abb4-7556ae561a46, addresses=['unknown'], dhcpv4_options=[], dhcpv6_options=[], dynamic_addresses=[], enabled=[], external_ids={}, ha_chassis_group=[], mirror_rules=[], name='provnet-affe3f80-0b8b-4cf0-bdd0-89a6e0f4e9e3', options={'localnet_learn_fdb': 'false', 'mcast_flood': 'false', 'mcast_flood_reports': 'true', 'network_name': 'public'}, parent_name=[], port_security=[], tag=[], tag_request=[], type='localnet', up=[]) old= {{(pid=102231) matches /opt/stack/data/venv/lib/python3.12/site-packages/ovsdbapp/backend/ovs_idl/event.py:55}}
Apr 11 02:03:27.633991 np0000164994 devstack@neutron-api.service[102231]: INFO neutron.plugins.ml2.drivers.ovn.mech_driver.mech_driver [None req-7c34dcbe-9e82-46c6-887b-216089d68926 None None] OVN reports status down for port: provnet-affe3f80-0b8b-4cf0-bdd0-89a6e0f4e9e3
Apr 11 02:03:27.635954 np0000164994 devstack@neutron-api.service[102232]: DEBUG neutron.plugins.ml2.drivers.ovn.mech_driver.ovsdb.ovsdb_monitor [None req-26f152ac-6a82-4888-9856-6b54f0a2c1a6 None None] Touching Hash Ring node "c625d4fa140d5f699fde9bed4951f1c4" from IDL notify handler {{(pid=102232) notify /opt/stack/neutron/neutron/plugins/ml2/drivers/ovn/mech_driver/ovsdb/ovsdb_monitor.py:904}}
Apr 11 02:03:27.636074 np0000164994 devstack@neutron-api.service[102231]: DEBUG neutron.plugins.ml2.drivers.ovn.mech_driver.ovsdb.ovsdb_monitor [-] Hash Ring: Node c93cae062444526aa00b2fdc7c56df55 (host: np0000164994) handling event "update" for row c041aab8-8353-4ecb-abb4-7556ae561a46 (table: Logical_Switch_Port) {{(pid=102231) notify /opt/stack/neutron/neutron/plugins/ml2/drivers/ovn/mech_driver/ovsdb/ovsdb_monitor.py:912}}
Apr 11 02:03:27.637263 np0000164994 devstack@neutron-api.service[102231]: DEBUG neutron.plugins.ml2.drivers.ovn.mech_driver.ovsdb.ovsdb_monitor [-] Hash Ring: Node c93cae062444526aa00b2fdc7c56df55 (host: np0000164994) handling event "create" for row cce42cc7-959c-489a-b367-e7e7ea568793 (table: Datapath_Binding) {{(pid=102231) notify /opt/stack/neutron/neutron/plugins/ml2/drivers/ovn/mech_driver/ovsdb/ovsdb_monitor.py:912}}
Apr 11 02:03:27.638387 np0000164994 devstack@neutron-api.service[102229]: DEBUG neutron.plugins.ml2.drivers.ovn.mech_driver.ovsdb.maintenance [-] Touching Hash Ring node "179a86f390f254a1bda70f320aa876ea" from periodic health check thread {{(pid=102229) touch_hash_ring_node /opt/stack/neutron/neutron/plugins/ml2/drivers/ovn/mech_driver/ovsdb/maintenance.py:1332}}
Apr 11 02:03:27.641259 np0000164994 devstack@neutron-api.service[102232]: DEBUG neutron.plugins.ml2.drivers.ovn.mech_driver.ovsdb.ovsdb_monitor [None req-a956394f-eadc-4491-8faa-dbaf54f8dc89 None None] Hash Ring: Node c625d4fa140d5f699fde9bed4951f1c4 (host: np0000164994) handling event "create" for row f4e96285-c754-4e28-b0a0-d93a519c1f94 (table: Logical_Switch) {{(pid=102232) notify /opt/stack/neutron/neutron/plugins/ml2/drivers/ovn/mech_driver/ovsdb/ovsdb_monitor.py:912}}
Apr 11 02:03:27.642643 np0000164994 devstack@neutron-api.service[102232]: DEBUG neutron.plugins.ml2.drivers.ovn.mech_driver.ovsdb.ovsdb_monitor [None req-26f152ac-6a82-4888-9856-6b54f0a2c1a6 None None] Hash Ring: Node c625d4fa140d5f699fde9bed4951f1c4 (host: np0000164994) handling event "create" for row cce42cc7-959c-489a-b367-e7e7ea568793 (table: Datapath_Binding) {{(pid=102232) notify /opt/stack/neutron/neutron/plugins/ml2/drivers/ovn/mech_driver/ovsdb/ovsdb_monitor.py:912}}
Apr 11 02:03:27.644384 np0000164994 devstack@neutron-api.service[102232]: DEBUG neutron.plugins.ml2.drivers.ovn.mech_driver.ovsdb.ovsdb_monitor [None req-26f152ac-6a82-4888-9856-6b54f0a2c1a6 None None] Touching Hash Ring node "c625d4fa140d5f699fde9bed4951f1c4" from IDL notify handler {{(pid=102232) notify /opt/stack/neutron/neutron/plugins/ml2/drivers/ovn/mech_driver/ovsdb/ovsdb_monitor.py:904}}
Apr 11 02:03:27.645563 np0000164994 devstack@neutron-api.service[102232]: DEBUG neutron.plugins.ml2.drivers.ovn.mech_driver.ovsdb.ovsdb_monitor [None req-a956394f-eadc-4491-8faa-dbaf54f8dc89 None None] Touching Hash Ring node "c625d4fa140d5f699fde9bed4951f1c4" from IDL notify handler {{(pid=102232) notify /opt/stack/neutron/neutron/plugins/ml2/drivers/ovn/mech_driver/ovsdb/ovsdb_monitor.py:904}}
Apr 11 02:03:27.648566 np0000164994 devstack@neutron-api.service[102232]: DEBUG neutron.plugins.ml2.drivers.ovn.mech_driver.ovsdb.ovsdb_monitor [None req-26f152ac-6a82-4888-9856-6b54f0a2c1a6 None None] Hash Ring: Node c625d4fa140d5f699fde9bed4951f1c4 (host: np0000164994) handling event "create" for row 689c2007-165a-4c49-86d5-33ae596af538 (table: Port_Binding) {{(pid=102232) notify /opt/stack/neutron/neutron/plugins/ml2/drivers/ovn/mech_driver/ovsdb/ovsdb_monitor.py:912}}
Apr 11 02:03:27.649280 np0000164994 devstack@neutron-api.service[102232]: DEBUG neutron.plugins.ml2.drivers.ovn.mech_driver.ovsdb.ovsdb_monitor [None req-a956394f-eadc-4491-8faa-dbaf54f8dc89 None None] Hash Ring: Node c625d4fa140d5f699fde9bed4951f1c4 (host: np0000164994) handling event "create" for row c041aab8-8353-4ecb-abb4-7556ae561a46 (table: Logical_Switch_Port) {{(pid=102232) notify /opt/stack/neutron/neutron/plugins/ml2/drivers/ovn/mech_driver/ovsdb/ovsdb_monitor.py:912}}
Apr 11 02:03:27.650143 np0000164994 devstack@neutron-api.service[102232]: DEBUG ovsdbapp.backend.ovs_idl.event [None req-a956394f-eadc-4491-8faa-dbaf54f8dc89 None None] Matched CREATE: LogicalSwitchPortCreateEvent(events=('create',), table='Logical_Switch_Port', conditions=[], old_conditions=None), priority=20 to row=Logical_Switch_Port(uuid=c041aab8-8353-4ecb-abb4-7556ae561a46, addresses=['unknown'], dhcpv4_options=[], dhcpv6_options=[], dynamic_addresses=[], enabled=[], external_ids={}, ha_chassis_group=[], mirror_rules=[], name='provnet-affe3f80-0b8b-4cf0-bdd0-89a6e0f4e9e3', options={'localnet_learn_fdb': 'false', 'mcast_flood': 'false', 'mcast_flood_reports': 'true', 'network_name': 'public'}, parent_name=[], port_security=[], tag=[], tag_request=[], type='localnet', up=[]) old= {{(pid=102232) matches /opt/stack/data/venv/lib/python3.12/site-packages/ovsdbapp/backend/ovs_idl/event.py:55}}
Apr 11 02:03:27.651129 np0000164994 devstack@neutron-api.service[102232]: INFO neutron.plugins.ml2.drivers.ovn.mech_driver.mech_driver [None req-5200c866-19ea-4f87-a414-61513d5ec1c7 None None] OVN reports status down for port: provnet-affe3f80-0b8b-4cf0-bdd0-89a6e0f4e9e3
Apr 11 02:03:27.652650 np0000164994 devstack@neutron-api.service[102232]: DEBUG neutron.plugins.ml2.drivers.ovn.mech_driver.ovsdb.ovsdb_monitor [None req-a956394f-eadc-4491-8faa-dbaf54f8dc89 None None] Touching Hash Ring node "c625d4fa140d5f699fde9bed4951f1c4" from IDL notify handler {{(pid=102232) notify /opt/stack/neutron/neutron/plugins/ml2/drivers/ovn/mech_driver/ovsdb/ovsdb_monitor.py:904}}
Apr 11 02:03:27.655139 np0000164994 devstack@neutron-api.service[102232]: DEBUG neutron.plugins.ml2.drivers.ovn.mech_driver.ovsdb.ovsdb_monitor [None req-a956394f-eadc-4491-8faa-dbaf54f8dc89 None None] Hash Ring: Node c625d4fa140d5f699fde9bed4951f1c4 (host: np0000164994) handling event "update" for row c041aab8-8353-4ecb-abb4-7556ae561a46 (table: Logical_Switch_Port) {{(pid=102232) notify /opt/stack/neutron/neutron/plugins/ml2/drivers/ovn/mech_driver/ovsdb/ovsdb_monitor.py:912}}
Apr 11 02:03:27.665000 np0000164994 devstack@neutron-api.service[102229]: INFO neutron.db.ovn_revision_numbers_db [None req-a3326fc8-df53-4122-bf41-82d04b903123 admin admin] Successfully bumped revision number for resource f4e96285-c754-4e28-b0a0-d93a519c1f94 (type: networks) to 1
Apr 11 02:03:27.677364 np0000164994 devstack@neutron-api.service[102230]: DEBUG futurist.periodics [-] Submitting periodic callback 'neutron.plugins.ml2.drivers.ovn.mech_driver.ovsdb.maintenance.HashRingHealthCheckPeriodics.touch_hash_ring_node' {{(pid=102230) _process_scheduled /opt/stack/data/venv/lib/python3.12/site-packages/futurist/periodics.py:784}}
Apr 11 02:03:27.678603 np0000164994 devstack@neutron-api.service[102230]: DEBUG neutron.plugins.ml2.drivers.ovn.mech_driver.ovsdb.maintenance [-] Touching Hash Ring node "90c3326669f252fda686b5da887fedce" from periodic health check thread {{(pid=102230) touch_hash_ring_node /opt/stack/neutron/neutron/plugins/ml2/drivers/ovn/mech_driver/ovsdb/maintenance.py:1332}}
Apr 11 02:03:27.692708 np0000164994 devstack@neutron-api.service[102229]: DEBUG neutron_lib.callbacks.manager [None req-a3326fc8-df53-4122-bf41-82d04b903123 admin admin] Publish callbacks ['neutron.plugins.ml2.plugin.SecurityGroupDbMixin._ensure_default_security_group_handler-1100408'] for port (None), before_create {{(pid=102229) _notify_loop /opt/stack/data/venv/lib/python3.12/site-packages/neutron_lib/callbacks/manager.py:184}}
Apr 11 02:03:27.764833 np0000164994 devstack@neutron-api.service[102229]: DEBUG neutron_lib.callbacks.manager [None req-a3326fc8-df53-4122-bf41-82d04b903123 admin admin] Publish callbacks ['neutron.plugins.ml2.drivers.ovn.mech_driver.mech_driver.OVNMechanismDriver._validate_allowed_address_pairs-306180'] for allowed_address_pair (9c6c3d4d-0944-4766-b5d7-bbd1eae03eb8), before_create {{(pid=102229) _notify_loop /opt/stack/data/venv/lib/python3.12/site-packages/neutron_lib/callbacks/manager.py:184}}
Apr 11 02:03:27.765337 np0000164994 devstack@neutron-api.service[102229]: DEBUG neutron_lib.callbacks.manager [None req-a3326fc8-df53-4122-bf41-82d04b903123 admin admin] Publish callbacks [] for port (9c6c3d4d-0944-4766-b5d7-bbd1eae03eb8), precommit_create {{(pid=102229) _notify_loop /opt/stack/data/venv/lib/python3.12/site-packages/neutron_lib/callbacks/manager.py:184}}
Apr 11 02:03:27.765553 np0000164994 devstack@neutron-api.service[102229]: DEBUG neutron.plugins.ml2.drivers.ovn.mech_driver.mech_driver [None req-a3326fc8-df53-4122-bf41-82d04b903123 admin admin] No provisioning block for port 9c6c3d4d-0944-4766-b5d7-bbd1eae03eb8 since it does not have a host {{(pid=102229) _is_port_provisioning_required /opt/stack/neutron/neutron/plugins/ml2/drivers/ovn/mech_driver/mech_driver.py:884}}
Apr 11 02:03:27.765690 np0000164994 devstack@neutron-api.service[102229]: DEBUG neutron.db.ovn_revision_numbers_db [None req-a3326fc8-df53-4122-bf41-82d04b903123 admin admin] create_initial_revision uuid=9c6c3d4d-0944-4766-b5d7-bbd1eae03eb8, type=ports, rev=-1 {{(pid=102229) create_initial_revision /opt/stack/neutron/neutron/db/ovn_revision_numbers_db.py:98}}
Apr 11 02:03:27.815266 np0000164994 devstack@neutron-api.service[102229]: DEBUG neutron_lib.callbacks.manager [None req-a3326fc8-df53-4122-bf41-82d04b903123 admin admin] Publish callbacks ['neutron.plugins.ml2.ovo_rpc._ObjectChangeHandler.handle_event-4080052'] for port (9c6c3d4d-0944-4766-b5d7-bbd1eae03eb8), after_create {{(pid=102229) _notify_loop /opt/stack/data/venv/lib/python3.12/site-packages/neutron_lib/callbacks/manager.py:184}}
Apr 11 02:03:27.843413 np0000164994 devstack@neutron-api.service[102229]: DEBUG neutron.api.rpc.handlers.resources_rpc [None req-a3326fc8-df53-4122-bf41-82d04b903123 admin admin] Pushing event updated for resources: {'Port': ['ID=9c6c3d4d-0944-4766-b5d7-bbd1eae03eb8,revision_number=1']} {{(pid=102229) push /opt/stack/neutron/neutron/api/rpc/handlers/resources_rpc.py:237}}
Apr 11 02:03:27.857366 np0000164994 devstack@neutron-api.service[102229]: DEBUG ovsdbapp.backend.ovs_idl.transaction [-] Running txn n=1 command(idx=0): AddLSwitchPortCommand(_result=None, lport=9c6c3d4d-0944-4766-b5d7-bbd1eae03eb8, lswitch=neutron-f4e96285-c754-4e28-b0a0-d93a519c1f94, may_exist=True, network_uuid=f4e96285-c754-4e28-b0a0-d93a519c1f94, columns={'addresses': ['fa:16:3e:89:50:e8'], 'external_ids': {'neutron:port_name': '', 'neutron:device_id': 'ovnmeta-f4e96285-c754-4e28-b0a0-d93a519c1f94', 'neutron:project_id': 'e64dd44abb0c4b6bbc005a26db38c03d', 'neutron:cidrs': '', 'neutron:device_owner': 'network:distributed', 'neutron:subnet_pool_addr_scope4': '', 'neutron:subnet_pool_addr_scope6': '', 'neutron:network_name': 'neutron-f4e96285-c754-4e28-b0a0-d93a519c1f94', 'neutron:security_group_ids': '', 'neutron:revision_number': '1', 'neutron:vnic_type': 'normal', 'neutron:port_capabilities': '', 'neutron:mtu': ''}, 'parent_name': [], 'tag': [], 'enabled': True, 'options': {}, 'type': 'localport', 'port_security': [], 'dhcpv4_options': [], 'dhcpv6_options': []}) {{(pid=102229) do_commit /opt/stack/data/venv/lib/python3.12/site-packages/ovsdbapp/backend/ovs_idl/transaction.py:89}}
Apr 11 02:03:27.857722 np0000164994 devstack@neutron-api.service[102229]: DEBUG ovsdbapp.backend.ovs_idl.transaction [-] Running txn n=1 command(idx=1): QoSDelCommand(_result=None, switch=neutron-f4e96285-c754-4e28-b0a0-d93a519c1f94, conditions=[('direction', '=', 'to-lport'), ('priority', '=', 2002), ('match', '=', 'outport == "9c6c3d4d-0944-4766-b5d7-bbd1eae03eb8"')], if_exists=True) {{(pid=102229) do_commit /opt/stack/data/venv/lib/python3.12/site-packages/ovsdbapp/backend/ovs_idl/transaction.py:89}}
Apr 11 02:03:27.857824 np0000164994 devstack@neutron-api.service[102229]: DEBUG ovsdbapp.backend.ovs_idl.transaction [-] Running txn n=1 command(idx=2): QoSDelCommand(_result=None, switch=neutron-f4e96285-c754-4e28-b0a0-d93a519c1f94, conditions=[('direction', '=', 'from-lport'), ('priority', '=', 2002), ('match', '=', 'inport == "9c6c3d4d-0944-4766-b5d7-bbd1eae03eb8"')], if_exists=True) {{(pid=102229) do_commit /opt/stack/data/venv/lib/python3.12/site-packages/ovsdbapp/backend/ovs_idl/transaction.py:89}}
Apr 11 02:03:27.857975 np0000164994 devstack@neutron-api.service[102229]: DEBUG ovsdbapp.backend.ovs_idl.transaction [-] Running txn n=1 command(idx=3): UpdateLSwitchPortQosOptionsCommand(_result=None, lport=AddLSwitchPortCommand(_result=a61615d0-355e-469f-b433-78d950c1dfa8, lport=9c6c3d4d-0944-4766-b5d7-bbd1eae03eb8, lswitch=neutron-f4e96285-c754-4e28-b0a0-d93a519c1f94, may_exist=True, network_uuid=f4e96285-c754-4e28-b0a0-d93a519c1f94, columns={'addresses': ['fa:16:3e:89:50:e8'], 'external_ids': {'neutron:port_name': '', 'neutron:device_id': 'ovnmeta-f4e96285-c754-4e28-b0a0-d93a519c1f94', 'neutron:project_id': 'e64dd44abb0c4b6bbc005a26db38c03d', 'neutron:cidrs': '', 'neutron:device_owner': 'network:distributed', 'neutron:subnet_pool_addr_scope4': '', 'neutron:subnet_pool_addr_scope6': '', 'neutron:network_name': 'neutron-f4e96285-c754-4e28-b0a0-d93a519c1f94', 'neutron:security_group_ids': '', 'neutron:revision_number': '1', 'neutron:vnic_type': 'normal', 'neutron:port_capabilities': '', 'neutron:mtu': ''}, 'parent_name': [], 'enabled': True, 'options': {}, 'type': 'localport', 'port_security': []}), if_exists=True, qos={'qos_max_rate': None, 'qos_burst': None, 'qos_min_rate': None}) {{(pid=102229) do_commit /opt/stack/data/venv/lib/python3.12/site-packages/ovsdbapp/backend/ovs_idl/transaction.py:89}}
Apr 11 02:03:27.864006 np0000164994 devstack@neutron-api.service[102230]: DEBUG neutron.plugins.ml2.drivers.ovn.mech_driver.ovsdb.ovsdb_monitor [-] Hash Ring: Node 90c3326669f252fda686b5da887fedce (host: np0000164994) handling event "create" for row c3fffc83-ee3f-4c58-b002-211899d9a1a9 (table: Logical_Switch_Port) {{(pid=102230) notify /opt/stack/neutron/neutron/plugins/ml2/drivers/ovn/mech_driver/ovsdb/ovsdb_monitor.py:912}}
Apr 11 02:03:27.865067 np0000164994 devstack@neutron-api.service[102231]: DEBUG neutron.plugins.ml2.drivers.ovn.mech_driver.ovsdb.ovsdb_monitor [-] Hash Ring: Node c93cae062444526aa00b2fdc7c56df55 (host: np0000164994) handling event "update" for row f4e96285-c754-4e28-b0a0-d93a519c1f94 (table: Logical_Switch) {{(pid=102231) notify /opt/stack/neutron/neutron/plugins/ml2/drivers/ovn/mech_driver/ovsdb/ovsdb_monitor.py:912}}
Apr 11 02:03:27.865970 np0000164994 devstack@neutron-api.service[102230]: DEBUG ovsdbapp.backend.ovs_idl.event [-] Matched CREATE: LogicalSwitchPortCreateEvent(events=('create',), table='Logical_Switch_Port', conditions=[], old_conditions=None), priority=20 to row=Logical_Switch_Port(uuid=c3fffc83-ee3f-4c58-b002-211899d9a1a9, addresses=['fa:16:3e:89:50:e8'], dhcpv4_options=[], dhcpv6_options=[], dynamic_addresses=[], enabled=True, external_ids={'neutron:cidrs': '', 'neutron:device_id': 'ovnmeta-f4e96285-c754-4e28-b0a0-d93a519c1f94', 'neutron:device_owner': 'network:distributed', 'neutron:mtu': '', 'neutron:network_name': 'neutron-f4e96285-c754-4e28-b0a0-d93a519c1f94', 'neutron:port_capabilities': '', 'neutron:port_name': '', 'neutron:project_id': 'e64dd44abb0c4b6bbc005a26db38c03d', 'neutron:revision_number': '1', 'neutron:security_group_ids': '', 'neutron:subnet_pool_addr_scope4': '', 'neutron:subnet_pool_addr_scope6': '', 'neutron:vnic_type': 'normal'}, ha_chassis_group=[], mirror_rules=[], name='9c6c3d4d-0944-4766-b5d7-bbd1eae03eb8', options={}, parent_name=[], port_security=[], tag=[], tag_request=[], type='localport', up=[]) old= {{(pid=102230) matches /opt/stack/data/venv/lib/python3.12/site-packages/ovsdbapp/backend/ovs_idl/event.py:55}}
Apr 11 02:03:27.867340 np0000164994 devstack@neutron-api.service[102230]: INFO neutron.plugins.ml2.drivers.ovn.mech_driver.mech_driver [None req-a925fcf1-0774-4e60-8793-ede3c2235e08 None None] OVN reports status down for port: 9c6c3d4d-0944-4766-b5d7-bbd1eae03eb8
Apr 11 02:03:27.869156 np0000164994 devstack@neutron-api.service[102231]: DEBUG neutron.plugins.ml2.drivers.ovn.mech_driver.ovsdb.ovsdb_monitor [-] Hash Ring: Node c93cae062444526aa00b2fdc7c56df55 (host: np0000164994) handling event "create" for row 0025fc72-ecd0-4c4e-a9be-d972d12e6071 (table: Port_Binding) {{(pid=102231) notify /opt/stack/neutron/neutron/plugins/ml2/drivers/ovn/mech_driver/ovsdb/ovsdb_monitor.py:912}}
Apr 11 02:03:27.869681 np0000164994 devstack@neutron-api.service[102232]: DEBUG neutron.plugins.ml2.drivers.ovn.mech_driver.ovsdb.ovsdb_monitor [None req-26f152ac-6a82-4888-9856-6b54f0a2c1a6 None None] Touching Hash Ring node "c625d4fa140d5f699fde9bed4951f1c4" from IDL notify handler {{(pid=102232) notify /opt/stack/neutron/neutron/plugins/ml2/drivers/ovn/mech_driver/ovsdb/ovsdb_monitor.py:904}}
Apr 11 02:03:27.870344 np0000164994 devstack@neutron-api.service[102230]: DEBUG neutron.plugins.ml2.drivers.ovn.mech_driver.ovsdb.ovsdb_monitor [-] Hash Ring: Node 90c3326669f252fda686b5da887fedce (host: np0000164994) handling event "update" for row c3fffc83-ee3f-4c58-b002-211899d9a1a9 (table: Logical_Switch_Port) {{(pid=102230) notify /opt/stack/neutron/neutron/plugins/ml2/drivers/ovn/mech_driver/ovsdb/ovsdb_monitor.py:912}}
Apr 11 02:03:27.871239 np0000164994 devstack@neutron-api.service[102232]: DEBUG neutron.plugins.ml2.drivers.ovn.mech_driver.ovsdb.ovsdb_monitor [None req-a956394f-eadc-4491-8faa-dbaf54f8dc89 None None] Touching Hash Ring node "c625d4fa140d5f699fde9bed4951f1c4" from IDL notify handler {{(pid=102232) notify /opt/stack/neutron/neutron/plugins/ml2/drivers/ovn/mech_driver/ovsdb/ovsdb_monitor.py:904}}
Apr 11 02:03:27.874304 np0000164994 devstack@neutron-api.service[102232]: DEBUG neutron.plugins.ml2.drivers.ovn.mech_driver.ovsdb.ovsdb_monitor [None req-26f152ac-6a82-4888-9856-6b54f0a2c1a6 None None] Hash Ring: Node c625d4fa140d5f699fde9bed4951f1c4 (host: np0000164994) handling event "create" for row 0025fc72-ecd0-4c4e-a9be-d972d12e6071 (table: Port_Binding) {{(pid=102232) notify /opt/stack/neutron/neutron/plugins/ml2/drivers/ovn/mech_driver/ovsdb/ovsdb_monitor.py:912}}
Apr 11 02:03:27.875101 np0000164994 devstack@neutron-api.service[102232]: DEBUG neutron.plugins.ml2.drivers.ovn.mech_driver.ovsdb.ovsdb_monitor [None req-a956394f-eadc-4491-8faa-dbaf54f8dc89 None None] Hash Ring: Node c625d4fa140d5f699fde9bed4951f1c4 (host: np0000164994) handling event "update" for row f4e96285-c754-4e28-b0a0-d93a519c1f94 (table: Logical_Switch) {{(pid=102232) notify /opt/stack/neutron/neutron/plugins/ml2/drivers/ovn/mech_driver/ovsdb/ovsdb_monitor.py:912}}
Apr 11 02:03:27.875799 np0000164994 devstack@neutron-api.service[102232]: DEBUG neutron.plugins.ml2.drivers.ovn.mech_driver.ovsdb.ovsdb_monitor [None req-a956394f-eadc-4491-8faa-dbaf54f8dc89 None None] Touching Hash Ring node "c625d4fa140d5f699fde9bed4951f1c4" from IDL notify handler {{(pid=102232) notify /opt/stack/neutron/neutron/plugins/ml2/drivers/ovn/mech_driver/ovsdb/ovsdb_monitor.py:904}}
Apr 11 02:03:27.877713 np0000164994 devstack@neutron-api.service[102232]: DEBUG neutron.plugins.ml2.drivers.ovn.mech_driver.ovsdb.ovsdb_monitor [None req-a956394f-eadc-4491-8faa-dbaf54f8dc89 None None] Hash Ring: Node c625d4fa140d5f699fde9bed4951f1c4 (host: np0000164994) handling event "create" for row c3fffc83-ee3f-4c58-b002-211899d9a1a9 (table: Logical_Switch_Port) {{(pid=102232) notify /opt/stack/neutron/neutron/plugins/ml2/drivers/ovn/mech_driver/ovsdb/ovsdb_monitor.py:912}}
