2026-03-04 02:32:55.295 8 INFO placement.requestlog [req-b816f046-fd1e-449c-90e5-ace94cd62eda req-66552e24-098b-4ac2-8fcb-79d055076def c0cbdce7130d4fb985fcfc881623b8d3 59b95180f6ac47f9b81ebeea0a229261 - - f65d03401fe643fba374468d1db27df7 f65d03401fe643fba374468d1db27df7] 199.204.45.25 "GET /allocations/1d30ea34-e5c2-43bd-b063-439be1813315" status: 200 len: 258 microversion: 1.28 [pid: 8|app: 0|req: 547/1097] 199.204.45.25 () {34 vars in 862 bytes} [Wed Mar 4 02:32:55 2026] GET /allocations/1d30ea34-e5c2-43bd-b063-439be1813315 => generated 258 bytes in 17 msecs (HTTP/1.1 200) 8 headers in 296 bytes (1 switches on core 0)
2026-03-04 02:32:55.324 7 INFO placement.requestlog [req-b816f046-fd1e-449c-90e5-ace94cd62eda req-edc4dcf7-9cf8-497f-8624-8fba328b9877 c0cbdce7130d4fb985fcfc881623b8d3 59b95180f6ac47f9b81ebeea0a229261 - - f65d03401fe643fba374468d1db27df7 f65d03401fe643fba374468d1db27df7] 199.204.45.25 "GET /allocations/66632b5b-fa96-4322-bdbb-bd74f6218293" status: 200 len: 258 microversion: 1.28 [pid: 7|app: 0|req: 551/1098] 199.204.45.25 () {34 vars in 862 bytes} [Wed Mar 4 02:32:55 2026] GET /allocations/66632b5b-fa96-4322-bdbb-bd74f6218293 => generated 258 bytes in 17 msecs (HTTP/1.1 200) 8 headers in 296 bytes (1 switches on core 0)
2026-03-04 02:32:55.412 8 INFO placement.requestlog [req-b816f046-fd1e-449c-90e5-ace94cd62eda req-635e41ad-8fc9-43f9-8b15-d52c375bc4a5 c0cbdce7130d4fb985fcfc881623b8d3 59b95180f6ac47f9b81ebeea0a229261 - - f65d03401fe643fba374468d1db27df7 f65d03401fe643fba374468d1db27df7] 199.204.45.25 "DELETE /allocations/eef70434-49c3-428c-b0d2-b1f265d02e61" status: 204 len: 0 microversion: 1.0 [pid: 8|app: 0|req: 548/1099] 199.204.45.25 () {34 vars in 840 bytes} [Wed Mar 4 02:32:55 2026] DELETE /allocations/eef70434-49c3-428c-b0d2-b1f265d02e61 => generated 0 bytes in 35 msecs (HTTP/1.1 204) 5 headers in 198 bytes (1 switches on core 0)
2026-03-04 02:32:58.169 8 INFO placement.requestlog [None req-a54831e6-4dbd-4edd-aff7-f60e4357afc9 - - - - - -] 10.0.0.223 "GET /" status: 200 len: 136 microversion: 1.0
2026-03-04 02:32:58.169 7 INFO placement.requestlog [None req-a24b26f1-bc2d-496d-bdf0-82ba78b409be - - - - - -] 10.0.0.223 "GET /" status: 200 len: 136 microversion: 1.0
2026-03-04 02:32:58.419 8 INFO placement.requestlog [None req-defccc88-c628-4664-ba24-c910406efadc 9485d081605d4854bc7425fede65ba90 59b95180f6ac47f9b81ebeea0a229261 - - f65d03401fe643fba374468d1db27df7 f65d03401fe643fba374468d1db27df7] 10.0.0.161 "GET /resource_providers/e4270dc1-30c1-494e-9130-da109c44abee/aggregates" status: 404 len: 235 microversion: 1.1 [pid: 8|app: 0|req: 550/1102] 10.0.0.161 () {32 vars in 825 bytes} [Wed Mar 4 02:32:58 2026] GET /resource_providers/e4270dc1-30c1-494e-9130-da109c44abee/aggregates => generated 235 bytes in 11 msecs (HTTP/1.1 404) 5 headers in 202 bytes (1 switches on core 0)
2026-03-04 02:32:58.421 7 INFO placement.requestlog [None req-71db886e-8148-42da-992c-4c747c0d6dd8 9485d081605d4854bc7425fede65ba90 59b95180f6ac47f9b81ebeea0a229261 - - f65d03401fe643fba374468d1db27df7 f65d03401fe643fba374468d1db27df7] 10.0.0.161 "GET /resource_providers/e4270dc1-30c1-494e-9130-da109c44abee/aggregates" status: 404 len: 235 microversion: 1.1 [pid: 7|app: 0|req: 553/1103] 10.0.0.161 () {32 vars in 825 bytes} [Wed Mar 4 02:32:58 2026] GET /resource_providers/e4270dc1-30c1-494e-9130-da109c44abee/aggregates => generated 235 bytes in 12 msecs (HTTP/1.1 404) 5 headers in 202 bytes (1 switches on core 0)
2026-03-04 02:32:58.436 8 INFO placement.requestlog [None req-c585eb45-4c58-4ce3-ace8-f6c43e8848b9 9485d081605d4854bc7425fede65ba90 59b95180f6ac47f9b81ebeea0a229261 - - f65d03401fe643fba374468d1db27df7 f65d03401fe643fba374468d1db27df7] 10.0.0.161 "DELETE /resource_providers/e4270dc1-30c1-494e-9130-da109c44abee" status: 404 len: 246 microversion: 1.1 [pid: 8|app: 0|req: 551/1104] 10.0.0.161 () {34 vars in 825 bytes} [Wed Mar 4 02:32:58 2026] DELETE /resource_providers/e4270dc1-30c1-494e-9130-da109c44abee => generated 246 bytes in 9 msecs (HTTP/1.1 404) 6 headers in 231 bytes (1 switches on core 0)
2026-03-04 02:32:58.442 7 INFO placement.requestlog [None req-5e2f075a-be8a-4b58-8370-1c1d14c62545 9485d081605d4854bc7425fede65ba90 59b95180f6ac47f9b81ebeea0a229261 - - f65d03401fe643fba374468d1db27df7 f65d03401fe643fba374468d1db27df7] 10.0.0.161 "DELETE /resource_providers/e4270dc1-30c1-494e-9130-da109c44abee" status: 404 len: 246 microversion: 1.1 [pid: 7|app: 0|req: 554/1105] 10.0.0.161 () {34 vars in 825 bytes} [Wed Mar 4 02:32:58 2026] DELETE /resource_providers/e4270dc1-30c1-494e-9130-da109c44abee => generated 246 bytes in 10 msecs (HTTP/1.1 404) 6 headers in 231 bytes (1 switches on core 0)
2026-03-04 02:33:08.169 7 INFO placement.requestlog [None req-0e7eb82d-3d99-4922-885b-f31dc63a5b3e - - - - - -] 10.0.0.223 "GET /" status: 200 len: 136 microversion: 1.0
2026-03-04 02:33:08.171 8 INFO placement.requestlog [None req-0eb3af34-b52e-48a4-a976-9e1d2fcd6adc - - - - - -] 10.0.0.223 "GET /" status: 200 len: 136 microversion: 1.0
2026-03-04 02:33:12.154 7 INFO placement.requestlog [None req-144cb4e8-8072-47e4-a3c6-694ea0eb4eee 0eaeb9811a0e4e0683b5036e4583a103 8f88e600cf3449f8a080511d31fa8f58 - - default default] 10.0.0.69 "GET /resource_providers" status: 200 len: 406 microversion: 1.0 [pid: 7|app: 0|req: 556/1108] 10.0.0.69 () {28 vars in 592 bytes} [Wed Mar 4 02:33:12 2026] GET /resource_providers => generated 406 bytes in 133 msecs (HTTP/1.1 200) 6 headers in 224 bytes (1 switches on core 0)
2026-03-04 02:33:12.177 8 INFO placement.requestlog [None req-1c703b78-6193-4edb-8670-56fe30484590 0eaeb9811a0e4e0683b5036e4583a103 8f88e600cf3449f8a080511d31fa8f58 - - default default] 10.0.0.69 "GET /resource_providers/7acb54ef-816e-45d9-b40c-28d8d2591fb5/inventories" status: 200 len: 401 microversion: 1.0 [pid: 8|app: 0|req: 553/1109] 10.0.0.69 () {28 vars in 690 bytes} [Wed Mar 4 02:33:12 2026] GET /resource_providers/7acb54ef-816e-45d9-b40c-28d8d2591fb5/inventories => generated 401 bytes in 19 msecs (HTTP/1.1 200) 6 headers in 224 bytes (1 switches on core 0)
2026-03-04 02:33:12.201 7 INFO placement.requestlog [None req-42265eee-b634-4d9d-8a81-81db497768f6 0eaeb9811a0e4e0683b5036e4583a103 8f88e600cf3449f8a080511d31fa8f58 - - default default] 10.0.0.69 "GET /resource_providers/7acb54ef-816e-45d9-b40c-28d8d2591fb5/usages" status: 200 len: 92 microversion: 1.0 [pid: 7|app: 0|req: 557/1110] 10.0.0.69 () {28 vars in 680 bytes} [Wed Mar 4 02:33:12 2026] GET /resource_providers/7acb54ef-816e-45d9-b40c-28d8d2591fb5/usages => generated 92 bytes in 19 msecs (HTTP/1.1 200) 6 headers in 223 bytes (1 switches on core 0)
2026-03-04 02:33:18.170 8 INFO placement.requestlog [None req-a781d113-2590-4531-8e7c-b2d6cc309023 - - - - - -] 10.0.0.223 "GET /" status: 200 len: 136 microversion: 1.0
2026-03-04 02:33:18.170 7 INFO placement.requestlog [None req-7e81d59f-c6cd-434a-84a9-acb9914c92cd - - - - - -] 10.0.0.223 "GET /" status: 200 len: 136 microversion: 1.0
2026-03-04 02:33:28.169 7 INFO placement.requestlog [None req-ce7bda02-e9a7-46af-aa40-a3b07ad3a491 - - - - - -] 10.0.0.223 "GET /" status: 200 len: 136 microversion: 1.0
2026-03-04 02:33:28.169 8 INFO placement.requestlog [None req-b7cf1398-fed5-4dfb-a933-cc7b4b1912aa - - - - - -] 10.0.0.223 "GET /" status: 200 len: 136 microversion: 1.0
2026-03-04 02:33:36.481 8 INFO placement.requestlog [None req-80f13410-d9bf-4a19-adba-d3b1dca78c0e 9485d081605d4854bc7425fede65ba90 59b95180f6ac47f9b81ebeea0a229261 - - f65d03401fe643fba374468d1db27df7 f65d03401fe643fba374468d1db27df7] 10.0.0.161 "GET /resource_providers/4bcc5b27-96bc-42b0-8163-ceec2cea1e70/aggregates" status: 404 len: 235 microversion: 1.1 [pid: 8|app: 0|req: 556/1115] 10.0.0.161 () {32 vars in 825 bytes} [Wed Mar 4 02:33:36 2026] GET /resource_providers/4bcc5b27-96bc-42b0-8163-ceec2cea1e70/aggregates => generated 235 bytes in 124 msecs (HTTP/1.1 404) 5 headers in 202 bytes (1 switches on core 0)
2026-03-04 02:33:36.486 7 INFO placement.requestlog [None req-e89c334d-beef-47b0-95cd-6625b1f2023f 9485d081605d4854bc7425fede65ba90 59b95180f6ac47f9b81ebeea0a229261 - - f65d03401fe643fba374468d1db27df7 f65d03401fe643fba374468d1db27df7] 10.0.0.161 "GET /resource_providers/4bcc5b27-96bc-42b0-8163-ceec2cea1e70/aggregates" status: 404 len: 235 microversion: 1.1 [pid: 7|app: 0|req: 560/1116] 10.0.0.161 () {32 vars in 825 bytes} [Wed Mar 4 02:33:36 2026] GET /resource_providers/4bcc5b27-96bc-42b0-8163-ceec2cea1e70/aggregates => generated 235 bytes in 130 msecs (HTTP/1.1 404) 5 headers in 202 bytes (1 switches on core 0)
2026-03-04 02:33:36.503 7 INFO placement.requestlog [None req-20b7161c-00b0-4fc2-a341-73005947406c 9485d081605d4854bc7425fede65ba90 59b95180f6ac47f9b81ebeea0a229261 - - f65d03401fe643fba374468d1db27df7 f65d03401fe643fba374468d1db27df7] 10.0.0.161 "DELETE /resource_providers/4bcc5b27-96bc-42b0-8163-ceec2cea1e70" status: 404 len: 246 microversion: 1.1 [pid: 7|app: 0|req: 561/1117] 10.0.0.161 () {34 vars in 825 bytes} [Wed Mar 4 02:33:36 2026] DELETE /resource_providers/4bcc5b27-96bc-42b0-8163-ceec2cea1e70 => generated 246 bytes in 9 msecs (HTTP/1.1 404) 6 headers in 231 bytes (1 switches on core 0)
2026-03-04 02:33:36.505 8 INFO placement.requestlog [None req-ffb8dafd-8e19-44dd-8617-e7de63a568e8 9485d081605d4854bc7425fede65ba90 59b95180f6ac47f9b81ebeea0a229261 - - f65d03401fe643fba374468d1db27df7 f65d03401fe643fba374468d1db27df7] 10.0.0.161 "DELETE /resource_providers/4bcc5b27-96bc-42b0-8163-ceec2cea1e70" status: 404 len: 246 microversion: 1.1 [pid: 8|app: 0|req: 557/1118] 10.0.0.161 () {34 vars in 825 bytes} [Wed Mar 4 02:33:36 2026] DELETE /resource_providers/4bcc5b27-96bc-42b0-8163-ceec2cea1e70 => generated 246 bytes in 11 msecs (HTTP/1.1 404) 6 headers in 231 bytes (1 switches on core 0)
2026-03-04 02:33:38.168 7 INFO placement.requestlog [None req-b61ee117-c5bf-45c5-93f3-db444d22179c - - - - - -] 10.0.0.223 "GET /" status: 200 len: 136 microversion: 1.0
2026-03-04 02:33:38.168 8 INFO placement.requestlog [None req-8be81c97-c97d-4c71-bd6a-b7e3d3996639 - - - - - -] 10.0.0.223 "GET /" status: 200 len: 136 microversion: 1.0
2026-03-04 02:33:40.684 7 INFO placement.requestlog [req-6c5a44b0-96ed-46a7-b1f3-cbe65e9d452a req-395c5efa-2431-4b50-ae9e-e1b1bc00f7eb c0cbdce7130d4fb985fcfc881623b8d3 59b95180f6ac47f9b81ebeea0a229261 - - f65d03401fe643fba374468d1db27df7 f65d03401fe643fba374468d1db27df7] 199.204.45.25 "GET /resource_providers/7acb54ef-816e-45d9-b40c-28d8d2591fb5/allocations" status: 200 len: 340 microversion: 1.0 [pid: 7|app: 0|req: 563/1121] 199.204.45.25 () {32 vars in 856 bytes} [Wed Mar 4 02:33:40 2026] GET /resource_providers/7acb54ef-816e-45d9-b40c-28d8d2591fb5/allocations => generated 340 bytes in 188 msecs (HTTP/1.1 200) 6 headers in 224 bytes (1 switches on core 0)
2026-03-04 02:33:40.711 8 INFO placement.requestlog [req-6c5a44b0-96ed-46a7-b1f3-cbe65e9d452a req-242fb3f0-7e9d-4814-958d-ee88497a6e11 c0cbdce7130d4fb985fcfc881623b8d3 59b95180f6ac47f9b81ebeea0a229261 - - f65d03401fe643fba374468d1db27df7 f65d03401fe643fba374468d1db27df7] 199.204.45.25 "GET /resource_providers?in_tree=7acb54ef-816e-45d9-b40c-28d8d2591fb5" status: 200 len: 798 microversion: 1.14 [pid: 8|app: 0|req: 559/1122] 199.204.45.25 () {34 vars in 891 bytes} [Wed Mar 4 02:33:40 2026] GET /resource_providers?in_tree=7acb54ef-816e-45d9-b40c-28d8d2591fb5 => generated 798 bytes in 18 msecs (HTTP/1.1 200) 6 headers in 225 bytes (1 switches on core 0)
2026-03-04 02:33:40.738 7 INFO placement.requestlog [req-6c5a44b0-96ed-46a7-b1f3-cbe65e9d452a req-a4cd9364-d559-4162-8e9b-c5f87394c99d c0cbdce7130d4fb985fcfc881623b8d3 59b95180f6ac47f9b81ebeea0a229261 - - f65d03401fe643fba374468d1db27df7 f65d03401fe643fba374468d1db27df7] 199.204.45.25 "GET /resource_providers/7acb54ef-816e-45d9-b40c-28d8d2591fb5/inventories" status: 200 len: 401 microversion: 1.0 [pid: 7|app: 0|req: 564/1123] 199.204.45.25 () {32 vars in 856 bytes} [Wed Mar 4 02:33:40 2026] GET /resource_providers/7acb54ef-816e-45d9-b40c-28d8d2591fb5/inventories => generated 401 bytes in 18 msecs (HTTP/1.1 200) 6 headers in 224 bytes (1 switches on core 0)
2026-03-04 02:33:40.761 8 INFO placement.requestlog [req-6c5a44b0-96ed-46a7-b1f3-cbe65e9d452a req-9235fb2e-e8f6-460d-802d-7a6ca0c1b6fe c0cbdce7130d4fb985fcfc881623b8d3 59b95180f6ac47f9b81ebeea0a229261 - - f65d03401fe643fba374468d1db27df7 f65d03401fe643fba374468d1db27df7] 199.204.45.25 "GET /resource_providers/7acb54ef-816e-45d9-b40c-28d8d2591fb5/aggregates" status: 200 len: 54 microversion: 1.19 [pid: 8|app: 0|req: 560/1124] 199.204.45.25 () {34 vars in 898 bytes} [Wed Mar 4 02:33:40 2026] GET /resource_providers/7acb54ef-816e-45d9-b40c-28d8d2591fb5/aggregates => generated 54 bytes in 15 msecs (HTTP/1.1 200) 8 headers in 295 bytes (1 switches on core 0)
2026-03-04 02:33:40.794 7 INFO placement.requestlog [req-6c5a44b0-96ed-46a7-b1f3-cbe65e9d452a req-d2ae1226-80ac-4270-a56c-7f212bc58cf5 c0cbdce7130d4fb985fcfc881623b8d3 59b95180f6ac47f9b81ebeea0a229261 - - f65d03401fe643fba374468d1db27df7 f65d03401fe643fba374468d1db27df7] 199.204.45.25 "GET /resource_providers/7acb54ef-816e-45d9-b40c-28d8d2591fb5/traits" status: 200 len: 1753 microversion: 1.6 [pid: 7|app: 0|req: 565/1125] 199.204.45.25 () {34 vars in 889 bytes} [Wed Mar 4 02:33:40 2026] GET /resource_providers/7acb54ef-816e-45d9-b40c-28d8d2591fb5/traits => generated 1753 bytes in 22 msecs (HTTP/1.1 200) 6 headers in 225 bytes (1 switches on core 0)
2026-03-04 02:33:40.826 8 INFO placement.requestlog [req-6c5a44b0-96ed-46a7-b1f3-cbe65e9d452a req-3fe9f689-8097-46a1-9f27-710083eadf2b c0cbdce7130d4fb985fcfc881623b8d3 59b95180f6ac47f9b81ebeea0a229261 - - f65d03401fe643fba374468d1db27df7 f65d03401fe643fba374468d1db27df7] 199.204.45.25 "GET /resource_providers/7acb54ef-816e-45d9-b40c-28d8d2591fb5/allocations" status: 200 len: 340 microversion: 1.0 [pid: 8|app: 0|req: 561/1126] 199.204.45.25 () {32 vars in 856 bytes} [Wed Mar 4 02:33:40 2026] GET /resource_providers/7acb54ef-816e-45d9-b40c-28d8d2591fb5/allocations => generated 340 bytes in 21 msecs (HTTP/1.1 200) 6 headers in 224 bytes (1 switches on core 0)
2026-03-04 02:33:40.852 7 INFO placement.requestlog [req-6c5a44b0-96ed-46a7-b1f3-cbe65e9d452a req-0eedf71a-8602-4cb6-be36-31417e61137f c0cbdce7130d4fb985fcfc881623b8d3 59b95180f6ac47f9b81ebeea0a229261 - - f65d03401fe643fba374468d1db27df7 f65d03401fe643fba374468d1db27df7] 199.204.45.25 "GET /allocations/6a9f0006-aa23-4c02-8b04-1ef435fb0731" status: 200 len: 245 microversion: 1.28 [pid: 7|app: 0|req: 566/1127] 199.204.45.25 () {34 vars in 862 bytes} [Wed Mar 4 02:33:40 2026] GET /allocations/6a9f0006-aa23-4c02-8b04-1ef435fb0731 => generated 245 bytes in 17 msecs (HTTP/1.1 200) 8 headers in 296 bytes (1 switches on core 0)
2026-03-04 02:33:40.875 8 INFO placement.requestlog [req-6c5a44b0-96ed-46a7-b1f3-cbe65e9d452a req-c365ae5a-dc3c-46f7-8598-6f51086df4a5 c0cbdce7130d4fb985fcfc881623b8d3 59b95180f6ac47f9b81ebeea0a229261 - - f65d03401fe643fba374468d1db27df7 f65d03401fe643fba374468d1db27df7] 199.204.45.25 "GET /allocations/1d30ea34-e5c2-43bd-b063-439be1813315" status: 200 len: 258 microversion: 1.28 [pid: 8|app: 0|req: 562/1128] 199.204.45.25 () {34 vars in 862 bytes} [Wed Mar 4 02:33:40 2026] GET /allocations/1d30ea34-e5c2-43bd-b063-439be1813315 => generated 258 bytes in 16 msecs (HTTP/1.1 200) 8 headers in 296 bytes (1 switches on core 0)
2026-03-04 02:33:40.897 7 INFO placement.requestlog [req-6c5a44b0-96ed-46a7-b1f3-cbe65e9d452a req-ba2ce761-c993-4358-8ec0-48b81a59ffb7 c0cbdce7130d4fb985fcfc881623b8d3 59b95180f6ac47f9b81ebeea0a229261 - - f65d03401fe643fba374468d1db27df7 f65d03401fe643fba374468d1db27df7] 199.204.45.25 "GET /allocations/66632b5b-fa96-4322-bdbb-bd74f6218293" status: 200 len: 258 microversion: 1.28 [pid: 7|app: 0|req: 567/1129] 199.204.45.25 () {34 vars in 862 bytes} [Wed Mar 4 02:33:40 2026] GET /allocations/66632b5b-fa96-4322-bdbb-bd74f6218293 => generated 258 bytes in 16 msecs (HTTP/1.1 200) 8 headers in 296 bytes (1 switches on core 0)
2026-03-04 02:33:43.208 7 INFO placement.requestlog [None req-da55a4fe-ccce-4332-8f89-5c765e2680b6 9485d081605d4854bc7425fede65ba90 59b95180f6ac47f9b81ebeea0a229261 - - f65d03401fe643fba374468d1db27df7 f65d03401fe643fba374468d1db27df7] 10.0.0.161 "GET /resource_providers/887f62bd-a9e8-414d-9bf2-2a0386880602/aggregates" status: 404 len: 235 microversion: 1.1 [pid: 7|app: 0|req: 568/1130] 10.0.0.161 () {32 vars in 825 bytes} [Wed Mar 4 02:33:43 2026] GET /resource_providers/887f62bd-a9e8-414d-9bf2-2a0386880602/aggregates => generated 235 bytes in 46 msecs (HTTP/1.1 404) 5 headers in 202 bytes (1 switches on core 0)
2026-03-04 02:33:43.223 7 INFO placement.requestlog [None req-b6232847-6028-406f-977f-796f958927d8 9485d081605d4854bc7425fede65ba90 59b95180f6ac47f9b81ebeea0a229261 - - f65d03401fe643fba374468d1db27df7 f65d03401fe643fba374468d1db27df7] 10.0.0.161 "DELETE /resource_providers/887f62bd-a9e8-414d-9bf2-2a0386880602" status: 404 len: 246 microversion: 1.1 [pid: 7|app: 0|req: 569/1131] 10.0.0.161 () {34 vars in 825 bytes} [Wed Mar 4 02:33:43 2026] DELETE /resource_providers/887f62bd-a9e8-414d-9bf2-2a0386880602 => generated 246 bytes in 9 msecs (HTTP/1.1 404) 6 headers in 231 bytes (1 switches on core 0)
2026-03-04 02:33:43.224 8 INFO placement.requestlog [None req-a481a4de-d655-4b92-b8c2-073c50889685 9485d081605d4854bc7425fede65ba90 59b95180f6ac47f9b81ebeea0a229261 - - f65d03401fe643fba374468d1db27df7 f65d03401fe643fba374468d1db27df7] 10.0.0.161 "GET /resource_providers/887f62bd-a9e8-414d-9bf2-2a0386880602/aggregates" status: 404 len: 235 microversion: 1.1 [pid: 8|app: 0|req: 563/1132] 10.0.0.161 () {32 vars in 825 bytes} [Wed Mar 4 02:33:43 2026] GET /resource_providers/887f62bd-a9e8-414d-9bf2-2a0386880602/aggregates => generated 235 bytes in 62 msecs (HTTP/1.1 404) 5 headers in 202 bytes (1 switches on core 0)
2026-03-04 02:33:43.242 7 INFO placement.requestlog [None req-9b8dc3de-18a1-4209-8cef-4e7bdf07d4f5 9485d081605d4854bc7425fede65ba90 59b95180f6ac47f9b81ebeea0a229261 - - f65d03401fe643fba374468d1db27df7 f65d03401fe643fba374468d1db27df7] 10.0.0.161 "DELETE /resource_providers/887f62bd-a9e8-414d-9bf2-2a0386880602" status: 404 len: 246 microversion: 1.1 [pid: 7|app: 0|req: 570/1133] 10.0.0.161 () {34 vars in 825 bytes} [Wed Mar 4 02:33:43 2026] DELETE /resource_providers/887f62bd-a9e8-414d-9bf2-2a0386880602 => generated 246 bytes in 11 msecs (HTTP/1.1 404) 6 headers in 231 bytes (1 switches on core 0)
2026-03-04 02:33:45.244 8 INFO placement.requestlog [None req-4fa657ea-311f-4917-a617-489985639d4e 9485d081605d4854bc7425fede65ba90 59b95180f6ac47f9b81ebeea0a229261 - - f65d03401fe643fba374468d1db27df7 f65d03401fe643fba374468d1db27df7] 10.0.0.161 "GET /resource_providers/86348a2a-7c1f-45df-8ffc-4fb436e04336/aggregates" status: 404 len: 235 microversion: 1.1 [pid: 8|app: 0|req: 564/1134] 10.0.0.161 () {32 vars in 825 bytes} [Wed Mar 4 02:33:45 2026] GET /resource_providers/86348a2a-7c1f-45df-8ffc-4fb436e04336/aggregates => generated 235 bytes in 11 msecs (HTTP/1.1 404) 5 headers in 202 bytes (1 switches on core 0)
2026-03-04 02:33:45.258 8 INFO placement.requestlog [None req-b3a2d0b9-ec92-4675-b271-0ab22ed0d30f 9485d081605d4854bc7425fede65ba90 59b95180f6ac47f9b81ebeea0a229261 - - f65d03401fe643fba374468d1db27df7 f65d03401fe643fba374468d1db27df7] 10.0.0.161 "DELETE /resource_providers/86348a2a-7c1f-45df-8ffc-4fb436e04336" status: 404 len: 246 microversion: 1.1 [pid: 8|app: 0|req: 565/1135] 10.0.0.161 () {34 vars in 825 bytes} [Wed Mar 4 02:33:45 2026] DELETE /resource_providers/86348a2a-7c1f-45df-8ffc-4fb436e04336 => generated 246 bytes in 6 msecs (HTTP/1.1 404) 6 headers in 231 bytes (1 switches on core 0)
2026-03-04 02:33:45.262 7 INFO placement.requestlog [None req-a878bdb5-a806-488e-88d3-52f874bce0e7 9485d081605d4854bc7425fede65ba90 59b95180f6ac47f9b81ebeea0a229261 - - f65d03401fe643fba374468d1db27df7 f65d03401fe643fba374468d1db27df7] 10.0.0.161 "GET /resource_providers/86348a2a-7c1f-45df-8ffc-4fb436e04336/aggregates" status: 404 len: 235 microversion: 1.1 [pid: 7|app: 0|req: 571/1136] 10.0.0.161 () {32 vars in 825 bytes} [Wed Mar 4 02:33:45 2026] GET /resource_providers/86348a2a-7c1f-45df-8ffc-4fb436e04336/aggregates => generated 235 bytes in 11 msecs (HTTP/1.1 404) 5 headers in 202 bytes (1 switches on core 0)
2026-03-04 02:33:45.272 8 INFO placement.requestlog [None req-ae842f7c-0a4c-4e22-82eb-09dab16ef31d 9485d081605d4854bc7425fede65ba90 59b95180f6ac47f9b81ebeea0a229261 - - f65d03401fe643fba374468d1db27df7 f65d03401fe643fba374468d1db27df7] 10.0.0.161 "DELETE /resource_providers/86348a2a-7c1f-45df-8ffc-4fb436e04336" status: 404 len: 246 microversion: 1.1 [pid: 8|app: 0|req: 566/1137] 10.0.0.161 () {34 vars in 825 bytes} [Wed Mar 4 02:33:45 2026] DELETE /resource_providers/86348a2a-7c1f-45df-8ffc-4fb436e04336 => generated 246 bytes in 6 msecs (HTTP/1.1 404) 6 headers in 231 bytes (1 switches on core 0)
2026-03-04 02:33:48.169 8 INFO placement.requestlog [None req-e38e0fae-9fe3-404d-871b-f8a3d4ae9fbb - - - - - -] 10.0.0.223 "GET /" status: 200 len: 136 microversion: 1.0
2026-03-04 02:33:48.170 7 INFO placement.requestlog [None req-c053ec99-d56d-477d-a913-6bfb4cd89508 - - - - - -] 10.0.0.223 "GET /" status: 200 len: 136 microversion: 1.0
2026-03-04 02:33:58.169 7 INFO placement.requestlog [None req-f66ffc23-13b4-4cf7-b72c-8223d4ce4031 - - - - - -] 10.0.0.223 "GET /" status: 200 len: 136 microversion: 1.0
2026-03-04 02:33:58.169 8 INFO placement.requestlog [None req-454715f8-4fc4-464a-b79e-8d02c49fd4dc - - - - - -] 10.0.0.223 "GET /" status: 200 len: 136 microversion: 1.0
2026-03-04 02:34:08.171 8 INFO placement.requestlog [None req-30cc02ea-3a73-47c8-b0a1-92246357330a - - - - - -] 10.0.0.223 "GET /" status: 200 len: 136 microversion: 1.0
2026-03-04 02:34:08.172 7 INFO placement.requestlog [None req-e7b457e2-d176-4889-8b67-71f7169646a1 - - - - - -] 10.0.0.223 "GET /" status: 200 len: 136 microversion: 1.0
2026-03-04 02:34:12.112 8 INFO placement.requestlog [None req-bd96253f-1638-4a28-8f76-c811c17ec1ed 0eaeb9811a0e4e0683b5036e4583a103 8f88e600cf3449f8a080511d31fa8f58 - - default default] 10.0.0.69 "GET /resource_providers" status: 200 len: 406 microversion: 1.0 [pid: 8|app: 0|req: 570/1144] 10.0.0.69 () {28 vars in 592 bytes} [Wed Mar 4 02:34:11 2026] GET /resource_providers => generated 406 bytes in 135 msecs (HTTP/1.1 200) 6 headers in 224 bytes (1 switches on core 0)
2026-03-04 02:34:12.147 7 INFO placement.requestlog [None req-6ac636ac-cb53-4263-9474-d30bbdfc92d6 0eaeb9811a0e4e0683b5036e4583a103 8f88e600cf3449f8a080511d31fa8f58 - - default default] 10.0.0.69 "GET /resource_providers/7acb54ef-816e-45d9-b40c-28d8d2591fb5/inventories" status: 200 len: 401 microversion: 1.0 [pid: 7|app: 0|req: 575/1145] 10.0.0.69 () {28 vars in 690 bytes} [Wed Mar 4 02:34:12 2026] GET /resource_providers/7acb54ef-816e-45d9-b40c-28d8d2591fb5/inventories => generated 401 bytes in 24 msecs (HTTP/1.1 200) 6 headers in 224 bytes (1 switches on core 0)
2026-03-04 02:34:12.171 8 INFO placement.requestlog [None req-81887f40-2a0f-461d-96fc-b257705ac4ab 0eaeb9811a0e4e0683b5036e4583a103 8f88e600cf3449f8a080511d31fa8f58 - - default default] 10.0.0.69 "GET /resource_providers/7acb54ef-816e-45d9-b40c-28d8d2591fb5/usages" status: 200 len: 92 microversion: 1.0 [pid: 8|app: 0|req: 571/1146] 10.0.0.69 () {28 vars in 680 bytes} [Wed Mar 4 02:34:12 2026] GET /resource_providers/7acb54ef-816e-45d9-b40c-28d8d2591fb5/usages => generated 92 bytes in 19 msecs (HTTP/1.1 200) 6 headers in 223 bytes (1 switches on core 0)
2026-03-04 02:34:18.169 8 INFO placement.requestlog [None req-93fb32c7-6397-402f-94fc-e514720cbbd1 - - - - - -] 10.0.0.223 "GET /" status: 200 len: 136 microversion: 1.0
2026-03-04 02:34:18.170 7 INFO placement.requestlog [None req-ddb5bbbd-ca10-4538-8bd6-409429a8fc96 - - - - - -] 10.0.0.223 "GET /" status: 200 len: 136 microversion: 1.0
2026-03-04 02:34:28.168 7 INFO placement.requestlog [None req-06ff8693-5b4d-4eb0-b7cd-5e700e1e3419 - - - - - -] 10.0.0.223 "GET /" status: 200 len: 136 microversion: 1.0
2026-03-04 02:34:28.168 8 INFO placement.requestlog [None req-6c4556fc-30f0-4736-a1bd-fdbaa539283a - - - - - -] 10.0.0.223 "GET /" status: 200 len: 136 microversion: 1.0
2026-03-04 02:34:38.169 7 INFO placement.requestlog [None req-6fe4ad18-4354-48d5-9b14-fd0db3173963 - - - - - -] 10.0.0.223 "GET /" status: 200 len: 136 microversion: 1.0
2026-03-04 02:34:38.169 8 INFO placement.requestlog [None req-7a740a49-10c4-4be6-8c58-1b9b5369d963 - - - - - -] 10.0.0.223 "GET /" status: 200 len: 136 microversion: 1.0
2026-03-04 02:34:40.582 7 INFO placement.requestlog [req-bed68b6d-f4ae-486c-b452-57c368454359 req-2d952066-d987-4ff3-8fdb-51af0b5efb53 c0cbdce7130d4fb985fcfc881623b8d3 59b95180f6ac47f9b81ebeea0a229261 - - f65d03401fe643fba374468d1db27df7 f65d03401fe643fba374468d1db27df7] 199.204.45.25 "GET /resource_providers/7acb54ef-816e-45d9-b40c-28d8d2591fb5/allocations" status: 200 len: 340 microversion: 1.0 [pid: 7|app: 0|req: 579/1153] 199.204.45.25 () {32 vars in 856 bytes} [Wed Mar 4 02:34:40 2026] GET /resource_providers/7acb54ef-816e-45d9-b40c-28d8d2591fb5/allocations => generated 340 bytes in 19 msecs (HTTP/1.1 200) 6 headers in 224 bytes (1 switches on core 0)
2026-03-04 02:34:40.611 8 INFO placement.requestlog [req-bed68b6d-f4ae-486c-b452-57c368454359 req-ccb37878-1f7c-433d-bc3e-e1eac9f097c9 c0cbdce7130d4fb985fcfc881623b8d3 59b95180f6ac47f9b81ebeea0a229261 - - f65d03401fe643fba374468d1db27df7 f65d03401fe643fba374468d1db27df7] 199.204.45.25 "GET /resource_providers/7acb54ef-816e-45d9-b40c-28d8d2591fb5/allocations" status: 200 len: 340 microversion: 1.0 [pid: 8|app: 0|req: 575/1154] 199.204.45.25 () {32 vars in 856 bytes} [Wed Mar 4 02:34:40 2026] GET /resource_providers/7acb54ef-816e-45d9-b40c-28d8d2591fb5/allocations => generated 340 bytes in 20 msecs (HTTP/1.1 200) 6 headers in 224 bytes (1 switches on core 0)
2026-03-04 02:34:40.632 7 INFO placement.requestlog [req-bed68b6d-f4ae-486c-b452-57c368454359 req-d8ae623e-bb97-42eb-abc8-a57ff1705fa3 c0cbdce7130d4fb985fcfc881623b8d3 59b95180f6ac47f9b81ebeea0a229261 - - f65d03401fe643fba374468d1db27df7 f65d03401fe643fba374468d1db27df7] 199.204.45.25 "GET /allocations/6a9f0006-aa23-4c02-8b04-1ef435fb0731" status: 200 len: 245 microversion: 1.28 [pid: 7|app: 0|req: 580/1155] 199.204.45.25 () {34 vars in 862 bytes} [Wed Mar 4 02:34:40 2026] GET /allocations/6a9f0006-aa23-4c02-8b04-1ef435fb0731 => generated 245 bytes in 14 msecs (HTTP/1.1 200) 8 headers in 296 bytes (1 switches on core 0)
2026-03-04 02:34:40.652 8 INFO placement.requestlog [req-bed68b6d-f4ae-486c-b452-57c368454359 req-a2f7098b-8cfc-4d1b-9ee2-f85d6a8a1d2d c0cbdce7130d4fb985fcfc881623b8d3 59b95180f6ac47f9b81ebeea0a229261 - - f65d03401fe643fba374468d1db27df7 f65d03401fe643fba374468d1db27df7] 199.204.45.25 "GET /allocations/1d30ea34-e5c2-43bd-b063-439be1813315" status: 200 len: 258 microversion: 1.28 [pid: 8|app: 0|req: 576/1156] 199.204.45.25 () {34 vars in 862 bytes} [Wed Mar 4 02:34:40 2026] GET /allocations/1d30ea34-e5c2-43bd-b063-439be1813315 => generated 258 bytes in 13 msecs (HTTP/1.1 200) 8 headers in 296 bytes (1 switches on core 0)
2026-03-04 02:34:40.673 7 INFO placement.requestlog [req-bed68b6d-f4ae-486c-b452-57c368454359 req-02b01d86-2fdf-4e72-9a19-706955283f2d c0cbdce7130d4fb985fcfc881623b8d3 59b95180f6ac47f9b81ebeea0a229261 - - f65d03401fe643fba374468d1db27df7 f65d03401fe643fba374468d1db27df7] 199.204.45.25 "GET /allocations/66632b5b-fa96-4322-bdbb-bd74f6218293" status: 200 len: 258 microversion: 1.28 [pid: 7|app: 0|req: 581/1157] 199.204.45.25 () {34 vars in 862 bytes} [Wed Mar 4 02:34:40 2026] GET /allocations/66632b5b-fa96-4322-bdbb-bd74f6218293 => generated 258 bytes in 15 msecs (HTTP/1.1 200) 8 headers in 296 bytes (1 switches on core 0)
2026-03-04 02:34:48.170 7 INFO placement.requestlog [None req-e058eb9e-d0de-4e4e-b359-d7a2625199cd - - - - - -] 10.0.0.223 "GET /" status: 200 len: 136 microversion: 1.0
2026-03-04 02:34:48.170 8 INFO placement.requestlog [None req-93788531-d6bd-445d-8d46-f8cdaf1ef699 - - - - - -] 10.0.0.223 "GET /" status: 200 len: 136 microversion: 1.0
2026-03-04 02:34:58.170 7 INFO placement.requestlog [None req-0192516c-5581-4572-8926-1b994633cdf4 - - - - - -] 10.0.0.223 "GET /" status: 200 len: 136 microversion: 1.0
2026-03-04 02:34:58.171 8 INFO placement.requestlog [None req-3c291214-85cc-4dbb-9e4d-5d8581795c1d - - - - - -] 10.0.0.223 "GET /" status: 200 len: 136 microversion: 1.0
2026-03-04 02:35:08.169 7 INFO placement.requestlog [None req-a3500b85-8fce-41d3-8ec1-11a0ad35312d - - - - - -] 10.0.0.223 "GET /" status: 200 len: 136 microversion: 1.0
2026-03-04 02:35:08.171 8 INFO placement.requestlog [None req-e263db97-8125-4425-a97c-ab2f73abfa49 - - - - - -] 10.0.0.223 "GET /" status: 200 len: 136 microversion: 1.0
2026-03-04 02:35:12.090 7 INFO placement.requestlog [None req-d4c36e03-69a2-48a3-949f-ea5f8b908162 0eaeb9811a0e4e0683b5036e4583a103 8f88e600cf3449f8a080511d31fa8f58 - - default default] 10.0.0.69 "GET /resource_providers" status: 200 len: 406 microversion: 1.0 [pid: 7|app: 0|req: 585/1164] 10.0.0.69 () {28 vars in 592 bytes} [Wed Mar 4 02:35:12 2026] GET /resource_providers => generated 406 bytes in 90 msecs (HTTP/1.1 200) 6 headers in 224 bytes (1 switches on core 0)
2026-03-04 02:35:12.119 8 INFO placement.requestlog [None req-0417721f-fa66-41a3-82c9-9bef3d5fec84 0eaeb9811a0e4e0683b5036e4583a103 8f88e600cf3449f8a080511d31fa8f58 - - default default] 10.0.0.69 "GET /resource_providers/7acb54ef-816e-45d9-b40c-28d8d2591fb5/inventories" status: 200 len: 401 microversion: 1.0 [pid: 8|app: 0|req: 580/1165] 10.0.0.69 () {28 vars in 690 bytes} [Wed Mar 4 02:35:12 2026] GET /resource_providers/7acb54ef-816e-45d9-b40c-28d8d2591fb5/inventories => generated 401 bytes in 23 msecs (HTTP/1.1 200) 6 headers in 224 bytes (1 switches on core 0)
2026-03-04 02:35:12.151 7 INFO placement.requestlog [None req-18b23c56-1e63-4ccb-93c0-10885bfa10ca 0eaeb9811a0e4e0683b5036e4583a103 8f88e600cf3449f8a080511d31fa8f58 - - default default] 10.0.0.69 "GET /resource_providers/7acb54ef-816e-45d9-b40c-28d8d2591fb5/usages" status: 200 len: 92 microversion: 1.0 [pid: 7|app: 0|req: 586/1166] 10.0.0.69 () {28 vars in 680 bytes} [Wed Mar 4 02:35:12 2026] GET /resource_providers/7acb54ef-816e-45d9-b40c-28d8d2591fb5/usages => generated 92 bytes in 27 msecs (HTTP/1.1 200) 6 headers in 223 bytes (1 switches on core 0)
2026-03-04 02:35:14.852 8 INFO placement.requestlog [req-fba643b3-4870-4ffb-998a-12a5073762c4 req-4d6b7c68-b608-46c2-8098-cb75d52ea8cf c0cbdce7130d4fb985fcfc881623b8d3 59b95180f6ac47f9b81ebeea0a229261 - - f65d03401fe643fba374468d1db27df7 f65d03401fe643fba374468d1db27df7] 199.204.45.25 "GET /resource_providers/7acb54ef-816e-45d9-b40c-28d8d2591fb5/allocations" status: 200 len: 340 microversion: 1.0 [pid: 8|app: 0|req: 581/1167] 199.204.45.25 () {32 vars in 856 bytes} [Wed Mar 4 02:35:14 2026] GET /resource_providers/7acb54ef-816e-45d9-b40c-28d8d2591fb5/allocations => generated 340 bytes in 19 msecs (HTTP/1.1 200) 6 headers in 224 bytes (1 switches on core 0)
2026-03-04 02:35:14.874 7 INFO placement.requestlog [req-fba643b3-4870-4ffb-998a-12a5073762c4 req-a881b8e0-a24c-4b52-aec7-86df143e7a03 c0cbdce7130d4fb985fcfc881623b8d3 59b95180f6ac47f9b81ebeea0a229261 - - f65d03401fe643fba374468d1db27df7 f65d03401fe643fba374468d1db27df7] 199.204.45.25 "GET /allocations/6a9f0006-aa23-4c02-8b04-1ef435fb0731" status: 200 len: 245 microversion: 1.28 [pid: 7|app: 0|req: 587/1168] 199.204.45.25 () {34 vars in 862 bytes} [Wed Mar 4 02:35:14 2026] GET /allocations/6a9f0006-aa23-4c02-8b04-1ef435fb0731 => generated 245 bytes in 14 msecs (HTTP/1.1 200) 8 headers in 296 bytes (1 switches on core 0)
2026-03-04 02:35:14.894 8 INFO placement.requestlog [req-fba643b3-4870-4ffb-998a-12a5073762c4 req-029a9757-645c-4301-96f0-1cedd6fd2a0f c0cbdce7130d4fb985fcfc881623b8d3 59b95180f6ac47f9b81ebeea0a229261 - - f65d03401fe643fba374468d1db27df7 f65d03401fe643fba374468d1db27df7] 199.204.45.25 "GET /allocations/1d30ea34-e5c2-43bd-b063-439be1813315" status: 200 len: 258 microversion: 1.28 [pid: 8|app: 0|req: 582/1169] 199.204.45.25 () {34 vars in 862 bytes} [Wed Mar 4 02:35:14 2026] GET /allocations/1d30ea34-e5c2-43bd-b063-439be1813315 => generated 258 bytes in 13 msecs (HTTP/1.1 200) 8 headers in 296 bytes (1 switches on core 0)
2026-03-04 02:35:14.918 7 INFO placement.requestlog [req-fba643b3-4870-4ffb-998a-12a5073762c4 req-1b91ba55-20a9-4bb3-a3ad-14b8b2d43a32 c0cbdce7130d4fb985fcfc881623b8d3 59b95180f6ac47f9b81ebeea0a229261 - - f65d03401fe643fba374468d1db27df7 f65d03401fe643fba374468d1db27df7] 199.204.45.25 "GET /allocations/66632b5b-fa96-4322-bdbb-bd74f6218293" status: 200 len: 258 microversion: 1.28 [pid: 7|app: 0|req: 588/1170] 199.204.45.25 () {34 vars in 862 bytes} [Wed Mar 4 02:35:14 2026] GET /allocations/66632b5b-fa96-4322-bdbb-bd74f6218293 => generated 258 bytes in 19 msecs (HTTP/1.1 200) 8 headers in 296 bytes (1 switches on core 0)
2026-03-04 02:35:15.002 8 INFO placement.requestlog [req-fba643b3-4870-4ffb-998a-12a5073762c4 req-ccb53432-7287-4aed-a2ec-7d667cc462b6 c0cbdce7130d4fb985fcfc881623b8d3 59b95180f6ac47f9b81ebeea0a229261 - - f65d03401fe643fba374468d1db27df7 f65d03401fe643fba374468d1db27df7] 199.204.45.25 "DELETE /allocations/6a9f0006-aa23-4c02-8b04-1ef435fb0731" status: 204 len: 0 microversion: 1.0 [pid: 8|app: 0|req: 583/1171] 199.204.45.25 () {34 vars in 840 bytes} [Wed Mar 4 02:35:14 2026] DELETE /allocations/6a9f0006-aa23-4c02-8b04-1ef435fb0731 => generated 0 bytes in 23 msecs (HTTP/1.1 204) 5 headers in 198 bytes (1 switches on core 0)
2026-03-04 02:35:18.169 8 INFO placement.requestlog [None req-b744eaff-0655-4db3-8dc0-661ef84c52bd - - - - - -] 10.0.0.223 "GET /" status: 200 len: 136 microversion: 1.0
2026-03-04 02:35:18.170 7 INFO placement.requestlog [None req-1b271c77-60a1-4d2c-bcad-c064dde338b7 - - - - - -] 10.0.0.223 "GET /" status: 200 len: 136 microversion: 1.0
2026-03-04 02:35:20.482 8 INFO placement.requestlog [req-878cb8d3-8bbb-41f3-8bac-a06cb697cdb4 req-760a7b7b-1750-4ed7-a932-2b7c66ccf624 c0cbdce7130d4fb985fcfc881623b8d3 59b95180f6ac47f9b81ebeea0a229261 - - f65d03401fe643fba374468d1db27df7 f65d03401fe643fba374468d1db27df7] 199.204.45.25 "GET /resource_providers/7acb54ef-816e-45d9-b40c-28d8d2591fb5/allocations" status: 200 len: 253 microversion: 1.0 [pid: 8|app: 0|req: 585/1174] 199.204.45.25 () {32 vars in 856 bytes} [Wed Mar 4 02:35:20 2026] GET /resource_providers/7acb54ef-816e-45d9-b40c-28d8d2591fb5/allocations => generated 253 bytes in 16 msecs (HTTP/1.1 200) 6 headers in 224 bytes (1 switches on core 0)
2026-03-04 02:35:20.503 7 INFO placement.requestlog [req-878cb8d3-8bbb-41f3-8bac-a06cb697cdb4 req-05429e42-4f87-4cb6-ab23-28aac6034650 c0cbdce7130d4fb985fcfc881623b8d3 59b95180f6ac47f9b81ebeea0a229261 - - f65d03401fe643fba374468d1db27df7 f65d03401fe643fba374468d1db27df7] 199.204.45.25 "GET /allocations/1d30ea34-e5c2-43bd-b063-439be1813315" status: 200 len: 258 microversion: 1.28 [pid: 7|app: 0|req: 590/1175] 199.204.45.25 () {34 vars in 862 bytes} [Wed Mar 4 02:35:20 2026] GET /allocations/1d30ea34-e5c2-43bd-b063-439be1813315 => generated 258 bytes in 13 msecs (HTTP/1.1 200) 8 headers in 296 bytes (1 switches on core 0)
2026-03-04 02:35:20.526 8 INFO placement.requestlog [req-878cb8d3-8bbb-41f3-8bac-a06cb697cdb4 req-4fa5d211-02a6-4425-b640-c5d97c0c3399 c0cbdce7130d4fb985fcfc881623b8d3 59b95180f6ac47f9b81ebeea0a229261 - - f65d03401fe643fba374468d1db27df7 f65d03401fe643fba374468d1db27df7] 199.204.45.25 "GET /allocations/66632b5b-fa96-4322-bdbb-bd74f6218293" status: 200 len: 258 microversion: 1.28 [pid: 8|app: 0|req: 586/1176] 199.204.45.25 () {34 vars in 862 bytes} [Wed Mar 4 02:35:20 2026] GET /allocations/66632b5b-fa96-4322-bdbb-bd74f6218293 => generated 258 bytes in 17 msecs (HTTP/1.1 200) 8 headers in 296 bytes (1 switches on core 0)
2026-03-04 02:35:20.606 7 INFO placement.requestlog [req-878cb8d3-8bbb-41f3-8bac-a06cb697cdb4 req-5fccafb5-f4c7-4041-9c74-4c5df58516e8 c0cbdce7130d4fb985fcfc881623b8d3 59b95180f6ac47f9b81ebeea0a229261 - - f65d03401fe643fba374468d1db27df7 f65d03401fe643fba374468d1db27df7] 199.204.45.25 "DELETE /allocations/1d30ea34-e5c2-43bd-b063-439be1813315" status: 204 len: 0 microversion: 1.0 [pid: 7|app: 0|req: 591/1177] 199.204.45.25 () {34 vars in 840 bytes} [Wed Mar 4 02:35:20 2026] DELETE /allocations/1d30ea34-e5c2-43bd-b063-439be1813315 => generated 0 bytes in 27 msecs (HTTP/1.1 204) 5 headers in 198 bytes (1 switches on core 0)
2026-03-04 02:35:27.008 8 INFO placement.requestlog [req-15e852b1-112a-4b67-8de2-4bb44bf540a3 req-be108095-345d-4648-acf5-56bb5968b724 c0cbdce7130d4fb985fcfc881623b8d3 59b95180f6ac47f9b81ebeea0a229261 - - f65d03401fe643fba374468d1db27df7 f65d03401fe643fba374468d1db27df7] 199.204.45.25 "GET /resource_providers/7acb54ef-816e-45d9-b40c-28d8d2591fb5/allocations" status: 200 len: 153 microversion: 1.0 [pid: 8|app: 0|req: 587/1178] 199.204.45.25 () {32 vars in 856 bytes} [Wed Mar 4 02:35:26 2026] GET /resource_providers/7acb54ef-816e-45d9-b40c-28d8d2591fb5/allocations => generated 153 bytes in 12 msecs (HTTP/1.1 200) 6 headers in 224 bytes (1 switches on core 0)
2026-03-04 02:35:27.031 7 INFO placement.requestlog [req-15e852b1-112a-4b67-8de2-4bb44bf540a3 req-51fb5a84-09d2-458d-996f-27a50f2130de c0cbdce7130d4fb985fcfc881623b8d3 59b95180f6ac47f9b81ebeea0a229261 - - f65d03401fe643fba374468d1db27df7 f65d03401fe643fba374468d1db27df7] 199.204.45.25 "GET /allocations/66632b5b-fa96-4322-bdbb-bd74f6218293" status: 200 len: 258 microversion: 1.28 [pid: 7|app: 0|req: 592/1179] 199.204.45.25 () {34 vars in 862 bytes} [Wed Mar 4 02:35:27 2026] GET /allocations/66632b5b-fa96-4322-bdbb-bd74f6218293 => generated 258 bytes in 13 msecs (HTTP/1.1 200) 8 headers in 296 bytes (1 switches on core 0)
2026-03-04 02:35:27.095 8 INFO placement.requestlog [req-15e852b1-112a-4b67-8de2-4bb44bf540a3 req-d4a18cf1-6e1c-4749-9c6d-ceccf660bc12 c0cbdce7130d4fb985fcfc881623b8d3 59b95180f6ac47f9b81ebeea0a229261 - - f65d03401fe643fba374468d1db27df7 f65d03401fe643fba374468d1db27df7] 199.204.45.25 "DELETE /allocations/66632b5b-fa96-4322-bdbb-bd74f6218293" status: 204 len: 0 microversion: 1.0 [pid: 8|app: 0|req: 588/1180] 199.204.45.25 () {34 vars in 840 bytes} [Wed Mar 4 02:35:27 2026] DELETE /allocations/66632b5b-fa96-4322-bdbb-bd74f6218293 => generated 0 bytes in 19 msecs (HTTP/1.1 204) 5 headers in 198 bytes (1 switches on core 0)
2026-03-04 02:35:28.169 8 INFO placement.requestlog [None req-18d51c29-f68a-4572-ad0e-10400541680c - - - - - -] 10.0.0.223 "GET /" status: 200 len: 136 microversion: 1.0
2026-03-04 02:35:28.169 7 INFO placement.requestlog [None req-6158683f-383c-4d09-8e46-c78835cb9d6d - - - - - -] 10.0.0.223 "GET /" status: 200 len: 136 microversion: 1.0
2026-03-04 02:35:38.170 8 INFO placement.requestlog [None req-94a82f5f-af12-4d75-bc63-174a8d2f847a - - - - - -] 10.0.0.223 "GET /" status: 200 len: 136 microversion: 1.0
2026-03-04 02:35:38.171 7 INFO placement.requestlog [None req-58cfc8f5-e39e-45ec-9066-c39891a559b1 - - - - - -] 10.0.0.223 "GET /" status: 200 len: 136 microversion: 1.0
2026-03-04 02:35:38.587 8 INFO placement.requestlog [None req-79fc5393-9129-4dbb-a568-2155f0ef9842 9485d081605d4854bc7425fede65ba90 59b95180f6ac47f9b81ebeea0a229261 - - f65d03401fe643fba374468d1db27df7 f65d03401fe643fba374468d1db27df7] 10.0.0.161 "GET /resource_providers/bc7a355e-b141-4f96-a33e-9be1dbce37f4/aggregates" status: 404 len: 235 microversion: 1.1 [pid: 8|app: 0|req: 591/1185] 10.0.0.161 () {32 vars in 825 bytes} [Wed Mar 4 02:35:38 2026] GET /resource_providers/bc7a355e-b141-4f96-a33e-9be1dbce37f4/aggregates => generated 235 bytes in 12 msecs (HTTP/1.1 404) 5 headers in 202 bytes (1 switches on core 0)
2026-03-04 02:35:38.587 7 INFO placement.requestlog [None req-9b9cfb66-d075-4a08-96df-f7826e5e1b54 9485d081605d4854bc7425fede65ba90 59b95180f6ac47f9b81ebeea0a229261 - - f65d03401fe643fba374468d1db27df7 f65d03401fe643fba374468d1db27df7] 10.0.0.161 "GET /resource_providers/bc7a355e-b141-4f96-a33e-9be1dbce37f4/aggregates" status: 404 len: 235 microversion: 1.1 [pid: 7|app: 0|req: 595/1186] 10.0.0.161 () {32 vars in 825 bytes} [Wed Mar 4 02:35:38 2026] GET /resource_providers/bc7a355e-b141-4f96-a33e-9be1dbce37f4/aggregates => generated 235 bytes in 12 msecs (HTTP/1.1 404) 5 headers in 202 bytes (1 switches on core 0)
2026-03-04 02:35:38.603 8 INFO placement.requestlog [None req-80749824-666a-4a28-b4e9-87f213d00344 9485d081605d4854bc7425fede65ba90 59b95180f6ac47f9b81ebeea0a229261 - - f65d03401fe643fba374468d1db27df7 f65d03401fe643fba374468d1db27df7] 10.0.0.161 "DELETE /resource_providers/bc7a355e-b141-4f96-a33e-9be1dbce37f4" status: 404 len: 246 microversion: 1.1 [pid: 8|app: 0|req: 592/1187] 10.0.0.161 () {34 vars in 825 bytes} [Wed Mar 4 02:35:38 2026] DELETE /resource_providers/bc7a355e-b141-4f96-a33e-9be1dbce37f4 => generated 246 bytes in 6 msecs (HTTP/1.1 404) 6 headers in 231 bytes (1 switches on core 0)
2026-03-04 02:35:38.608 7 INFO placement.requestlog [None req-0b02c67d-8626-43fd-9f78-7c75769e0d85 9485d081605d4854bc7425fede65ba90 59b95180f6ac47f9b81ebeea0a229261 - - f65d03401fe643fba374468d1db27df7 f65d03401fe643fba374468d1db27df7] 10.0.0.161 "DELETE /resource_providers/bc7a355e-b141-4f96-a33e-9be1dbce37f4" status: 404 len: 246 microversion: 1.1 [pid: 7|app: 0|req: 596/1188] 10.0.0.161 () {34 vars in 825 bytes} [Wed Mar 4 02:35:38 2026] DELETE /resource_providers/bc7a355e-b141-4f96-a33e-9be1dbce37f4 => generated 246 bytes in 8 msecs (HTTP/1.1 404) 6 headers in 231 bytes (1 switches on core 0)
2026-03-04 02:35:39.490 7 INFO placement.requestlog [None req-20d582e6-5a84-4a63-b372-3a3f284ed95d 9485d081605d4854bc7425fede65ba90 59b95180f6ac47f9b81ebeea0a229261 - - f65d03401fe643fba374468d1db27df7 f65d03401fe643fba374468d1db27df7] 10.0.0.161 "GET /resource_providers/93f96400-32ca-41fe-ad35-01d8cab395f7/aggregates" status: 404 len: 235 microversion: 1.1 [pid: 7|app: 0|req: 597/1189] 10.0.0.161 () {32 vars in 825 bytes} [Wed Mar 4 02:35:39 2026] GET /resource_providers/93f96400-32ca-41fe-ad35-01d8cab395f7/aggregates => generated 235 bytes in 12 msecs (HTTP/1.1 404) 5 headers in 202 bytes (1 switches on core 0)
2026-03-04 02:35:39.494 8 INFO placement.requestlog [None req-8b8fb192-e0c6-45ac-b19d-9b13ecc83579 9485d081605d4854bc7425fede65ba90 59b95180f6ac47f9b81ebeea0a229261 - - f65d03401fe643fba374468d1db27df7 f65d03401fe643fba374468d1db27df7] 10.0.0.161 "GET /resource_providers/93f96400-32ca-41fe-ad35-01d8cab395f7/aggregates" status: 404 len: 235 microversion: 1.1 [pid: 8|app: 0|req: 593/1190] 10.0.0.161 () {32 vars in 825 bytes} [Wed Mar 4 02:35:39 2026] GET /resource_providers/93f96400-32ca-41fe-ad35-01d8cab395f7/aggregates => generated 235 bytes in 16 msecs (HTTP/1.1 404) 5 headers in 202 bytes (1 switches on core 0)
2026-03-04 02:35:39.506 7 INFO placement.requestlog [None req-0196a773-8c7e-49f0-a483-04e6e2cc5aa7 9485d081605d4854bc7425fede65ba90 59b95180f6ac47f9b81ebeea0a229261 - - f65d03401fe643fba374468d1db27df7 f65d03401fe643fba374468d1db27df7] 10.0.0.161 "DELETE /resource_providers/93f96400-32ca-41fe-ad35-01d8cab395f7" status: 404 len: 246 microversion: 1.1 [pid: 7|app: 0|req: 598/1191] 10.0.0.161 () {34 vars in 825 bytes} [Wed Mar 4 02:35:39 2026] DELETE /resource_providers/93f96400-32ca-41fe-ad35-01d8cab395f7 => generated 246 bytes in 11 msecs (HTTP/1.1 404) 6 headers in 231 bytes (1 switches on core 0)
2026-03-04 02:35:39.514 8 INFO placement.requestlog [None req-7d9e3467-45f7-4b3e-9738-c9f7090463d5 9485d081605d4854bc7425fede65ba90 59b95180f6ac47f9b81ebeea0a229261 - - f65d03401fe643fba374468d1db27df7 f65d03401fe643fba374468d1db27df7] 10.0.0.161 "DELETE /resource_providers/93f96400-32ca-41fe-ad35-01d8cab395f7" status: 404 len: 246 microversion: 1.1 [pid: 8|app: 0|req: 594/1192] 10.0.0.161 () {34 vars in 825 bytes} [Wed Mar 4 02:35:39 2026] DELETE /resource_providers/93f96400-32ca-41fe-ad35-01d8cab395f7 => generated 246 bytes in 14 msecs (HTTP/1.1 404) 6 headers in 231 bytes (1 switches on core 0)
2026-03-04 02:35:40.626 7 INFO placement.requestlog [None req-d4e016d3-4b32-40fd-b70e-a4de4d329039 9485d081605d4854bc7425fede65ba90 59b95180f6ac47f9b81ebeea0a229261 - - f65d03401fe643fba374468d1db27df7 f65d03401fe643fba374468d1db27df7] 10.0.0.161 "GET /resource_providers/0c57ff58-1e8a-416e-a47c-a102559ec38c/aggregates" status: 404 len: 235 microversion: 1.1 [pid: 7|app: 0|req: 599/1193] 10.0.0.161 () {32 vars in 825 bytes} [Wed Mar 4 02:35:40 2026] GET /resource_providers/0c57ff58-1e8a-416e-a47c-a102559ec38c/aggregates => generated 235 bytes in 13 msecs (HTTP/1.1 404) 5 headers in 202 bytes (1 switches on core 0)
2026-03-04 02:35:40.628 8 INFO placement.requestlog [None req-5926b861-a7b2-480b-92d2-7a47741b4964 9485d081605d4854bc7425fede65ba90 59b95180f6ac47f9b81ebeea0a229261 - - f65d03401fe643fba374468d1db27df7 f65d03401fe643fba374468d1db27df7] 10.0.0.161 "GET /resource_providers/0c57ff58-1e8a-416e-a47c-a102559ec38c/aggregates" status: 404 len: 235 microversion: 1.1 [pid: 8|app: 0|req: 595/1194] 10.0.0.161 () {32 vars in 825 bytes} [Wed Mar 4 02:35:40 2026] GET /resource_providers/0c57ff58-1e8a-416e-a47c-a102559ec38c/aggregates => generated 235 bytes in 10 msecs (HTTP/1.1 404) 5 headers in 202 bytes (1 switches on core 0)
2026-03-04 02:35:40.645 7 INFO placement.requestlog [None req-32ecf4cc-dc82-4ce7-b8a8-419a981f345f 9485d081605d4854bc7425fede65ba90 59b95180f6ac47f9b81ebeea0a229261 - - f65d03401fe643fba374468d1db27df7 f65d03401fe643fba374468d1db27df7] 10.0.0.161 "DELETE /resource_providers/0c57ff58-1e8a-416e-a47c-a102559ec38c" status: 404 len: 246 microversion: 1.1 [pid: 7|app: 0|req: 600/1195] 10.0.0.161 () {34 vars in 825 bytes} [Wed Mar 4 02:35:40 2026] DELETE /resource_providers/0c57ff58-1e8a-416e-a47c-a102559ec38c => generated 246 bytes in 12 msecs (HTTP/1.1 404) 6 headers in 231 bytes (1 switches on core 0)
2026-03-04 02:35:40.646 8 INFO placement.requestlog [None req-15b533fa-7228-4374-ad6c-82c41a1f0fd3 9485d081605d4854bc7425fede65ba90 59b95180f6ac47f9b81ebeea0a229261 - - f65d03401fe643fba374468d1db27df7 f65d03401fe643fba374468d1db27df7] 10.0.0.161 "DELETE /resource_providers/0c57ff58-1e8a-416e-a47c-a102559ec38c" status: 404 len: 246 microversion: 1.1 [pid: 8|app: 0|req: 596/1196] 10.0.0.161 () {34 vars in 825 bytes} [Wed Mar 4 02:35:40 2026] DELETE /resource_providers/0c57ff58-1e8a-416e-a47c-a102559ec38c => generated 246 bytes in 7 msecs (HTTP/1.1 404) 6 headers in 231 bytes (1 switches on core 0)
2026-03-04 02:35:41.209 7 INFO placement.requestlog [req-99428bdd-8ece-467c-909f-c14a25461b56 req-b86f6fca-a018-40a0-9912-2b492a54a3b7 c0cbdce7130d4fb985fcfc881623b8d3 59b95180f6ac47f9b81ebeea0a229261 - - f65d03401fe643fba374468d1db27df7 f65d03401fe643fba374468d1db27df7] 199.204.45.25 "GET /resource_providers/7acb54ef-816e-45d9-b40c-28d8d2591fb5/allocations" status: 200 len: 55 microversion: 1.0 [pid: 7|app: 0|req: 601/1197] 199.204.45.25 () {32 vars in 856 bytes} [Wed Mar 4 02:35:41 2026] GET /resource_providers/7acb54ef-816e-45d9-b40c-28d8d2591fb5/allocations => generated 55 bytes in 13 msecs (HTTP/1.1 200) 6 headers in 223 bytes (1 switches on core 0)
2026-03-04 02:35:41.227 8 INFO placement.requestlog [req-99428bdd-8ece-467c-909f-c14a25461b56 req-cf47fd81-eedc-4fb6-bb58-7c14ccda72df c0cbdce7130d4fb985fcfc881623b8d3 59b95180f6ac47f9b81ebeea0a229261 - - f65d03401fe643fba374468d1db27df7 f65d03401fe643fba374468d1db27df7] 199.204.45.25 "GET /resource_providers/7acb54ef-816e-45d9-b40c-28d8d2591fb5/allocations" status: 200 len: 55 microversion: 1.0 [pid: 8|app: 0|req: 597/1198] 199.204.45.25 () {32 vars in 856 bytes} [Wed Mar 4 02:35:41 2026] GET /resource_providers/7acb54ef-816e-45d9-b40c-28d8d2591fb5/allocations => generated 55 bytes in 12 msecs (HTTP/1.1 200) 6 headers in 223 bytes (1 switches on core 0)
2026-03-04 02:35:48.170 7 INFO placement.requestlog [None req-6112a65a-00b8-4784-ab36-669ff08ffa9a - - - - - -] 10.0.0.223 "GET /" status: 200 len: 136 microversion: 1.0
2026-03-04 02:35:48.170 8 INFO placement.requestlog [None req-eb04409c-7ef9-413d-97c2-53d0ebebdcd6 - - - - - -] 10.0.0.223 "GET /" status: 200 len: 136 microversion: 1.0
2026-03-04 02:35:58.168 8 INFO placement.requestlog [None req-902bd4af-a6d0-4921-9cc3-93c1c6c88853 - - - - - -] 10.0.0.223 "GET /" status: 200 len: 136 microversion: 1.0
2026-03-04 02:35:58.169 7 INFO placement.requestlog [None req-c58dc6a9-0267-4940-86e8-9ad8b00cdb05 - - - - - -] 10.0.0.223 "GET /" status: 200 len: 136 microversion: 1.0
2026-03-04 02:36:08.170 8 INFO placement.requestlog [None req-ce04d785-f94f-485c-aa08-48d4c2a79457 - - - - - -] 10.0.0.223 "GET /" status: 200 len: 136 microversion: 1.0
2026-03-04 02:36:08.170 7 INFO placement.requestlog [None req-db301e8d-256e-4250-8d2c-3b5a15229fa9 - - - - - -] 10.0.0.223 "GET /" status: 200 len: 136 microversion: 1.0
2026-03-04 02:36:11.764 8 INFO placement.requestlog [None req-c143b96f-46aa-4d69-8b54-4bfb659749ec 9485d081605d4854bc7425fede65ba90 59b95180f6ac47f9b81ebeea0a229261 - - f65d03401fe643fba374468d1db27df7 f65d03401fe643fba374468d1db27df7] 10.0.0.161 "GET /resource_providers/5664c4ec-2c79-4f19-9632-d474c44c857f/aggregates" status: 404 len: 235 microversion: 1.1 [pid: 8|app: 0|req: 601/1205] 10.0.0.161 () {32 vars in 825 bytes} [Wed Mar 4 02:36:11 2026] GET /resource_providers/5664c4ec-2c79-4f19-9632-d474c44c857f/aggregates => generated 235 bytes in 13 msecs (HTTP/1.1 404) 5 headers in 202 bytes (1 switches on core 0)
2026-03-04 02:36:11.765 7 INFO placement.requestlog [None req-7fc71aaa-deee-4a82-ad0b-234d49ae05a3 9485d081605d4854bc7425fede65ba90 59b95180f6ac47f9b81ebeea0a229261 - - f65d03401fe643fba374468d1db27df7 f65d03401fe643fba374468d1db27df7] 10.0.0.161 "GET /resource_providers/5664c4ec-2c79-4f19-9632-d474c44c857f/aggregates" status: 404 len: 235 microversion: 1.1 [pid: 7|app: 0|req: 605/1206] 10.0.0.161 () {32 vars in 825 bytes} [Wed Mar 4 02:36:11 2026] GET /resource_providers/5664c4ec-2c79-4f19-9632-d474c44c857f/aggregates => generated 235 bytes in 10 msecs (HTTP/1.1 404) 5 headers in 202 bytes (1 switches on core 0)
