2026-03-04 02:31:11.751 7 INFO placement.requestlog [None req-b8156a8e-2542-4873-a030-ac5334faca12 9485d081605d4854bc7425fede65ba90 59b95180f6ac47f9b81ebeea0a229261 - - f65d03401fe643fba374468d1db27df7 f65d03401fe643fba374468d1db27df7] 10.0.0.161 "DELETE /resource_providers/215afc02-6012-4816-af38-5f1835dfd717" status: 404 len: 246 microversion: 1.1 [pid: 7|app: 0|req: 462/923] 10.0.0.161 () {34 vars in 825 bytes} [Wed Mar 4 02:31:11 2026] DELETE /resource_providers/215afc02-6012-4816-af38-5f1835dfd717 => generated 246 bytes in 22 msecs (HTTP/1.1 404) 6 headers in 231 bytes (1 switches on core 0)
2026-03-04 02:31:12.370 7 INFO placement.requestlog [None req-3ac9dc57-5d56-449c-90ae-9ddba44d41df 9485d081605d4854bc7425fede65ba90 59b95180f6ac47f9b81ebeea0a229261 - - f65d03401fe643fba374468d1db27df7 f65d03401fe643fba374468d1db27df7] 10.0.0.161 "GET /resource_providers/21bc42a0-31d9-4f6f-9e65-360b5f9b5c8a/aggregates" status: 404 len: 235 microversion: 1.1 [pid: 7|app: 0|req: 463/924] 10.0.0.161 () {32 vars in 825 bytes} [Wed Mar 4 02:31:12 2026] GET /resource_providers/21bc42a0-31d9-4f6f-9e65-360b5f9b5c8a/aggregates => generated 235 bytes in 19 msecs (HTTP/1.1 404) 5 headers in 202 bytes (1 switches on core 0)
2026-03-04 02:31:12.383 7 INFO placement.requestlog [None req-71c14ec7-333d-4551-b122-42c4c621e065 9485d081605d4854bc7425fede65ba90 59b95180f6ac47f9b81ebeea0a229261 - - f65d03401fe643fba374468d1db27df7 f65d03401fe643fba374468d1db27df7] 10.0.0.161 "GET /resource_providers/21bc42a0-31d9-4f6f-9e65-360b5f9b5c8a/aggregates" status: 404 len: 235 microversion: 1.1 [pid: 7|app: 0|req: 464/925] 10.0.0.161 () {32 vars in 825 bytes} [Wed Mar 4 02:31:12 2026] GET /resource_providers/21bc42a0-31d9-4f6f-9e65-360b5f9b5c8a/aggregates => generated 235 bytes in 12 msecs (HTTP/1.1 404) 5 headers in 202 bytes (1 switches on core 0)
2026-03-04 02:31:12.397 7 INFO placement.requestlog [None req-0534172b-11f7-4aa8-b6d8-932061cee394 9485d081605d4854bc7425fede65ba90 59b95180f6ac47f9b81ebeea0a229261 - - f65d03401fe643fba374468d1db27df7 f65d03401fe643fba374468d1db27df7] 10.0.0.161 "DELETE /resource_providers/21bc42a0-31d9-4f6f-9e65-360b5f9b5c8a" status: 404 len: 246 microversion: 1.1 [pid: 7|app: 0|req: 465/926] 10.0.0.161 () {34 vars in 825 bytes} [Wed Mar 4 02:31:12 2026] DELETE /resource_providers/21bc42a0-31d9-4f6f-9e65-360b5f9b5c8a => generated 246 bytes in 13 msecs (HTTP/1.1 404) 6 headers in 231 bytes (1 switches on core 0)
2026-03-04 02:31:12.413 7 INFO placement.requestlog [None req-401cf852-86eb-4657-b3d2-0c517dd724e3 9485d081605d4854bc7425fede65ba90 59b95180f6ac47f9b81ebeea0a229261 - - f65d03401fe643fba374468d1db27df7 f65d03401fe643fba374468d1db27df7] 10.0.0.161 "DELETE /resource_providers/21bc42a0-31d9-4f6f-9e65-360b5f9b5c8a" status: 404 len: 246 microversion: 1.1 [pid: 7|app: 0|req: 466/927] 10.0.0.161 () {34 vars in 825 bytes} [Wed Mar 4 02:31:12 2026] DELETE /resource_providers/21bc42a0-31d9-4f6f-9e65-360b5f9b5c8a => generated 246 bytes in 20 msecs (HTTP/1.1 404) 6 headers in 231 bytes (1 switches on core 0)
2026-03-04 02:31:12.423 8 INFO placement.requestlog [None req-d0740ae0-7121-40e8-8984-106eb44912bd 0eaeb9811a0e4e0683b5036e4583a103 8f88e600cf3449f8a080511d31fa8f58 - - default default] 10.0.0.69 "GET /resource_providers" status: 200 len: 405 microversion: 1.0 [pid: 8|app: 0|req: 462/928] 10.0.0.69 () {28 vars in 592 bytes} [Wed Mar 4 02:31:12 2026] GET /resource_providers => generated 405 bytes in 309 msecs (HTTP/1.1 200) 6 headers in 224 bytes (1 switches on core 0)
2026-03-04 02:31:12.459 7 INFO placement.requestlog [None req-35b1a72f-6163-4acb-84bc-5d35a96e54fe 0eaeb9811a0e4e0683b5036e4583a103 8f88e600cf3449f8a080511d31fa8f58 - - default default] 10.0.0.69 "GET /resource_providers/7acb54ef-816e-45d9-b40c-28d8d2591fb5/inventories" status: 200 len: 400 microversion: 1.0 [pid: 7|app: 0|req: 467/929] 10.0.0.69 () {28 vars in 690 bytes} [Wed Mar 4 02:31:12 2026] GET /resource_providers/7acb54ef-816e-45d9-b40c-28d8d2591fb5/inventories => generated 400 bytes in 31 msecs (HTTP/1.1 200) 6 headers in 224 bytes (1 switches on core 0)
2026-03-04 02:31:12.497 8 INFO placement.requestlog [None req-350f0887-4b09-477f-9ae3-a33cd48e2131 0eaeb9811a0e4e0683b5036e4583a103 8f88e600cf3449f8a080511d31fa8f58 - - default default] 10.0.0.69 "GET /resource_providers/7acb54ef-816e-45d9-b40c-28d8d2591fb5/usages" status: 200 len: 88 microversion: 1.0 [pid: 8|app: 0|req: 463/930] 10.0.0.69 () {28 vars in 680 bytes} [Wed Mar 4 02:31:12 2026] GET /resource_providers/7acb54ef-816e-45d9-b40c-28d8d2591fb5/usages => generated 88 bytes in 35 msecs (HTTP/1.1 200) 6 headers in 223 bytes (1 switches on core 0)
2026-03-04 02:31:14.423 7 INFO placement.requestlog [None req-41b8a699-e88c-4471-9fbd-5741a62dda25 9485d081605d4854bc7425fede65ba90 59b95180f6ac47f9b81ebeea0a229261 - - f65d03401fe643fba374468d1db27df7 f65d03401fe643fba374468d1db27df7] 10.0.0.161 "GET /resource_providers/d285d6b1-245f-4b3d-9c0c-4ec699964b05/aggregates" status: 404 len: 235 microversion: 1.1 [pid: 7|app: 0|req: 468/931] 10.0.0.161 () {32 vars in 825 bytes} [Wed Mar 4 02:31:14 2026] GET /resource_providers/d285d6b1-245f-4b3d-9c0c-4ec699964b05/aggregates => generated 235 bytes in 12 msecs (HTTP/1.1 404) 5 headers in 202 bytes (1 switches on core 0)
2026-03-04 02:31:14.442 8 INFO placement.requestlog [None req-fb54dcee-4082-4640-84d5-a5d4d4045379 9485d081605d4854bc7425fede65ba90 59b95180f6ac47f9b81ebeea0a229261 - - f65d03401fe643fba374468d1db27df7 f65d03401fe643fba374468d1db27df7] 10.0.0.161 "GET /resource_providers/d285d6b1-245f-4b3d-9c0c-4ec699964b05/aggregates" status: 404 len: 235 microversion: 1.1 [pid: 8|app: 0|req: 464/932] 10.0.0.161 () {32 vars in 825 bytes} [Wed Mar 4 02:31:14 2026] GET /resource_providers/d285d6b1-245f-4b3d-9c0c-4ec699964b05/aggregates => generated 235 bytes in 12 msecs (HTTP/1.1 404) 5 headers in 202 bytes (1 switches on core 0)
2026-03-04 02:31:14.445 7 INFO placement.requestlog [None req-89dab48b-5592-4d1f-94e1-670cf069470a 9485d081605d4854bc7425fede65ba90 59b95180f6ac47f9b81ebeea0a229261 - - f65d03401fe643fba374468d1db27df7 f65d03401fe643fba374468d1db27df7] 10.0.0.161 "DELETE /resource_providers/d285d6b1-245f-4b3d-9c0c-4ec699964b05" status: 404 len: 246 microversion: 1.1 [pid: 7|app: 0|req: 469/933] 10.0.0.161 () {34 vars in 825 bytes} [Wed Mar 4 02:31:14 2026] DELETE /resource_providers/d285d6b1-245f-4b3d-9c0c-4ec699964b05 => generated 246 bytes in 11 msecs (HTTP/1.1 404) 6 headers in 231 bytes (1 switches on core 0)
2026-03-04 02:31:14.461 8 INFO placement.requestlog [None req-bf6c0514-c5cd-4ca1-84cd-6d9099f9b796 9485d081605d4854bc7425fede65ba90 59b95180f6ac47f9b81ebeea0a229261 - - f65d03401fe643fba374468d1db27df7 f65d03401fe643fba374468d1db27df7] 10.0.0.161 "DELETE /resource_providers/d285d6b1-245f-4b3d-9c0c-4ec699964b05" status: 404 len: 246 microversion: 1.1 [pid: 8|app: 0|req: 465/934] 10.0.0.161 () {34 vars in 825 bytes} [Wed Mar 4 02:31:14 2026] DELETE /resource_providers/d285d6b1-245f-4b3d-9c0c-4ec699964b05 => generated 246 bytes in 10 msecs (HTTP/1.1 404) 6 headers in 231 bytes (1 switches on core 0)
2026-03-04 02:31:14.516 7 INFO placement.requestlog [None req-e22d04db-5168-4b3a-97aa-56dff005458e 9485d081605d4854bc7425fede65ba90 59b95180f6ac47f9b81ebeea0a229261 - - f65d03401fe643fba374468d1db27df7 f65d03401fe643fba374468d1db27df7] 10.0.0.161 "GET /resource_providers/61be1f5f-b04e-499b-8692-a111534b5643/aggregates" status: 404 len: 235 microversion: 1.1 [pid: 7|app: 0|req: 470/935] 10.0.0.161 () {32 vars in 825 bytes} [Wed Mar 4 02:31:14 2026] GET /resource_providers/61be1f5f-b04e-499b-8692-a111534b5643/aggregates => generated 235 bytes in 12 msecs (HTTP/1.1 404) 5 headers in 202 bytes (1 switches on core 0)
2026-03-04 02:31:14.516 8 INFO placement.requestlog [None req-8c218241-07cc-40bd-b522-1ecbc320d67f 9485d081605d4854bc7425fede65ba90 59b95180f6ac47f9b81ebeea0a229261 - - f65d03401fe643fba374468d1db27df7 f65d03401fe643fba374468d1db27df7] 10.0.0.161 "GET /resource_providers/61be1f5f-b04e-499b-8692-a111534b5643/aggregates" status: 404 len: 235 microversion: 1.1 [pid: 8|app: 0|req: 466/936] 10.0.0.161 () {32 vars in 825 bytes} [Wed Mar 4 02:31:14 2026] GET /resource_providers/61be1f5f-b04e-499b-8692-a111534b5643/aggregates => generated 235 bytes in 13 msecs (HTTP/1.1 404) 5 headers in 202 bytes (1 switches on core 0)
2026-03-04 02:31:14.535 7 INFO placement.requestlog [None req-e77171d5-10bf-4a9f-a25d-984727db5406 9485d081605d4854bc7425fede65ba90 59b95180f6ac47f9b81ebeea0a229261 - - f65d03401fe643fba374468d1db27df7 f65d03401fe643fba374468d1db27df7] 10.0.0.161 "DELETE /resource_providers/61be1f5f-b04e-499b-8692-a111534b5643" status: 404 len: 246 microversion: 1.1 [pid: 7|app: 0|req: 471/937] 10.0.0.161 () {34 vars in 825 bytes} [Wed Mar 4 02:31:14 2026] DELETE /resource_providers/61be1f5f-b04e-499b-8692-a111534b5643 => generated 246 bytes in 10 msecs (HTTP/1.1 404) 6 headers in 231 bytes (1 switches on core 0)
2026-03-04 02:31:14.536 8 INFO placement.requestlog [None req-599a8cc3-f2d1-4276-aca5-99b317d3bb64 9485d081605d4854bc7425fede65ba90 59b95180f6ac47f9b81ebeea0a229261 - - f65d03401fe643fba374468d1db27df7 f65d03401fe643fba374468d1db27df7] 10.0.0.161 "DELETE /resource_providers/61be1f5f-b04e-499b-8692-a111534b5643" status: 404 len: 246 microversion: 1.1 [pid: 8|app: 0|req: 467/938] 10.0.0.161 () {34 vars in 825 bytes} [Wed Mar 4 02:31:14 2026] DELETE /resource_providers/61be1f5f-b04e-499b-8692-a111534b5643 => generated 246 bytes in 10 msecs (HTTP/1.1 404) 6 headers in 231 bytes (1 switches on core 0)
2026-03-04 02:31:15.279 7 INFO placement.requestlog [req-f53dfc5b-5850-4d03-aa73-3c3c5f3bb3c6 req-0c17dbfc-c00b-40c0-bb85-31de2782ef2c c0cbdce7130d4fb985fcfc881623b8d3 59b95180f6ac47f9b81ebeea0a229261 - - f65d03401fe643fba374468d1db27df7 f65d03401fe643fba374468d1db27df7] 10.0.0.236 "GET /allocation_candidates?limit=1000&resources=DISK_GB%3A1%2CMEMORY_MB%3A512%2CVCPU%3A1&root_required=%21COMPUTE_STATUS_DISABLED" status: 200 len: 2217 microversion: 1.36 [pid: 7|app: 0|req: 472/939] 10.0.0.236 () {34 vars in 1012 bytes} [Wed Mar 4 02:31:15 2026] GET /allocation_candidates?limit=1000&resources=DISK_GB%3A1%2CMEMORY_MB%3A512%2CVCPU%3A1&root_required=%21COMPUTE_STATUS_DISABLED => generated 2217 bytes in 47 msecs (HTTP/1.1 200) 8 headers in 297 bytes (1 switches on core 0)
2026-03-04 02:31:15.306 8 INFO placement.requestlog [req-f53dfc5b-5850-4d03-aa73-3c3c5f3bb3c6 req-a0db5b40-ecaf-41aa-90be-b1c77e0244a0 c0cbdce7130d4fb985fcfc881623b8d3 59b95180f6ac47f9b81ebeea0a229261 - - f65d03401fe643fba374468d1db27df7 f65d03401fe643fba374468d1db27df7] 10.0.0.236 "GET /allocations/66632b5b-fa96-4322-bdbb-bd74f6218293" status: 200 len: 19 microversion: 1.28 [pid: 8|app: 0|req: 468/940] 10.0.0.236 () {34 vars in 861 bytes} [Wed Mar 4 02:31:15 2026] GET /allocations/66632b5b-fa96-4322-bdbb-bd74f6218293 => generated 19 bytes in 8 msecs (HTTP/1.1 200) 8 headers in 295 bytes (1 switches on core 0)
2026-03-04 02:31:15.372 7 INFO placement.requestlog [req-f53dfc5b-5850-4d03-aa73-3c3c5f3bb3c6 req-3df63c8e-0f0c-401c-88ac-0c309a022a2b c0cbdce7130d4fb985fcfc881623b8d3 59b95180f6ac47f9b81ebeea0a229261 - - f65d03401fe643fba374468d1db27df7 f65d03401fe643fba374468d1db27df7] 10.0.0.236 "PUT /allocations/66632b5b-fa96-4322-bdbb-bd74f6218293" status: 204 len: 0 microversion: 1.36 [pid: 7|app: 0|req: 473/941] 10.0.0.236 () {38 vars in 914 bytes} [Wed Mar 4 02:31:15 2026] PUT /allocations/66632b5b-fa96-4322-bdbb-bd74f6218293 => generated 0 bytes in 61 msecs (HTTP/1.1 204) 5 headers in 199 bytes (1 switches on core 0)
2026-03-04 02:31:15.622 8 INFO placement.requestlog [req-f53dfc5b-5850-4d03-aa73-3c3c5f3bb3c6 req-abec54d4-471d-4db0-b335-622ad38ea890 c0cbdce7130d4fb985fcfc881623b8d3 59b95180f6ac47f9b81ebeea0a229261 - - f65d03401fe643fba374468d1db27df7 f65d03401fe643fba374468d1db27df7] 199.204.45.25 "GET /allocations/66632b5b-fa96-4322-bdbb-bd74f6218293" status: 200 len: 258 microversion: 1.28 [pid: 8|app: 0|req: 469/942] 199.204.45.25 () {34 vars in 862 bytes} [Wed Mar 4 02:31:15 2026] GET /allocations/66632b5b-fa96-4322-bdbb-bd74f6218293 => generated 258 bytes in 15 msecs (HTTP/1.1 200) 8 headers in 296 bytes (1 switches on core 0)
2026-03-04 02:31:15.720 7 INFO placement.requestlog [req-f53dfc5b-5850-4d03-aa73-3c3c5f3bb3c6 req-4961afc0-7188-4c33-b229-b134d372f16e c0cbdce7130d4fb985fcfc881623b8d3 59b95180f6ac47f9b81ebeea0a229261 - - f65d03401fe643fba374468d1db27df7 f65d03401fe643fba374468d1db27df7] 199.204.45.25 "GET /resource_providers/7acb54ef-816e-45d9-b40c-28d8d2591fb5/allocations" status: 200 len: 153 microversion: 1.0 [pid: 7|app: 0|req: 474/943] 199.204.45.25 () {32 vars in 856 bytes} [Wed Mar 4 02:31:15 2026] GET /resource_providers/7acb54ef-816e-45d9-b40c-28d8d2591fb5/allocations => generated 153 bytes in 19 msecs (HTTP/1.1 200) 6 headers in 224 bytes (1 switches on core 0)
2026-03-04 02:31:15.744 8 INFO placement.requestlog [req-f53dfc5b-5850-4d03-aa73-3c3c5f3bb3c6 req-ae1e528f-30e2-4c06-920d-8a7ed1ee02c8 c0cbdce7130d4fb985fcfc881623b8d3 59b95180f6ac47f9b81ebeea0a229261 - - f65d03401fe643fba374468d1db27df7 f65d03401fe643fba374468d1db27df7] 199.204.45.25 "GET /allocations/66632b5b-fa96-4322-bdbb-bd74f6218293" status: 200 len: 258 microversion: 1.28 [pid: 8|app: 0|req: 470/944] 199.204.45.25 () {34 vars in 862 bytes} [Wed Mar 4 02:31:15 2026] GET /allocations/66632b5b-fa96-4322-bdbb-bd74f6218293 => generated 258 bytes in 16 msecs (HTTP/1.1 200) 8 headers in 296 bytes (1 switches on core 0)
2026-03-04 02:31:17.137 7 INFO placement.requestlog [req-20fa7d4a-4121-4ffb-bf2c-34fbdf3e2e63 req-7cddf625-3f48-4a98-88c3-f314b770ca6c c0cbdce7130d4fb985fcfc881623b8d3 59b95180f6ac47f9b81ebeea0a229261 - - f65d03401fe643fba374468d1db27df7 f65d03401fe643fba374468d1db27df7] 10.0.0.236 "GET /allocation_candidates?limit=1000&resources=DISK_GB%3A1%2CMEMORY_MB%3A512%2CVCPU%3A1&root_required=%21COMPUTE_STATUS_DISABLED" status: 200 len: 2219 microversion: 1.36 [pid: 7|app: 0|req: 475/945] 10.0.0.236 () {34 vars in 1012 bytes} [Wed Mar 4 02:31:17 2026] GET /allocation_candidates?limit=1000&resources=DISK_GB%3A1%2CMEMORY_MB%3A512%2CVCPU%3A1&root_required=%21COMPUTE_STATUS_DISABLED => generated 2219 bytes in 56 msecs (HTTP/1.1 200) 8 headers in 297 bytes (1 switches on core 0)
2026-03-04 02:31:17.166 8 INFO placement.requestlog [req-20fa7d4a-4121-4ffb-bf2c-34fbdf3e2e63 req-1cd571b2-1c7b-4202-a59a-92bcc59d9d1f c0cbdce7130d4fb985fcfc881623b8d3 59b95180f6ac47f9b81ebeea0a229261 - - f65d03401fe643fba374468d1db27df7 f65d03401fe643fba374468d1db27df7] 10.0.0.236 "GET /allocations/f013b1d1-8fae-4d40-92d5-dfa9cd1c7243" status: 200 len: 19 microversion: 1.28 [pid: 8|app: 0|req: 471/946] 10.0.0.236 () {34 vars in 861 bytes} [Wed Mar 4 02:31:17 2026] GET /allocations/f013b1d1-8fae-4d40-92d5-dfa9cd1c7243 => generated 19 bytes in 13 msecs (HTTP/1.1 200) 8 headers in 295 bytes (1 switches on core 0)
2026-03-04 02:31:17.234 7 INFO placement.requestlog [req-20fa7d4a-4121-4ffb-bf2c-34fbdf3e2e63 req-b903a16d-fa9e-4e39-876f-02c4b6337db3 c0cbdce7130d4fb985fcfc881623b8d3 59b95180f6ac47f9b81ebeea0a229261 - - f65d03401fe643fba374468d1db27df7 f65d03401fe643fba374468d1db27df7] 10.0.0.236 "PUT /allocations/f013b1d1-8fae-4d40-92d5-dfa9cd1c7243" status: 204 len: 0 microversion: 1.36 [pid: 7|app: 0|req: 476/947] 10.0.0.236 () {38 vars in 914 bytes} [Wed Mar 4 02:31:17 2026] PUT /allocations/f013b1d1-8fae-4d40-92d5-dfa9cd1c7243 => generated 0 bytes in 60 msecs (HTTP/1.1 204) 5 headers in 199 bytes (1 switches on core 0)
2026-03-04 02:31:17.510 8 INFO placement.requestlog [req-20fa7d4a-4121-4ffb-bf2c-34fbdf3e2e63 req-2c099db6-decd-4134-9379-7b1a21d6ffc0 c0cbdce7130d4fb985fcfc881623b8d3 59b95180f6ac47f9b81ebeea0a229261 - - f65d03401fe643fba374468d1db27df7 f65d03401fe643fba374468d1db27df7] 199.204.45.25 "GET /allocations/f013b1d1-8fae-4d40-92d5-dfa9cd1c7243" status: 200 len: 258 microversion: 1.28 [pid: 8|app: 0|req: 472/948] 199.204.45.25 () {34 vars in 862 bytes} [Wed Mar 4 02:31:17 2026] GET /allocations/f013b1d1-8fae-4d40-92d5-dfa9cd1c7243 => generated 258 bytes in 14 msecs (HTTP/1.1 200) 8 headers in 296 bytes (1 switches on core 0)
2026-03-04 02:31:17.627 7 INFO placement.requestlog [req-20fa7d4a-4121-4ffb-bf2c-34fbdf3e2e63 req-95fe4326-cb39-4eb9-b0e0-e8fd72f90f87 c0cbdce7130d4fb985fcfc881623b8d3 59b95180f6ac47f9b81ebeea0a229261 - - f65d03401fe643fba374468d1db27df7 f65d03401fe643fba374468d1db27df7] 199.204.45.25 "GET /resource_providers/7acb54ef-816e-45d9-b40c-28d8d2591fb5/allocations" status: 200 len: 253 microversion: 1.0 [pid: 7|app: 0|req: 477/949] 199.204.45.25 () {32 vars in 856 bytes} [Wed Mar 4 02:31:17 2026] GET /resource_providers/7acb54ef-816e-45d9-b40c-28d8d2591fb5/allocations => generated 253 bytes in 20 msecs (HTTP/1.1 200) 6 headers in 224 bytes (1 switches on core 0)
2026-03-04 02:31:17.644 8 INFO placement.requestlog [req-20fa7d4a-4121-4ffb-bf2c-34fbdf3e2e63 req-d588a3af-3a22-4fd8-95d7-3f9856b80645 c0cbdce7130d4fb985fcfc881623b8d3 59b95180f6ac47f9b81ebeea0a229261 - - f65d03401fe643fba374468d1db27df7 f65d03401fe643fba374468d1db27df7] 199.204.45.25 "GET /allocations/f013b1d1-8fae-4d40-92d5-dfa9cd1c7243" status: 200 len: 258 microversion: 1.28 [pid: 8|app: 0|req: 473/950] 199.204.45.25 () {34 vars in 862 bytes} [Wed Mar 4 02:31:17 2026] GET /allocations/f013b1d1-8fae-4d40-92d5-dfa9cd1c7243 => generated 258 bytes in 10 msecs (HTTP/1.1 200) 8 headers in 296 bytes (1 switches on core 0)
2026-03-04 02:31:17.666 7 INFO placement.requestlog [req-20fa7d4a-4121-4ffb-bf2c-34fbdf3e2e63 req-8a818792-97c2-4a80-b56e-db6516d195a1 c0cbdce7130d4fb985fcfc881623b8d3 59b95180f6ac47f9b81ebeea0a229261 - - f65d03401fe643fba374468d1db27df7 f65d03401fe643fba374468d1db27df7] 199.204.45.25 "GET /allocations/66632b5b-fa96-4322-bdbb-bd74f6218293" status: 200 len: 258 microversion: 1.28 [pid: 7|app: 0|req: 478/951] 199.204.45.25 () {34 vars in 862 bytes} [Wed Mar 4 02:31:17 2026] GET /allocations/66632b5b-fa96-4322-bdbb-bd74f6218293 => generated 258 bytes in 14 msecs (HTTP/1.1 200) 8 headers in 296 bytes (1 switches on core 0)
2026-03-04 02:31:18.169 8 INFO placement.requestlog [None req-732d3401-1f1e-4dd9-a8fa-22784653a72b - - - - - -] 10.0.0.223 "GET /" status: 200 len: 136 microversion: 1.0
2026-03-04 02:31:18.170 7 INFO placement.requestlog [None req-41bd7a8d-2d98-4886-8639-cdf898162d6b - - - - - -] 10.0.0.223 "GET /" status: 200 len: 136 microversion: 1.0
2026-03-04 02:31:28.120 7 INFO placement.requestlog [req-7bb1531c-fbe8-4057-8e2d-44c1e1826355 req-7ec673ed-546d-4bda-81e9-03e93be9c956 c0cbdce7130d4fb985fcfc881623b8d3 59b95180f6ac47f9b81ebeea0a229261 - - f65d03401fe643fba374468d1db27df7 f65d03401fe643fba374468d1db27df7] 10.0.0.236 "GET /allocation_candidates?limit=1000&resources=DISK_GB%3A1%2CMEMORY_MB%3A512%2CVCPU%3A1&root_required=%21COMPUTE_STATUS_DISABLED" status: 200 len: 2220 microversion: 1.36 [pid: 7|app: 0|req: 480/954] 10.0.0.236 () {34 vars in 1012 bytes} [Wed Mar 4 02:31:28 2026] GET /allocation_candidates?limit=1000&resources=DISK_GB%3A1%2CMEMORY_MB%3A512%2CVCPU%3A1&root_required=%21COMPUTE_STATUS_DISABLED => generated 2220 bytes in 59 msecs (HTTP/1.1 200) 8 headers in 297 bytes (1 switches on core 0)
2026-03-04 02:31:28.155 8 INFO placement.requestlog [req-7bb1531c-fbe8-4057-8e2d-44c1e1826355 req-f82a18ea-f634-43e3-954b-9d3a0c5fa3de c0cbdce7130d4fb985fcfc881623b8d3 59b95180f6ac47f9b81ebeea0a229261 - - f65d03401fe643fba374468d1db27df7 f65d03401fe643fba374468d1db27df7] 10.0.0.236 "GET /allocations/1d30ea34-e5c2-43bd-b063-439be1813315" status: 200 len: 19 microversion: 1.28 [pid: 8|app: 0|req: 475/955] 10.0.0.236 () {34 vars in 861 bytes} [Wed Mar 4 02:31:28 2026] GET /allocations/1d30ea34-e5c2-43bd-b063-439be1813315 => generated 19 bytes in 14 msecs (HTTP/1.1 200) 8 headers in 295 bytes (1 switches on core 0)
2026-03-04 02:31:28.170 8 INFO placement.requestlog [None req-6c293df7-58ed-45e3-ae19-f2ce176dce40 - - - - - -] 10.0.0.223 "GET /" status: 200 len: 136 microversion: 1.0
2026-03-04 02:31:28.173 8 INFO placement.requestlog [None req-64c1933a-0073-4d3a-b7b5-51b1cabc43de - - - - - -] 10.0.0.223 "GET /" status: 200 len: 136 microversion: 1.0
2026-03-04 02:31:28.218 7 INFO placement.requestlog [req-7bb1531c-fbe8-4057-8e2d-44c1e1826355 req-812da652-091a-4d42-8d52-53c4b72c24f4 c0cbdce7130d4fb985fcfc881623b8d3 59b95180f6ac47f9b81ebeea0a229261 - - f65d03401fe643fba374468d1db27df7 f65d03401fe643fba374468d1db27df7] 10.0.0.236 "PUT /allocations/1d30ea34-e5c2-43bd-b063-439be1813315" status: 204 len: 0 microversion: 1.36 [pid: 7|app: 0|req: 481/958] 10.0.0.236 () {38 vars in 914 bytes} [Wed Mar 4 02:31:28 2026] PUT /allocations/1d30ea34-e5c2-43bd-b063-439be1813315 => generated 0 bytes in 55 msecs (HTTP/1.1 204) 5 headers in 199 bytes (1 switches on core 0)
2026-03-04 02:31:28.463 8 INFO placement.requestlog [req-7bb1531c-fbe8-4057-8e2d-44c1e1826355 req-cae21b6c-02de-4d09-81f7-fe08d1a08081 c0cbdce7130d4fb985fcfc881623b8d3 59b95180f6ac47f9b81ebeea0a229261 - - f65d03401fe643fba374468d1db27df7 f65d03401fe643fba374468d1db27df7] 199.204.45.25 "GET /allocations/1d30ea34-e5c2-43bd-b063-439be1813315" status: 200 len: 258 microversion: 1.28 [pid: 8|app: 0|req: 478/959] 199.204.45.25 () {34 vars in 862 bytes} [Wed Mar 4 02:31:28 2026] GET /allocations/1d30ea34-e5c2-43bd-b063-439be1813315 => generated 258 bytes in 21 msecs (HTTP/1.1 200) 8 headers in 296 bytes (1 switches on core 0)
2026-03-04 02:31:28.561 7 INFO placement.requestlog [req-7bb1531c-fbe8-4057-8e2d-44c1e1826355 req-b7100e98-9e14-4cfe-baaa-3efefa08ee9b c0cbdce7130d4fb985fcfc881623b8d3 59b95180f6ac47f9b81ebeea0a229261 - - f65d03401fe643fba374468d1db27df7 f65d03401fe643fba374468d1db27df7] 199.204.45.25 "GET /resource_providers/7acb54ef-816e-45d9-b40c-28d8d2591fb5/allocations" status: 200 len: 353 microversion: 1.0 [pid: 7|app: 0|req: 482/960] 199.204.45.25 () {32 vars in 856 bytes} [Wed Mar 4 02:31:28 2026] GET /resource_providers/7acb54ef-816e-45d9-b40c-28d8d2591fb5/allocations => generated 353 bytes in 20 msecs (HTTP/1.1 200) 6 headers in 224 bytes (1 switches on core 0)
2026-03-04 02:31:28.585 8 INFO placement.requestlog [req-7bb1531c-fbe8-4057-8e2d-44c1e1826355 req-29c463d2-91d0-4735-9203-53c292f3ab8f c0cbdce7130d4fb985fcfc881623b8d3 59b95180f6ac47f9b81ebeea0a229261 - - f65d03401fe643fba374468d1db27df7 f65d03401fe643fba374468d1db27df7] 199.204.45.25 "GET /allocations/1d30ea34-e5c2-43bd-b063-439be1813315" status: 200 len: 258 microversion: 1.28 [pid: 8|app: 0|req: 479/961] 199.204.45.25 () {34 vars in 862 bytes} [Wed Mar 4 02:31:28 2026] GET /allocations/1d30ea34-e5c2-43bd-b063-439be1813315 => generated 258 bytes in 17 msecs (HTTP/1.1 200) 8 headers in 296 bytes (1 switches on core 0)
2026-03-04 02:31:28.608 7 INFO placement.requestlog [req-7bb1531c-fbe8-4057-8e2d-44c1e1826355 req-aaa44fad-e96e-4c2b-93f6-bbdaa09e6c95 c0cbdce7130d4fb985fcfc881623b8d3 59b95180f6ac47f9b81ebeea0a229261 - - f65d03401fe643fba374468d1db27df7 f65d03401fe643fba374468d1db27df7] 199.204.45.25 "GET /allocations/f013b1d1-8fae-4d40-92d5-dfa9cd1c7243" status: 200 len: 258 microversion: 1.28 [pid: 7|app: 0|req: 483/962] 199.204.45.25 () {34 vars in 862 bytes} [Wed Mar 4 02:31:28 2026] GET /allocations/f013b1d1-8fae-4d40-92d5-dfa9cd1c7243 => generated 258 bytes in 15 msecs (HTTP/1.1 200) 8 headers in 296 bytes (1 switches on core 0)
2026-03-04 02:31:28.628 8 INFO placement.requestlog [req-7bb1531c-fbe8-4057-8e2d-44c1e1826355 req-c91b1aca-1212-4a9a-aee5-28cd1cb938a4 c0cbdce7130d4fb985fcfc881623b8d3 59b95180f6ac47f9b81ebeea0a229261 - - f65d03401fe643fba374468d1db27df7 f65d03401fe643fba374468d1db27df7] 199.204.45.25 "GET /allocations/66632b5b-fa96-4322-bdbb-bd74f6218293" status: 200 len: 258 microversion: 1.28 [pid: 8|app: 0|req: 480/963] 199.204.45.25 () {34 vars in 862 bytes} [Wed Mar 4 02:31:28 2026] GET /allocations/66632b5b-fa96-4322-bdbb-bd74f6218293 => generated 258 bytes in 14 msecs (HTTP/1.1 200) 8 headers in 296 bytes (1 switches on core 0)
2026-03-04 02:31:38.169 8 INFO placement.requestlog [None req-5176f3de-bb78-445f-87d2-b46040d1c1c8 - - - - - -] 10.0.0.223 "GET /" status: 200 len: 136 microversion: 1.0
2026-03-04 02:31:38.170 7 INFO placement.requestlog [None req-4ff3bc45-744c-46fc-b497-698c415a2d17 - - - - - -] 10.0.0.223 "GET /" status: 200 len: 136 microversion: 1.0
2026-03-04 02:31:38.795 8 INFO placement.requestlog [req-b4b21e1e-2af6-491c-8171-38c23242d16a req-070c2037-b14d-4f6f-861f-376c35c455b7 c0cbdce7130d4fb985fcfc881623b8d3 59b95180f6ac47f9b81ebeea0a229261 - - f65d03401fe643fba374468d1db27df7 f65d03401fe643fba374468d1db27df7] 199.204.45.25 "GET /resource_providers/7acb54ef-816e-45d9-b40c-28d8d2591fb5/allocations" status: 200 len: 353 microversion: 1.0 [pid: 8|app: 0|req: 482/966] 199.204.45.25 () {32 vars in 856 bytes} [Wed Mar 4 02:31:38 2026] GET /resource_providers/7acb54ef-816e-45d9-b40c-28d8d2591fb5/allocations => generated 353 bytes in 24 msecs (HTTP/1.1 200) 6 headers in 224 bytes (1 switches on core 0)
2026-03-04 02:31:38.827 7 INFO placement.requestlog [req-b4b21e1e-2af6-491c-8171-38c23242d16a req-5e7984e8-d17e-42ef-8c7e-016f084ce97f c0cbdce7130d4fb985fcfc881623b8d3 59b95180f6ac47f9b81ebeea0a229261 - - f65d03401fe643fba374468d1db27df7 f65d03401fe643fba374468d1db27df7] 199.204.45.25 "GET /resource_providers/7acb54ef-816e-45d9-b40c-28d8d2591fb5/allocations" status: 200 len: 353 microversion: 1.0 [pid: 7|app: 0|req: 485/967] 199.204.45.25 () {32 vars in 856 bytes} [Wed Mar 4 02:31:38 2026] GET /resource_providers/7acb54ef-816e-45d9-b40c-28d8d2591fb5/allocations => generated 353 bytes in 23 msecs (HTTP/1.1 200) 6 headers in 224 bytes (1 switches on core 0)
2026-03-04 02:31:38.848 8 INFO placement.requestlog [req-b4b21e1e-2af6-491c-8171-38c23242d16a req-e6219a3c-70ff-4764-99e2-786cdc33477d c0cbdce7130d4fb985fcfc881623b8d3 59b95180f6ac47f9b81ebeea0a229261 - - f65d03401fe643fba374468d1db27df7 f65d03401fe643fba374468d1db27df7] 199.204.45.25 "GET /allocations/1d30ea34-e5c2-43bd-b063-439be1813315" status: 200 len: 258 microversion: 1.28 [pid: 8|app: 0|req: 483/968] 199.204.45.25 () {34 vars in 862 bytes} [Wed Mar 4 02:31:38 2026] GET /allocations/1d30ea34-e5c2-43bd-b063-439be1813315 => generated 258 bytes in 13 msecs (HTTP/1.1 200) 8 headers in 296 bytes (1 switches on core 0)
2026-03-04 02:31:38.866 7 INFO placement.requestlog [req-b4b21e1e-2af6-491c-8171-38c23242d16a req-424d93a0-6342-45f0-bba1-8125f8309932 c0cbdce7130d4fb985fcfc881623b8d3 59b95180f6ac47f9b81ebeea0a229261 - - f65d03401fe643fba374468d1db27df7 f65d03401fe643fba374468d1db27df7] 199.204.45.25 "GET /allocations/f013b1d1-8fae-4d40-92d5-dfa9cd1c7243" status: 200 len: 258 microversion: 1.28 [pid: 7|app: 0|req: 486/969] 199.204.45.25 () {34 vars in 862 bytes} [Wed Mar 4 02:31:38 2026] GET /allocations/f013b1d1-8fae-4d40-92d5-dfa9cd1c7243 => generated 258 bytes in 13 msecs (HTTP/1.1 200) 8 headers in 296 bytes (1 switches on core 0)
2026-03-04 02:31:38.892 8 INFO placement.requestlog [req-b4b21e1e-2af6-491c-8171-38c23242d16a req-89bf0b37-8efa-44dc-8c2d-5a5c3a733c4a c0cbdce7130d4fb985fcfc881623b8d3 59b95180f6ac47f9b81ebeea0a229261 - - f65d03401fe643fba374468d1db27df7 f65d03401fe643fba374468d1db27df7] 199.204.45.25 "GET /allocations/66632b5b-fa96-4322-bdbb-bd74f6218293" status: 200 len: 258 microversion: 1.28 [pid: 8|app: 0|req: 484/970] 199.204.45.25 () {34 vars in 862 bytes} [Wed Mar 4 02:31:38 2026] GET /allocations/66632b5b-fa96-4322-bdbb-bd74f6218293 => generated 258 bytes in 16 msecs (HTTP/1.1 200) 8 headers in 296 bytes (1 switches on core 0)
2026-03-04 02:31:44.124 7 INFO placement.requestlog [req-18496fec-9732-4b18-a1cd-655413092b90 req-7126df58-a677-4baa-969d-090dfd5380d3 c0cbdce7130d4fb985fcfc881623b8d3 59b95180f6ac47f9b81ebeea0a229261 - - f65d03401fe643fba374468d1db27df7 f65d03401fe643fba374468d1db27df7] 199.204.45.25 "GET /resource_providers/7acb54ef-816e-45d9-b40c-28d8d2591fb5/allocations" status: 200 len: 353 microversion: 1.0 [pid: 7|app: 0|req: 487/971] 199.204.45.25 () {32 vars in 856 bytes} [Wed Mar 4 02:31:44 2026] GET /resource_providers/7acb54ef-816e-45d9-b40c-28d8d2591fb5/allocations => generated 353 bytes in 15 msecs (HTTP/1.1 200) 6 headers in 224 bytes (1 switches on core 0)
2026-03-04 02:31:44.146 8 INFO placement.requestlog [req-18496fec-9732-4b18-a1cd-655413092b90 req-0dbe833d-0c87-4aa1-8545-3e26eb35921e c0cbdce7130d4fb985fcfc881623b8d3 59b95180f6ac47f9b81ebeea0a229261 - - f65d03401fe643fba374468d1db27df7 f65d03401fe643fba374468d1db27df7] 199.204.45.25 "GET /allocations/1d30ea34-e5c2-43bd-b063-439be1813315" status: 200 len: 258 microversion: 1.28 [pid: 8|app: 0|req: 485/972] 199.204.45.25 () {34 vars in 862 bytes} [Wed Mar 4 02:31:44 2026] GET /allocations/1d30ea34-e5c2-43bd-b063-439be1813315 => generated 258 bytes in 14 msecs (HTTP/1.1 200) 8 headers in 296 bytes (1 switches on core 0)
2026-03-04 02:31:44.172 7 INFO placement.requestlog [req-18496fec-9732-4b18-a1cd-655413092b90 req-b949ca55-d2b1-4bdf-b1a9-b207586f0d53 c0cbdce7130d4fb985fcfc881623b8d3 59b95180f6ac47f9b81ebeea0a229261 - - f65d03401fe643fba374468d1db27df7 f65d03401fe643fba374468d1db27df7] 199.204.45.25 "GET /allocations/f013b1d1-8fae-4d40-92d5-dfa9cd1c7243" status: 200 len: 258 microversion: 1.28 [pid: 7|app: 0|req: 488/973] 199.204.45.25 () {34 vars in 862 bytes} [Wed Mar 4 02:31:44 2026] GET /allocations/f013b1d1-8fae-4d40-92d5-dfa9cd1c7243 => generated 258 bytes in 19 msecs (HTTP/1.1 200) 8 headers in 296 bytes (1 switches on core 0)
2026-03-04 02:31:44.194 8 INFO placement.requestlog [req-18496fec-9732-4b18-a1cd-655413092b90 req-30a09dda-d990-4caa-ad03-3c650f11e139 c0cbdce7130d4fb985fcfc881623b8d3 59b95180f6ac47f9b81ebeea0a229261 - - f65d03401fe643fba374468d1db27df7 f65d03401fe643fba374468d1db27df7] 199.204.45.25 "GET /allocations/66632b5b-fa96-4322-bdbb-bd74f6218293" status: 200 len: 258 microversion: 1.28 [pid: 8|app: 0|req: 486/974] 199.204.45.25 () {34 vars in 862 bytes} [Wed Mar 4 02:31:44 2026] GET /allocations/66632b5b-fa96-4322-bdbb-bd74f6218293 => generated 258 bytes in 13 msecs (HTTP/1.1 200) 8 headers in 296 bytes (1 switches on core 0)
2026-03-04 02:31:44.282 7 INFO placement.requestlog [req-18496fec-9732-4b18-a1cd-655413092b90 req-627685f8-35b6-4e53-be74-e473d0523a55 c0cbdce7130d4fb985fcfc881623b8d3 59b95180f6ac47f9b81ebeea0a229261 - - f65d03401fe643fba374468d1db27df7 f65d03401fe643fba374468d1db27df7] 199.204.45.25 "DELETE /allocations/f013b1d1-8fae-4d40-92d5-dfa9cd1c7243" status: 204 len: 0 microversion: 1.0 [pid: 7|app: 0|req: 489/975] 199.204.45.25 () {34 vars in 840 bytes} [Wed Mar 4 02:31:44 2026] DELETE /allocations/f013b1d1-8fae-4d40-92d5-dfa9cd1c7243 => generated 0 bytes in 36 msecs (HTTP/1.1 204) 5 headers in 198 bytes (1 switches on core 0)
2026-03-04 02:31:48.169 8 INFO placement.requestlog [None req-a9eaf86f-a6d8-494a-a206-0d326c356f1a - - - - - -] 10.0.0.223 "GET /" status: 200 len: 136 microversion: 1.0
2026-03-04 02:31:48.169 7 INFO placement.requestlog [None req-3f21d2df-addd-4f31-ad50-5c8a2f881c42 - - - - - -] 10.0.0.223 "GET /" status: 200 len: 136 microversion: 1.0
2026-03-04 02:31:49.497 7 INFO placement.requestlog [None req-99e4971b-0dfa-432c-b790-955fc55613cd 9485d081605d4854bc7425fede65ba90 59b95180f6ac47f9b81ebeea0a229261 - - f65d03401fe643fba374468d1db27df7 f65d03401fe643fba374468d1db27df7] 10.0.0.161 "GET /resource_providers/2348adb0-e54d-4624-a92b-90ac993e1c3a/aggregates" status: 404 len: 235 microversion: 1.1 [pid: 7|app: 0|req: 491/978] 10.0.0.161 () {32 vars in 825 bytes} [Wed Mar 4 02:31:49 2026] GET /resource_providers/2348adb0-e54d-4624-a92b-90ac993e1c3a/aggregates => generated 235 bytes in 9 msecs (HTTP/1.1 404) 5 headers in 202 bytes (1 switches on core 0)
2026-03-04 02:31:49.500 8 INFO placement.requestlog [None req-dc927d3c-6bdf-467b-8c99-2a02f146d61f 9485d081605d4854bc7425fede65ba90 59b95180f6ac47f9b81ebeea0a229261 - - f65d03401fe643fba374468d1db27df7 f65d03401fe643fba374468d1db27df7] 10.0.0.161 "GET /resource_providers/2348adb0-e54d-4624-a92b-90ac993e1c3a/aggregates" status: 404 len: 235 microversion: 1.1 [pid: 8|app: 0|req: 488/979] 10.0.0.161 () {32 vars in 825 bytes} [Wed Mar 4 02:31:49 2026] GET /resource_providers/2348adb0-e54d-4624-a92b-90ac993e1c3a/aggregates => generated 235 bytes in 12 msecs (HTTP/1.1 404) 5 headers in 202 bytes (1 switches on core 0)
2026-03-04 02:31:49.519 7 INFO placement.requestlog [None req-25195277-b156-431d-ac5c-463571846a6f 9485d081605d4854bc7425fede65ba90 59b95180f6ac47f9b81ebeea0a229261 - - f65d03401fe643fba374468d1db27df7 f65d03401fe643fba374468d1db27df7] 10.0.0.161 "DELETE /resource_providers/2348adb0-e54d-4624-a92b-90ac993e1c3a" status: 404 len: 246 microversion: 1.1 [pid: 7|app: 0|req: 492/980] 10.0.0.161 () {34 vars in 825 bytes} [Wed Mar 4 02:31:49 2026] DELETE /resource_providers/2348adb0-e54d-4624-a92b-90ac993e1c3a => generated 246 bytes in 10 msecs (HTTP/1.1 404) 6 headers in 231 bytes (1 switches on core 0)
2026-03-04 02:31:49.521 8 INFO placement.requestlog [None req-4aea8ef2-bcdd-4ea9-bd69-afcc522949f3 9485d081605d4854bc7425fede65ba90 59b95180f6ac47f9b81ebeea0a229261 - - f65d03401fe643fba374468d1db27df7 f65d03401fe643fba374468d1db27df7] 10.0.0.161 "DELETE /resource_providers/2348adb0-e54d-4624-a92b-90ac993e1c3a" status: 404 len: 246 microversion: 1.1 [pid: 8|app: 0|req: 489/981] 10.0.0.161 () {34 vars in 825 bytes} [Wed Mar 4 02:31:49 2026] DELETE /resource_providers/2348adb0-e54d-4624-a92b-90ac993e1c3a => generated 246 bytes in 11 msecs (HTTP/1.1 404) 6 headers in 231 bytes (1 switches on core 0)
2026-03-04 02:31:53.872 7 INFO placement.requestlog [None req-1fc4c69c-53b0-49fe-9c4c-42f118feaaec 9485d081605d4854bc7425fede65ba90 59b95180f6ac47f9b81ebeea0a229261 - - f65d03401fe643fba374468d1db27df7 f65d03401fe643fba374468d1db27df7] 10.0.0.161 "GET /resource_providers/67ae791c-6dcf-4f10-af36-4809a22e333b/aggregates" status: 404 len: 235 microversion: 1.1 [pid: 7|app: 0|req: 493/982] 10.0.0.161 () {32 vars in 825 bytes} [Wed Mar 4 02:31:53 2026] GET /resource_providers/67ae791c-6dcf-4f10-af36-4809a22e333b/aggregates => generated 235 bytes in 15 msecs (HTTP/1.1 404) 5 headers in 202 bytes (1 switches on core 0)
2026-03-04 02:31:53.874 8 INFO placement.requestlog [None req-37335f72-e404-4f36-b79b-69508f65a512 9485d081605d4854bc7425fede65ba90 59b95180f6ac47f9b81ebeea0a229261 - - f65d03401fe643fba374468d1db27df7 f65d03401fe643fba374468d1db27df7] 10.0.0.161 "GET /resource_providers/67ae791c-6dcf-4f10-af36-4809a22e333b/aggregates" status: 404 len: 235 microversion: 1.1 [pid: 8|app: 0|req: 490/983] 10.0.0.161 () {32 vars in 825 bytes} [Wed Mar 4 02:31:53 2026] GET /resource_providers/67ae791c-6dcf-4f10-af36-4809a22e333b/aggregates => generated 235 bytes in 11 msecs (HTTP/1.1 404) 5 headers in 202 bytes (1 switches on core 0)
2026-03-04 02:31:53.896 7 INFO placement.requestlog [None req-a930247e-0fd1-45a9-bf96-82c8a3024843 9485d081605d4854bc7425fede65ba90 59b95180f6ac47f9b81ebeea0a229261 - - f65d03401fe643fba374468d1db27df7 f65d03401fe643fba374468d1db27df7] 10.0.0.161 "DELETE /resource_providers/67ae791c-6dcf-4f10-af36-4809a22e333b" status: 404 len: 246 microversion: 1.1 [pid: 7|app: 0|req: 494/984] 10.0.0.161 () {34 vars in 825 bytes} [Wed Mar 4 02:31:53 2026] DELETE /resource_providers/67ae791c-6dcf-4f10-af36-4809a22e333b => generated 246 bytes in 14 msecs (HTTP/1.1 404) 6 headers in 231 bytes (1 switches on core 0)
2026-03-04 02:31:53.907 8 INFO placement.requestlog [None req-7f2617cb-52a7-4d9c-a4d2-40aef1e1a30a 9485d081605d4854bc7425fede65ba90 59b95180f6ac47f9b81ebeea0a229261 - - f65d03401fe643fba374468d1db27df7 f65d03401fe643fba374468d1db27df7] 10.0.0.161 "DELETE /resource_providers/67ae791c-6dcf-4f10-af36-4809a22e333b" status: 404 len: 246 microversion: 1.1 [pid: 8|app: 0|req: 491/985] 10.0.0.161 () {34 vars in 825 bytes} [Wed Mar 4 02:31:53 2026] DELETE /resource_providers/67ae791c-6dcf-4f10-af36-4809a22e333b => generated 246 bytes in 22 msecs (HTTP/1.1 404) 6 headers in 231 bytes (1 switches on core 0)
2026-03-04 02:31:58.169 7 INFO placement.requestlog [None req-ec9c9d04-f24a-4d8f-8ee1-a5c73f8a7bc7 - - - - - -] 10.0.0.223 "GET /" status: 200 len: 136 microversion: 1.0
2026-03-04 02:31:58.170 8 INFO placement.requestlog [None req-893682c6-e12c-4ab8-853e-6347f2c094b0 - - - - - -] 10.0.0.223 "GET /" status: 200 len: 136 microversion: 1.0
2026-03-04 02:32:01.635 7 INFO placement.requestlog [req-5dd75898-5804-4838-9112-aa137372cffa req-e646f25e-6cd2-4fc4-bbd6-021a8c24a85b c0cbdce7130d4fb985fcfc881623b8d3 59b95180f6ac47f9b81ebeea0a229261 - - f65d03401fe643fba374468d1db27df7 f65d03401fe643fba374468d1db27df7] 10.0.0.236 "GET /allocation_candidates?limit=1000&resources=DISK_GB%3A1%2CMEMORY_MB%3A512%2CVCPU%3A1&root_required=%21COMPUTE_STATUS_DISABLED" status: 200 len: 2220 microversion: 1.36 [pid: 7|app: 0|req: 496/988] 10.0.0.236 () {34 vars in 1012 bytes} [Wed Mar 4 02:32:01 2026] GET /allocation_candidates?limit=1000&resources=DISK_GB%3A1%2CMEMORY_MB%3A512%2CVCPU%3A1&root_required=%21COMPUTE_STATUS_DISABLED => generated 2220 bytes in 46 msecs (HTTP/1.1 200) 8 headers in 297 bytes (1 switches on core 0)
2026-03-04 02:32:01.678 8 INFO placement.requestlog [req-5dd75898-5804-4838-9112-aa137372cffa req-01d0e78c-b9a4-4689-8820-480812bb9870 c0cbdce7130d4fb985fcfc881623b8d3 59b95180f6ac47f9b81ebeea0a229261 - - f65d03401fe643fba374468d1db27df7 f65d03401fe643fba374468d1db27df7] 10.0.0.236 "GET /allocations/eef70434-49c3-428c-b0d2-b1f265d02e61" status: 200 len: 19 microversion: 1.28 [pid: 8|app: 0|req: 493/989] 10.0.0.236 () {34 vars in 861 bytes} [Wed Mar 4 02:32:01 2026] GET /allocations/eef70434-49c3-428c-b0d2-b1f265d02e61 => generated 19 bytes in 11 msecs (HTTP/1.1 200) 8 headers in 295 bytes (1 switches on core 0)
2026-03-04 02:32:01.752 7 INFO placement.requestlog [req-5dd75898-5804-4838-9112-aa137372cffa req-a5d0570c-b700-4ca2-be55-ae0b29d88ff5 c0cbdce7130d4fb985fcfc881623b8d3 59b95180f6ac47f9b81ebeea0a229261 - - f65d03401fe643fba374468d1db27df7 f65d03401fe643fba374468d1db27df7] 10.0.0.236 "PUT /allocations/eef70434-49c3-428c-b0d2-b1f265d02e61" status: 204 len: 0 microversion: 1.36 [pid: 7|app: 0|req: 497/990] 10.0.0.236 () {38 vars in 914 bytes} [Wed Mar 4 02:32:01 2026] PUT /allocations/eef70434-49c3-428c-b0d2-b1f265d02e61 => generated 0 bytes in 69 msecs (HTTP/1.1 204) 5 headers in 199 bytes (1 switches on core 0)
2026-03-04 02:32:02.053 8 INFO placement.requestlog [req-5dd75898-5804-4838-9112-aa137372cffa req-81073c78-547f-4512-9dfe-0a691e2ddc2a c0cbdce7130d4fb985fcfc881623b8d3 59b95180f6ac47f9b81ebeea0a229261 - - f65d03401fe643fba374468d1db27df7 f65d03401fe643fba374468d1db27df7] 199.204.45.25 "GET /allocations/eef70434-49c3-428c-b0d2-b1f265d02e61" status: 200 len: 258 microversion: 1.28 [pid: 8|app: 0|req: 494/991] 199.204.45.25 () {34 vars in 862 bytes} [Wed Mar 4 02:32:02 2026] GET /allocations/eef70434-49c3-428c-b0d2-b1f265d02e61 => generated 258 bytes in 20 msecs (HTTP/1.1 200) 8 headers in 296 bytes (1 switches on core 0)
2026-03-04 02:32:02.176 7 INFO placement.requestlog [req-5dd75898-5804-4838-9112-aa137372cffa req-69dcfb6b-2ffe-44d8-a320-a8a6fe6251d6 c0cbdce7130d4fb985fcfc881623b8d3 59b95180f6ac47f9b81ebeea0a229261 - - f65d03401fe643fba374468d1db27df7 f65d03401fe643fba374468d1db27df7] 199.204.45.25 "GET /resource_providers/7acb54ef-816e-45d9-b40c-28d8d2591fb5/allocations" status: 200 len: 353 microversion: 1.0 [pid: 7|app: 0|req: 498/992] 199.204.45.25 () {32 vars in 856 bytes} [Wed Mar 4 02:32:02 2026] GET /resource_providers/7acb54ef-816e-45d9-b40c-28d8d2591fb5/allocations => generated 353 bytes in 23 msecs (HTTP/1.1 200) 6 headers in 224 bytes (1 switches on core 0)
2026-03-04 02:32:02.205 8 INFO placement.requestlog [req-5dd75898-5804-4838-9112-aa137372cffa req-06f0c40d-cd8f-454a-8e77-d2959b1978c9 c0cbdce7130d4fb985fcfc881623b8d3 59b95180f6ac47f9b81ebeea0a229261 - - f65d03401fe643fba374468d1db27df7 f65d03401fe643fba374468d1db27df7] 199.204.45.25 "GET /allocations/eef70434-49c3-428c-b0d2-b1f265d02e61" status: 200 len: 258 microversion: 1.28 [pid: 8|app: 0|req: 495/993] 199.204.45.25 () {34 vars in 862 bytes} [Wed Mar 4 02:32:02 2026] GET /allocations/eef70434-49c3-428c-b0d2-b1f265d02e61 => generated 258 bytes in 19 msecs (HTTP/1.1 200) 8 headers in 296 bytes (1 switches on core 0)
2026-03-04 02:32:02.231 7 INFO placement.requestlog [req-5dd75898-5804-4838-9112-aa137372cffa req-06c20730-6566-476a-bab6-7b50593e1547 c0cbdce7130d4fb985fcfc881623b8d3 59b95180f6ac47f9b81ebeea0a229261 - - f65d03401fe643fba374468d1db27df7 f65d03401fe643fba374468d1db27df7] 199.204.45.25 "GET /allocations/1d30ea34-e5c2-43bd-b063-439be1813315" status: 200 len: 258 microversion: 1.28 [pid: 7|app: 0|req: 499/994] 199.204.45.25 () {34 vars in 862 bytes} [Wed Mar 4 02:32:02 2026] GET /allocations/1d30ea34-e5c2-43bd-b063-439be1813315 => generated 258 bytes in 18 msecs (HTTP/1.1 200) 8 headers in 296 bytes (1 switches on core 0)
2026-03-04 02:32:02.257 8 INFO placement.requestlog [req-5dd75898-5804-4838-9112-aa137372cffa req-1187282b-c293-4f9b-b944-b1c4c6b7ecf3 c0cbdce7130d4fb985fcfc881623b8d3 59b95180f6ac47f9b81ebeea0a229261 - - f65d03401fe643fba374468d1db27df7 f65d03401fe643fba374468d1db27df7] 199.204.45.25 "GET /allocations/66632b5b-fa96-4322-bdbb-bd74f6218293" status: 200 len: 258 microversion: 1.28 [pid: 8|app: 0|req: 496/995] 199.204.45.25 () {34 vars in 862 bytes} [Wed Mar 4 02:32:02 2026] GET /allocations/66632b5b-fa96-4322-bdbb-bd74f6218293 => generated 258 bytes in 18 msecs (HTTP/1.1 200) 8 headers in 296 bytes (1 switches on core 0)
2026-03-04 02:32:05.142 7 INFO placement.requestlog [None req-8507a391-d40b-4cfd-a7d4-41d19b40fdf8 9485d081605d4854bc7425fede65ba90 59b95180f6ac47f9b81ebeea0a229261 - - f65d03401fe643fba374468d1db27df7 f65d03401fe643fba374468d1db27df7] 10.0.0.161 "GET /resource_providers/c0c34bb6-89ed-470a-bccf-8772aac98df9/aggregates" status: 404 len: 235 microversion: 1.1 [pid: 7|app: 0|req: 500/996] 10.0.0.161 () {32 vars in 825 bytes} [Wed Mar 4 02:32:05 2026] GET /resource_providers/c0c34bb6-89ed-470a-bccf-8772aac98df9/aggregates => generated 235 bytes in 18 msecs (HTTP/1.1 404) 5 headers in 202 bytes (1 switches on core 0)
2026-03-04 02:32:05.153 8 INFO placement.requestlog [None req-e6167c2a-c1e1-426f-bd9d-3d79e61570b1 9485d081605d4854bc7425fede65ba90 59b95180f6ac47f9b81ebeea0a229261 - - f65d03401fe643fba374468d1db27df7 f65d03401fe643fba374468d1db27df7] 10.0.0.161 "GET /resource_providers/c0c34bb6-89ed-470a-bccf-8772aac98df9/aggregates" status: 404 len: 235 microversion: 1.1 [pid: 8|app: 0|req: 497/997] 10.0.0.161 () {32 vars in 825 bytes} [Wed Mar 4 02:32:05 2026] GET /resource_providers/c0c34bb6-89ed-470a-bccf-8772aac98df9/aggregates => generated 235 bytes in 29 msecs (HTTP/1.1 404) 5 headers in 202 bytes (1 switches on core 0)
2026-03-04 02:32:05.164 7 INFO placement.requestlog [None req-d552350b-949d-427b-b26c-ee3628b1def2 9485d081605d4854bc7425fede65ba90 59b95180f6ac47f9b81ebeea0a229261 - - f65d03401fe643fba374468d1db27df7 f65d03401fe643fba374468d1db27df7] 10.0.0.161 "DELETE /resource_providers/c0c34bb6-89ed-470a-bccf-8772aac98df9" status: 404 len: 246 microversion: 1.1 [pid: 7|app: 0|req: 501/998] 10.0.0.161 () {34 vars in 825 bytes} [Wed Mar 4 02:32:05 2026] DELETE /resource_providers/c0c34bb6-89ed-470a-bccf-8772aac98df9 => generated 246 bytes in 14 msecs (HTTP/1.1 404) 6 headers in 231 bytes (1 switches on core 0)
2026-03-04 02:32:05.174 8 INFO placement.requestlog [None req-f5dcbea3-fbd1-4c9e-8f2f-f98529dbcc48 9485d081605d4854bc7425fede65ba90 59b95180f6ac47f9b81ebeea0a229261 - - f65d03401fe643fba374468d1db27df7 f65d03401fe643fba374468d1db27df7] 10.0.0.161 "DELETE /resource_providers/c0c34bb6-89ed-470a-bccf-8772aac98df9" status: 404 len: 246 microversion: 1.1 [pid: 8|app: 0|req: 498/999] 10.0.0.161 () {34 vars in 825 bytes} [Wed Mar 4 02:32:05 2026] DELETE /resource_providers/c0c34bb6-89ed-470a-bccf-8772aac98df9 => generated 246 bytes in 15 msecs (HTTP/1.1 404) 6 headers in 231 bytes (1 switches on core 0)
2026-03-04 02:32:05.694 7 INFO placement.requestlog [req-48399a6e-d718-4bd2-b544-00c1f2cca60e req-14217ffd-3b39-4462-aabc-bbdb98ae8222 c0cbdce7130d4fb985fcfc881623b8d3 59b95180f6ac47f9b81ebeea0a229261 - - f65d03401fe643fba374468d1db27df7 f65d03401fe643fba374468d1db27df7] 10.0.0.236 "GET /allocation_candidates?limit=1000&resources=MEMORY_MB%3A2048%2CVCPU%3A2&root_required=%21COMPUTE_STATUS_DISABLED" status: 200 len: 2207 microversion: 1.36 [pid: 7|app: 0|req: 502/1000] 10.0.0.236 () {34 vars in 986 bytes} [Wed Mar 4 02:32:05 2026] GET /allocation_candidates?limit=1000&resources=MEMORY_MB%3A2048%2CVCPU%3A2&root_required=%21COMPUTE_STATUS_DISABLED => generated 2207 bytes in 160 msecs (HTTP/1.1 200) 8 headers in 297 bytes (1 switches on core 0)
2026-03-04 02:32:05.728 8 INFO placement.requestlog [req-48399a6e-d718-4bd2-b544-00c1f2cca60e req-9277068c-d1ab-4f0e-92a2-bf713c76de9f c0cbdce7130d4fb985fcfc881623b8d3 59b95180f6ac47f9b81ebeea0a229261 - - f65d03401fe643fba374468d1db27df7 f65d03401fe643fba374468d1db27df7] 10.0.0.236 "GET /allocations/6a9f0006-aa23-4c02-8b04-1ef435fb0731" status: 200 len: 19 microversion: 1.28 [pid: 8|app: 0|req: 499/1001] 10.0.0.236 () {34 vars in 861 bytes} [Wed Mar 4 02:32:05 2026] GET /allocations/6a9f0006-aa23-4c02-8b04-1ef435fb0731 => generated 19 bytes in 10 msecs (HTTP/1.1 200) 8 headers in 295 bytes (1 switches on core 0)
2026-03-04 02:32:05.798 7 INFO placement.requestlog [req-48399a6e-d718-4bd2-b544-00c1f2cca60e req-d9bd4571-05ff-4f3e-9cc0-fe478bed7398 c0cbdce7130d4fb985fcfc881623b8d3 59b95180f6ac47f9b81ebeea0a229261 - - f65d03401fe643fba374468d1db27df7 f65d03401fe643fba374468d1db27df7] 10.0.0.236 "PUT /allocations/6a9f0006-aa23-4c02-8b04-1ef435fb0731" status: 204 len: 0 microversion: 1.36 [pid: 7|app: 0|req: 503/1002] 10.0.0.236 () {38 vars in 914 bytes} [Wed Mar 4 02:32:05 2026] PUT /allocations/6a9f0006-aa23-4c02-8b04-1ef435fb0731 => generated 0 bytes in 65 msecs (HTTP/1.1 204) 5 headers in 199 bytes (1 switches on core 0)
2026-03-04 02:32:06.204 8 INFO placement.requestlog [req-48399a6e-d718-4bd2-b544-00c1f2cca60e req-73815c50-2559-412f-a35d-84883060dc6c c0cbdce7130d4fb985fcfc881623b8d3 59b95180f6ac47f9b81ebeea0a229261 - - f65d03401fe643fba374468d1db27df7 f65d03401fe643fba374468d1db27df7] 199.204.45.25 "GET /allocations/6a9f0006-aa23-4c02-8b04-1ef435fb0731" status: 200 len: 245 microversion: 1.28 [pid: 8|app: 0|req: 500/1003] 199.204.45.25 () {34 vars in 862 bytes} [Wed Mar 4 02:32:06 2026] GET /allocations/6a9f0006-aa23-4c02-8b04-1ef435fb0731 => generated 245 bytes in 16 msecs (HTTP/1.1 200) 8 headers in 296 bytes (1 switches on core 0)
2026-03-04 02:32:06.331 7 INFO placement.requestlog [req-48399a6e-d718-4bd2-b544-00c1f2cca60e req-b86b1b8c-3dad-40bf-a664-50e30b14041a c0cbdce7130d4fb985fcfc881623b8d3 59b95180f6ac47f9b81ebeea0a229261 - - f65d03401fe643fba374468d1db27df7 f65d03401fe643fba374468d1db27df7] 199.204.45.25 "GET /resource_providers/7acb54ef-816e-45d9-b40c-28d8d2591fb5/allocations" status: 200 len: 440 microversion: 1.0 [pid: 7|app: 0|req: 504/1004] 199.204.45.25 () {32 vars in 856 bytes} [Wed Mar 4 02:32:06 2026] GET /resource_providers/7acb54ef-816e-45d9-b40c-28d8d2591fb5/allocations => generated 440 bytes in 26 msecs (HTTP/1.1 200) 6 headers in 224 bytes (1 switches on core 0)
2026-03-04 02:32:06.354 8 INFO placement.requestlog [req-48399a6e-d718-4bd2-b544-00c1f2cca60e req-207152fe-cb1f-45ae-a3c9-91f085b40fea c0cbdce7130d4fb985fcfc881623b8d3 59b95180f6ac47f9b81ebeea0a229261 - - f65d03401fe643fba374468d1db27df7 f65d03401fe643fba374468d1db27df7] 199.204.45.25 "GET /allocations/6a9f0006-aa23-4c02-8b04-1ef435fb0731" status: 200 len: 245 microversion: 1.28 [pid: 8|app: 0|req: 501/1005] 199.204.45.25 () {34 vars in 862 bytes} [Wed Mar 4 02:32:06 2026] GET /allocations/6a9f0006-aa23-4c02-8b04-1ef435fb0731 => generated 245 bytes in 16 msecs (HTTP/1.1 200) 8 headers in 296 bytes (1 switches on core 0)
2026-03-04 02:32:06.380 7 INFO placement.requestlog [req-48399a6e-d718-4bd2-b544-00c1f2cca60e req-1165880d-7361-4226-a191-88af4c46fe40 c0cbdce7130d4fb985fcfc881623b8d3 59b95180f6ac47f9b81ebeea0a229261 - - f65d03401fe643fba374468d1db27df7 f65d03401fe643fba374468d1db27df7] 199.204.45.25 "GET /allocations/eef70434-49c3-428c-b0d2-b1f265d02e61" status: 200 len: 258 microversion: 1.28 [pid: 7|app: 0|req: 505/1006] 199.204.45.25 () {34 vars in 862 bytes} [Wed Mar 4 02:32:06 2026] GET /allocations/eef70434-49c3-428c-b0d2-b1f265d02e61 => generated 258 bytes in 20 msecs (HTTP/1.1 200) 8 headers in 296 bytes (1 switches on core 0)
2026-03-04 02:32:06.405 8 INFO placement.requestlog [req-48399a6e-d718-4bd2-b544-00c1f2cca60e req-c73b9640-59d5-490e-bb5a-c085ab933205 c0cbdce7130d4fb985fcfc881623b8d3 59b95180f6ac47f9b81ebeea0a229261 - - f65d03401fe643fba374468d1db27df7 f65d03401fe643fba374468d1db27df7] 199.204.45.25 "GET /allocations/1d30ea34-e5c2-43bd-b063-439be1813315" status: 200 len: 258 microversion: 1.28 [pid: 8|app: 0|req: 502/1007] 199.204.45.25 () {34 vars in 862 bytes} [Wed Mar 4 02:32:06 2026] GET /allocations/1d30ea34-e5c2-43bd-b063-439be1813315 => generated 258 bytes in 20 msecs (HTTP/1.1 200) 8 headers in 296 bytes (1 switches on core 0)
2026-03-04 02:32:06.428 7 INFO placement.requestlog [req-48399a6e-d718-4bd2-b544-00c1f2cca60e req-9f75e2d0-66b1-47e4-87ac-6a2a5287d9a2 c0cbdce7130d4fb985fcfc881623b8d3 59b95180f6ac47f9b81ebeea0a229261 - - f65d03401fe643fba374468d1db27df7 f65d03401fe643fba374468d1db27df7] 199.204.45.25 "GET /allocations/66632b5b-fa96-4322-bdbb-bd74f6218293" status: 200 len: 258 microversion: 1.28 [pid: 7|app: 0|req: 506/1008] 199.204.45.25 () {34 vars in 862 bytes} [Wed Mar 4 02:32:06 2026] GET /allocations/66632b5b-fa96-4322-bdbb-bd74f6218293 => generated 258 bytes in 18 msecs (HTTP/1.1 200) 8 headers in 296 bytes (1 switches on core 0)
2026-03-04 02:32:08.169 8 INFO placement.requestlog [None req-229922f2-93a0-4640-a291-7cc7070d1edd - - - - - -] 10.0.0.223 "GET /" status: 200 len: 136 microversion: 1.0
2026-03-04 02:32:08.169 7 INFO placement.requestlog [None req-7080bfdd-a989-4770-98b2-56d7c4c089ee - - - - - -] 10.0.0.223 "GET /" status: 200 len: 136 microversion: 1.0
