File "/var/lib/openstack/lib/python3.10/site-packages/ovsdbapp/backend/ovs_idl/__init__.py", line 235, in _lookup
2026-03-04 02:28:12.534 9 ERROR neutron_lib.callbacks.manager row = idlutils.row_by_value(self, rl.table, rl.column, record)
2026-03-04 02:28:12.534 9 ERROR neutron_lib.callbacks.manager
File "/var/lib/openstack/lib/python3.10/site-packages/ovsdbapp/backend/ovs_idl/idlutils.py", line 114, in row_by_value
2026-03-04 02:28:12.534 9 ERROR neutron_lib.callbacks.manager raise RowNotFound(table=table, col=column, match=match)
2026-03-04 02:28:12.534 9 ERROR neutron_lib.callbacks.manager ovsdbapp.backend.ovs_idl.idlutils.RowNotFound: Cannot find Logical_Router_Port with name=lrp-6c44c3f1-8da2-46c8-9f33-27b195ed1f66
2026-03-04 02:28:12.534 9 ERROR neutron_lib.callbacks.manager 
2026-03-04 02:28:12.637 10 INFO neutron.db.ovn_revision_numbers_db [None req-29a1065d-9bf8-478b-b9ca-32945ef03b04 - - - - - -] Successfully bumped revision number for resource 7be72c58-8cc4-4fa0-b13d-3bf35bff92fe (type: router_ports) to 4
2026-03-04 02:28:12.722 10 INFO neutron.wsgi [None req-75984732-8460-4f27-a994-1c69efbf9518 0eaeb9811a0e4e0683b5036e4583a103 8f88e600cf3449f8a080511d31fa8f58 - - default default] 10.0.0.69 "GET /v2.0/networks HTTP/1.1" status: 200 len: 4632 time: 0.2876482
2026-03-04 02:28:12.832 10 INFO neutron.wsgi [None req-15738476-1f76-4d05-a4cd-0d5f121e2285 0eaeb9811a0e4e0683b5036e4583a103 8f88e600cf3449f8a080511d31fa8f58 - - default default] 10.0.0.69 "GET /v2.0/ports HTTP/1.1" status: 200 len: 13842 time: 0.0977077
2026-03-04 02:28:12.876 9 INFO neutron.db.ovn_revision_numbers_db [None req-fb52d338-ba58-472b-b7ab-839a12510c72 0eaeb9811a0e4e0683b5036e4583a103 8f88e600cf3449f8a080511d31fa8f58 - - default default] Successfully bumped revision number for resource 6c44c3f1-8da2-46c8-9f33-27b195ed1f66 (type: ports) to 1
2026-03-04 02:28:12.926 10 INFO neutron.wsgi [None req-b6ab09d6-2755-482b-a530-e2737fe7e7e0 0eaeb9811a0e4e0683b5036e4583a103 8f88e600cf3449f8a080511d31fa8f58 - - default default] 10.0.0.69 "GET /v2.0/security-groups HTTP/1.1" status: 200 len: 29173 time: 0.0785792
2026-03-04 02:28:12.946 9 WARNING neutron.scheduler.dhcp_agent_scheduler [None req-fb52d338-ba58-472b-b7ab-839a12510c72 0eaeb9811a0e4e0683b5036e4583a103 8f88e600cf3449f8a080511d31fa8f58 - - default default] No more DHCP agents
2026-03-04 02:28:12.948 9 WARNING neutron.api.rpc.agentnotifiers.dhcp_rpc_agent_api [None req-fb52d338-ba58-472b-b7ab-839a12510c72 0eaeb9811a0e4e0683b5036e4583a103 8f88e600cf3449f8a080511d31fa8f58 - - default default] Unable to schedule network a11e4079-9984-4274-8da5-8452a1c69dde: no agents available; will retry on subsequent port and subnet creation events.
2026-03-04 02:28:13.002 10 INFO neutron.wsgi [None req-edd257a2-50f9-4b75-83f5-84b98d840044 0eaeb9811a0e4e0683b5036e4583a103 8f88e600cf3449f8a080511d31fa8f58 - - default default] 10.0.0.69 "GET /v2.0/subnets HTTP/1.1" status: 200 len: 3408 time: 0.0616591
2026-03-04 02:28:13.007 10 INFO neutron.wsgi [None req-c97c2d74-363e-449e-82b5-819736f8a021 0eaeb9811a0e4e0683b5036e4583a103 8f88e600cf3449f8a080511d31fa8f58 - - default default] 10.0.0.194 "DELETE /v2.0/security-groups/737cf9d4-5285-43a4-9d50-0692be5f38a5 HTTP/1.1" status: 204 len: 168 time: 0.8413467
2026-03-04 02:28:13.029 10 INFO neutron.wsgi [None req-ac9085e0-9b97-4f8a-8abb-6df4f54a29be 0eaeb9811a0e4e0683b5036e4583a103 8f88e600cf3449f8a080511d31fa8f58 - - default default] 10.0.0.69 "GET /v2.0/agents HTTP/1.1" status: 200 len: 1390 time: 0.0199721
2026-03-04 02:28:13.091 10 INFO neutron.wsgi [None req-1804d2dd-3743-4d66-ab55-81e563e2aa7c 0eaeb9811a0e4e0683b5036e4583a103 8f88e600cf3449f8a080511d31fa8f58 - - default default] 10.0.0.69 "GET /v2.0/subnets HTTP/1.1" status: 200 len: 3408 time: 0.0596955
2026-03-04 02:28:13.112 10 INFO neutron.db.ovn_revision_numbers_db [None req-46bc045e-989f-44d3-8aca-06a9b661dce8 - - - - - -] Successfully bumped revision number for resource d59f67e6-7fe1-4b4e-9c00-d46787080391 (type: router_ports) to 4
2026-03-04 02:28:13.115 10 INFO neutron.wsgi [None req-00085e81-b36d-4cfc-85cc-4fed0a5df010 0eaeb9811a0e4e0683b5036e4583a103 8f88e600cf3449f8a080511d31fa8f58 - - default default] 10.0.0.69 "GET /v2.0/subnetpools HTTP/1.1" status: 200 len: 193 time: 0.0218718
2026-03-04 02:28:13.136 10 INFO neutron.wsgi [None req-39cfb0f2-b7e9-47d3-9fae-0767226b189b 0eaeb9811a0e4e0683b5036e4583a103 8f88e600cf3449f8a080511d31fa8f58 - - default default] 10.0.0.69 "GET /v2.0/network-ip-availabilities HTTP/1.1" status: 200 len: 2714 time: 0.0194185
2026-03-04 02:28:13.275 10 INFO neutron.wsgi [None req-6752ee3d-d1ef-4ebd-9bd4-dad571aa167e 0eaeb9811a0e4e0683b5036e4583a103 8f88e600cf3449f8a080511d31fa8f58 - - default default] 10.0.0.69 "GET /v2.0/routers HTTP/1.1" status: 200 len: 3078 time: 0.1361346
2026-03-04 02:28:13.294 10 INFO neutron.wsgi [None req-8f803be9-d375-4cc0-8e5a-d5a816690a03 0eaeb9811a0e4e0683b5036e4583a103 8f88e600cf3449f8a080511d31fa8f58 - - default default] 10.0.0.69 "GET /v2.0/agents?binary=ovn-controller HTTP/1.1" status: 200 len: 591 time: 0.0178311
2026-03-04 02:28:13.376 10 WARNING neutron_lib.context [req-2be7d82f-b062-4f46-ba54-278825c106b8 req-81fced1b-df69-46b7-a771-07ecaf27edcf 3ddec3b17736444f9da63b08134f1b77 9b98c97c2d7b491389b9181207f35d4d - - default default] Method 'is_advsvc' is deprecated since 2023.2 release (neutron-lib 3.8.0) and will be removed once support for the old RBAC API policies will be removed from Neutron. Please use method 'is_service_role' instead.
2026-03-04 02:28:13.560 9 INFO neutron.db.ovn_revision_numbers_db [None req-fb52d338-ba58-472b-b7ab-839a12510c72 0eaeb9811a0e4e0683b5036e4583a103 8f88e600cf3449f8a080511d31fa8f58 - - default default] Successfully bumped revision number for resource 6c44c3f1-8da2-46c8-9f33-27b195ed1f66 (type: router_ports) to 1
2026-03-04 02:28:13.566 9 INFO neutron.wsgi [None req-fb52d338-ba58-472b-b7ab-839a12510c72 0eaeb9811a0e4e0683b5036e4583a103 8f88e600cf3449f8a080511d31fa8f58 - - default default] 10.0.0.194 "PUT /v2.0/routers/e60d603d-74f1-4166-855c-ada5c67974a1/add_router_interface HTTP/1.1" status: 200 len: 503 time: 3.6684206
2026-03-04 02:28:13.746 10 INFO neutron.db.ovn_revision_numbers_db [req-2be7d82f-b062-4f46-ba54-278825c106b8 req-81fced1b-df69-46b7-a771-07ecaf27edcf 3ddec3b17736444f9da63b08134f1b77 9b98c97c2d7b491389b9181207f35d4d - - default default] Successfully bumped revision number for resource 3e3206b8-f4e5-46d6-994e-2e5e8a10c026 (type: security_groups) to 1
2026-03-04 02:28:13.763 10 INFO neutron.db.ovn_revision_numbers_db [req-2be7d82f-b062-4f46-ba54-278825c106b8 req-81fced1b-df69-46b7-a771-07ecaf27edcf 3ddec3b17736444f9da63b08134f1b77 9b98c97c2d7b491389b9181207f35d4d - - default default] Successfully bumped revision number for resource ae9b7cc4-8019-4527-800a-88dd4fe75f59 (type: security_group_rules) to 0
2026-03-04 02:28:13.784 10 INFO neutron.db.ovn_revision_numbers_db [req-2be7d82f-b062-4f46-ba54-278825c106b8 req-81fced1b-df69-46b7-a771-07ecaf27edcf 3ddec3b17736444f9da63b08134f1b77 9b98c97c2d7b491389b9181207f35d4d - - default default] Successfully bumped revision number for resource c5e3f181-6beb-4c9b-b0cb-ef0da55286e8 (type: security_group_rules) to 0
2026-03-04 02:28:13.817 10 INFO neutron.wsgi [req-2be7d82f-b062-4f46-ba54-278825c106b8 req-81fced1b-df69-46b7-a771-07ecaf27edcf 3ddec3b17736444f9da63b08134f1b77 9b98c97c2d7b491389b9181207f35d4d - - default default] 10.0.0.206 "POST /v2.0/security-groups HTTP/1.1" status: 201 len: 1891 time: 0.5581355
2026-03-04 02:28:13.826 10 INFO neutron.plugins.ml2.drivers.ovn.mech_driver.ovsdb.commands [None req-771a3c9f-0929-45e8-aa30-583fcfbfe799 - - - - - -] Schedule LRP lrp-1709f820-4226-443a-a8d4-7eb722005deb on gateway c71abeac-da05-4f35-97fb-16479a098fd8 with priority 1
2026-03-04 02:28:13.861 9 INFO neutron.plugins.ml2.drivers.ovn.mech_driver.ovsdb.ovsdb_monitor [None req-7ced8c6a-38b2-403f-8e8e-0854003e3fd1 - - - - - -] Router da7db4c9-c129-49c4-bddb-1039baaa4a68 is bound to host instance
2026-03-04 02:28:13.876 10 INFO neutron.db.ovn_revision_numbers_db [None req-3ff7f0a1-6a8b-4747-b5af-6cafe7ea2d3c 0eaeb9811a0e4e0683b5036e4583a103 8f88e600cf3449f8a080511d31fa8f58 - - default default] Successfully bumped revision number for resource 1709f820-4226-443a-a8d4-7eb722005deb (type: router_ports) to 1
2026-03-04 02:28:13.982 10 INFO neutron.db.ovn_revision_numbers_db [None req-3ff7f0a1-6a8b-4747-b5af-6cafe7ea2d3c 0eaeb9811a0e4e0683b5036e4583a103 8f88e600cf3449f8a080511d31fa8f58 - - default default] Successfully bumped revision number for resource da7db4c9-c129-49c4-bddb-1039baaa4a68 (type: routers) to 2
2026-03-04 02:28:14.000 10 INFO neutron.wsgi [None req-3ff7f0a1-6a8b-4747-b5af-6cafe7ea2d3c 0eaeb9811a0e4e0683b5036e4583a103 8f88e600cf3449f8a080511d31fa8f58 - - default default] 10.0.0.194 "POST /v2.0/routers HTTP/1.1" status: 201 len: 1162 time: 2.9918976
2026-03-04 02:28:14.113 10 WARNING neutron_lib.context [req-e3414718-d6e5-4472-8cbb-0a9e09eefa66 req-21f90f49-8982-4ce9-9b83-ab6c897db319 01ccc9d45b164744b4f4407ed7253d8e 1bd292d5028b41cbb4434de3d9f68a51 - - default default] Method 'is_advsvc' is deprecated since 2023.2 release (neutron-lib 3.8.0) and will be removed once support for the old RBAC API policies will be removed from Neutron. Please use method 'is_service_role' instead.
2026-03-04 02:28:14.311 10 INFO neutron.db.ovn_revision_numbers_db [req-e3414718-d6e5-4472-8cbb-0a9e09eefa66 req-21f90f49-8982-4ce9-9b83-ab6c897db319 01ccc9d45b164744b4f4407ed7253d8e 1bd292d5028b41cbb4434de3d9f68a51 - - default default] Successfully bumped revision number for resource 35018f20-31f0-4521-a2a2-ced86317100e (type: security_groups) to 1
2026-03-04 02:28:14.335 10 INFO neutron.db.ovn_revision_numbers_db [req-e3414718-d6e5-4472-8cbb-0a9e09eefa66 req-21f90f49-8982-4ce9-9b83-ab6c897db319 01ccc9d45b164744b4f4407ed7253d8e 1bd292d5028b41cbb4434de3d9f68a51 - - default default] Successfully bumped revision number for resource 59f9b0de-b28c-452f-a03e-265011813d40 (type: security_group_rules) to 0
2026-03-04 02:28:14.358 10 INFO neutron.db.ovn_revision_numbers_db [req-e3414718-d6e5-4472-8cbb-0a9e09eefa66 req-21f90f49-8982-4ce9-9b83-ab6c897db319 01ccc9d45b164744b4f4407ed7253d8e 1bd292d5028b41cbb4434de3d9f68a51 - - default default] Successfully bumped revision number for resource 8bf2ed44-110d-4bda-8075-6f101f4a2ded (type: security_group_rules) to 0
2026-03-04 02:28:14.390 10 INFO neutron.wsgi [req-e3414718-d6e5-4472-8cbb-0a9e09eefa66 req-21f90f49-8982-4ce9-9b83-ab6c897db319 01ccc9d45b164744b4f4407ed7253d8e 1bd292d5028b41cbb4434de3d9f68a51 - - default default] 10.0.0.206 "POST /v2.0/security-groups HTTP/1.1" status: 201 len: 1886 time: 0.2846129
2026-03-04 02:28:14.443 10 WARNING neutron_lib.context [req-9c94299c-f3cd-4cba-86a4-064d46d64145 req-f5bd4a7b-0721-47ed-aaa2-2ff54d4f5ba0 01ccc9d45b164744b4f4407ed7253d8e 1bd292d5028b41cbb4434de3d9f68a51 - - default default] Method 'is_advsvc' is deprecated since 2023.2 release (neutron-lib 3.8.0) and will be removed once support for the old RBAC API policies will be removed from Neutron. Please use method 'is_service_role' instead.
2026-03-04 02:28:14.482 9 INFO neutron.wsgi [req-935462a1-2bf1-44e2-b220-6ae45770a2ac req-b9f9004f-6663-4eaa-aca8-beadd9b1448a 3ddec3b17736444f9da63b08134f1b77 9b98c97c2d7b491389b9181207f35d4d - - default default] 10.0.0.206 "GET /v2.0/security-groups/3e3206b8-f4e5-46d6-994e-2e5e8a10c026 HTTP/1.1" status: 200 len: 1886 time: 0.2457244
2026-03-04 02:28:14.495 9 WARNING neutron_lib.context [req-935462a1-2bf1-44e2-b220-6ae45770a2ac req-828c06d2-c3c1-4ea1-a583-978f3e5389af 3ddec3b17736444f9da63b08134f1b77 9b98c97c2d7b491389b9181207f35d4d - - default default] Method 'is_advsvc' is deprecated since 2023.2 release (neutron-lib 3.8.0) and will be removed once support for the old RBAC API policies will be removed from Neutron. Please use method 'is_service_role' instead.
2026-03-04 02:28:14.624 9 INFO neutron.db.ovn_revision_numbers_db [None req-7ced8c6a-38b2-403f-8e8e-0854003e3fd1 - - - - - -] Successfully bumped revision number for resource 1709f820-4226-443a-a8d4-7eb722005deb (type: ports) to 1
2026-03-04 02:28:14.628 10 INFO neutron.db.ovn_revision_numbers_db [req-9c94299c-f3cd-4cba-86a4-064d46d64145 req-f5bd4a7b-0721-47ed-aaa2-2ff54d4f5ba0 01ccc9d45b164744b4f4407ed7253d8e 1bd292d5028b41cbb4434de3d9f68a51 - - default default] Successfully bumped revision number for resource 1aeb968c-ef77-47af-ac50-5e153eae3063 (type: security_groups) to 1
2026-03-04 02:28:14.645 10 WARNING neutron.scheduler.dhcp_agent_scheduler [None req-e97d755c-2295-4cde-8ad6-fdaffdcf0bef 0eaeb9811a0e4e0683b5036e4583a103 8f88e600cf3449f8a080511d31fa8f58 - - default default] No more DHCP agents
2026-03-04 02:28:14.648 10 WARNING neutron.api.rpc.agentnotifiers.dhcp_rpc_agent_api [None req-e97d755c-2295-4cde-8ad6-fdaffdcf0bef 0eaeb9811a0e4e0683b5036e4583a103 8f88e600cf3449f8a080511d31fa8f58 - - default default] Unable to schedule network 6bc21343-61d1-4511-ae73-74529921e654: no agents available; will retry on subsequent port and subnet creation events.
2026-03-04 02:28:14.652 10 INFO neutron.db.ovn_revision_numbers_db [req-9c94299c-f3cd-4cba-86a4-064d46d64145 req-f5bd4a7b-0721-47ed-aaa2-2ff54d4f5ba0 01ccc9d45b164744b4f4407ed7253d8e 1bd292d5028b41cbb4434de3d9f68a51 - - default default] Successfully bumped revision number for resource 64a7b614-b96a-4fdd-9674-735c83689909 (type: security_group_rules) to 0
2026-03-04 02:28:14.674 10 INFO neutron.db.ovn_revision_numbers_db [req-9c94299c-f3cd-4cba-86a4-064d46d64145 req-f5bd4a7b-0721-47ed-aaa2-2ff54d4f5ba0 01ccc9d45b164744b4f4407ed7253d8e 1bd292d5028b41cbb4434de3d9f68a51 - - default default] Successfully bumped revision number for resource 838ef8ee-c87b-4334-a743-52b94f5214fa (type: security_group_rules) to 0
2026-03-04 02:28:14.695 9 INFO neutron.db.ovn_revision_numbers_db [req-935462a1-2bf1-44e2-b220-6ae45770a2ac req-828c06d2-c3c1-4ea1-a583-978f3e5389af 3ddec3b17736444f9da63b08134f1b77 9b98c97c2d7b491389b9181207f35d4d - - default default] Successfully bumped revision number for resource feec6eaa-06d7-439b-8814-d0c7fe0c8d9a (type: security_group_rules) to 0
2026-03-04 02:28:14.702 10 INFO neutron.wsgi [req-9c94299c-f3cd-4cba-86a4-064d46d64145 req-f5bd4a7b-0721-47ed-aaa2-2ff54d4f5ba0 01ccc9d45b164744b4f4407ed7253d8e 1bd292d5028b41cbb4434de3d9f68a51 - - default default] 10.0.0.206 "POST /v2.0/security-groups HTTP/1.1" status: 201 len: 1887 time: 0.2785571
2026-03-04 02:28:14.735 9 INFO neutron.wsgi [req-935462a1-2bf1-44e2-b220-6ae45770a2ac req-828c06d2-c3c1-4ea1-a583-978f3e5389af 3ddec3b17736444f9da63b08134f1b77 9b98c97c2d7b491389b9181207f35d4d - - default default] 10.0.0.206 "POST /v2.0/security-group-rules HTTP/1.1" status: 201 len: 818 time: 0.2461655
2026-03-04 02:28:14.753 10 WARNING neutron_lib.context [req-a0014bbc-f45e-4aa6-bf1d-d56677ada64a req-fa5f286e-e993-4535-a0f2-9ad3df0760a3 01ccc9d45b164744b4f4407ed7253d8e 1bd292d5028b41cbb4434de3d9f68a51 - - default default] Method 'is_advsvc' is deprecated since 2023.2 release (neutron-lib 3.8.0) and will be removed once support for the old RBAC API policies will be removed from Neutron. Please use method 'is_service_role' instead.
2026-03-04 02:28:14.831 10 INFO neutron.db.ovn_revision_numbers_db [None req-e97d755c-2295-4cde-8ad6-fdaffdcf0bef 0eaeb9811a0e4e0683b5036e4583a103 8f88e600cf3449f8a080511d31fa8f58 - - default default] Successfully bumped revision number for resource 1a01e4ec-7c27-4a27-8aa5-b070c19a767f (type: ports) to 1
2026-03-04 02:28:14.903 9 WARNING neutron_lib.context [req-38f2e32d-fd34-4771-915e-18aad683a011 req-82370156-8521-4edf-8885-1c7078385562 3ddec3b17736444f9da63b08134f1b77 9b98c97c2d7b491389b9181207f35d4d - - default default] Method 'is_advsvc' is deprecated since 2023.2 release (neutron-lib 3.8.0) and will be removed once support for the old RBAC API policies will be removed from Neutron. Please use method 'is_service_role' instead.
2026-03-04 02:28:14.939 10 INFO neutron.db.ovn_revision_numbers_db [req-a0014bbc-f45e-4aa6-bf1d-d56677ada64a req-fa5f286e-e993-4535-a0f2-9ad3df0760a3 01ccc9d45b164744b4f4407ed7253d8e 1bd292d5028b41cbb4434de3d9f68a51 - - default default] Successfully bumped revision number for resource faaf42a3-450e-445e-837d-5b35adbddce1 (type: security_groups) to 1
2026-03-04 02:28:14.973 10 INFO neutron.db.ovn_revision_numbers_db [req-a0014bbc-f45e-4aa6-bf1d-d56677ada64a req-fa5f286e-e993-4535-a0f2-9ad3df0760a3 01ccc9d45b164744b4f4407ed7253d8e 1bd292d5028b41cbb4434de3d9f68a51 - - default default] Successfully bumped revision number for resource 138dbb8a-e7a0-40bb-9c81-f8c68f19d69c (type: security_group_rules) to 0
2026-03-04 02:28:15.011 10 INFO neutron.db.ovn_revision_numbers_db [req-a0014bbc-f45e-4aa6-bf1d-d56677ada64a req-fa5f286e-e993-4535-a0f2-9ad3df0760a3 01ccc9d45b164744b4f4407ed7253d8e 1bd292d5028b41cbb4434de3d9f68a51 - - default default] Successfully bumped revision number for resource 16d65941-361f-4cad-b217-094d2ab0a3c1 (type: security_group_rules) to 0
2026-03-04 02:28:15.039 10 INFO neutron.wsgi [req-a0014bbc-f45e-4aa6-bf1d-d56677ada64a req-fa5f286e-e993-4535-a0f2-9ad3df0760a3 01ccc9d45b164744b4f4407ed7253d8e 1bd292d5028b41cbb4434de3d9f68a51 - - default default] 10.0.0.206 "POST /v2.0/security-groups HTTP/1.1" status: 201 len: 1885 time: 0.2929163
2026-03-04 02:28:15.099 9 INFO neutron.db.ovn_revision_numbers_db [req-38f2e32d-fd34-4771-915e-18aad683a011 req-82370156-8521-4edf-8885-1c7078385562 3ddec3b17736444f9da63b08134f1b77 9b98c97c2d7b491389b9181207f35d4d - - default default] Successfully bumped revision number for resource 6a53a3ae-b04e-41a3-be75-1b6edf2aa821 (type: security_groups) to 1
2026-03-04 02:28:15.123 9 INFO neutron.db.ovn_revision_numbers_db [req-38f2e32d-fd34-4771-915e-18aad683a011 req-82370156-8521-4edf-8885-1c7078385562 3ddec3b17736444f9da63b08134f1b77 9b98c97c2d7b491389b9181207f35d4d - - default default] Successfully bumped revision number for resource 687abe6b-c4db-4907-af74-0e997d86a19e (type: security_group_rules) to 0
2026-03-04 02:28:15.127 10 INFO neutron.wsgi [req-baed5d6d-4a3e-4f54-9ff1-86252fb23d17 req-395c8c16-02d3-4cd4-9762-6a4a18feab31 01ccc9d45b164744b4f4407ed7253d8e 1bd292d5028b41cbb4434de3d9f68a51 - - default default] 10.0.0.206 "GET /v2.0/security-groups?tenant_id=1bd292d5028b41cbb4434de3d9f68a51 HTTP/1.1" status: 200 len: 8104 time: 0.0591478
2026-03-04 02:28:15.143 9 INFO neutron.db.ovn_revision_numbers_db [req-38f2e32d-fd34-4771-915e-18aad683a011 req-82370156-8521-4edf-8885-1c7078385562 3ddec3b17736444f9da63b08134f1b77 9b98c97c2d7b491389b9181207f35d4d - - default default] Successfully bumped revision number for resource f79abc0d-5255-42e1-8bd3-c583fda01350 (type: security_group_rules) to 0
2026-03-04 02:28:15.174 9 INFO neutron.wsgi [req-38f2e32d-fd34-4771-915e-18aad683a011 req-82370156-8521-4edf-8885-1c7078385562 3ddec3b17736444f9da63b08134f1b77 9b98c97c2d7b491389b9181207f35d4d - - default default] 10.0.0.206 "POST /v2.0/security-groups HTTP/1.1" status: 201 len: 1889 time: 0.4079397
2026-03-04 02:28:15.175 10 INFO neutron.wsgi [req-baed5d6d-4a3e-4f54-9ff1-86252fb23d17 req-a6176553-250b-444a-8ac3-f1d614783f16 01ccc9d45b164744b4f4407ed7253d8e 1bd292d5028b41cbb4434de3d9f68a51 - - default default] 10.0.0.206 "GET /v2.0/security-groups/352dbbb0-1f25-489f-8630-0fe39907a0d5 HTTP/1.1" status: 200 len: 3118 time: 0.0407660
2026-03-04 02:28:15.229 10 INFO neutron.wsgi [req-baed5d6d-4a3e-4f54-9ff1-86252fb23d17 req-2c474914-2f88-4d20-847f-389d95177091 01ccc9d45b164744b4f4407ed7253d8e 1bd292d5028b41cbb4434de3d9f68a51 - - default default] 10.0.0.206 "GET /v2.0/security-groups/352dbbb0-1f25-489f-8630-0fe39907a0d5 HTTP/1.1" status: 200 len: 3118 time: 0.0427196
2026-03-04 02:28:15.231 9 INFO neutron.wsgi [req-ad11ccb3-c56d-479b-b572-d497763d4ca1 req-8a276e4b-ce18-4ad7-81e6-804c1af2dd57 3ddec3b17736444f9da63b08134f1b77 9b98c97c2d7b491389b9181207f35d4d - - default default] 10.0.0.206 "GET /v2.0/security-groups/6a53a3ae-b04e-41a3-be75-1b6edf2aa821 HTTP/1.1" status: 200 len: 1884 time: 0.0327790
2026-03-04 02:28:15.243 9 WARNING neutron_lib.context [req-ad11ccb3-c56d-479b-b572-d497763d4ca1 req-62bd5f34-0bdc-4695-b033-e1d66d6e052a 3ddec3b17736444f9da63b08134f1b77 9b98c97c2d7b491389b9181207f35d4d - - default default] Method 'is_advsvc' is deprecated since 2023.2 release (neutron-lib 3.8.0) and will be removed once support for the old RBAC API policies will be removed from Neutron. Please use method 'is_service_role' instead.
2026-03-04 02:28:15.279 9 INFO neutron.db.ovn_revision_numbers_db [None req-7ced8c6a-38b2-403f-8e8e-0854003e3fd1 - - - - - -] Successfully bumped revision number for resource 1709f820-4226-443a-a8d4-7eb722005deb (type: router_ports) to 3
2026-03-04 02:28:15.430 9 INFO neutron.db.ovn_revision_numbers_db [req-ad11ccb3-c56d-479b-b572-d497763d4ca1 req-62bd5f34-0bdc-4695-b033-e1d66d6e052a 3ddec3b17736444f9da63b08134f1b77 9b98c97c2d7b491389b9181207f35d4d - - default default] Successfully bumped revision number for resource 80c3dcc5-7047-42a9-ad43-6bee8076670b (type: security_group_rules) to 0
2026-03-04 02:28:15.434 10 INFO neutron.wsgi [req-0d160d46-af6f-48d6-8f1c-3bbcd8bd941d req-93b53100-998b-4a9c-876b-10f858060ff0 01ccc9d45b164744b4f4407ed7253d8e 1bd292d5028b41cbb4434de3d9f68a51 - - default default] 10.0.0.206 "GET /v2.0/security-groups/35018f20-31f0-4521-a2a2-ced86317100e HTTP/1.1" status: 200 len: 1881 time: 0.1739199
2026-03-04 02:28:15.461 9 INFO neutron.wsgi [req-ad11ccb3-c56d-479b-b572-d497763d4ca1 req-62bd5f34-0bdc-4695-b033-e1d66d6e052a 3ddec3b17736444f9da63b08134f1b77 9b98c97c2d7b491389b9181207f35d4d - - default default] 10.0.0.206 "POST /v2.0/security-group-rules HTTP/1.1" status: 201 len: 818 time: 0.2244256
2026-03-04 02:28:15.514 9 INFO neutron.db.ovn_revision_numbers_db [None req-7ced8c6a-38b2-403f-8e8e-0854003e3fd1 - - - - - -] Successfully bumped revision number for resource 1709f820-4226-443a-a8d4-7eb722005deb (type: ports) to 2
2026-03-04 02:28:15.517 9 INFO neutron.wsgi [req-824fe9b6-79a6-48b3-a35f-01708649a97a req-bed2c25f-482b-4ed7-974e-fab32e76d9c7 3ddec3b17736444f9da63b08134f1b77 9b98c97c2d7b491389b9181207f35d4d - - default default] 10.0.0.206 "GET /v2.0/security-groups/6a53a3ae-b04e-41a3-be75-1b6edf2aa821 HTTP/1.1" status: 200 len: 2509 time: 0.0315430
2026-03-04 02:28:15.533 9 WARNING neutron_lib.context [req-824fe9b6-79a6-48b3-a35f-01708649a97a req-98f42741-27e6-4bb3-8524-8e416d4d5ee0 3ddec3b17736444f9da63b08134f1b77 9b98c97c2d7b491389b9181207f35d4d - - default default] Method 'is_advsvc' is deprecated since 2023.2 release (neutron-lib 3.8.0) and will be removed once support for the old RBAC API policies will be removed from Neutron. Please use method 'is_service_role' instead.
2026-03-04 02:28:15.597 10 ERROR ovsdbapp.backend.ovs_idl.command [None req-e97d755c-2295-4cde-8ad6-fdaffdcf0bef 0eaeb9811a0e4e0683b5036e4583a103 8f88e600cf3449f8a080511d31fa8f58 - - default default] Error executing command (DbGetCommand): ovsdbapp.backend.ovs_idl.idlutils.RowNotFound: Cannot find Logical_Router_Port with name=lrp-1a01e4ec-7c27-4a27-8aa5-b070c19a767f
2026-03-04 02:28:15.597 10 ERROR ovsdbapp.backend.ovs_idl.command
Traceback (most recent call last):
2026-03-04 02:28:15.597 10 ERROR ovsdbapp.backend.ovs_idl.command
File "/var/lib/openstack/lib/python3.10/site-packages/ovsdbapp/backend/ovs_idl/command.py", line 47, in execute
2026-03-04 02:28:15.597 10 ERROR ovsdbapp.backend.ovs_idl.command self.run_idl(None)
2026-03-04 02:28:15.597 10 ERROR ovsdbapp.backend.ovs_idl.command
File "/var/lib/openstack/lib/python3.10/site-packages/ovsdbapp/backend/ovs_idl/command.py", line 235, in run_idl
2026-03-04 02:28:15.597 10 ERROR ovsdbapp.backend.ovs_idl.command record = self.api.lookup(self.table, self.record)
2026-03-04 02:28:15.597 10 ERROR ovsdbapp.backend.ovs_idl.command
File "/var/lib/openstack/lib/python3.10/site-packages/ovsdbapp/backend/ovs_idl/__init__.py", line 184, in lookup
2026-03-04 02:28:15.597 10 ERROR ovsdbapp.backend.ovs_idl.command return self._lookup(table, record)
2026-03-04 02:28:15.597 10 ERROR ovsdbapp.backend.ovs_idl.command
File "/var/lib/openstack/lib/python3.10/site-packages/ovsdbapp/backend/ovs_idl/__init__.py", line 235, in _lookup
2026-03-04 02:28:15.597 10 ERROR ovsdbapp.backend.ovs_idl.command row = idlutils.row_by_value(self, rl.table, rl.column, record)
2026-03-04 02:28:15.597 10 ERROR ovsdbapp.backend.ovs_idl.command
File "/var/lib/openstack/lib/python3.10/site-packages/ovsdbapp/backend/ovs_idl/idlutils.py", line 114, in row_by_value
2026-03-04 02:28:15.597 10 ERROR ovsdbapp.backend.ovs_idl.command raise RowNotFound(table=table, col=column, match=match)
2026-03-04 02:28:15.597 10 ERROR ovsdbapp.backend.ovs_idl.command ovsdbapp.backend.ovs_idl.idlutils.RowNotFound: Cannot find Logical_Router_Port with name=lrp-1a01e4ec-7c27-4a27-8aa5-b070c19a767f
2026-03-04 02:28:15.597 10 ERROR ovsdbapp.backend.ovs_idl.command 
2026-03-04 02:28:15.598 10 ERROR neutron_lib.callbacks.manager [None req-e97d755c-2295-4cde-8ad6-fdaffdcf0bef 0eaeb9811a0e4e0683b5036e4583a103 8f88e600cf3449f8a080511d31fa8f58 - - default default] Error during notification for neutron.services.ovn_l3.plugin.OVNL3RouterPlugin._port_update-8751242514159 port, after_update: ovsdbapp.backend.ovs_idl.idlutils.RowNotFound: Cannot find Logical_Router_Port with name=lrp-1a01e4ec-7c27-4a27-8aa5-b070c19a767f
2026-03-04 02:28:15.598 10 ERROR neutron_lib.callbacks.manager
Traceback (most recent call last):
2026-03-04 02:28:15.598 10 ERROR neutron_lib.callbacks.manager
File "/var/lib/openstack/lib/python3.10/site-packages/neutron_lib/callbacks/manager.py", line 189, in _notify_loop
2026-03-04 02:28:15.598 10 ERROR neutron_lib.callbacks.manager callback.method(resource, event, trigger, payload=payload)
2026-03-04 02:28:15.598 10 ERROR neutron_lib.callbacks.manager
File "/var/lib/openstack/lib/python3.10/site-packages/neutron/services/ovn_l3/plugin.py", line 391, in _port_update
2026-03-04 02:28:15.598 10 ERROR neutron_lib.callbacks.manager l3plugin._ovn_client.update_router_port(context,
2026-03-04 02:28:15.598 10 ERROR neutron_lib.callbacks.manager
File "/var/lib/openstack/lib/python3.10/site-packages/neutron/plugins/ml2/drivers/ovn/mech_driver/ovsdb/ovn_client.py", line 1878, in update_router_port
2026-03-04 02:28:15.598 10 ERROR neutron_lib.callbacks.manager self._update_lrouter_port(context, port, if_exists=if_exists,
2026-03-04 02:28:15.598 10 ERROR neutron_lib.callbacks.manager
File "/var/lib/openstack/lib/python3.10/site-packages/neutron/plugins/ml2/drivers/ovn/mech_driver/ovsdb/ovn_client.py", line 1855, in _update_lrouter_port
2026-03-04 02:28:15.598 10 ERROR neutron_lib.callbacks.manager external_ids = self._nb_idl.db_get(
2026-03-04 02:28:15.598 10 ERROR neutron_lib.callbacks.manager
File "/var/lib/openstack/lib/python3.10/site-packages/ovsdbapp/backend/ovs_idl/command.py", line 47, in execute
2026-03-04 02:28:15.598 10 ERROR neutron_lib.callbacks.manager self.run_idl(None)
2026-03-04 02:28:15.598 10 ERROR neutron_lib.callbacks.manager
File "/var/lib/openstack/lib/python3.10/site-packages/ovsdbapp/backend/ovs_idl/command.py", line 235, in run_idl
2026-03-04 02:28:15.598 10 ERROR neutron_lib.callbacks.manager record = self.api.lookup(self.table, self.record)
2026-03-04 02:28:15.598 10 ERROR neutron_lib.callbacks.manager
File "/var/lib/openstack/lib/python3.10/site-packages/ovsdbapp/backend/ovs_idl/__init__.py", line 184, in lookup
2026-03-04 02:28:15.598 10 ERROR neutron_lib.callbacks.manager return self._lookup(table, record)
2026-03-04 02:28:15.598 10 ERROR neutron_lib.callbacks.manager
File "/var/lib/openstack/lib/python3.10/site-packages/ovsdbapp/backend/ovs_idl/__init__.py", line 235, in _lookup
2026-03-04 02:28:15.598 10 ERROR neutron_lib.callbacks.manager row = idlutils.row_by_value(self, rl.table, rl.column, record)
2026-03-04 02:28:15.598 10 ERROR neutron_lib.callbacks.manager
File "/var/lib/openstack/lib/python3.10/site-packages/ovsdbapp/backend/ovs_idl/idlutils.py", line 114, in row_by_value
2026-03-04 02:28:15.598 10 ERROR neutron_lib.callbacks.manager raise RowNotFound(table=table, col=column, match=match)
2026-03-04 02:28:15.598 10 ERROR neutron_lib.callbacks.manager ovsdbapp.backend.ovs_idl.idlutils.RowNotFound: Cannot find Logical_Router_Port with name=lrp-1a01e4ec-7c27-4a27-8aa5-b070c19a767f
2026-03-04 02:28:15.598 10 ERROR neutron_lib.callbacks.manager 
2026-03-04 02:28:15.617 10 INFO neutron.wsgi [req-0d160d46-af6f-48d6-8f1c-3bbcd8bd941d req-936a429d-13ac-4490-a801-40a70f05bd96 01ccc9d45b164744b4f4407ed7253d8e 1bd292d5028b41cbb4434de3d9f68a51 - - default default] 10.0.0.206 "DELETE /v2.0/security-groups/35018f20-31f0-4521-a2a2-ced86317100e HTTP/1.1" status: 204 len: 173 time: 0.1745107
2026-03-04 02:28:15.647 10 INFO neutron.api.v2.resource [req-f7484f71-f3bc-463e-b911-e06834c101d0 req-6cceddfa-7435-444c-9486-a62418d57862 01ccc9d45b164744b4f4407ed7253d8e 1bd292d5028b41cbb4434de3d9f68a51 - - default default] show failed (client error): The resource could not be found.
2026-03-04 02:28:15.648 10 INFO neutron.wsgi [req-f7484f71-f3bc-463e-b911-e06834c101d0 req-6cceddfa-7435-444c-9486-a62418d57862 01ccc9d45b164744b4f4407ed7253d8e 1bd292d5028b41cbb4434de3d9f68a51 - - default default] 10.0.0.206 "GET /v2.0/security-groups/35018f20-31f0-4521-a2a2-ced86317100e HTTP/1.1" status: 404 len: 352 time: 0.0144360
2026-03-04 02:28:15.682 9 INFO neutron.db.ovn_revision_numbers_db [req-824fe9b6-79a6-48b3-a35f-01708649a97a req-98f42741-27e6-4bb3-8524-8e416d4d5ee0 3ddec3b17736444f9da63b08134f1b77 9b98c97c2d7b491389b9181207f35d4d - - default default] Successfully bumped revision number for resource 42623192-6c3b-4c27-89a4-eb42246097c8 (type: security_group_rules) to 0
2026-03-04 02:28:15.716 10 INFO neutron.wsgi [req-1858196b-1b3d-4a1f-aea8-2721d7117d7d req-df3c552a-d12b-45bc-bce9-8ffce803dd6e 01ccc9d45b164744b4f4407ed7253d8e 1bd292d5028b41cbb4434de3d9f68a51 - - default default] 10.0.0.206 "GET /v2.0/security-groups/1aeb968c-ef77-47af-ac50-5e153eae3063 HTTP/1.1" status: 200 len: 1882 time: 0.0435045
2026-03-04 02:28:15.723 9 INFO neutron.wsgi [req-824fe9b6-79a6-48b3-a35f-01708649a97a req-98f42741-27e6-4bb3-8524-8e416d4d5ee0 3ddec3b17736444f9da63b08134f1b77 9b98c97c2d7b491389b9181207f35d4d - - default default] 10.0.0.206 "POST /v2.0/security-group-rules HTTP/1.1" status: 201 len: 823 time: 0.1970210
2026-03-04 02:28:15.788 9 INFO neutron.wsgi [req-3e6237c2-01a3-47fd-a2ad-6a6ae8949274 req-caabb707-1f0e-46ec-83cf-833251fa9ee0 3ddec3b17736444f9da63b08134f1b77 9b98c97c2d7b491389b9181207f35d4d - - default default] 10.0.0.206 "GET /v2.0/security-groups/6a53a3ae-b04e-41a3-be75-1b6edf2aa821 HTTP/1.1" status: 200 len: 3139 time: 0.0399244
2026-03-04 02:28:15.825 10 INFO neutron.plugins.ml2.drivers.ovn.mech_driver.mech_driver [None req-46bc045e-989f-44d3-8aca-06a9b661dce8 - - - - - -] OVN reports status up for port: 1a01e4ec-7c27-4a27-8aa5-b070c19a767f
2026-03-04 02:28:15.835 10 INFO neutron.plugins.ml2.plugin [None req-46bc045e-989f-44d3-8aca-06a9b661dce8 - - - - - -] Attempt 1 to provision port 1a01e4ec-7c27-4a27-8aa5-b070c19a767f
2026-03-04 02:28:15.839 9 INFO neutron.wsgi [req-60e2e73f-f7b3-4e37-880c-34683c68c5c3 req-8aba965b-8c06-47c5-bf7a-92a56a94d811 3ddec3b17736444f9da63b08134f1b77 9b98c97c2d7b491389b9181207f35d4d - - default default] 10.0.0.206 "GET /v2.0/security-group-rules/42623192-6c3b-4c27-89a4-eb42246097c8 HTTP/1.1" status: 200 len: 815 time: 0.0229089
2026-03-04 02:28:15.852 10 INFO neutron.db.ovn_revision_numbers_db [None req-e97d755c-2295-4cde-8ad6-fdaffdcf0bef 0eaeb9811a0e4e0683b5036e4583a103 8f88e600cf3449f8a080511d31fa8f58 - - default default] Successfully bumped revision number for resource 1a01e4ec-7c27-4a27-8aa5-b070c19a767f (type: ports) to 1
2026-03-04 02:28:15.891 9 INFO neutron.wsgi [req-60e2e73f-f7b3-4e37-880c-34683c68c5c3 req-3cf5f556-3673-42c9-97f2-b67279453d0b 3ddec3b17736444f9da63b08134f1b77 9b98c97c2d7b491389b9181207f35d4d - - default default] 10.0.0.206 "GET /v2.0/security-groups/6a53a3ae-b04e-41a3-be75-1b6edf2aa821 HTTP/1.1" status: 200 len: 3139 time: 0.0398965
2026-03-04 02:28:15.901 10 INFO neutron.wsgi [req-1858196b-1b3d-4a1f-aea8-2721d7117d7d req-16fd7a82-c3bb-4edb-acb0-89bce056fdea 01ccc9d45b164744b4f4407ed7253d8e 1bd292d5028b41cbb4434de3d9f68a51 - - default default] 10.0.0.206 "DELETE /v2.0/security-groups/1aeb968c-ef77-47af-ac50-5e153eae3063 HTTP/1.1" status: 204 len: 173 time: 0.1755269
2026-03-04 02:28:15.948 10 INFO neutron.api.v2.resource [req-fa99a708-04fe-4318-84e0-28b0fa3080ef req-1e8b6e34-44fe-46af-a240-bef54559dc62 01ccc9d45b164744b4f4407ed7253d8e 1bd292d5028b41cbb4434de3d9f68a51 - - default default] show failed (client error): The resource could not be found.
2026-03-04 02:28:15.949 10 INFO neutron.wsgi [req-fa99a708-04fe-4318-84e0-28b0fa3080ef req-1e8b6e34-44fe-46af-a240-bef54559dc62 01ccc9d45b164744b4f4407ed7253d8e 1bd292d5028b41cbb4434de3d9f68a51 - - default default] 10.0.0.206 "GET /v2.0/security-groups/1aeb968c-ef77-47af-ac50-5e153eae3063 HTTP/1.1" status: 404 len: 352 time: 0.0245574
2026-03-04 02:28:15.961 10 WARNING neutron.scheduler.dhcp_agent_scheduler [None req-e97d755c-2295-4cde-8ad6-fdaffdcf0bef 0eaeb9811a0e4e0683b5036e4583a103 8f88e600cf3449f8a080511d31fa8f58 - - default default] No more DHCP agents
2026-03-04 02:28:15.964 10 WARNING neutron.api.rpc.agentnotifiers.dhcp_rpc_agent_api [None req-e97d755c-2295-4cde-8ad6-fdaffdcf0bef 0eaeb9811a0e4e0683b5036e4583a103 8f88e600cf3449f8a080511d31fa8f58 - - default default] Unable to schedule network 6bc21343-61d1-4511-ae73-74529921e654: no agents available; will retry on subsequent port and subnet creation events.
2026-03-04 02:28:15.964 9 INFO neutron.db.ovn_revision_numbers_db [None req-7ced8c6a-38b2-403f-8e8e-0854003e3fd1 - - - - - -] Successfully bumped revision number for resource 1709f820-4226-443a-a8d4-7eb722005deb (type: ports) to 4
2026-03-04 02:28:16.032 10 INFO neutron.wsgi [req-8a417949-c126-4a36-bd90-2249b68650b3 req-e331de52-27e3-4315-bcb0-9c0dad782807 01ccc9d45b164744b4f4407ed7253d8e 1bd292d5028b41cbb4434de3d9f68a51 - - default default] 10.0.0.206 "GET /v2.0/security-groups/faaf42a3-450e-445e-837d-5b35adbddce1 HTTP/1.1" status: 200 len: 1880 time: 0.0584085
2026-03-04 02:28:16.125 9 INFO neutron.wsgi [req-60e2e73f-f7b3-4e37-880c-34683c68c5c3 req-7e8dfb9d-0d7f-4f8d-bca3-93f6d40050be 3ddec3b17736444f9da63b08134f1b77 9b98c97c2d7b491389b9181207f35d4d - - default default] 10.0.0.206 "DELETE /v2.0/security-group-rules/42623192-6c3b-4c27-89a4-eb42246097c8 HTTP/1.1" status: 204 len: 173 time: 0.2195585
2026-03-04 02:28:16.182 9 INFO neutron.wsgi [req-118f3f6d-3d2c-4499-a292-6a53364f13ea req-38a2568d-24c4-41a8-8cb1-bad3e6dd4f43 3ddec3b17736444f9da63b08134f1b77 9b98c97c2d7b491389b9181207f35d4d - - default default] 10.0.0.206 "GET /v2.0/security-groups/6a53a3ae-b04e-41a3-be75-1b6edf2aa821 HTTP/1.1" status: 200 len: 2509 time: 0.0300186
2026-03-04 02:28:16.264 10 INFO neutron.wsgi [req-8a417949-c126-4a36-bd90-2249b68650b3 req-1d34fadb-5558-42be-9787-deee7cbc561c 01ccc9d45b164744b4f4407ed7253d8e 1bd292d5028b41cbb4434de3d9f68a51 - - default default] 10.0.0.206 "DELETE /v2.0/security-groups/faaf42a3-450e-445e-837d-5b35adbddce1 HTTP/1.1" status: 204 len: 173 time: 0.2244470
2026-03-04 02:28:16.281 9 INFO neutron.db.ovn_revision_numbers_db [None req-7ced8c6a-38b2-403f-8e8e-0854003e3fd1 - - - - - -] Successfully bumped revision number for resource 1709f820-4226-443a-a8d4-7eb722005deb (type: router_ports) to 4
2026-03-04 02:28:16.312 10 INFO neutron.api.v2.resource [req-b7c65ae3-2e8b-47f9-bb08-9e6fa79b2694 req-60d777dd-757b-4311-9a01-a2b1d748db9e 01ccc9d45b164744b4f4407ed7253d8e 1bd292d5028b41cbb4434de3d9f68a51 - - default default] show failed (client error): The resource could not be found.
2026-03-04 02:28:16.313 10 INFO neutron.wsgi [req-b7c65ae3-2e8b-47f9-bb08-9e6fa79b2694 req-60d777dd-757b-4311-9a01-a2b1d748db9e 01ccc9d45b164744b4f4407ed7253d8e 1bd292d5028b41cbb4434de3d9f68a51 - - default default] 10.0.0.206 "GET /v2.0/security-groups/faaf42a3-450e-445e-837d-5b35adbddce1 HTTP/1.1" status: 404 len: 352 time: 0.0203757
2026-03-04 02:28:16.332 9 INFO neutron.wsgi [req-118f3f6d-3d2c-4499-a292-6a53364f13ea req-626852a2-a568-4d30-8656-79a991c54552 3ddec3b17736444f9da63b08134f1b77 9b98c97c2d7b491389b9181207f35d4d - - default default] 10.0.0.206 "DELETE /v2.0/security-groups/6a53a3ae-b04e-41a3-be75-1b6edf2aa821 HTTP/1.1" status: 204 len: 173 time: 0.1422172
2026-03-04 02:28:16.383 9 INFO neutron.wsgi [req-9ab3e3b1-6a0b-42a6-bb40-f54054ff202d req-96585e04-09d9-4696-bce0-b01f548ee48f 3ddec3b17736444f9da63b08134f1b77 9b98c97c2d7b491389b9181207f35d4d - - default default] 10.0.0.206 "GET /v2.0/security-groups/3e3206b8-f4e5-46d6-994e-2e5e8a10c026 HTTP/1.1" status: 200 len: 2511 time: 0.0307548
2026-03-04 02:28:16.495 9 INFO neutron.wsgi [req-9ab3e3b1-6a0b-42a6-bb40-f54054ff202d req-beb3d64e-690e-4b6e-ae24-2d600ccb89ee 3ddec3b17736444f9da63b08134f1b77 9b98c97c2d7b491389b9181207f35d4d - - default default] 10.0.0.206 "DELETE /v2.0/security-groups/3e3206b8-f4e5-46d6-994e-2e5e8a10c026 HTTP/1.1" status: 204 len: 173 time: 0.1069567
2026-03-04 02:28:16.566 10 INFO neutron.wsgi [req-473a9495-6630-4b9b-8889-2e1c84c89485 req-ec956ca5-7e64-4e7f-922c-31fd3cff9ee5 01ccc9d45b164744b4f4407ed7253d8e 1bd292d5028b41cbb4434de3d9f68a51 - - default default] 10.0.0.206 "GET /v2.0/security-groups?tenant_id=1bd292d5028b41cbb4434de3d9f68a51 HTTP/1.1" status: 200 len: 3121 time: 0.2279346
2026-03-04 02:28:16.634 10 INFO neutron.wsgi [req-473a9495-6630-4b9b-8889-2e1c84c89485 req-739069c2-1ca6-4eb1-b63f-3f2e48eaf74c 01ccc9d45b164744b4f4407ed7253d8e 1bd292d5028b41cbb4434de3d9f68a51 - - default default] 10.0.0.206 "GET /v2.0/security-groups/352dbbb0-1f25-489f-8630-0fe39907a0d5 HTTP/1.1" status: 200 len: 3118 time: 0.0598550
2026-03-04 02:28:16.652 10 INFO neutron.db.ovn_revision_numbers_db [None req-46bc045e-989f-44d3-8aca-06a9b661dce8 - - - - - -] Successfully bumped revision number for resource 1a01e4ec-7c27-4a27-8aa5-b070c19a767f (type: ports) to 2
2026-03-04 02:28:16.725 10 INFO neutron.wsgi [req-473a9495-6630-4b9b-8889-2e1c84c89485 req-734ab828-22a3-4331-b3c1-bef24ba2f58f 01ccc9d45b164744b4f4407ed7253d8e 1bd292d5028b41cbb4434de3d9f68a51 - - default default] 10.0.0.206 "GET /v2.0/security-groups/352dbbb0-1f25-489f-8630-0fe39907a0d5 HTTP/1.1" status: 200 len: 3118 time: 0.0808995
2026-03-04 02:28:16.741 9 WARNING neutron.plugins.ml2.drivers.ovn.mech_driver.ovsdb.ovn_client [None req-3865a772-688b-4849-821e-ed6a72bb218c - - - - - -] No hosting information found for port c9ff11e6-33fa-4b18-899a-0e1e55323ad9: RuntimeError: No hosting information found for port c9ff11e6-33fa-4b18-899a-0e1e55323ad9
2026-03-04 02:28:16.741 9 INFO neutron.plugins.ml2.drivers.ovn.mech_driver.mech_driver [None req-3865a772-688b-4849-821e-ed6a72bb218c - - - - - -] OVN reports status up for port: 6c44c3f1-8da2-46c8-9f33-27b195ed1f66
2026-03-04 02:28:16.768 9 INFO neutron.plugins.ml2.plugin [None req-3865a772-688b-4849-821e-ed6a72bb218c - - - - - -] Attempt 1 to provision port 6c44c3f1-8da2-46c8-9f33-27b195ed1f66
2026-03-04 02:28:16.791 9 INFO neutron.api.v2.resource [req-d3deb366-f150-4c15-9739-110c25bdd876 req-bf7f68bf-89cd-44b9-8f36-123964339afa 01ccc9d45b164744b4f4407ed7253d8e 1bd292d5028b41cbb4434de3d9f68a51 - - default default] show failed (client error): The resource could not be found.
2026-03-04 02:28:16.792 9 INFO neutron.wsgi [req-d3deb366-f150-4c15-9739-110c25bdd876 req-bf7f68bf-89cd-44b9-8f36-123964339afa 01ccc9d45b164744b4f4407ed7253d8e 1bd292d5028b41cbb4434de3d9f68a51 - - default default] 10.0.0.206 "GET /v2.0/security-groups/faaf42a3-450e-445e-837d-5b35adbddce1 HTTP/1.1" status: 404 len: 352 time: 0.0327613
2026-03-04 02:28:16.814 10 ERROR ovsdbapp.backend.ovs_idl.command [None req-46bc045e-989f-44d3-8aca-06a9b661dce8 - - - - - -] Error executing command (DbGetCommand): ovsdbapp.backend.ovs_idl.idlutils.RowNotFound: Cannot find Logical_Router_Port with name=lrp-1a01e4ec-7c27-4a27-8aa5-b070c19a767f
2026-03-04 02:28:16.814 10 ERROR ovsdbapp.backend.ovs_idl.command
Traceback (most recent call last):
2026-03-04 02:28:16.814 10 ERROR ovsdbapp.backend.ovs_idl.command
File "/var/lib/openstack/lib/python3.10/site-packages/ovsdbapp/backend/ovs_idl/command.py", line 47, in execute
2026-03-04 02:28:16.814 10 ERROR ovsdbapp.backend.ovs_idl.command self.run_idl(None)
2026-03-04 02:28:16.814 10 ERROR ovsdbapp.backend.ovs_idl.command
File "/var/lib/openstack/lib/python3.10/site-packages/ovsdbapp/backend/ovs_idl/command.py", line 235, in run_idl
2026-03-04 02:28:16.814 10 ERROR ovsdbapp.backend.ovs_idl.command record = self.api.lookup(self.table, self.record)
2026-03-04 02:28:16.814 10 ERROR ovsdbapp.backend.ovs_idl.command
File "/var/lib/openstack/lib/python3.10/site-packages/ovsdbapp/backend/ovs_idl/__init__.py", line 184, in lookup
2026-03-04 02:28:16.814 10 ERROR ovsdbapp.backend.ovs_idl.command return self._lookup(table, record)
2026-03-04 02:28:16.814 10 ERROR ovsdbapp.backend.ovs_idl.command
File "/var/lib/openstack/lib/python3.10/site-packages/ovsdbapp/backend/ovs_idl/__init__.py", line 235, in _lookup
2026-03-04 02:28:16.814 10 ERROR ovsdbapp.backend.ovs_idl.command row = idlutils.row_by_value(self, rl.table, rl.column, record)
2026-03-04 02:28:16.814 10 ERROR ovsdbapp.backend.ovs_idl.command
File "/var/lib/openstack/lib/python3.10/site-packages/ovsdbapp/backend/ovs_idl/idlutils.py", line 114, in row_by_value
2026-03-04 02:28:16.814 10 ERROR ovsdbapp.backend.ovs_idl.command raise RowNotFound(table=table, col=column, match=match)
2026-03-04 02:28:16.814 10 ERROR ovsdbapp.backend.ovs_idl.command ovsdbapp.backend.ovs_idl.idlutils.RowNotFound: Cannot find Logical_Router_Port with name=lrp-1a01e4ec-7c27-4a27-8aa5-b070c19a767f
2026-03-04 02:28:16.814 10 ERROR ovsdbapp.backend.ovs_idl.command 
2026-03-04 02:28:16.815 10 ERROR neutron_lib.callbacks.manager [None req-46bc045e-989f-44d3-8aca-06a9b661dce8 - - - - - -] Error during notification for neutron.services.ovn_l3.plugin.OVNL3RouterPlugin._port_update-8751242514159 port, after_update: ovsdbapp.backend.ovs_idl.idlutils.RowNotFound: Cannot find Logical_Router_Port with name=lrp-1a01e4ec-7c27-4a27-8aa5-b070c19a767f
2026-03-04 02:28:16.815 10 ERROR neutron_lib.callbacks.manager
Traceback (most recent call last):
2026-03-04 02:28:16.815 10 ERROR neutron_lib.callbacks.manager
File "/var/lib/openstack/lib/python3.10/site-packages/neutron_lib/callbacks/manager.py", line 189, in _notify_loop
2026-03-04 02:28:16.815 10 ERROR neutron_lib.callbacks.manager callback.method(resource, event, trigger, payload=payload)
2026-03-04 02:28:16.815 10 ERROR neutron_lib.callbacks.manager
File "/var/lib/openstack/lib/python3.10/site-packages/neutron/services/ovn_l3/plugin.py", line 391, in _port_update
2026-03-04 02:28:16.815 10 ERROR neutron_lib.callbacks.manager l3plugin._ovn_client.update_router_port(context,
2026-03-04 02:28:16.815 10 ERROR neutron_lib.callbacks.manager
File "/var/lib/openstack/lib/python3.10/site-packages/neutron/plugins/ml2/drivers/ovn/mech_driver/ovsdb/ovn_client.py", line 1878, in update_router_port
2026-03-04 02:28:16.815 10 ERROR neutron_lib.callbacks.manager self._update_lrouter_port(context, port, if_exists=if_exists,
2026-03-04 02:28:16.815 10 ERROR neutron_lib.callbacks.manager
File "/var/lib/openstack/lib/python3.10/site-packages/neutron/plugins/ml2/drivers/ovn/mech_driver/ovsdb/ovn_client.py", line 1855, in _update_lrouter_port
2026-03-04 02:28:16.815 10 ERROR neutron_lib.callbacks.manager external_ids = self._nb_idl.db_get(
2026-03-04 02:28:16.815 10 ERROR neutron_lib.callbacks.manager
File "/var/lib/openstack/lib/python3.10/site-packages/ovsdbapp/backend/ovs_idl/command.py", line 47, in execute
2026-03-04 02:28:16.815 10 ERROR neutron_lib.callbacks.manager self.run_idl(None)
2026-03-04 02:28:16.815 10 ERROR neutron_lib.callbacks.manager
File "/var/lib/openstack/lib/python3.10/site-packages/ovsdbapp/backend/ovs_idl/command.py", line 235, in run_idl
2026-03-04 02:28:16.815 10 ERROR neutron_lib.callbacks.manager record = self.api.lookup(self.table, self.record)
2026-03-04 02:28:16.815 10 ERROR neutron_lib.callbacks.manager
File "/var/lib/openstack/lib/python3.10/site-packages/ovsdbapp/backend/ovs_idl/__init__.py", line 184, in lookup
2026-03-04 02:28:16.815 10 ERROR neutron_lib.callbacks.manager return self._lookup(table, record)
2026-03-04 02:28:16.815 10 ERROR neutron_lib.callbacks.manager
File "/var/lib/openstack/lib/python3.10/site-packages/ovsdbapp/backend/ovs_idl/__init__.py", line 235, in _lookup
2026-03-04 02:28:16.815 10 ERROR neutron_lib.callbacks.manager row = idlutils.row_by_value(self, rl.table, rl.column, record)
2026-03-04 02:28:16.815 10 ERROR neutron_lib.callbacks.manager
File "/var/lib/openstack/lib/python3.10/site-packages/ovsdbapp/backend/ovs_idl/idlutils.py", line 114, in row_by_value
2026-03-04 02:28:16.815 10 ERROR neutron_lib.callbacks.manager raise RowNotFound(table=table, col=column, match=match)
2026-03-04 02:28:16.815 10 ERROR neutron_lib.callbacks.manager ovsdbapp.backend.ovs_idl.idlutils.RowNotFound: Cannot find Logical_Router_Port with name=lrp-1a01e4ec-7c27-4a27-8aa5-b070c19a767f
2026-03-04 02:28:16.815 10 ERROR neutron_lib.callbacks.manager 
2026-03-04 02:28:16.852 10 INFO neutron.api.v2.resource [req-b4cf36fa-a06b-429b-888a-50610b710421 req-fd2db89b-01f6-497e-b84d-f5e6a70479c5 01ccc9d45b164744b4f4407ed7253d8e 1bd292d5028b41cbb4434de3d9f68a51 - - default default] show failed (client error): The resource could not be found.
2026-03-04 02:28:16.853 10 INFO neutron.wsgi [req-b4cf36fa-a06b-429b-888a-50610b710421 req-fd2db89b-01f6-497e-b84d-f5e6a70479c5 01ccc9d45b164744b4f4407ed7253d8e 1bd292d5028b41cbb4434de3d9f68a51 - - default default] 10.0.0.206 "GET /v2.0/security-groups/1aeb968c-ef77-47af-ac50-5e153eae3063 HTTP/1.1" status: 404 len: 352 time: 0.0333707
2026-03-04 02:28:16.896 9 INFO neutron.api.v2.resource [req-580f5e34-dc4b-4a50-bc98-4c1b65fed2d9 req-36960661-9398-4883-9cb8-0a0b7217bc7e 01ccc9d45b164744b4f4407ed7253d8e 1bd292d5028b41cbb4434de3d9f68a51 - - default default] show failed (client error): The resource could not be found.
2026-03-04 02:28:16.898 9 INFO neutron.wsgi [req-580f5e34-dc4b-4a50-bc98-4c1b65fed2d9 req-36960661-9398-4883-9cb8-0a0b7217bc7e 01ccc9d45b164744b4f4407ed7253d8e 1bd292d5028b41cbb4434de3d9f68a51 - - default default] 10.0.0.206 "GET /v2.0/security-groups/35018f20-31f0-4521-a2a2-ced86317100e HTTP/1.1" status: 404 len: 352 time: 0.0217142
2026-03-04 02:28:17.067 10 INFO neutron.db.ovn_revision_numbers_db [None req-e97d755c-2295-4cde-8ad6-fdaffdcf0bef 0eaeb9811a0e4e0683b5036e4583a103 8f88e600cf3449f8a080511d31fa8f58 - - default default] Successfully bumped revision number for resource 1a01e4ec-7c27-4a27-8aa5-b070c19a767f (type: router_ports) to 1
2026-03-04 02:28:17.072 10 INFO neutron.wsgi [None req-e97d755c-2295-4cde-8ad6-fdaffdcf0bef 0eaeb9811a0e4e0683b5036e4583a103 8f88e600cf3449f8a080511d31fa8f58 - - default default] 10.0.0.194 "PUT /v2.0/routers/da7db4c9-c129-49c4-bddb-1039baaa4a68/add_router_interface HTTP/1.1" status: 200 len: 503 time: 3.0659478
2026-03-04 02:28:17.616 10 WARNING neutron_lib.context [None req-764e938d-cab7-4ff3-885c-68259afd314f 211b029fbdc443439ab8e391a163f97b 26249c93b23948299bddb65bc84b7068 - - default default] Method 'is_advsvc' is deprecated since 2023.2 release (neutron-lib 3.8.0) and will be removed once support for the old RBAC API policies will be removed from Neutron. Please use method 'is_service_role' instead.
2026-03-04 02:28:17.624 9 INFO neutron.db.ovn_revision_numbers_db [None req-3865a772-688b-4849-821e-ed6a72bb218c - - - - - -] Successfully bumped revision number for resource 6c44c3f1-8da2-46c8-9f33-27b195ed1f66 (type: ports) to 2
2026-03-04 02:28:17.744 10 INFO neutron.db.ovn_revision_numbers_db [None req-764e938d-cab7-4ff3-885c-68259afd314f 211b029fbdc443439ab8e391a163f97b 26249c93b23948299bddb65bc84b7068 - - default default] Successfully bumped revision number for resource b77482cc-d1fc-4f38-8e7c-4ddfa13ebdda (type: security_groups) to 1
2026-03-04 02:28:17.763 10 INFO neutron.db.ovn_revision_numbers_db [None req-764e938d-cab7-4ff3-885c-68259afd314f 211b029fbdc443439ab8e391a163f97b 26249c93b23948299bddb65bc84b7068 - - default default] Successfully bumped revision number for resource 3e91415f-cf2a-46e1-a01f-9e35b8193d2d (type: security_group_rules) to 0
2026-03-04 02:28:17.777 10 INFO neutron.db.ovn_revision_numbers_db [None req-764e938d-cab7-4ff3-885c-68259afd314f 211b029fbdc443439ab8e391a163f97b 26249c93b23948299bddb65bc84b7068 - - default default] Successfully bumped revision number for resource 59d331b5-a8eb-4c86-9438-acd69d6e8673 (type: security_group_rules) to 0
2026-03-04 02:28:17.799 10 INFO neutron.wsgi [None req-764e938d-cab7-4ff3-885c-68259afd314f 211b029fbdc443439ab8e391a163f97b 26249c93b23948299bddb65bc84b7068 - - default default] 10.0.0.194 "POST /v2.0/security-groups HTTP/1.1" status: 201 len: 1860 time: 0.1882975
2026-03-04 02:28:17.808 10 WARNING neutron_lib.context [None req-8883d7c8-8b71-46b2-ab87-9a9c8c1d29ce 211b029fbdc443439ab8e391a163f97b 26249c93b23948299bddb65bc84b7068 - - default default] Method 'is_advsvc' is deprecated since 2023.2 release (neutron-lib 3.8.0) and will be removed once support for the old RBAC API policies will be removed from Neutron. Please use method 'is_service_role' instead.
2026-03-04 02:28:17.928 9 INFO neutron.db.ovn_revision_numbers_db [None req-3865a772-688b-4849-821e-ed6a72bb218c - - - - - -] Successfully bumped revision number for resource 6c44c3f1-8da2-46c8-9f33-27b195ed1f66 (type: router_ports) to 2
2026-03-04 02:28:17.939 10 INFO neutron.db.ovn_revision_numbers_db [None req-8883d7c8-8b71-46b2-ab87-9a9c8c1d29ce 211b029fbdc443439ab8e391a163f97b 26249c93b23948299bddb65bc84b7068 - - default default] Successfully bumped revision number for resource f87209c9-e2cd-469f-a402-bad8ab3f523d (type: security_group_rules) to 0
