2026-03-04 02:28:17.964 10 INFO neutron.wsgi [None req-8883d7c8-8b71-46b2-ab87-9a9c8c1d29ce 211b029fbdc443439ab8e391a163f97b 26249c93b23948299bddb65bc84b7068 - - default default] 10.0.0.194 "POST /v2.0/security-group-rules HTTP/1.1" status: 201 len: 796 time: 0.1600435
2026-03-04 02:28:17.974 10 WARNING neutron_lib.context [None req-56bd1e42-944a-4952-901e-e5ab2e902fc7 211b029fbdc443439ab8e391a163f97b 26249c93b23948299bddb65bc84b7068 - - default default] Method 'is_advsvc' is deprecated since 2023.2 release (neutron-lib 3.8.0) and will be removed once support for the old RBAC API policies will be removed from Neutron. Please use method 'is_service_role' instead.
2026-03-04 02:28:18.024 9 INFO neutron.db.ovn_revision_numbers_db [None req-1ddf75b0-439a-486b-9eec-175fb03bcf1e 0eaeb9811a0e4e0683b5036e4583a103 8f88e600cf3449f8a080511d31fa8f58 - - default default] Successfully bumped revision number for resource 32a3eda7-8191-4022-8fef-b410a219c3e5 (type: security_groups) to 1
2026-03-04 02:28:18.044 9 INFO neutron.db.ovn_revision_numbers_db [None req-1ddf75b0-439a-486b-9eec-175fb03bcf1e 0eaeb9811a0e4e0683b5036e4583a103 8f88e600cf3449f8a080511d31fa8f58 - - default default] Successfully bumped revision number for resource 4cbb8b4c-0c04-49d4-8ad7-b39a1242a2d4 (type: security_group_rules) to 0
2026-03-04 02:28:18.082 9 INFO neutron.db.ovn_revision_numbers_db [None req-1ddf75b0-439a-486b-9eec-175fb03bcf1e 0eaeb9811a0e4e0683b5036e4583a103 8f88e600cf3449f8a080511d31fa8f58 - - default default] Successfully bumped revision number for resource 99cf1862-765a-4acf-97c8-2cce42454428 (type: security_group_rules) to 0
2026-03-04 02:28:18.094 10 INFO neutron.db.ovn_revision_numbers_db [None req-56bd1e42-944a-4952-901e-e5ab2e902fc7 211b029fbdc443439ab8e391a163f97b 26249c93b23948299bddb65bc84b7068 - - default default] Successfully bumped revision number for resource 9def128f-118f-44dd-83a3-7bad2c111208 (type: security_group_rules) to 0
2026-03-04 02:28:18.122 9 INFO neutron.db.ovn_revision_numbers_db [None req-1ddf75b0-439a-486b-9eec-175fb03bcf1e 0eaeb9811a0e4e0683b5036e4583a103 8f88e600cf3449f8a080511d31fa8f58 - - default default] Successfully bumped revision number for resource b15ee2c1-692d-4c10-a37d-c5f9657ebb8c (type: security_group_rules) to 0
2026-03-04 02:28:18.125 10 INFO neutron.wsgi [None req-56bd1e42-944a-4952-901e-e5ab2e902fc7 211b029fbdc443439ab8e391a163f97b 26249c93b23948299bddb65bc84b7068 - - default default] 10.0.0.194 "POST /v2.0/security-group-rules HTTP/1.1" status: 201 len: 801 time: 0.1563473
2026-03-04 02:28:18.136 10 WARNING neutron_lib.context [None req-c396a109-da1b-471d-9209-6117b5332894 211b029fbdc443439ab8e391a163f97b 26249c93b23948299bddb65bc84b7068 - - default default] Method 'is_advsvc' is deprecated since 2023.2 release (neutron-lib 3.8.0) and will be removed once support for the old RBAC API policies will be removed from Neutron. Please use method 'is_service_role' instead.
2026-03-04 02:28:18.140 9 INFO neutron.db.ovn_revision_numbers_db [None req-1ddf75b0-439a-486b-9eec-175fb03bcf1e 0eaeb9811a0e4e0683b5036e4583a103 8f88e600cf3449f8a080511d31fa8f58 - - default default] Successfully bumped revision number for resource e11084f8-5a33-4b83-8ec1-d3bc09cf3d5b (type: security_group_rules) to 0
2026-03-04 02:28:18.183 9 INFO neutron.wsgi [None req-1ddf75b0-439a-486b-9eec-175fb03bcf1e 0eaeb9811a0e4e0683b5036e4583a103 8f88e600cf3449f8a080511d31fa8f58 - - default default] 10.0.0.194 "GET /v2.0/security-groups?tenant_id=96dc7708cc4c4e8480cc466b7897ded9&name=default HTTP/1.1" status: 200 len: 3120 time: 0.5679042
2026-03-04 02:28:18.420 10 WARNING neutron.scheduler.dhcp_agent_scheduler [None req-c396a109-da1b-471d-9209-6117b5332894 211b029fbdc443439ab8e391a163f97b 26249c93b23948299bddb65bc84b7068 - - default default] No more DHCP agents
2026-03-04 02:28:18.422 10 WARNING neutron.api.rpc.agentnotifiers.dhcp_rpc_agent_api [None req-c396a109-da1b-471d-9209-6117b5332894 211b029fbdc443439ab8e391a163f97b 26249c93b23948299bddb65bc84b7068 - - default default] Unable to schedule network 4a176bc8-0d88-4a3e-98a0-1b103558335e: no agents available; will retry on subsequent port and subnet creation events.
2026-03-04 02:28:18.716 10 INFO neutron.wsgi [None req-c396a109-da1b-471d-9209-6117b5332894 211b029fbdc443439ab8e391a163f97b 26249c93b23948299bddb65bc84b7068 - - default default] 10.0.0.194 "POST /v2.0/floatingips HTTP/1.1" status: 201 len: 751 time: 0.5853307
2026-03-04 02:28:18.728 9 INFO neutron.wsgi [None req-94cf0f8f-2f97-4a49-b29b-87f8b6b15f68 0eaeb9811a0e4e0683b5036e4583a103 8f88e600cf3449f8a080511d31fa8f58 - - default default] 10.0.0.194 "DELETE /v2.0/security-groups/32a3eda7-8191-4022-8fef-b410a219c3e5 HTTP/1.1" status: 204 len: 168 time: 0.5400054
2026-03-04 02:28:18.824 9 INFO neutron.wsgi [None req-9fdd5adf-81f3-4c9d-bcf2-5c5cc3341343 0eaeb9811a0e4e0683b5036e4583a103 8f88e600cf3449f8a080511d31fa8f58 - - default default] 10.0.0.194 "PUT /v2.0/routers/4ce24610-a503-46c6-866e-c82161a8a673/remove_router_interface HTTP/1.1" status: 200 len: 503 time: 2.3211105 /var/lib/openstack/lib/python3.10/site-packages/pycadf/identifier.py:71: UserWarning: Invalid uuid: neutron. To ensure interoperability, identifiers should be a valid uuid. warnings.warn(('Invalid uuid: %s. To ensure interoperability, ' /var/lib/openstack/lib/python3.10/site-packages/pycadf/identifier.py:71: UserWarning: Invalid uuid: neutron. To ensure interoperability, identifiers should be a valid uuid. warnings.warn(('Invalid uuid: %s. To ensure interoperability, '
2026-03-04 02:28:19.184 9 INFO neutron.wsgi [None req-ed7925c1-dd00-495e-8a0b-5558c63b766f 0eaeb9811a0e4e0683b5036e4583a103 8f88e600cf3449f8a080511d31fa8f58 - - default default] 10.0.0.194 "PUT /v2.0/routers/e60d603d-74f1-4166-855c-ada5c67974a1/remove_router_interface HTTP/1.1" status: 200 len: 503 time: 2.2748306
2026-03-04 02:28:19.238 9 INFO neutron.wsgi [req-09ff4a93-1a65-4690-a57a-2e807f934e28 req-c5feff31-278f-41a9-8d3a-e82736fe0627 211b029fbdc443439ab8e391a163f97b 26249c93b23948299bddb65bc84b7068 - - default default] 10.0.0.206 "GET /v2.0/security-groups?name=tempest-securitygroup--100444017&fields=id&tenant_id=26249c93b23948299bddb65bc84b7068 HTTP/1.1" status: 200 len: 267 time: 0.0896783
2026-03-04 02:28:19.503 9 INFO neutron.wsgi [req-09ff4a93-1a65-4690-a57a-2e807f934e28 req-e3560d97-acc0-4b8d-8c71-e523a8788b36 211b029fbdc443439ab8e391a163f97b 26249c93b23948299bddb65bc84b7068 - - default default] 10.0.0.206 "GET /v2.0/networks?id=6bc21343-61d1-4511-ae73-74529921e654 HTTP/1.1" status: 200 len: 869 time: 0.2574267
2026-03-04 02:28:19.521 9 INFO neutron.wsgi [req-09ff4a93-1a65-4690-a57a-2e807f934e28 req-308183cd-9931-4cba-9f5d-9805c2409c34 211b029fbdc443439ab8e391a163f97b 26249c93b23948299bddb65bc84b7068 - - default default] 10.0.0.206 "GET /v2.0/quotas/26249c93b23948299bddb65bc84b7068 HTTP/1.1" status: 200 len: 491 time: 0.0119436
2026-03-04 02:28:19.655 9 INFO neutron.wsgi [req-09ff4a93-1a65-4690-a57a-2e807f934e28 req-b0135603-19e2-44ea-a8bb-13dda2e51062 211b029fbdc443439ab8e391a163f97b 26249c93b23948299bddb65bc84b7068 - - default default] 10.0.0.206 "GET /v2.0/ports?tenant_id=26249c93b23948299bddb65bc84b7068&fields=id HTTP/1.1" status: 200 len: 302 time: 0.1269133
2026-03-04 02:28:19.994 9 INFO neutron.wsgi [None req-ca8af158-b67a-4589-a540-d63d34ae0444 0eaeb9811a0e4e0683b5036e4583a103 8f88e600cf3449f8a080511d31fa8f58 - - default default] 10.0.0.194 "DELETE /v2.0/routers/4ce24610-a503-46c6-866e-c82161a8a673 HTTP/1.1" status: 204 len: 168 time: 1.1662793
2026-03-04 02:28:20.192 9 INFO neutron.wsgi [req-09ff4a93-1a65-4690-a57a-2e807f934e28 req-495eb007-3f08-4031-85d6-de0d4f75646c 9485d081605d4854bc7425fede65ba90 59b95180f6ac47f9b81ebeea0a229261 - - f65d03401fe643fba374468d1db27df7 f65d03401fe643fba374468d1db27df7] 10.0.0.206 "GET /v2.0/extensions HTTP/1.1" status: 200 len: 18683 time: 0.1134799
2026-03-04 02:28:20.248 9 INFO neutron.wsgi [None req-287eb011-ccf5-485e-8677-ed1a91e517e7 0eaeb9811a0e4e0683b5036e4583a103 8f88e600cf3449f8a080511d31fa8f58 - - default default] 10.0.0.194 "DELETE /v2.0/subnets/6b0bebb3-e755-406a-81c8-997996c0b87d HTTP/1.1" status: 204 len: 168 time: 0.2468896
2026-03-04 02:28:20.324 10 INFO neutron.wsgi [None req-06587b82-859c-49e3-961f-f6e80ad34ec3 0eaeb9811a0e4e0683b5036e4583a103 8f88e600cf3449f8a080511d31fa8f58 - - default default] 10.0.0.194 "DELETE /v2.0/routers/e60d603d-74f1-4166-855c-ada5c67974a1 HTTP/1.1" status: 204 len: 168 time: 1.1342180
2026-03-04 02:28:20.340 9 INFO neutron.wsgi [req-09ff4a93-1a65-4690-a57a-2e807f934e28 req-a46fb40e-07df-486c-b4b1-00b3ad0025d5 9485d081605d4854bc7425fede65ba90 59b95180f6ac47f9b81ebeea0a229261 - - f65d03401fe643fba374468d1db27df7 f65d03401fe643fba374468d1db27df7] 10.0.0.206 "GET /v2.0/networks/6bc21343-61d1-4511-ae73-74529921e654?fields=segments HTTP/1.1" status: 200 len: 212 time: 0.1395674
2026-03-04 02:28:20.430 9 INFO neutron.wsgi [req-09ff4a93-1a65-4690-a57a-2e807f934e28 req-1490f33d-9830-435f-811f-5f4d6bdf1b0b 9485d081605d4854bc7425fede65ba90 59b95180f6ac47f9b81ebeea0a229261 - - f65d03401fe643fba374468d1db27df7 f65d03401fe643fba374468d1db27df7] 10.0.0.206 "GET /v2.0/networks/6bc21343-61d1-4511-ae73-74529921e654?fields=provider%3Aphysical_network&fields=provider%3Anetwork_type HTTP/1.1" status: 200 len: 277 time: 0.0771368
2026-03-04 02:28:20.506 10 INFO neutron.wsgi [None req-80dc50bf-84e3-4038-a658-b476e46ed111 916d4d00e8464f2280378bd872a31a8e 1fc5781c24314ee69a7e5c0d984180d7 - - default default] 10.0.0.194 "GET /v2.0/extensions HTTP/1.1" status: 200 len: 18678 time: 0.0706975
2026-03-04 02:28:20.522 9 INFO neutron.wsgi [None req-a74f2a4a-1754-492b-b442-c0c89ebb2696 916d4d00e8464f2280378bd872a31a8e 1fc5781c24314ee69a7e5c0d984180d7 - - default default] 10.0.0.194 "GET /v2.0/extensions/address-group HTTP/1.1" status: 200 len: 353 time: 0.0111225
2026-03-04 02:28:20.542 9 INFO neutron.wsgi [None req-44731b0e-d99a-434a-9d34-42729bb61207 916d4d00e8464f2280378bd872a31a8e 1fc5781c24314ee69a7e5c0d984180d7 - - default default] 10.0.0.194 "GET /v2.0/extensions/address-scope HTTP/1.1" status: 200 len: 357 time: 0.0093262
2026-03-04 02:28:20.543 10 INFO neutron.wsgi [None req-edd3f9d3-0da7-4b1d-bb5f-a559dcfe7c19 0eaeb9811a0e4e0683b5036e4583a103 8f88e600cf3449f8a080511d31fa8f58 - - default default] 10.0.0.194 "DELETE /v2.0/subnets/f96f5bee-1d0b-4940-935c-857edd325fad HTTP/1.1" status: 204 len: 168 time: 0.2125611
2026-03-04 02:28:20.550 10 INFO neutron.wsgi [None req-42d633b6-7e94-4f5f-89af-977df49c2563 916d4d00e8464f2280378bd872a31a8e 1fc5781c24314ee69a7e5c0d984180d7 - - default default] 10.0.0.194 "GET /v2.0/extensions/agent HTTP/1.1" status: 200 len: 347 time: 0.0039670
2026-03-04 02:28:20.559 10 INFO neutron.wsgi [None req-5afbb648-e383-49dc-989e-d6c10526778c 916d4d00e8464f2280378bd872a31a8e 1fc5781c24314ee69a7e5c0d984180d7 - - default default] 10.0.0.194 "GET /v2.0/extensions/allowed-address-pairs HTTP/1.1" status: 200 len: 378 time: 0.0047567
2026-03-04 02:28:20.569 10 INFO neutron.wsgi [None req-9e859ad8-c863-4350-8208-c3c58054ad94 916d4d00e8464f2280378bd872a31a8e 1fc5781c24314ee69a7e5c0d984180d7 - - default default] 10.0.0.194 "GET /v2.0/extensions/auto-allocated-topology HTTP/1.1" status: 200 len: 394 time: 0.0047221
2026-03-04 02:28:20.577 10 INFO neutron.wsgi [None req-d6596505-56ee-441b-96d0-1f1fdb7c2fd5 916d4d00e8464f2280378bd872a31a8e 1fc5781c24314ee69a7e5c0d984180d7 - - default default] 10.0.0.194 "GET /v2.0/extensions/availability_zone HTTP/1.1" status: 200 len: 372 time: 0.0050361
2026-03-04 02:28:20.585 10 INFO neutron.wsgi [None req-0bea4722-cece-4d63-89fc-3f2898d38f6d 916d4d00e8464f2280378bd872a31a8e 1fc5781c24314ee69a7e5c0d984180d7 - - default default] 10.0.0.194 "GET /v2.0/extensions/default-subnetpools HTTP/1.1" status: 200 len: 405 time: 0.0048625
2026-03-04 02:28:20.592 10 INFO neutron.wsgi [None req-1538a7fa-33a1-4209-9fe7-63cb2305dbf9 916d4d00e8464f2280378bd872a31a8e 1fc5781c24314ee69a7e5c0d984180d7 - - default default] 10.0.0.194 "GET /v2.0/extensions/dhcp_agent_scheduler HTTP/1.1" status: 200 len: 381 time: 0.0044920
2026-03-04 02:28:20.600 10 INFO neutron.wsgi [None req-ea4e8206-54a1-4e1c-858f-85ec10a9203b 916d4d00e8464f2280378bd872a31a8e 1fc5781c24314ee69a7e5c0d984180d7 - - default default] 10.0.0.194 "GET /v2.0/extensions/dns-integration HTTP/1.1" status: 200 len: 366 time: 0.0044975
2026-03-04 02:28:20.608 10 INFO neutron.wsgi [None req-db8f9a89-dc42-48c0-9036-8087b1ce428f 916d4d00e8464f2280378bd872a31a8e 1fc5781c24314ee69a7e5c0d984180d7 - - default default] 10.0.0.194 "GET /v2.0/extensions/dns-domain-ports HTTP/1.1" status: 200 len: 399 time: 0.0047507
2026-03-04 02:28:20.616 10 INFO neutron.wsgi [None req-29ef0c24-3404-4fe4-9554-17d5f8a781d6 916d4d00e8464f2280378bd872a31a8e 1fc5781c24314ee69a7e5c0d984180d7 - - default default] 10.0.0.194 "GET /v2.0/extensions/dns-integration-domain-keywords HTTP/1.1" status: 200 len: 477 time: 0.0046883
2026-03-04 02:28:20.624 10 INFO neutron.wsgi [None req-a79f6882-4d11-4621-be28-73afa3a57a71 916d4d00e8464f2280378bd872a31a8e 1fc5781c24314ee69a7e5c0d984180d7 - - default default] 10.0.0.194 "GET /v2.0/extensions/empty-string-filtering HTTP/1.1" status: 200 len: 413 time: 0.0045464
2026-03-04 02:28:20.632 10 INFO neutron.wsgi [None req-70297e12-cd85-4466-9ca0-19934a3d6b3b 916d4d00e8464f2280378bd872a31a8e 1fc5781c24314ee69a7e5c0d984180d7 - - default default] 10.0.0.194 "GET /v2.0/extensions/external-net HTTP/1.1" status: 200 len: 394 time: 0.0048456
2026-03-04 02:28:20.643 9 INFO neutron.wsgi [None req-13dbd9c1-e301-47f6-82da-3dbc4528347c 916d4d00e8464f2280378bd872a31a8e 1fc5781c24314ee69a7e5c0d984180d7 - - default default] 10.0.0.194 "GET /v2.0/extensions/extra_dhcp_opt HTTP/1.1" status: 200 len: 498 time: 0.0069988
2026-03-04 02:28:20.654 9 INFO neutron.wsgi [None req-3836ad2a-f645-4ef6-83cd-fbe09e5815d0 916d4d00e8464f2280378bd872a31a8e 1fc5781c24314ee69a7e5c0d984180d7 - - default default] 10.0.0.194 "GET /v2.0/extensions/extraroute HTTP/1.1" status: 200 len: 375 time: 0.0059490
2026-03-04 02:28:20.662 10 INFO neutron.wsgi [req-dd9129e3-ad1e-47bc-a5b0-986ef61c6ee8 req-27e5c845-58f2-428f-ae6d-063581886e01 211b029fbdc443439ab8e391a163f97b 26249c93b23948299bddb65bc84b7068 - - default default] 10.0.0.206 "GET /v2.0/ports?device_id=5a0776f0-eb95-46e1-ba2f-eb9c518bede7 HTTP/1.1" status: 200 len: 210 time: 0.0290718
2026-03-04 02:28:20.662 9 INFO neutron.wsgi [None req-523fd9d7-fea2-4647-b211-acd783025111 916d4d00e8464f2280378bd872a31a8e 1fc5781c24314ee69a7e5c0d984180d7 - - default default] 10.0.0.194 "GET /v2.0/extensions/floating-ip-port-forwarding-detail HTTP/1.1" status: 200 len: 465 time: 0.0033951
2026-03-04 02:28:20.670 10 INFO neutron.wsgi [None req-17213a6a-3b61-493f-926d-c1020d7ea5db 916d4d00e8464f2280378bd872a31a8e 1fc5781c24314ee69a7e5c0d984180d7 - - default default] 10.0.0.194 "GET /v2.0/extensions/fip-port-details HTTP/1.1" status: 200 len: 406 time: 0.0040424
2026-03-04 02:28:20.683 9 INFO neutron.wsgi [None req-4cb32537-2d52-43c3-b34e-c474aac78f9d 916d4d00e8464f2280378bd872a31a8e 1fc5781c24314ee69a7e5c0d984180d7 - - default default] 10.0.0.194 "GET /v2.0/extensions/flavors HTTP/1.1" status: 200 len: 387 time: 0.0093980
2026-03-04 02:28:20.695 9 INFO neutron.wsgi [None req-176ca852-0c18-40ac-8c22-861b081d347c 916d4d00e8464f2280378bd872a31a8e 1fc5781c24314ee69a7e5c0d984180d7 - - default default] 10.0.0.194 "GET /v2.0/extensions/floatingip-pools HTTP/1.1" status: 200 len: 382 time: 0.0041566
2026-03-04 02:28:20.707 10 INFO neutron.wsgi [None req-178736f8-43fc-46e9-bfa4-a2fc87f6ef33 916d4d00e8464f2280378bd872a31a8e 1fc5781c24314ee69a7e5c0d984180d7 - - default default] 10.0.0.194 "GET /v2.0/extensions/ip_allocation HTTP/1.1" status: 200 len: 356 time: 0.0090640
2026-03-04 02:28:20.717 10 INFO neutron.wsgi [None req-f91297ca-3303-454d-acef-e05d565c7b91 916d4d00e8464f2280378bd872a31a8e 1fc5781c24314ee69a7e5c0d984180d7 - - default default] 10.0.0.194 "GET /v2.0/extensions/l2_adjacency HTTP/1.1" status: 200 len: 372 time: 0.0049503
2026-03-04 02:28:20.726 10 INFO neutron.wsgi [None req-d0327033-9ff3-4ed8-bc14-8b9885e50e62 916d4d00e8464f2280378bd872a31a8e 1fc5781c24314ee69a7e5c0d984180d7 - - default default] 10.0.0.194 "GET /v2.0/extensions/router HTTP/1.1" status: 200 len: 450 time: 0.0054052
2026-03-04 02:28:20.733 10 INFO neutron.wsgi [None req-6368501c-029b-480f-93e8-5826c524eadd 916d4d00e8464f2280378bd872a31a8e 1fc5781c24314ee69a7e5c0d984180d7 - - default default] 10.0.0.194 "GET /v2.0/extensions/enable-default-route-bfd HTTP/1.1" status: 200 len: 406 time: 0.0043607
2026-03-04 02:28:20.742 10 INFO neutron.wsgi [None req-3961e2a2-1f4f-4fca-986e-337ea5322408 916d4d00e8464f2280378bd872a31a8e 1fc5781c24314ee69a7e5c0d984180d7 - - default default] 10.0.0.194 "GET /v2.0/extensions/enable-default-route-ecmp HTTP/1.1" status: 200 len: 409 time: 0.0048149
2026-03-04 02:28:20.751 10 INFO neutron.wsgi [None req-6e8b2733-20b4-4679-a1ca-c8732da46042 916d4d00e8464f2280378bd872a31a8e 1fc5781c24314ee69a7e5c0d984180d7 - - default default] 10.0.0.194 "GET /v2.0/extensions/ext-gw-mode HTTP/1.1" status: 200 len: 462 time: 0.0044060
2026-03-04 02:28:20.760 10 INFO neutron.wsgi [None req-eb61c9b1-a23c-42e6-925c-0ad4f2d27072 916d4d00e8464f2280378bd872a31a8e 1fc5781c24314ee69a7e5c0d984180d7 - - default default] 10.0.0.194 "GET /v2.0/extensions/l3-ha HTTP/1.1" status: 200 len: 360 time: 0.0055282
2026-03-04 02:28:20.789 10 INFO neutron.wsgi [None req-99a8fe3d-cb5c-4416-9484-ae9b4f4265fe 916d4d00e8464f2280378bd872a31a8e 1fc5781c24314ee69a7e5c0d984180d7 - - default default] 10.0.0.194 "GET /v2.0/extensions/external-gateway-multihoming HTTP/1.1" status: 200 len: 421 time: 0.0059392
2026-03-04 02:28:20.796 10 INFO neutron.wsgi [None req-5f887375-0767-465b-a6cd-c1f5c05ae0bd 916d4d00e8464f2280378bd872a31a8e 1fc5781c24314ee69a7e5c0d984180d7 - - default default] 10.0.0.194 "GET /v2.0/extensions/l3-flavors HTTP/1.1" status: 200 len: 366 time: 0.0044541
2026-03-04 02:28:20.804 10 INFO neutron.wsgi [None req-30321a29-2ddc-4cda-8020-28ece1eda522 916d4d00e8464f2280378bd872a31a8e 1fc5781c24314ee69a7e5c0d984180d7 - - default default] 10.0.0.194 "GET /v2.0/extensions/logging HTTP/1.1" status: 200 len: 407 time: 0.0048409
2026-03-04 02:28:20.817 10 INFO neutron.wsgi [None req-71f53874-b960-4f1d-a397-84fc0fdebf60 916d4d00e8464f2280378bd872a31a8e 1fc5781c24314ee69a7e5c0d984180d7 - - default default] 10.0.0.194 "GET /v2.0/extensions/multi-provider HTTP/1.1" status: 200 len: 406 time: 0.0083776
2026-03-04 02:28:20.823 10 INFO neutron.wsgi [None req-5037fb33-3956-4fb4-bdc7-f2248bf0a616 916d4d00e8464f2280378bd872a31a8e 1fc5781c24314ee69a7e5c0d984180d7 - - default default] 10.0.0.194 "GET /v2.0/extensions/net-mtu HTTP/1.1" status: 200 len: 370 time: 0.0030732
2026-03-04 02:28:20.830 10 INFO neutron.wsgi [None req-34aeec07-9f20-40b4-baee-b2ce88037d95 916d4d00e8464f2280378bd872a31a8e 1fc5781c24314ee69a7e5c0d984180d7 - - default default] 10.0.0.194 "GET /v2.0/extensions/net-mtu-writable HTTP/1.1" status: 200 len: 401 time: 0.0036526
2026-03-04 02:28:20.837 10 INFO neutron.wsgi [None req-10975d7c-922b-403b-8404-13aa7d471ddf 916d4d00e8464f2280378bd872a31a8e 1fc5781c24314ee69a7e5c0d984180d7 - - default default] 10.0.0.194 "GET /v2.0/extensions/network_availability_zone HTTP/1.1" status: 200 len: 394 time: 0.0042408
2026-03-04 02:28:20.845 10 INFO neutron.wsgi [None req-621417fb-ef66-47c3-bfa1-595d524ec00c 916d4d00e8464f2280378bd872a31a8e 1fc5781c24314ee69a7e5c0d984180d7 - - default default] 10.0.0.194 "GET /v2.0/extensions/network-ip-availability HTTP/1.1" status: 200 len: 410 time: 0.0043607
2026-03-04 02:28:20.871 9 INFO neutron.wsgi [None req-7c6b6f64-b503-4b2c-9975-fb76775f3c7b 916d4d00e8464f2280378bd872a31a8e 1fc5781c24314ee69a7e5c0d984180d7 - - default default] 10.0.0.194 "GET /v2.0/extensions/pagination HTTP/1.1" status: 200 len: 386 time: 0.0081873
2026-03-04 02:28:20.883 9 INFO neutron.wsgi [None req-059180ed-d7ea-45e8-90ea-cbebe42862ef 916d4d00e8464f2280378bd872a31a8e 1fc5781c24314ee69a7e5c0d984180d7 - - default default] 10.0.0.194 "GET /v2.0/extensions/port-device-profile HTTP/1.1" status: 200 len: 383 time: 0.0045040
2026-03-04 02:28:20.902 9 INFO neutron.wsgi [None req-9cd4d510-2d48-406c-ab12-79634ba160e0 916d4d00e8464f2280378bd872a31a8e 1fc5781c24314ee69a7e5c0d984180d7 - - default default] 10.0.0.194 "GET /v2.0/extensions/port-mac-address-regenerate HTTP/1.1" status: 200 len: 403 time: 0.0050170
2026-03-04 02:28:20.906 9 INFO neutron.wsgi [None req-ac79e1f7-3f3e-49ea-a4b3-338da249e2d0 0eaeb9811a0e4e0683b5036e4583a103 8f88e600cf3449f8a080511d31fa8f58 - - default default] 10.0.0.194 "DELETE /v2.0/networks/f5369fac-c568-43f5-a7c9-a64916c5b885 HTTP/1.1" status: 204 len: 168 time: 0.6362245
2026-03-04 02:28:20.916 10 INFO neutron.wsgi [None req-7fa1f3b4-9407-40ec-bd10-cb7963a639b8 916d4d00e8464f2280378bd872a31a8e 1fc5781c24314ee69a7e5c0d984180d7 - - default default] 10.0.0.194 "GET /v2.0/extensions/port-numa-affinity-policy HTTP/1.1" status: 200 len: 392 time: 0.0043864
2026-03-04 02:28:20.936 9 INFO neutron.wsgi [None req-c5a85670-d1d9-4352-9bb5-91b5a9b6e546 916d4d00e8464f2280378bd872a31a8e 1fc5781c24314ee69a7e5c0d984180d7 - - default default] 10.0.0.194 "GET /v2.0/extensions/port-resource-request HTTP/1.1" status: 200 len: 379 time: 0.0075359
2026-03-04 02:28:20.945 10 INFO neutron.wsgi [None req-ce93d3cf-70ee-4721-9866-fad584786314 916d4d00e8464f2280378bd872a31a8e 1fc5781c24314ee69a7e5c0d984180d7 - - default default] 10.0.0.194 "GET /v2.0/extensions/port-resource-request-groups HTTP/1.1" status: 200 len: 465 time: 0.0046079
2026-03-04 02:28:20.963 10 INFO neutron.wsgi [None req-883fcdea-f6f1-4f2c-9c30-c2901ff29071 916d4d00e8464f2280378bd872a31a8e 1fc5781c24314ee69a7e5c0d984180d7 - - default default] 10.0.0.194 "GET /v2.0/extensions/binding HTTP/1.1" status: 200 len: 387 time: 0.0044351
2026-03-04 02:28:20.971 10 INFO neutron.wsgi [None req-04c49081-5480-448a-bb2a-378bc8af0c5e 916d4d00e8464f2280378bd872a31a8e 1fc5781c24314ee69a7e5c0d984180d7 - - default default] 10.0.0.194 "GET /v2.0/extensions/binding-extended HTTP/1.1" status: 200 len: 406 time: 0.0030711
2026-03-04 02:28:20.981 10 INFO neutron.wsgi [None req-797e8472-67d9-47c0-9222-5bef8b77b644 916d4d00e8464f2280378bd872a31a8e 1fc5781c24314ee69a7e5c0d984180d7 - - default default] 10.0.0.194 "GET /v2.0/extensions/port-security HTTP/1.1" status: 200 len: 354 time: 0.0045617
2026-03-04 02:28:20.988 10 INFO neutron.wsgi [None req-8a2e7eab-7362-4f68-a564-f6909744efab 916d4d00e8464f2280378bd872a31a8e 1fc5781c24314ee69a7e5c0d984180d7 - - default default] 10.0.0.194 "GET /v2.0/extensions/project-id HTTP/1.1" status: 200 len: 398 time: 0.0041463
2026-03-04 02:28:20.996 10 INFO neutron.wsgi [None req-00ca7b5c-cfe6-4036-9e09-86928e107359 916d4d00e8464f2280378bd872a31a8e 1fc5781c24314ee69a7e5c0d984180d7 - - default default] 10.0.0.194 "GET /v2.0/extensions/provider HTTP/1.1" status: 200 len: 385 time: 0.0043797
2026-03-04 02:28:21.004 10 INFO neutron.wsgi [None req-32c77d46-244a-4fac-a61b-998d589c679c 916d4d00e8464f2280378bd872a31a8e 1fc5781c24314ee69a7e5c0d984180d7 - - default default] 10.0.0.194 "GET /v2.0/extensions/qos HTTP/1.1" status: 200 len: 360 time: 0.0042832
2026-03-04 02:28:21.011 10 INFO neutron.wsgi [None req-55d7be9f-73e8-423e-9345-1826c76df64c 916d4d00e8464f2280378bd872a31a8e 1fc5781c24314ee69a7e5c0d984180d7 - - default default] 10.0.0.194 "GET /v2.0/extensions/qos-bw-limit-direction HTTP/1.1" status: 200 len: 452 time: 0.0045831
2026-03-04 02:28:21.019 10 INFO neutron.wsgi [None req-214f35a2-269e-4393-8996-c68bae9951b7 916d4d00e8464f2280378bd872a31a8e 1fc5781c24314ee69a7e5c0d984180d7 - - default default] 10.0.0.194 "GET /v2.0/extensions/qos-bw-minimum-ingress HTTP/1.1" status: 200 len: 445 time: 0.0041924
2026-03-04 02:28:21.026 10 INFO neutron.wsgi [None req-f1048296-5079-4c7f-a17b-aa70b87fc7c6 916d4d00e8464f2280378bd872a31a8e 1fc5781c24314ee69a7e5c0d984180d7 - - default default] 10.0.0.194 "GET /v2.0/extensions/qos-default HTTP/1.1" status: 200 len: 377 time: 0.0043943
2026-03-04 02:28:21.033 10 INFO neutron.wsgi [None req-3633bee9-34f2-4c55-88bf-e81819adb2d6 916d4d00e8464f2280378bd872a31a8e 1fc5781c24314ee69a7e5c0d984180d7 - - default default] 10.0.0.194 "GET /v2.0/extensions/qos-fip HTTP/1.1" status: 200 len: 372 time: 0.0041234
2026-03-04 02:28:21.042 10 INFO neutron.wsgi [None req-990be894-89f3-4bf6-958e-c3384bd5b06f 916d4d00e8464f2280378bd872a31a8e 1fc5781c24314ee69a7e5c0d984180d7 - - default default] 10.0.0.194 "GET /v2.0/extensions/qos-gateway-ip HTTP/1.1" status: 200 len: 391 time: 0.0044303
2026-03-04 02:28:21.057 10 INFO neutron.wsgi [None req-660c3493-4bcf-4a25-8fcc-c3a364c5dd4f 916d4d00e8464f2280378bd872a31a8e 1fc5781c24314ee69a7e5c0d984180d7 - - default default] 10.0.0.194 "GET /v2.0/extensions/qos-port-network-policy HTTP/1.1" status: 200 len: 403 time: 0.0074079
2026-03-04 02:28:21.068 10 INFO neutron.wsgi [None req-5799547f-22f2-4b5f-8c68-549ad93f30fe 916d4d00e8464f2280378bd872a31a8e 1fc5781c24314ee69a7e5c0d984180d7 - - default default] 10.0.0.194 "GET /v2.0/extensions/qos-pps-minimum HTTP/1.1" status: 200 len: 397 time: 0.0055830
2026-03-04 02:28:21.074 9 INFO neutron.wsgi [None req-d5dfc7ef-41d4-43ad-b035-7715e55fefc5 0eaeb9811a0e4e0683b5036e4583a103 8f88e600cf3449f8a080511d31fa8f58 - - default default] 10.0.0.194 "DELETE /v2.0/networks/a11e4079-9984-4274-8da5-8452a1c69dde HTTP/1.1" status: 204 len: 168 time: 0.5278432
2026-03-04 02:28:21.078 10 INFO neutron.wsgi [None req-599ffd75-3a94-4edc-ba4c-df0b1a7964af 916d4d00e8464f2280378bd872a31a8e 1fc5781c24314ee69a7e5c0d984180d7 - - default default] 10.0.0.194 "GET /v2.0/extensions/qos-pps-minimum-rule-alias HTTP/1.1" status: 200 len: 471 time: 0.0042684
2026-03-04 02:28:21.086 9 INFO neutron.wsgi [None req-79d70d88-d18a-43dd-87ed-9e06bb484048 916d4d00e8464f2280378bd872a31a8e 1fc5781c24314ee69a7e5c0d984180d7 - - default default] 10.0.0.194 "GET /v2.0/extensions/qos-pps HTTP/1.1" status: 200 len: 389 time: 0.0043209
2026-03-04 02:28:21.092 9 INFO neutron.wsgi [None req-a69a9d54-1474-44dc-8a7f-05e260900d15 916d4d00e8464f2280378bd872a31a8e 1fc5781c24314ee69a7e5c0d984180d7 - - default default] 10.0.0.194 "GET /v2.0/extensions/qos-rule-type-details HTTP/1.1" status: 200 len: 423 time: 0.0032108
2026-03-04 02:28:21.099 9 INFO neutron.wsgi [None req-9fc6547f-c08d-40f0-8163-8cf67555c9a9 916d4d00e8464f2280378bd872a31a8e 1fc5781c24314ee69a7e5c0d984180d7 - - default default] 10.0.0.194 "GET /v2.0/extensions/qos-rule-type-filter HTTP/1.1" status: 200 len: 567 time: 0.0031657
2026-03-04 02:28:21.106 9 INFO neutron.wsgi [None req-d3e9e24a-7345-4795-bfb4-ce7467cd98fc 916d4d00e8464f2280378bd872a31a8e 1fc5781c24314ee69a7e5c0d984180d7 - - default default] 10.0.0.194 "GET /v2.0/extensions/qos-rules-alias HTTP/1.1" status: 200 len: 448 time: 0.0043781
2026-03-04 02:28:21.120 10 INFO neutron.wsgi [None req-909133fd-c50b-4f95-a689-71156ee5592a 916d4d00e8464f2280378bd872a31a8e 1fc5781c24314ee69a7e5c0d984180d7 - - default default] 10.0.0.194 "GET /v2.0/extensions/quota-check-limit HTTP/1.1" status: 200 len: 420 time: 0.0084493
2026-03-04 02:28:21.126 10 INFO neutron.wsgi [None req-4240b390-ba96-4a28-8c37-39c42037e7c7 916d4d00e8464f2280378bd872a31a8e 1fc5781c24314ee69a7e5c0d984180d7 - - default default] 10.0.0.194 "GET /v2.0/extensions/quotas HTTP/1.1" status: 200 len: 386 time: 0.0032196
2026-03-04 02:28:21.133 10 INFO neutron.wsgi [None req-69ed8bb9-8bba-4c43-b8eb-c1181706b062 916d4d00e8464f2280378bd872a31a8e 1fc5781c24314ee69a7e5c0d984180d7 - - default default] 10.0.0.194 "GET /v2.0/extensions/quota_details HTTP/1.1" status: 200 len: 407 time: 0.0041926
2026-03-04 02:28:21.138 9 INFO neutron.wsgi [None req-1aa2f2e5-7444-4a93-bcfa-b91ecc955410 0eaeb9811a0e4e0683b5036e4583a103 8f88e600cf3449f8a080511d31fa8f58 - - default default] 10.0.0.194 "GET /v2.0/security-groups?tenant_id=9b98c97c2d7b491389b9181207f35d4d&name=default HTTP/1.1" status: 200 len: 3116 time: 0.0307066
2026-03-04 02:28:21.144 9 INFO neutron.wsgi [None req-cb2ea17d-1938-4b41-ac32-49f2badfc11c 916d4d00e8464f2280378bd872a31a8e 1fc5781c24314ee69a7e5c0d984180d7 - - default default] 10.0.0.194 "GET /v2.0/extensions/rbac-policies HTTP/1.1" status: 200 len: 417 time: 0.0039091
2026-03-04 02:28:21.152 9 INFO neutron.wsgi [None req-5f5af136-fb48-43e7-9f24-d5045cf896a7 916d4d00e8464f2280378bd872a31a8e 1fc5781c24314ee69a7e5c0d984180d7 - - default default] 10.0.0.194 "GET /v2.0/extensions/rbac-address-scope HTTP/1.1" status: 200 len: 384 time: 0.0031095
2026-03-04 02:28:21.162 9 INFO neutron.wsgi [None req-2ebbe188-e3be-44df-90ed-dc1a0b978c70 916d4d00e8464f2280378bd872a31a8e 1fc5781c24314ee69a7e5c0d984180d7 - - default default] 10.0.0.194 "GET /v2.0/extensions/rbac-security-groups HTTP/1.1" status: 200 len: 404 time: 0.0030706
2026-03-04 02:28:21.171 9 INFO neutron.wsgi [None req-9fb4a5ad-b8c2-4dab-bb79-f8a7645a3a5f 916d4d00e8464f2280378bd872a31a8e 1fc5781c24314ee69a7e5c0d984180d7 - - default default] 10.0.0.194 "GET /v2.0/extensions/revision-if-match HTTP/1.1" status: 200 len: 441 time: 0.0062001
2026-03-04 02:28:21.179 9 INFO neutron.wsgi [None req-ac8e4140-337e-4b57-ad79-059a14b411dd 916d4d00e8464f2280378bd872a31a8e 1fc5781c24314ee69a7e5c0d984180d7 - - default default] 10.0.0.194 "GET /v2.0/extensions/standard-attr-revisions HTTP/1.1" status: 200 len: 423 time: 0.0031826
2026-03-04 02:28:21.187 9 INFO neutron.wsgi [None req-f3d7de63-9590-4120-96e9-a8c966215106 916d4d00e8464f2280378bd872a31a8e 1fc5781c24314ee69a7e5c0d984180d7 - - default default] 10.0.0.194 "GET /v2.0/extensions/router_availability_zone HTTP/1.1" status: 200 len: 391 time: 0.0032201
2026-03-04 02:28:21.195 9 INFO neutron.wsgi [None req-76ed80f4-794c-4c65-98a3-3d396864ee9b 916d4d00e8464f2280378bd872a31a8e 1fc5781c24314ee69a7e5c0d984180d7 - - default default] 10.0.0.194 "GET /v2.0/extensions/security-groups-default-rules HTTP/1.1" status: 200 len: 456 time: 0.0032866
2026-03-04 02:28:21.201 9 INFO neutron.wsgi [None req-b6a6bafb-1417-422d-869c-f1c3642c321b 916d4d00e8464f2280378bd872a31a8e 1fc5781c24314ee69a7e5c0d984180d7 - - default default] 10.0.0.194 "GET /v2.0/extensions/security-groups-normalized-cidr HTTP/1.1" status: 200 len: 445 time: 0.0032871
2026-03-04 02:28:21.207 9 INFO neutron.wsgi [None req-2cd1f67e-18c8-4f8e-ac95-8d1d5feab8b5 916d4d00e8464f2280378bd872a31a8e 1fc5781c24314ee69a7e5c0d984180d7 - - default default] 10.0.0.194 "GET /v2.0/extensions/security-groups-remote-address-group HTTP/1.1" status: 200 len: 448 time: 0.0030606
2026-03-04 02:28:21.213 9 INFO neutron.wsgi [None req-506d3de0-6c3f-43af-805b-28d2536e955e 916d4d00e8464f2280378bd872a31a8e 1fc5781c24314ee69a7e5c0d984180d7 - - default default] 10.0.0.194 "GET /v2.0/extensions/security-groups-rules-belongs-to-default-sg HTTP/1.1" status: 200 len: 508 time: 0.0031352
2026-03-04 02:28:21.223 10 INFO neutron.wsgi [None req-8db85b3f-e5b1-4310-8829-d3c6b3dcdc05 916d4d00e8464f2280378bd872a31a8e 1fc5781c24314ee69a7e5c0d984180d7 - - default default] 10.0.0.194 "GET /v2.0/extensions/security-groups-shared-filtering HTTP/1.1" status: 200 len: 435 time: 0.0067518
2026-03-04 02:28:21.231 9 INFO neutron.wsgi [None req-d8390c64-7b44-45af-863f-978b5f94bdbb 916d4d00e8464f2280378bd872a31a8e 1fc5781c24314ee69a7e5c0d984180d7 - - default default] 10.0.0.194 "GET /v2.0/extensions/security-group HTTP/1.1" status: 200 len: 364 time: 0.0034387
2026-03-04 02:28:21.238 9 INFO neutron.wsgi [None req-61bc5c40-d9a5-46bb-916a-77ed894e9df1 916d4d00e8464f2280378bd872a31a8e 1fc5781c24314ee69a7e5c0d984180d7 - - default default] 10.0.0.194 "GET /v2.0/extensions/segment HTTP/1.1" status: 200 len: 339 time: 0.0034230
2026-03-04 02:28:21.271 9 INFO neutron.wsgi [None req-7e61eaee-6b8c-4c39-81ff-1fdb0583cbc2 916d4d00e8464f2280378bd872a31a8e 1fc5781c24314ee69a7e5c0d984180d7 - - default default] 10.0.0.194 "GET /v2.0/extensions/segments-peer-subnet-host-routes HTTP/1.1" status: 200 len: 427 time: 0.0102038
2026-03-04 02:28:21.283 9 INFO neutron.wsgi [None req-af167608-d38c-4bfb-a150-1975b7b431d0 916d4d00e8464f2280378bd872a31a8e 1fc5781c24314ee69a7e5c0d984180d7 - - default default] 10.0.0.194 "GET /v2.0/extensions/service-type HTTP/1.1" status: 200 len: 415 time: 0.0055301
2026-03-04 02:28:21.293 10 INFO neutron.wsgi [None req-79c32b27-fbd9-4dc7-805f-17c927a6fe2a 916d4d00e8464f2280378bd872a31a8e 1fc5781c24314ee69a7e5c0d984180d7 - - default default] 10.0.0.194 "GET /v2.0/extensions/sorting HTTP/1.1" status: 200 len: 377 time: 0.0049078
2026-03-04 02:28:21.306 9 INFO neutron.wsgi [None req-3648f92b-216b-46a0-8d3e-b9acc75e9d52 916d4d00e8464f2280378bd872a31a8e 1fc5781c24314ee69a7e5c0d984180d7 - - default default] 10.0.0.194 "GET /v2.0/extensions/standard-attr-segment HTTP/1.1" status: 200 len: 406 time: 0.0072381
2026-03-04 02:28:21.317 9 INFO neutron.wsgi [None req-9b74461f-546c-4351-be19-c24a195f0c1d 916d4d00e8464f2280378bd872a31a8e 1fc5781c24314ee69a7e5c0d984180d7 - - default default] 10.0.0.194 "GET /v2.0/extensions/standard-attr-description HTTP/1.1" status: 200 len: 408 time: 0.0044692
2026-03-04 02:28:21.320 9 INFO neutron.wsgi [None req-3a70bbfb-9ba9-4c3d-b060-2c38b1a1cb7a 0eaeb9811a0e4e0683b5036e4583a103 8f88e600cf3449f8a080511d31fa8f58 - - default default] 10.0.0.194 "GET /v2.0/security-groups?tenant_id=1bd292d5028b41cbb4434de3d9f68a51&name=default HTTP/1.1" status: 200 len: 3116 time: 0.0701663
2026-03-04 02:28:21.324 9 INFO neutron.wsgi [None req-576342e8-4501-461d-b40d-9ef023546c28 916d4d00e8464f2280378bd872a31a8e 1fc5781c24314ee69a7e5c0d984180d7 - - default default] 10.0.0.194 "GET /v2.0/extensions/stateful-security-group HTTP/1.1" status: 200 len: 402 time: 0.0032806
2026-03-04 02:28:21.334 10 INFO neutron.wsgi [None req-90f0c8ba-b8f7-4672-ab2b-edfc8fc477fc 916d4d00e8464f2280378bd872a31a8e 1fc5781c24314ee69a7e5c0d984180d7 - - default default] 10.0.0.194 "GET /v2.0/extensions/subnet-dns-publish-fixed-ip HTTP/1.1" status: 200 len: 421 time: 0.0064151
2026-03-04 02:28:21.342 9 INFO neutron.wsgi [None req-d2e09c64-3c80-4318-9277-ed391b7f3a7f 916d4d00e8464f2280378bd872a31a8e 1fc5781c24314ee69a7e5c0d984180d7 - - default default] 10.0.0.194 "GET /v2.0/extensions/subnet-segmentid-writable HTTP/1.1" status: 200 len: 421 time: 0.0052526
2026-03-04 02:28:21.352 10 INFO neutron.wsgi [None req-9a1722da-0833-4496-9ab8-0273630a35fb 916d4d00e8464f2280378bd872a31a8e 1fc5781c24314ee69a7e5c0d984180d7 - - default default] 10.0.0.194 "GET /v2.0/extensions/subnet-service-types HTTP/1.1" status: 200 len: 400 time: 0.0057635
2026-03-04 02:28:21.360 9 INFO neutron.wsgi [None req-5d95c48d-fe9d-4054-842f-71fa59f9f089 916d4d00e8464f2280378bd872a31a8e 1fc5781c24314ee69a7e5c0d984180d7 - - default default] 10.0.0.194 "GET /v2.0/extensions/subnet_allocation HTTP/1.1" status: 200 len: 388 time: 0.0046563
2026-03-04 02:28:21.367 9 INFO neutron.wsgi [None req-f5fdb56a-cb2b-48ec-bb9d-76ed80e9e2b9 916d4d00e8464f2280378bd872a31a8e 1fc5781c24314ee69a7e5c0d984180d7 - - default default] 10.0.0.194 "GET /v2.0/extensions/subnetpool-prefix-ops HTTP/1.1" status: 200 len: 418 time: 0.0034351
2026-03-04 02:28:21.376 9 INFO neutron.wsgi [None req-95e5a36f-05c2-40e2-bc60-f6d356dbc86c 916d4d00e8464f2280378bd872a31a8e 1fc5781c24314ee69a7e5c0d984180d7 - - default default] 10.0.0.194 "GET /v2.0/extensions/standard-attr-tag HTTP/1.1" status: 200 len: 537 time: 0.0059428
2026-03-04 02:28:21.382 10 INFO neutron.wsgi [None req-8dc58341-c4e9-4ee4-9a4d-b5db29c54aab 0eaeb9811a0e4e0683b5036e4583a103 8f88e600cf3449f8a080511d31fa8f58 - - default default] 10.0.0.194 "DELETE /v2.0/security-groups/6eb69857-9593-4062-8ec7-3f1aff876a6c HTTP/1.1" status: 204 len: 168 time: 0.2406538
2026-03-04 02:28:21.387 10 INFO neutron.wsgi [None req-afdea12b-3328-43a2-91e1-2191492a1ba1 916d4d00e8464f2280378bd872a31a8e 1fc5781c24314ee69a7e5c0d984180d7 - - default default] 10.0.0.194 "GET /v2.0/extensions/standard-attr-timestamp HTTP/1.1" status: 200 len: 449 time: 0.0078316
2026-03-04 02:28:21.394 10 INFO neutron.wsgi [None req-c12db0bd-2bd0-4f98-ae6d-ff4c20ee3f85 916d4d00e8464f2280378bd872a31a8e 1fc5781c24314ee69a7e5c0d984180d7 - - default default] 10.0.0.194 "GET /v2.0/extensions/trunk HTTP/1.1" status: 200 len: 358 time: 0.0042486
2026-03-04 02:28:21.401 10 INFO neutron.wsgi [None req-768d12be-f777-44eb-b774-86784a2d4207 916d4d00e8464f2280378bd872a31a8e 1fc5781c24314ee69a7e5c0d984180d7 - - default default] 10.0.0.194 "GET /v2.0/extensions/trunk-details HTTP/1.1" status: 200 len: 362 time: 0.0049565
2026-03-04 02:28:21.410 10 INFO neutron.wsgi [None req-f8647274-7863-4a15-91a6-a6b7ec5d8c15 916d4d00e8464f2280378bd872a31a8e 1fc5781c24314ee69a7e5c0d984180d7 - - default default] 10.0.0.194 "GET /v2.0/extensions/vpn-agent-scheduler HTTP/1.1" status: 200 len: 393 time: 0.0052133
2026-03-04 02:28:21.418 10 INFO neutron.wsgi [None req-2b2c46e7-7d4a-4438-a3cb-9b00165ef67a 916d4d00e8464f2280378bd872a31a8e 1fc5781c24314ee69a7e5c0d984180d7 - - default default] 10.0.0.194 "GET /v2.0/extensions/vpn-endpoint-groups HTTP/1.1" status: 200 len: 371 time: 0.0045519
2026-03-04 02:28:21.425 10 INFO neutron.wsgi [None req-70bf775a-a812-44c2-99d0-1a9c36e58407 916d4d00e8464f2280378bd872a31a8e 1fc5781c24314ee69a7e5c0d984180d7 - - default default] 10.0.0.194 "GET /v2.0/extensions/vpn-flavors HTTP/1.1" status: 200 len: 376 time: 0.0045629
2026-03-04 02:28:21.431 10 INFO neutron.wsgi [None req-0951b0c6-752f-41d1-882d-d57a590ef941 916d4d00e8464f2280378bd872a31a8e 1fc5781c24314ee69a7e5c0d984180d7 - - default default] 10.0.0.194 "GET /v2.0/extensions/vpnaas HTTP/1.1" status: 200 len: 348 time: 0.0037656
2026-03-04 02:28:21.621 9 INFO neutron.services.segments.plugin [-] Segment c835b171-bf84-4d08-a7d9-364a40ad3c5c resource provider aggregate not found
2026-03-04 02:28:21.625 9 INFO neutron.services.segments.plugin [-] Segment c835b171-bf84-4d08-a7d9-364a40ad3c5c resource provider aggregate not found
2026-03-04 02:28:21.638 9 INFO neutron.services.segments.plugin [-] Segment c835b171-bf84-4d08-a7d9-364a40ad3c5c resource provider not found; error: Placement Client Error (4xx): {"errors": [{"status": 404, "title": "Not Found", "detail": "The resource could not be found.\n\n No resource provider with uuid c835b171-bf84-4d08-a7d9-364a40ad3c5c found for delete ", "request_id": "req-cc3cefbe-c430-48cd-b5ac-b6d9a78c6f60"}]}
2026-03-04 02:28:21.645 9 INFO neutron.services.segments.plugin [-] Segment c835b171-bf84-4d08-a7d9-364a40ad3c5c resource provider not found; error: Placement Client Error (4xx): {"errors": [{"status": 404, "title": "Not Found", "detail": "The resource could not be found.\n\n No resource provider with uuid c835b171-bf84-4d08-a7d9-364a40ad3c5c found for delete ", "request_id": "req-f6b58d41-5080-46bc-bc62-040fbbc2f58e"}]}
2026-03-04 02:28:21.739 9 INFO neutron.wsgi [None req-cfbe1894-187c-413e-b4f7-4cf78d05abea 0eaeb9811a0e4e0683b5036e4583a103 8f88e600cf3449f8a080511d31fa8f58 - - default default] 10.0.0.194 "DELETE /v2.0/security-groups/352dbbb0-1f25-489f-8630-0fe39907a0d5 HTTP/1.1" status: 204 len: 168 time: 0.4139216
2026-03-04 02:28:21.834 9 INFO neutron.wsgi [req-0c90f356-e775-43f2-bdca-75300db6c38f req-6f7b7b8c-2d0e-4d89-8445-5fe9fe679a25 211b029fbdc443439ab8e391a163f97b 26249c93b23948299bddb65bc84b7068 - - default default] 10.0.0.206 "GET /v2.0/ports?device_id=5a0776f0-eb95-46e1-ba2f-eb9c518bede7 HTTP/1.1" status: 200 len: 210 time: 0.0298896
2026-03-04 02:28:22.345 9 INFO neutron.wsgi [req-09ff4a93-1a65-4690-a57a-2e807f934e28 req-74c58fd6-19a5-4fd8-8249-b5052fb3cdb9 211b029fbdc443439ab8e391a163f97b 26249c93b23948299bddb65bc84b7068 - - default default] 199.204.45.25 "GET /v2.0/networks?id=6bc21343-61d1-4511-ae73-74529921e654 HTTP/1.1" status: 200 len: 869 time: 0.1207087
2026-03-04 02:28:22.349 9 INFO neutron.db.ovn_revision_numbers_db [None req-ea0260cc-3d9d-4929-97db-f9b0df0cdb47 0eaeb9811a0e4e0683b5036e4583a103 8f88e600cf3449f8a080511d31fa8f58 - - default default] Successfully bumped revision number for resource 089d923e-766d-4ec0-9d1c-24ab4b76cfad (type: security_groups) to 1
2026-03-04 02:28:22.361 9 INFO neutron.db.ovn_revision_numbers_db [None req-ea0260cc-3d9d-4929-97db-f9b0df0cdb47 0eaeb9811a0e4e0683b5036e4583a103 8f88e600cf3449f8a080511d31fa8f58 - - default default] Successfully bumped revision number for resource 40d985b1-4111-4484-8524-94e9c62ab7d6 (type: security_group_rules) to 0
2026-03-04 02:28:22.384 9 INFO neutron.db.ovn_revision_numbers_db [None req-ea0260cc-3d9d-4929-97db-f9b0df0cdb47 0eaeb9811a0e4e0683b5036e4583a103 8f88e600cf3449f8a080511d31fa8f58 - - default default] Successfully bumped revision number for resource 77b81be9-b9fd-4cc6-b9a1-73db0d245ca2 (type: security_group_rules) to 0
2026-03-04 02:28:22.406 9 INFO neutron.db.ovn_revision_numbers_db [None req-ea0260cc-3d9d-4929-97db-f9b0df0cdb47 0eaeb9811a0e4e0683b5036e4583a103 8f88e600cf3449f8a080511d31fa8f58 - - default default] Successfully bumped revision number for resource bb39fab2-e065-436d-bb5b-a44f3f6e737a (type: security_group_rules) to 0
2026-03-04 02:28:22.413 9 INFO neutron.wsgi [req-09ff4a93-1a65-4690-a57a-2e807f934e28 req-15f0e199-84ee-46be-878b-10411293a746 211b029fbdc443439ab8e391a163f97b 26249c93b23948299bddb65bc84b7068 - - default default] 199.204.45.25 "GET /v2.0/security-groups?fields=id&fields=name&tenant_id=26249c93b23948299bddb65bc84b7068 HTTP/1.1" status: 200 len: 379 time: 0.0455706
2026-03-04 02:28:22.423 9 INFO neutron.db.ovn_revision_numbers_db [None req-ea0260cc-3d9d-4929-97db-f9b0df0cdb47 0eaeb9811a0e4e0683b5036e4583a103 8f88e600cf3449f8a080511d31fa8f58 - - default default] Successfully bumped revision number for resource de03322d-e6e9-4dfb-9ec9-1495188962e6 (type: security_group_rules) to 0
2026-03-04 02:28:22.439 9 WARNING neutron_lib.context [req-09ff4a93-1a65-4690-a57a-2e807f934e28 req-5fc5b39e-2aea-4fd5-b1f2-b47f3a1bea27 211b029fbdc443439ab8e391a163f97b 26249c93b23948299bddb65bc84b7068 - - default default] Method 'is_advsvc' is deprecated since 2023.2 release (neutron-lib 3.8.0) and will be removed once support for the old RBAC API policies will be removed from Neutron. Please use method 'is_service_role' instead.
2026-03-04 02:28:22.461 9 INFO neutron.wsgi [None req-ea0260cc-3d9d-4929-97db-f9b0df0cdb47 0eaeb9811a0e4e0683b5036e4583a103 8f88e600cf3449f8a080511d31fa8f58 - - default default] 10.0.0.194 "GET /v2.0/security-groups?tenant_id=1fc5781c24314ee69a7e5c0d984180d7&name=default HTTP/1.1" status: 200 len: 3120 time: 0.4920652
2026-03-04 02:28:22.682 10 WARNING neutron.plugins.ml2.drivers.ovn.mech_driver.ovsdb.ovn_client [None req-46bc045e-989f-44d3-8aca-06a9b661dce8 - - - - - -] No hosting information found for port 1a01e4ec-7c27-4a27-8aa5-b070c19a767f: RuntimeError: No hosting information found for port 1a01e4ec-7c27-4a27-8aa5-b070c19a767f
2026-03-04 02:28:22.816 10 INFO neutron.wsgi [None req-60e8240b-aca4-43fc-b4b4-7574d135cee9 0eaeb9811a0e4e0683b5036e4583a103 8f88e600cf3449f8a080511d31fa8f58 - - default default] 10.0.0.194 "DELETE /v2.0/security-groups/089d923e-766d-4ec0-9d1c-24ab4b76cfad HTTP/1.1" status: 204 len: 168 time: 0.3495712
2026-03-04 02:28:22.925 9 WARNING neutron.plugins.ml2.drivers.ovn.mech_driver.ovsdb.ovn_client [None req-3865a772-688b-4849-821e-ed6a72bb218c - - - - - -] No port found with ID 6c44c3f1-8da2-46c8-9f33-27b195ed1f66: RuntimeError: No port found with ID 6c44c3f1-8da2-46c8-9f33-27b195ed1f66
2026-03-04 02:28:22.925 9 INFO neutron.plugins.ml2.drivers.ovn.mech_driver.mech_driver [None req-3865a772-688b-4849-821e-ed6a72bb218c - - - - - -] OVN reports status up for port: 1709f820-4226-443a-a8d4-7eb722005deb
2026-03-04 02:28:22.936 9 WARNING neutron.scheduler.dhcp_agent_scheduler [req-09ff4a93-1a65-4690-a57a-2e807f934e28 req-5fc5b39e-2aea-4fd5-b1f2-b47f3a1bea27 211b029fbdc443439ab8e391a163f97b 26249c93b23948299bddb65bc84b7068 - - default default] No more DHCP agents
2026-03-04 02:28:22.937 9 WARNING neutron.api.rpc.agentnotifiers.dhcp_rpc_agent_api [req-09ff4a93-1a65-4690-a57a-2e807f934e28 req-5fc5b39e-2aea-4fd5-b1f2-b47f3a1bea27 211b029fbdc443439ab8e391a163f97b 26249c93b23948299bddb65bc84b7068 - - default default] Unable to schedule network 6bc21343-61d1-4511-ae73-74529921e654: no agents available; will retry on subsequent port and subnet creation events.
2026-03-04 02:28:23.025 9 INFO neutron.plugins.ml2.plugin [None req-3865a772-688b-4849-821e-ed6a72bb218c - - - - - -] Attempt 1 to provision port 1709f820-4226-443a-a8d4-7eb722005deb
2026-03-04 02:28:23.100 10 INFO neutron.wsgi [req-31ed19f1-aad8-4cc5-9b34-cedbe7982fa8 req-64ae5c95-046f-402d-9be1-d7f1cbcfd1d3 211b029fbdc443439ab8e391a163f97b 26249c93b23948299bddb65bc84b7068 - - default default] 10.0.0.206 "GET /v2.0/ports?device_id=5a0776f0-eb95-46e1-ba2f-eb9c518bede7 HTTP/1.1" status: 200 len: 1160 time: 0.0909696
2026-03-04 02:28:23.165 9 INFO neutron.db.ovn_revision_numbers_db [req-09ff4a93-1a65-4690-a57a-2e807f934e28 req-5fc5b39e-2aea-4fd5-b1f2-b47f3a1bea27 211b029fbdc443439ab8e391a163f97b 26249c93b23948299bddb65bc84b7068 - - default default] Successfully bumped revision number for resource 94aedafc-22f5-4c41-8116-251c5d1b7513 (type: ports) to 1
2026-03-04 02:28:23.166 10 INFO neutron.wsgi [req-31ed19f1-aad8-4cc5-9b34-cedbe7982fa8 req-ef9dec04-9aaf-4637-8a1c-47c9f8f278a1 211b029fbdc443439ab8e391a163f97b 26249c93b23948299bddb65bc84b7068 - - default default] 10.0.0.206 "GET /v2.0/security-groups?id=b77482cc-d1fc-4f38-8e7c-4ddfa13ebdda&fields=id&fields=name HTTP/1.1" status: 200 len: 312 time: 0.0577114
2026-03-04 02:28:23.193 9 INFO neutron.wsgi [req-09ff4a93-1a65-4690-a57a-2e807f934e28 req-5fc5b39e-2aea-4fd5-b1f2-b47f3a1bea27 211b029fbdc443439ab8e391a163f97b 26249c93b23948299bddb65bc84b7068 - - default default] 199.204.45.25 "POST /v2.0/ports HTTP/1.1" status: 201 len: 1162 time: 0.7668085 /var/lib/openstack/lib/python3.10/site-packages/pycadf/identifier.py:71: UserWarning: Invalid uuid: neutron. To ensure interoperability, identifiers should be a valid uuid. warnings.warn(('Invalid uuid: %s. To ensure interoperability, '
2026-03-04 02:28:23.240 9 INFO neutron.wsgi [req-09ff4a93-1a65-4690-a57a-2e807f934e28 req-7a35af03-edc9-4b3a-86b4-8c573b71a0e2 211b029fbdc443439ab8e391a163f97b 26249c93b23948299bddb65bc84b7068 - - default default] 199.204.45.25 "GET /v2.0/extensions HTTP/1.1" status: 200 len: 18683 time: 0.0069439
2026-03-04 02:28:23.543 9 INFO neutron.db.ovn_revision_numbers_db [None req-ede0e7b3-4613-4f91-954f-0b4416b0e4d3 0eaeb9811a0e4e0683b5036e4583a103 8f88e600cf3449f8a080511d31fa8f58 - - default default] Successfully bumped revision number for resource 489c6653-1d91-44fd-a3d6-f3636518d233 (type: security_groups) to 1
2026-03-04 02:28:23.555 9 INFO neutron.db.ovn_revision_numbers_db [None req-ede0e7b3-4613-4f91-954f-0b4416b0e4d3 0eaeb9811a0e4e0683b5036e4583a103 8f88e600cf3449f8a080511d31fa8f58 - - default default] Successfully bumped revision number for resource 1d643ddf-bdfb-4117-bfc3-e86ae6847cfd (type: security_group_rules) to 0
2026-03-04 02:28:23.567 9 INFO neutron.db.ovn_revision_numbers_db [None req-ede0e7b3-4613-4f91-954f-0b4416b0e4d3 0eaeb9811a0e4e0683b5036e4583a103 8f88e600cf3449f8a080511d31fa8f58 - - default default] Successfully bumped revision number for resource 239419a9-6c90-4d31-ae8d-e3c52f4d2a30 (type: security_group_rules) to 0
2026-03-04 02:28:23.582 9 INFO neutron.db.ovn_revision_numbers_db [None req-ede0e7b3-4613-4f91-954f-0b4416b0e4d3 0eaeb9811a0e4e0683b5036e4583a103 8f88e600cf3449f8a080511d31fa8f58 - - default default] Successfully bumped revision number for resource 8b9a763b-fbdd-4dce-9d35-1d22a4f3303d (type: security_group_rules) to 0
2026-03-04 02:28:23.603 9 INFO neutron.db.ovn_revision_numbers_db [None req-ede0e7b3-4613-4f91-954f-0b4416b0e4d3 0eaeb9811a0e4e0683b5036e4583a103 8f88e600cf3449f8a080511d31fa8f58 - - default default] Successfully bumped revision number for resource bfeb2472-0053-45f7-903f-3480047089ef (type: security_group_rules) to 0
2026-03-04 02:28:23.670 9 INFO neutron.services.segments.plugin [-] Segment b05ef4c2-79ae-4f8e-9ad1-77fd90172528 resource provider aggregate not found
2026-03-04 02:28:23.674 9 INFO neutron.services.segments.plugin [-] Segment b05ef4c2-79ae-4f8e-9ad1-77fd90172528 resource provider aggregate not found
2026-03-04 02:28:23.677 9 INFO neutron.db.segments_db [None req-ede0e7b3-4613-4f91-954f-0b4416b0e4d3 0eaeb9811a0e4e0683b5036e4583a103 8f88e600cf3449f8a080511d31fa8f58 - - default default] Added segment 884af9de-2d0a-4d1b-a9c0-27a9a92b6812 of type geneve for network 6a86cdd9-2672-4922-9bde-7162436ad245
2026-03-04 02:28:23.694 9 INFO neutron.services.segments.plugin [-] Segment b05ef4c2-79ae-4f8e-9ad1-77fd90172528 resource provider not found; error: Placement Client Error (4xx): {"errors": [{"status": 404, "title": "Not Found", "detail": "The resource could not be found.\n\n No resource provider with uuid b05ef4c2-79ae-4f8e-9ad1-77fd90172528 found for delete ", "request_id": "req-167f2a3e-bd74-4d14-a455-9b1ca3b75584"}]}
2026-03-04 02:28:23.699 9 INFO neutron.services.segments.plugin [-] Segment b05ef4c2-79ae-4f8e-9ad1-77fd90172528 resource provider not found; error: Placement Client Error (4xx): {"errors": [{"status": 404, "title": "Not Found", "detail": "The resource could not be found.\n\n No resource provider with uuid b05ef4c2-79ae-4f8e-9ad1-77fd90172528 found for delete ", "request_id": "req-00e62c65-f699-46cc-8699-555559d26ff1"}]}
2026-03-04 02:28:23.726 10 INFO neutron.db.ovn_revision_numbers_db [None req-7acf3945-7457-4f1c-aa7d-8e83c1dd09d2 0eaeb9811a0e4e0683b5036e4583a103 8f88e600cf3449f8a080511d31fa8f58 - - default default] Successfully bumped revision number for resource 6cd22864-1d0a-4c8a-9ab0-7287b3524e90 (type: security_groups) to 1
2026-03-04 02:28:23.739 10 INFO neutron.db.ovn_revision_numbers_db [None req-7acf3945-7457-4f1c-aa7d-8e83c1dd09d2 0eaeb9811a0e4e0683b5036e4583a103 8f88e600cf3449f8a080511d31fa8f58 - - default default] Successfully bumped revision number for resource 099dab5c-965f-4856-b3bd-80a5bcbf2748 (type: security_group_rules) to 0
