2026-03-04 02:32:49.410 10 INFO neutron.wsgi [None req-c201e4f9-bea7-4a74-bf03-65a518d12624 0eaeb9811a0e4e0683b5036e4583a103 8f88e600cf3449f8a080511d31fa8f58 - - default default] 199.204.45.25 "GET /v2.0/extensions/allowed-address-pairs HTTP/1.1" status: 200 len: 383 time: 0.0067723
2026-03-04 02:32:49.454 10 INFO neutron.wsgi [None req-99203715-2211-4863-9c68-f1c34b59e3ae 0eaeb9811a0e4e0683b5036e4583a103 8f88e600cf3449f8a080511d31fa8f58 - - default default] 199.204.45.25 "GET /v2.0/subnets/79af0c1b-2517-4dbf-a975-bdc636476a29 HTTP/1.1" status: 200 len: 850 time: 0.0323589
2026-03-04 02:32:49.520 10 INFO neutron.wsgi [None req-b36bea2d-9415-4369-a0c4-ee1c2b303584 0eaeb9811a0e4e0683b5036e4583a103 8f88e600cf3449f8a080511d31fa8f58 - - default default] 199.204.45.25 "GET /v2.0/ports?device_id=6a9f0006-aa23-4c02-8b04-1ef435fb0731 HTTP/1.1" status: 200 len: 1417 time: 0.0514040
2026-03-04 02:32:49.685 10 INFO neutron.wsgi [None req-c2b1ba91-1140-45f5-b52a-d35ce8a085fd cb9d10bd59f74ab8ae504e162915dd23 fdb0f48dd9a44f3fa381651eb78c7895 - - default default] 10.0.0.194 "PUT /v2.0/routers/1637ba71-6d12-4888-89af-6fd84d9e2b3d/remove_router_interface HTTP/1.1" status: 200 len: 503 time: 1.0170193 /var/lib/openstack/lib/python3.10/site-packages/pycadf/identifier.py:71: UserWarning: Invalid uuid: neutron. To ensure interoperability, identifiers should be a valid uuid. warnings.warn(('Invalid uuid: %s. To ensure interoperability, '
2026-03-04 02:32:50.228 10 WARNING neutron.scheduler.dhcp_agent_scheduler [None req-b6079b65-2f25-4c48-800f-11d1e662c680 0eaeb9811a0e4e0683b5036e4583a103 8f88e600cf3449f8a080511d31fa8f58 - - default default] No more DHCP agents
2026-03-04 02:32:50.232 10 WARNING neutron.api.rpc.agentnotifiers.dhcp_rpc_agent_api [None req-b6079b65-2f25-4c48-800f-11d1e662c680 0eaeb9811a0e4e0683b5036e4583a103 8f88e600cf3449f8a080511d31fa8f58 - - default default] Unable to schedule network 4395296a-84f0-4bb1-bdb8-4e2c3f67095d: no agents available; will retry on subsequent port and subnet creation events.
2026-03-04 02:32:50.457 10 INFO neutron.db.ovn_revision_numbers_db [None req-b6079b65-2f25-4c48-800f-11d1e662c680 0eaeb9811a0e4e0683b5036e4583a103 8f88e600cf3449f8a080511d31fa8f58 - - default default] Successfully bumped revision number for resource d59671c4-a0dd-4c74-8588-11b236a59cf0 (type: ports) to 1
2026-03-04 02:32:50.478 10 INFO neutron.wsgi [None req-b6079b65-2f25-4c48-800f-11d1e662c680 0eaeb9811a0e4e0683b5036e4583a103 8f88e600cf3449f8a080511d31fa8f58 - - default default] 199.204.45.25 "POST /v2.0/ports HTTP/1.1" status: 201 len: 1302 time: 0.9438653 /var/lib/openstack/lib/python3.10/site-packages/pycadf/identifier.py:71: UserWarning: Invalid uuid: neutron. To ensure interoperability, identifiers should be a valid uuid. warnings.warn(('Invalid uuid: %s. To ensure interoperability, '
2026-03-04 02:32:50.563 10 INFO neutron.wsgi [req-86db14f1-487b-4c85-a1f9-0237686a3fce req-f1bff7a6-ec65-4896-955d-b07ef70f1386 0eaeb9811a0e4e0683b5036e4583a103 8f88e600cf3449f8a080511d31fa8f58 - - default default] 10.0.0.206 "GET /v2.0/ports/d59671c4-a0dd-4c74-8588-11b236a59cf0 HTTP/1.1" status: 200 len: 1297 time: 0.0341060
2026-03-04 02:32:50.577 10 INFO neutron.wsgi [req-86db14f1-487b-4c85-a1f9-0237686a3fce req-91fd481f-eaf8-440d-8a77-5ee5004e53f9 0eaeb9811a0e4e0683b5036e4583a103 8f88e600cf3449f8a080511d31fa8f58 - - default default] 10.0.0.206 "GET /v2.0/extensions HTTP/1.1" status: 200 len: 18683 time: 0.0055733
2026-03-04 02:32:50.685 9 INFO neutron.wsgi [req-86db14f1-487b-4c85-a1f9-0237686a3fce req-b39dbf6e-3e20-4d10-92c4-5a6d92d9dce1 9485d081605d4854bc7425fede65ba90 59b95180f6ac47f9b81ebeea0a229261 - - f65d03401fe643fba374468d1db27df7 f65d03401fe643fba374468d1db27df7] 199.204.45.25 "GET /v2.0/ports/d59671c4-a0dd-4c74-8588-11b236a59cf0?fields=binding%3Avnic_type&fields=binding%3Aprofile&fields=network_id&fields=resource_request&fields=numa_affinity_policy&fields=device_profile HTTP/1.1" status: 200 len: 335 time: 0.0379672
2026-03-04 02:32:50.764 9 INFO neutron.wsgi [req-86db14f1-487b-4c85-a1f9-0237686a3fce req-2d83889e-e856-4f7c-a3bf-00e8f80cdd96 9485d081605d4854bc7425fede65ba90 59b95180f6ac47f9b81ebeea0a229261 - - f65d03401fe643fba374468d1db27df7 f65d03401fe643fba374468d1db27df7] 199.204.45.25 "GET /v2.0/networks/4395296a-84f0-4bb1-bdb8-4e2c3f67095d?fields=segments HTTP/1.1" status: 200 len: 212 time: 0.0726836
2026-03-04 02:32:50.769 9 INFO neutron.plugins.ml2.drivers.ovn.mech_driver.mech_driver [None req-3865a772-688b-4849-821e-ed6a72bb218c - - - - - -] OVN reports status down for port: 71669820-d48a-4787-bcd9-70214a7f5be9
2026-03-04 02:32:50.872 9 INFO neutron.wsgi [req-86db14f1-487b-4c85-a1f9-0237686a3fce req-31b5fc00-2ab6-4301-9c15-a8010813f1f5 9485d081605d4854bc7425fede65ba90 59b95180f6ac47f9b81ebeea0a229261 - - f65d03401fe643fba374468d1db27df7 f65d03401fe643fba374468d1db27df7] 199.204.45.25 "GET /v2.0/networks/4395296a-84f0-4bb1-bdb8-4e2c3f67095d?fields=provider%3Aphysical_network&fields=provider%3Anetwork_type HTTP/1.1" status: 200 len: 277 time: 0.1002345
2026-03-04 02:32:50.880 10 INFO neutron.wsgi [None req-740244bd-1a5f-42f5-86bd-9e181212d5ef cb9d10bd59f74ab8ae504e162915dd23 fdb0f48dd9a44f3fa381651eb78c7895 - - default default] 10.0.0.194 "DELETE /v2.0/routers/1637ba71-6d12-4888-89af-6fd84d9e2b3d HTTP/1.1" status: 204 len: 168 time: 1.1877325
2026-03-04 02:32:50.887 9 INFO neutron.wsgi [req-e08ef921-335b-4f50-9614-12dd773929c5 req-520e378a-8978-4a6c-8af9-7970c8a171d4 80ae87919b6b4ff386ebf462004b5e60 855ab45ec08f4a27820cc13738a6cb4e - - default default] 10.0.0.206 "GET /v2.0/ports?device_id=d5aa89ba-a23d-46a2-967d-ececf838e8ad HTTP/1.1" status: 200 len: 1170 time: 0.1527627
2026-03-04 02:32:50.925 10 INFO neutron.api.v2.resource [None req-c5f53ad0-1b0c-4e88-9465-59189b122bab cb9d10bd59f74ab8ae504e162915dd23 fdb0f48dd9a44f3fa381651eb78c7895 - - default default] show failed (client error): The resource could not be found.
2026-03-04 02:32:50.927 10 INFO neutron.wsgi [None req-c5f53ad0-1b0c-4e88-9465-59189b122bab cb9d10bd59f74ab8ae504e162915dd23 fdb0f48dd9a44f3fa381651eb78c7895 - - default default] 10.0.0.194 "GET /v2.0/routers/52d0d578-1f15-4b80-9012-c6c1f4b6606d HTTP/1.1" status: 404 len: 336 time: 0.0414166
2026-03-04 02:32:50.950 9 INFO neutron.wsgi [req-86db14f1-487b-4c85-a1f9-0237686a3fce req-92071526-0e97-497d-b558-cca670da7048 9485d081605d4854bc7425fede65ba90 59b95180f6ac47f9b81ebeea0a229261 - - f65d03401fe643fba374468d1db27df7 f65d03401fe643fba374468d1db27df7] 199.204.45.25 "GET /v2.0/ports/d59671c4-a0dd-4c74-8588-11b236a59cf0 HTTP/1.1" status: 200 len: 1297 time: 0.0563903
2026-03-04 02:32:51.004 9 INFO neutron.wsgi [req-e08ef921-335b-4f50-9614-12dd773929c5 req-8f82d06c-c91f-4407-bda2-61e78190c153 80ae87919b6b4ff386ebf462004b5e60 855ab45ec08f4a27820cc13738a6cb4e - - default default] 10.0.0.206 "GET /v2.0/security-groups?id=b1cd5d7a-78fe-4d36-8149-4055447af63b&fields=id&fields=name HTTP/1.1" status: 200 len: 310 time: 0.1074269
2026-03-04 02:32:51.040 9 INFO neutron.notifiers.nova [-] Nova event matching ['req-1167444b-0860-4f29-b2cf-de75135f9265'] response: {'server_uuid': 'd5aa89ba-a23d-46a2-967d-ececf838e8ad', 'name': 'network-vif-unplugged', 'status': 'completed', 'tag': '71669820-d48a-4787-bcd9-70214a7f5be9', 'code': 200}
2026-03-04 02:32:51.052 9 INFO neutron.wsgi [req-86db14f1-487b-4c85-a1f9-0237686a3fce req-c37ea51e-756f-47a2-9a57-0b92445f9798 0eaeb9811a0e4e0683b5036e4583a103 8f88e600cf3449f8a080511d31fa8f58 - - default default] 199.204.45.25 "GET /v2.0/networks?id=4395296a-84f0-4bb1-bdb8-4e2c3f67095d HTTP/1.1" status: 200 len: 1005 time: 0.0967581
2026-03-04 02:32:51.152 9 INFO neutron.wsgi [req-13ff9b32-6ef4-4691-8cf0-54b6117b8211 req-59d339fd-f8fe-4939-a079-de865d28ffa1 80ae87919b6b4ff386ebf462004b5e60 855ab45ec08f4a27820cc13738a6cb4e - - default default] 199.204.45.25 "GET /v2.0/ports?device_id=d5aa89ba-a23d-46a2-967d-ececf838e8ad HTTP/1.1" status: 200 len: 1168 time: 0.0715351
2026-03-04 02:32:51.186 10 INFO neutron.wsgi [None req-5f6ab7ce-5996-4331-b7cb-f5a316136f13 cb9d10bd59f74ab8ae504e162915dd23 fdb0f48dd9a44f3fa381651eb78c7895 - - default default] 10.0.0.194 "DELETE /v2.0/subnets/d6119a76-dc50-4d1b-9d64-1511c0f87cf2 HTTP/1.1" status: 204 len: 168 time: 0.2544491
2026-03-04 02:32:51.371 9 INFO neutron.db.ovn_revision_numbers_db [None req-3865a772-688b-4849-821e-ed6a72bb218c - - - - - -] Successfully bumped revision number for resource 71669820-d48a-4787-bcd9-70214a7f5be9 (type: ports) to 5
2026-03-04 02:32:51.375 10 INFO neutron.wsgi [None req-edd03a9b-e697-413b-8327-8ca5f51b43b9 cb9d10bd59f74ab8ae504e162915dd23 fdb0f48dd9a44f3fa381651eb78c7895 - - default default] 10.0.0.194 "DELETE /v2.0/subnets/b61e9352-40d8-481b-a44c-854d594b39ee HTTP/1.1" status: 204 len: 168 time: 0.1813180
2026-03-04 02:32:51.561 10 INFO neutron.wsgi [None req-12bd5a3c-b518-40dc-b061-3c205d72708e cb9d10bd59f74ab8ae504e162915dd23 fdb0f48dd9a44f3fa381651eb78c7895 - - default default] 10.0.0.194 "DELETE /v2.0/subnets/fa1eca77-aff0-41da-898a-68d92d6fb533 HTTP/1.1" status: 204 len: 168 time: 0.1798928
2026-03-04 02:32:51.579 10 INFO neutron.pecan_wsgi.hooks.translation [None req-0ce1247f-ee66-424a-bf62-516c32901e65 cb9d10bd59f74ab8ae504e162915dd23 fdb0f48dd9a44f3fa381651eb78c7895 - - default default] DELETE failed (client error): The resource could not be found.
2026-03-04 02:32:51.582 10 INFO neutron.wsgi [None req-0ce1247f-ee66-424a-bf62-516c32901e65 cb9d10bd59f74ab8ae504e162915dd23 fdb0f48dd9a44f3fa381651eb78c7895 - - default default] 10.0.0.194 "DELETE /v2.0/subnets/fbe88c48-3309-47d6-a5d8-99acee88d064 HTTP/1.1" status: 404 len: 337 time: 0.0158589
2026-03-04 02:32:51.916 10 INFO neutron.services.segments.plugin [-] Segment 3403068c-2345-4fe4-b446-48db015197a9 resource provider aggregate not found
2026-03-04 02:32:51.920 10 INFO neutron.services.segments.plugin [-] Segment 3403068c-2345-4fe4-b446-48db015197a9 resource provider aggregate not found
2026-03-04 02:32:51.936 10 INFO neutron.services.segments.plugin [-] Segment 3403068c-2345-4fe4-b446-48db015197a9 resource provider not found; error: Placement Client Error (4xx): {"errors": [{"status": 404, "title": "Not Found", "detail": "The resource could not be found.\n\n No resource provider with uuid 3403068c-2345-4fe4-b446-48db015197a9 found for delete ", "request_id": "req-4aae8667-6b50-44d9-b7ba-9e80b6034aba"}]}
2026-03-04 02:32:51.938 10 INFO neutron.services.segments.plugin [-] Segment 3403068c-2345-4fe4-b446-48db015197a9 resource provider not found; error: Placement Client Error (4xx): {"errors": [{"status": 404, "title": "Not Found", "detail": "The resource could not be found.\n\n No resource provider with uuid 3403068c-2345-4fe4-b446-48db015197a9 found for delete ", "request_id": "req-84017a44-d109-4127-a75b-8ea22e24dc63"}]}
2026-03-04 02:32:51.960 10 INFO neutron.wsgi [None req-4f6781d4-dd92-4a93-9278-fc52e5d05cf8 cb9d10bd59f74ab8ae504e162915dd23 fdb0f48dd9a44f3fa381651eb78c7895 - - default default] 10.0.0.194 "DELETE /v2.0/networks/6fcf7dfa-9be9-43b2-91c2-127acc019c95 HTTP/1.1" status: 204 len: 168 time: 0.3742306
2026-03-04 02:32:52.073 9 INFO neutron.db.l3_db [req-13ff9b32-6ef4-4691-8cf0-54b6117b8211 req-c88826dc-eedf-46d3-a178-b92ca5dc5824 80ae87919b6b4ff386ebf462004b5e60 855ab45ec08f4a27820cc13738a6cb4e - - default default] Floating IP 7b7944cd-7c22-47cb-88ce-dc033b18c665 disassociated. External IP: 10.96.250.217, port: 71669820-d48a-4787-bcd9-70214a7f5be9. /var/lib/openstack/lib/python3.10/site-packages/pycadf/identifier.py:71: UserWarning: Invalid uuid: neutron. To ensure interoperability, identifiers should be a valid uuid. warnings.warn(('Invalid uuid: %s. To ensure interoperability, '
2026-03-04 02:32:52.149 9 INFO neutron.wsgi [req-2b15c07b-f23b-41c9-9e3c-9cce457f8a14 req-327af9e6-a928-48f4-bc9b-744e2f88736d 80ae87919b6b4ff386ebf462004b5e60 855ab45ec08f4a27820cc13738a6cb4e - - default default] 10.0.0.206 "GET /v2.0/ports?device_id=d5aa89ba-a23d-46a2-967d-ececf838e8ad HTTP/1.1" status: 200 len: 1168 time: 0.0740416
2026-03-04 02:32:52.150 9 INFO neutron.db.ovn_revision_numbers_db [req-86db14f1-487b-4c85-a1f9-0237686a3fce req-f3d41848-20f2-4c0d-a078-7dca7141f543 9485d081605d4854bc7425fede65ba90 59b95180f6ac47f9b81ebeea0a229261 - - f65d03401fe643fba374468d1db27df7 f65d03401fe643fba374468d1db27df7] Successfully bumped revision number for resource d59671c4-a0dd-4c74-8588-11b236a59cf0 (type: ports) to 2
2026-03-04 02:32:52.240 9 INFO neutron.wsgi [req-2b15c07b-f23b-41c9-9e3c-9cce457f8a14 req-da6696d9-01d0-4033-afdf-b907ecbde6bc 80ae87919b6b4ff386ebf462004b5e60 855ab45ec08f4a27820cc13738a6cb4e - - default default] 10.0.0.206 "GET /v2.0/security-groups?id=b1cd5d7a-78fe-4d36-8149-4055447af63b&fields=id&fields=name HTTP/1.1" status: 200 len: 310 time: 0.0840881
2026-03-04 02:32:52.293 9 INFO neutron.wsgi [req-13ff9b32-6ef4-4691-8cf0-54b6117b8211 req-c88826dc-eedf-46d3-a178-b92ca5dc5824 80ae87919b6b4ff386ebf462004b5e60 855ab45ec08f4a27820cc13738a6cb4e - - default default] 199.204.45.25 "DELETE /v2.0/ports/71669820-d48a-4787-bcd9-70214a7f5be9 HTTP/1.1" status: 204 len: 173 time: 1.1337283
2026-03-04 02:32:52.369 10 INFO neutron.wsgi [None req-afdf766b-9122-4051-b1f2-4e7da423f2bc cb9d10bd59f74ab8ae504e162915dd23 fdb0f48dd9a44f3fa381651eb78c7895 - - default default] 10.0.0.194 "DELETE /v2.0/networks/6898f652-6963-42fc-acec-d020a7f4739f HTTP/1.1" status: 204 len: 168 time: 0.4017506
2026-03-04 02:32:52.413 9 INFO neutron.db.ovn_revision_numbers_db [req-86db14f1-487b-4c85-a1f9-0237686a3fce req-f3d41848-20f2-4c0d-a078-7dca7141f543 9485d081605d4854bc7425fede65ba90 59b95180f6ac47f9b81ebeea0a229261 - - f65d03401fe643fba374468d1db27df7 f65d03401fe643fba374468d1db27df7] Successfully bumped revision number for resource d59671c4-a0dd-4c74-8588-11b236a59cf0 (type: ports) to 2
2026-03-04 02:32:52.432 9 INFO neutron.wsgi [req-86db14f1-487b-4c85-a1f9-0237686a3fce req-f3d41848-20f2-4c0d-a078-7dca7141f543 9485d081605d4854bc7425fede65ba90 59b95180f6ac47f9b81ebeea0a229261 - - f65d03401fe643fba374468d1db27df7 f65d03401fe643fba374468d1db27df7] 199.204.45.25 "PUT /v2.0/ports/d59671c4-a0dd-4c74-8588-11b236a59cf0 HTTP/1.1" status: 200 len: 1428 time: 1.3715107 /var/lib/openstack/lib/python3.10/site-packages/pycadf/identifier.py:71: UserWarning: Invalid uuid: neutron. To ensure interoperability, identifiers should be a valid uuid. warnings.warn(('Invalid uuid: %s. To ensure interoperability, '
2026-03-04 02:32:52.514 9 INFO neutron.wsgi [req-86db14f1-487b-4c85-a1f9-0237686a3fce req-309b3960-db54-45cb-938f-f33516b02962 9485d081605d4854bc7425fede65ba90 59b95180f6ac47f9b81ebeea0a229261 - - f65d03401fe643fba374468d1db27df7 f65d03401fe643fba374468d1db27df7] 199.204.45.25 "GET /v2.0/ports?tenant_id=8f88e600cf3449f8a080511d31fa8f58&device_id=6a9f0006-aa23-4c02-8b04-1ef435fb0731 HTTP/1.1" status: 200 len: 2665 time: 0.0465059
2026-03-04 02:32:52.542 9 INFO neutron.wsgi [req-86db14f1-487b-4c85-a1f9-0237686a3fce req-c260fb5b-9766-483d-872c-4241243dcc81 9485d081605d4854bc7425fede65ba90 59b95180f6ac47f9b81ebeea0a229261 - - f65d03401fe643fba374468d1db27df7 f65d03401fe643fba374468d1db27df7] 199.204.45.25 "GET /v2.0/floatingips?fixed_ip_address=172.24.1.153&port_id=9a3a6fcd-4a42-4388-b89d-35053cb68577 HTTP/1.1" status: 200 len: 217 time: 0.0235965
2026-03-04 02:32:52.594 9 INFO neutron.wsgi [req-86db14f1-487b-4c85-a1f9-0237686a3fce req-5b035b5b-f48b-43cd-a4d0-1ca772510c7e 9485d081605d4854bc7425fede65ba90 59b95180f6ac47f9b81ebeea0a229261 - - f65d03401fe643fba374468d1db27df7 f65d03401fe643fba374468d1db27df7] 199.204.45.25 "GET /v2.0/subnets?id=f699eaae-5779-42b9-b6f0-588d412a0131 HTTP/1.1" status: 200 len: 829 time: 0.0411136
2026-03-04 02:32:52.627 9 INFO neutron.wsgi [req-86db14f1-487b-4c85-a1f9-0237686a3fce req-241250c4-61b8-4547-a8df-e818fbe8ae57 9485d081605d4854bc7425fede65ba90 59b95180f6ac47f9b81ebeea0a229261 - - f65d03401fe643fba374468d1db27df7 f65d03401fe643fba374468d1db27df7] 199.204.45.25 "GET /v2.0/ports?network_id=bc5ef8b5-7567-416b-a948-3b844a15290f&device_owner=network%3Adhcp HTTP/1.1" status: 200 len: 210 time: 0.0240157
2026-03-04 02:32:52.686 9 INFO neutron.wsgi [req-86db14f1-487b-4c85-a1f9-0237686a3fce req-0796f818-8838-4bde-b31a-1626b206da53 9485d081605d4854bc7425fede65ba90 59b95180f6ac47f9b81ebeea0a229261 - - f65d03401fe643fba374468d1db27df7 f65d03401fe643fba374468d1db27df7] 199.204.45.25 "GET /v2.0/networks/bc5ef8b5-7567-416b-a948-3b844a15290f?fields=segments HTTP/1.1" status: 200 len: 212 time: 0.0533912
2026-03-04 02:32:52.742 9 INFO neutron.wsgi [req-86db14f1-487b-4c85-a1f9-0237686a3fce req-36b23487-0926-4558-a679-140f4e960fc1 9485d081605d4854bc7425fede65ba90 59b95180f6ac47f9b81ebeea0a229261 - - f65d03401fe643fba374468d1db27df7 f65d03401fe643fba374468d1db27df7] 199.204.45.25 "GET /v2.0/networks/bc5ef8b5-7567-416b-a948-3b844a15290f?fields=provider%3Aphysical_network&fields=provider%3Anetwork_type HTTP/1.1" status: 200 len: 277 time: 0.0496945
2026-03-04 02:32:52.772 10 INFO neutron.wsgi [None req-2bb399b6-2ac4-4b45-a5be-0bf21ae5e310 cb9d10bd59f74ab8ae504e162915dd23 fdb0f48dd9a44f3fa381651eb78c7895 - - default default] 10.0.0.194 "DELETE /v2.0/networks/ac2fc50c-fc28-4dba-be31-a26f27e16f01 HTTP/1.1" status: 204 len: 168 time: 0.3974898
2026-03-04 02:32:52.776 9 INFO neutron.wsgi [req-86db14f1-487b-4c85-a1f9-0237686a3fce req-cedb750b-3b12-4137-82a1-f1339b136439 9485d081605d4854bc7425fede65ba90 59b95180f6ac47f9b81ebeea0a229261 - - f65d03401fe643fba374468d1db27df7 f65d03401fe643fba374468d1db27df7] 199.204.45.25 "GET /v2.0/floatingips?fixed_ip_address=10.1.1.191&port_id=d59671c4-a0dd-4c74-8588-11b236a59cf0 HTTP/1.1" status: 200 len: 217 time: 0.0256059
2026-03-04 02:32:52.792 9 INFO neutron.pecan_wsgi.hooks.translation [None req-4b9306be-a311-475a-85f9-d9b47299d8d0 cb9d10bd59f74ab8ae504e162915dd23 fdb0f48dd9a44f3fa381651eb78c7895 - - default default] DELETE failed (client error): The resource could not be found.
2026-03-04 02:32:52.794 9 INFO neutron.wsgi [None req-4b9306be-a311-475a-85f9-d9b47299d8d0 cb9d10bd59f74ab8ae504e162915dd23 fdb0f48dd9a44f3fa381651eb78c7895 - - default default] 10.0.0.194 "DELETE /v2.0/networks/ea72be4e-f556-4230-9fff-a9c2edf1d61a HTTP/1.1" status: 404 len: 339 time: 0.0175204
2026-03-04 02:32:52.818 9 INFO neutron.wsgi [req-86db14f1-487b-4c85-a1f9-0237686a3fce req-66405f16-0c70-4bd9-b91b-465a7e9548f4 9485d081605d4854bc7425fede65ba90 59b95180f6ac47f9b81ebeea0a229261 - - f65d03401fe643fba374468d1db27df7 f65d03401fe643fba374468d1db27df7] 199.204.45.25 "GET /v2.0/subnets?id=79af0c1b-2517-4dbf-a975-bdc636476a29 HTTP/1.1" status: 200 len: 853 time: 0.0344768
2026-03-04 02:32:52.847 9 INFO neutron.wsgi [req-86db14f1-487b-4c85-a1f9-0237686a3fce req-6323ebc2-e364-4024-836e-bf0615506a89 9485d081605d4854bc7425fede65ba90 59b95180f6ac47f9b81ebeea0a229261 - - f65d03401fe643fba374468d1db27df7 f65d03401fe643fba374468d1db27df7] 199.204.45.25 "GET /v2.0/ports?network_id=4395296a-84f0-4bb1-bdb8-4e2c3f67095d&device_owner=network%3Adhcp HTTP/1.1" status: 200 len: 210 time: 0.0219591
2026-03-04 02:32:52.903 9 INFO neutron.wsgi [req-86db14f1-487b-4c85-a1f9-0237686a3fce req-80ba58de-dc30-4dd5-b610-9518f09a7ec6 9485d081605d4854bc7425fede65ba90 59b95180f6ac47f9b81ebeea0a229261 - - f65d03401fe643fba374468d1db27df7 f65d03401fe643fba374468d1db27df7] 199.204.45.25 "GET /v2.0/networks/4395296a-84f0-4bb1-bdb8-4e2c3f67095d?fields=segments HTTP/1.1" status: 200 len: 212 time: 0.0477083
2026-03-04 02:32:52.971 9 INFO neutron.wsgi [req-86db14f1-487b-4c85-a1f9-0237686a3fce req-0f24b8d8-e4cd-47c0-8d2b-75f72842aa23 9485d081605d4854bc7425fede65ba90 59b95180f6ac47f9b81ebeea0a229261 - - f65d03401fe643fba374468d1db27df7 f65d03401fe643fba374468d1db27df7] 199.204.45.25 "GET /v2.0/networks/4395296a-84f0-4bb1-bdb8-4e2c3f67095d?fields=provider%3Aphysical_network&fields=provider%3Anetwork_type HTTP/1.1" status: 200 len: 277 time: 0.0632670
2026-03-04 02:32:53.067 9 INFO neutron.plugins.ml2.drivers.ovn.mech_driver.mech_driver [None req-3865a772-688b-4849-821e-ed6a72bb218c - - - - - -] OVN reports status up for port: d59671c4-a0dd-4c74-8588-11b236a59cf0
2026-03-04 02:32:53.077 9 INFO neutron.plugins.ml2.plugin [None req-3865a772-688b-4849-821e-ed6a72bb218c - - - - - -] Attempt 1 to provision port d59671c4-a0dd-4c74-8588-11b236a59cf0
2026-03-04 02:32:53.093 9 INFO neutron.notifiers.nova [-] Nova event matching ['req-bb44105b-a880-4cda-9c86-a1d2bf72c6d8'] response: {'server_uuid': 'd5aa89ba-a23d-46a2-967d-ececf838e8ad', 'name': 'network-vif-unplugged', 'status': 'completed', 'tag': '71669820-d48a-4787-bcd9-70214a7f5be9', 'code': 200}
2026-03-04 02:32:53.093 9 INFO neutron.notifiers.nova [-] Nova event matching ['req-bb44105b-a880-4cda-9c86-a1d2bf72c6d8'] response: {'server_uuid': 'd5aa89ba-a23d-46a2-967d-ececf838e8ad', 'name': 'network-vif-deleted', 'tag': '71669820-d48a-4787-bcd9-70214a7f5be9', 'status': 'completed', 'code': 200}
2026-03-04 02:32:53.093 9 INFO neutron.notifiers.nova [-] Nova event matching ['req-bb44105b-a880-4cda-9c86-a1d2bf72c6d8'] response: {'name': 'network-changed', 'server_uuid': '6a9f0006-aa23-4c02-8b04-1ef435fb0731', 'tag': 'd59671c4-a0dd-4c74-8588-11b236a59cf0', 'status': 'completed', 'code': 200}
2026-03-04 02:32:53.153 9 INFO neutron.wsgi [req-d8eed505-f220-478a-ad6b-35dd5f852a62 req-47b35099-2d55-4810-a8d0-a42f8ea23500 9485d081605d4854bc7425fede65ba90 59b95180f6ac47f9b81ebeea0a229261 - - f65d03401fe643fba374468d1db27df7 f65d03401fe643fba374468d1db27df7] 199.204.45.25 "GET /v2.0/ports?tenant_id=8f88e600cf3449f8a080511d31fa8f58&device_id=6a9f0006-aa23-4c02-8b04-1ef435fb0731 HTTP/1.1" status: 200 len: 2665 time: 0.0492892
2026-03-04 02:32:53.241 9 INFO neutron.wsgi [req-d8eed505-f220-478a-ad6b-35dd5f852a62 req-403c7c93-f338-473e-ad79-184f5cd8ef65 9485d081605d4854bc7425fede65ba90 59b95180f6ac47f9b81ebeea0a229261 - - f65d03401fe643fba374468d1db27df7 f65d03401fe643fba374468d1db27df7] 199.204.45.25 "GET /v2.0/networks?id=4395296a-84f0-4bb1-bdb8-4e2c3f67095d HTTP/1.1" status: 200 len: 1005 time: 0.0796533
2026-03-04 02:32:53.265 10 INFO neutron.wsgi [req-86db14f1-487b-4c85-a1f9-0237686a3fce req-4d0ab80c-e605-425b-bbf6-08e214339752 0eaeb9811a0e4e0683b5036e4583a103 8f88e600cf3449f8a080511d31fa8f58 - - default default] 10.0.0.206 "GET /v2.0/ports/d59671c4-a0dd-4c74-8588-11b236a59cf0 HTTP/1.1" status: 200 len: 1458 time: 0.0541680
2026-03-04 02:32:53.278 9 INFO neutron.wsgi [req-d8eed505-f220-478a-ad6b-35dd5f852a62 req-c50dff5f-cbb7-4220-94ba-65d878d7fd60 9485d081605d4854bc7425fede65ba90 59b95180f6ac47f9b81ebeea0a229261 - - f65d03401fe643fba374468d1db27df7 f65d03401fe643fba374468d1db27df7] 199.204.45.25 "GET /v2.0/floatingips?fixed_ip_address=10.1.1.191&port_id=d59671c4-a0dd-4c74-8588-11b236a59cf0 HTTP/1.1" status: 200 len: 217 time: 0.0307386
2026-03-04 02:32:53.344 9 INFO neutron.wsgi [req-d8eed505-f220-478a-ad6b-35dd5f852a62 req-204dbc80-5acd-4f25-b973-cf6df263c1d0 9485d081605d4854bc7425fede65ba90 59b95180f6ac47f9b81ebeea0a229261 - - f65d03401fe643fba374468d1db27df7 f65d03401fe643fba374468d1db27df7] 199.204.45.25 "GET /v2.0/subnets?id=79af0c1b-2517-4dbf-a975-bdc636476a29 HTTP/1.1" status: 200 len: 853 time: 0.0600021
2026-03-04 02:32:53.390 9 INFO neutron.wsgi [req-d8eed505-f220-478a-ad6b-35dd5f852a62 req-14a52006-e300-4cb7-81f7-596575029326 9485d081605d4854bc7425fede65ba90 59b95180f6ac47f9b81ebeea0a229261 - - f65d03401fe643fba374468d1db27df7 f65d03401fe643fba374468d1db27df7] 199.204.45.25 "GET /v2.0/ports?network_id=4395296a-84f0-4bb1-bdb8-4e2c3f67095d&device_owner=network%3Adhcp HTTP/1.1" status: 200 len: 210 time: 0.0390792
2026-03-04 02:32:53.514 9 INFO neutron.wsgi [req-d8eed505-f220-478a-ad6b-35dd5f852a62 req-4b6db99a-fe02-4b19-abc3-f3429be4ce59 9485d081605d4854bc7425fede65ba90 59b95180f6ac47f9b81ebeea0a229261 - - f65d03401fe643fba374468d1db27df7 f65d03401fe643fba374468d1db27df7] 199.204.45.25 "GET /v2.0/networks/4395296a-84f0-4bb1-bdb8-4e2c3f67095d?fields=segments HTTP/1.1" status: 200 len: 212 time: 0.1167927 /var/lib/openstack/lib/python3.10/site-packages/pycadf/identifier.py:71: UserWarning: Invalid uuid: neutron. To ensure interoperability, identifiers should be a valid uuid. warnings.warn(('Invalid uuid: %s. To ensure interoperability, '
2026-03-04 02:32:53.606 9 INFO neutron.wsgi [req-d8eed505-f220-478a-ad6b-35dd5f852a62 req-0dc97399-b392-4df4-8917-23e152b54caf 9485d081605d4854bc7425fede65ba90 59b95180f6ac47f9b81ebeea0a229261 - - f65d03401fe643fba374468d1db27df7 f65d03401fe643fba374468d1db27df7] 199.204.45.25 "GET /v2.0/networks/4395296a-84f0-4bb1-bdb8-4e2c3f67095d?fields=provider%3Aphysical_network&fields=provider%3Anetwork_type HTTP/1.1" status: 200 len: 277 time: 0.0844023
2026-03-04 02:32:53.614 9 INFO neutron.db.ovn_revision_numbers_db [None req-3865a772-688b-4849-821e-ed6a72bb218c - - - - - -] Successfully bumped revision number for resource d59671c4-a0dd-4c74-8588-11b236a59cf0 (type: ports) to 4
2026-03-04 02:32:53.685 9 INFO neutron.wsgi [None req-befb34dc-7370-4390-8bfb-6dc009a93595 80ae87919b6b4ff386ebf462004b5e60 855ab45ec08f4a27820cc13738a6cb4e - - default default] 10.0.0.194 "DELETE /v2.0/security-groups/b1cd5d7a-78fe-4d36-8149-4055447af63b HTTP/1.1" status: 204 len: 168 time: 0.3772514
2026-03-04 02:32:53.693 10 INFO neutron.db.ovn_revision_numbers_db [None req-2ceb69cd-975f-4f05-94ec-092bf5ed244d 0eaeb9811a0e4e0683b5036e4583a103 8f88e600cf3449f8a080511d31fa8f58 - - default default] Successfully bumped revision number for resource d59671c4-a0dd-4c74-8588-11b236a59cf0 (type: ports) to 5
2026-03-04 02:32:53.706 10 INFO neutron.wsgi [None req-2ceb69cd-975f-4f05-94ec-092bf5ed244d 0eaeb9811a0e4e0683b5036e4583a103 8f88e600cf3449f8a080511d31fa8f58 - - default default] 199.204.45.25 "PUT /v2.0/ports/d59671c4-a0dd-4c74-8588-11b236a59cf0 HTTP/1.1" status: 200 len: 1491 time: 0.4348369 /var/lib/openstack/lib/python3.10/site-packages/pycadf/identifier.py:71: UserWarning: Invalid uuid: neutron. To ensure interoperability, identifiers should be a valid uuid. warnings.warn(('Invalid uuid: %s. To ensure interoperability, '
2026-03-04 02:32:53.734 10 INFO neutron.api.v2.resource [None req-232843de-04b6-4e10-ada5-c017b033922c 0eaeb9811a0e4e0683b5036e4583a103 8f88e600cf3449f8a080511d31fa8f58 - - default default] show failed (client error): The resource could not be found.
2026-03-04 02:32:53.738 10 INFO neutron.wsgi [None req-232843de-04b6-4e10-ada5-c017b033922c 0eaeb9811a0e4e0683b5036e4583a103 8f88e600cf3449f8a080511d31fa8f58 - - default default] 199.204.45.25 "GET /v2.0/security-groups/lb-fd34e164-3b7b-4753-91eb-4bcd74bc98d2 HTTP/1.1" status: 404 len: 355 time: 0.0198646
2026-03-04 02:32:53.765 10 INFO neutron.notifiers.nova [-] Nova event matching ['req-ba055e2b-194f-4fc4-84c5-8cb33da09df8'] response: {'name': 'network-changed', 'server_uuid': '6a9f0006-aa23-4c02-8b04-1ef435fb0731', 'tag': 'd59671c4-a0dd-4c74-8588-11b236a59cf0', 'status': 'completed', 'code': 200}
2026-03-04 02:32:53.775 10 INFO neutron.db.ovn_revision_numbers_db [None req-cd845568-5354-4874-81b7-fb9dd9457f09 0eaeb9811a0e4e0683b5036e4583a103 8f88e600cf3449f8a080511d31fa8f58 - - default default] Successfully bumped revision number for resource 29b0bf08-3215-4ef5-98b9-6cf950660b5c (type: security_groups) to 1
2026-03-04 02:32:53.793 10 INFO neutron.wsgi [None req-1c762475-99ad-42bc-b9b2-200bbd7d63d1 0eaeb9811a0e4e0683b5036e4583a103 8f88e600cf3449f8a080511d31fa8f58 - - default default] 199.204.45.25 "GET /v2.0/security-groups?name=lb-fd34e164-3b7b-4753-91eb-4bcd74bc98d2 HTTP/1.1" status: 200 len: 1837 time: 0.0507393
2026-03-04 02:32:53.794 10 INFO neutron.db.ovn_revision_numbers_db [None req-cd845568-5354-4874-81b7-fb9dd9457f09 0eaeb9811a0e4e0683b5036e4583a103 8f88e600cf3449f8a080511d31fa8f58 - - default default] Successfully bumped revision number for resource 445e8b22-a393-4bd3-b840-a9101bd037a5 (type: security_group_rules) to 0
2026-03-04 02:32:53.827 10 INFO neutron.db.ovn_revision_numbers_db [None req-cd845568-5354-4874-81b7-fb9dd9457f09 0eaeb9811a0e4e0683b5036e4583a103 8f88e600cf3449f8a080511d31fa8f58 - - default default] Successfully bumped revision number for resource 54e09ec0-69c0-450c-a303-5bb5adc31349 (type: security_group_rules) to 0
2026-03-04 02:32:53.843 9 INFO neutron.wsgi [req-31c4f8b5-b889-4521-8697-c34e033aa5ed req-ca678d02-9d4e-4694-aeed-f61da9dd29ea 9485d081605d4854bc7425fede65ba90 59b95180f6ac47f9b81ebeea0a229261 - - f65d03401fe643fba374468d1db27df7 f65d03401fe643fba374468d1db27df7] 199.204.45.25 "GET /v2.0/ports?tenant_id=8f88e600cf3449f8a080511d31fa8f58&device_id=6a9f0006-aa23-4c02-8b04-1ef435fb0731 HTTP/1.1" status: 200 len: 2728 time: 0.0549207
2026-03-04 02:32:53.850 10 INFO neutron.db.ovn_revision_numbers_db [None req-cd845568-5354-4874-81b7-fb9dd9457f09 0eaeb9811a0e4e0683b5036e4583a103 8f88e600cf3449f8a080511d31fa8f58 - - default default] Successfully bumped revision number for resource 941c7624-6d93-4c27-bb84-eb211f30d549 (type: security_group_rules) to 0
2026-03-04 02:32:53.874 10 INFO neutron.db.ovn_revision_numbers_db [None req-cd845568-5354-4874-81b7-fb9dd9457f09 0eaeb9811a0e4e0683b5036e4583a103 8f88e600cf3449f8a080511d31fa8f58 - - default default] Successfully bumped revision number for resource a4093229-9532-4849-aa9a-a2f0424ff8b7 (type: security_group_rules) to 0
2026-03-04 02:32:53.908 10 INFO neutron.wsgi [None req-cd845568-5354-4874-81b7-fb9dd9457f09 0eaeb9811a0e4e0683b5036e4583a103 8f88e600cf3449f8a080511d31fa8f58 - - default default] 10.0.0.194 "GET /v2.0/security-groups?tenant_id=ea6ec88edcd143ecb454498f80601591&name=default HTTP/1.1" status: 200 len: 3124 time: 0.4903038
2026-03-04 02:32:53.938 9 INFO neutron.wsgi [req-31c4f8b5-b889-4521-8697-c34e033aa5ed req-b800a036-bfcf-4448-90ad-bee0ade7774e 9485d081605d4854bc7425fede65ba90 59b95180f6ac47f9b81ebeea0a229261 - - f65d03401fe643fba374468d1db27df7 f65d03401fe643fba374468d1db27df7] 199.204.45.25 "GET /v2.0/networks?id=4395296a-84f0-4bb1-bdb8-4e2c3f67095d HTTP/1.1" status: 200 len: 1005 time: 0.0878992
2026-03-04 02:32:53.976 9 INFO neutron.wsgi [req-31c4f8b5-b889-4521-8697-c34e033aa5ed req-cf262cab-4169-44dc-a216-8a80b1220290 9485d081605d4854bc7425fede65ba90 59b95180f6ac47f9b81ebeea0a229261 - - f65d03401fe643fba374468d1db27df7 f65d03401fe643fba374468d1db27df7] 199.204.45.25 "GET /v2.0/floatingips?fixed_ip_address=10.1.1.191&port_id=d59671c4-a0dd-4c74-8588-11b236a59cf0 HTTP/1.1" status: 200 len: 217 time: 0.0252821
2026-03-04 02:32:53.978 10 INFO neutron.services.segments.plugin [-] Segment 174134dd-2ff3-46d2-9e31-54c90b038382 resource provider aggregate not found
2026-03-04 02:32:53.987 10 INFO neutron.services.segments.plugin [-] Segment 174134dd-2ff3-46d2-9e31-54c90b038382 resource provider aggregate not found
2026-03-04 02:32:54.009 10 INFO neutron.services.segments.plugin [-] Segment 174134dd-2ff3-46d2-9e31-54c90b038382 resource provider not found; error: Placement Client Error (4xx): {"errors": [{"status": 404, "title": "Not Found", "detail": "The resource could not be found.\n\n No resource provider with uuid 174134dd-2ff3-46d2-9e31-54c90b038382 found for delete ", "request_id": "req-157d9884-5fe3-427d-b135-ffe6933db348"}]}
2026-03-04 02:32:54.014 9 INFO neutron.wsgi [req-31c4f8b5-b889-4521-8697-c34e033aa5ed req-78ad39f4-fa7f-4349-bcb6-f090c4d43f1b 9485d081605d4854bc7425fede65ba90 59b95180f6ac47f9b81ebeea0a229261 - - f65d03401fe643fba374468d1db27df7 f65d03401fe643fba374468d1db27df7] 199.204.45.25 "GET /v2.0/subnets?id=79af0c1b-2517-4dbf-a975-bdc636476a29 HTTP/1.1" status: 200 len: 853 time: 0.0316260
2026-03-04 02:32:54.019 10 INFO neutron.services.segments.plugin [-] Segment 174134dd-2ff3-46d2-9e31-54c90b038382 resource provider not found; error: Placement Client Error (4xx): {"errors": [{"status": 404, "title": "Not Found", "detail": "The resource could not be found.\n\n No resource provider with uuid 174134dd-2ff3-46d2-9e31-54c90b038382 found for delete ", "request_id": "req-a6675d51-ef5a-4553-be80-59b62f6abfc1"}]}
2026-03-04 02:32:54.031 10 INFO neutron.services.segments.plugin [-] Segment 37302b7f-c4bc-4ee3-a91f-976f99a34573 resource provider aggregate not found
2026-03-04 02:32:54.044 10 INFO neutron.services.segments.plugin [-] Segment 37302b7f-c4bc-4ee3-a91f-976f99a34573 resource provider aggregate not found
2026-03-04 02:32:54.044 9 INFO neutron.wsgi [req-31c4f8b5-b889-4521-8697-c34e033aa5ed req-fd2f3026-0cdd-4271-97b4-3922827803af 9485d081605d4854bc7425fede65ba90 59b95180f6ac47f9b81ebeea0a229261 - - f65d03401fe643fba374468d1db27df7 f65d03401fe643fba374468d1db27df7] 199.204.45.25 "GET /v2.0/ports?network_id=4395296a-84f0-4bb1-bdb8-4e2c3f67095d&device_owner=network%3Adhcp HTTP/1.1" status: 200 len: 210 time: 0.0257745
2026-03-04 02:32:54.057 10 INFO neutron.services.segments.plugin [-] Segment 37302b7f-c4bc-4ee3-a91f-976f99a34573 resource provider not found; error: Placement Client Error (4xx): {"errors": [{"status": 404, "title": "Not Found", "detail": "The resource could not be found.\n\n No resource provider with uuid 37302b7f-c4bc-4ee3-a91f-976f99a34573 found for delete ", "request_id": "req-7d6b7863-7730-4e66-9771-328598923521"}]}
2026-03-04 02:32:54.073 10 INFO neutron.services.segments.plugin [-] Segment 37302b7f-c4bc-4ee3-a91f-976f99a34573 resource provider not found; error: Placement Client Error (4xx): {"errors": [{"status": 404, "title": "Not Found", "detail": "The resource could not be found.\n\n No resource provider with uuid 37302b7f-c4bc-4ee3-a91f-976f99a34573 found for delete ", "request_id": "req-f7da580b-de09-4411-804d-cffaa5a9391b"}]}
2026-03-04 02:32:54.128 9 INFO neutron.wsgi [req-31c4f8b5-b889-4521-8697-c34e033aa5ed req-f17cf8f1-1844-456e-99ef-7388794cfe74 9485d081605d4854bc7425fede65ba90 59b95180f6ac47f9b81ebeea0a229261 - - f65d03401fe643fba374468d1db27df7 f65d03401fe643fba374468d1db27df7] 199.204.45.25 "GET /v2.0/networks/4395296a-84f0-4bb1-bdb8-4e2c3f67095d?fields=segments HTTP/1.1" status: 200 len: 212 time: 0.0762188
2026-03-04 02:32:54.188 9 INFO neutron.wsgi [None req-74681e55-b0a8-412f-b010-3db95f402a61 80ae87919b6b4ff386ebf462004b5e60 855ab45ec08f4a27820cc13738a6cb4e - - default default] 10.0.0.194 "DELETE /v2.0/floatingips/7b7944cd-7c22-47cb-88ce-dc033b18c665 HTTP/1.1" status: 204 len: 168 time: 0.4778481
2026-03-04 02:32:54.226 9 INFO neutron.wsgi [req-31c4f8b5-b889-4521-8697-c34e033aa5ed req-e8d2f1bb-521d-49db-a475-49d12b705849 9485d081605d4854bc7425fede65ba90 59b95180f6ac47f9b81ebeea0a229261 - - f65d03401fe643fba374468d1db27df7 f65d03401fe643fba374468d1db27df7] 199.204.45.25 "GET /v2.0/networks/4395296a-84f0-4bb1-bdb8-4e2c3f67095d?fields=provider%3Aphysical_network&fields=provider%3Anetwork_type HTTP/1.1" status: 200 len: 277 time: 0.0901232
2026-03-04 02:32:54.336 10 INFO neutron.wsgi [None req-a9ad4aa5-d548-4de0-a9a4-f18368c6fa92 0eaeb9811a0e4e0683b5036e4583a103 8f88e600cf3449f8a080511d31fa8f58 - - default default] 10.0.0.194 "DELETE /v2.0/security-groups/29b0bf08-3215-4ef5-98b9-6cf950660b5c HTTP/1.1" status: 204 len: 168 time: 0.4215982
2026-03-04 02:32:54.337 10 INFO neutron.db.ovn_revision_numbers_db [None req-59e52c47-6fa7-4246-90a5-a9ede0537e03 0eaeb9811a0e4e0683b5036e4583a103 8f88e600cf3449f8a080511d31fa8f58 - - default default] Successfully bumped revision number for resource d59671c4-a0dd-4c74-8588-11b236a59cf0 (type: ports) to 6
2026-03-04 02:32:54.350 10 INFO neutron.wsgi [None req-59e52c47-6fa7-4246-90a5-a9ede0537e03 0eaeb9811a0e4e0683b5036e4583a103 8f88e600cf3449f8a080511d31fa8f58 - - default default] 199.204.45.25 "PUT /v2.0/ports/d59671c4-a0dd-4c74-8588-11b236a59cf0 HTTP/1.1" status: 200 len: 1491 time: 0.5527003
2026-03-04 02:32:54.399 9 INFO neutron.plugins.ml2.drivers.ovn.mech_driver.mech_driver [None req-3865a772-688b-4849-821e-ed6a72bb218c - - - - - -] OVN reports status down for port: 8d755d22-2d07-4c46-a687-c9c70d88d9c2
2026-03-04 02:32:54.429 9 INFO neutron.wsgi [req-2730ef6b-cdf2-432b-b8f5-04aee5c033aa req-fc9d030b-2620-4ef7-bd96-7e1fb8ab00c4 80ae87919b6b4ff386ebf462004b5e60 855ab45ec08f4a27820cc13738a6cb4e - - default default] 10.0.0.206 "GET /v2.0/ports?device_id=eef70434-49c3-428c-b0d2-b1f265d02e61 HTTP/1.1" status: 200 len: 1174 time: 0.0838277
2026-03-04 02:32:54.494 9 INFO neutron.wsgi [req-2730ef6b-cdf2-432b-b8f5-04aee5c033aa req-5873783c-3761-4134-bf01-dbb9d6778575 80ae87919b6b4ff386ebf462004b5e60 855ab45ec08f4a27820cc13738a6cb4e - - default default] 10.0.0.206 "GET /v2.0/security-groups?id=3c12aa1f-786a-4bba-b09a-52117a45dc9a&fields=id&fields=name HTTP/1.1" status: 200 len: 313 time: 0.0592020
2026-03-04 02:32:54.524 9 INFO neutron.wsgi [None req-4647d03f-9663-4436-9ba5-86bdc06fc6f3 0eaeb9811a0e4e0683b5036e4583a103 8f88e600cf3449f8a080511d31fa8f58 - - default default] 10.0.0.194 "GET /v2.0/security-groups?tenant_id=fdb0f48dd9a44f3fa381651eb78c7895&name=default HTTP/1.1" status: 200 len: 3120 time: 0.0552080 /var/lib/openstack/lib/python3.10/site-packages/pycadf/identifier.py:71: UserWarning: Invalid uuid: neutron. To ensure interoperability, identifiers should be a valid uuid. warnings.warn(('Invalid uuid: %s. To ensure interoperability, '
2026-03-04 02:32:54.631 10 INFO neutron.wsgi [None req-b71cdae9-e9a1-4519-9999-0218e41a75ba 0eaeb9811a0e4e0683b5036e4583a103 8f88e600cf3449f8a080511d31fa8f58 - - default default] 199.204.45.25 "GET /v2.0/extensions/security-group HTTP/1.1" status: 200 len: 369 time: 0.0107150
2026-03-04 02:32:54.642 10 INFO neutron.wsgi [None req-9633642b-4eca-4be7-9284-7da0538a2d87 0eaeb9811a0e4e0683b5036e4583a103 8f88e600cf3449f8a080511d31fa8f58 - - default default] 199.204.45.25 "GET /v2.0/extensions/dns-integration HTTP/1.1" status: 200 len: 371 time: 0.0041544
2026-03-04 02:32:54.651 10 INFO neutron.wsgi [None req-75b89d50-939d-4d51-8f17-92804069da2d 0eaeb9811a0e4e0683b5036e4583a103 8f88e600cf3449f8a080511d31fa8f58 - - default default] 199.204.45.25 "GET /v2.0/extensions/qos HTTP/1.1" status: 200 len: 365 time: 0.0052826
2026-03-04 02:32:54.660 10 INFO neutron.wsgi [None req-8c7b8ea8-a3d0-4161-b3dc-d9e968132855 0eaeb9811a0e4e0683b5036e4583a103 8f88e600cf3449f8a080511d31fa8f58 - - default default] 199.204.45.25 "GET /v2.0/extensions/allowed-address-pairs HTTP/1.1" status: 200 len: 383 time: 0.0046647
2026-03-04 02:32:54.702 10 INFO neutron.wsgi [None req-158a1b82-4bd5-471b-94c9-a38afe3e43ed 0eaeb9811a0e4e0683b5036e4583a103 8f88e600cf3449f8a080511d31fa8f58 - - default default] 199.204.45.25 "GET /v2.0/subnets/79af0c1b-2517-4dbf-a975-bdc636476a29 HTTP/1.1" status: 200 len: 850 time: 0.0371084
2026-03-04 02:32:54.713 9 INFO neutron.wsgi [req-b816f046-fd1e-449c-90e5-ace94cd62eda req-82700090-5288-4e4f-9623-ea7357bd4107 80ae87919b6b4ff386ebf462004b5e60 855ab45ec08f4a27820cc13738a6cb4e - - default default] 199.204.45.25 "GET /v2.0/ports?device_id=eef70434-49c3-428c-b0d2-b1f265d02e61 HTTP/1.1" status: 200 len: 1172 time: 0.0479929
2026-03-04 02:32:54.753 10 INFO neutron.wsgi [None req-97181f00-0241-420e-8b57-4ce2622aa067 0eaeb9811a0e4e0683b5036e4583a103 8f88e600cf3449f8a080511d31fa8f58 - - default default] 199.204.45.25 "GET /v2.0/ports/8a353243-a58e-4395-b62c-c75e8ad3be6d HTTP/1.1" status: 200 len: 1332 time: 0.0414982
2026-03-04 02:32:54.811 10 INFO neutron.wsgi [None req-be66a597-50cc-451d-9281-f745e2511bae 0eaeb9811a0e4e0683b5036e4583a103 8f88e600cf3449f8a080511d31fa8f58 - - default default] 199.204.45.25 "GET /v2.0/ports/d59671c4-a0dd-4c74-8588-11b236a59cf0 HTTP/1.1" status: 200 len: 1519 time: 0.0462246
2026-03-04 02:32:54.854 9 INFO neutron.db.ovn_revision_numbers_db [None req-3865a772-688b-4849-821e-ed6a72bb218c - - - - - -] Successfully bumped revision number for resource 8d755d22-2d07-4c46-a687-c9c70d88d9c2 (type: ports) to 5
2026-03-04 02:32:54.857 10 INFO neutron.wsgi [None req-f3bd9b5d-2d2c-437c-9f47-0c0ba82f22e3 0eaeb9811a0e4e0683b5036e4583a103 8f88e600cf3449f8a080511d31fa8f58 - - default default] 199.204.45.25 "GET /v2.0/subnets/79af0c1b-2517-4dbf-a975-bdc636476a29 HTTP/1.1" status: 200 len: 850 time: 0.0371163
2026-03-04 02:32:54.895 9 INFO neutron.wsgi [None req-59c9d7d0-8c29-49a1-aad0-87fb033345dc 0eaeb9811a0e4e0683b5036e4583a103 8f88e600cf3449f8a080511d31fa8f58 - - default default] 10.0.0.194 "DELETE /v2.0/security-groups/96d4d539-05b0-4a9c-a522-51eb554353d8 HTTP/1.1" status: 204 len: 168 time: 0.3627908
2026-03-04 02:32:54.927 10 INFO neutron.wsgi [None req-0d9ce21b-fbe5-4202-9513-f20683b1d5a6 0eaeb9811a0e4e0683b5036e4583a103 8f88e600cf3449f8a080511d31fa8f58 - - default default] 199.204.45.25 "GET /v2.0/networks/4395296a-84f0-4bb1-bdb8-4e2c3f67095d HTTP/1.1" status: 200 len: 1002 time: 0.0626941
2026-03-04 02:32:54.973 10 INFO neutron.wsgi [None req-1674523f-1d36-45a6-a8f6-54d151877d5f 0eaeb9811a0e4e0683b5036e4583a103 8f88e600cf3449f8a080511d31fa8f58 - - default default] 199.204.45.25 "GET /v2.0/ports/8a353243-a58e-4395-b62c-c75e8ad3be6d HTTP/1.1" status: 200 len: 1332 time: 0.0380614
2026-03-04 02:32:55.038 10 INFO neutron.wsgi [None req-316b8a60-770a-4b33-b775-def371c92f12 0eaeb9811a0e4e0683b5036e4583a103 8f88e600cf3449f8a080511d31fa8f58 - - default default] 199.204.45.25 "GET /v2.0/subnets/79af0c1b-2517-4dbf-a975-bdc636476a29 HTTP/1.1" status: 200 len: 850 time: 0.0557392
2026-03-04 02:32:55.080 9 INFO neutron.wsgi [req-b816f046-fd1e-449c-90e5-ace94cd62eda req-ecf41816-ef54-4521-a822-a6f7ece3a2fa 80ae87919b6b4ff386ebf462004b5e60 855ab45ec08f4a27820cc13738a6cb4e - - default default] 199.204.45.25 "DELETE /v2.0/ports/8d755d22-2d07-4c46-a687-c9c70d88d9c2 HTTP/1.1" status: 204 len: 173 time: 0.3623440
2026-03-04 02:32:55.140 9 INFO neutron.notifiers.nova [-] Nova event matching ['req-df31f5a1-c55b-4f4a-bdb9-b56006d03b63'] response: {'server_uuid': '6a9f0006-aa23-4c02-8b04-1ef435fb0731', 'name': 'network-vif-plugged', 'status': 'completed', 'tag': 'd59671c4-a0dd-4c74-8588-11b236a59cf0', 'code': 200}
2026-03-04 02:32:55.140 9 INFO neutron.notifiers.nova [-] Nova event matching ['req-df31f5a1-c55b-4f4a-bdb9-b56006d03b63'] response: {'server_uuid': '6a9f0006-aa23-4c02-8b04-1ef435fb0731', 'name': 'network-vif-plugged', 'status': 'completed', 'tag': 'd59671c4-a0dd-4c74-8588-11b236a59cf0', 'code': 200}
2026-03-04 02:32:55.140 9 INFO neutron.notifiers.nova [-] Nova event matching ['req-df31f5a1-c55b-4f4a-bdb9-b56006d03b63'] response: {'server_uuid': 'eef70434-49c3-428c-b0d2-b1f265d02e61', 'name': 'network-vif-unplugged', 'status': 'completed', 'tag': '8d755d22-2d07-4c46-a687-c9c70d88d9c2', 'code': 200}
2026-03-04 02:32:55.140 9 INFO neutron.notifiers.nova [-] Nova event matching ['req-df31f5a1-c55b-4f4a-bdb9-b56006d03b63'] response: {'server_uuid': 'eef70434-49c3-428c-b0d2-b1f265d02e61', 'name': 'network-vif-unplugged', 'status': 'completed', 'tag': '8d755d22-2d07-4c46-a687-c9c70d88d9c2', 'code': 200}
2026-03-04 02:32:55.140 9 INFO neutron.notifiers.nova [-] Nova event matching ['req-df31f5a1-c55b-4f4a-bdb9-b56006d03b63'] response: {'server_uuid': 'eef70434-49c3-428c-b0d2-b1f265d02e61', 'name': 'network-vif-deleted', 'tag': '8d755d22-2d07-4c46-a687-c9c70d88d9c2', 'status': 'completed', 'code': 200} /var/lib/openstack/lib/python3.10/site-packages/pycadf/identifier.py:71: UserWarning: Invalid uuid: neutron. To ensure interoperability, identifiers should be a valid uuid. warnings.warn(('Invalid uuid: %s. To ensure interoperability, '
2026-03-04 02:32:55.742 9 INFO neutron.wsgi [None req-e5eed90e-d372-422a-ace3-4b6ddacc1b82 80ae87919b6b4ff386ebf462004b5e60 855ab45ec08f4a27820cc13738a6cb4e - - default default] 10.0.0.194 "DELETE /v2.0/security-groups/3c12aa1f-786a-4bba-b09a-52117a45dc9a HTTP/1.1" status: 204 len: 168 time: 0.1810758
2026-03-04 02:32:55.877 9 INFO neutron.wsgi [req-c1c1be55-af73-44b4-b05a-8cb97c747835 req-9874f465-dadc-47fc-9830-c08802839683 9485d081605d4854bc7425fede65ba90 59b95180f6ac47f9b81ebeea0a229261 - - f65d03401fe643fba374468d1db27df7 f65d03401fe643fba374468d1db27df7] 199.204.45.25 "GET /v2.0/ports?tenant_id=8f88e600cf3449f8a080511d31fa8f58&device_id=6a9f0006-aa23-4c02-8b04-1ef435fb0731 HTTP/1.1" status: 200 len: 2728 time: 0.0481639
2026-03-04 02:32:55.960 9 INFO neutron.wsgi [req-c1c1be55-af73-44b4-b05a-8cb97c747835 req-bf552443-2143-40a3-a83c-23fe93ed325f 9485d081605d4854bc7425fede65ba90 59b95180f6ac47f9b81ebeea0a229261 - - f65d03401fe643fba374468d1db27df7 f65d03401fe643fba374468d1db27df7] 199.204.45.25 "GET /v2.0/networks?id=4395296a-84f0-4bb1-bdb8-4e2c3f67095d HTTP/1.1" status: 200 len: 1005 time: 0.0748336
2026-03-04 02:32:56.001 9 INFO neutron.wsgi [req-c1c1be55-af73-44b4-b05a-8cb97c747835 req-df75a107-8458-422d-a55c-c9608d9c0d8c 9485d081605d4854bc7425fede65ba90 59b95180f6ac47f9b81ebeea0a229261 - - f65d03401fe643fba374468d1db27df7 f65d03401fe643fba374468d1db27df7] 199.204.45.25 "GET /v2.0/floatingips?fixed_ip_address=10.1.1.191&port_id=d59671c4-a0dd-4c74-8588-11b236a59cf0 HTTP/1.1" status: 200 len: 217 time: 0.0352151
2026-03-04 02:32:56.038 9 INFO neutron.wsgi [req-c1c1be55-af73-44b4-b05a-8cb97c747835 req-ad63b6d8-f01c-42b0-97c5-a6ed25dda7fa 9485d081605d4854bc7425fede65ba90 59b95180f6ac47f9b81ebeea0a229261 - - f65d03401fe643fba374468d1db27df7 f65d03401fe643fba374468d1db27df7] 199.204.45.25 "GET /v2.0/subnets?id=79af0c1b-2517-4dbf-a975-bdc636476a29 HTTP/1.1" status: 200 len: 853 time: 0.0313864
2026-03-04 02:32:56.046 10 INFO neutron.notifiers.nova [-] Nova event matching ['req-9948a1f8-7216-487c-9678-033f26946891'] response: {'name': 'network-changed', 'server_uuid': '6a9f0006-aa23-4c02-8b04-1ef435fb0731', 'tag': 'd59671c4-a0dd-4c74-8588-11b236a59cf0', 'status': 'completed', 'code': 200}
2026-03-04 02:32:56.069 9 INFO neutron.wsgi [req-c1c1be55-af73-44b4-b05a-8cb97c747835 req-c0b2b07a-3dbc-46ea-81f9-038974a1e5e5 9485d081605d4854bc7425fede65ba90 59b95180f6ac47f9b81ebeea0a229261 - - f65d03401fe643fba374468d1db27df7 f65d03401fe643fba374468d1db27df7] 199.204.45.25 "GET /v2.0/ports?network_id=4395296a-84f0-4bb1-bdb8-4e2c3f67095d&device_owner=network%3Adhcp HTTP/1.1" status: 200 len: 210 time: 0.0220208
2026-03-04 02:32:56.135 9 INFO neutron.wsgi [req-c1c1be55-af73-44b4-b05a-8cb97c747835 req-b35d1cb7-84f7-4f72-be05-5da64cb0bf0c 9485d081605d4854bc7425fede65ba90 59b95180f6ac47f9b81ebeea0a229261 - - f65d03401fe643fba374468d1db27df7 f65d03401fe643fba374468d1db27df7] 199.204.45.25 "GET /v2.0/networks/4395296a-84f0-4bb1-bdb8-4e2c3f67095d?fields=segments HTTP/1.1" status: 200 len: 212 time: 0.0594482
2026-03-04 02:32:56.197 9 INFO neutron.wsgi [req-c1c1be55-af73-44b4-b05a-8cb97c747835 req-6ad678c3-8f1d-4570-8f27-a689d9c88e9d 9485d081605d4854bc7425fede65ba90 59b95180f6ac47f9b81ebeea0a229261 - - f65d03401fe643fba374468d1db27df7 f65d03401fe643fba374468d1db27df7] 199.204.45.25 "GET /v2.0/networks/4395296a-84f0-4bb1-bdb8-4e2c3f67095d?fields=provider%3Aphysical_network&fields=provider%3Anetwork_type HTTP/1.1" status: 200 len: 277 time: 0.0550206
2026-03-04 02:32:56.271 9 INFO neutron.wsgi [-] 10.0.0.223 "GET / HTTP/1.1" status: 200 len: 247 time: 0.0026903
2026-03-04 02:32:56.274 9 INFO neutron.wsgi [-] 10.0.0.223 "GET / HTTP/1.1" status: 200 len: 247 time: 0.0014048
2026-03-04 02:32:56.973 10 INFO neutron.wsgi [None req-7a06116b-2de5-4a4f-b35a-6159a738136e 80ae87919b6b4ff386ebf462004b5e60 855ab45ec08f4a27820cc13738a6cb4e - - default default] 10.0.0.194 "PUT /v2.0/routers/4f41779d-6831-43fc-9054-37cddd3ca507/remove_router_interface HTTP/1.1" status: 200 len: 503 time: 1.1954412 /var/lib/openstack/lib/python3.10/site-packages/pycadf/identifier.py:71: UserWarning: Invalid uuid: neutron. To ensure interoperability, identifiers should be a valid uuid. warnings.warn(('Invalid uuid: %s. To ensure interoperability, '
2026-03-04 02:32:57.193 10 INFO neutron.wsgi [None req-b60c6091-9de9-4e4f-96e5-33224600cbf4 80ae87919b6b4ff386ebf462004b5e60 855ab45ec08f4a27820cc13738a6cb4e - - default default] 10.0.0.194 "DELETE /v2.0/subnets/8fc00466-e6a2-494c-9e13-1ab154fa067a HTTP/1.1" status: 204 len: 168 time: 0.2145188
2026-03-04 02:32:58.046 10 INFO neutron.wsgi [None req-35c67220-bd01-42b6-bf7d-acfed3b22669 80ae87919b6b4ff386ebf462004b5e60 855ab45ec08f4a27820cc13738a6cb4e - - default default] 10.0.0.194 "DELETE /v2.0/routers/4f41779d-6831-43fc-9054-37cddd3ca507 HTTP/1.1" status: 204 len: 168 time: 0.8451538
2026-03-04 02:32:58.422 10 INFO neutron.services.segments.plugin [-] Segment e4270dc1-30c1-494e-9130-da109c44abee resource provider aggregate not found
2026-03-04 02:32:58.427 10 INFO neutron.services.segments.plugin [-] Segment e4270dc1-30c1-494e-9130-da109c44abee resource provider aggregate not found
2026-03-04 02:32:58.437 10 INFO neutron.services.segments.plugin [-] Segment e4270dc1-30c1-494e-9130-da109c44abee resource provider not found; error: Placement Client Error (4xx): {"errors": [{"status": 404, "title": "Not Found", "detail": "The resource could not be found.\n\n No resource provider with uuid e4270dc1-30c1-494e-9130-da109c44abee found for delete ", "request_id": "req-c585eb45-4c58-4ce3-ace8-f6c43e8848b9"}]}
2026-03-04 02:32:58.443 10 INFO neutron.services.segments.plugin [-] Segment e4270dc1-30c1-494e-9130-da109c44abee resource provider not found; error: Placement Client Error (4xx): {"errors": [{"status": 404, "title": "Not Found", "detail": "The resource could not be found.\n\n No resource provider with uuid e4270dc1-30c1-494e-9130-da109c44abee found for delete ", "request_id": "req-5e2f075a-be8a-4b58-8370-1c1d14c62545"}]}
2026-03-04 02:32:58.463 10 INFO neutron.wsgi [None req-ffff9b40-0658-46fa-8c45-12fe77173c24 80ae87919b6b4ff386ebf462004b5e60 855ab45ec08f4a27820cc13738a6cb4e - - default default] 10.0.0.194 "DELETE /v2.0/networks/c8bd9137-cb15-4b59-9893-2a911203826c HTTP/1.1" status: 204 len: 168 time: 0.4124372
2026-03-04 02:32:59.380 10 INFO neutron.db.ovn_revision_numbers_db [None req-998f4bd3-47a3-48b1-961e-813e7ace8cbd 0eaeb9811a0e4e0683b5036e4583a103 8f88e600cf3449f8a080511d31fa8f58 - - default default] Successfully bumped revision number for resource 00e5f222-b449-45f9-968d-bc22a6a234af (type: security_groups) to 1
