2026-03-04 02:30:22.299 10 INFO neutron.wsgi [None req-92cd2c4a-466d-45b9-9357-21bbf5641e70 23ea61fcd0304c969b154524bf4e832e 245221d40d044995bdab4ce38cb4bc46 - - default default] 10.0.0.194 "PUT /v2.0/routers/5dcad6c3-3c03-4dc5-9310-592f1d6cb82b/remove_router_interface HTTP/1.1" status: 404 len: 398 time: 0.0916283
2026-03-04 02:30:22.347 9 INFO neutron.wsgi [None req-f88b14fc-2890-42af-9f92-8cb8a78b1008 23ea61fcd0304c969b154524bf4e832e 245221d40d044995bdab4ce38cb4bc46 - - default default] 10.0.0.194 "GET /v2.0/ports?device_id=5dcad6c3-3c03-4dc5-9310-592f1d6cb82b HTTP/1.1" status: 200 len: 205 time: 0.0362949
2026-03-04 02:30:22.462 9 INFO neutron.db.l3_db [req-bd41dbba-d5f1-4d8c-960c-912fae671178 req-ba2953bc-1b0a-4921-82b8-571e70623968 8eb51814642348b48b17492a62efb0ef 5d67e1745f5540598ea98529dda448dd - - default default] Floating IP a1b87a83-1797-439b-b8b4-730800269d24 disassociated. External IP: 10.96.250.211, port: 6d9d0023-3e9c-430b-8014-88adcc408f97.
2026-03-04 02:30:22.672 9 INFO neutron.wsgi [None req-820244e0-b713-4e24-a7b6-1f6eb4858202 f3b9ba82dbff4a10bea3dac4b2fc6841 59b67c28c3314487a4a68df8b30e6e58 - - default default] 10.0.0.194 "POST /v2.0/rbac-policies HTTP/1.1" status: 201 len: 523 time: 0.6054060
2026-03-04 02:30:22.695 9 INFO neutron.wsgi [req-bd41dbba-d5f1-4d8c-960c-912fae671178 req-ba2953bc-1b0a-4921-82b8-571e70623968 8eb51814642348b48b17492a62efb0ef 5d67e1745f5540598ea98529dda448dd - - default default] 199.204.45.25 "DELETE /v2.0/ports/6d9d0023-3e9c-430b-8014-88adcc408f97 HTTP/1.1" status: 204 len: 173 time: 1.2453849
2026-03-04 02:30:22.746 9 INFO neutron.notifiers.nova [-] Nova event matching ['req-aeb26245-c348-4be9-8d8f-c603adc352c9'] response: {'server_uuid': '4b7ad453-5fff-4b99-ba36-cf7e7d314305', 'name': 'network-vif-deleted', 'tag': '6d9d0023-3e9c-430b-8014-88adcc408f97', 'status': 'completed', 'code': 200}
2026-03-04 02:30:22.815 10 INFO neutron.wsgi [req-a37426e5-ad9e-4d73-9da8-008d71369742 req-6f5b4df3-07c0-4d65-ba1d-52701c165b7a 8eb51814642348b48b17492a62efb0ef 5d67e1745f5540598ea98529dda448dd - - default default] 10.0.0.206 "GET /v2.0/ports?device_id=4b7ad453-5fff-4b99-ba36-cf7e7d314305 HTTP/1.1" status: 200 len: 210 time: 0.0552034
2026-03-04 02:30:22.821 9 INFO neutron.db.ovn_revision_numbers_db [None req-7ca04323-72ff-4863-b861-126e05451c05 0eaeb9811a0e4e0683b5036e4583a103 8f88e600cf3449f8a080511d31fa8f58 - - default default] Successfully bumped revision number for resource bbaa18e0-b785-42a3-a1cc-2ffe246cfdae (type: router_ports) to 1
2026-03-04 02:30:22.827 9 INFO neutron.wsgi [None req-7ca04323-72ff-4863-b861-126e05451c05 0eaeb9811a0e4e0683b5036e4583a103 8f88e600cf3449f8a080511d31fa8f58 - - default default] 10.0.0.194 "PUT /v2.0/routers/b4536094-cb8a-4c1b-b968-284e42964c23/add_router_interface HTTP/1.1" status: 200 len: 503 time: 4.2209272
2026-03-04 02:30:22.872 10 INFO neutron.wsgi [None req-f3b9c9ea-d3e4-44c6-b974-ff5356f2a054 23ea61fcd0304c969b154524bf4e832e 245221d40d044995bdab4ce38cb4bc46 - - default default] 10.0.0.194 "DELETE /v2.0/routers/5dcad6c3-3c03-4dc5-9310-592f1d6cb82b HTTP/1.1" status: 204 len: 168 time: 0.5193610
2026-03-04 02:30:23.100 10 INFO neutron.db.ovn_revision_numbers_db [None req-46bc045e-989f-44d3-8aca-06a9b661dce8 - - - - - -] Successfully bumped revision number for resource bbaa18e0-b785-42a3-a1cc-2ffe246cfdae (type: ports) to 2
2026-03-04 02:30:23.148 9 INFO neutron.wsgi [None req-0dfbac89-8eb6-49d6-9055-12652702b1f3 035e592dc0e64afc9c855251ce9add2b 872398db7d4e4e9eb0f0a10ff5b91011 - - default default] 10.0.0.194 "GET /v2.0/networks/8ecddad9-25b8-4ba7-9379-dcd2c62e0527 HTTP/1.1" status: 200 len: 848 time: 0.1154132
2026-03-04 02:30:23.195 10 INFO neutron.wsgi [None req-291ba401-b0c5-419e-911e-b32c4c0272f6 23ea61fcd0304c969b154524bf4e832e 245221d40d044995bdab4ce38cb4bc46 - - default default] 10.0.0.194 "DELETE /v2.0/subnets/336d0405-29d3-44fc-8451-e74549393a45 HTTP/1.1" status: 204 len: 168 time: 0.3187830
2026-03-04 02:30:23.275 10 INFO neutron.db.ovn_revision_numbers_db [None req-46bc045e-989f-44d3-8aca-06a9b661dce8 - - - - - -] Successfully bumped revision number for resource bbaa18e0-b785-42a3-a1cc-2ffe246cfdae (type: router_ports) to 2
2026-03-04 02:30:23.580 10 INFO neutron.pecan_wsgi.hooks.translation [None req-de6a1890-8965-4d1d-90e3-88c9a7427b8c e7c4c872f4c34182a5f8707ad6a33d9e 0d832c8e75d44f80ad9fac24a3e1cd43 - - default default] GET failed (client error): The resource could not be found.
2026-03-04 02:30:23.582 10 INFO neutron.wsgi [None req-de6a1890-8965-4d1d-90e3-88c9a7427b8c e7c4c872f4c34182a5f8707ad6a33d9e 0d832c8e75d44f80ad9fac24a3e1cd43 - - default default] 10.0.0.194 "GET /v2.0/networks/8ecddad9-25b8-4ba7-9379-dcd2c62e0527 HTTP/1.1" status: 404 len: 339 time: 0.0591199
2026-03-04 02:30:23.648 9 INFO neutron.services.segments.plugin [-] Segment 05bf19ea-eee0-44aa-87cb-9f3a1bba2f23 resource provider aggregate not found
2026-03-04 02:30:23.652 9 INFO neutron.services.segments.plugin [-] Segment 05bf19ea-eee0-44aa-87cb-9f3a1bba2f23 resource provider aggregate not found
2026-03-04 02:30:23.668 9 INFO neutron.services.segments.plugin [-] Segment 05bf19ea-eee0-44aa-87cb-9f3a1bba2f23 resource provider not found; error: Placement Client Error (4xx): {"errors": [{"status": 404, "title": "Not Found", "detail": "The resource could not be found.\n\n No resource provider with uuid 05bf19ea-eee0-44aa-87cb-9f3a1bba2f23 found for delete ", "request_id": "req-692a0f67-e0da-47da-8f9c-0dc9f1585cd9"}]}
2026-03-04 02:30:23.671 9 INFO neutron.services.segments.plugin [-] Segment 05bf19ea-eee0-44aa-87cb-9f3a1bba2f23 resource provider not found; error: Placement Client Error (4xx): {"errors": [{"status": 404, "title": "Not Found", "detail": "The resource could not be found.\n\n No resource provider with uuid 05bf19ea-eee0-44aa-87cb-9f3a1bba2f23 found for delete ", "request_id": "req-9207a132-1e93-4dfd-b298-621502663f3f"}]}
2026-03-04 02:30:23.689 9 INFO neutron.wsgi [None req-db0b39b0-6866-43a1-a2c0-bec39c44d273 23ea61fcd0304c969b154524bf4e832e 245221d40d044995bdab4ce38cb4bc46 - - default default] 10.0.0.194 "DELETE /v2.0/networks/617f5b35-5568-46ca-b5d4-b1783a373977 HTTP/1.1" status: 204 len: 168 time: 0.4882574
2026-03-04 02:30:23.702 10 WARNING neutron_lib.context [None req-d50a22ff-9a09-4bd5-8821-714ddca61614 23ea61fcd0304c969b154524bf4e832e 245221d40d044995bdab4ce38cb4bc46 - - default default] Method 'is_advsvc' is deprecated since 2023.2 release (neutron-lib 3.8.0) and will be removed once support for the old RBAC API policies will be removed from Neutron. Please use method 'is_service_role' instead.
2026-03-04 02:30:23.708 9 WARNING neutron.plugins.ml2.drivers.ovn.mech_driver.ovsdb.ovn_client [None req-3865a772-688b-4849-821e-ed6a72bb218c - - - - - -] No port found with ID ba2fc236-1332-4a15-b2a4-7b0854b81725: RuntimeError: No port found with ID ba2fc236-1332-4a15-b2a4-7b0854b81725
2026-03-04 02:30:23.716 10 INFO neutron.notifiers.nova [-] Nova event matching ['req-ace32013-b568-4bf9-8866-39c9233ee275'] response: {'server_uuid': '4b7ad453-5fff-4b99-ba36-cf7e7d314305', 'name': 'network-vif-unplugged', 'status': 'completed', 'tag': '6d9d0023-3e9c-430b-8014-88adcc408f97', 'code': 200}
2026-03-04 02:30:23.824 10 INFO neutron.db.segments_db [None req-d50a22ff-9a09-4bd5-8821-714ddca61614 23ea61fcd0304c969b154524bf4e832e 245221d40d044995bdab4ce38cb4bc46 - - default default] Added segment a2de8907-77a8-403c-b766-7bb3901e1ea3 of type geneve for network 5734c11e-ac42-4c8c-b8c5-9f3fe6eebb46 /var/lib/openstack/lib/python3.10/site-packages/pycadf/identifier.py:71: UserWarning: Invalid uuid: neutron. To ensure interoperability, identifiers should be a valid uuid. warnings.warn(('Invalid uuid: %s. To ensure interoperability, '
2026-03-04 02:30:24.007 10 INFO neutron.db.ovn_revision_numbers_db [None req-d50a22ff-9a09-4bd5-8821-714ddca61614 23ea61fcd0304c969b154524bf4e832e 245221d40d044995bdab4ce38cb4bc46 - - default default] Successfully bumped revision number for resource 5734c11e-ac42-4c8c-b8c5-9f3fe6eebb46 (type: networks) to 1
2026-03-04 02:30:24.083 9 INFO neutron.wsgi [None req-aeca64d9-c189-4333-99eb-d41b9d655bf8 8eb51814642348b48b17492a62efb0ef 5d67e1745f5540598ea98529dda448dd - - default default] 10.0.0.194 "DELETE /v2.0/security-groups/e12b67b0-482f-4613-8103-ea34cb99f7a9 HTTP/1.1" status: 204 len: 168 time: 0.1627188
2026-03-04 02:30:24.097 9 INFO neutron.api.v2.resource [None req-04589b7d-a322-485b-a16b-a97bae37bef7 8eb51814642348b48b17492a62efb0ef 5d67e1745f5540598ea98529dda448dd - - default default] show failed (client error): The resource could not be found.
2026-03-04 02:30:24.099 9 INFO neutron.wsgi [None req-04589b7d-a322-485b-a16b-a97bae37bef7 8eb51814642348b48b17492a62efb0ef 5d67e1745f5540598ea98529dda448dd - - default default] 10.0.0.194 "GET /v2.0/security-groups/e12b67b0-482f-4613-8103-ea34cb99f7a9 HTTP/1.1" status: 404 len: 347 time: 0.0108306
2026-03-04 02:30:24.221 10 WARNING neutron.scheduler.dhcp_agent_scheduler [None req-d50a22ff-9a09-4bd5-8821-714ddca61614 23ea61fcd0304c969b154524bf4e832e 245221d40d044995bdab4ce38cb4bc46 - - default default] No more DHCP agents
2026-03-04 02:30:24.227 10 WARNING neutron.api.rpc.agentnotifiers.dhcp_rpc_agent_api [None req-d50a22ff-9a09-4bd5-8821-714ddca61614 23ea61fcd0304c969b154524bf4e832e 245221d40d044995bdab4ce38cb4bc46 - - default default] Unable to schedule network 5734c11e-ac42-4c8c-b8c5-9f3fe6eebb46: no agents available; will retry on subsequent port and subnet creation events.
2026-03-04 02:30:24.318 10 INFO neutron.services.segments.plugin [-] Segment 9cf076c2-4fce-4524-9bed-94a261c56b2e resource provider aggregate not found
2026-03-04 02:30:24.335 10 INFO neutron.services.segments.plugin [-] Segment 9cf076c2-4fce-4524-9bed-94a261c56b2e resource provider not found; error: Placement Client Error (4xx): {"errors": [{"status": 404, "title": "Not Found", "detail": "The resource could not be found.\n\n No resource provider with uuid 9cf076c2-4fce-4524-9bed-94a261c56b2e found for delete ", "request_id": "req-17a89671-842e-4c72-aabc-fae1ba05e397"}]}
2026-03-04 02:30:24.346 10 INFO neutron.services.segments.plugin [-] Segment 9cf076c2-4fce-4524-9bed-94a261c56b2e resource provider aggregate not found
2026-03-04 02:30:24.361 10 INFO neutron.services.segments.plugin [-] Segment 9cf076c2-4fce-4524-9bed-94a261c56b2e resource provider not found; error: Placement Client Error (4xx): {"errors": [{"status": 404, "title": "Not Found", "detail": "The resource could not be found.\n\n No resource provider with uuid 9cf076c2-4fce-4524-9bed-94a261c56b2e found for delete ", "request_id": "req-ed118bb5-bc46-4664-84ab-0f784d2f5844"}]}
2026-03-04 02:30:24.370 10 INFO neutron.wsgi [None req-259ee9f2-f525-449a-98d1-8577b8bc1c44 f3b9ba82dbff4a10bea3dac4b2fc6841 59b67c28c3314487a4a68df8b30e6e58 - - default default] 10.0.0.194 "DELETE /v2.0/networks/8ecddad9-25b8-4ba7-9379-dcd2c62e0527 HTTP/1.1" status: 204 len: 168 time: 0.7801504
2026-03-04 02:30:24.376 10 INFO neutron.db.ovn_revision_numbers_db [None req-d50a22ff-9a09-4bd5-8821-714ddca61614 23ea61fcd0304c969b154524bf4e832e 245221d40d044995bdab4ce38cb4bc46 - - default default] Successfully bumped revision number for resource c3139996-3efd-4123-bc23-3354f4a428f7 (type: ports) to 1
2026-03-04 02:30:24.407 10 INFO neutron.wsgi [None req-d50a22ff-9a09-4bd5-8821-714ddca61614 23ea61fcd0304c969b154524bf4e832e 245221d40d044995bdab4ce38cb4bc46 - - default default] 10.0.0.194 "POST /v2.0/networks HTTP/1.1" status: 201 len: 829 time: 0.7095792
2026-03-04 02:30:24.407 10 INFO neutron.pecan_wsgi.hooks.translation [None req-b8bdd8b1-0883-4029-b5a0-ac7b2d3ae6a7 f3b9ba82dbff4a10bea3dac4b2fc6841 59b67c28c3314487a4a68df8b30e6e58 - - default default] DELETE failed (client error): The resource could not be found.
2026-03-04 02:30:24.409 10 INFO neutron.wsgi [None req-b8bdd8b1-0883-4029-b5a0-ac7b2d3ae6a7 f3b9ba82dbff4a10bea3dac4b2fc6841 59b67c28c3314487a4a68df8b30e6e58 - - default default] 10.0.0.194 "DELETE /v2.0/subnets/e45554f0-b07c-4224-b7b2-f0c6189fb788 HTTP/1.1" status: 404 len: 337 time: 0.0174394
2026-03-04 02:30:24.416 10 WARNING neutron_lib.context [None req-0e4908a0-1987-46b6-810f-172be4c8d17b 23ea61fcd0304c969b154524bf4e832e 245221d40d044995bdab4ce38cb4bc46 - - default default] Method 'is_advsvc' is deprecated since 2023.2 release (neutron-lib 3.8.0) and will be removed once support for the old RBAC API policies will be removed from Neutron. Please use method 'is_service_role' instead.
2026-03-04 02:30:24.441 9 INFO neutron.pecan_wsgi.hooks.translation [None req-0946f12d-5b5f-47cd-9c04-2b7538cebc3c f3b9ba82dbff4a10bea3dac4b2fc6841 59b67c28c3314487a4a68df8b30e6e58 - - default default] DELETE failed (client error): The resource could not be found.
2026-03-04 02:30:24.443 9 INFO neutron.wsgi [None req-0946f12d-5b5f-47cd-9c04-2b7538cebc3c f3b9ba82dbff4a10bea3dac4b2fc6841 59b67c28c3314487a4a68df8b30e6e58 - - default default] 10.0.0.194 "DELETE /v2.0/subnets/b5a675e9-165a-4d5a-a1f1-4a781d2bef13 HTTP/1.1" status: 404 len: 337 time: 0.0280919
2026-03-04 02:30:24.473 9 INFO neutron.pecan_wsgi.hooks.translation [None req-6169538b-eb60-47c1-a6b6-a80bcc4b6981 f3b9ba82dbff4a10bea3dac4b2fc6841 59b67c28c3314487a4a68df8b30e6e58 - - default default] DELETE failed (client error): The resource could not be found.
2026-03-04 02:30:24.476 9 INFO neutron.wsgi [None req-6169538b-eb60-47c1-a6b6-a80bcc4b6981 f3b9ba82dbff4a10bea3dac4b2fc6841 59b67c28c3314487a4a68df8b30e6e58 - - default default] 10.0.0.194 "DELETE /v2.0/subnets/a31890d7-67f2-4bc2-83ee-763e206734b9 HTTP/1.1" status: 404 len: 337 time: 0.0275092
2026-03-04 02:30:24.641 10 WARNING neutron.scheduler.dhcp_agent_scheduler [None req-0e4908a0-1987-46b6-810f-172be4c8d17b 23ea61fcd0304c969b154524bf4e832e 245221d40d044995bdab4ce38cb4bc46 - - default default] No more DHCP agents
2026-03-04 02:30:24.644 10 WARNING neutron.api.rpc.agentnotifiers.dhcp_rpc_agent_api [None req-0e4908a0-1987-46b6-810f-172be4c8d17b 23ea61fcd0304c969b154524bf4e832e 245221d40d044995bdab4ce38cb4bc46 - - default default] Unable to schedule network 5734c11e-ac42-4c8c-b8c5-9f3fe6eebb46: no agents available; will retry on subsequent port and subnet creation events.
2026-03-04 02:30:24.763 9 INFO neutron.wsgi [None req-52a338c4-8c39-46bb-8bd9-300ab3a7ce1b 8eb51814642348b48b17492a62efb0ef 5d67e1745f5540598ea98529dda448dd - - default default] 10.0.0.194 "DELETE /v2.0/floatingips/a1b87a83-1797-439b-b8b4-730800269d24 HTTP/1.1" status: 204 len: 168 time: 0.6591415
2026-03-04 02:30:25.139 10 INFO neutron.db.ovn_revision_numbers_db [None req-0e4908a0-1987-46b6-810f-172be4c8d17b 23ea61fcd0304c969b154524bf4e832e 245221d40d044995bdab4ce38cb4bc46 - - default default] Successfully bumped revision number for resource c3139996-3efd-4123-bc23-3354f4a428f7 (type: ports) to 2
2026-03-04 02:30:25.171 10 INFO neutron.db.ovn_revision_numbers_db [None req-0e4908a0-1987-46b6-810f-172be4c8d17b 23ea61fcd0304c969b154524bf4e832e 245221d40d044995bdab4ce38cb4bc46 - - default default] Successfully bumped revision number for resource 62963909-fab4-4065-b318-5486a4f22a4d (type: subnets) to 0
2026-03-04 02:30:25.195 10 INFO neutron.wsgi [None req-0e4908a0-1987-46b6-810f-172be4c8d17b 23ea61fcd0304c969b154524bf4e832e 245221d40d044995bdab4ce38cb4bc46 - - default default] 10.0.0.194 "POST /v2.0/subnets HTTP/1.1" status: 201 len: 801 time: 0.7826083
2026-03-04 02:30:25.206 10 WARNING neutron_lib.context [None req-e904d5e2-b2ae-4265-9f70-13cd071e2749 23ea61fcd0304c969b154524bf4e832e 245221d40d044995bdab4ce38cb4bc46 - - default default] Method 'is_advsvc' is deprecated since 2023.2 release (neutron-lib 3.8.0) and will be removed once support for the old RBAC API policies will be removed from Neutron. Please use method 'is_service_role' instead.
2026-03-04 02:30:25.297 10 INFO neutron.wsgi [req-4afaeea3-78c5-4bcf-a23e-c1b87bdae839 req-d23f492a-9988-44ce-ae0e-4f87bd80f121 46ee418fd7b14d5c822bee804d48c0b4 a651256f60d242f6adb36220f1a049d2 - - default default] 10.0.0.206 "GET /v2.0/networks?id=e92a0189-9c5a-48bf-9c42-d31b187d732d HTTP/1.1" status: 200 len: 871 time: 0.0867801
2026-03-04 02:30:25.318 10 INFO neutron.wsgi [req-4afaeea3-78c5-4bcf-a23e-c1b87bdae839 req-c0d30f40-8b2d-4223-ae3f-26fea2bf0b60 46ee418fd7b14d5c822bee804d48c0b4 a651256f60d242f6adb36220f1a049d2 - - default default] 10.0.0.206 "GET /v2.0/quotas/a651256f60d242f6adb36220f1a049d2 HTTP/1.1" status: 200 len: 491 time: 0.0096204
2026-03-04 02:30:25.413 10 INFO neutron.db.ovn_revision_numbers_db [None req-e904d5e2-b2ae-4265-9f70-13cd071e2749 23ea61fcd0304c969b154524bf4e832e 245221d40d044995bdab4ce38cb4bc46 - - default default] Successfully bumped revision number for resource 9c5a8686-4f2a-47df-9cd5-8f7f494bf096 (type: routers) to 1
2026-03-04 02:30:25.448 10 INFO neutron.wsgi [None req-e904d5e2-b2ae-4265-9f70-13cd071e2749 23ea61fcd0304c969b154524bf4e832e 245221d40d044995bdab4ce38cb4bc46 - - default default] 10.0.0.194 "POST /v2.0/routers HTTP/1.1" status: 201 len: 801 time: 0.2476997
2026-03-04 02:30:25.724 10 INFO neutron.wsgi [req-4afaeea3-78c5-4bcf-a23e-c1b87bdae839 req-658672a3-7f12-4579-abb7-179d12549086 46ee418fd7b14d5c822bee804d48c0b4 a651256f60d242f6adb36220f1a049d2 - - default default] 10.0.0.206 "GET /v2.0/ports?tenant_id=a651256f60d242f6adb36220f1a049d2&fields=id HTTP/1.1" status: 200 len: 302 time: 0.3993390
2026-03-04 02:30:25.751 9 INFO neutron.db.ovn_revision_numbers_db [None req-a3604728-d427-4949-b3dd-28da857fc508 0eaeb9811a0e4e0683b5036e4583a103 8f88e600cf3449f8a080511d31fa8f58 - - default default] Successfully bumped revision number for resource 94cc0011-bc54-4263-9f3d-8206d3db40fe (type: security_groups) to 1
2026-03-04 02:30:25.791 9 INFO neutron.db.ovn_revision_numbers_db [None req-a3604728-d427-4949-b3dd-28da857fc508 0eaeb9811a0e4e0683b5036e4583a103 8f88e600cf3449f8a080511d31fa8f58 - - default default] Successfully bumped revision number for resource 3343dced-d65b-4ac4-b3c1-c83dea117fa7 (type: security_group_rules) to 0
2026-03-04 02:30:25.814 9 INFO neutron.db.ovn_revision_numbers_db [None req-a3604728-d427-4949-b3dd-28da857fc508 0eaeb9811a0e4e0683b5036e4583a103 8f88e600cf3449f8a080511d31fa8f58 - - default default] Successfully bumped revision number for resource 5336bfc3-dcc7-430c-9c6c-df68e4ffbb89 (type: security_group_rules) to 0
2026-03-04 02:30:25.827 10 INFO neutron.wsgi [req-4afaeea3-78c5-4bcf-a23e-c1b87bdae839 req-6dbabc02-4a6d-4d9b-857a-3e0081f73c8f 9485d081605d4854bc7425fede65ba90 59b95180f6ac47f9b81ebeea0a229261 - - f65d03401fe643fba374468d1db27df7 f65d03401fe643fba374468d1db27df7] 10.0.0.206 "GET /v2.0/networks/e92a0189-9c5a-48bf-9c42-d31b187d732d?fields=segments HTTP/1.1" status: 200 len: 212 time: 0.0828307
2026-03-04 02:30:25.829 9 INFO neutron.db.ovn_revision_numbers_db [None req-a3604728-d427-4949-b3dd-28da857fc508 0eaeb9811a0e4e0683b5036e4583a103 8f88e600cf3449f8a080511d31fa8f58 - - default default] Successfully bumped revision number for resource c666c950-27d9-476c-b286-696d4b7506d6 (type: security_group_rules) to 0
2026-03-04 02:30:25.853 9 INFO neutron.db.ovn_revision_numbers_db [None req-a3604728-d427-4949-b3dd-28da857fc508 0eaeb9811a0e4e0683b5036e4583a103 8f88e600cf3449f8a080511d31fa8f58 - - default default] Successfully bumped revision number for resource cc8bd148-cc40-46ec-acc6-3b9f342042da (type: security_group_rules) to 0
2026-03-04 02:30:25.885 9 INFO neutron.wsgi [None req-a3604728-d427-4949-b3dd-28da857fc508 0eaeb9811a0e4e0683b5036e4583a103 8f88e600cf3449f8a080511d31fa8f58 - - default default] 10.0.0.194 "GET /v2.0/security-groups?tenant_id=0d832c8e75d44f80ad9fac24a3e1cd43&name=default HTTP/1.1" status: 200 len: 3120 time: 0.4979548
2026-03-04 02:30:25.933 10 INFO neutron.wsgi [req-4afaeea3-78c5-4bcf-a23e-c1b87bdae839 req-21f6af7c-f66d-4e50-8eb4-e2e802e3c758 9485d081605d4854bc7425fede65ba90 59b95180f6ac47f9b81ebeea0a229261 - - f65d03401fe643fba374468d1db27df7 f65d03401fe643fba374468d1db27df7] 10.0.0.206 "GET /v2.0/networks/e92a0189-9c5a-48bf-9c42-d31b187d732d?fields=provider%3Aphysical_network&fields=provider%3Anetwork_type HTTP/1.1" status: 200 len: 277 time: 0.0970709
2026-03-04 02:30:26.065 9 INFO neutron.wsgi [req-112dde32-5808-4f78-92c6-d23fe1e00982 req-3a42cc83-b3ac-4621-8714-2c2d724aad32 46ee418fd7b14d5c822bee804d48c0b4 a651256f60d242f6adb36220f1a049d2 - - default default] 10.0.0.206 "GET /v2.0/ports?device_id=b7d6607d-0d09-4a9b-bed5-180bdb3a925b HTTP/1.1" status: 200 len: 210 time: 0.0214992
2026-03-04 02:30:26.150 9 INFO neutron.wsgi [None req-caa2a696-ebd1-44bf-ad9c-fa4458e61b89 0eaeb9811a0e4e0683b5036e4583a103 8f88e600cf3449f8a080511d31fa8f58 - - default default] 10.0.0.194 "PUT /v2.0/routers/74bb5927-1dd1-4a23-bbbd-9753cc65f0bc/remove_router_interface HTTP/1.1" status: 200 len: 503 time: 1.3834114
2026-03-04 02:30:26.189 10 WARNING neutron.scheduler.dhcp_agent_scheduler [None req-e193cffe-cef9-4ae7-b640-5da582349168 23ea61fcd0304c969b154524bf4e832e 245221d40d044995bdab4ce38cb4bc46 - - default default] No more DHCP agents
2026-03-04 02:30:26.192 10 WARNING neutron.api.rpc.agentnotifiers.dhcp_rpc_agent_api [None req-e193cffe-cef9-4ae7-b640-5da582349168 23ea61fcd0304c969b154524bf4e832e 245221d40d044995bdab4ce38cb4bc46 - - default default] Unable to schedule network 5734c11e-ac42-4c8c-b8c5-9f3fe6eebb46: no agents available; will retry on subsequent port and subnet creation events.
2026-03-04 02:30:26.200 9 INFO neutron.wsgi [None req-9935fa2f-c017-430c-9579-fd3742a35753 0eaeb9811a0e4e0683b5036e4583a103 8f88e600cf3449f8a080511d31fa8f58 - - default default] 10.0.0.194 "DELETE /v2.0/security-groups/94cc0011-bc54-4263-9f3d-8206d3db40fe HTTP/1.1" status: 204 len: 168 time: 0.3083625
2026-03-04 02:30:26.272 9 INFO neutron.wsgi [-] 10.0.0.223 "GET / HTTP/1.1" status: 200 len: 247 time: 0.0032232
2026-03-04 02:30:26.275 9 INFO neutron.wsgi [-] 10.0.0.223 "GET / HTTP/1.1" status: 200 len: 247 time: 0.0023775 /var/lib/openstack/lib/python3.10/site-packages/pycadf/identifier.py:71: UserWarning: Invalid uuid: neutron. To ensure interoperability, identifiers should be a valid uuid. warnings.warn(('Invalid uuid: %s. To ensure interoperability, '
2026-03-04 02:30:26.327 9 INFO neutron.wsgi [None req-09f80c6b-5d75-4b35-89a6-ab9de1471a4d 0eaeb9811a0e4e0683b5036e4583a103 8f88e600cf3449f8a080511d31fa8f58 - - default default] 10.0.0.194 "GET /v2.0/security-groups?tenant_id=59b67c28c3314487a4a68df8b30e6e58&name=default HTTP/1.1" status: 200 len: 3120 time: 0.0408375
2026-03-04 02:30:26.466 10 INFO neutron.db.ovn_revision_numbers_db [None req-e193cffe-cef9-4ae7-b640-5da582349168 23ea61fcd0304c969b154524bf4e832e 245221d40d044995bdab4ce38cb4bc46 - - default default] Successfully bumped revision number for resource 41fcbc1f-a7c7-4eb5-9534-df7b3e9a08ee (type: ports) to 1
2026-03-04 02:30:26.548 9 INFO neutron.wsgi [None req-c9470540-3e64-4b8f-b02c-f3c03efe68a2 0eaeb9811a0e4e0683b5036e4583a103 8f88e600cf3449f8a080511d31fa8f58 - - default default] 10.0.0.194 "DELETE /v2.0/security-groups/cf813f22-b56d-4e7f-8046-f8ab4bf80ac8 HTTP/1.1" status: 204 len: 168 time: 0.2090733
2026-03-04 02:30:26.768 9 INFO neutron.wsgi [req-4afaeea3-78c5-4bcf-a23e-c1b87bdae839 req-db5b98e6-bcd2-4fad-8adf-2fc612b8deb9 46ee418fd7b14d5c822bee804d48c0b4 a651256f60d242f6adb36220f1a049d2 - - default default] 199.204.45.25 "GET /v2.0/networks?id=e92a0189-9c5a-48bf-9c42-d31b187d732d HTTP/1.1" status: 200 len: 871 time: 0.1034129
2026-03-04 02:30:26.780 9 WARNING neutron_lib.context [req-4afaeea3-78c5-4bcf-a23e-c1b87bdae839 req-fcabc335-4617-4ec6-b97a-d03338a19d9e 46ee418fd7b14d5c822bee804d48c0b4 a651256f60d242f6adb36220f1a049d2 - - default default] Method 'is_advsvc' is deprecated since 2023.2 release (neutron-lib 3.8.0) and will be removed once support for the old RBAC API policies will be removed from Neutron. Please use method 'is_service_role' instead.
2026-03-04 02:30:26.953 9 INFO neutron.db.ovn_revision_numbers_db [None req-371348fb-dc2d-476a-8dc6-3444a2f3d15e 0eaeb9811a0e4e0683b5036e4583a103 8f88e600cf3449f8a080511d31fa8f58 - - default default] Successfully bumped revision number for resource 1baa1640-7860-4c5d-9834-6e10a9be3fd3 (type: security_groups) to 1
2026-03-04 02:30:26.976 9 INFO neutron.db.ovn_revision_numbers_db [None req-371348fb-dc2d-476a-8dc6-3444a2f3d15e 0eaeb9811a0e4e0683b5036e4583a103 8f88e600cf3449f8a080511d31fa8f58 - - default default] Successfully bumped revision number for resource 1fda7318-880b-46d7-b225-f196e0077b67 (type: security_group_rules) to 0
2026-03-04 02:30:26.993 9 INFO neutron.db.ovn_revision_numbers_db [None req-371348fb-dc2d-476a-8dc6-3444a2f3d15e 0eaeb9811a0e4e0683b5036e4583a103 8f88e600cf3449f8a080511d31fa8f58 - - default default] Successfully bumped revision number for resource 31b4d311-c59e-44e1-945d-302a4be18f58 (type: security_group_rules) to 0
2026-03-04 02:30:27.005 10 ERROR ovsdbapp.backend.ovs_idl.command [None req-e193cffe-cef9-4ae7-b640-5da582349168 23ea61fcd0304c969b154524bf4e832e 245221d40d044995bdab4ce38cb4bc46 - - default default] Error executing command (DbGetCommand): ovsdbapp.backend.ovs_idl.idlutils.RowNotFound: Cannot find Logical_Router_Port with name=lrp-41fcbc1f-a7c7-4eb5-9534-df7b3e9a08ee
2026-03-04 02:30:27.005 10 ERROR ovsdbapp.backend.ovs_idl.command
Traceback (most recent call last):
2026-03-04 02:30:27.005 10 ERROR ovsdbapp.backend.ovs_idl.command
File "/var/lib/openstack/lib/python3.10/site-packages/ovsdbapp/backend/ovs_idl/command.py", line 47, in execute
2026-03-04 02:30:27.005 10 ERROR ovsdbapp.backend.ovs_idl.command self.run_idl(None)
2026-03-04 02:30:27.005 10 ERROR ovsdbapp.backend.ovs_idl.command
File "/var/lib/openstack/lib/python3.10/site-packages/ovsdbapp/backend/ovs_idl/command.py", line 235, in run_idl
2026-03-04 02:30:27.005 10 ERROR ovsdbapp.backend.ovs_idl.command record = self.api.lookup(self.table, self.record)
2026-03-04 02:30:27.005 10 ERROR ovsdbapp.backend.ovs_idl.command
File "/var/lib/openstack/lib/python3.10/site-packages/ovsdbapp/backend/ovs_idl/__init__.py", line 184, in lookup
2026-03-04 02:30:27.005 10 ERROR ovsdbapp.backend.ovs_idl.command return self._lookup(table, record)
2026-03-04 02:30:27.005 10 ERROR ovsdbapp.backend.ovs_idl.command
File "/var/lib/openstack/lib/python3.10/site-packages/ovsdbapp/backend/ovs_idl/__init__.py", line 235, in _lookup
2026-03-04 02:30:27.005 10 ERROR ovsdbapp.backend.ovs_idl.command row = idlutils.row_by_value(self, rl.table, rl.column, record)
2026-03-04 02:30:27.005 10 ERROR ovsdbapp.backend.ovs_idl.command
File "/var/lib/openstack/lib/python3.10/site-packages/ovsdbapp/backend/ovs_idl/idlutils.py", line 114, in row_by_value
2026-03-04 02:30:27.005 10 ERROR ovsdbapp.backend.ovs_idl.command raise RowNotFound(table=table, col=column, match=match)
2026-03-04 02:30:27.005 10 ERROR ovsdbapp.backend.ovs_idl.command ovsdbapp.backend.ovs_idl.idlutils.RowNotFound: Cannot find Logical_Router_Port with name=lrp-41fcbc1f-a7c7-4eb5-9534-df7b3e9a08ee
2026-03-04 02:30:27.005 10 ERROR ovsdbapp.backend.ovs_idl.command 
2026-03-04 02:30:27.005 10 ERROR neutron_lib.callbacks.manager [None req-e193cffe-cef9-4ae7-b640-5da582349168 23ea61fcd0304c969b154524bf4e832e 245221d40d044995bdab4ce38cb4bc46 - - default default] Error during notification for neutron.services.ovn_l3.plugin.OVNL3RouterPlugin._port_update-8751242514159 port, after_update: ovsdbapp.backend.ovs_idl.idlutils.RowNotFound: Cannot find Logical_Router_Port with name=lrp-41fcbc1f-a7c7-4eb5-9534-df7b3e9a08ee
2026-03-04 02:30:27.005 10 ERROR neutron_lib.callbacks.manager
Traceback (most recent call last):
2026-03-04 02:30:27.005 10 ERROR neutron_lib.callbacks.manager
File "/var/lib/openstack/lib/python3.10/site-packages/neutron_lib/callbacks/manager.py", line 189, in _notify_loop
2026-03-04 02:30:27.005 10 ERROR neutron_lib.callbacks.manager callback.method(resource, event, trigger, payload=payload)
2026-03-04 02:30:27.005 10 ERROR neutron_lib.callbacks.manager
File "/var/lib/openstack/lib/python3.10/site-packages/neutron/services/ovn_l3/plugin.py", line 391, in _port_update
2026-03-04 02:30:27.005 10 ERROR neutron_lib.callbacks.manager l3plugin._ovn_client.update_router_port(context,
2026-03-04 02:30:27.005 10 ERROR neutron_lib.callbacks.manager
File "/var/lib/openstack/lib/python3.10/site-packages/neutron/plugins/ml2/drivers/ovn/mech_driver/ovsdb/ovn_client.py", line 1878, in update_router_port
2026-03-04 02:30:27.005 10 ERROR neutron_lib.callbacks.manager self._update_lrouter_port(context, port, if_exists=if_exists,
2026-03-04 02:30:27.005 10 ERROR neutron_lib.callbacks.manager
File "/var/lib/openstack/lib/python3.10/site-packages/neutron/plugins/ml2/drivers/ovn/mech_driver/ovsdb/ovn_client.py", line 1855, in _update_lrouter_port
2026-03-04 02:30:27.005 10 ERROR neutron_lib.callbacks.manager external_ids = self._nb_idl.db_get(
2026-03-04 02:30:27.005 10 ERROR neutron_lib.callbacks.manager
File "/var/lib/openstack/lib/python3.10/site-packages/ovsdbapp/backend/ovs_idl/command.py", line 47, in execute
2026-03-04 02:30:27.005 10 ERROR neutron_lib.callbacks.manager self.run_idl(None)
2026-03-04 02:30:27.005 10 ERROR neutron_lib.callbacks.manager
File "/var/lib/openstack/lib/python3.10/site-packages/ovsdbapp/backend/ovs_idl/command.py", line 235, in run_idl
2026-03-04 02:30:27.005 10 ERROR neutron_lib.callbacks.manager record = self.api.lookup(self.table, self.record)
2026-03-04 02:30:27.005 10 ERROR neutron_lib.callbacks.manager
File "/var/lib/openstack/lib/python3.10/site-packages/ovsdbapp/backend/ovs_idl/__init__.py", line 184, in lookup
2026-03-04 02:30:27.005 10 ERROR neutron_lib.callbacks.manager return self._lookup(table, record)
2026-03-04 02:30:27.005 10 ERROR neutron_lib.callbacks.manager
File "/var/lib/openstack/lib/python3.10/site-packages/ovsdbapp/backend/ovs_idl/__init__.py", line 235, in _lookup
2026-03-04 02:30:27.005 10 ERROR neutron_lib.callbacks.manager row = idlutils.row_by_value(self, rl.table, rl.column, record)
2026-03-04 02:30:27.005 10 ERROR neutron_lib.callbacks.manager
File "/var/lib/openstack/lib/python3.10/site-packages/ovsdbapp/backend/ovs_idl/idlutils.py", line 114, in row_by_value
2026-03-04 02:30:27.005 10 ERROR neutron_lib.callbacks.manager raise RowNotFound(table=table, col=column, match=match)
2026-03-04 02:30:27.005 10 ERROR neutron_lib.callbacks.manager ovsdbapp.backend.ovs_idl.idlutils.RowNotFound: Cannot find Logical_Router_Port with name=lrp-41fcbc1f-a7c7-4eb5-9534-df7b3e9a08ee
2026-03-04 02:30:27.005 10 ERROR neutron_lib.callbacks.manager 
2026-03-04 02:30:27.015 9 INFO neutron.db.ovn_revision_numbers_db [None req-371348fb-dc2d-476a-8dc6-3444a2f3d15e 0eaeb9811a0e4e0683b5036e4583a103 8f88e600cf3449f8a080511d31fa8f58 - - default default] Successfully bumped revision number for resource 8c67331c-1386-460c-9d3a-925cd72d980f (type: security_group_rules) to 0
2026-03-04 02:30:27.036 9 INFO neutron.db.ovn_revision_numbers_db [None req-371348fb-dc2d-476a-8dc6-3444a2f3d15e 0eaeb9811a0e4e0683b5036e4583a103 8f88e600cf3449f8a080511d31fa8f58 - - default default] Successfully bumped revision number for resource d073356d-7752-4ca6-bfb4-d5840359078f (type: security_group_rules) to 0
2026-03-04 02:30:27.066 9 INFO neutron.wsgi [None req-371348fb-dc2d-476a-8dc6-3444a2f3d15e 0eaeb9811a0e4e0683b5036e4583a103 8f88e600cf3449f8a080511d31fa8f58 - - default default] 10.0.0.194 "GET /v2.0/security-groups?tenant_id=872398db7d4e4e9eb0f0a10ff5b91011&name=default HTTP/1.1" status: 200 len: 3120 time: 0.3091397
2026-03-04 02:30:27.178 9 WARNING neutron.scheduler.dhcp_agent_scheduler [req-4afaeea3-78c5-4bcf-a23e-c1b87bdae839 req-fcabc335-4617-4ec6-b97a-d03338a19d9e 46ee418fd7b14d5c822bee804d48c0b4 a651256f60d242f6adb36220f1a049d2 - - default default] No more DHCP agents
2026-03-04 02:30:27.184 9 WARNING neutron.api.rpc.agentnotifiers.dhcp_rpc_agent_api [req-4afaeea3-78c5-4bcf-a23e-c1b87bdae839 req-fcabc335-4617-4ec6-b97a-d03338a19d9e 46ee418fd7b14d5c822bee804d48c0b4 a651256f60d242f6adb36220f1a049d2 - - default default] Unable to schedule network e92a0189-9c5a-48bf-9c42-d31b187d732d: no agents available; will retry on subsequent port and subnet creation events.
2026-03-04 02:30:27.314 10 INFO neutron.wsgi [req-cfc049c2-2667-481d-bddb-90ad9c880f9c req-5a7853ad-ae40-41bb-8517-4a2b083f7409 46ee418fd7b14d5c822bee804d48c0b4 a651256f60d242f6adb36220f1a049d2 - - default default] 10.0.0.206 "GET /v2.0/ports?device_id=b7d6607d-0d09-4a9b-bed5-180bdb3a925b HTTP/1.1" status: 200 len: 1160 time: 0.0704539
2026-03-04 02:30:27.362 9 INFO neutron.wsgi [None req-246a1448-68f2-4bb5-8b29-688d056156fe 0eaeb9811a0e4e0683b5036e4583a103 8f88e600cf3449f8a080511d31fa8f58 - - default default] 10.0.0.194 "DELETE /v2.0/security-groups/1baa1640-7860-4c5d-9834-6e10a9be3fd3 HTTP/1.1" status: 204 len: 168 time: 0.2896092
2026-03-04 02:30:27.363 9 INFO neutron.db.ovn_revision_numbers_db [req-4afaeea3-78c5-4bcf-a23e-c1b87bdae839 req-fcabc335-4617-4ec6-b97a-d03338a19d9e 46ee418fd7b14d5c822bee804d48c0b4 a651256f60d242f6adb36220f1a049d2 - - default default] Successfully bumped revision number for resource 7910f4d0-ec14-4754-8f30-309b9f448306 (type: ports) to 1
2026-03-04 02:30:27.388 9 INFO neutron.wsgi [req-4afaeea3-78c5-4bcf-a23e-c1b87bdae839 req-fcabc335-4617-4ec6-b97a-d03338a19d9e 46ee418fd7b14d5c822bee804d48c0b4 a651256f60d242f6adb36220f1a049d2 - - default default] 199.204.45.25 "POST /v2.0/ports HTTP/1.1" status: 201 len: 1162 time: 0.6118114 /var/lib/openstack/lib/python3.10/site-packages/pycadf/identifier.py:71: UserWarning: Invalid uuid: neutron. To ensure interoperability, identifiers should be a valid uuid. warnings.warn(('Invalid uuid: %s. To ensure interoperability, '
2026-03-04 02:30:27.424 10 INFO neutron.wsgi [req-cfc049c2-2667-481d-bddb-90ad9c880f9c req-b74adcee-b390-4012-83a8-3e066350074b 46ee418fd7b14d5c822bee804d48c0b4 a651256f60d242f6adb36220f1a049d2 - - default default] 10.0.0.206 "GET /v2.0/security-groups?id=15d96dc6-8ffc-41ac-950d-d1e44cf0d52b&fields=id&fields=name HTTP/1.1" status: 200 len: 286 time: 0.0965312
2026-03-04 02:30:27.480 10 INFO neutron.wsgi [None req-f9349b20-f065-4861-9da8-86cde90584eb 0eaeb9811a0e4e0683b5036e4583a103 8f88e600cf3449f8a080511d31fa8f58 - - default default] 10.0.0.194 "DELETE /v2.0/routers/74bb5927-1dd1-4a23-bbbd-9753cc65f0bc HTTP/1.1" status: 204 len: 168 time: 1.3222809
2026-03-04 02:30:27.550 9 INFO neutron.plugins.ml2.drivers.ovn.mech_driver.mech_driver [None req-3865a772-688b-4849-821e-ed6a72bb218c - - - - - -] OVN reports status up for port: 41fcbc1f-a7c7-4eb5-9534-df7b3e9a08ee
2026-03-04 02:30:27.556 10 INFO neutron.db.ovn_revision_numbers_db [None req-e193cffe-cef9-4ae7-b640-5da582349168 23ea61fcd0304c969b154524bf4e832e 245221d40d044995bdab4ce38cb4bc46 - - default default] Successfully bumped revision number for resource 41fcbc1f-a7c7-4eb5-9534-df7b3e9a08ee (type: ports) to 1
2026-03-04 02:30:27.568 9 INFO neutron.plugins.ml2.plugin [None req-3865a772-688b-4849-821e-ed6a72bb218c - - - - - -] Attempt 1 to provision port 41fcbc1f-a7c7-4eb5-9534-df7b3e9a08ee
2026-03-04 02:30:27.611 10 WARNING neutron.scheduler.dhcp_agent_scheduler [None req-e193cffe-cef9-4ae7-b640-5da582349168 23ea61fcd0304c969b154524bf4e832e 245221d40d044995bdab4ce38cb4bc46 - - default default] No more DHCP agents
2026-03-04 02:30:27.612 10 WARNING neutron.api.rpc.agentnotifiers.dhcp_rpc_agent_api [None req-e193cffe-cef9-4ae7-b640-5da582349168 23ea61fcd0304c969b154524bf4e832e 245221d40d044995bdab4ce38cb4bc46 - - default default] Unable to schedule network 5734c11e-ac42-4c8c-b8c5-9f3fe6eebb46: no agents available; will retry on subsequent port and subnet creation events.
2026-03-04 02:30:27.765 10 INFO neutron.db.ovn_revision_numbers_db [None req-e193cffe-cef9-4ae7-b640-5da582349168 23ea61fcd0304c969b154524bf4e832e 245221d40d044995bdab4ce38cb4bc46 - - default default] Successfully bumped revision number for resource 41fcbc1f-a7c7-4eb5-9534-df7b3e9a08ee (type: router_ports) to 1
2026-03-04 02:30:27.771 10 INFO neutron.wsgi [None req-e193cffe-cef9-4ae7-b640-5da582349168 23ea61fcd0304c969b154524bf4e832e 245221d40d044995bdab4ce38cb4bc46 - - default default] 10.0.0.194 "PUT /v2.0/routers/9c5a8686-4f2a-47df-9cd5-8f7f494bf096/add_router_interface HTTP/1.1" status: 200 len: 503 time: 2.3164937
2026-03-04 02:30:27.812 10 INFO neutron.wsgi [None req-64b834f7-007a-4b43-ae0d-c19ff3bafaa8 23ea61fcd0304c969b154524bf4e832e 245221d40d044995bdab4ce38cb4bc46 - - default default] 10.0.0.194 "GET /v2.0/ports/41fcbc1f-a7c7-4eb5-9534-df7b3e9a08ee HTTP/1.1" status: 200 len: 1135 time: 0.0359626
2026-03-04 02:30:27.848 10 WARNING neutron.plugins.ml2.drivers.ovn.mech_driver.ovsdb.ovn_client [None req-46bc045e-989f-44d3-8aca-06a9b661dce8 - - - - - -] No hosting information found for port bbaa18e0-b785-42a3-a1cc-2ffe246cfdae: RuntimeError: No hosting information found for port bbaa18e0-b785-42a3-a1cc-2ffe246cfdae
2026-03-04 02:30:27.856 10 INFO neutron.wsgi [None req-f3b0dc18-477d-4612-b2f9-af781041355a 23ea61fcd0304c969b154524bf4e832e 245221d40d044995bdab4ce38cb4bc46 - - default default] 10.0.0.194 "GET /v2.0/ports/41fcbc1f-a7c7-4eb5-9534-df7b3e9a08ee HTTP/1.1" status: 200 len: 1135 time: 0.0350804
2026-03-04 02:30:28.148 9 INFO neutron.wsgi [None req-2930fe9c-c304-4c88-8cee-6e63054632cd 0eaeb9811a0e4e0683b5036e4583a103 8f88e600cf3449f8a080511d31fa8f58 - - default default] 10.0.0.194 "DELETE /v2.0/subnets/a2cca127-8700-4cbd-aac7-2c5fe08d8a7d HTTP/1.1" status: 204 len: 168 time: 0.6611967
2026-03-04 02:30:28.311 9 INFO neutron.db.ovn_revision_numbers_db [req-4afaeea3-78c5-4bcf-a23e-c1b87bdae839 req-a9eafd7b-4718-4096-8591-b69b716131ed 9485d081605d4854bc7425fede65ba90 59b95180f6ac47f9b81ebeea0a229261 - - f65d03401fe643fba374468d1db27df7 f65d03401fe643fba374468d1db27df7] Successfully bumped revision number for resource 7910f4d0-ec14-4754-8f30-309b9f448306 (type: ports) to 2
2026-03-04 02:30:28.420 9 INFO neutron.db.ovn_revision_numbers_db [None req-3865a772-688b-4849-821e-ed6a72bb218c - - - - - -] Successfully bumped revision number for resource 41fcbc1f-a7c7-4eb5-9534-df7b3e9a08ee (type: ports) to 2 /var/lib/openstack/lib/python3.10/site-packages/pycadf/identifier.py:71: UserWarning: Invalid uuid: neutron. To ensure interoperability, identifiers should be a valid uuid. warnings.warn(('Invalid uuid: %s. To ensure interoperability, '
2026-03-04 02:30:28.509 10 INFO neutron.services.segments.plugin [-] Segment b4f31627-4899-406b-acdf-7175b6154b98 resource provider aggregate not found
2026-03-04 02:30:28.515 10 INFO neutron.services.segments.plugin [-] Segment b4f31627-4899-406b-acdf-7175b6154b98 resource provider aggregate not found
2026-03-04 02:30:28.536 10 INFO neutron.services.segments.plugin [-] Segment b4f31627-4899-406b-acdf-7175b6154b98 resource provider not found; error: Placement Client Error (4xx): {"errors": [{"status": 404, "title": "Not Found", "detail": "The resource could not be found.\n\n No resource provider with uuid b4f31627-4899-406b-acdf-7175b6154b98 found for delete ", "request_id": "req-f09ac190-3e69-4ab1-b24d-f157e9dc9481"}]}
2026-03-04 02:30:28.539 10 INFO neutron.services.segments.plugin [-] Segment b4f31627-4899-406b-acdf-7175b6154b98 resource provider not found; error: Placement Client Error (4xx): {"errors": [{"status": 404, "title": "Not Found", "detail": "The resource could not be found.\n\n No resource provider with uuid b4f31627-4899-406b-acdf-7175b6154b98 found for delete ", "request_id": "req-fe482395-5ccc-4aa8-b690-7f9e5a92b386"}]}
2026-03-04 02:30:28.563 10 INFO neutron.wsgi [None req-a0dfdb79-9dcf-4e6c-b329-5b646791e6a7 0eaeb9811a0e4e0683b5036e4583a103 8f88e600cf3449f8a080511d31fa8f58 - - default default] 10.0.0.194 "DELETE /v2.0/networks/767fc96e-291d-4195-b1c2-0a3057495fc6 HTTP/1.1" status: 204 len: 168 time: 0.4102051
2026-03-04 02:30:28.637 9 INFO neutron.db.ovn_revision_numbers_db [None req-3865a772-688b-4849-821e-ed6a72bb218c - - - - - -] Successfully bumped revision number for resource 41fcbc1f-a7c7-4eb5-9534-df7b3e9a08ee (type: router_ports) to 2
2026-03-04 02:30:28.673 9 INFO neutron.wsgi [req-5c9ed9a7-3fe2-44c1-8b62-f972c765461b req-fda295c4-9cd5-4494-9331-ae0e5abe6c35 46ee418fd7b14d5c822bee804d48c0b4 a651256f60d242f6adb36220f1a049d2 - - default default] 10.0.0.206 "GET /v2.0/ports?device_id=b7d6607d-0d09-4a9b-bed5-180bdb3a925b HTTP/1.1" status: 200 len: 1172 time: 0.1859486 /var/lib/openstack/lib/python3.10/site-packages/pycadf/identifier.py:71: UserWarning: Invalid uuid: neutron. To ensure interoperability, identifiers should be a valid uuid. warnings.warn(('Invalid uuid: %s. To ensure interoperability, '
2026-03-04 02:30:28.698 10 INFO neutron.wsgi [None req-6bcdb915-802e-4fef-b10d-1633985b1426 0eaeb9811a0e4e0683b5036e4583a103 8f88e600cf3449f8a080511d31fa8f58 - - default default] 10.0.0.194 "GET /v2.0/security-groups?tenant_id=5d67e1745f5540598ea98529dda448dd&name=default HTTP/1.1" status: 200 len: 3120 time: 0.0423648
2026-03-04 02:30:28.728 9 INFO neutron.db.ovn_revision_numbers_db [req-4afaeea3-78c5-4bcf-a23e-c1b87bdae839 req-a9eafd7b-4718-4096-8591-b69b716131ed 9485d081605d4854bc7425fede65ba90 59b95180f6ac47f9b81ebeea0a229261 - - f65d03401fe643fba374468d1db27df7 f65d03401fe643fba374468d1db27df7] Successfully bumped revision number for resource 7910f4d0-ec14-4754-8f30-309b9f448306 (type: ports) to 2
2026-03-04 02:30:28.763 9 INFO neutron.wsgi [req-5c9ed9a7-3fe2-44c1-8b62-f972c765461b req-f7c18fc9-be3a-47b9-94e9-257b4c65ab7a 46ee418fd7b14d5c822bee804d48c0b4 a651256f60d242f6adb36220f1a049d2 - - default default] 10.0.0.206 "GET /v2.0/security-groups?id=15d96dc6-8ffc-41ac-950d-d1e44cf0d52b&fields=id&fields=name HTTP/1.1" status: 200 len: 286 time: 0.0811539
2026-03-04 02:30:28.775 9 INFO neutron.wsgi [req-4afaeea3-78c5-4bcf-a23e-c1b87bdae839 req-a9eafd7b-4718-4096-8591-b69b716131ed 9485d081605d4854bc7425fede65ba90 59b95180f6ac47f9b81ebeea0a229261 - - f65d03401fe643fba374468d1db27df7 f65d03401fe643fba374468d1db27df7] 199.204.45.25 "PUT /v2.0/ports/7910f4d0-ec14-4754-8f30-309b9f448306 HTTP/1.1" status: 200 len: 1380 time: 1.3764648
2026-03-04 02:30:28.805 9 INFO neutron.notifiers.nova [-] Nova event matching ['req-27699ca8-a0f9-4094-9dd6-71573213a822'] response: {'name': 'network-changed', 'server_uuid': 'b7d6607d-0d09-4a9b-bed5-180bdb3a925b', 'tag': '7910f4d0-ec14-4754-8f30-309b9f448306', 'status': 'completed', 'code': 200}
2026-03-04 02:30:28.872 9 INFO neutron.wsgi [req-4afaeea3-78c5-4bcf-a23e-c1b87bdae839 req-21868b76-41e9-42a6-abde-0e766b09fc3f 9485d081605d4854bc7425fede65ba90 59b95180f6ac47f9b81ebeea0a229261 - - f65d03401fe643fba374468d1db27df7 f65d03401fe643fba374468d1db27df7] 199.204.45.25 "GET /v2.0/ports?tenant_id=a651256f60d242f6adb36220f1a049d2&device_id=b7d6607d-0d09-4a9b-bed5-180bdb3a925b HTTP/1.1" status: 200 len: 1411 time: 0.0607808
2026-03-04 02:30:28.915 9 INFO neutron.wsgi [req-4afaeea3-78c5-4bcf-a23e-c1b87bdae839 req-8b24fd94-81b6-46fa-a481-04ef039e8558 9485d081605d4854bc7425fede65ba90 59b95180f6ac47f9b81ebeea0a229261 - - f65d03401fe643fba374468d1db27df7 f65d03401fe643fba374468d1db27df7] 199.204.45.25 "GET /v2.0/floatingips?fixed_ip_address=10.100.0.14&port_id=7910f4d0-ec14-4754-8f30-309b9f448306 HTTP/1.1" status: 200 len: 217 time: 0.0350413
2026-03-04 02:30:28.921 10 INFO neutron.wsgi [None req-8e8c5fe2-15b9-42cb-91fb-278dc4d9641d 23ea61fcd0304c969b154524bf4e832e 245221d40d044995bdab4ce38cb4bc46 - - default default] 10.0.0.194 "GET /v2.0/ports/41fcbc1f-a7c7-4eb5-9534-df7b3e9a08ee HTTP/1.1" status: 200 len: 1137 time: 0.0582514
2026-03-04 02:30:28.968 9 INFO neutron.wsgi [req-4afaeea3-78c5-4bcf-a23e-c1b87bdae839 req-8af94029-5492-4867-ac38-1efda79ef414 9485d081605d4854bc7425fede65ba90 59b95180f6ac47f9b81ebeea0a229261 - - f65d03401fe643fba374468d1db27df7 f65d03401fe643fba374468d1db27df7] 199.204.45.25 "GET /v2.0/subnets?id=12d3e549-41fb-4e8f-8b9b-73ec09d656dc HTTP/1.1" status: 200 len: 865 time: 0.0489624
2026-03-04 02:30:29.005 9 INFO neutron.wsgi [req-4afaeea3-78c5-4bcf-a23e-c1b87bdae839 req-bc63dfa6-3433-4465-95be-9a1056a95995 9485d081605d4854bc7425fede65ba90 59b95180f6ac47f9b81ebeea0a229261 - - f65d03401fe643fba374468d1db27df7 f65d03401fe643fba374468d1db27df7] 199.204.45.25 "GET /v2.0/ports?network_id=e92a0189-9c5a-48bf-9c42-d31b187d732d&device_owner=network%3Adhcp HTTP/1.1" status: 200 len: 210 time: 0.0320611
2026-03-04 02:30:29.078 9 INFO neutron.wsgi [req-4afaeea3-78c5-4bcf-a23e-c1b87bdae839 req-efe44db8-8dfc-4922-9fb3-cb267c88a43c 9485d081605d4854bc7425fede65ba90 59b95180f6ac47f9b81ebeea0a229261 - - f65d03401fe643fba374468d1db27df7 f65d03401fe643fba374468d1db27df7] 199.204.45.25 "GET /v2.0/networks/e92a0189-9c5a-48bf-9c42-d31b187d732d?fields=segments HTTP/1.1" status: 200 len: 212 time: 0.0642655
2026-03-04 02:30:29.106 9 INFO neutron.wsgi [None req-15b7dc71-2390-4da2-9392-e167793ca9d8 0eaeb9811a0e4e0683b5036e4583a103 8f88e600cf3449f8a080511d31fa8f58 - - default default] 10.0.0.194 "DELETE /v2.0/security-groups/205fec42-79fc-41f5-b992-a3db43fb15f4 HTTP/1.1" status: 204 len: 168 time: 0.4035518
2026-03-04 02:30:29.146 9 INFO neutron.wsgi [req-4afaeea3-78c5-4bcf-a23e-c1b87bdae839 req-e1e08023-68f0-468e-8355-786dae36cd43 9485d081605d4854bc7425fede65ba90 59b95180f6ac47f9b81ebeea0a229261 - - f65d03401fe643fba374468d1db27df7 f65d03401fe643fba374468d1db27df7] 199.204.45.25 "GET /v2.0/networks/e92a0189-9c5a-48bf-9c42-d31b187d732d?fields=provider%3Aphysical_network&fields=provider%3Anetwork_type HTTP/1.1" status: 200 len: 277 time: 0.0611005
2026-03-04 02:30:29.230 9 INFO neutron.wsgi [req-fa30e6ba-ca6d-4f63-8e59-87ef17a1d76d req-489598a0-3d4a-467b-be07-0f962364e963 9485d081605d4854bc7425fede65ba90 59b95180f6ac47f9b81ebeea0a229261 - - f65d03401fe643fba374468d1db27df7 f65d03401fe643fba374468d1db27df7] 199.204.45.25 "GET /v2.0/ports?tenant_id=a651256f60d242f6adb36220f1a049d2&device_id=b7d6607d-0d09-4a9b-bed5-180bdb3a925b HTTP/1.1" status: 200 len: 1411 time: 0.0410597
2026-03-04 02:30:29.307 9 INFO neutron.wsgi [req-fa30e6ba-ca6d-4f63-8e59-87ef17a1d76d req-152a750e-6784-4fe4-9f80-d3baa45736df 9485d081605d4854bc7425fede65ba90 59b95180f6ac47f9b81ebeea0a229261 - - f65d03401fe643fba374468d1db27df7 f65d03401fe643fba374468d1db27df7] 199.204.45.25 "GET /v2.0/networks?id=e92a0189-9c5a-48bf-9c42-d31b187d732d HTTP/1.1" status: 200 len: 970 time: 0.0723999
2026-03-04 02:30:29.333 10 INFO neutron.plugins.ml2.drivers.ovn.mech_driver.mech_driver [None req-46bc045e-989f-44d3-8aca-06a9b661dce8 - - - - - -] OVN reports status up for port: 7910f4d0-ec14-4754-8f30-309b9f448306
2026-03-04 02:30:29.349 9 INFO neutron.wsgi [req-fa30e6ba-ca6d-4f63-8e59-87ef17a1d76d req-c734fded-097e-4e6f-85bc-24a266badbda 9485d081605d4854bc7425fede65ba90 59b95180f6ac47f9b81ebeea0a229261 - - f65d03401fe643fba374468d1db27df7 f65d03401fe643fba374468d1db27df7] 199.204.45.25 "GET /v2.0/floatingips?fixed_ip_address=10.100.0.14&port_id=7910f4d0-ec14-4754-8f30-309b9f448306 HTTP/1.1" status: 200 len: 217 time: 0.0372255
2026-03-04 02:30:29.361 10 INFO neutron.plugins.ml2.plugin [None req-46bc045e-989f-44d3-8aca-06a9b661dce8 - - - - - -] Attempt 1 to provision port 7910f4d0-ec14-4754-8f30-309b9f448306
2026-03-04 02:30:29.407 9 INFO neutron.wsgi [req-fa30e6ba-ca6d-4f63-8e59-87ef17a1d76d req-0d723d58-1708-44c5-bb71-513593acfead 9485d081605d4854bc7425fede65ba90 59b95180f6ac47f9b81ebeea0a229261 - - f65d03401fe643fba374468d1db27df7 f65d03401fe643fba374468d1db27df7] 199.204.45.25 "GET /v2.0/subnets?id=12d3e549-41fb-4e8f-8b9b-73ec09d656dc HTTP/1.1" status: 200 len: 865 time: 0.0511186
2026-03-04 02:30:29.440 9 INFO neutron.wsgi [req-fa30e6ba-ca6d-4f63-8e59-87ef17a1d76d req-22304043-1a97-4f9f-8f4d-706c775433bb 9485d081605d4854bc7425fede65ba90 59b95180f6ac47f9b81ebeea0a229261 - - f65d03401fe643fba374468d1db27df7 f65d03401fe643fba374468d1db27df7] 199.204.45.25 "GET /v2.0/ports?network_id=e92a0189-9c5a-48bf-9c42-d31b187d732d&device_owner=network%3Adhcp HTTP/1.1" status: 200 len: 210 time: 0.0256608
2026-03-04 02:30:29.503 9 INFO neutron.wsgi [req-fa30e6ba-ca6d-4f63-8e59-87ef17a1d76d req-8416e22a-5d23-41c7-91b3-c0ab2dafb15a 9485d081605d4854bc7425fede65ba90 59b95180f6ac47f9b81ebeea0a229261 - - f65d03401fe643fba374468d1db27df7 f65d03401fe643fba374468d1db27df7] 199.204.45.25 "GET /v2.0/networks/e92a0189-9c5a-48bf-9c42-d31b187d732d?fields=segments HTTP/1.1" status: 200 len: 212 time: 0.0596023
2026-03-04 02:30:29.515 10 INFO neutron.notifiers.nova [-] Nova event matching ['req-30d7d6fe-684b-4dd4-88fc-a2d0aaa48175'] response: {'server_uuid': 'b7d6607d-0d09-4a9b-bed5-180bdb3a925b', 'name': 'network-vif-plugged', 'status': 'completed', 'tag': '7910f4d0-ec14-4754-8f30-309b9f448306', 'code': 200}
2026-03-04 02:30:29.588 9 INFO neutron.wsgi [req-fa30e6ba-ca6d-4f63-8e59-87ef17a1d76d req-9717a8aa-d51e-4e9f-87ac-ea31ea9bcbcc 9485d081605d4854bc7425fede65ba90 59b95180f6ac47f9b81ebeea0a229261 - - f65d03401fe643fba374468d1db27df7 f65d03401fe643fba374468d1db27df7] 199.204.45.25 "GET /v2.0/networks/e92a0189-9c5a-48bf-9c42-d31b187d732d?fields=provider%3Aphysical_network&fields=provider%3Anetwork_type HTTP/1.1" status: 200 len: 277 time: 0.0784836
2026-03-04 02:30:29.798 10 INFO neutron.wsgi [None req-58336226-6851-44de-8f77-65383223e45d 23ea61fcd0304c969b154524bf4e832e 245221d40d044995bdab4ce38cb4bc46 - - default default] 10.0.0.194 "PUT /v2.0/routers/9c5a8686-4f2a-47df-9cd5-8f7f494bf096/remove_router_interface HTTP/1.1" status: 200 len: 503 time: 0.8566537
2026-03-04 02:30:29.809 10 INFO neutron.db.ovn_revision_numbers_db [None req-46bc045e-989f-44d3-8aca-06a9b661dce8 - - - - - -] Successfully bumped revision number for resource 7910f4d0-ec14-4754-8f30-309b9f448306 (type: ports) to 4
2026-03-04 02:30:29.825 9 INFO neutron.wsgi [None req-a6842fb8-332e-4410-b291-b9f2227f33be 23ea61fcd0304c969b154524bf4e832e 245221d40d044995bdab4ce38cb4bc46 - - default default] 10.0.0.194 "GET /v2.0/ports?device_id=9c5a8686-4f2a-47df-9cd5-8f7f494bf096 HTTP/1.1" status: 200 len: 205 time: 0.0225291 /var/lib/openstack/lib/python3.10/site-packages/pycadf/identifier.py:71: UserWarning: Invalid uuid: neutron. To ensure interoperability, identifiers should be a valid uuid. warnings.warn(('Invalid uuid: %s. To ensure interoperability, '
