2026-03-04 02:29:40.429 9 INFO neutron.wsgi [req-7b025fe2-3a51-41a1-b4a7-a18886b81a1b req-f4391e56-dcf6-4ecb-8bb7-c280c3150399 8eb51814642348b48b17492a62efb0ef 5d67e1745f5540598ea98529dda448dd - - default default] 10.0.0.206 "GET /v2.0/security-groups?id=e12b67b0-482f-4613-8103-ea34cb99f7a9&fields=id&fields=name HTTP/1.1" status: 200 len: 313 time: 0.0428433
2026-03-04 02:29:40.435 10 WARNING neutron.plugins.ml2.drivers.ovn.mech_driver.ovsdb.ovn_client [None req-46bc045e-989f-44d3-8aca-06a9b661dce8 - - - - - -] No port found with ID f2ff6b73-5d6d-4e68-bbf9-453bd35cc90a: RuntimeError: No port found with ID f2ff6b73-5d6d-4e68-bbf9-453bd35cc90a
2026-03-04 02:29:40.565 9 INFO neutron.db.ovn_revision_numbers_db [req-ea956694-2ad4-4603-a677-6038eb842352 req-ea8b38b5-97d7-4186-aa72-8fde68fce92e 9485d081605d4854bc7425fede65ba90 59b95180f6ac47f9b81ebeea0a229261 - - f65d03401fe643fba374468d1db27df7 f65d03401fe643fba374468d1db27df7] Successfully bumped revision number for resource 6d9d0023-3e9c-430b-8014-88adcc408f97 (type: ports) to 2
2026-03-04 02:29:40.582 9 INFO neutron.wsgi [req-ea956694-2ad4-4603-a677-6038eb842352 req-ea8b38b5-97d7-4186-aa72-8fde68fce92e 9485d081605d4854bc7425fede65ba90 59b95180f6ac47f9b81ebeea0a229261 - - f65d03401fe643fba374468d1db27df7 f65d03401fe643fba374468d1db27df7] 199.204.45.25 "PUT /v2.0/ports/6d9d0023-3e9c-430b-8014-88adcc408f97 HTTP/1.1" status: 200 len: 1376 time: 1.0561481 /var/lib/openstack/lib/python3.10/site-packages/pycadf/identifier.py:71: UserWarning: Invalid uuid: neutron. To ensure interoperability, identifiers should be a valid uuid. warnings.warn(('Invalid uuid: %s. To ensure interoperability, '
2026-03-04 02:29:40.631 9 INFO neutron.notifiers.nova [-] Nova event matching ['req-98864f26-3b5a-4f0e-ba12-95143f0b7862'] response: {'name': 'network-changed', 'server_uuid': '4b7ad453-5fff-4b99-ba36-cf7e7d314305', 'tag': '6d9d0023-3e9c-430b-8014-88adcc408f97', 'status': 'completed', 'code': 200}
2026-03-04 02:29:40.659 9 INFO neutron.wsgi [req-ea956694-2ad4-4603-a677-6038eb842352 req-748a3afc-c1f4-4da5-9023-c0a8732e1b1e 9485d081605d4854bc7425fede65ba90 59b95180f6ac47f9b81ebeea0a229261 - - f65d03401fe643fba374468d1db27df7 f65d03401fe643fba374468d1db27df7] 199.204.45.25 "GET /v2.0/ports?tenant_id=5d67e1745f5540598ea98529dda448dd&device_id=4b7ad453-5fff-4b99-ba36-cf7e7d314305 HTTP/1.1" status: 200 len: 1407 time: 0.0416055
2026-03-04 02:29:40.685 9 INFO neutron.wsgi [req-ea956694-2ad4-4603-a677-6038eb842352 req-deb262b7-2742-4639-ae0d-9b8939a3e918 9485d081605d4854bc7425fede65ba90 59b95180f6ac47f9b81ebeea0a229261 - - f65d03401fe643fba374468d1db27df7 f65d03401fe643fba374468d1db27df7] 199.204.45.25 "GET /v2.0/floatingips?fixed_ip_address=10.100.0.6&port_id=6d9d0023-3e9c-430b-8014-88adcc408f97 HTTP/1.1" status: 200 len: 217 time: 0.0208306
2026-03-04 02:29:40.702 10 INFO neutron.services.segments.plugin [-] Segment a504b1ac-3400-4c4f-a333-a055a57c8b75 resource provider aggregate not found
2026-03-04 02:29:40.709 10 INFO neutron.services.segments.plugin [-] Segment a504b1ac-3400-4c4f-a333-a055a57c8b75 resource provider aggregate not found
2026-03-04 02:29:40.720 10 INFO neutron.services.segments.plugin [-] Segment a504b1ac-3400-4c4f-a333-a055a57c8b75 resource provider not found; error: Placement Client Error (4xx): {"errors": [{"status": 404, "title": "Not Found", "detail": "The resource could not be found.\n\n No resource provider with uuid a504b1ac-3400-4c4f-a333-a055a57c8b75 found for delete ", "request_id": "req-08304022-2014-463c-a136-52504b6c07f9"}]}
2026-03-04 02:29:40.725 9 INFO neutron.wsgi [req-ea956694-2ad4-4603-a677-6038eb842352 req-6dc1fc82-75b7-44da-9dfd-7b77187df362 9485d081605d4854bc7425fede65ba90 59b95180f6ac47f9b81ebeea0a229261 - - f65d03401fe643fba374468d1db27df7 f65d03401fe643fba374468d1db27df7] 199.204.45.25 "GET /v2.0/subnets?id=a2cca127-8700-4cbd-aac7-2c5fe08d8a7d HTTP/1.1" status: 200 len: 869 time: 0.0342190
2026-03-04 02:29:40.727 10 INFO neutron.services.segments.plugin [-] Segment a504b1ac-3400-4c4f-a333-a055a57c8b75 resource provider not found; error: Placement Client Error (4xx): {"errors": [{"status": 404, "title": "Not Found", "detail": "The resource could not be found.\n\n No resource provider with uuid a504b1ac-3400-4c4f-a333-a055a57c8b75 found for delete ", "request_id": "req-d1cedffa-4960-46c4-83d8-ad3573a4f704"}]}
2026-03-04 02:29:40.754 9 INFO neutron.wsgi [req-ea956694-2ad4-4603-a677-6038eb842352 req-65738479-9889-4dbd-bf1b-6fd1dc2cadc1 9485d081605d4854bc7425fede65ba90 59b95180f6ac47f9b81ebeea0a229261 - - f65d03401fe643fba374468d1db27df7 f65d03401fe643fba374468d1db27df7] 199.204.45.25 "GET /v2.0/ports?network_id=767fc96e-291d-4195-b1c2-0a3057495fc6&device_owner=network%3Adhcp HTTP/1.1" status: 200 len: 210 time: 0.0208006
2026-03-04 02:29:40.798 10 INFO neutron.wsgi [None req-fafe2253-3b82-4cce-b1d6-a603cf079c1c 4c257b984aa34887a50dbc0588c16246 277b9a37f0374f3e84484d8da3840530 - - default default] 10.0.0.194 "DELETE /v2.0/networks/13119967-8009-4b10-acd8-1f9256d04a03 HTTP/1.1" status: 204 len: 168 time: 1.5117247
2026-03-04 02:29:40.819 9 INFO neutron.wsgi [req-ea956694-2ad4-4603-a677-6038eb842352 req-61ad9748-388a-4d25-b32f-33427c58e26b 9485d081605d4854bc7425fede65ba90 59b95180f6ac47f9b81ebeea0a229261 - - f65d03401fe643fba374468d1db27df7 f65d03401fe643fba374468d1db27df7] 199.204.45.25 "GET /v2.0/networks/767fc96e-291d-4195-b1c2-0a3057495fc6?fields=segments HTTP/1.1" status: 200 len: 212 time: 0.0578985
2026-03-04 02:29:40.819 9 INFO neutron.pecan_wsgi.hooks.translation [None req-60896a1f-3ae0-4a7f-b5ce-d9ffac58fa1e 4c257b984aa34887a50dbc0588c16246 277b9a37f0374f3e84484d8da3840530 - - default default] DELETE failed (client error): The resource could not be found.
2026-03-04 02:29:40.821 9 INFO neutron.wsgi [None req-60896a1f-3ae0-4a7f-b5ce-d9ffac58fa1e 4c257b984aa34887a50dbc0588c16246 277b9a37f0374f3e84484d8da3840530 - - default default] 10.0.0.194 "DELETE /v2.0/networks/13119967-8009-4b10-acd8-1f9256d04a03 HTTP/1.1" status: 404 len: 339 time: 0.0161283
2026-03-04 02:29:40.877 9 INFO neutron.wsgi [req-ea956694-2ad4-4603-a677-6038eb842352 req-35965988-23e9-4542-a149-1046b01bc31a 9485d081605d4854bc7425fede65ba90 59b95180f6ac47f9b81ebeea0a229261 - - f65d03401fe643fba374468d1db27df7 f65d03401fe643fba374468d1db27df7] 199.204.45.25 "GET /v2.0/networks/767fc96e-291d-4195-b1c2-0a3057495fc6?fields=provider%3Aphysical_network&fields=provider%3Anetwork_type HTTP/1.1" status: 200 len: 277 time: 0.0522211
2026-03-04 02:29:40.956 9 INFO neutron.wsgi [req-4061dfd1-02cb-4d7c-a928-47f0510855d2 req-82f58123-c497-4539-bc9f-97083c231907 9485d081605d4854bc7425fede65ba90 59b95180f6ac47f9b81ebeea0a229261 - - f65d03401fe643fba374468d1db27df7 f65d03401fe643fba374468d1db27df7] 199.204.45.25 "GET /v2.0/ports?tenant_id=5d67e1745f5540598ea98529dda448dd&device_id=4b7ad453-5fff-4b99-ba36-cf7e7d314305 HTTP/1.1" status: 200 len: 1407 time: 0.0381687
2026-03-04 02:29:41.022 9 INFO neutron.wsgi [req-4061dfd1-02cb-4d7c-a928-47f0510855d2 req-06cd81d1-7e48-41a3-bacf-0a1e0d2397e5 9485d081605d4854bc7425fede65ba90 59b95180f6ac47f9b81ebeea0a229261 - - f65d03401fe643fba374468d1db27df7 f65d03401fe643fba374468d1db27df7] 199.204.45.25 "GET /v2.0/networks?id=767fc96e-291d-4195-b1c2-0a3057495fc6 HTTP/1.1" status: 200 len: 974 time: 0.0578265
2026-03-04 02:29:41.044 10 INFO neutron.wsgi [None req-97eb730c-00d8-4e9d-b0b2-1d700bcad49a 4c257b984aa34887a50dbc0588c16246 277b9a37f0374f3e84484d8da3840530 - - default default] 10.0.0.194 "GET /v2.0/networks?router%3Aexternal=True HTTP/1.1" status: 200 len: 845 time: 0.2141197
2026-03-04 02:29:41.058 9 INFO neutron.wsgi [req-4061dfd1-02cb-4d7c-a928-47f0510855d2 req-14038f46-99f1-4dd3-b32d-35f766db3808 9485d081605d4854bc7425fede65ba90 59b95180f6ac47f9b81ebeea0a229261 - - f65d03401fe643fba374468d1db27df7 f65d03401fe643fba374468d1db27df7] 199.204.45.25 "GET /v2.0/floatingips?fixed_ip_address=10.100.0.6&port_id=6d9d0023-3e9c-430b-8014-88adcc408f97 HTTP/1.1" status: 200 len: 217 time: 0.0306039
2026-03-04 02:29:41.106 10 INFO neutron.plugins.ml2.drivers.ovn.mech_driver.mech_driver [None req-46bc045e-989f-44d3-8aca-06a9b661dce8 - - - - - -] OVN reports status up for port: 6d9d0023-3e9c-430b-8014-88adcc408f97
2026-03-04 02:29:41.119 9 INFO neutron.wsgi [None req-95f1af86-62ad-4482-ac11-d6407035443b 4c257b984aa34887a50dbc0588c16246 277b9a37f0374f3e84484d8da3840530 - - default default] 10.0.0.194 "GET /v2.0/subnets?network_id=4a176bc8-0d88-4a3e-98a0-1b103558335e HTTP/1.1" status: 200 len: 820 time: 0.0681612
2026-03-04 02:29:41.124 9 INFO neutron.wsgi [req-4061dfd1-02cb-4d7c-a928-47f0510855d2 req-3f1c78bb-6cd4-4e1c-add6-98684b8a4be3 9485d081605d4854bc7425fede65ba90 59b95180f6ac47f9b81ebeea0a229261 - - f65d03401fe643fba374468d1db27df7 f65d03401fe643fba374468d1db27df7] 199.204.45.25 "GET /v2.0/subnets?id=a2cca127-8700-4cbd-aac7-2c5fe08d8a7d HTTP/1.1" status: 200 len: 869 time: 0.0503607
2026-03-04 02:29:41.131 9 INFO neutron.wsgi [None req-34695702-6546-41ed-a44e-d3a6e6cf2a2d 4c257b984aa34887a50dbc0588c16246 277b9a37f0374f3e84484d8da3840530 - - default default] 10.0.0.194 "GET /v2.0/extensions HTTP/1.1" status: 200 len: 18678 time: 0.0062478
2026-03-04 02:29:41.135 10 INFO neutron.plugins.ml2.plugin [None req-46bc045e-989f-44d3-8aca-06a9b661dce8 - - - - - -] Attempt 1 to provision port 6d9d0023-3e9c-430b-8014-88adcc408f97
2026-03-04 02:29:41.137 10 ERROR ovsdbapp.backend.ovs_idl.command [None req-8992af9b-8be9-4d73-83aa-08934266bf13 f764cb98fbc14b22a4385fbda58872d3 81dca49d9af146ea908521053a3518f5 - - default default] Error executing command (DbGetCommand): ovsdbapp.backend.ovs_idl.idlutils.RowNotFound: Cannot find Logical_Router_Port with name=lrp-f8051a29-f79e-433d-86ce-cc27914c956f
2026-03-04 02:29:41.137 10 ERROR ovsdbapp.backend.ovs_idl.command
Traceback (most recent call last):
2026-03-04 02:29:41.137 10 ERROR ovsdbapp.backend.ovs_idl.command
File "/var/lib/openstack/lib/python3.10/site-packages/ovsdbapp/backend/ovs_idl/command.py", line 47, in execute
2026-03-04 02:29:41.137 10 ERROR ovsdbapp.backend.ovs_idl.command self.run_idl(None)
2026-03-04 02:29:41.137 10 ERROR ovsdbapp.backend.ovs_idl.command
File "/var/lib/openstack/lib/python3.10/site-packages/ovsdbapp/backend/ovs_idl/command.py", line 235, in run_idl
2026-03-04 02:29:41.137 10 ERROR ovsdbapp.backend.ovs_idl.command record = self.api.lookup(self.table, self.record)
2026-03-04 02:29:41.137 10 ERROR ovsdbapp.backend.ovs_idl.command
File "/var/lib/openstack/lib/python3.10/site-packages/ovsdbapp/backend/ovs_idl/__init__.py", line 184, in lookup
2026-03-04 02:29:41.137 10 ERROR ovsdbapp.backend.ovs_idl.command return self._lookup(table, record)
2026-03-04 02:29:41.137 10 ERROR ovsdbapp.backend.ovs_idl.command
File "/var/lib/openstack/lib/python3.10/site-packages/ovsdbapp/backend/ovs_idl/__init__.py", line 235, in _lookup
2026-03-04 02:29:41.137 10 ERROR ovsdbapp.backend.ovs_idl.command row = idlutils.row_by_value(self, rl.table, rl.column, record)
2026-03-04 02:29:41.137 10 ERROR ovsdbapp.backend.ovs_idl.command
File "/var/lib/openstack/lib/python3.10/site-packages/ovsdbapp/backend/ovs_idl/idlutils.py", line 114, in row_by_value
2026-03-04 02:29:41.137 10 ERROR ovsdbapp.backend.ovs_idl.command raise RowNotFound(table=table, col=column, match=match)
2026-03-04 02:29:41.137 10 ERROR ovsdbapp.backend.ovs_idl.command ovsdbapp.backend.ovs_idl.idlutils.RowNotFound: Cannot find Logical_Router_Port with name=lrp-f8051a29-f79e-433d-86ce-cc27914c956f
2026-03-04 02:29:41.137 10 ERROR ovsdbapp.backend.ovs_idl.command 
2026-03-04 02:29:41.138 10 ERROR neutron_lib.callbacks.manager [None req-8992af9b-8be9-4d73-83aa-08934266bf13 f764cb98fbc14b22a4385fbda58872d3 81dca49d9af146ea908521053a3518f5 - - default default] Error during notification for neutron.services.ovn_l3.plugin.OVNL3RouterPlugin._port_update-8751242514159 port, after_update: ovsdbapp.backend.ovs_idl.idlutils.RowNotFound: Cannot find Logical_Router_Port with name=lrp-f8051a29-f79e-433d-86ce-cc27914c956f
2026-03-04 02:29:41.138 10 ERROR neutron_lib.callbacks.manager
Traceback (most recent call last):
2026-03-04 02:29:41.138 10 ERROR neutron_lib.callbacks.manager
File "/var/lib/openstack/lib/python3.10/site-packages/neutron_lib/callbacks/manager.py", line 189, in _notify_loop
2026-03-04 02:29:41.138 10 ERROR neutron_lib.callbacks.manager callback.method(resource, event, trigger, payload=payload)
2026-03-04 02:29:41.138 10 ERROR neutron_lib.callbacks.manager
File "/var/lib/openstack/lib/python3.10/site-packages/neutron/services/ovn_l3/plugin.py", line 391, in _port_update
2026-03-04 02:29:41.138 10 ERROR neutron_lib.callbacks.manager l3plugin._ovn_client.update_router_port(context,
2026-03-04 02:29:41.138 10 ERROR neutron_lib.callbacks.manager
File "/var/lib/openstack/lib/python3.10/site-packages/neutron/plugins/ml2/drivers/ovn/mech_driver/ovsdb/ovn_client.py", line 1878, in update_router_port
2026-03-04 02:29:41.138 10 ERROR neutron_lib.callbacks.manager self._update_lrouter_port(context, port, if_exists=if_exists,
2026-03-04 02:29:41.138 10 ERROR neutron_lib.callbacks.manager
File "/var/lib/openstack/lib/python3.10/site-packages/neutron/plugins/ml2/drivers/ovn/mech_driver/ovsdb/ovn_client.py", line 1855, in _update_lrouter_port
2026-03-04 02:29:41.138 10 ERROR neutron_lib.callbacks.manager external_ids = self._nb_idl.db_get(
2026-03-04 02:29:41.138 10 ERROR neutron_lib.callbacks.manager
File "/var/lib/openstack/lib/python3.10/site-packages/ovsdbapp/backend/ovs_idl/command.py", line 47, in execute
2026-03-04 02:29:41.138 10 ERROR neutron_lib.callbacks.manager self.run_idl(None)
2026-03-04 02:29:41.138 10 ERROR neutron_lib.callbacks.manager
File "/var/lib/openstack/lib/python3.10/site-packages/ovsdbapp/backend/ovs_idl/command.py", line 235, in run_idl
2026-03-04 02:29:41.138 10 ERROR neutron_lib.callbacks.manager record = self.api.lookup(self.table, self.record)
2026-03-04 02:29:41.138 10 ERROR neutron_lib.callbacks.manager
File "/var/lib/openstack/lib/python3.10/site-packages/ovsdbapp/backend/ovs_idl/__init__.py", line 184, in lookup
2026-03-04 02:29:41.138 10 ERROR neutron_lib.callbacks.manager return self._lookup(table, record)
2026-03-04 02:29:41.138 10 ERROR neutron_lib.callbacks.manager
File "/var/lib/openstack/lib/python3.10/site-packages/ovsdbapp/backend/ovs_idl/__init__.py", line 235, in _lookup
2026-03-04 02:29:41.138 10 ERROR neutron_lib.callbacks.manager row = idlutils.row_by_value(self, rl.table, rl.column, record)
2026-03-04 02:29:41.138 10 ERROR neutron_lib.callbacks.manager
File "/var/lib/openstack/lib/python3.10/site-packages/ovsdbapp/backend/ovs_idl/idlutils.py", line 114, in row_by_value
2026-03-04 02:29:41.138 10 ERROR neutron_lib.callbacks.manager raise RowNotFound(table=table, col=column, match=match)
2026-03-04 02:29:41.138 10 ERROR neutron_lib.callbacks.manager ovsdbapp.backend.ovs_idl.idlutils.RowNotFound: Cannot find Logical_Router_Port with name=lrp-f8051a29-f79e-433d-86ce-cc27914c956f
2026-03-04 02:29:41.138 10 ERROR neutron_lib.callbacks.manager 
2026-03-04 02:29:41.160 9 INFO neutron.wsgi [req-4061dfd1-02cb-4d7c-a928-47f0510855d2 req-9bd0a606-d9f1-43b1-9015-d5034877adb6 9485d081605d4854bc7425fede65ba90 59b95180f6ac47f9b81ebeea0a229261 - - f65d03401fe643fba374468d1db27df7 f65d03401fe643fba374468d1db27df7] 199.204.45.25 "GET /v2.0/ports?network_id=767fc96e-291d-4195-b1c2-0a3057495fc6&device_owner=network%3Adhcp HTTP/1.1" status: 200 len: 210 time: 0.0274942
2026-03-04 02:29:41.169 9 WARNING neutron.plugins.ml2.drivers.ovn.mech_driver.ovsdb.ovn_client [None req-3865a772-688b-4849-821e-ed6a72bb218c - - - - - -] No hosting information found for port 6990cc73-b4d4-4072-9ebc-488e73598fdd: RuntimeError: No hosting information found for port 6990cc73-b4d4-4072-9ebc-488e73598fdd
2026-03-04 02:29:41.169 9 INFO neutron.plugins.ml2.drivers.ovn.mech_driver.mech_driver [None req-3865a772-688b-4849-821e-ed6a72bb218c - - - - - -] OVN reports status up for port: 066ed06b-268c-4010-95d6-aa60260c75c6
2026-03-04 02:29:41.186 9 INFO neutron.plugins.ml2.plugin [None req-3865a772-688b-4849-821e-ed6a72bb218c - - - - - -] Attempt 1 to provision port 066ed06b-268c-4010-95d6-aa60260c75c6
2026-03-04 02:29:41.265 9 INFO neutron.wsgi [req-4061dfd1-02cb-4d7c-a928-47f0510855d2 req-8ded2a9a-b79f-4c4b-998b-95379a529b63 9485d081605d4854bc7425fede65ba90 59b95180f6ac47f9b81ebeea0a229261 - - f65d03401fe643fba374468d1db27df7 f65d03401fe643fba374468d1db27df7] 199.204.45.25 "GET /v2.0/networks/767fc96e-291d-4195-b1c2-0a3057495fc6?fields=segments HTTP/1.1" status: 200 len: 212 time: 0.0921497
2026-03-04 02:29:41.269 9 INFO neutron.wsgi [-] 10.0.0.223 "GET / HTTP/1.1" status: 200 len: 247 time: 0.0014307
2026-03-04 02:29:41.270 9 INFO neutron.wsgi [-] 10.0.0.223 "GET / HTTP/1.1" status: 200 len: 247 time: 0.0009587
2026-03-04 02:29:41.350 9 INFO neutron.wsgi [req-4061dfd1-02cb-4d7c-a928-47f0510855d2 req-728d84d0-b9c2-4353-993e-072db416333d 9485d081605d4854bc7425fede65ba90 59b95180f6ac47f9b81ebeea0a229261 - - f65d03401fe643fba374468d1db27df7 f65d03401fe643fba374468d1db27df7] 199.204.45.25 "GET /v2.0/networks/767fc96e-291d-4195-b1c2-0a3057495fc6?fields=provider%3Aphysical_network&fields=provider%3Anetwork_type HTTP/1.1" status: 200 len: 277 time: 0.0791159
2026-03-04 02:29:41.420 10 INFO neutron.wsgi [None req-7fa6386a-2382-444a-a3ac-8456c0d7a6e9 4c257b984aa34887a50dbc0588c16246 277b9a37f0374f3e84484d8da3840530 - - default default] 10.0.0.194 "GET /v2.0/networks HTTP/1.1" status: 200 len: 1504 time: 0.2775507
2026-03-04 02:29:41.516 9 INFO neutron.wsgi [None req-25eba466-40f3-4586-bf97-588bcce1f088 4c257b984aa34887a50dbc0588c16246 277b9a37f0374f3e84484d8da3840530 - - default default] 10.0.0.194 "GET /v2.0/subnets HTTP/1.1" status: 200 len: 1428 time: 0.0831614
2026-03-04 02:29:41.610 9 INFO neutron.wsgi [req-010b56c3-435e-423f-b2d7-5f982aedc0b6 req-b9e3e6c9-65b7-4dc8-b3e5-8f7987f67da9 8eb51814642348b48b17492a62efb0ef 5d67e1745f5540598ea98529dda448dd - - default default] 10.0.0.206 "GET /v2.0/ports?device_id=4b7ad453-5fff-4b99-ba36-cf7e7d314305 HTTP/1.1" status: 200 len: 1168 time: 0.0667889
2026-03-04 02:29:41.655 9 INFO neutron.wsgi [None req-815ef101-04cf-43eb-9a18-e71fb9192f9a 4c257b984aa34887a50dbc0588c16246 277b9a37f0374f3e84484d8da3840530 - - default default] 10.0.0.194 "GET /v2.0/networks/c8b088ad-22eb-499f-a366-17a072ad2194 HTTP/1.1" status: 200 len: 863 time: 0.1208637
2026-03-04 02:29:41.721 9 INFO neutron.wsgi [req-010b56c3-435e-423f-b2d7-5f982aedc0b6 req-fdbe4b56-cedd-4b4f-ab75-38902c2284cc 8eb51814642348b48b17492a62efb0ef 5d67e1745f5540598ea98529dda448dd - - default default] 10.0.0.206 "GET /v2.0/security-groups?id=e12b67b0-482f-4613-8103-ea34cb99f7a9&fields=id&fields=name HTTP/1.1" status: 200 len: 313 time: 0.1028473
2026-03-04 02:29:41.729 9 INFO neutron.wsgi [None req-ef8aead6-5dd6-493b-bc6b-e02a22a22ad0 4c257b984aa34887a50dbc0588c16246 277b9a37f0374f3e84484d8da3840530 - - default default] 10.0.0.194 "GET /v2.0/subnets/c4eeaead-7966-4078-8bde-a13f95fa73d1 HTTP/1.1" status: 200 len: 811 time: 0.0650039
2026-03-04 02:29:41.756 9 INFO neutron.pecan_wsgi.hooks.translation [None req-1335f958-6c04-4737-b6ba-f4fb97f4385d 4c257b984aa34887a50dbc0588c16246 277b9a37f0374f3e84484d8da3840530 - - default default] DELETE failed (client error): The resource could not be found.
2026-03-04 02:29:41.758 9 INFO neutron.wsgi [None req-1335f958-6c04-4737-b6ba-f4fb97f4385d 4c257b984aa34887a50dbc0588c16246 277b9a37f0374f3e84484d8da3840530 - - default default] 10.0.0.194 "DELETE /v2.0/subnets/16aff9dd-8664-46ec-a310-bcbf6e2d507f HTTP/1.1" status: 404 len: 337 time: 0.0196095
2026-03-04 02:29:41.786 9 INFO neutron.pecan_wsgi.hooks.translation [None req-7504b111-f7da-4a06-bdf0-421798741479 4c257b984aa34887a50dbc0588c16246 277b9a37f0374f3e84484d8da3840530 - - default default] DELETE failed (client error): The resource could not be found.
2026-03-04 02:29:41.788 9 INFO neutron.wsgi [None req-7504b111-f7da-4a06-bdf0-421798741479 4c257b984aa34887a50dbc0588c16246 277b9a37f0374f3e84484d8da3840530 - - default default] 10.0.0.194 "DELETE /v2.0/networks/13119967-8009-4b10-acd8-1f9256d04a03 HTTP/1.1" status: 404 len: 339 time: 0.0172238
2026-03-04 02:29:41.925 9 INFO neutron.db.ovn_revision_numbers_db [None req-3865a772-688b-4849-821e-ed6a72bb218c - - - - - -] Successfully bumped revision number for resource 066ed06b-268c-4010-95d6-aa60260c75c6 (type: ports) to 2
2026-03-04 02:29:42.095 10 INFO neutron.notifiers.nova [-] Nova event matching ['req-92b7a2a2-f7d7-4fbd-90e0-010bd722ccbf'] response: {'server_uuid': '4b7ad453-5fff-4b99-ba36-cf7e7d314305', 'name': 'network-vif-plugged', 'status': 'completed', 'tag': '6d9d0023-3e9c-430b-8014-88adcc408f97', 'code': 200}
2026-03-04 02:29:42.121 10 INFO neutron.db.ovn_revision_numbers_db [None req-8992af9b-8be9-4d73-83aa-08934266bf13 f764cb98fbc14b22a4385fbda58872d3 81dca49d9af146ea908521053a3518f5 - - default default] Successfully bumped revision number for resource f8051a29-f79e-433d-86ce-cc27914c956f (type: ports) to 1
2026-03-04 02:29:42.151 9 INFO neutron.wsgi [None req-58c205a0-5f50-474f-98f3-1ddcd8382922 4c257b984aa34887a50dbc0588c16246 277b9a37f0374f3e84484d8da3840530 - - default default] 10.0.0.194 "DELETE /v2.0/subnets/c4eeaead-7966-4078-8bde-a13f95fa73d1 HTTP/1.1" status: 204 len: 168 time: 0.3573050
2026-03-04 02:29:42.176 9 INFO neutron.db.ovn_revision_numbers_db [None req-3865a772-688b-4849-821e-ed6a72bb218c - - - - - -] Successfully bumped revision number for resource 066ed06b-268c-4010-95d6-aa60260c75c6 (type: router_ports) to 2
2026-03-04 02:29:42.291 10 INFO neutron.db.ovn_revision_numbers_db [None req-4eda16f8-377b-4240-b513-56a1a4387f0d 662fdb4553ed4391a76043e4a0a6b7f5 fd54ccef41bf45639af7b5b76ade7e1d - - default default] Successfully bumped revision number for resource e4e5da6f-6f11-46fc-a5d8-bfcc283c2c8f (type: floatingips) to 2
2026-03-04 02:29:42.296 10 WARNING neutron.scheduler.dhcp_agent_scheduler [None req-8992af9b-8be9-4d73-83aa-08934266bf13 f764cb98fbc14b22a4385fbda58872d3 81dca49d9af146ea908521053a3518f5 - - default default] No more DHCP agents
2026-03-04 02:29:42.315 10 WARNING neutron.api.rpc.agentnotifiers.dhcp_rpc_agent_api [None req-8992af9b-8be9-4d73-83aa-08934266bf13 f764cb98fbc14b22a4385fbda58872d3 81dca49d9af146ea908521053a3518f5 - - default default] Unable to schedule network 8d94b2d1-c1b8-4ad4-8f8a-f2cc1f98f05d: no agents available; will retry on subsequent port and subnet creation events.
2026-03-04 02:29:42.547 10 INFO neutron.db.ovn_revision_numbers_db [None req-46bc045e-989f-44d3-8aca-06a9b661dce8 - - - - - -] Successfully bumped revision number for resource 6d9d0023-3e9c-430b-8014-88adcc408f97 (type: ports) to 4
2026-03-04 02:29:42.605 10 INFO neutron.db.ovn_revision_numbers_db [None req-4eda16f8-377b-4240-b513-56a1a4387f0d 662fdb4553ed4391a76043e4a0a6b7f5 fd54ccef41bf45639af7b5b76ade7e1d - - default default] Successfully bumped revision number for resource e4e5da6f-6f11-46fc-a5d8-bfcc283c2c8f (type: floatingips) to 2
2026-03-04 02:29:42.605 10 INFO neutron.db.l3_db [None req-4eda16f8-377b-4240-b513-56a1a4387f0d 662fdb4553ed4391a76043e4a0a6b7f5 fd54ccef41bf45639af7b5b76ade7e1d - - default default] Floating IP e4e5da6f-6f11-46fc-a5d8-bfcc283c2c8f associated. External IP: 10.96.250.210, port: 29862ae3-6acb-46d1-bab1-27b2fd2a81be.
2026-03-04 02:29:42.619 9 INFO neutron.services.segments.plugin [-] Segment 23514445-d17d-4657-83d3-b4f7e60413ec resource provider aggregate not found
2026-03-04 02:29:42.630 9 INFO neutron.services.segments.plugin [-] Segment 23514445-d17d-4657-83d3-b4f7e60413ec resource provider aggregate not found
2026-03-04 02:29:42.634 9 INFO neutron.services.segments.plugin [-] Segment 23514445-d17d-4657-83d3-b4f7e60413ec resource provider not found; error: Placement Client Error (4xx): {"errors": [{"status": 404, "title": "Not Found", "detail": "The resource could not be found.\n\n No resource provider with uuid 23514445-d17d-4657-83d3-b4f7e60413ec found for delete ", "request_id": "req-f14d30f0-6633-4e28-9730-53cac55dbcd4"}]}
2026-03-04 02:29:42.651 9 INFO neutron.services.segments.plugin [-] Segment 23514445-d17d-4657-83d3-b4f7e60413ec resource provider not found; error: Placement Client Error (4xx): {"errors": [{"status": 404, "title": "Not Found", "detail": "The resource could not be found.\n\n No resource provider with uuid 23514445-d17d-4657-83d3-b4f7e60413ec found for delete ", "request_id": "req-56e9cb33-2e00-4fa8-933a-ddaed8632cfc"}]}
2026-03-04 02:29:42.674 9 INFO neutron.wsgi [None req-205a53f0-9524-427c-a30d-04655e580be5 4c257b984aa34887a50dbc0588c16246 277b9a37f0374f3e84484d8da3840530 - - default default] 10.0.0.194 "DELETE /v2.0/networks/c8b088ad-22eb-499f-a366-17a072ad2194 HTTP/1.1" status: 204 len: 168 time: 0.5163796
2026-03-04 02:29:42.731 10 INFO neutron.wsgi [None req-4eda16f8-377b-4240-b513-56a1a4387f0d 662fdb4553ed4391a76043e4a0a6b7f5 fd54ccef41bf45639af7b5b76ade7e1d - - default default] 10.0.0.194 "PUT /v2.0/floatingips/e4e5da6f-6f11-46fc-a5d8-bfcc283c2c8f HTTP/1.1" status: 200 len: 1038 time: 2.3414009
2026-03-04 02:29:42.732 10 INFO neutron.db.ovn_revision_numbers_db [None req-8992af9b-8be9-4d73-83aa-08934266bf13 f764cb98fbc14b22a4385fbda58872d3 81dca49d9af146ea908521053a3518f5 - - default default] Successfully bumped revision number for resource f8051a29-f79e-433d-86ce-cc27914c956f (type: router_ports) to 1
2026-03-04 02:29:42.737 10 INFO neutron.wsgi [None req-8992af9b-8be9-4d73-83aa-08934266bf13 f764cb98fbc14b22a4385fbda58872d3 81dca49d9af146ea908521053a3518f5 - - default default] 10.0.0.194 "PUT /v2.0/routers/557a709e-0b76-40b1-bf7b-021d1a888cdc/add_router_interface HTTP/1.1" status: 200 len: 503 time: 3.7209446 /var/lib/openstack/lib/python3.10/site-packages/pycadf/identifier.py:71: UserWarning: Invalid uuid: neutron. To ensure interoperability, identifiers should be a valid uuid. warnings.warn(('Invalid uuid: %s. To ensure interoperability, '
2026-03-04 02:29:42.849 10 INFO neutron.wsgi [None req-1a67ecea-4ac8-4b86-b12d-b71ac6a1ed80 f764cb98fbc14b22a4385fbda58872d3 81dca49d9af146ea908521053a3518f5 - - default default] 10.0.0.194 "GET /v2.0/ports/f8051a29-f79e-433d-86ce-cc27914c956f HTTP/1.1" status: 200 len: 1139 time: 0.1067109
2026-03-04 02:29:42.861 9 INFO neutron.wsgi [req-5dfc4d91-40a5-493b-ac29-1b876ddfe462 req-9c760105-7ff8-407b-97c9-a4c0146703fa 8eb51814642348b48b17492a62efb0ef 5d67e1745f5540598ea98529dda448dd - - default default] 10.0.0.206 "GET /v2.0/ports?device_id=4b7ad453-5fff-4b99-ba36-cf7e7d314305 HTTP/1.1" status: 200 len: 1170 time: 0.0526121
2026-03-04 02:29:42.896 10 INFO neutron.wsgi [None req-7d39ea11-692e-4f10-af71-c3b4d56ffac2 f764cb98fbc14b22a4385fbda58872d3 81dca49d9af146ea908521053a3518f5 - - default default] 10.0.0.194 "GET /v2.0/ports/f8051a29-f79e-433d-86ce-cc27914c956f HTTP/1.1" status: 200 len: 1139 time: 0.0419157
2026-03-04 02:29:42.923 9 INFO neutron.wsgi [req-5dfc4d91-40a5-493b-ac29-1b876ddfe462 req-15bcd778-2786-475b-88a3-b465d916f769 8eb51814642348b48b17492a62efb0ef 5d67e1745f5540598ea98529dda448dd - - default default] 10.0.0.206 "GET /v2.0/security-groups?id=e12b67b0-482f-4613-8103-ea34cb99f7a9&fields=id&fields=name HTTP/1.1" status: 200 len: 313 time: 0.0496707
2026-03-04 02:29:42.948 9 INFO neutron.db.ovn_revision_numbers_db [None req-9a122b57-9d4e-433b-99ea-aaec88d855c6 662fdb4553ed4391a76043e4a0a6b7f5 fd54ccef41bf45639af7b5b76ade7e1d - - default default] Successfully bumped revision number for resource e4e5da6f-6f11-46fc-a5d8-bfcc283c2c8f (type: floatingips) to 3
2026-03-04 02:29:42.999 9 INFO neutron.db.l3_db [None req-9a122b57-9d4e-433b-99ea-aaec88d855c6 662fdb4553ed4391a76043e4a0a6b7f5 fd54ccef41bf45639af7b5b76ade7e1d - - default default] Floating IP e4e5da6f-6f11-46fc-a5d8-bfcc283c2c8f disassociated. External IP: 10.96.250.210, port: 84da9406-2e7f-4759-947c-3bf068b59606.
2026-03-04 02:29:43.030 9 INFO neutron.wsgi [None req-9a122b57-9d4e-433b-99ea-aaec88d855c6 662fdb4553ed4391a76043e4a0a6b7f5 fd54ccef41bf45639af7b5b76ade7e1d - - default default] 10.0.0.194 "PUT /v2.0/floatingips/e4e5da6f-6f11-46fc-a5d8-bfcc283c2c8f HTTP/1.1" status: 200 len: 748 time: 0.2932620
2026-03-04 02:29:43.110 10 INFO neutron.wsgi [req-6cf698ad-482e-402a-bedd-75a23fb15763 req-c02e025d-410d-49aa-af60-5308962dfbd4 8eb51814642348b48b17492a62efb0ef 5d67e1745f5540598ea98529dda448dd - - default default] 10.0.0.206 "GET /v2.0/ports?device_id=4b7ad453-5fff-4b99-ba36-cf7e7d314305 HTTP/1.1" status: 200 len: 1170 time: 0.1158876
2026-03-04 02:29:43.394 10 INFO neutron.wsgi [None req-e58866a6-3378-4cd1-b94b-1455e6ee9ca7 0eaeb9811a0e4e0683b5036e4583a103 8f88e600cf3449f8a080511d31fa8f58 - - default default] 10.0.0.194 "GET /v2.0/security-groups?tenant_id=277b9a37f0374f3e84484d8da3840530&name=default HTTP/1.1" status: 200 len: 3120 time: 0.1681600
2026-03-04 02:29:43.633 10 INFO neutron.wsgi [None req-4fc8ed45-6be4-43fe-a433-df1d6540ac3f 0eaeb9811a0e4e0683b5036e4583a103 8f88e600cf3449f8a080511d31fa8f58 - - default default] 10.0.0.194 "DELETE /v2.0/security-groups/0f14982b-30cf-47a5-b01a-12bebe795f74 HTTP/1.1" status: 204 len: 168 time: 0.2187397
2026-03-04 02:29:43.946 10 INFO neutron.wsgi [None req-2c2ed9cc-9f28-4805-9e72-a1f6371d9923 f764cb98fbc14b22a4385fbda58872d3 81dca49d9af146ea908521053a3518f5 - - default default] 10.0.0.194 "GET /v2.0/ports/f8051a29-f79e-433d-86ce-cc27914c956f HTTP/1.1" status: 200 len: 1139 time: 0.0433054
2026-03-04 02:29:44.060 9 INFO neutron.wsgi [None req-d981de26-d372-46b1-ac04-ab3dbb2a482b 662fdb4553ed4391a76043e4a0a6b7f5 fd54ccef41bf45639af7b5b76ade7e1d - - default default] 10.0.0.194 "DELETE /v2.0/floatingips/e4e5da6f-6f11-46fc-a5d8-bfcc283c2c8f HTTP/1.1" status: 204 len: 168 time: 1.0247128
2026-03-04 02:29:44.092 10 INFO neutron.api.v2.resource [None req-0834315d-c159-4ac4-80e9-1acad976c3e3 662fdb4553ed4391a76043e4a0a6b7f5 fd54ccef41bf45639af7b5b76ade7e1d - - default default] delete failed (client error): The resource could not be found.
2026-03-04 02:29:44.094 10 INFO neutron.wsgi [None req-0834315d-c159-4ac4-80e9-1acad976c3e3 662fdb4553ed4391a76043e4a0a6b7f5 fd54ccef41bf45639af7b5b76ade7e1d - - default default] 10.0.0.194 "DELETE /v2.0/floatingips/e4e5da6f-6f11-46fc-a5d8-bfcc283c2c8f HTTP/1.1" status: 404 len: 345 time: 0.0280252
2026-03-04 02:29:44.131 10 INFO neutron.notifiers.nova [-] Nova event matching ['req-cb01cfef-af00-4e0f-a9ec-4e7290f530fa'] response: {'server_uuid': '4b7ad453-5fff-4b99-ba36-cf7e7d314305', 'name': 'network-vif-plugged', 'status': 'completed', 'tag': '6d9d0023-3e9c-430b-8014-88adcc408f97', 'code': 200}
2026-03-04 02:29:44.260 9 INFO neutron.db.ovn_revision_numbers_db [None req-6c6f9dde-e7b9-4b60-b404-f3b7ab99d772 8eb51814642348b48b17492a62efb0ef 5d67e1745f5540598ea98529dda448dd - - default default] Successfully bumped revision number for resource a1b87a83-1797-439b-b8b4-730800269d24 (type: floatingips) to 1
2026-03-04 02:29:44.406 9 INFO neutron.db.ovn_revision_numbers_db [None req-6c6f9dde-e7b9-4b60-b404-f3b7ab99d772 8eb51814642348b48b17492a62efb0ef 5d67e1745f5540598ea98529dda448dd - - default default] Successfully bumped revision number for resource a1b87a83-1797-439b-b8b4-730800269d24 (type: floatingips) to 2
2026-03-04 02:29:44.407 9 INFO neutron.db.l3_db [None req-6c6f9dde-e7b9-4b60-b404-f3b7ab99d772 8eb51814642348b48b17492a62efb0ef 5d67e1745f5540598ea98529dda448dd - - default default] Floating IP a1b87a83-1797-439b-b8b4-730800269d24 associated. External IP: 10.96.250.211, port: 6d9d0023-3e9c-430b-8014-88adcc408f97.
2026-03-04 02:29:44.432 9 INFO neutron.wsgi [None req-6c6f9dde-e7b9-4b60-b404-f3b7ab99d772 8eb51814642348b48b17492a62efb0ef 5d67e1745f5540598ea98529dda448dd - - default default] 10.0.0.194 "PUT /v2.0/floatingips/a1b87a83-1797-439b-b8b4-730800269d24 HTTP/1.1" status: 200 len: 1049 time: 1.3125565
2026-03-04 02:29:44.469 9 INFO neutron.notifiers.nova [-] Nova event matching ['req-a53bf8f0-a830-4695-9c69-b800e8997edd'] response: {'name': 'network-changed', 'server_uuid': '4b7ad453-5fff-4b99-ba36-cf7e7d314305', 'tag': '6d9d0023-3e9c-430b-8014-88adcc408f97', 'status': 'completed', 'code': 200}
2026-03-04 02:29:44.525 10 INFO neutron.wsgi [None req-ae410513-47b7-46da-bf21-4342957a58cd 662fdb4553ed4391a76043e4a0a6b7f5 fd54ccef41bf45639af7b5b76ade7e1d - - default default] 10.0.0.194 "DELETE /v2.0/ports/84da9406-2e7f-4759-947c-3bf068b59606 HTTP/1.1" status: 204 len: 168 time: 0.4196079
2026-03-04 02:29:44.541 9 INFO neutron.wsgi [req-725d26a4-fc0d-46ea-ab1c-b823c1d2a59e req-a02dd2b8-c88d-42bc-aa15-8bcc35fc9311 9485d081605d4854bc7425fede65ba90 59b95180f6ac47f9b81ebeea0a229261 - - f65d03401fe643fba374468d1db27df7 f65d03401fe643fba374468d1db27df7] 199.204.45.25 "GET /v2.0/ports?tenant_id=5d67e1745f5540598ea98529dda448dd&device_id=4b7ad453-5fff-4b99-ba36-cf7e7d314305 HTTP/1.1" status: 200 len: 1409 time: 0.0518398
2026-03-04 02:29:44.604 9 INFO neutron.wsgi [req-725d26a4-fc0d-46ea-ab1c-b823c1d2a59e req-eef32e80-c95b-4e35-98a7-a6aecd6c51e2 9485d081605d4854bc7425fede65ba90 59b95180f6ac47f9b81ebeea0a229261 - - f65d03401fe643fba374468d1db27df7 f65d03401fe643fba374468d1db27df7] 199.204.45.25 "GET /v2.0/networks?id=767fc96e-291d-4195-b1c2-0a3057495fc6 HTTP/1.1" status: 200 len: 974 time: 0.0564840
2026-03-04 02:29:44.666 9 INFO neutron.wsgi [req-725d26a4-fc0d-46ea-ab1c-b823c1d2a59e req-9ab93030-4e79-43f9-95a7-49a035dbed50 9485d081605d4854bc7425fede65ba90 59b95180f6ac47f9b81ebeea0a229261 - - f65d03401fe643fba374468d1db27df7 f65d03401fe643fba374468d1db27df7] 199.204.45.25 "GET /v2.0/floatingips?fixed_ip_address=10.100.0.6&port_id=6d9d0023-3e9c-430b-8014-88adcc408f97 HTTP/1.1" status: 200 len: 1059 time: 0.0551782
2026-03-04 02:29:44.709 9 INFO neutron.wsgi [req-725d26a4-fc0d-46ea-ab1c-b823c1d2a59e req-c2641b1a-b161-43a0-842e-6d417c150865 9485d081605d4854bc7425fede65ba90 59b95180f6ac47f9b81ebeea0a229261 - - f65d03401fe643fba374468d1db27df7 f65d03401fe643fba374468d1db27df7] 199.204.45.25 "GET /v2.0/subnets?id=a2cca127-8700-4cbd-aac7-2c5fe08d8a7d HTTP/1.1" status: 200 len: 869 time: 0.0373552
2026-03-04 02:29:44.734 9 INFO neutron.wsgi [req-725d26a4-fc0d-46ea-ab1c-b823c1d2a59e req-ef242423-5dde-42b2-b0d0-bb11d5ba9cc9 9485d081605d4854bc7425fede65ba90 59b95180f6ac47f9b81ebeea0a229261 - - f65d03401fe643fba374468d1db27df7 f65d03401fe643fba374468d1db27df7] 199.204.45.25 "GET /v2.0/ports?network_id=767fc96e-291d-4195-b1c2-0a3057495fc6&device_owner=network%3Adhcp HTTP/1.1" status: 200 len: 210 time: 0.0193233
2026-03-04 02:29:44.806 9 INFO neutron.wsgi [req-725d26a4-fc0d-46ea-ab1c-b823c1d2a59e req-01a6d0eb-834f-442a-9e23-925321728ba9 9485d081605d4854bc7425fede65ba90 59b95180f6ac47f9b81ebeea0a229261 - - f65d03401fe643fba374468d1db27df7 f65d03401fe643fba374468d1db27df7] 199.204.45.25 "GET /v2.0/networks/767fc96e-291d-4195-b1c2-0a3057495fc6?fields=segments HTTP/1.1" status: 200 len: 212 time: 0.0653100
2026-03-04 02:29:44.900 9 INFO neutron.wsgi [req-725d26a4-fc0d-46ea-ab1c-b823c1d2a59e req-86105cdc-b1ac-4379-8137-8fda8767923e 9485d081605d4854bc7425fede65ba90 59b95180f6ac47f9b81ebeea0a229261 - - f65d03401fe643fba374468d1db27df7 f65d03401fe643fba374468d1db27df7] 199.204.45.25 "GET /v2.0/networks/767fc96e-291d-4195-b1c2-0a3057495fc6?fields=provider%3Aphysical_network&fields=provider%3Anetwork_type HTTP/1.1" status: 200 len: 277 time: 0.0841599
2026-03-04 02:29:44.998 10 INFO neutron.wsgi [None req-9df2917c-88af-4a85-aac9-0de610c5d847 f764cb98fbc14b22a4385fbda58872d3 81dca49d9af146ea908521053a3518f5 - - default default] 10.0.0.194 "GET /v2.0/ports/f8051a29-f79e-433d-86ce-cc27914c956f HTTP/1.1" status: 200 len: 1139 time: 0.0470114
2026-03-04 02:29:45.133 10 INFO neutron.wsgi [None req-8edc0ae3-52c1-4f92-a459-deb00e44d8bd 662fdb4553ed4391a76043e4a0a6b7f5 fd54ccef41bf45639af7b5b76ade7e1d - - default default] 10.0.0.194 "DELETE /v2.0/ports/29862ae3-6acb-46d1-bab1-27b2fd2a81be HTTP/1.1" status: 204 len: 168 time: 0.6026371
2026-03-04 02:29:45.181 10 INFO neutron.wsgi [None req-bf1f6522-fd8e-4fa7-8c13-855160a375fc 662fdb4553ed4391a76043e4a0a6b7f5 fd54ccef41bf45639af7b5b76ade7e1d - - default default] 10.0.0.194 "GET /v2.0/ports?device_id=df3ac736-bd66-48cd-9a3f-8048b96a5ecf HTTP/1.1" status: 200 len: 1140 time: 0.0434749
2026-03-04 02:29:45.503 9 WARNING neutron_lib.context [None req-aa5113d7-91b4-40d4-9692-c62ec65b9b72 434e2696829e4bfabe0176eb9cb15d21 e07f8b4165e34353aaeb95dd611f7bd8 - - default default] Method 'is_advsvc' is deprecated since 2023.2 release (neutron-lib 3.8.0) and will be removed once support for the old RBAC API policies will be removed from Neutron. Please use method 'is_service_role' instead.
2026-03-04 02:29:45.663 9 INFO neutron.db.ovn_revision_numbers_db [None req-aa5113d7-91b4-40d4-9692-c62ec65b9b72 434e2696829e4bfabe0176eb9cb15d21 e07f8b4165e34353aaeb95dd611f7bd8 - - default default] Successfully bumped revision number for resource f5a486fd-feb3-4a8d-bbb0-d3ea8aabe97e (type: security_groups) to 1
2026-03-04 02:29:45.676 9 INFO neutron.db.ovn_revision_numbers_db [None req-aa5113d7-91b4-40d4-9692-c62ec65b9b72 434e2696829e4bfabe0176eb9cb15d21 e07f8b4165e34353aaeb95dd611f7bd8 - - default default] Successfully bumped revision number for resource 1deffac6-455a-45f6-8b00-d14269e9e0f3 (type: security_group_rules) to 0
2026-03-04 02:29:45.689 9 INFO neutron.db.ovn_revision_numbers_db [None req-aa5113d7-91b4-40d4-9692-c62ec65b9b72 434e2696829e4bfabe0176eb9cb15d21 e07f8b4165e34353aaeb95dd611f7bd8 - - default default] Successfully bumped revision number for resource 63f406ce-2304-4351-8d5d-930b8d93477e (type: security_group_rules) to 0
2026-03-04 02:29:45.705 9 INFO neutron.db.ovn_revision_numbers_db [None req-aa5113d7-91b4-40d4-9692-c62ec65b9b72 434e2696829e4bfabe0176eb9cb15d21 e07f8b4165e34353aaeb95dd611f7bd8 - - default default] Successfully bumped revision number for resource 68c92800-165c-451f-8552-003f31999b77 (type: security_group_rules) to 0
2026-03-04 02:29:45.718 9 INFO neutron.db.ovn_revision_numbers_db [None req-aa5113d7-91b4-40d4-9692-c62ec65b9b72 434e2696829e4bfabe0176eb9cb15d21 e07f8b4165e34353aaeb95dd611f7bd8 - - default default] Successfully bumped revision number for resource ea32d946-ed40-468a-b3b3-d3bde6cf698b (type: security_group_rules) to 0
2026-03-04 02:29:45.778 9 INFO neutron.db.segments_db [None req-aa5113d7-91b4-40d4-9692-c62ec65b9b72 434e2696829e4bfabe0176eb9cb15d21 e07f8b4165e34353aaeb95dd611f7bd8 - - default default] Added segment d216171a-527d-459a-83d9-2f3b1b77b79f of type geneve for network fa2a6cd8-4385-4044-b5b1-fea4bd2fc6f6
2026-03-04 02:29:45.952 9 INFO neutron.db.ovn_revision_numbers_db [None req-aa5113d7-91b4-40d4-9692-c62ec65b9b72 434e2696829e4bfabe0176eb9cb15d21 e07f8b4165e34353aaeb95dd611f7bd8 - - default default] Successfully bumped revision number for resource fa2a6cd8-4385-4044-b5b1-fea4bd2fc6f6 (type: networks) to 1
2026-03-04 02:29:46.049 10 INFO neutron.wsgi [None req-d6762ec0-f47a-4305-b726-ce5a4667d537 f764cb98fbc14b22a4385fbda58872d3 81dca49d9af146ea908521053a3518f5 - - default default] 10.0.0.194 "GET /v2.0/ports/f8051a29-f79e-433d-86ce-cc27914c956f HTTP/1.1" status: 200 len: 1139 time: 0.0449526
2026-03-04 02:29:46.147 9 WARNING neutron.scheduler.dhcp_agent_scheduler [None req-aa5113d7-91b4-40d4-9692-c62ec65b9b72 434e2696829e4bfabe0176eb9cb15d21 e07f8b4165e34353aaeb95dd611f7bd8 - - default default] No more DHCP agents
2026-03-04 02:29:46.149 9 WARNING neutron.api.rpc.agentnotifiers.dhcp_rpc_agent_api [None req-aa5113d7-91b4-40d4-9692-c62ec65b9b72 434e2696829e4bfabe0176eb9cb15d21 e07f8b4165e34353aaeb95dd611f7bd8 - - default default] Unable to schedule network fa2a6cd8-4385-4044-b5b1-fea4bd2fc6f6: no agents available; will retry on subsequent port and subnet creation events.
2026-03-04 02:29:46.245 9 INFO neutron.db.ovn_revision_numbers_db [None req-aa5113d7-91b4-40d4-9692-c62ec65b9b72 434e2696829e4bfabe0176eb9cb15d21 e07f8b4165e34353aaeb95dd611f7bd8 - - default default] Successfully bumped revision number for resource 8b3d569a-123d-489b-90bb-148639a5f5f6 (type: ports) to 1
2026-03-04 02:29:46.250 10 INFO neutron.wsgi [None req-8938f2c2-fb4f-4786-9103-877d81f33236 662fdb4553ed4391a76043e4a0a6b7f5 fd54ccef41bf45639af7b5b76ade7e1d - - default default] 10.0.0.194 "PUT /v2.0/routers/df3ac736-bd66-48cd-9a3f-8048b96a5ecf/remove_router_interface HTTP/1.1" status: 200 len: 503 time: 1.0641453 /var/lib/openstack/lib/python3.10/site-packages/pycadf/identifier.py:71: UserWarning: Invalid uuid: neutron. To ensure interoperability, identifiers should be a valid uuid. warnings.warn(('Invalid uuid: %s. To ensure interoperability, '
2026-03-04 02:29:46.267 9 INFO neutron.wsgi [None req-aa5113d7-91b4-40d4-9692-c62ec65b9b72 434e2696829e4bfabe0176eb9cb15d21 e07f8b4165e34353aaeb95dd611f7bd8 - - default default] 10.0.0.194 "POST /v2.0/networks HTTP/1.1" status: 201 len: 847 time: 0.9337659
2026-03-04 02:29:46.278 9 WARNING neutron_lib.context [None req-d52eb572-be18-42d4-ba4f-1fe7c2e81980 434e2696829e4bfabe0176eb9cb15d21 e07f8b4165e34353aaeb95dd611f7bd8 - - default default] Method 'is_advsvc' is deprecated since 2023.2 release (neutron-lib 3.8.0) and will be removed once support for the old RBAC API policies will be removed from Neutron. Please use method 'is_service_role' instead.
2026-03-04 02:29:46.524 9 WARNING neutron.scheduler.dhcp_agent_scheduler [None req-d52eb572-be18-42d4-ba4f-1fe7c2e81980 434e2696829e4bfabe0176eb9cb15d21 e07f8b4165e34353aaeb95dd611f7bd8 - - default default] No more DHCP agents
2026-03-04 02:29:46.526 9 WARNING neutron.api.rpc.agentnotifiers.dhcp_rpc_agent_api [None req-d52eb572-be18-42d4-ba4f-1fe7c2e81980 434e2696829e4bfabe0176eb9cb15d21 e07f8b4165e34353aaeb95dd611f7bd8 - - default default] Unable to schedule network fa2a6cd8-4385-4044-b5b1-fea4bd2fc6f6: no agents available; will retry on subsequent port and subnet creation events.
2026-03-04 02:29:46.606 9 INFO neutron.db.ovn_revision_numbers_db [None req-d52eb572-be18-42d4-ba4f-1fe7c2e81980 434e2696829e4bfabe0176eb9cb15d21 e07f8b4165e34353aaeb95dd611f7bd8 - - default default] Successfully bumped revision number for resource f4793a41-f5bd-4e74-8e07-5ca33e639e0d (type: ports) to 1
2026-03-04 02:29:46.631 9 INFO neutron.wsgi [None req-d52eb572-be18-42d4-ba4f-1fe7c2e81980 434e2696829e4bfabe0176eb9cb15d21 e07f8b4165e34353aaeb95dd611f7bd8 - - default default] 10.0.0.194 "POST /v2.0/ports HTTP/1.1" status: 201 len: 978 time: 0.3587782 /var/lib/openstack/lib/python3.10/site-packages/pycadf/identifier.py:71: UserWarning: Invalid uuid: neutron. To ensure interoperability, identifiers should be a valid uuid. warnings.warn(('Invalid uuid: %s. To ensure interoperability, '
2026-03-04 02:29:46.641 9 WARNING neutron_lib.context [None req-3e1fc1fe-7f30-426f-9768-49ad109ef6e5 434e2696829e4bfabe0176eb9cb15d21 e07f8b4165e34353aaeb95dd611f7bd8 - - default default] Method 'is_advsvc' is deprecated since 2023.2 release (neutron-lib 3.8.0) and will be removed once support for the old RBAC API policies will be removed from Neutron. Please use method 'is_service_role' instead.
2026-03-04 02:29:46.727 9 INFO neutron.db.segments_db [None req-3e1fc1fe-7f30-426f-9768-49ad109ef6e5 434e2696829e4bfabe0176eb9cb15d21 e07f8b4165e34353aaeb95dd611f7bd8 - - default default] Added segment f1c31259-d652-4463-a22a-974839c7366f of type geneve for network 5079e850-1cda-4bba-b220-bd0e88ecc8a7
2026-03-04 02:29:46.862 9 INFO neutron.db.ovn_revision_numbers_db [None req-3e1fc1fe-7f30-426f-9768-49ad109ef6e5 434e2696829e4bfabe0176eb9cb15d21 e07f8b4165e34353aaeb95dd611f7bd8 - - default default] Successfully bumped revision number for resource 5079e850-1cda-4bba-b220-bd0e88ecc8a7 (type: networks) to 1
2026-03-04 02:29:47.042 9 WARNING neutron.scheduler.dhcp_agent_scheduler [None req-3e1fc1fe-7f30-426f-9768-49ad109ef6e5 434e2696829e4bfabe0176eb9cb15d21 e07f8b4165e34353aaeb95dd611f7bd8 - - default default] No more DHCP agents
2026-03-04 02:29:47.043 9 WARNING neutron.api.rpc.agentnotifiers.dhcp_rpc_agent_api [None req-3e1fc1fe-7f30-426f-9768-49ad109ef6e5 434e2696829e4bfabe0176eb9cb15d21 e07f8b4165e34353aaeb95dd611f7bd8 - - default default] Unable to schedule network 5079e850-1cda-4bba-b220-bd0e88ecc8a7: no agents available; will retry on subsequent port and subnet creation events.
2026-03-04 02:29:47.121 10 INFO neutron.wsgi [None req-7395bddc-abd5-41f6-87a5-1037bbc76fdc f764cb98fbc14b22a4385fbda58872d3 81dca49d9af146ea908521053a3518f5 - - default default] 10.0.0.194 "GET /v2.0/ports/f8051a29-f79e-433d-86ce-cc27914c956f HTTP/1.1" status: 200 len: 1139 time: 0.0665467
2026-03-04 02:29:47.137 9 INFO neutron.db.ovn_revision_numbers_db [None req-3e1fc1fe-7f30-426f-9768-49ad109ef6e5 434e2696829e4bfabe0176eb9cb15d21 e07f8b4165e34353aaeb95dd611f7bd8 - - default default] Successfully bumped revision number for resource 75da32dc-38a0-45a2-ac43-570a0067ba38 (type: ports) to 1
2026-03-04 02:29:47.155 9 INFO neutron.wsgi [None req-3e1fc1fe-7f30-426f-9768-49ad109ef6e5 434e2696829e4bfabe0176eb9cb15d21 e07f8b4165e34353aaeb95dd611f7bd8 - - default default] 10.0.0.194 "POST /v2.0/networks HTTP/1.1" status: 201 len: 835 time: 0.5202947
2026-03-04 02:29:47.165 9 WARNING neutron_lib.context [None req-db7c4f9d-767d-44d0-938b-a649d6e7b006 434e2696829e4bfabe0176eb9cb15d21 e07f8b4165e34353aaeb95dd611f7bd8 - - default default] Method 'is_advsvc' is deprecated since 2023.2 release (neutron-lib 3.8.0) and will be removed once support for the old RBAC API policies will be removed from Neutron. Please use method 'is_service_role' instead.
2026-03-04 02:29:47.218 10 INFO neutron.wsgi [None req-e30f0bd9-7323-4f61-aae0-ef8bc6a0423f 662fdb4553ed4391a76043e4a0a6b7f5 fd54ccef41bf45639af7b5b76ade7e1d - - default default] 10.0.0.194 "DELETE /v2.0/routers/df3ac736-bd66-48cd-9a3f-8048b96a5ecf HTTP/1.1" status: 204 len: 168 time: 0.9635680
2026-03-04 02:29:47.401 9 WARNING neutron.plugins.ml2.drivers.ovn.mech_driver.ovsdb.ovn_client [None req-3865a772-688b-4849-821e-ed6a72bb218c - - - - - -] No hosting information found for port 066ed06b-268c-4010-95d6-aa60260c75c6: RuntimeError: No hosting information found for port 066ed06b-268c-4010-95d6-aa60260c75c6
2026-03-04 02:29:47.513 9 INFO neutron.plugins.ml2.drivers.ovn.mech_driver.mech_driver [None req-3865a772-688b-4849-821e-ed6a72bb218c - - - - - -] OVN reports status up for port: f8051a29-f79e-433d-86ce-cc27914c956f
2026-03-04 02:29:47.530 9 INFO neutron.plugins.ml2.plugin [None req-3865a772-688b-4849-821e-ed6a72bb218c - - - - - -] Attempt 1 to provision port f8051a29-f79e-433d-86ce-cc27914c956f
2026-03-04 02:29:47.570 9 WARNING neutron.scheduler.dhcp_agent_scheduler [None req-db7c4f9d-767d-44d0-938b-a649d6e7b006 434e2696829e4bfabe0176eb9cb15d21 e07f8b4165e34353aaeb95dd611f7bd8 - - default default] No more DHCP agents
2026-03-04 02:29:47.579 9 WARNING neutron.api.rpc.agentnotifiers.dhcp_rpc_agent_api [None req-db7c4f9d-767d-44d0-938b-a649d6e7b006 434e2696829e4bfabe0176eb9cb15d21 e07f8b4165e34353aaeb95dd611f7bd8 - - default default] Unable to schedule network 5079e850-1cda-4bba-b220-bd0e88ecc8a7: no agents available; will retry on subsequent port and subnet creation events.
2026-03-04 02:29:47.588 9 INFO neutron.wsgi [None req-bdf1cb81-8ba5-4af2-90e8-b05998f4bb98 662fdb4553ed4391a76043e4a0a6b7f5 fd54ccef41bf45639af7b5b76ade7e1d - - default default] 10.0.0.194 "DELETE /v2.0/subnets/ae665338-a5f2-4a39-ac80-b0948290492c HTTP/1.1" status: 204 len: 168 time: 0.3651192
2026-03-04 02:29:47.633 9 INFO neutron.db.ovn_revision_numbers_db [None req-db7c4f9d-767d-44d0-938b-a649d6e7b006 434e2696829e4bfabe0176eb9cb15d21 e07f8b4165e34353aaeb95dd611f7bd8 - - default default] Successfully bumped revision number for resource 63ff06a0-5508-494f-b5f6-aac3e1bfb0f6 (type: subnets) to 0
2026-03-04 02:29:47.651 9 INFO neutron.wsgi [None req-db7c4f9d-767d-44d0-938b-a649d6e7b006 434e2696829e4bfabe0176eb9cb15d21 e07f8b4165e34353aaeb95dd611f7bd8 - - default default] 10.0.0.194 "POST /v2.0/subnets HTTP/1.1" status: 201 len: 821 time: 0.4905679 /var/lib/openstack/lib/python3.10/site-packages/pycadf/identifier.py:71: UserWarning: Invalid uuid: neutron. To ensure interoperability, identifiers should be a valid uuid. warnings.warn(('Invalid uuid: %s. To ensure interoperability, '
2026-03-04 02:29:47.662 9 WARNING neutron_lib.context [None req-1c5def83-1dd7-4306-ba8a-c97e9ccaa48f 434e2696829e4bfabe0176eb9cb15d21 e07f8b4165e34353aaeb95dd611f7bd8 - - default default] Method 'is_advsvc' is deprecated since 2023.2 release (neutron-lib 3.8.0) and will be removed once support for the old RBAC API policies will be removed from Neutron. Please use method 'is_service_role' instead.
2026-03-04 02:29:47.974 10 INFO neutron.services.segments.plugin [-] Segment cae5bdbb-19d7-4249-9be7-c1f21b87f3e9 resource provider aggregate not found
2026-03-04 02:29:47.980 10 INFO neutron.services.segments.plugin [-] Segment cae5bdbb-19d7-4249-9be7-c1f21b87f3e9 resource provider aggregate not found
2026-03-04 02:29:47.987 10 INFO neutron.services.segments.plugin [-] Segment cae5bdbb-19d7-4249-9be7-c1f21b87f3e9 resource provider not found; error: Placement Client Error (4xx): {"errors": [{"status": 404, "title": "Not Found", "detail": "The resource could not be found.\n\n No resource provider with uuid cae5bdbb-19d7-4249-9be7-c1f21b87f3e9 found for delete ", "request_id": "req-8d4062dc-51c8-489e-870a-518c708e97af"}]}
2026-03-04 02:29:47.995 10 INFO neutron.services.segments.plugin [-] Segment cae5bdbb-19d7-4249-9be7-c1f21b87f3e9 resource provider not found; error: Placement Client Error (4xx): {"errors": [{"status": 404, "title": "Not Found", "detail": "The resource could not be found.\n\n No resource provider with uuid cae5bdbb-19d7-4249-9be7-c1f21b87f3e9 found for delete ", "request_id": "req-276ecc2d-5d38-4457-aa94-02f9220fea23"}]}
2026-03-04 02:29:48.006 10 INFO neutron.wsgi [None req-f9549ce6-6b4a-4070-a3b0-725b2d991b22 662fdb4553ed4391a76043e4a0a6b7f5 fd54ccef41bf45639af7b5b76ade7e1d - - default default] 10.0.0.194 "DELETE /v2.0/networks/ce365837-7432-4b9a-8bb5-8ea48b9a252b HTTP/1.1" status: 204 len: 168 time: 0.4122655
