2026-03-04 02:30:03.713 9 WARNING neutron.scheduler.dhcp_agent_scheduler [None req-8fc57460-56d0-4b45-ba85-ea727ce09a99 23ea61fcd0304c969b154524bf4e832e 245221d40d044995bdab4ce38cb4bc46 - - default default] No more DHCP agents
2026-03-04 02:30:03.718 9 WARNING neutron.api.rpc.agentnotifiers.dhcp_rpc_agent_api [None req-8fc57460-56d0-4b45-ba85-ea727ce09a99 23ea61fcd0304c969b154524bf4e832e 245221d40d044995bdab4ce38cb4bc46 - - default default] Unable to schedule network 8d88cb98-fd15-4dbb-ad74-ee03e05e3371: no agents available; will retry on subsequent port and subnet creation events.
2026-03-04 02:30:03.760 9 INFO neutron.wsgi [req-a3b6fea3-9794-4dbf-b4f4-65f29e346d48 req-fc653dd7-b5c4-4e0c-845d-c47b790a673c 8eb51814642348b48b17492a62efb0ef 5d67e1745f5540598ea98529dda448dd - - default default] 10.0.0.206 "GET /v2.0/ports?device_id=4b7ad453-5fff-4b99-ba36-cf7e7d314305 HTTP/1.1" status: 200 len: 1170 time: 0.0797286
2026-03-04 02:30:03.858 9 INFO neutron.wsgi [req-a3b6fea3-9794-4dbf-b4f4-65f29e346d48 req-34edb02b-4121-40fa-8b24-a55840f6b474 8eb51814642348b48b17492a62efb0ef 5d67e1745f5540598ea98529dda448dd - - default default] 10.0.0.206 "GET /v2.0/security-groups?id=e12b67b0-482f-4613-8103-ea34cb99f7a9&fields=id&fields=name HTTP/1.1" status: 200 len: 313 time: 0.0869591
2026-03-04 02:30:03.957 9 INFO neutron.db.ovn_revision_numbers_db [None req-8fc57460-56d0-4b45-ba85-ea727ce09a99 23ea61fcd0304c969b154524bf4e832e 245221d40d044995bdab4ce38cb4bc46 - - default default] Successfully bumped revision number for resource a893b088-25d4-44be-bab3-fe6465ea8915 (type: router_ports) to 1
2026-03-04 02:30:03.963 9 INFO neutron.wsgi [None req-8fc57460-56d0-4b45-ba85-ea727ce09a99 23ea61fcd0304c969b154524bf4e832e 245221d40d044995bdab4ce38cb4bc46 - - default default] 10.0.0.194 "PUT /v2.0/routers/00706f4b-e43a-47d2-bbe8-cc7ace311ecc/add_router_interface HTTP/1.1" status: 200 len: 503 time: 2.3059652
2026-03-04 02:30:04.084 10 INFO neutron.wsgi [None req-08e07ced-e811-4da3-8096-9bce3cd99dbe 23ea61fcd0304c969b154524bf4e832e 245221d40d044995bdab4ce38cb4bc46 - - default default] 10.0.0.194 "GET /v2.0/ports/a893b088-25d4-44be-bab3-fe6465ea8915 HTTP/1.1" status: 200 len: 1137 time: 0.1005604
2026-03-04 02:30:04.101 9 INFO neutron.db.ovn_revision_numbers_db [None req-3865a772-688b-4849-821e-ed6a72bb218c - - - - - -] Successfully bumped revision number for resource a893b088-25d4-44be-bab3-fe6465ea8915 (type: ports) to 2
2026-03-04 02:30:04.231 10 INFO neutron.notifiers.nova [-] Nova event matching ['req-745e4613-05a6-439a-a989-f75d13765229'] response: {'server_uuid': '4b7ad453-5fff-4b99-ba36-cf7e7d314305', 'name': 'network-vif-unplugged', 'status': 'completed', 'tag': '6d9d0023-3e9c-430b-8014-88adcc408f97', 'code': 200}
2026-03-04 02:30:04.232 10 INFO neutron.notifiers.nova [-] Nova event matching ['req-745e4613-05a6-439a-a989-f75d13765229'] response: {'server_uuid': '4b7ad453-5fff-4b99-ba36-cf7e7d314305', 'name': 'network-vif-plugged', 'status': 'completed', 'tag': '6d9d0023-3e9c-430b-8014-88adcc408f97', 'code': 200}
2026-03-04 02:30:04.232 10 INFO neutron.notifiers.nova [-] Nova event matching ['req-745e4613-05a6-439a-a989-f75d13765229'] response: {'server_uuid': '4b7ad453-5fff-4b99-ba36-cf7e7d314305', 'name': 'network-vif-plugged', 'status': 'completed', 'tag': '6d9d0023-3e9c-430b-8014-88adcc408f97', 'code': 200}
2026-03-04 02:30:04.241 9 INFO neutron.db.ovn_revision_numbers_db [None req-3865a772-688b-4849-821e-ed6a72bb218c - - - - - -] Successfully bumped revision number for resource a893b088-25d4-44be-bab3-fe6465ea8915 (type: router_ports) to 2
2026-03-04 02:30:04.655 10 WARNING neutron.scheduler.dhcp_agent_scheduler [None req-c7f00836-067c-4004-b89e-02e598230a18 23ea61fcd0304c969b154524bf4e832e 245221d40d044995bdab4ce38cb4bc46 - - default default] No more DHCP agents
2026-03-04 02:30:04.657 10 WARNING neutron.api.rpc.agentnotifiers.dhcp_rpc_agent_api [None req-c7f00836-067c-4004-b89e-02e598230a18 23ea61fcd0304c969b154524bf4e832e 245221d40d044995bdab4ce38cb4bc46 - - default default] Unable to schedule network 815274bc-049d-4c65-9a08-2cbb1ac950c9: no agents available; will retry on subsequent port and subnet creation events.
2026-03-04 02:30:04.848 10 INFO neutron.db.ovn_revision_numbers_db [None req-c7f00836-067c-4004-b89e-02e598230a18 23ea61fcd0304c969b154524bf4e832e 245221d40d044995bdab4ce38cb4bc46 - - default default] Successfully bumped revision number for resource 6db82fbc-81b0-4dd8-8263-fcdb43c62116 (type: ports) to 1
2026-03-04 02:30:04.993 9 INFO neutron.wsgi [req-4ca73394-e5db-4eb1-86ed-67f454e208bf req-17099bb2-539e-44be-8ba4-9ffa9fa59c83 8eb51814642348b48b17492a62efb0ef 5d67e1745f5540598ea98529dda448dd - - default default] 10.0.0.206 "GET /v2.0/ports?device_id=4b7ad453-5fff-4b99-ba36-cf7e7d314305 HTTP/1.1" status: 200 len: 1170 time: 0.0488918
2026-03-04 02:30:05.063 9 INFO neutron.wsgi [req-4ca73394-e5db-4eb1-86ed-67f454e208bf req-089ca330-93bf-4b79-b5e7-7c890e18a91d 8eb51814642348b48b17492a62efb0ef 5d67e1745f5540598ea98529dda448dd - - default default] 10.0.0.206 "GET /v2.0/security-groups?id=e12b67b0-482f-4613-8103-ea34cb99f7a9&fields=id&fields=name HTTP/1.1" status: 200 len: 313 time: 0.0554883
2026-03-04 02:30:05.563 10 ERROR ovsdbapp.backend.ovs_idl.command [None req-c7f00836-067c-4004-b89e-02e598230a18 23ea61fcd0304c969b154524bf4e832e 245221d40d044995bdab4ce38cb4bc46 - - default default] Error executing command (DbGetCommand): ovsdbapp.backend.ovs_idl.idlutils.RowNotFound: Cannot find Logical_Router_Port with name=lrp-6db82fbc-81b0-4dd8-8263-fcdb43c62116
2026-03-04 02:30:05.563 10 ERROR ovsdbapp.backend.ovs_idl.command
Traceback (most recent call last):
2026-03-04 02:30:05.563 10 ERROR ovsdbapp.backend.ovs_idl.command
File "/var/lib/openstack/lib/python3.10/site-packages/ovsdbapp/backend/ovs_idl/command.py", line 47, in execute
2026-03-04 02:30:05.563 10 ERROR ovsdbapp.backend.ovs_idl.command self.run_idl(None)
2026-03-04 02:30:05.563 10 ERROR ovsdbapp.backend.ovs_idl.command
File "/var/lib/openstack/lib/python3.10/site-packages/ovsdbapp/backend/ovs_idl/command.py", line 235, in run_idl
2026-03-04 02:30:05.563 10 ERROR ovsdbapp.backend.ovs_idl.command record = self.api.lookup(self.table, self.record)
2026-03-04 02:30:05.563 10 ERROR ovsdbapp.backend.ovs_idl.command
File "/var/lib/openstack/lib/python3.10/site-packages/ovsdbapp/backend/ovs_idl/__init__.py", line 184, in lookup
2026-03-04 02:30:05.563 10 ERROR ovsdbapp.backend.ovs_idl.command return self._lookup(table, record)
2026-03-04 02:30:05.563 10 ERROR ovsdbapp.backend.ovs_idl.command
File "/var/lib/openstack/lib/python3.10/site-packages/ovsdbapp/backend/ovs_idl/__init__.py", line 235, in _lookup
2026-03-04 02:30:05.563 10 ERROR ovsdbapp.backend.ovs_idl.command row = idlutils.row_by_value(self, rl.table, rl.column, record)
2026-03-04 02:30:05.563 10 ERROR ovsdbapp.backend.ovs_idl.command
File "/var/lib/openstack/lib/python3.10/site-packages/ovsdbapp/backend/ovs_idl/idlutils.py", line 114, in row_by_value
2026-03-04 02:30:05.563 10 ERROR ovsdbapp.backend.ovs_idl.command raise RowNotFound(table=table, col=column, match=match)
2026-03-04 02:30:05.563 10 ERROR ovsdbapp.backend.ovs_idl.command ovsdbapp.backend.ovs_idl.idlutils.RowNotFound: Cannot find Logical_Router_Port with name=lrp-6db82fbc-81b0-4dd8-8263-fcdb43c62116
2026-03-04 02:30:05.563 10 ERROR ovsdbapp.backend.ovs_idl.command 
2026-03-04 02:30:05.565 10 ERROR neutron_lib.callbacks.manager [None req-c7f00836-067c-4004-b89e-02e598230a18 23ea61fcd0304c969b154524bf4e832e 245221d40d044995bdab4ce38cb4bc46 - - default default] Error during notification for neutron.services.ovn_l3.plugin.OVNL3RouterPlugin._port_update-8751242514159 port, after_update: ovsdbapp.backend.ovs_idl.idlutils.RowNotFound: Cannot find Logical_Router_Port with name=lrp-6db82fbc-81b0-4dd8-8263-fcdb43c62116
2026-03-04 02:30:05.565 10 ERROR neutron_lib.callbacks.manager
Traceback (most recent call last):
2026-03-04 02:30:05.565 10 ERROR neutron_lib.callbacks.manager
File "/var/lib/openstack/lib/python3.10/site-packages/neutron_lib/callbacks/manager.py", line 189, in _notify_loop
2026-03-04 02:30:05.565 10 ERROR neutron_lib.callbacks.manager callback.method(resource, event, trigger, payload=payload)
2026-03-04 02:30:05.565 10 ERROR neutron_lib.callbacks.manager
File "/var/lib/openstack/lib/python3.10/site-packages/neutron/services/ovn_l3/plugin.py", line 391, in _port_update
2026-03-04 02:30:05.565 10 ERROR neutron_lib.callbacks.manager l3plugin._ovn_client.update_router_port(context,
2026-03-04 02:30:05.565 10 ERROR neutron_lib.callbacks.manager
File "/var/lib/openstack/lib/python3.10/site-packages/neutron/plugins/ml2/drivers/ovn/mech_driver/ovsdb/ovn_client.py", line 1878, in update_router_port
2026-03-04 02:30:05.565 10 ERROR neutron_lib.callbacks.manager self._update_lrouter_port(context, port, if_exists=if_exists,
2026-03-04 02:30:05.565 10 ERROR neutron_lib.callbacks.manager
File "/var/lib/openstack/lib/python3.10/site-packages/neutron/plugins/ml2/drivers/ovn/mech_driver/ovsdb/ovn_client.py", line 1855, in _update_lrouter_port
2026-03-04 02:30:05.565 10 ERROR neutron_lib.callbacks.manager external_ids = self._nb_idl.db_get(
2026-03-04 02:30:05.565 10 ERROR neutron_lib.callbacks.manager
File "/var/lib/openstack/lib/python3.10/site-packages/ovsdbapp/backend/ovs_idl/command.py", line 47, in execute
2026-03-04 02:30:05.565 10 ERROR neutron_lib.callbacks.manager self.run_idl(None)
2026-03-04 02:30:05.565 10 ERROR neutron_lib.callbacks.manager
File "/var/lib/openstack/lib/python3.10/site-packages/ovsdbapp/backend/ovs_idl/command.py", line 235, in run_idl
2026-03-04 02:30:05.565 10 ERROR neutron_lib.callbacks.manager record = self.api.lookup(self.table, self.record)
2026-03-04 02:30:05.565 10 ERROR neutron_lib.callbacks.manager
File "/var/lib/openstack/lib/python3.10/site-packages/ovsdbapp/backend/ovs_idl/__init__.py", line 184, in lookup
2026-03-04 02:30:05.565 10 ERROR neutron_lib.callbacks.manager return self._lookup(table, record)
2026-03-04 02:30:05.565 10 ERROR neutron_lib.callbacks.manager
File "/var/lib/openstack/lib/python3.10/site-packages/ovsdbapp/backend/ovs_idl/__init__.py", line 235, in _lookup
2026-03-04 02:30:05.565 10 ERROR neutron_lib.callbacks.manager row = idlutils.row_by_value(self, rl.table, rl.column, record)
2026-03-04 02:30:05.565 10 ERROR neutron_lib.callbacks.manager
File "/var/lib/openstack/lib/python3.10/site-packages/ovsdbapp/backend/ovs_idl/idlutils.py", line 114, in row_by_value
2026-03-04 02:30:05.565 10 ERROR neutron_lib.callbacks.manager raise RowNotFound(table=table, col=column, match=match)
2026-03-04 02:30:05.565 10 ERROR neutron_lib.callbacks.manager ovsdbapp.backend.ovs_idl.idlutils.RowNotFound: Cannot find Logical_Router_Port with name=lrp-6db82fbc-81b0-4dd8-8263-fcdb43c62116
2026-03-04 02:30:05.565 10 ERROR neutron_lib.callbacks.manager 
2026-03-04 02:30:05.800 10 INFO neutron.db.ovn_revision_numbers_db [None req-c7f00836-067c-4004-b89e-02e598230a18 23ea61fcd0304c969b154524bf4e832e 245221d40d044995bdab4ce38cb4bc46 - - default default] Successfully bumped revision number for resource 6db82fbc-81b0-4dd8-8263-fcdb43c62116 (type: ports) to 1
2026-03-04 02:30:05.871 10 WARNING neutron.scheduler.dhcp_agent_scheduler [None req-c7f00836-067c-4004-b89e-02e598230a18 23ea61fcd0304c969b154524bf4e832e 245221d40d044995bdab4ce38cb4bc46 - - default default] No more DHCP agents
2026-03-04 02:30:05.873 10 WARNING neutron.api.rpc.agentnotifiers.dhcp_rpc_agent_api [None req-c7f00836-067c-4004-b89e-02e598230a18 23ea61fcd0304c969b154524bf4e832e 245221d40d044995bdab4ce38cb4bc46 - - default default] Unable to schedule network 815274bc-049d-4c65-9a08-2cbb1ac950c9: no agents available; will retry on subsequent port and subnet creation events.
2026-03-04 02:30:05.922 9 INFO neutron.wsgi [None req-04a326e8-7d98-4b48-8bc2-f6bd317fcfdf d8005849468a4239b35ed2db20c9b5e6 c7054fd7df97494aac7b25a3de77eb1c - - default default] 10.0.0.25 "GET /v2.0/extensions HTTP/1.1" status: 200 len: 18683 time: 0.0123396
2026-03-04 02:30:06.122 9 INFO neutron.wsgi [None req-a2e91e34-1a5a-4036-8b7e-f5c8aa0b1eb3 d8005849468a4239b35ed2db20c9b5e6 c7054fd7df97494aac7b25a3de77eb1c - - default default] 10.0.0.25 "GET /v2.0/quotas/c7054fd7df97494aac7b25a3de77eb1c/details HTTP/1.1" status: 200 len: 1046 time: 0.1739204
2026-03-04 02:30:06.129 10 INFO neutron.db.ovn_revision_numbers_db [None req-c7f00836-067c-4004-b89e-02e598230a18 23ea61fcd0304c969b154524bf4e832e 245221d40d044995bdab4ce38cb4bc46 - - default default] Successfully bumped revision number for resource 6db82fbc-81b0-4dd8-8263-fcdb43c62116 (type: router_ports) to 1
2026-03-04 02:30:06.137 10 INFO neutron.wsgi [None req-c7f00836-067c-4004-b89e-02e598230a18 23ea61fcd0304c969b154524bf4e832e 245221d40d044995bdab4ce38cb4bc46 - - default default] 10.0.0.194 "PUT /v2.0/routers/00706f4b-e43a-47d2-bbe8-cc7ace311ecc/add_router_interface HTTP/1.1" status: 200 len: 503 time: 2.0461321
2026-03-04 02:30:06.250 10 INFO neutron.wsgi [None req-f8c238fe-3c29-4f26-a38d-5f511b3a819d 23ea61fcd0304c969b154524bf4e832e 245221d40d044995bdab4ce38cb4bc46 - - default default] 10.0.0.194 "GET /v2.0/ports/6db82fbc-81b0-4dd8-8263-fcdb43c62116 HTTP/1.1" status: 200 len: 1135 time: 0.1054215
2026-03-04 02:30:06.306 10 INFO neutron.wsgi [None req-425d9394-c9a9-41eb-8628-c254e5ae1156 23ea61fcd0304c969b154524bf4e832e 245221d40d044995bdab4ce38cb4bc46 - - default default] 10.0.0.194 "GET /v2.0/ports/6db82fbc-81b0-4dd8-8263-fcdb43c62116 HTTP/1.1" status: 200 len: 1135 time: 0.0510845
2026-03-04 02:30:07.347 10 INFO neutron.wsgi [None req-c27c76e8-3e12-4aad-9775-f1c21ca7b95e 23ea61fcd0304c969b154524bf4e832e 245221d40d044995bdab4ce38cb4bc46 - - default default] 10.0.0.194 "GET /v2.0/ports/6db82fbc-81b0-4dd8-8263-fcdb43c62116 HTTP/1.1" status: 200 len: 1135 time: 0.0345752
2026-03-04 02:30:07.735 9 INFO neutron.db.ovn_revision_numbers_db [None req-291214ae-d176-4d08-8657-b9ae8be60b4e 0eaeb9811a0e4e0683b5036e4583a103 8f88e600cf3449f8a080511d31fa8f58 - - default default] Successfully bumped revision number for resource 71306239-fa4d-4e61-b47e-45e2006bed34 (type: security_groups) to 1
2026-03-04 02:30:07.751 9 INFO neutron.db.ovn_revision_numbers_db [None req-291214ae-d176-4d08-8657-b9ae8be60b4e 0eaeb9811a0e4e0683b5036e4583a103 8f88e600cf3449f8a080511d31fa8f58 - - default default] Successfully bumped revision number for resource 0b33b818-e4b4-43cf-9c13-346df1ab148a (type: security_group_rules) to 0
2026-03-04 02:30:07.766 9 INFO neutron.db.ovn_revision_numbers_db [None req-291214ae-d176-4d08-8657-b9ae8be60b4e 0eaeb9811a0e4e0683b5036e4583a103 8f88e600cf3449f8a080511d31fa8f58 - - default default] Successfully bumped revision number for resource 4a71fb8b-5744-4149-9aec-4348b5140817 (type: security_group_rules) to 0
2026-03-04 02:30:07.789 9 INFO neutron.db.ovn_revision_numbers_db [None req-291214ae-d176-4d08-8657-b9ae8be60b4e 0eaeb9811a0e4e0683b5036e4583a103 8f88e600cf3449f8a080511d31fa8f58 - - default default] Successfully bumped revision number for resource aa198f4f-f992-4329-8511-2bd52a8aec8c (type: security_group_rules) to 0
2026-03-04 02:30:07.808 9 INFO neutron.db.ovn_revision_numbers_db [None req-291214ae-d176-4d08-8657-b9ae8be60b4e 0eaeb9811a0e4e0683b5036e4583a103 8f88e600cf3449f8a080511d31fa8f58 - - default default] Successfully bumped revision number for resource f809dbe4-956b-452f-8b73-ce586d627ed7 (type: security_group_rules) to 0
2026-03-04 02:30:07.839 9 INFO neutron.wsgi [None req-291214ae-d176-4d08-8657-b9ae8be60b4e 0eaeb9811a0e4e0683b5036e4583a103 8f88e600cf3449f8a080511d31fa8f58 - - default default] 10.0.0.194 "GET /v2.0/security-groups?tenant_id=33d79010c05b448a9f306f0cdbe896a6&name=default HTTP/1.1" status: 200 len: 3120 time: 0.4392912
2026-03-04 02:30:08.097 9 INFO neutron.wsgi [None req-a2f42b86-c524-4d16-8ff2-fa16090f5dc6 0eaeb9811a0e4e0683b5036e4583a103 8f88e600cf3449f8a080511d31fa8f58 - - default default] 10.0.0.194 "DELETE /v2.0/security-groups/71306239-fa4d-4e61-b47e-45e2006bed34 HTTP/1.1" status: 204 len: 168 time: 0.2502856
2026-03-04 02:30:08.393 10 INFO neutron.wsgi [None req-54240d64-a182-4441-86f9-fc16273b1d37 23ea61fcd0304c969b154524bf4e832e 245221d40d044995bdab4ce38cb4bc46 - - default default] 10.0.0.194 "GET /v2.0/ports/6db82fbc-81b0-4dd8-8263-fcdb43c62116 HTTP/1.1" status: 200 len: 1135 time: 0.0394859
2026-03-04 02:30:08.394 10 INFO neutron.db.ovn_revision_numbers_db [None req-fa4e978c-0f84-4bf4-8fb2-649c54c282b0 0eaeb9811a0e4e0683b5036e4583a103 8f88e600cf3449f8a080511d31fa8f58 - - default default] Successfully bumped revision number for resource be5bd0ee-0fdb-4836-8d5b-ef8750f233db (type: security_groups) to 1
2026-03-04 02:30:08.406 10 INFO neutron.db.ovn_revision_numbers_db [None req-fa4e978c-0f84-4bf4-8fb2-649c54c282b0 0eaeb9811a0e4e0683b5036e4583a103 8f88e600cf3449f8a080511d31fa8f58 - - default default] Successfully bumped revision number for resource 047b331b-8ae4-4192-88e0-05816059e328 (type: security_group_rules) to 0
2026-03-04 02:30:08.423 10 INFO neutron.db.ovn_revision_numbers_db [None req-fa4e978c-0f84-4bf4-8fb2-649c54c282b0 0eaeb9811a0e4e0683b5036e4583a103 8f88e600cf3449f8a080511d31fa8f58 - - default default] Successfully bumped revision number for resource 57e353ca-4f65-485e-a478-5bfb9ea6edac (type: security_group_rules) to 0
2026-03-04 02:30:08.440 10 INFO neutron.db.ovn_revision_numbers_db [None req-fa4e978c-0f84-4bf4-8fb2-649c54c282b0 0eaeb9811a0e4e0683b5036e4583a103 8f88e600cf3449f8a080511d31fa8f58 - - default default] Successfully bumped revision number for resource 616b4be9-f6b4-4512-b874-ac7444087666 (type: security_group_rules) to 0
2026-03-04 02:30:08.456 10 INFO neutron.db.ovn_revision_numbers_db [None req-fa4e978c-0f84-4bf4-8fb2-649c54c282b0 0eaeb9811a0e4e0683b5036e4583a103 8f88e600cf3449f8a080511d31fa8f58 - - default default] Successfully bumped revision number for resource 8d207fe3-84aa-4613-bae0-e37a8d3734a8 (type: security_group_rules) to 0
2026-03-04 02:30:08.476 10 INFO neutron.wsgi [None req-fa4e978c-0f84-4bf4-8fb2-649c54c282b0 0eaeb9811a0e4e0683b5036e4583a103 8f88e600cf3449f8a080511d31fa8f58 - - default default] 10.0.0.194 "GET /v2.0/security-groups?tenant_id=5a1132e3b286461a9091eb77f2f0ef87&name=default HTTP/1.1" status: 200 len: 3120 time: 0.2487707
2026-03-04 02:30:08.736 9 INFO neutron.wsgi [None req-6ec875ed-54ce-40c2-9bd6-13acb36cc335 0eaeb9811a0e4e0683b5036e4583a103 8f88e600cf3449f8a080511d31fa8f58 - - default default] 10.0.0.194 "DELETE /v2.0/security-groups/be5bd0ee-0fdb-4836-8d5b-ef8750f233db HTTP/1.1" status: 204 len: 168 time: 0.2537358
2026-03-04 02:30:09.054 10 INFO neutron.db.ovn_revision_numbers_db [None req-0ac19e6d-8141-48ce-85e8-6f650fa59f1b 0eaeb9811a0e4e0683b5036e4583a103 8f88e600cf3449f8a080511d31fa8f58 - - default default] Successfully bumped revision number for resource 176c70cf-1eff-46ef-a0c5-680500e8fbc9 (type: security_groups) to 1
2026-03-04 02:30:09.070 10 INFO neutron.db.ovn_revision_numbers_db [None req-0ac19e6d-8141-48ce-85e8-6f650fa59f1b 0eaeb9811a0e4e0683b5036e4583a103 8f88e600cf3449f8a080511d31fa8f58 - - default default] Successfully bumped revision number for resource 1fd4352c-58e8-487d-b160-4a9cfeb85280 (type: security_group_rules) to 0
2026-03-04 02:30:09.084 10 INFO neutron.db.ovn_revision_numbers_db [None req-0ac19e6d-8141-48ce-85e8-6f650fa59f1b 0eaeb9811a0e4e0683b5036e4583a103 8f88e600cf3449f8a080511d31fa8f58 - - default default] Successfully bumped revision number for resource 2b2dfd27-8678-419f-b9a9-7e0fcb8ec382 (type: security_group_rules) to 0
2026-03-04 02:30:09.098 10 INFO neutron.db.ovn_revision_numbers_db [None req-0ac19e6d-8141-48ce-85e8-6f650fa59f1b 0eaeb9811a0e4e0683b5036e4583a103 8f88e600cf3449f8a080511d31fa8f58 - - default default] Successfully bumped revision number for resource e5a4ebe5-e003-4d29-a1a9-cc177a7f7187 (type: security_group_rules) to 0
2026-03-04 02:30:09.109 10 INFO neutron.db.ovn_revision_numbers_db [None req-0ac19e6d-8141-48ce-85e8-6f650fa59f1b 0eaeb9811a0e4e0683b5036e4583a103 8f88e600cf3449f8a080511d31fa8f58 - - default default] Successfully bumped revision number for resource e66281a9-85ee-4ca5-a630-24e95d1a2eef (type: security_group_rules) to 0
2026-03-04 02:30:09.129 10 INFO neutron.wsgi [None req-0ac19e6d-8141-48ce-85e8-6f650fa59f1b 0eaeb9811a0e4e0683b5036e4583a103 8f88e600cf3449f8a080511d31fa8f58 - - default default] 10.0.0.194 "GET /v2.0/security-groups?tenant_id=c7054fd7df97494aac7b25a3de77eb1c&name=default HTTP/1.1" status: 200 len: 3120 time: 0.3940148
2026-03-04 02:30:09.373 10 INFO neutron.wsgi [None req-8dc63240-5f79-4b09-8cfd-8c7d3b02e495 0eaeb9811a0e4e0683b5036e4583a103 8f88e600cf3449f8a080511d31fa8f58 - - default default] 10.0.0.194 "DELETE /v2.0/security-groups/176c70cf-1eff-46ef-a0c5-680500e8fbc9 HTTP/1.1" status: 204 len: 168 time: 0.2335477
2026-03-04 02:30:09.433 10 INFO neutron.wsgi [None req-0b49a690-a780-481a-b5ee-ba57053de345 23ea61fcd0304c969b154524bf4e832e 245221d40d044995bdab4ce38cb4bc46 - - default default] 10.0.0.194 "GET /v2.0/ports/6db82fbc-81b0-4dd8-8263-fcdb43c62116 HTTP/1.1" status: 200 len: 1135 time: 0.0332832
2026-03-04 02:30:09.746 9 WARNING neutron.plugins.ml2.drivers.ovn.mech_driver.ovsdb.ovn_client [None req-3865a772-688b-4849-821e-ed6a72bb218c - - - - - -] No hosting information found for port a893b088-25d4-44be-bab3-fe6465ea8915: RuntimeError: No hosting information found for port a893b088-25d4-44be-bab3-fe6465ea8915
2026-03-04 02:30:09.746 9 INFO neutron.plugins.ml2.drivers.ovn.mech_driver.mech_driver [None req-3865a772-688b-4849-821e-ed6a72bb218c - - - - - -] OVN reports status up for port: 6db82fbc-81b0-4dd8-8263-fcdb43c62116
2026-03-04 02:30:09.753 9 INFO neutron.plugins.ml2.plugin [None req-3865a772-688b-4849-821e-ed6a72bb218c - - - - - -] Attempt 1 to provision port 6db82fbc-81b0-4dd8-8263-fcdb43c62116
2026-03-04 02:30:10.115 9 INFO neutron.db.ovn_revision_numbers_db [None req-3865a772-688b-4849-821e-ed6a72bb218c - - - - - -] Successfully bumped revision number for resource 6db82fbc-81b0-4dd8-8263-fcdb43c62116 (type: ports) to 2
2026-03-04 02:30:10.243 9 INFO neutron.db.ovn_revision_numbers_db [None req-3865a772-688b-4849-821e-ed6a72bb218c - - - - - -] Successfully bumped revision number for resource 6db82fbc-81b0-4dd8-8263-fcdb43c62116 (type: router_ports) to 2
2026-03-04 02:30:10.480 10 INFO neutron.wsgi [None req-019ea676-4f3a-440f-83eb-34da2c098fff 23ea61fcd0304c969b154524bf4e832e 245221d40d044995bdab4ce38cb4bc46 - - default default] 10.0.0.194 "GET /v2.0/ports/6db82fbc-81b0-4dd8-8263-fcdb43c62116 HTTP/1.1" status: 200 len: 1137 time: 0.0411801
2026-03-04 02:30:11.271 10 INFO neutron.wsgi [None req-28d36779-0fa5-4732-bbad-2a4eceb728b0 23ea61fcd0304c969b154524bf4e832e 245221d40d044995bdab4ce38cb4bc46 - - default default] 10.0.0.194 "PUT /v2.0/routers/00706f4b-e43a-47d2-bbe8-cc7ace311ecc/remove_router_interface HTTP/1.1" status: 200 len: 503 time: 0.7859135
2026-03-04 02:30:11.272 9 INFO neutron.wsgi [-] 10.0.0.223 "GET / HTTP/1.1" status: 200 len: 247 time: 0.0021460
2026-03-04 02:30:11.276 9 INFO neutron.wsgi [-] 10.0.0.223 "GET / HTTP/1.1" status: 200 len: 247 time: 0.0036471 /var/lib/openstack/lib/python3.10/site-packages/pycadf/identifier.py:71: UserWarning: Invalid uuid: neutron. To ensure interoperability, identifiers should be a valid uuid. warnings.warn(('Invalid uuid: %s. To ensure interoperability, '
2026-03-04 02:30:11.406 10 INFO neutron.wsgi [None req-b0f5fbd9-34d6-48f9-a6d1-61fb96d42743 23ea61fcd0304c969b154524bf4e832e 245221d40d044995bdab4ce38cb4bc46 - - default default] 10.0.0.194 "GET /v2.0/ports/a893b088-25d4-44be-bab3-fe6465ea8915 HTTP/1.1" status: 200 len: 1137 time: 0.1293595
2026-03-04 02:30:12.214 10 INFO neutron.db.ovn_revision_numbers_db [None req-e09160b3-981f-4922-920e-52f63bb32196 0eaeb9811a0e4e0683b5036e4583a103 8f88e600cf3449f8a080511d31fa8f58 - - default default] Successfully bumped revision number for resource 914f8ae0-f0eb-48f8-b70b-38dba3cc0405 (type: security_groups) to 1
2026-03-04 02:30:12.251 10 INFO neutron.db.ovn_revision_numbers_db [None req-e09160b3-981f-4922-920e-52f63bb32196 0eaeb9811a0e4e0683b5036e4583a103 8f88e600cf3449f8a080511d31fa8f58 - - default default] Successfully bumped revision number for resource 72655aac-94ad-4727-8a24-10546e370439 (type: security_group_rules) to 0
2026-03-04 02:30:12.281 10 INFO neutron.db.ovn_revision_numbers_db [None req-e09160b3-981f-4922-920e-52f63bb32196 0eaeb9811a0e4e0683b5036e4583a103 8f88e600cf3449f8a080511d31fa8f58 - - default default] Successfully bumped revision number for resource 96a61039-a6d2-4b33-8a60-7ec9b7273a33 (type: security_group_rules) to 0
2026-03-04 02:30:12.313 10 INFO neutron.db.ovn_revision_numbers_db [None req-e09160b3-981f-4922-920e-52f63bb32196 0eaeb9811a0e4e0683b5036e4583a103 8f88e600cf3449f8a080511d31fa8f58 - - default default] Successfully bumped revision number for resource d24d87e5-a621-4d77-a95f-3264671fd3f4 (type: security_group_rules) to 0
2026-03-04 02:30:12.347 10 INFO neutron.db.ovn_revision_numbers_db [None req-e09160b3-981f-4922-920e-52f63bb32196 0eaeb9811a0e4e0683b5036e4583a103 8f88e600cf3449f8a080511d31fa8f58 - - default default] Successfully bumped revision number for resource da670385-6682-411f-9072-7f528dd62627 (type: security_group_rules) to 0
2026-03-04 02:30:12.430 10 INFO neutron.wsgi [None req-e09160b3-981f-4922-920e-52f63bb32196 0eaeb9811a0e4e0683b5036e4583a103 8f88e600cf3449f8a080511d31fa8f58 - - default default] 10.0.0.194 "GET /v2.0/security-groups?tenant_id=8c49f8d628a34bc782ca72d726fdfa38&name=default HTTP/1.1" status: 200 len: 3120 time: 0.5296199
2026-03-04 02:30:12.581 10 INFO neutron.wsgi [None req-5a075df9-08b5-474a-90b9-7cd66bd9094c 0eaeb9811a0e4e0683b5036e4583a103 8f88e600cf3449f8a080511d31fa8f58 - - default default] 10.0.0.69 "GET /v2.0/routers HTTP/1.1" status: 200 len: 1764 time: 0.3172953 /var/lib/openstack/lib/python3.10/site-packages/pycadf/identifier.py:71: UserWarning: Invalid uuid: neutron. To ensure interoperability, identifiers should be a valid uuid. warnings.warn(('Invalid uuid: %s. To ensure interoperability, '
2026-03-04 02:30:12.643 10 INFO neutron.wsgi [None req-17eb3e1e-0d42-430d-95b5-9758731115ee 0eaeb9811a0e4e0683b5036e4583a103 8f88e600cf3449f8a080511d31fa8f58 - - default default] 10.0.0.69 "GET /v2.0/agents?binary=ovn-controller HTTP/1.1" status: 200 len: 591 time: 0.0605042
2026-03-04 02:30:12.648 10 INFO neutron.wsgi [None req-18659c7a-8c32-41ad-97a4-3a7764c8c35c 23ea61fcd0304c969b154524bf4e832e 245221d40d044995bdab4ce38cb4bc46 - - default default] 10.0.0.194 "PUT /v2.0/routers/00706f4b-e43a-47d2-bbe8-cc7ace311ecc/remove_router_interface HTTP/1.1" status: 200 len: 503 time: 1.2373137
2026-03-04 02:30:12.669 9 INFO neutron.wsgi [None req-2eb62f58-6da6-4e9e-8ab3-04383b2f143d 23ea61fcd0304c969b154524bf4e832e 245221d40d044995bdab4ce38cb4bc46 - - default default] 10.0.0.194 "GET /v2.0/ports?device_id=00706f4b-e43a-47d2-bbe8-cc7ace311ecc HTTP/1.1" status: 200 len: 205 time: 0.0164719
2026-03-04 02:30:12.714 9 INFO neutron.wsgi [None req-fc23b339-02f7-44a5-8148-228578082182 0eaeb9811a0e4e0683b5036e4583a103 8f88e600cf3449f8a080511d31fa8f58 - - default default] 10.0.0.194 "DELETE /v2.0/security-groups/914f8ae0-f0eb-48f8-b70b-38dba3cc0405 HTTP/1.1" status: 204 len: 168 time: 0.2772348
2026-03-04 02:30:12.759 10 INFO neutron.wsgi [None req-6632c6cd-449c-4ab1-8514-1e78d58d5592 0eaeb9811a0e4e0683b5036e4583a103 8f88e600cf3449f8a080511d31fa8f58 - - default default] 10.0.0.69 "GET /v2.0/security-groups HTTP/1.1" status: 200 len: 26244 time: 0.1099231
2026-03-04 02:30:12.892 10 INFO neutron.wsgi [None req-f1b1666b-4922-44e2-bc06-5c2a6d882747 0eaeb9811a0e4e0683b5036e4583a103 8f88e600cf3449f8a080511d31fa8f58 - - default default] 10.0.0.69 "GET /v2.0/ports HTTP/1.1" status: 200 len: 12863 time: 0.1215074
2026-03-04 02:30:12.903 10 INFO neutron.wsgi [req-687bbbb5-9f2b-45d2-9598-81fb190255db req-d28e17c9-64b8-46be-a97c-4197caf7c923 0eaeb9811a0e4e0683b5036e4583a103 8f88e600cf3449f8a080511d31fa8f58 - - default default] 10.0.0.206 "GET /v2.0/ports?device_id=4b7ad453-5fff-4b99-ba36-cf7e7d314305 HTTP/1.1" status: 200 len: 1409 time: 0.1012223
2026-03-04 02:30:13.024 10 INFO neutron.wsgi [req-687bbbb5-9f2b-45d2-9598-81fb190255db req-2f6d4730-a4dc-4ccb-b337-03bee6f42793 0eaeb9811a0e4e0683b5036e4583a103 8f88e600cf3449f8a080511d31fa8f58 - - default default] 10.0.0.206 "GET /v2.0/security-groups?id=e12b67b0-482f-4613-8103-ea34cb99f7a9&fields=id&fields=name HTTP/1.1" status: 200 len: 313 time: 0.1032016
2026-03-04 02:30:13.083 10 INFO neutron.wsgi [None req-ad81932e-e45b-42f7-9c0d-bce3217c18ac 0eaeb9811a0e4e0683b5036e4583a103 8f88e600cf3449f8a080511d31fa8f58 - - default default] 10.0.0.69 "GET /v2.0/networks HTTP/1.1" status: 200 len: 4596 time: 0.1798098
2026-03-04 02:30:13.112 10 INFO neutron.wsgi [None req-f8b54c05-e378-4f73-ac96-759e995eec99 0eaeb9811a0e4e0683b5036e4583a103 8f88e600cf3449f8a080511d31fa8f58 - - default default] 10.0.0.69 "GET /v2.0/agents HTTP/1.1" status: 200 len: 1390 time: 0.0146692
2026-03-04 02:30:13.142 10 INFO neutron.wsgi [None req-8dd9b172-2a9b-4041-ace4-dc40229aa05c 0eaeb9811a0e4e0683b5036e4583a103 8f88e600cf3449f8a080511d31fa8f58 - - default default] 10.0.0.69 "GET /v2.0/network-ip-availabilities HTTP/1.1" status: 200 len: 2584 time: 0.0272036
2026-03-04 02:30:13.195 10 INFO neutron.wsgi [None req-2cb69888-0d89-4edf-b3da-a4bd47d9e832 23ea61fcd0304c969b154524bf4e832e 245221d40d044995bdab4ce38cb4bc46 - - default default] 10.0.0.194 "DELETE /v2.0/routers/00706f4b-e43a-47d2-bbe8-cc7ace311ecc HTTP/1.1" status: 204 len: 168 time: 0.5107262
2026-03-04 02:30:13.210 10 INFO neutron.wsgi [None req-dde06085-a665-48cb-ba59-0912db0fefc0 0eaeb9811a0e4e0683b5036e4583a103 8f88e600cf3449f8a080511d31fa8f58 - - default default] 10.0.0.69 "GET /v2.0/floatingips HTTP/1.1" status: 200 len: 1035 time: 0.0667202
2026-03-04 02:30:13.270 10 INFO neutron.wsgi [None req-130de250-1fc7-4160-a267-2e1a2190ef5f 0eaeb9811a0e4e0683b5036e4583a103 8f88e600cf3449f8a080511d31fa8f58 - - default default] 10.0.0.69 "GET /v2.0/subnets HTTP/1.1" status: 200 len: 3314 time: 0.0546877
2026-03-04 02:30:13.317 10 INFO neutron.wsgi [None req-154b3460-14fb-4ef8-aa86-74e7ca8f6d78 0eaeb9811a0e4e0683b5036e4583a103 8f88e600cf3449f8a080511d31fa8f58 - - default default] 10.0.0.69 "GET /v2.0/subnets HTTP/1.1" status: 200 len: 3314 time: 0.0444705
2026-03-04 02:30:13.348 10 INFO neutron.wsgi [None req-d5cad54c-88e7-48fa-b9a1-b72cf5ee9090 0eaeb9811a0e4e0683b5036e4583a103 8f88e600cf3449f8a080511d31fa8f58 - - default default] 10.0.0.69 "GET /v2.0/subnetpools HTTP/1.1" status: 200 len: 193 time: 0.0294163
2026-03-04 02:30:13.484 10 INFO neutron.wsgi [None req-f473fbe6-130b-4461-9a4d-378dcda8fe27 23ea61fcd0304c969b154524bf4e832e 245221d40d044995bdab4ce38cb4bc46 - - default default] 10.0.0.194 "DELETE /v2.0/subnets/a0a23821-dd38-4978-ab5f-734314d4fe9f HTTP/1.1" status: 204 len: 168 time: 0.2840636
2026-03-04 02:30:14.027 9 INFO neutron.db.ovn_revision_numbers_db [None req-d7f42b64-c7f9-4ebc-b3b0-1f7ea86926fa f3b9ba82dbff4a10bea3dac4b2fc6841 59b67c28c3314487a4a68df8b30e6e58 - - default default] Successfully bumped revision number for resource cf813f22-b56d-4e7f-8046-f8ab4bf80ac8 (type: security_groups) to 1
2026-03-04 02:30:14.045 10 INFO neutron.wsgi [None req-bca7f69c-07fc-4d7b-a6e0-bb045a1c2a86 23ea61fcd0304c969b154524bf4e832e 245221d40d044995bdab4ce38cb4bc46 - - default default] 10.0.0.194 "DELETE /v2.0/subnets/03805d2b-0f6e-44cc-85c8-17e2e11ebd2c HTTP/1.1" status: 204 len: 168 time: 0.5568354
2026-03-04 02:30:14.047 9 INFO neutron.db.ovn_revision_numbers_db [None req-d7f42b64-c7f9-4ebc-b3b0-1f7ea86926fa f3b9ba82dbff4a10bea3dac4b2fc6841 59b67c28c3314487a4a68df8b30e6e58 - - default default] Successfully bumped revision number for resource 3aa26889-aab0-4329-a713-535df3e09b2c (type: security_group_rules) to 0
2026-03-04 02:30:14.063 9 INFO neutron.db.ovn_revision_numbers_db [None req-d7f42b64-c7f9-4ebc-b3b0-1f7ea86926fa f3b9ba82dbff4a10bea3dac4b2fc6841 59b67c28c3314487a4a68df8b30e6e58 - - default default] Successfully bumped revision number for resource 85ae302d-b5e0-4969-a36e-303eb68eeedc (type: security_group_rules) to 0
2026-03-04 02:30:14.090 9 INFO neutron.db.ovn_revision_numbers_db [None req-d7f42b64-c7f9-4ebc-b3b0-1f7ea86926fa f3b9ba82dbff4a10bea3dac4b2fc6841 59b67c28c3314487a4a68df8b30e6e58 - - default default] Successfully bumped revision number for resource a36b5368-3bce-4653-b7e5-244b43509f72 (type: security_group_rules) to 0
2026-03-04 02:30:14.104 9 INFO neutron.db.ovn_revision_numbers_db [None req-d7f42b64-c7f9-4ebc-b3b0-1f7ea86926fa f3b9ba82dbff4a10bea3dac4b2fc6841 59b67c28c3314487a4a68df8b30e6e58 - - default default] Successfully bumped revision number for resource a3ca7c08-c583-4bb1-932e-b6d4fcef9df3 (type: security_group_rules) to 0
2026-03-04 02:30:14.148 9 INFO neutron.db.segments_db [None req-d7f42b64-c7f9-4ebc-b3b0-1f7ea86926fa f3b9ba82dbff4a10bea3dac4b2fc6841 59b67c28c3314487a4a68df8b30e6e58 - - default default] Added segment 74221b54-6a0c-43fa-b149-bb4f456c39b5 of type geneve for network 8b97e001-54ba-4394-95e7-ed5b18c3a921
2026-03-04 02:30:14.309 9 INFO neutron.db.ovn_revision_numbers_db [None req-d7f42b64-c7f9-4ebc-b3b0-1f7ea86926fa f3b9ba82dbff4a10bea3dac4b2fc6841 59b67c28c3314487a4a68df8b30e6e58 - - default default] Successfully bumped revision number for resource 8b97e001-54ba-4394-95e7-ed5b18c3a921 (type: networks) to 1
2026-03-04 02:30:14.458 10 INFO neutron.services.segments.plugin [-] Segment baa48cab-8245-4959-adcc-a3238d345247 resource provider aggregate not found
2026-03-04 02:30:14.464 10 INFO neutron.services.segments.plugin [-] Segment baa48cab-8245-4959-adcc-a3238d345247 resource provider aggregate not found
2026-03-04 02:30:14.473 10 INFO neutron.services.segments.plugin [-] Segment baa48cab-8245-4959-adcc-a3238d345247 resource provider not found; error: Placement Client Error (4xx): {"errors": [{"status": 404, "title": "Not Found", "detail": "The resource could not be found.\n\n No resource provider with uuid baa48cab-8245-4959-adcc-a3238d345247 found for delete ", "request_id": "req-1488878d-3f77-4dbf-8125-13755ef9d1b7"}]}
2026-03-04 02:30:14.476 10 INFO neutron.services.segments.plugin [-] Segment baa48cab-8245-4959-adcc-a3238d345247 resource provider not found; error: Placement Client Error (4xx): {"errors": [{"status": 404, "title": "Not Found", "detail": "The resource could not be found.\n\n No resource provider with uuid baa48cab-8245-4959-adcc-a3238d345247 found for delete ", "request_id": "req-b9f3efbc-8edc-4041-9f51-019ec6e34a2f"}]}
2026-03-04 02:30:14.486 9 WARNING neutron.scheduler.dhcp_agent_scheduler [None req-d7f42b64-c7f9-4ebc-b3b0-1f7ea86926fa f3b9ba82dbff4a10bea3dac4b2fc6841 59b67c28c3314487a4a68df8b30e6e58 - - default default] No more DHCP agents
2026-03-04 02:30:14.491 9 WARNING neutron.api.rpc.agentnotifiers.dhcp_rpc_agent_api [None req-d7f42b64-c7f9-4ebc-b3b0-1f7ea86926fa f3b9ba82dbff4a10bea3dac4b2fc6841 59b67c28c3314487a4a68df8b30e6e58 - - default default] Unable to schedule network 8b97e001-54ba-4394-95e7-ed5b18c3a921: no agents available; will retry on subsequent port and subnet creation events.
2026-03-04 02:30:14.499 10 INFO neutron.wsgi [None req-2f92d7ac-65ef-46c1-80ea-1c5a8ad61a97 23ea61fcd0304c969b154524bf4e832e 245221d40d044995bdab4ce38cb4bc46 - - default default] 10.0.0.194 "DELETE /v2.0/networks/815274bc-049d-4c65-9a08-2cbb1ac950c9 HTTP/1.1" status: 204 len: 168 time: 0.4475124
2026-03-04 02:30:14.599 9 INFO neutron.db.ovn_revision_numbers_db [None req-d7f42b64-c7f9-4ebc-b3b0-1f7ea86926fa f3b9ba82dbff4a10bea3dac4b2fc6841 59b67c28c3314487a4a68df8b30e6e58 - - default default] Successfully bumped revision number for resource 54bd70b8-ad89-4217-92fc-70007c663a18 (type: ports) to 1
2026-03-04 02:30:14.630 9 INFO neutron.wsgi [None req-d7f42b64-c7f9-4ebc-b3b0-1f7ea86926fa f3b9ba82dbff4a10bea3dac4b2fc6841 59b67c28c3314487a4a68df8b30e6e58 - - default default] 10.0.0.194 "POST /v2.0/networks HTTP/1.1" status: 201 len: 928 time: 1.0748265
2026-03-04 02:30:14.688 10 INFO neutron.db.ovn_revision_numbers_db [None req-8941677d-d2bd-4d49-a499-cf3c9087ef8e 0eaeb9811a0e4e0683b5036e4583a103 8f88e600cf3449f8a080511d31fa8f58 - - default default] Successfully bumped revision number for resource 15d96dc6-8ffc-41ac-950d-d1e44cf0d52b (type: security_groups) to 1
2026-03-04 02:30:14.712 10 INFO neutron.db.ovn_revision_numbers_db [None req-8941677d-d2bd-4d49-a499-cf3c9087ef8e 0eaeb9811a0e4e0683b5036e4583a103 8f88e600cf3449f8a080511d31fa8f58 - - default default] Successfully bumped revision number for resource 54b7c133-ee30-44ae-b884-1eafa1f607a4 (type: security_group_rules) to 0
2026-03-04 02:30:14.725 10 INFO neutron.db.ovn_revision_numbers_db [None req-8941677d-d2bd-4d49-a499-cf3c9087ef8e 0eaeb9811a0e4e0683b5036e4583a103 8f88e600cf3449f8a080511d31fa8f58 - - default default] Successfully bumped revision number for resource 66288f5b-d418-4d5a-b142-12c4b0e0ea2f (type: security_group_rules) to 0
2026-03-04 02:30:14.744 10 INFO neutron.db.ovn_revision_numbers_db [None req-8941677d-d2bd-4d49-a499-cf3c9087ef8e 0eaeb9811a0e4e0683b5036e4583a103 8f88e600cf3449f8a080511d31fa8f58 - - default default] Successfully bumped revision number for resource ba7f342a-cdda-4861-80cd-33071380b5a0 (type: security_group_rules) to 0
2026-03-04 02:30:14.764 10 INFO neutron.db.ovn_revision_numbers_db [None req-8941677d-d2bd-4d49-a499-cf3c9087ef8e 0eaeb9811a0e4e0683b5036e4583a103 8f88e600cf3449f8a080511d31fa8f58 - - default default] Successfully bumped revision number for resource c21235c1-f9b8-4ec6-aba9-6020cc636adf (type: security_group_rules) to 0
2026-03-04 02:30:14.803 10 WARNING neutron.scheduler.dhcp_agent_scheduler [None req-804da2d8-95e9-4fd2-9279-ae1655c2b040 f3b9ba82dbff4a10bea3dac4b2fc6841 59b67c28c3314487a4a68df8b30e6e58 - - default default] No more DHCP agents
2026-03-04 02:30:14.807 10 WARNING neutron.api.rpc.agentnotifiers.dhcp_rpc_agent_api [None req-804da2d8-95e9-4fd2-9279-ae1655c2b040 f3b9ba82dbff4a10bea3dac4b2fc6841 59b67c28c3314487a4a68df8b30e6e58 - - default default] Unable to schedule network 8b97e001-54ba-4394-95e7-ed5b18c3a921: no agents available; will retry on subsequent port and subnet creation events.
2026-03-04 02:30:14.822 10 INFO neutron.db.segments_db [None req-8941677d-d2bd-4d49-a499-cf3c9087ef8e 0eaeb9811a0e4e0683b5036e4583a103 8f88e600cf3449f8a080511d31fa8f58 - - default default] Added segment 0b38f349-d3a3-45ce-9096-35f7051510da of type geneve for network e92a0189-9c5a-48bf-9c42-d31b187d732d
2026-03-04 02:30:15.028 10 INFO neutron.db.ovn_revision_numbers_db [None req-8941677d-d2bd-4d49-a499-cf3c9087ef8e 0eaeb9811a0e4e0683b5036e4583a103 8f88e600cf3449f8a080511d31fa8f58 - - default default] Successfully bumped revision number for resource e92a0189-9c5a-48bf-9c42-d31b187d732d (type: networks) to 1
2026-03-04 02:30:15.119 9 INFO neutron.services.segments.plugin [-] Segment b0cc8ef3-d488-479a-9610-027bdbf440c0 resource provider aggregate not found
2026-03-04 02:30:15.123 9 INFO neutron.services.segments.plugin [-] Segment b0cc8ef3-d488-479a-9610-027bdbf440c0 resource provider aggregate not found
2026-03-04 02:30:15.138 9 INFO neutron.services.segments.plugin [-] Segment b0cc8ef3-d488-479a-9610-027bdbf440c0 resource provider not found; error: Placement Client Error (4xx): {"errors": [{"status": 404, "title": "Not Found", "detail": "The resource could not be found.\n\n No resource provider with uuid b0cc8ef3-d488-479a-9610-027bdbf440c0 found for delete ", "request_id": "req-bef62c8f-92dd-4454-8ab2-0a0664561f13"}]}
2026-03-04 02:30:15.140 9 INFO neutron.services.segments.plugin [-] Segment b0cc8ef3-d488-479a-9610-027bdbf440c0 resource provider not found; error: Placement Client Error (4xx): {"errors": [{"status": 404, "title": "Not Found", "detail": "The resource could not be found.\n\n No resource provider with uuid b0cc8ef3-d488-479a-9610-027bdbf440c0 found for delete ", "request_id": "req-226d6e6b-3b9c-4605-848c-3f3461234796"}]}
2026-03-04 02:30:15.165 9 INFO neutron.wsgi [None req-a442908f-3a50-471b-bc74-acd21d331915 23ea61fcd0304c969b154524bf4e832e 245221d40d044995bdab4ce38cb4bc46 - - default default] 10.0.0.194 "DELETE /v2.0/networks/8d88cb98-fd15-4dbb-ad74-ee03e05e3371 HTTP/1.1" status: 204 len: 168 time: 0.6613948
2026-03-04 02:30:15.180 9 WARNING neutron_lib.context [None req-b55c0ef7-f1dc-4187-8f4a-365c5011cd00 23ea61fcd0304c969b154524bf4e832e 245221d40d044995bdab4ce38cb4bc46 - - default default] Method 'is_advsvc' is deprecated since 2023.2 release (neutron-lib 3.8.0) and will be removed once support for the old RBAC API policies will be removed from Neutron. Please use method 'is_service_role' instead.
2026-03-04 02:30:15.234 10 WARNING neutron.scheduler.dhcp_agent_scheduler [None req-8941677d-d2bd-4d49-a499-cf3c9087ef8e 0eaeb9811a0e4e0683b5036e4583a103 8f88e600cf3449f8a080511d31fa8f58 - - default default] No more DHCP agents
2026-03-04 02:30:15.237 10 WARNING neutron.api.rpc.agentnotifiers.dhcp_rpc_agent_api [None req-8941677d-d2bd-4d49-a499-cf3c9087ef8e 0eaeb9811a0e4e0683b5036e4583a103 8f88e600cf3449f8a080511d31fa8f58 - - default default] Unable to schedule network e92a0189-9c5a-48bf-9c42-d31b187d732d: no agents available; will retry on subsequent port and subnet creation events.
2026-03-04 02:30:15.268 9 INFO neutron.db.segments_db [None req-b55c0ef7-f1dc-4187-8f4a-365c5011cd00 23ea61fcd0304c969b154524bf4e832e 245221d40d044995bdab4ce38cb4bc46 - - default default] Added segment 05bf19ea-eee0-44aa-87cb-9f3a1bba2f23 of type geneve for network 617f5b35-5568-46ca-b5d4-b1783a373977
2026-03-04 02:30:15.272 9 WARNING neutron.plugins.ml2.drivers.ovn.mech_driver.ovsdb.ovn_client [None req-3865a772-688b-4849-821e-ed6a72bb218c - - - - - -] No port found with ID 6db82fbc-81b0-4dd8-8263-fcdb43c62116: RuntimeError: No port found with ID 6db82fbc-81b0-4dd8-8263-fcdb43c62116
2026-03-04 02:30:15.359 10 INFO neutron.db.ovn_revision_numbers_db [None req-8941677d-d2bd-4d49-a499-cf3c9087ef8e 0eaeb9811a0e4e0683b5036e4583a103 8f88e600cf3449f8a080511d31fa8f58 - - default default] Successfully bumped revision number for resource e2bb4d8c-39ab-4770-837a-63ea095827cd (type: ports) to 1
2026-03-04 02:30:15.387 10 INFO neutron.wsgi [None req-8941677d-d2bd-4d49-a499-cf3c9087ef8e 0eaeb9811a0e4e0683b5036e4583a103 8f88e600cf3449f8a080511d31fa8f58 - - default default] 10.0.0.194 "POST /v2.0/networks HTTP/1.1" status: 201 len: 942 time: 0.9669273
2026-03-04 02:30:15.429 9 INFO neutron.db.ovn_revision_numbers_db [None req-b55c0ef7-f1dc-4187-8f4a-365c5011cd00 23ea61fcd0304c969b154524bf4e832e 245221d40d044995bdab4ce38cb4bc46 - - default default] Successfully bumped revision number for resource 617f5b35-5568-46ca-b5d4-b1783a373977 (type: networks) to 1
2026-03-04 02:30:15.501 10 INFO neutron.db.ovn_revision_numbers_db [None req-804da2d8-95e9-4fd2-9279-ae1655c2b040 f3b9ba82dbff4a10bea3dac4b2fc6841 59b67c28c3314487a4a68df8b30e6e58 - - default default] Successfully bumped revision number for resource 54bd70b8-ad89-4217-92fc-70007c663a18 (type: ports) to 2
2026-03-04 02:30:15.562 10 INFO neutron.db.ovn_revision_numbers_db [None req-804da2d8-95e9-4fd2-9279-ae1655c2b040 f3b9ba82dbff4a10bea3dac4b2fc6841 59b67c28c3314487a4a68df8b30e6e58 - - default default] Successfully bumped revision number for resource e45554f0-b07c-4224-b7b2-f0c6189fb788 (type: subnets) to 0
2026-03-04 02:30:15.577 10 WARNING neutron.scheduler.dhcp_agent_scheduler [None req-6eed17ac-eb89-4339-9fbe-43f2ce9ad37c 0eaeb9811a0e4e0683b5036e4583a103 8f88e600cf3449f8a080511d31fa8f58 - - default default] No more DHCP agents
2026-03-04 02:30:15.579 10 WARNING neutron.api.rpc.agentnotifiers.dhcp_rpc_agent_api [None req-6eed17ac-eb89-4339-9fbe-43f2ce9ad37c 0eaeb9811a0e4e0683b5036e4583a103 8f88e600cf3449f8a080511d31fa8f58 - - default default] Unable to schedule network e92a0189-9c5a-48bf-9c42-d31b187d732d: no agents available; will retry on subsequent port and subnet creation events.
2026-03-04 02:30:15.583 10 INFO neutron.wsgi [None req-804da2d8-95e9-4fd2-9279-ae1655c2b040 f3b9ba82dbff4a10bea3dac4b2fc6841 59b67c28c3314487a4a68df8b30e6e58 - - default default] 10.0.0.194 "POST /v2.0/subnets HTTP/1.1" status: 201 len: 819 time: 0.9471447
2026-03-04 02:30:15.596 9 WARNING neutron.api.v2.base [None req-8d5023a2-9d0e-4c3f-ad43-968e6bbbb1f5 f3b9ba82dbff4a10bea3dac4b2fc6841 59b67c28c3314487a4a68df8b30e6e58 - - default default] An exception happened while processing the request body. The exception message is [Invalid input for target_tenant. Reason: 'None' is not a valid string.].: webob.exc.HTTPBadRequest: Invalid input for target_tenant. Reason: 'None' is not a valid string.
2026-03-04 02:30:15.597 9 INFO neutron.api.v2.resource [None req-8d5023a2-9d0e-4c3f-ad43-968e6bbbb1f5 f3b9ba82dbff4a10bea3dac4b2fc6841 59b67c28c3314487a4a68df8b30e6e58 - - default default] create failed (client error): Invalid input for target_tenant. Reason: 'None' is not a valid string.
2026-03-04 02:30:15.598 9 INFO neutron.wsgi [None req-8d5023a2-9d0e-4c3f-ad43-968e6bbbb1f5 f3b9ba82dbff4a10bea3dac4b2fc6841 59b67c28c3314487a4a68df8b30e6e58 - - default default] 10.0.0.194 "POST /v2.0/rbac-policies HTTP/1.1" status: 400 len: 346 time: 0.0079303
2026-03-04 02:30:15.687 9 WARNING neutron.scheduler.dhcp_agent_scheduler [None req-b55c0ef7-f1dc-4187-8f4a-365c5011cd00 23ea61fcd0304c969b154524bf4e832e 245221d40d044995bdab4ce38cb4bc46 - - default default] No more DHCP agents
2026-03-04 02:30:15.694 9 WARNING neutron.api.rpc.agentnotifiers.dhcp_rpc_agent_api [None req-b55c0ef7-f1dc-4187-8f4a-365c5011cd00 23ea61fcd0304c969b154524bf4e832e 245221d40d044995bdab4ce38cb4bc46 - - default default] Unable to schedule network 617f5b35-5568-46ca-b5d4-b1783a373977: no agents available; will retry on subsequent port and subnet creation events.
2026-03-04 02:30:15.808 9 INFO neutron.db.ovn_revision_numbers_db [None req-b55c0ef7-f1dc-4187-8f4a-365c5011cd00 23ea61fcd0304c969b154524bf4e832e 245221d40d044995bdab4ce38cb4bc46 - - default default] Successfully bumped revision number for resource 4fae7b51-0153-483c-8686-d3a0e9ee2b57 (type: ports) to 1
2026-03-04 02:30:15.844 9 INFO neutron.wsgi [None req-b55c0ef7-f1dc-4187-8f4a-365c5011cd00 23ea61fcd0304c969b154524bf4e832e 245221d40d044995bdab4ce38cb4bc46 - - default default] 10.0.0.194 "POST /v2.0/networks HTTP/1.1" status: 201 len: 828 time: 0.6691694
2026-03-04 02:30:15.865 10 WARNING neutron_lib.context [None req-7c53bd9c-8728-45c2-bb63-4a69f2d59e0e 23ea61fcd0304c969b154524bf4e832e 245221d40d044995bdab4ce38cb4bc46 - - default default] Method 'is_advsvc' is deprecated since 2023.2 release (neutron-lib 3.8.0) and will be removed once support for the old RBAC API policies will be removed from Neutron. Please use method 'is_service_role' instead.
2026-03-04 02:30:16.152 10 INFO neutron.db.ovn_revision_numbers_db [None req-6eed17ac-eb89-4339-9fbe-43f2ce9ad37c 0eaeb9811a0e4e0683b5036e4583a103 8f88e600cf3449f8a080511d31fa8f58 - - default default] Successfully bumped revision number for resource e2bb4d8c-39ab-4770-837a-63ea095827cd (type: ports) to 2
2026-03-04 02:30:16.159 10 WARNING neutron.scheduler.dhcp_agent_scheduler [None req-7c53bd9c-8728-45c2-bb63-4a69f2d59e0e 23ea61fcd0304c969b154524bf4e832e 245221d40d044995bdab4ce38cb4bc46 - - default default] No more DHCP agents
2026-03-04 02:30:16.161 10 WARNING neutron.api.rpc.agentnotifiers.dhcp_rpc_agent_api [None req-7c53bd9c-8728-45c2-bb63-4a69f2d59e0e 23ea61fcd0304c969b154524bf4e832e 245221d40d044995bdab4ce38cb4bc46 - - default default] Unable to schedule network 617f5b35-5568-46ca-b5d4-b1783a373977: no agents available; will retry on subsequent port and subnet creation events.
2026-03-04 02:30:16.218 10 INFO neutron.db.ovn_revision_numbers_db [None req-6eed17ac-eb89-4339-9fbe-43f2ce9ad37c 0eaeb9811a0e4e0683b5036e4583a103 8f88e600cf3449f8a080511d31fa8f58 - - default default] Successfully bumped revision number for resource 12d3e549-41fb-4e8f-8b9b-73ec09d656dc (type: subnets) to 0
2026-03-04 02:30:16.235 10 INFO neutron.wsgi [None req-6eed17ac-eb89-4339-9fbe-43f2ce9ad37c 0eaeb9811a0e4e0683b5036e4583a103 8f88e600cf3449f8a080511d31fa8f58 - - default default] 10.0.0.194 "POST /v2.0/subnets HTTP/1.1" status: 201 len: 862 time: 0.8398438
2026-03-04 02:30:16.287 9 INFO neutron.wsgi [None req-8a7d3a3d-21e6-437d-9d44-908cd477458f f3b9ba82dbff4a10bea3dac4b2fc6841 59b67c28c3314487a4a68df8b30e6e58 - - default default] 10.0.0.194 "DELETE /v2.0/networks/8b97e001-54ba-4394-95e7-ed5b18c3a921 HTTP/1.1" status: 204 len: 168 time: 0.6861017
2026-03-04 02:30:16.455 9 INFO neutron.db.segments_db [None req-ab030caa-f395-4359-a6f0-bb86dd61f103 f3b9ba82dbff4a10bea3dac4b2fc6841 59b67c28c3314487a4a68df8b30e6e58 - - default default] Added segment bde7d4d7-9d3c-4f40-8ad1-4168657ce72c of type geneve for network 3d2ab8bf-cd0c-4996-b101-3040bb0797cb
2026-03-04 02:30:16.685 10 INFO neutron.db.ovn_revision_numbers_db [None req-7c53bd9c-8728-45c2-bb63-4a69f2d59e0e 23ea61fcd0304c969b154524bf4e832e 245221d40d044995bdab4ce38cb4bc46 - - default default] Successfully bumped revision number for resource 4fae7b51-0153-483c-8686-d3a0e9ee2b57 (type: ports) to 2
2026-03-04 02:30:16.694 9 INFO neutron.db.ovn_revision_numbers_db [None req-ab030caa-f395-4359-a6f0-bb86dd61f103 f3b9ba82dbff4a10bea3dac4b2fc6841 59b67c28c3314487a4a68df8b30e6e58 - - default default] Successfully bumped revision number for resource 3d2ab8bf-cd0c-4996-b101-3040bb0797cb (type: networks) to 1
2026-03-04 02:30:16.733 10 INFO neutron.wsgi [req-43806d03-6ae3-45fe-8912-d9e56382ae50 req-876e6739-78a7-4c73-aa02-473f05e2c0ed 9485d081605d4854bc7425fede65ba90 59b95180f6ac47f9b81ebeea0a229261 - - f65d03401fe643fba374468d1db27df7 f65d03401fe643fba374468d1db27df7] 10.0.0.199 "GET /v2.0/ports?device_id=4b7ad453-5fff-4b99-ba36-cf7e7d314305 HTTP/1.1" status: 200 len: 1409 time: 0.0407038
