2026-03-04 02:28:55.068 9 INFO neutron.db.ovn_revision_numbers_db [req-3ec6cdb0-a12a-4be4-bd3d-e8aa73fe84a4 req-921ac15b-f951-4e99-9543-deb52b8d0def 27e8cc26eff94b00b1bbc58258f5e49a b4e54277ed4c4d34ab0c4aaa7d36c6dd - - default default] Successfully bumped revision number for resource 40c35154-f230-4adb-9ffd-69cbb153503c (type: ports) to 1
2026-03-04 02:28:55.092 9 INFO neutron.wsgi [req-3ec6cdb0-a12a-4be4-bd3d-e8aa73fe84a4 req-921ac15b-f951-4e99-9543-deb52b8d0def 27e8cc26eff94b00b1bbc58258f5e49a b4e54277ed4c4d34ab0c4aaa7d36c6dd - - default default] 199.204.45.25 "POST /v2.0/ports HTTP/1.1" status: 201 len: 1158 time: 0.6171167 /var/lib/openstack/lib/python3.10/site-packages/pycadf/identifier.py:71: UserWarning: Invalid uuid: neutron. To ensure interoperability, identifiers should be a valid uuid. warnings.warn(('Invalid uuid: %s. To ensure interoperability, '
2026-03-04 02:28:55.511 9 INFO neutron.db.ovn_revision_numbers_db [req-3ec6cdb0-a12a-4be4-bd3d-e8aa73fe84a4 req-7cb05300-d08c-436a-992e-3be434c1a53c 9485d081605d4854bc7425fede65ba90 59b95180f6ac47f9b81ebeea0a229261 - - f65d03401fe643fba374468d1db27df7 f65d03401fe643fba374468d1db27df7] Successfully bumped revision number for resource 40c35154-f230-4adb-9ffd-69cbb153503c (type: ports) to 2
2026-03-04 02:28:55.755 9 INFO neutron.db.ovn_revision_numbers_db [req-3ec6cdb0-a12a-4be4-bd3d-e8aa73fe84a4 req-7cb05300-d08c-436a-992e-3be434c1a53c 9485d081605d4854bc7425fede65ba90 59b95180f6ac47f9b81ebeea0a229261 - - f65d03401fe643fba374468d1db27df7 f65d03401fe643fba374468d1db27df7] Successfully bumped revision number for resource 40c35154-f230-4adb-9ffd-69cbb153503c (type: ports) to 2
2026-03-04 02:28:55.765 10 INFO neutron.wsgi [None req-06e86ee0-ae72-4dd3-b53b-1666b1dbbf7d 0eaeb9811a0e4e0683b5036e4583a103 8f88e600cf3449f8a080511d31fa8f58 - - default default] 10.0.0.194 "DELETE /v2.0/routers/95e85625-a6a2-4006-beb6-3db864e6a008 HTTP/1.1" status: 204 len: 168 time: 0.7541270
2026-03-04 02:28:55.777 9 INFO neutron.wsgi [req-3ec6cdb0-a12a-4be4-bd3d-e8aa73fe84a4 req-7cb05300-d08c-436a-992e-3be434c1a53c 9485d081605d4854bc7425fede65ba90 59b95180f6ac47f9b81ebeea0a229261 - - f65d03401fe643fba374468d1db27df7 f65d03401fe643fba374468d1db27df7] 199.204.45.25 "PUT /v2.0/ports/40c35154-f230-4adb-9ffd-69cbb153503c HTTP/1.1" status: 200 len: 1376 time: 0.6773040
2026-03-04 02:28:55.817 9 INFO neutron.notifiers.nova [-] Nova event matching ['req-6e70d349-36b7-43dd-826c-6d57b3150bd0'] response: {'name': 'network-changed', 'server_uuid': 'f0bc5701-a003-41ba-8788-bc4b921c47f8', 'tag': '40c35154-f230-4adb-9ffd-69cbb153503c', 'status': 'completed', 'code': 200} /var/lib/openstack/lib/python3.10/site-packages/pycadf/identifier.py:71: UserWarning: Invalid uuid: neutron. To ensure interoperability, identifiers should be a valid uuid. warnings.warn(('Invalid uuid: %s. To ensure interoperability, '
2026-03-04 02:28:55.861 9 INFO neutron.wsgi [req-3ec6cdb0-a12a-4be4-bd3d-e8aa73fe84a4 req-aa0d1cf3-3ad1-4d55-9fd1-c874f2fd7bc6 9485d081605d4854bc7425fede65ba90 59b95180f6ac47f9b81ebeea0a229261 - - f65d03401fe643fba374468d1db27df7 f65d03401fe643fba374468d1db27df7] 199.204.45.25 "GET /v2.0/ports?tenant_id=b4e54277ed4c4d34ab0c4aaa7d36c6dd&device_id=f0bc5701-a003-41ba-8788-bc4b921c47f8 HTTP/1.1" status: 200 len: 1407 time: 0.0426867
2026-03-04 02:28:55.892 9 INFO neutron.wsgi [req-3ec6cdb0-a12a-4be4-bd3d-e8aa73fe84a4 req-4c0849d5-c3b7-4e33-a299-ae4669c38a07 9485d081605d4854bc7425fede65ba90 59b95180f6ac47f9b81ebeea0a229261 - - f65d03401fe643fba374468d1db27df7 f65d03401fe643fba374468d1db27df7] 199.204.45.25 "GET /v2.0/floatingips?fixed_ip_address=10.100.0.9&port_id=40c35154-f230-4adb-9ffd-69cbb153503c HTTP/1.1" status: 200 len: 217 time: 0.0257890
2026-03-04 02:28:55.925 9 WARNING neutron_lib.context [None req-697a0874-0309-423b-bc9c-3cdb08a67190 5ab3627a57154304b1d81a21d3268c4a 71885e88faa74523932e50fa5d4c2513 - - default default] Method 'is_advsvc' is deprecated since 2023.2 release (neutron-lib 3.8.0) and will be removed once support for the old RBAC API policies will be removed from Neutron. Please use method 'is_service_role' instead.
2026-03-04 02:28:55.950 9 INFO neutron.wsgi [req-3ec6cdb0-a12a-4be4-bd3d-e8aa73fe84a4 req-e7ea05ad-6fb1-4f10-b94c-ca6eead9a7ff 9485d081605d4854bc7425fede65ba90 59b95180f6ac47f9b81ebeea0a229261 - - f65d03401fe643fba374468d1db27df7 f65d03401fe643fba374468d1db27df7] 199.204.45.25 "GET /v2.0/subnets?id=d804b701-c8a0-4618-beca-7109bd22aef5 HTTP/1.1" status: 200 len: 871 time: 0.0521595
2026-03-04 02:28:55.955 10 INFO neutron.wsgi [req-ec498368-8387-4578-a6b3-d8eb930a844b req-28151aae-172d-4488-8184-b24574f17151 27e8cc26eff94b00b1bbc58258f5e49a b4e54277ed4c4d34ab0c4aaa7d36c6dd - - default default] 10.0.0.206 "GET /v2.0/ports?device_id=f0bc5701-a003-41ba-8788-bc4b921c47f8 HTTP/1.1" status: 200 len: 1168 time: 0.0608008
2026-03-04 02:28:55.975 9 INFO neutron.wsgi [req-3ec6cdb0-a12a-4be4-bd3d-e8aa73fe84a4 req-5820eab6-38a6-44eb-be47-eeb9b8566924 9485d081605d4854bc7425fede65ba90 59b95180f6ac47f9b81ebeea0a229261 - - f65d03401fe643fba374468d1db27df7 f65d03401fe643fba374468d1db27df7] 199.204.45.25 "GET /v2.0/ports?network_id=db85e237-96ca-4660-8e2e-37ac001d26a5&device_owner=network%3Adhcp HTTP/1.1" status: 200 len: 210 time: 0.0184641
2026-03-04 02:28:56.054 9 INFO neutron.wsgi [req-3ec6cdb0-a12a-4be4-bd3d-e8aa73fe84a4 req-d4987222-6a04-41c0-8187-f974491e8ce6 9485d081605d4854bc7425fede65ba90 59b95180f6ac47f9b81ebeea0a229261 - - f65d03401fe643fba374468d1db27df7 f65d03401fe643fba374468d1db27df7] 199.204.45.25 "GET /v2.0/networks/db85e237-96ca-4660-8e2e-37ac001d26a5?fields=segments HTTP/1.1" status: 200 len: 212 time: 0.0698454
2026-03-04 02:28:56.111 9 INFO neutron.db.ovn_revision_numbers_db [None req-697a0874-0309-423b-bc9c-3cdb08a67190 5ab3627a57154304b1d81a21d3268c4a 71885e88faa74523932e50fa5d4c2513 - - default default] Successfully bumped revision number for resource c33c369e-b321-4d9e-9953-c5220a7170e7 (type: security_groups) to 1
2026-03-04 02:28:56.140 9 INFO neutron.db.ovn_revision_numbers_db [None req-697a0874-0309-423b-bc9c-3cdb08a67190 5ab3627a57154304b1d81a21d3268c4a 71885e88faa74523932e50fa5d4c2513 - - default default] Successfully bumped revision number for resource 2541d4e3-4143-4704-b36d-a54b287a67f1 (type: security_group_rules) to 0
2026-03-04 02:28:56.151 9 INFO neutron.wsgi [req-3ec6cdb0-a12a-4be4-bd3d-e8aa73fe84a4 req-e50a7297-347d-4ed4-ac1e-2de02861d6c3 9485d081605d4854bc7425fede65ba90 59b95180f6ac47f9b81ebeea0a229261 - - f65d03401fe643fba374468d1db27df7 f65d03401fe643fba374468d1db27df7] 199.204.45.25 "GET /v2.0/networks/db85e237-96ca-4660-8e2e-37ac001d26a5?fields=provider%3Aphysical_network&fields=provider%3Anetwork_type HTTP/1.1" status: 200 len: 277 time: 0.0902543
2026-03-04 02:28:56.162 9 INFO neutron.db.ovn_revision_numbers_db [None req-697a0874-0309-423b-bc9c-3cdb08a67190 5ab3627a57154304b1d81a21d3268c4a 71885e88faa74523932e50fa5d4c2513 - - default default] Successfully bumped revision number for resource 8d6ff1ad-4071-43ff-9749-136b3863014e (type: security_group_rules) to 0
2026-03-04 02:28:56.179 9 INFO neutron.db.ovn_revision_numbers_db [None req-697a0874-0309-423b-bc9c-3cdb08a67190 5ab3627a57154304b1d81a21d3268c4a 71885e88faa74523932e50fa5d4c2513 - - default default] Successfully bumped revision number for resource 9fc460a4-4152-45ac-93fe-e3f7d7210e85 (type: security_group_rules) to 0
2026-03-04 02:28:56.198 9 INFO neutron.db.ovn_revision_numbers_db [None req-697a0874-0309-423b-bc9c-3cdb08a67190 5ab3627a57154304b1d81a21d3268c4a 71885e88faa74523932e50fa5d4c2513 - - default default] Successfully bumped revision number for resource af754925-21c7-4d01-b566-7118253a1177 (type: security_group_rules) to 0
2026-03-04 02:28:56.205 10 INFO neutron.wsgi [req-ec498368-8387-4578-a6b3-d8eb930a844b req-19189f0c-d2be-46dd-8645-12d146bd7025 27e8cc26eff94b00b1bbc58258f5e49a b4e54277ed4c4d34ab0c4aaa7d36c6dd - - default default] 10.0.0.206 "GET /v2.0/security-groups?id=536fb18e-8c9b-43f8-844f-db869bed712d&fields=id&fields=name HTTP/1.1" status: 200 len: 286 time: 0.2442718
2026-03-04 02:28:56.207 10 INFO neutron.wsgi [None req-cfc90ea8-1e9a-4663-8cc8-e65d1d11df2a 0eaeb9811a0e4e0683b5036e4583a103 8f88e600cf3449f8a080511d31fa8f58 - - default default] 10.0.0.194 "DELETE /v2.0/subnets/37d5f21c-72f9-4307-8295-477ada6b9551 HTTP/1.1" status: 204 len: 168 time: 0.4365504
2026-03-04 02:28:56.258 9 INFO neutron.wsgi [req-5a867f0d-c9f9-4bed-9efd-158c2c811559 req-4f487bc8-2f96-428e-9adb-94a3424294a8 9485d081605d4854bc7425fede65ba90 59b95180f6ac47f9b81ebeea0a229261 - - f65d03401fe643fba374468d1db27df7 f65d03401fe643fba374468d1db27df7] 199.204.45.25 "GET /v2.0/ports?tenant_id=b4e54277ed4c4d34ab0c4aaa7d36c6dd&device_id=f0bc5701-a003-41ba-8788-bc4b921c47f8 HTTP/1.1" status: 200 len: 1407 time: 0.0538096
2026-03-04 02:28:56.264 9 INFO neutron.db.segments_db [None req-697a0874-0309-423b-bc9c-3cdb08a67190 5ab3627a57154304b1d81a21d3268c4a 71885e88faa74523932e50fa5d4c2513 - - default default] Added segment 0a5971a5-6a39-449b-8caa-8ccbd9c32b7f of type geneve for network e3f14667-6bc5-4074-9c2b-d8319496dbd0
2026-03-04 02:28:56.269 9 INFO neutron.wsgi [-] 10.0.0.223 "GET / HTTP/1.1" status: 200 len: 247 time: 0.0012362
2026-03-04 02:28:56.271 9 INFO neutron.wsgi [-] 10.0.0.223 "GET / HTTP/1.1" status: 200 len: 247 time: 0.0012155
2026-03-04 02:28:56.331 10 WARNING neutron.plugins.ml2.drivers.ovn.mech_driver.ovsdb.ovn_client [None req-46bc045e-989f-44d3-8aca-06a9b661dce8 - - - - - -] No hosting information found for port 11ed9a96-be1f-4dfe-8179-592b0af9686b: RuntimeError: No hosting information found for port 11ed9a96-be1f-4dfe-8179-592b0af9686b
2026-03-04 02:28:56.358 9 INFO neutron.wsgi [req-5a867f0d-c9f9-4bed-9efd-158c2c811559 req-4640b376-c4b0-44c5-9623-b99acb8fc934 9485d081605d4854bc7425fede65ba90 59b95180f6ac47f9b81ebeea0a229261 - - f65d03401fe643fba374468d1db27df7 f65d03401fe643fba374468d1db27df7] 199.204.45.25 "GET /v2.0/networks?id=db85e237-96ca-4660-8e2e-37ac001d26a5 HTTP/1.1" status: 200 len: 976 time: 0.0870380
2026-03-04 02:28:56.392 9 INFO neutron.wsgi [req-5a867f0d-c9f9-4bed-9efd-158c2c811559 req-d9620cd7-a5e7-493c-927e-8e8beb2673f5 9485d081605d4854bc7425fede65ba90 59b95180f6ac47f9b81ebeea0a229261 - - f65d03401fe643fba374468d1db27df7 f65d03401fe643fba374468d1db27df7] 199.204.45.25 "GET /v2.0/floatingips?fixed_ip_address=10.100.0.9&port_id=40c35154-f230-4adb-9ffd-69cbb153503c HTTP/1.1" status: 200 len: 217 time: 0.0265284
2026-03-04 02:28:56.397 9 INFO neutron.plugins.ml2.drivers.ovn.mech_driver.mech_driver [None req-3865a772-688b-4849-821e-ed6a72bb218c - - - - - -] OVN reports status up for port: 40c35154-f230-4adb-9ffd-69cbb153503c
2026-03-04 02:28:56.453 9 INFO neutron.plugins.ml2.plugin [None req-3865a772-688b-4849-821e-ed6a72bb218c - - - - - -] Attempt 1 to provision port 40c35154-f230-4adb-9ffd-69cbb153503c
2026-03-04 02:28:56.465 9 INFO neutron.wsgi [req-5a867f0d-c9f9-4bed-9efd-158c2c811559 req-8e9115a2-129c-4317-a20a-b3bc58a11aa9 9485d081605d4854bc7425fede65ba90 59b95180f6ac47f9b81ebeea0a229261 - - f65d03401fe643fba374468d1db27df7 f65d03401fe643fba374468d1db27df7] 199.204.45.25 "GET /v2.0/subnets?id=d804b701-c8a0-4618-beca-7109bd22aef5 HTTP/1.1" status: 200 len: 871 time: 0.0631955
2026-03-04 02:28:56.511 9 INFO neutron.db.ovn_revision_numbers_db [None req-697a0874-0309-423b-bc9c-3cdb08a67190 5ab3627a57154304b1d81a21d3268c4a 71885e88faa74523932e50fa5d4c2513 - - default default] Successfully bumped revision number for resource e3f14667-6bc5-4074-9c2b-d8319496dbd0 (type: networks) to 1
2026-03-04 02:28:56.516 9 INFO neutron.wsgi [req-5a867f0d-c9f9-4bed-9efd-158c2c811559 req-7f222d03-4066-4c52-a5b3-00aa2ee408d3 9485d081605d4854bc7425fede65ba90 59b95180f6ac47f9b81ebeea0a229261 - - f65d03401fe643fba374468d1db27df7 f65d03401fe643fba374468d1db27df7] 199.204.45.25 "GET /v2.0/ports?network_id=db85e237-96ca-4660-8e2e-37ac001d26a5&device_owner=network%3Adhcp HTTP/1.1" status: 200 len: 210 time: 0.0374730
2026-03-04 02:28:56.612 10 INFO neutron.services.segments.plugin [-] Segment 884af9de-2d0a-4d1b-a9c0-27a9a92b6812 resource provider aggregate not found
2026-03-04 02:28:56.623 10 INFO neutron.services.segments.plugin [-] Segment 884af9de-2d0a-4d1b-a9c0-27a9a92b6812 resource provider aggregate not found
2026-03-04 02:28:56.634 10 INFO neutron.services.segments.plugin [-] Segment 884af9de-2d0a-4d1b-a9c0-27a9a92b6812 resource provider not found; error: Placement Client Error (4xx): {"errors": [{"status": 404, "title": "Not Found", "detail": "The resource could not be found.\n\n No resource provider with uuid 884af9de-2d0a-4d1b-a9c0-27a9a92b6812 found for delete ", "request_id": "req-a103ce7d-d144-40ca-bca0-0e0f1fa16049"}]}
2026-03-04 02:28:56.638 10 INFO neutron.services.segments.plugin [-] Segment 884af9de-2d0a-4d1b-a9c0-27a9a92b6812 resource provider not found; error: Placement Client Error (4xx): {"errors": [{"status": 404, "title": "Not Found", "detail": "The resource could not be found.\n\n No resource provider with uuid 884af9de-2d0a-4d1b-a9c0-27a9a92b6812 found for delete ", "request_id": "req-735a0640-0c93-48fb-ab33-3f94e89a98c1"}]}
2026-03-04 02:28:56.664 10 INFO neutron.wsgi [None req-8a778c6c-b0b4-46ef-8542-22069d3e76f8 0eaeb9811a0e4e0683b5036e4583a103 8f88e600cf3449f8a080511d31fa8f58 - - default default] 10.0.0.194 "DELETE /v2.0/networks/6a86cdd9-2672-4922-9bde-7162436ad245 HTTP/1.1" status: 204 len: 168 time: 0.4510944
2026-03-04 02:28:56.797 9 INFO neutron.wsgi [req-5a867f0d-c9f9-4bed-9efd-158c2c811559 req-03f619ed-287c-47dd-a8b4-fea45e458045 9485d081605d4854bc7425fede65ba90 59b95180f6ac47f9b81ebeea0a229261 - - f65d03401fe643fba374468d1db27df7 f65d03401fe643fba374468d1db27df7] 199.204.45.25 "GET /v2.0/networks/db85e237-96ca-4660-8e2e-37ac001d26a5?fields=segments HTTP/1.1" status: 200 len: 212 time: 0.2745810
2026-03-04 02:28:56.888 10 INFO neutron.wsgi [None req-a51934a5-d1f3-4646-a0d4-0372ca062df3 0eaeb9811a0e4e0683b5036e4583a103 8f88e600cf3449f8a080511d31fa8f58 - - default default] 10.0.0.194 "GET /v2.0/security-groups?tenant_id=76896b02094948a18c3177fab561f13e&name=default HTTP/1.1" status: 200 len: 3120 time: 0.0367150
2026-03-04 02:28:56.933 9 INFO neutron.wsgi [req-5a867f0d-c9f9-4bed-9efd-158c2c811559 req-066eaaee-494c-4cc3-b7ad-9c64d8733844 9485d081605d4854bc7425fede65ba90 59b95180f6ac47f9b81ebeea0a229261 - - f65d03401fe643fba374468d1db27df7 f65d03401fe643fba374468d1db27df7] 199.204.45.25 "GET /v2.0/networks/db85e237-96ca-4660-8e2e-37ac001d26a5?fields=provider%3Aphysical_network&fields=provider%3Anetwork_type HTTP/1.1" status: 200 len: 277 time: 0.1102297
2026-03-04 02:28:56.999 9 WARNING neutron.scheduler.dhcp_agent_scheduler [None req-697a0874-0309-423b-bc9c-3cdb08a67190 5ab3627a57154304b1d81a21d3268c4a 71885e88faa74523932e50fa5d4c2513 - - default default] No more DHCP agents
2026-03-04 02:28:57.007 9 WARNING neutron.api.rpc.agentnotifiers.dhcp_rpc_agent_api [None req-697a0874-0309-423b-bc9c-3cdb08a67190 5ab3627a57154304b1d81a21d3268c4a 71885e88faa74523932e50fa5d4c2513 - - default default] Unable to schedule network e3f14667-6bc5-4074-9c2b-d8319496dbd0: no agents available; will retry on subsequent port and subnet creation events.
2026-03-04 02:28:57.129 9 INFO neutron.db.ovn_revision_numbers_db [None req-697a0874-0309-423b-bc9c-3cdb08a67190 5ab3627a57154304b1d81a21d3268c4a 71885e88faa74523932e50fa5d4c2513 - - default default] Successfully bumped revision number for resource 0d553feb-9f31-4dc2-bd81-ad736595d6e4 (type: ports) to 1
2026-03-04 02:28:57.139 9 INFO neutron.db.ovn_revision_numbers_db [None req-3865a772-688b-4849-821e-ed6a72bb218c - - - - - -] Successfully bumped revision number for resource 40c35154-f230-4adb-9ffd-69cbb153503c (type: ports) to 4
2026-03-04 02:28:57.149 9 INFO neutron.wsgi [None req-697a0874-0309-423b-bc9c-3cdb08a67190 5ab3627a57154304b1d81a21d3268c4a 71885e88faa74523932e50fa5d4c2513 - - default default] 10.0.0.194 "POST /v2.0/networks HTTP/1.1" status: 201 len: 844 time: 1.4465208
2026-03-04 02:28:57.159 10 INFO neutron.wsgi [None req-9cc39158-72fc-4dc8-9784-a778bdc30694 0eaeb9811a0e4e0683b5036e4583a103 8f88e600cf3449f8a080511d31fa8f58 - - default default] 10.0.0.194 "DELETE /v2.0/security-groups/489c6653-1d91-44fd-a3d6-f3636518d233 HTTP/1.1" status: 204 len: 168 time: 0.2656996
2026-03-04 02:28:57.166 10 WARNING neutron_lib.context [None req-17bae5af-28d4-4fd6-8516-8091665bb02d 5ab3627a57154304b1d81a21d3268c4a 71885e88faa74523932e50fa5d4c2513 - - default default] Method 'is_advsvc' is deprecated since 2023.2 release (neutron-lib 3.8.0) and will be removed once support for the old RBAC API policies will be removed from Neutron. Please use method 'is_service_role' instead. /var/lib/openstack/lib/python3.10/site-packages/pycadf/identifier.py:71: UserWarning: Invalid uuid: neutron. To ensure interoperability, identifiers should be a valid uuid. warnings.warn(('Invalid uuid: %s. To ensure interoperability, '
2026-03-04 02:28:57.327 10 INFO neutron.wsgi [req-47aceccf-775b-4003-91c0-e00a40fbcece req-e53d0df7-96ca-4168-a172-aec6ebe2ea18 27e8cc26eff94b00b1bbc58258f5e49a b4e54277ed4c4d34ab0c4aaa7d36c6dd - - default default] 10.0.0.206 "GET /v2.0/ports?device_id=f0bc5701-a003-41ba-8788-bc4b921c47f8 HTTP/1.1" status: 200 len: 1170 time: 0.0424664
2026-03-04 02:28:57.363 9 INFO neutron.wsgi [req-0f5d13f6-2141-4e0b-bdf1-7f794d815a03 req-51e66507-5012-4359-8b69-ecb03added18 9c3bf5713da44ab1b0b1e75a07ef98a5 2e53c5616494420ba56a07c8e5d9d6cb - - default default] 10.0.0.206 "GET /v2.0/ports?device_id=f05c2753-b43e-4769-a23d-c696594a87a4 HTTP/1.1" status: 200 len: 1174 time: 0.0922899
2026-03-04 02:28:57.421 10 INFO neutron.wsgi [req-47aceccf-775b-4003-91c0-e00a40fbcece req-3215ec9b-274f-4b59-bf9b-5efb1e10fc0d 27e8cc26eff94b00b1bbc58258f5e49a b4e54277ed4c4d34ab0c4aaa7d36c6dd - - default default] 10.0.0.206 "GET /v2.0/security-groups?id=536fb18e-8c9b-43f8-844f-db869bed712d&fields=id&fields=name HTTP/1.1" status: 200 len: 286 time: 0.0841236
2026-03-04 02:28:57.454 10 WARNING neutron.scheduler.dhcp_agent_scheduler [None req-17bae5af-28d4-4fd6-8516-8091665bb02d 5ab3627a57154304b1d81a21d3268c4a 71885e88faa74523932e50fa5d4c2513 - - default default] No more DHCP agents
2026-03-04 02:28:57.456 10 WARNING neutron.api.rpc.agentnotifiers.dhcp_rpc_agent_api [None req-17bae5af-28d4-4fd6-8516-8091665bb02d 5ab3627a57154304b1d81a21d3268c4a 71885e88faa74523932e50fa5d4c2513 - - default default] Unable to schedule network e3f14667-6bc5-4074-9c2b-d8319496dbd0: no agents available; will retry on subsequent port and subnet creation events.
2026-03-04 02:28:57.462 9 INFO neutron.wsgi [req-f085c072-6cf5-4229-b3e0-b173db748d7b req-2d90ebdd-58ae-4634-8f42-b212caca3732 9c3bf5713da44ab1b0b1e75a07ef98a5 2e53c5616494420ba56a07c8e5d9d6cb - - default default] 10.0.0.206 "GET /v2.0/ports/23493a32-6cb0-4e60-8e62-65e9963e3e1b HTTP/1.1" status: 200 len: 1171 time: 0.0530832
2026-03-04 02:28:57.534 10 INFO neutron.db.ovn_revision_numbers_db [None req-17bae5af-28d4-4fd6-8516-8091665bb02d 5ab3627a57154304b1d81a21d3268c4a 71885e88faa74523932e50fa5d4c2513 - - default default] Successfully bumped revision number for resource 6c0dbe42-587e-4db3-9883-030408b8976c (type: ports) to 1
2026-03-04 02:28:57.557 10 INFO neutron.wsgi [None req-17bae5af-28d4-4fd6-8516-8091665bb02d 5ab3627a57154304b1d81a21d3268c4a 71885e88faa74523932e50fa5d4c2513 - - default default] 10.0.0.194 "POST /v2.0/ports HTTP/1.1" status: 201 len: 974 time: 0.3965082 /var/lib/openstack/lib/python3.10/site-packages/pycadf/identifier.py:71: UserWarning: Invalid uuid: neutron. To ensure interoperability, identifiers should be a valid uuid. warnings.warn(('Invalid uuid: %s. To ensure interoperability, '
2026-03-04 02:28:57.567 10 WARNING neutron_lib.context [None req-324508eb-40f4-4da7-b03a-b82eced809e7 5ab3627a57154304b1d81a21d3268c4a 71885e88faa74523932e50fa5d4c2513 - - default default] Method 'is_advsvc' is deprecated since 2023.2 release (neutron-lib 3.8.0) and will be removed once support for the old RBAC API policies will be removed from Neutron. Please use method 'is_service_role' instead.
2026-03-04 02:28:57.640 9 INFO neutron.wsgi [req-d6b31d58-244f-4874-8a94-f9b4f1b3c290 req-af6ea8c9-c0e9-4d51-b450-0854850054c9 9c3bf5713da44ab1b0b1e75a07ef98a5 2e53c5616494420ba56a07c8e5d9d6cb - - default default] 199.204.45.25 "GET /v2.0/subnets?network_id=3e82e677-b7fe-44f6-b4ab-fa34abedee95 HTTP/1.1" status: 200 len: 859 time: 0.0447588
2026-03-04 02:28:57.664 10 INFO neutron.db.segments_db [None req-324508eb-40f4-4da7-b03a-b82eced809e7 5ab3627a57154304b1d81a21d3268c4a 71885e88faa74523932e50fa5d4c2513 - - default default] Added segment b2a6e91e-810c-41ee-92f9-c06fca2a697b of type geneve for network 2d1fef8e-7db1-4df3-a77e-c2e25bfa3b01
2026-03-04 02:28:57.700 9 INFO neutron.wsgi [req-d6b31d58-244f-4874-8a94-f9b4f1b3c290 req-b0e9075d-a4ed-4145-860a-8891ea7779fe 9c3bf5713da44ab1b0b1e75a07ef98a5 2e53c5616494420ba56a07c8e5d9d6cb - - default default] 199.204.45.25 "GET /v2.0/ports?device_id=f05c2753-b43e-4769-a23d-c696594a87a4&device_owner=compute%3Anova&network_id=3e82e677-b7fe-44f6-b4ab-fa34abedee95 HTTP/1.1" status: 200 len: 1174 time: 0.0537426
2026-03-04 02:28:57.795 10 INFO neutron.db.ovn_revision_numbers_db [None req-324508eb-40f4-4da7-b03a-b82eced809e7 5ab3627a57154304b1d81a21d3268c4a 71885e88faa74523932e50fa5d4c2513 - - default default] Successfully bumped revision number for resource 2d1fef8e-7db1-4df3-a77e-c2e25bfa3b01 (type: networks) to 1
2026-03-04 02:28:57.859 9 INFO neutron.notifiers.nova [-] Nova event matching ['req-67b1ad8e-ac88-4d26-97f3-3dc79db19bde'] response: {'server_uuid': 'f0bc5701-a003-41ba-8788-bc4b921c47f8', 'name': 'network-vif-plugged', 'status': 'completed', 'tag': '40c35154-f230-4adb-9ffd-69cbb153503c', 'code': 200}
2026-03-04 02:28:57.860 9 INFO neutron.notifiers.nova [-] Nova event matching ['req-67b1ad8e-ac88-4d26-97f3-3dc79db19bde'] response: {'server_uuid': 'f0bc5701-a003-41ba-8788-bc4b921c47f8', 'name': 'network-vif-plugged', 'status': 'completed', 'tag': '40c35154-f230-4adb-9ffd-69cbb153503c', 'code': 200}
2026-03-04 02:28:57.937 10 WARNING neutron.scheduler.dhcp_agent_scheduler [None req-324508eb-40f4-4da7-b03a-b82eced809e7 5ab3627a57154304b1d81a21d3268c4a 71885e88faa74523932e50fa5d4c2513 - - default default] No more DHCP agents
2026-03-04 02:28:57.939 10 WARNING neutron.api.rpc.agentnotifiers.dhcp_rpc_agent_api [None req-324508eb-40f4-4da7-b03a-b82eced809e7 5ab3627a57154304b1d81a21d3268c4a 71885e88faa74523932e50fa5d4c2513 - - default default] Unable to schedule network 2d1fef8e-7db1-4df3-a77e-c2e25bfa3b01: no agents available; will retry on subsequent port and subnet creation events.
2026-03-04 02:28:58.013 10 INFO neutron.db.ovn_revision_numbers_db [None req-324508eb-40f4-4da7-b03a-b82eced809e7 5ab3627a57154304b1d81a21d3268c4a 71885e88faa74523932e50fa5d4c2513 - - default default] Successfully bumped revision number for resource cf807323-aa00-4bb9-bd42-5a31cdf1537b (type: ports) to 1
2026-03-04 02:28:58.032 10 INFO neutron.wsgi [None req-324508eb-40f4-4da7-b03a-b82eced809e7 5ab3627a57154304b1d81a21d3268c4a 71885e88faa74523932e50fa5d4c2513 - - default default] 10.0.0.194 "POST /v2.0/networks HTTP/1.1" status: 201 len: 831 time: 0.4701412
2026-03-04 02:28:58.044 9 WARNING neutron_lib.context [None req-cd33a00c-6117-4bf9-b206-55f004931b8e 5ab3627a57154304b1d81a21d3268c4a 71885e88faa74523932e50fa5d4c2513 - - default default] Method 'is_advsvc' is deprecated since 2023.2 release (neutron-lib 3.8.0) and will be removed once support for the old RBAC API policies will be removed from Neutron. Please use method 'is_service_role' instead.
2026-03-04 02:28:58.360 9 WARNING neutron.scheduler.dhcp_agent_scheduler [None req-cd33a00c-6117-4bf9-b206-55f004931b8e 5ab3627a57154304b1d81a21d3268c4a 71885e88faa74523932e50fa5d4c2513 - - default default] No more DHCP agents
2026-03-04 02:28:58.361 9 INFO neutron.db.ovn_revision_numbers_db [req-d6b31d58-244f-4874-8a94-f9b4f1b3c290 req-2bf39022-51c6-4b94-bf9e-073df403328b 9c3bf5713da44ab1b0b1e75a07ef98a5 2e53c5616494420ba56a07c8e5d9d6cb - - default default] Successfully bumped revision number for resource 23493a32-6cb0-4e60-8e62-65e9963e3e1b (type: ports) to 5
2026-03-04 02:28:58.366 9 WARNING neutron.api.rpc.agentnotifiers.dhcp_rpc_agent_api [None req-cd33a00c-6117-4bf9-b206-55f004931b8e 5ab3627a57154304b1d81a21d3268c4a 71885e88faa74523932e50fa5d4c2513 - - default default] Unable to schedule network 2d1fef8e-7db1-4df3-a77e-c2e25bfa3b01: no agents available; will retry on subsequent port and subnet creation events.
2026-03-04 02:28:58.382 9 INFO neutron.wsgi [req-d6b31d58-244f-4874-8a94-f9b4f1b3c290 req-2bf39022-51c6-4b94-bf9e-073df403328b 9c3bf5713da44ab1b0b1e75a07ef98a5 2e53c5616494420ba56a07c8e5d9d6cb - - default default] 199.204.45.25 "PUT /v2.0/ports/23493a32-6cb0-4e60-8e62-65e9963e3e1b HTTP/1.1" status: 200 len: 1349 time: 0.6779671 /var/lib/openstack/lib/python3.10/site-packages/pycadf/identifier.py:71: UserWarning: Invalid uuid: neutron. To ensure interoperability, identifiers should be a valid uuid. warnings.warn(('Invalid uuid: %s. To ensure interoperability, '
2026-03-04 02:28:58.448 9 INFO neutron.wsgi [req-d6b31d58-244f-4874-8a94-f9b4f1b3c290 req-3e3b7e80-c293-4944-a83d-dc391b39e63f 9485d081605d4854bc7425fede65ba90 59b95180f6ac47f9b81ebeea0a229261 - - f65d03401fe643fba374468d1db27df7 f65d03401fe643fba374468d1db27df7] 199.204.45.25 "GET /v2.0/ports?tenant_id=2e53c5616494420ba56a07c8e5d9d6cb&device_id=f05c2753-b43e-4769-a23d-c696594a87a4 HTTP/1.1" status: 200 len: 1590 time: 0.0399253
2026-03-04 02:28:58.559 9 INFO neutron.wsgi [req-d6b31d58-244f-4874-8a94-f9b4f1b3c290 req-39877af8-3058-40dc-86a1-2a6b1bb2e874 9485d081605d4854bc7425fede65ba90 59b95180f6ac47f9b81ebeea0a229261 - - f65d03401fe643fba374468d1db27df7 f65d03401fe643fba374468d1db27df7] 199.204.45.25 "GET /v2.0/networks?id=3e82e677-b7fe-44f6-b4ab-fa34abedee95 HTTP/1.1" status: 200 len: 982 time: 0.1029401
2026-03-04 02:28:58.571 10 INFO neutron.wsgi [req-d0b1cdb4-fd70-4511-a4b0-4ad71ff6ab05 req-1253e1df-afcd-4261-ac3b-42aafbc34b6c 27e8cc26eff94b00b1bbc58258f5e49a b4e54277ed4c4d34ab0c4aaa7d36c6dd - - default default] 10.0.0.206 "GET /v2.0/ports?device_id=f0bc5701-a003-41ba-8788-bc4b921c47f8 HTTP/1.1" status: 200 len: 1170 time: 0.0962136
2026-03-04 02:28:58.622 9 INFO neutron.wsgi [req-d6b31d58-244f-4874-8a94-f9b4f1b3c290 req-5e0d3f9d-9bf2-4937-922c-6db6cdcea72c 9485d081605d4854bc7425fede65ba90 59b95180f6ac47f9b81ebeea0a229261 - - f65d03401fe643fba374468d1db27df7 f65d03401fe643fba374468d1db27df7] 199.204.45.25 "GET /v2.0/floatingips?fixed_ip_address=10.100.0.14&port_id=23493a32-6cb0-4e60-8e62-65e9963e3e1b HTTP/1.1" status: 200 len: 1060 time: 0.0558925
2026-03-04 02:28:58.631 10 INFO neutron.wsgi [req-d0b1cdb4-fd70-4511-a4b0-4ad71ff6ab05 req-15231f8e-2a9e-4f2d-8136-b9d40650866f 27e8cc26eff94b00b1bbc58258f5e49a b4e54277ed4c4d34ab0c4aaa7d36c6dd - - default default] 10.0.0.206 "GET /v2.0/security-groups?id=536fb18e-8c9b-43f8-844f-db869bed712d&fields=id&fields=name HTTP/1.1" status: 200 len: 286 time: 0.0540757
2026-03-04 02:28:58.655 9 INFO neutron.wsgi [req-d6b31d58-244f-4874-8a94-f9b4f1b3c290 req-f0fc709d-b993-42af-8fcb-aa3775c2a0d0 9485d081605d4854bc7425fede65ba90 59b95180f6ac47f9b81ebeea0a229261 - - f65d03401fe643fba374468d1db27df7 f65d03401fe643fba374468d1db27df7] 199.204.45.25 "GET /v2.0/floatingips?fixed_ip_address=10.100.0.9&port_id=23493a32-6cb0-4e60-8e62-65e9963e3e1b HTTP/1.1" status: 200 len: 217 time: 0.0254622
2026-03-04 02:28:58.720 9 INFO neutron.wsgi [req-d6b31d58-244f-4874-8a94-f9b4f1b3c290 req-7073483d-15c3-459b-9429-cc356ea45689 9485d081605d4854bc7425fede65ba90 59b95180f6ac47f9b81ebeea0a229261 - - f65d03401fe643fba374468d1db27df7 f65d03401fe643fba374468d1db27df7] 199.204.45.25 "GET /v2.0/subnets?id=5ba9fb24-b32d-4abd-abce-771927fe0841 HTTP/1.1" status: 200 len: 877 time: 0.0462992
2026-03-04 02:28:58.748 9 INFO neutron.wsgi [req-d6b31d58-244f-4874-8a94-f9b4f1b3c290 req-08f94d94-b542-431a-81a8-b82ef86a1014 9485d081605d4854bc7425fede65ba90 59b95180f6ac47f9b81ebeea0a229261 - - f65d03401fe643fba374468d1db27df7 f65d03401fe643fba374468d1db27df7] 199.204.45.25 "GET /v2.0/ports?network_id=3e82e677-b7fe-44f6-b4ab-fa34abedee95&device_owner=network%3Adhcp HTTP/1.1" status: 200 len: 210 time: 0.0204570
2026-03-04 02:28:58.834 9 INFO neutron.wsgi [req-d6b31d58-244f-4874-8a94-f9b4f1b3c290 req-154b1be6-c6dc-49e6-b49d-68c6ad472c62 9485d081605d4854bc7425fede65ba90 59b95180f6ac47f9b81ebeea0a229261 - - f65d03401fe643fba374468d1db27df7 f65d03401fe643fba374468d1db27df7] 199.204.45.25 "GET /v2.0/networks/3e82e677-b7fe-44f6-b4ab-fa34abedee95?fields=segments HTTP/1.1" status: 200 len: 212 time: 0.0779593
2026-03-04 02:28:58.908 9 INFO neutron.wsgi [req-d6b31d58-244f-4874-8a94-f9b4f1b3c290 req-5bbe68d2-7e50-44c5-8882-d2e30baa4536 9485d081605d4854bc7425fede65ba90 59b95180f6ac47f9b81ebeea0a229261 - - f65d03401fe643fba374468d1db27df7 f65d03401fe643fba374468d1db27df7] 199.204.45.25 "GET /v2.0/networks/3e82e677-b7fe-44f6-b4ab-fa34abedee95?fields=provider%3Aphysical_network&fields=provider%3Anetwork_type HTTP/1.1" status: 200 len: 277 time: 0.0654204
2026-03-04 02:28:58.981 9 INFO neutron.plugins.ml2.drivers.ovn.mech_driver.mech_driver [None req-3865a772-688b-4849-821e-ed6a72bb218c - - - - - -] OVN reports status down for port: 40c35154-f230-4adb-9ffd-69cbb153503c
2026-03-04 02:28:59.097 9 INFO neutron.wsgi [req-48ed238b-057c-48a8-bb2f-71fbdf900dd7 req-e013b321-4c75-4fd8-a259-7027d9cd41fa 27e8cc26eff94b00b1bbc58258f5e49a b4e54277ed4c4d34ab0c4aaa7d36c6dd - - default default] 10.0.0.206 "GET /v2.0/ports?device_id=f0bc5701-a003-41ba-8788-bc4b921c47f8 HTTP/1.1" status: 200 len: 1170 time: 0.1685979
2026-03-04 02:28:59.168 9 INFO neutron.db.ovn_revision_numbers_db [None req-cd33a00c-6117-4bf9-b206-55f004931b8e 5ab3627a57154304b1d81a21d3268c4a 71885e88faa74523932e50fa5d4c2513 - - default default] Successfully bumped revision number for resource cf807323-aa00-4bb9-bd42-5a31cdf1537b (type: ports) to 2
2026-03-04 02:28:59.200 9 INFO neutron.wsgi [req-48ed238b-057c-48a8-bb2f-71fbdf900dd7 req-8583d3f1-e0cd-4995-b333-fba9099eb16b 27e8cc26eff94b00b1bbc58258f5e49a b4e54277ed4c4d34ab0c4aaa7d36c6dd - - default default] 10.0.0.206 "GET /v2.0/security-groups?id=536fb18e-8c9b-43f8-844f-db869bed712d&fields=id&fields=name HTTP/1.1" status: 200 len: 286 time: 0.0917161
2026-03-04 02:28:59.361 10 INFO neutron.db.ovn_revision_numbers_db [None req-944aae43-c596-4709-8297-9aa9979f4448 0eaeb9811a0e4e0683b5036e4583a103 8f88e600cf3449f8a080511d31fa8f58 - - default default] Successfully bumped revision number for resource 35b18581-5e46-4dfb-b9f9-4d42c6bea7e9 (type: security_groups) to 1
2026-03-04 02:28:59.374 10 INFO neutron.db.ovn_revision_numbers_db [None req-944aae43-c596-4709-8297-9aa9979f4448 0eaeb9811a0e4e0683b5036e4583a103 8f88e600cf3449f8a080511d31fa8f58 - - default default] Successfully bumped revision number for resource 096d81f3-4471-4e55-bad3-2e728771d595 (type: security_group_rules) to 0
2026-03-04 02:28:59.388 10 INFO neutron.db.ovn_revision_numbers_db [None req-944aae43-c596-4709-8297-9aa9979f4448 0eaeb9811a0e4e0683b5036e4583a103 8f88e600cf3449f8a080511d31fa8f58 - - default default] Successfully bumped revision number for resource 19db7d3a-45ab-4150-9f53-29f3ac62e04a (type: security_group_rules) to 0
2026-03-04 02:28:59.402 10 INFO neutron.db.ovn_revision_numbers_db [None req-944aae43-c596-4709-8297-9aa9979f4448 0eaeb9811a0e4e0683b5036e4583a103 8f88e600cf3449f8a080511d31fa8f58 - - default default] Successfully bumped revision number for resource 51b6e5fc-dec2-437c-9bd3-0519a654a6c9 (type: security_group_rules) to 0
2026-03-04 02:28:59.414 10 INFO neutron.db.ovn_revision_numbers_db [None req-944aae43-c596-4709-8297-9aa9979f4448 0eaeb9811a0e4e0683b5036e4583a103 8f88e600cf3449f8a080511d31fa8f58 - - default default] Successfully bumped revision number for resource 57b67cfe-7ce0-4232-9642-28a834ff33a3 (type: security_group_rules) to 0
2026-03-04 02:28:59.454 9 INFO neutron.db.ovn_revision_numbers_db [None req-cd33a00c-6117-4bf9-b206-55f004931b8e 5ab3627a57154304b1d81a21d3268c4a 71885e88faa74523932e50fa5d4c2513 - - default default] Successfully bumped revision number for resource ee27eb9b-725a-4274-a29f-030a8b5775f8 (type: subnets) to 0
2026-03-04 02:28:59.466 10 INFO neutron.db.segments_db [None req-944aae43-c596-4709-8297-9aa9979f4448 0eaeb9811a0e4e0683b5036e4583a103 8f88e600cf3449f8a080511d31fa8f58 - - default default] Added segment 662cf9c8-3559-4ac9-9559-005df427b9ef of type geneve for network b14f3821-0455-4dba-b8c6-44387ede5d07
2026-03-04 02:28:59.495 9 INFO neutron.wsgi [req-85d9d1de-d47b-48d3-869f-b38c590fed91 req-4f514458-fa43-4563-8512-795eb2d63141 27e8cc26eff94b00b1bbc58258f5e49a b4e54277ed4c4d34ab0c4aaa7d36c6dd - - default default] 199.204.45.25 "GET /v2.0/ports?device_id=f0bc5701-a003-41ba-8788-bc4b921c47f8 HTTP/1.1" status: 200 len: 1168 time: 0.0531285
2026-03-04 02:28:59.499 9 INFO neutron.wsgi [None req-cd33a00c-6117-4bf9-b206-55f004931b8e 5ab3627a57154304b1d81a21d3268c4a 71885e88faa74523932e50fa5d4c2513 - - default default] 10.0.0.194 "POST /v2.0/subnets HTTP/1.1" status: 201 len: 801 time: 1.4605043
2026-03-04 02:28:59.507 10 WARNING neutron_lib.context [None req-4bced997-2b2b-46e0-9e12-d0041fe9ddac 5ab3627a57154304b1d81a21d3268c4a 71885e88faa74523932e50fa5d4c2513 - - default default] Method 'is_advsvc' is deprecated since 2023.2 release (neutron-lib 3.8.0) and will be removed once support for the old RBAC API policies will be removed from Neutron. Please use method 'is_service_role' instead.
2026-03-04 02:28:59.660 10 INFO neutron.db.ovn_revision_numbers_db [None req-944aae43-c596-4709-8297-9aa9979f4448 0eaeb9811a0e4e0683b5036e4583a103 8f88e600cf3449f8a080511d31fa8f58 - - default default] Successfully bumped revision number for resource b14f3821-0455-4dba-b8c6-44387ede5d07 (type: networks) to 1
2026-03-04 02:28:59.666 9 INFO neutron.db.ovn_revision_numbers_db [None req-3865a772-688b-4849-821e-ed6a72bb218c - - - - - -] Successfully bumped revision number for resource 40c35154-f230-4adb-9ffd-69cbb153503c (type: ports) to 5 /var/lib/openstack/lib/python3.10/site-packages/pycadf/identifier.py:71: UserWarning: Invalid uuid: neutron. To ensure interoperability, identifiers should be a valid uuid. warnings.warn(('Invalid uuid: %s. To ensure interoperability, '
2026-03-04 02:28:59.771 9 INFO neutron.wsgi [req-14ee9af0-fba0-4237-9cc6-80cea1470c1e req-16adac65-b1e2-43c6-831c-0167d2c51627 9c3bf5713da44ab1b0b1e75a07ef98a5 2e53c5616494420ba56a07c8e5d9d6cb - - default default] 10.0.0.206 "GET /v2.0/ports?device_id=f05c2753-b43e-4769-a23d-c696594a87a4 HTTP/1.1" status: 200 len: 1352 time: 0.0448315
2026-03-04 02:28:59.829 9 INFO neutron.wsgi [req-14ee9af0-fba0-4237-9cc6-80cea1470c1e req-1c86e994-3376-49e9-9536-cfc606e201eb 9c3bf5713da44ab1b0b1e75a07ef98a5 2e53c5616494420ba56a07c8e5d9d6cb - - default default] 10.0.0.206 "GET /v2.0/security-groups?id=a7d92d63-3a25-4a60-b349-aadddc4dbee4&fields=id&fields=name HTTP/1.1" status: 200 len: 313 time: 0.0499611
2026-03-04 02:28:59.888 9 INFO neutron.wsgi [req-85d9d1de-d47b-48d3-869f-b38c590fed91 req-53ba2f52-e025-427e-bc5e-f74df5e4e9f7 27e8cc26eff94b00b1bbc58258f5e49a b4e54277ed4c4d34ab0c4aaa7d36c6dd - - default default] 199.204.45.25 "DELETE /v2.0/ports/40c35154-f230-4adb-9ffd-69cbb153503c HTTP/1.1" status: 204 len: 173 time: 0.3861694
2026-03-04 02:28:59.897 10 WARNING neutron.scheduler.dhcp_agent_scheduler [None req-944aae43-c596-4709-8297-9aa9979f4448 0eaeb9811a0e4e0683b5036e4583a103 8f88e600cf3449f8a080511d31fa8f58 - - default default] No more DHCP agents
2026-03-04 02:28:59.897 9 INFO neutron.notifiers.nova [-] Nova event matching ['req-6177d2e4-5493-4810-b636-64faf42b5546'] response: {'name': 'network-changed', 'server_uuid': 'f05c2753-b43e-4769-a23d-c696594a87a4', 'tag': '23493a32-6cb0-4e60-8e62-65e9963e3e1b', 'status': 'completed', 'code': 200}
2026-03-04 02:28:59.897 9 INFO neutron.notifiers.nova [-] Nova event matching ['req-6177d2e4-5493-4810-b636-64faf42b5546'] response: {'server_uuid': 'f0bc5701-a003-41ba-8788-bc4b921c47f8', 'name': 'network-vif-unplugged', 'status': 'completed', 'tag': '40c35154-f230-4adb-9ffd-69cbb153503c', 'code': 200}
2026-03-04 02:28:59.897 9 INFO neutron.notifiers.nova [-] Nova event matching ['req-6177d2e4-5493-4810-b636-64faf42b5546'] response: {'server_uuid': 'f0bc5701-a003-41ba-8788-bc4b921c47f8', 'name': 'network-vif-unplugged', 'status': 'completed', 'tag': '40c35154-f230-4adb-9ffd-69cbb153503c', 'code': 200}
2026-03-04 02:28:59.902 10 WARNING neutron.api.rpc.agentnotifiers.dhcp_rpc_agent_api [None req-944aae43-c596-4709-8297-9aa9979f4448 0eaeb9811a0e4e0683b5036e4583a103 8f88e600cf3449f8a080511d31fa8f58 - - default default] Unable to schedule network b14f3821-0455-4dba-b8c6-44387ede5d07: no agents available; will retry on subsequent port and subnet creation events.
2026-03-04 02:28:59.961 9 INFO neutron.wsgi [req-54dc7b3d-8291-4cf0-8d12-fa21aee01210 req-f269a20b-3852-4b17-b6e3-7dca370e53a4 9485d081605d4854bc7425fede65ba90 59b95180f6ac47f9b81ebeea0a229261 - - f65d03401fe643fba374468d1db27df7 f65d03401fe643fba374468d1db27df7] 199.204.45.25 "GET /v2.0/ports?tenant_id=2e53c5616494420ba56a07c8e5d9d6cb&device_id=f05c2753-b43e-4769-a23d-c696594a87a4 HTTP/1.1" status: 200 len: 1590 time: 0.0353255
2026-03-04 02:29:00.003 10 INFO neutron.db.ovn_revision_numbers_db [None req-944aae43-c596-4709-8297-9aa9979f4448 0eaeb9811a0e4e0683b5036e4583a103 8f88e600cf3449f8a080511d31fa8f58 - - default default] Successfully bumped revision number for resource 221a5af8-25f7-4953-83e6-b8db15cad6f0 (type: ports) to 1
2026-03-04 02:29:00.016 10 WARNING neutron.scheduler.dhcp_agent_scheduler [None req-4bced997-2b2b-46e0-9e12-d0041fe9ddac 5ab3627a57154304b1d81a21d3268c4a 71885e88faa74523932e50fa5d4c2513 - - default default] No more DHCP agents
2026-03-04 02:29:00.020 10 WARNING neutron.api.rpc.agentnotifiers.dhcp_rpc_agent_api [None req-4bced997-2b2b-46e0-9e12-d0041fe9ddac 5ab3627a57154304b1d81a21d3268c4a 71885e88faa74523932e50fa5d4c2513 - - default default] Unable to schedule network 2d1fef8e-7db1-4df3-a77e-c2e25bfa3b01: no agents available; will retry on subsequent port and subnet creation events.
2026-03-04 02:29:00.028 9 INFO neutron.wsgi [req-54dc7b3d-8291-4cf0-8d12-fa21aee01210 req-d95a3045-3b72-4d4c-baaa-df4b370ceee8 9485d081605d4854bc7425fede65ba90 59b95180f6ac47f9b81ebeea0a229261 - - f65d03401fe643fba374468d1db27df7 f65d03401fe643fba374468d1db27df7] 199.204.45.25 "GET /v2.0/networks?id=3e82e677-b7fe-44f6-b4ab-fa34abedee95 HTTP/1.1" status: 200 len: 982 time: 0.0600274
2026-03-04 02:29:00.042 10 INFO neutron.wsgi [None req-944aae43-c596-4709-8297-9aa9979f4448 0eaeb9811a0e4e0683b5036e4583a103 8f88e600cf3449f8a080511d31fa8f58 - - default default] 10.0.0.194 "POST /v2.0/networks HTTP/1.1" status: 201 len: 946 time: 1.0578513 /var/lib/openstack/lib/python3.10/site-packages/pycadf/identifier.py:71: UserWarning: Invalid uuid: neutron. To ensure interoperability, identifiers should be a valid uuid. warnings.warn(('Invalid uuid: %s. To ensure interoperability, '
2026-03-04 02:29:00.087 9 INFO neutron.wsgi [req-54dc7b3d-8291-4cf0-8d12-fa21aee01210 req-38f8e88a-6205-4f82-98d8-eaffb49d032e 9485d081605d4854bc7425fede65ba90 59b95180f6ac47f9b81ebeea0a229261 - - f65d03401fe643fba374468d1db27df7 f65d03401fe643fba374468d1db27df7] 199.204.45.25 "GET /v2.0/floatingips?fixed_ip_address=10.100.0.14&port_id=23493a32-6cb0-4e60-8e62-65e9963e3e1b HTTP/1.1" status: 200 len: 1060 time: 0.0498090
2026-03-04 02:29:00.115 9 INFO neutron.wsgi [req-54dc7b3d-8291-4cf0-8d12-fa21aee01210 req-86e04e63-b73f-4ef2-9d51-11d7a1ebcef3 9485d081605d4854bc7425fede65ba90 59b95180f6ac47f9b81ebeea0a229261 - - f65d03401fe643fba374468d1db27df7 f65d03401fe643fba374468d1db27df7] 199.204.45.25 "GET /v2.0/floatingips?fixed_ip_address=10.100.0.9&port_id=23493a32-6cb0-4e60-8e62-65e9963e3e1b HTTP/1.1" status: 200 len: 217 time: 0.0228438
2026-03-04 02:29:00.157 9 INFO neutron.wsgi [req-54dc7b3d-8291-4cf0-8d12-fa21aee01210 req-69e27e66-40b7-46b5-91b6-dcfc3e9f9011 9485d081605d4854bc7425fede65ba90 59b95180f6ac47f9b81ebeea0a229261 - - f65d03401fe643fba374468d1db27df7 f65d03401fe643fba374468d1db27df7] 199.204.45.25 "GET /v2.0/subnets?id=5ba9fb24-b32d-4abd-abce-771927fe0841 HTTP/1.1" status: 200 len: 877 time: 0.0299051
2026-03-04 02:29:00.197 9 INFO neutron.wsgi [req-54dc7b3d-8291-4cf0-8d12-fa21aee01210 req-6fe1f5f1-a3e7-420b-ac54-ee46357220f7 9485d081605d4854bc7425fede65ba90 59b95180f6ac47f9b81ebeea0a229261 - - f65d03401fe643fba374468d1db27df7 f65d03401fe643fba374468d1db27df7] 199.204.45.25 "GET /v2.0/ports?network_id=3e82e677-b7fe-44f6-b4ab-fa34abedee95&device_owner=network%3Adhcp HTTP/1.1" status: 200 len: 210 time: 0.0275795
2026-03-04 02:29:00.225 10 WARNING neutron.scheduler.dhcp_agent_scheduler [None req-87719972-ada2-4ecb-9227-bf4620f28bcd 0eaeb9811a0e4e0683b5036e4583a103 8f88e600cf3449f8a080511d31fa8f58 - - default default] No more DHCP agents
2026-03-04 02:29:00.229 10 WARNING neutron.api.rpc.agentnotifiers.dhcp_rpc_agent_api [None req-87719972-ada2-4ecb-9227-bf4620f28bcd 0eaeb9811a0e4e0683b5036e4583a103 8f88e600cf3449f8a080511d31fa8f58 - - default default] Unable to schedule network b14f3821-0455-4dba-b8c6-44387ede5d07: no agents available; will retry on subsequent port and subnet creation events.
2026-03-04 02:29:00.233 10 INFO neutron.db.ovn_revision_numbers_db [None req-4bced997-2b2b-46e0-9e12-d0041fe9ddac 5ab3627a57154304b1d81a21d3268c4a 71885e88faa74523932e50fa5d4c2513 - - default default] Successfully bumped revision number for resource a5491743-cb5c-4cf4-bd5c-4d43979e3f07 (type: ports) to 1
2026-03-04 02:29:00.264 9 INFO neutron.wsgi [req-54dc7b3d-8291-4cf0-8d12-fa21aee01210 req-d0690b75-16cf-49dc-b90f-6c5bd26bbc6b 9485d081605d4854bc7425fede65ba90 59b95180f6ac47f9b81ebeea0a229261 - - f65d03401fe643fba374468d1db27df7 f65d03401fe643fba374468d1db27df7] 199.204.45.25 "GET /v2.0/networks/3e82e677-b7fe-44f6-b4ab-fa34abedee95?fields=segments HTTP/1.1" status: 200 len: 212 time: 0.0591645
2026-03-04 02:29:00.277 10 INFO neutron.wsgi [None req-4bced997-2b2b-46e0-9e12-d0041fe9ddac 5ab3627a57154304b1d81a21d3268c4a 71885e88faa74523932e50fa5d4c2513 - - default default] 10.0.0.194 "POST /v2.0/ports HTTP/1.1" status: 201 len: 1153 time: 0.7731397
2026-03-04 02:29:00.357 9 INFO neutron.wsgi [req-54dc7b3d-8291-4cf0-8d12-fa21aee01210 req-954da60e-9da6-4c15-a523-b8fb76a7618c 9485d081605d4854bc7425fede65ba90 59b95180f6ac47f9b81ebeea0a229261 - - f65d03401fe643fba374468d1db27df7 f65d03401fe643fba374468d1db27df7] 199.204.45.25 "GET /v2.0/networks/3e82e677-b7fe-44f6-b4ab-fa34abedee95?fields=provider%3Aphysical_network&fields=provider%3Anetwork_type HTTP/1.1" status: 200 len: 277 time: 0.0831659
2026-03-04 02:29:00.447 9 INFO neutron.wsgi [req-0cf06f49-6c54-44d6-82d4-65cbcea3f163 req-98717d69-2f45-49d7-bdf1-086c295dd897 9c3bf5713da44ab1b0b1e75a07ef98a5 2e53c5616494420ba56a07c8e5d9d6cb - - default default] 199.204.45.25 "GET /v2.0/ports?device_id=f05c2753-b43e-4769-a23d-c696594a87a4&device_owner=compute%3Anova&fixed_ips=ip_address%3D10.100.0.9 HTTP/1.1" status: 200 len: 1352 time: 0.0651913
2026-03-04 02:29:00.813 10 INFO neutron.wsgi [None req-d51c19e7-eedb-480b-8d5f-cce10307b802 5ab3627a57154304b1d81a21d3268c4a 71885e88faa74523932e50fa5d4c2513 - - default default] 10.0.0.194 "DELETE /v2.0/ports/a5491743-cb5c-4cf4-bd5c-4d43979e3f07 HTTP/1.1" status: 204 len: 168 time: 0.5325906
2026-03-04 02:29:00.836 10 INFO neutron.pecan_wsgi.hooks.translation [None req-05233c8b-3a29-4d84-9229-f62100022b80 5ab3627a57154304b1d81a21d3268c4a 71885e88faa74523932e50fa5d4c2513 - - default default] DELETE failed (client error): The resource could not be found.
2026-03-04 02:29:00.838 10 INFO neutron.wsgi [None req-05233c8b-3a29-4d84-9229-f62100022b80 5ab3627a57154304b1d81a21d3268c4a 71885e88faa74523932e50fa5d4c2513 - - default default] 10.0.0.194 "DELETE /v2.0/ports/a5491743-cb5c-4cf4-bd5c-4d43979e3f07 HTTP/1.1" status: 404 len: 333 time: 0.0193114
2026-03-04 02:29:00.863 10 INFO neutron.db.ovn_revision_numbers_db [None req-87719972-ada2-4ecb-9227-bf4620f28bcd 0eaeb9811a0e4e0683b5036e4583a103 8f88e600cf3449f8a080511d31fa8f58 - - default default] Successfully bumped revision number for resource 221a5af8-25f7-4953-83e6-b8db15cad6f0 (type: ports) to 2
2026-03-04 02:29:00.894 9 INFO neutron.pecan_wsgi.hooks.translation [None req-e0c2951d-831a-4caa-8380-10261ad3278a 5ab3627a57154304b1d81a21d3268c4a 71885e88faa74523932e50fa5d4c2513 - - default default] GET failed (client error): The resource could not be found.
2026-03-04 02:29:00.896 9 INFO neutron.wsgi [None req-e0c2951d-831a-4caa-8380-10261ad3278a 5ab3627a57154304b1d81a21d3268c4a 71885e88faa74523932e50fa5d4c2513 - - default default] 10.0.0.194 "GET /v2.0/ports/a5491743-cb5c-4cf4-bd5c-4d43979e3f07 HTTP/1.1" status: 404 len: 333 time: 0.0504181
2026-03-04 02:29:00.900 10 INFO neutron.db.ovn_revision_numbers_db [None req-87719972-ada2-4ecb-9227-bf4620f28bcd 0eaeb9811a0e4e0683b5036e4583a103 8f88e600cf3449f8a080511d31fa8f58 - - default default] Successfully bumped revision number for resource 38575d95-05a8-4aa3-9da5-eddc346fa842 (type: subnets) to 0
2026-03-04 02:29:00.927 10 INFO neutron.wsgi [None req-87719972-ada2-4ecb-9227-bf4620f28bcd 0eaeb9811a0e4e0683b5036e4583a103 8f88e600cf3449f8a080511d31fa8f58 - - default default] 10.0.0.194 "POST /v2.0/subnets HTTP/1.1" status: 201 len: 866 time: 0.8803234
2026-03-04 02:29:01.451 9 INFO neutron.db.ovn_revision_numbers_db [req-0cf06f49-6c54-44d6-82d4-65cbcea3f163 req-5ecf13d9-3142-4bd7-8f15-272c288ba79b 9c3bf5713da44ab1b0b1e75a07ef98a5 2e53c5616494420ba56a07c8e5d9d6cb - - default default] Successfully bumped revision number for resource 23493a32-6cb0-4e60-8e62-65e9963e3e1b (type: ports) to 6
2026-03-04 02:29:01.474 9 INFO neutron.wsgi [req-0cf06f49-6c54-44d6-82d4-65cbcea3f163 req-5ecf13d9-3142-4bd7-8f15-272c288ba79b 9c3bf5713da44ab1b0b1e75a07ef98a5 2e53c5616494420ba56a07c8e5d9d6cb - - default default] 199.204.45.25 "PUT /v2.0/ports/23493a32-6cb0-4e60-8e62-65e9963e3e1b HTTP/1.1" status: 200 len: 1171 time: 1.0204051
2026-03-04 02:29:01.494 9 INFO neutron.wsgi [None req-23672184-9256-424e-84a1-496def8f951f 5ab3627a57154304b1d81a21d3268c4a 71885e88faa74523932e50fa5d4c2513 - - default default] 10.0.0.194 "DELETE /v2.0/subnets/ee27eb9b-725a-4274-a29f-030a8b5775f8 HTTP/1.1" status: 204 len: 168 time: 0.5890002 /var/lib/openstack/lib/python3.10/site-packages/pycadf/identifier.py:71: UserWarning: Invalid uuid: neutron. To ensure interoperability, identifiers should be a valid uuid. warnings.warn(('Invalid uuid: %s. To ensure interoperability, '
2026-03-04 02:29:01.544 9 INFO neutron.wsgi [req-0cf06f49-6c54-44d6-82d4-65cbcea3f163 req-490f9218-7812-4bb2-8a9a-d88a82f8443b 9485d081605d4854bc7425fede65ba90 59b95180f6ac47f9b81ebeea0a229261 - - f65d03401fe643fba374468d1db27df7 f65d03401fe643fba374468d1db27df7] 199.204.45.25 "GET /v2.0/ports?tenant_id=2e53c5616494420ba56a07c8e5d9d6cb&device_id=f05c2753-b43e-4769-a23d-c696594a87a4 HTTP/1.1" status: 200 len: 1413 time: 0.0347211
2026-03-04 02:29:01.646 9 INFO neutron.wsgi [req-0cf06f49-6c54-44d6-82d4-65cbcea3f163 req-1d8c488a-013c-4673-a677-75348475c4a9 9485d081605d4854bc7425fede65ba90 59b95180f6ac47f9b81ebeea0a229261 - - f65d03401fe643fba374468d1db27df7 f65d03401fe643fba374468d1db27df7] 199.204.45.25 "GET /v2.0/networks?id=3e82e677-b7fe-44f6-b4ab-fa34abedee95 HTTP/1.1" status: 200 len: 982 time: 0.0927491
2026-03-04 02:29:01.662 10 WARNING neutron.scheduler.dhcp_agent_scheduler [None req-baee6b65-a9a8-444f-9c4f-3dae70343207 0eaeb9811a0e4e0683b5036e4583a103 8f88e600cf3449f8a080511d31fa8f58 - - default default] No more DHCP agents
2026-03-04 02:29:01.673 10 WARNING neutron.api.rpc.agentnotifiers.dhcp_rpc_agent_api [None req-baee6b65-a9a8-444f-9c4f-3dae70343207 0eaeb9811a0e4e0683b5036e4583a103 8f88e600cf3449f8a080511d31fa8f58 - - default default] Unable to schedule network 4a176bc8-0d88-4a3e-98a0-1b103558335e: no agents available; will retry on subsequent port and subnet creation events.
2026-03-04 02:29:01.717 9 INFO neutron.wsgi [req-0cf06f49-6c54-44d6-82d4-65cbcea3f163 req-718e265d-0833-4db8-b23d-770be3a4e75d 9485d081605d4854bc7425fede65ba90 59b95180f6ac47f9b81ebeea0a229261 - - f65d03401fe643fba374468d1db27df7 f65d03401fe643fba374468d1db27df7] 199.204.45.25 "GET /v2.0/floatingips?fixed_ip_address=10.100.0.14&port_id=23493a32-6cb0-4e60-8e62-65e9963e3e1b HTTP/1.1" status: 200 len: 1060 time: 0.0586317
2026-03-04 02:29:01.770 9 INFO neutron.wsgi [req-0cf06f49-6c54-44d6-82d4-65cbcea3f163 req-d9490c51-51a7-443b-b5ac-b44deeed4d25 9485d081605d4854bc7425fede65ba90 59b95180f6ac47f9b81ebeea0a229261 - - f65d03401fe643fba374468d1db27df7 f65d03401fe643fba374468d1db27df7] 199.204.45.25 "GET /v2.0/subnets?id=5ba9fb24-b32d-4abd-abce-771927fe0841 HTTP/1.1" status: 200 len: 877 time: 0.0432043
2026-03-04 02:29:01.796 9 INFO neutron.wsgi [req-0cf06f49-6c54-44d6-82d4-65cbcea3f163 req-29d3fa34-9845-4789-8106-c61334be3538 9485d081605d4854bc7425fede65ba90 59b95180f6ac47f9b81ebeea0a229261 - - f65d03401fe643fba374468d1db27df7 f65d03401fe643fba374468d1db27df7] 199.204.45.25 "GET /v2.0/ports?network_id=3e82e677-b7fe-44f6-b4ab-fa34abedee95&device_owner=network%3Adhcp HTTP/1.1" status: 200 len: 210 time: 0.0199552
2026-03-04 02:29:01.875 10 INFO neutron.db.ovn_revision_numbers_db [None req-baee6b65-a9a8-444f-9c4f-3dae70343207 0eaeb9811a0e4e0683b5036e4583a103 8f88e600cf3449f8a080511d31fa8f58 - - default default] Successfully bumped revision number for resource 54efb76e-e9b4-4b66-8b51-054c85c1a46a (type: ports) to 1
2026-03-04 02:29:01.883 9 INFO neutron.wsgi [req-0cf06f49-6c54-44d6-82d4-65cbcea3f163 req-319fa777-fafc-482b-9aa3-c5bff2786dce 9485d081605d4854bc7425fede65ba90 59b95180f6ac47f9b81ebeea0a229261 - - f65d03401fe643fba374468d1db27df7 f65d03401fe643fba374468d1db27df7] 199.204.45.25 "GET /v2.0/networks/3e82e677-b7fe-44f6-b4ab-fa34abedee95?fields=segments HTTP/1.1" status: 200 len: 212 time: 0.0689859
