2026-03-04 02:31:18.065 9 WARNING neutron_lib.context [req-20fa7d4a-4121-4ffb-bf2c-34fbdf3e2e63 req-8f1034c0-4921-4d23-9d4a-776d180cb0f4 fbb0878fd5304c57898ff2a7b1229c07 7fa5d0356e484cc9b852beaf4f7e937e - - default default] Method 'is_advsvc' is deprecated since 2023.2 release (neutron-lib 3.8.0) and will be removed once support for the old RBAC API policies will be removed from Neutron. Please use method 'is_service_role' instead.
2026-03-04 02:31:18.108 9 INFO neutron.wsgi [req-e5b15be2-2434-4dfa-83c0-239d4bfc0ca7 req-29d8c73f-2174-435e-95c7-9da7917652bf 9485d081605d4854bc7425fede65ba90 59b95180f6ac47f9b81ebeea0a229261 - - f65d03401fe643fba374468d1db27df7 f65d03401fe643fba374468d1db27df7] 199.204.45.25 "GET /v2.0/subnets?id=bb0ac180-0df9-4a2b-b9f2-3c17c8a325e0&id=840c2839-7469-4b1d-a457-224888b62bfe HTTP/1.1" status: 200 len: 1562 time: 0.0588021
2026-03-04 02:31:18.122 10 INFO neutron.wsgi [None req-102776cc-019b-48ad-a8c1-55235cd89774 cc7d39f3c27a4edca965587366d686e1 5622e282dcd54a39855d247e158c0c60 - - default default] 10.0.0.194 "GET /v2.0/routers/d280b0e3-2bfc-444a-ad9c-6a297f709288/tags HTTP/1.1" status: 200 len: 227 time: 0.0614853
2026-03-04 02:31:18.146 9 INFO neutron.wsgi [req-e5b15be2-2434-4dfa-83c0-239d4bfc0ca7 req-3f1b19ec-f97c-468c-9b80-867405ebd2e9 9485d081605d4854bc7425fede65ba90 59b95180f6ac47f9b81ebeea0a229261 - - f65d03401fe643fba374468d1db27df7 f65d03401fe643fba374468d1db27df7] 199.204.45.25 "GET /v2.0/ports?network_id=cca2f342-f0ff-495d-8c7e-5b5784da7520&device_owner=network%3Adhcp HTTP/1.1" status: 200 len: 210 time: 0.0208931
2026-03-04 02:31:18.176 9 INFO neutron.wsgi [req-e5b15be2-2434-4dfa-83c0-239d4bfc0ca7 req-7f9c5f15-7edb-4967-bc07-1713a51c3688 9485d081605d4854bc7425fede65ba90 59b95180f6ac47f9b81ebeea0a229261 - - f65d03401fe643fba374468d1db27df7 f65d03401fe643fba374468d1db27df7] 199.204.45.25 "GET /v2.0/ports?network_id=cca2f342-f0ff-495d-8c7e-5b5784da7520&device_owner=network%3Adhcp HTTP/1.1" status: 200 len: 210 time: 0.0231655
2026-03-04 02:31:18.183 10 INFO neutron.wsgi [None req-1cdcc7ad-80aa-461f-af26-2342d0d73c51 cc7d39f3c27a4edca965587366d686e1 5622e282dcd54a39855d247e158c0c60 - - default default] 10.0.0.194 "PUT /v2.0/routers/d280b0e3-2bfc-444a-ad9c-6a297f709288/tags/red HTTP/1.1" status: 201 len: 201 time: 0.0569201
2026-03-04 02:31:18.234 9 INFO neutron.wsgi [req-c014869c-bb33-42ed-90d5-c04fb1f33ff4 req-f26369e6-533d-49b9-8580-30aa1a316ee5 fbb0878fd5304c57898ff2a7b1229c07 7fa5d0356e484cc9b852beaf4f7e937e - - default default] 10.0.0.206 "GET /v2.0/ports?device_id=f013b1d1-8fae-4d40-92d5-dfa9cd1c7243 HTTP/1.1" status: 200 len: 210 time: 0.0315380
2026-03-04 02:31:18.248 10 INFO neutron.wsgi [None req-94be52f6-9230-49d3-b7e1-5ae37645f62d cc7d39f3c27a4edca965587366d686e1 5622e282dcd54a39855d247e158c0c60 - - default default] 10.0.0.194 "GET /v2.0/routers/d280b0e3-2bfc-444a-ad9c-6a297f709288/tags HTTP/1.1" status: 200 len: 227 time: 0.0596421
2026-03-04 02:31:18.272 9 INFO neutron.wsgi [req-e5b15be2-2434-4dfa-83c0-239d4bfc0ca7 req-084e5ec6-5ea4-4df4-8a74-d6b051641621 9485d081605d4854bc7425fede65ba90 59b95180f6ac47f9b81ebeea0a229261 - - f65d03401fe643fba374468d1db27df7 f65d03401fe643fba374468d1db27df7] 199.204.45.25 "GET /v2.0/networks/cca2f342-f0ff-495d-8c7e-5b5784da7520?fields=segments HTTP/1.1" status: 200 len: 212 time: 0.0861642
2026-03-04 02:31:18.322 10 INFO neutron.wsgi [None req-ca064e91-5559-4ebc-b6b5-36ad0ff999f5 cc7d39f3c27a4edca965587366d686e1 5622e282dcd54a39855d247e158c0c60 - - default default] 10.0.0.194 "PUT /v2.0/routers/d280b0e3-2bfc-444a-ad9c-6a297f709288/tags/black.or.white HTTP/1.1" status: 201 len: 201 time: 0.0603280
2026-03-04 02:31:18.345 9 INFO neutron.wsgi [req-e5b15be2-2434-4dfa-83c0-239d4bfc0ca7 req-8e316955-7eae-47ae-aeb6-05c3c9e8c685 9485d081605d4854bc7425fede65ba90 59b95180f6ac47f9b81ebeea0a229261 - - f65d03401fe643fba374468d1db27df7 f65d03401fe643fba374468d1db27df7] 199.204.45.25 "GET /v2.0/networks/cca2f342-f0ff-495d-8c7e-5b5784da7520?fields=provider%3Aphysical_network&fields=provider%3Anetwork_type HTTP/1.1" status: 200 len: 277 time: 0.0666862
2026-03-04 02:31:18.395 10 INFO neutron.wsgi [None req-b1327250-c600-47b1-b7d6-97187480491b cc7d39f3c27a4edca965587366d686e1 5622e282dcd54a39855d247e158c0c60 - - default default] 10.0.0.194 "GET /v2.0/routers/d280b0e3-2bfc-444a-ad9c-6a297f709288/tags HTTP/1.1" status: 200 len: 245 time: 0.0660765
2026-03-04 02:31:18.466 10 INFO neutron.wsgi [None req-b086bcb1-89b2-4603-a1ce-61595129906b cc7d39f3c27a4edca965587366d686e1 5622e282dcd54a39855d247e158c0c60 - - default default] 10.0.0.194 "PUT /v2.0/routers/d280b0e3-2bfc-444a-ad9c-6a297f709288/tags HTTP/1.1" status: 200 len: 230 time: 0.0663681
2026-03-04 02:31:18.494 9 WARNING neutron.scheduler.dhcp_agent_scheduler [req-20fa7d4a-4121-4ffb-bf2c-34fbdf3e2e63 req-8f1034c0-4921-4d23-9d4a-776d180cb0f4 fbb0878fd5304c57898ff2a7b1229c07 7fa5d0356e484cc9b852beaf4f7e937e - - default default] No more DHCP agents
2026-03-04 02:31:18.495 9 WARNING neutron.api.rpc.agentnotifiers.dhcp_rpc_agent_api [req-20fa7d4a-4121-4ffb-bf2c-34fbdf3e2e63 req-8f1034c0-4921-4d23-9d4a-776d180cb0f4 fbb0878fd5304c57898ff2a7b1229c07 7fa5d0356e484cc9b852beaf4f7e937e - - default default] Unable to schedule network 1116f697-a945-46f7-9985-f464793d21a5: no agents available; will retry on subsequent port and subnet creation events.
2026-03-04 02:31:18.520 10 INFO neutron.wsgi [None req-7d00c0ae-9796-44b3-9c50-9c3b4847f1b1 cc7d39f3c27a4edca965587366d686e1 5622e282dcd54a39855d247e158c0c60 - - default default] 10.0.0.194 "GET /v2.0/routers/d280b0e3-2bfc-444a-ad9c-6a297f709288/tags HTTP/1.1" status: 200 len: 230 time: 0.0490761
2026-03-04 02:31:18.572 10 INFO neutron.wsgi [None req-ece41fdf-a4c8-4665-a5d5-a9983fc6410d cc7d39f3c27a4edca965587366d686e1 5622e282dcd54a39855d247e158c0c60 - - default default] 10.0.0.194 "GET /v2.0/routers/d280b0e3-2bfc-444a-ad9c-6a297f709288/tags/red HTTP/1.1" status: 204 len: 168 time: 0.0463090
2026-03-04 02:31:18.622 10 INFO neutron.api.v2.resource [None req-55bd8d07-612f-4010-81cd-b298df8c4e36 cc7d39f3c27a4edca965587366d686e1 5622e282dcd54a39855d247e158c0c60 - - default default] show failed (client error): The resource could not be found.
2026-03-04 02:31:18.624 10 INFO neutron.wsgi [None req-55bd8d07-612f-4010-81cd-b298df8c4e36 cc7d39f3c27a4edca965587366d686e1 5622e282dcd54a39855d247e158c0c60 - - default default] 10.0.0.194 "GET /v2.0/routers/d280b0e3-2bfc-444a-ad9c-6a297f709288/tags/green HTTP/1.1" status: 404 len: 299 time: 0.0462623
2026-03-04 02:31:18.628 9 INFO neutron.db.ovn_revision_numbers_db [req-20fa7d4a-4121-4ffb-bf2c-34fbdf3e2e63 req-8f1034c0-4921-4d23-9d4a-776d180cb0f4 fbb0878fd5304c57898ff2a7b1229c07 7fa5d0356e484cc9b852beaf4f7e937e - - default default] Successfully bumped revision number for resource 96922372-aba0-4c8b-b8bd-85bf1b060524 (type: ports) to 1
2026-03-04 02:31:18.647 9 INFO neutron.wsgi [req-20fa7d4a-4121-4ffb-bf2c-34fbdf3e2e63 req-8f1034c0-4921-4d23-9d4a-776d180cb0f4 fbb0878fd5304c57898ff2a7b1229c07 7fa5d0356e484cc9b852beaf4f7e937e - - default default] 199.204.45.25 "POST /v2.0/ports HTTP/1.1" status: 201 len: 1197 time: 0.5960171 /var/lib/openstack/lib/python3.10/site-packages/pycadf/identifier.py:71: UserWarning: Invalid uuid: neutron. To ensure interoperability, identifiers should be a valid uuid. warnings.warn(('Invalid uuid: %s. To ensure interoperability, '
2026-03-04 02:31:18.709 10 INFO neutron.wsgi [None req-561d3ab7-6aa8-4627-b43d-cc76cda5d7ce cc7d39f3c27a4edca965587366d686e1 5622e282dcd54a39855d247e158c0c60 - - default default] 10.0.0.194 "DELETE /v2.0/routers/d280b0e3-2bfc-444a-ad9c-6a297f709288/tags/red HTTP/1.1" status: 204 len: 168 time: 0.0806813
2026-03-04 02:31:18.769 9 INFO neutron.wsgi [None req-7ac2e2d3-65c1-402e-8878-c38274aabc71 cc7d39f3c27a4edca965587366d686e1 5622e282dcd54a39855d247e158c0c60 - - default default] 10.0.0.194 "GET /v2.0/routers/d280b0e3-2bfc-444a-ad9c-6a297f709288/tags HTTP/1.1" status: 200 len: 223 time: 0.0553765
2026-03-04 02:31:18.825 10 INFO neutron.api.v2.resource [None req-a8ef77a2-f07a-425c-a2f3-995cb922a574 cc7d39f3c27a4edca965587366d686e1 5622e282dcd54a39855d247e158c0c60 - - default default] delete failed (client error): The resource could not be found.
2026-03-04 02:31:18.827 10 INFO neutron.wsgi [None req-a8ef77a2-f07a-425c-a2f3-995cb922a574 cc7d39f3c27a4edca965587366d686e1 5622e282dcd54a39855d247e158c0c60 - - default default] 10.0.0.194 "DELETE /v2.0/routers/d280b0e3-2bfc-444a-ad9c-6a297f709288/tags/green HTTP/1.1" status: 404 len: 299 time: 0.0524914
2026-03-04 02:31:18.922 9 INFO neutron.wsgi [None req-9b002e8a-28cc-48cb-b99c-aa69ba6f4373 cc7d39f3c27a4edca965587366d686e1 5622e282dcd54a39855d247e158c0c60 - - default default] 10.0.0.194 "DELETE /v2.0/routers/d280b0e3-2bfc-444a-ad9c-6a297f709288/tags HTTP/1.1" status: 204 len: 168 time: 0.0904222
2026-03-04 02:31:18.983 10 INFO neutron.wsgi [None req-023798c1-11ae-44c6-aef0-1c38d57f9bf0 cc7d39f3c27a4edca965587366d686e1 5622e282dcd54a39855d247e158c0c60 - - default default] 10.0.0.194 "GET /v2.0/routers/d280b0e3-2bfc-444a-ad9c-6a297f709288/tags HTTP/1.1" status: 200 len: 205 time: 0.0560784
2026-03-04 02:31:19.060 10 INFO neutron.wsgi [None req-a8f7d422-d722-48de-8986-e7910d8b40a9 cc7d39f3c27a4edca965587366d686e1 5622e282dcd54a39855d247e158c0c60 - - default default] 10.0.0.194 "GET /v2.0/routers/d280b0e3-2bfc-444a-ad9c-6a297f709288 HTTP/1.1" status: 200 len: 770 time: 0.0710003
2026-03-04 02:31:19.384 9 INFO neutron.db.ovn_revision_numbers_db [req-20fa7d4a-4121-4ffb-bf2c-34fbdf3e2e63 req-9f750895-0cc8-473f-98fa-b9ec63ae1db0 9485d081605d4854bc7425fede65ba90 59b95180f6ac47f9b81ebeea0a229261 - - f65d03401fe643fba374468d1db27df7 f65d03401fe643fba374468d1db27df7] Successfully bumped revision number for resource 96922372-aba0-4c8b-b8bd-85bf1b060524 (type: ports) to 2
2026-03-04 02:31:19.486 10 INFO neutron.wsgi [req-3f7b5f98-ff73-4610-aa0f-94d21475c355 req-5fa0e5a1-47db-459a-a2ba-61b4dc5b3b97 fbb0878fd5304c57898ff2a7b1229c07 7fa5d0356e484cc9b852beaf4f7e937e - - default default] 10.0.0.206 "GET /v2.0/ports?device_id=f013b1d1-8fae-4d40-92d5-dfa9cd1c7243 HTTP/1.1" status: 200 len: 1208 time: 0.0991983
2026-03-04 02:31:19.488 10 WARNING neutron.plugins.ml2.drivers.ovn.mech_driver.ovsdb.ovn_client [None req-46bc045e-989f-44d3-8aca-06a9b661dce8 - - - - - -] No hosting information found for port 70915855-0784-482a-a12e-a65cf0ccd5e7: RuntimeError: No hosting information found for port 70915855-0784-482a-a12e-a65cf0ccd5e7
2026-03-04 02:31:19.578 10 INFO neutron.wsgi [req-3f7b5f98-ff73-4610-aa0f-94d21475c355 req-707dba48-11e1-4ee7-b6ca-40eaa4617fc4 fbb0878fd5304c57898ff2a7b1229c07 7fa5d0356e484cc9b852beaf4f7e937e - - default default] 10.0.0.206 "GET /v2.0/security-groups?id=92e33d72-255f-4798-9713-eda427533d88&id=5b9742fc-9f9a-47c7-97f2-c129ee469c97&fields=id&fields=name HTTP/1.1" status: 200 len: 406 time: 0.0862837
2026-03-04 02:31:19.591 9 INFO neutron.db.ovn_revision_numbers_db [req-20fa7d4a-4121-4ffb-bf2c-34fbdf3e2e63 req-9f750895-0cc8-473f-98fa-b9ec63ae1db0 9485d081605d4854bc7425fede65ba90 59b95180f6ac47f9b81ebeea0a229261 - - f65d03401fe643fba374468d1db27df7 f65d03401fe643fba374468d1db27df7] Successfully bumped revision number for resource 96922372-aba0-4c8b-b8bd-85bf1b060524 (type: ports) to 2
2026-03-04 02:31:19.615 9 INFO neutron.wsgi [req-20fa7d4a-4121-4ffb-bf2c-34fbdf3e2e63 req-9f750895-0cc8-473f-98fa-b9ec63ae1db0 9485d081605d4854bc7425fede65ba90 59b95180f6ac47f9b81ebeea0a229261 - - f65d03401fe643fba374468d1db27df7 f65d03401fe643fba374468d1db27df7] 199.204.45.25 "PUT /v2.0/ports/96922372-aba0-4c8b-b8bd-85bf1b060524 HTTP/1.1" status: 200 len: 1415 time: 0.9607668
2026-03-04 02:31:19.653 9 INFO neutron.notifiers.nova [-] Nova event matching ['req-ef930753-8ce5-45bc-98ed-4d95179e31f2'] response: {'name': 'network-changed', 'server_uuid': 'f013b1d1-8fae-4d40-92d5-dfa9cd1c7243', 'tag': '96922372-aba0-4c8b-b8bd-85bf1b060524', 'status': 'completed', 'code': 200} /var/lib/openstack/lib/python3.10/site-packages/pycadf/identifier.py:71: UserWarning: Invalid uuid: neutron. To ensure interoperability, identifiers should be a valid uuid. warnings.warn(('Invalid uuid: %s. To ensure interoperability, '
2026-03-04 02:31:19.703 9 INFO neutron.wsgi [req-20fa7d4a-4121-4ffb-bf2c-34fbdf3e2e63 req-843239e2-308e-4a88-92a8-1df6e634a423 9485d081605d4854bc7425fede65ba90 59b95180f6ac47f9b81ebeea0a229261 - - f65d03401fe643fba374468d1db27df7 f65d03401fe643fba374468d1db27df7] 199.204.45.25 "GET /v2.0/ports?tenant_id=7fa5d0356e484cc9b852beaf4f7e937e&device_id=f013b1d1-8fae-4d40-92d5-dfa9cd1c7243 HTTP/1.1" status: 200 len: 1446 time: 0.0397296
2026-03-04 02:31:19.751 10 INFO neutron.db.ovn_revision_numbers_db [None req-87d8e59d-c10e-4966-927f-65c12dbe92a5 cc7d39f3c27a4edca965587366d686e1 5622e282dcd54a39855d247e158c0c60 - - default default] Successfully bumped revision number for resource d280b0e3-2bfc-444a-ad9c-6a297f709288 (type: routers) to 7
2026-03-04 02:31:19.758 10 INFO neutron.wsgi [None req-87d8e59d-c10e-4966-927f-65c12dbe92a5 cc7d39f3c27a4edca965587366d686e1 5622e282dcd54a39855d247e158c0c60 - - default default] 10.0.0.194 "PUT /v2.0/routers/d280b0e3-2bfc-444a-ad9c-6a297f709288 HTTP/1.1" status: 200 len: 770 time: 0.6918204
2026-03-04 02:31:19.780 10 INFO neutron.wsgi [None req-d96876a6-a31a-4169-8ac7-51de51e70ae6 cc7d39f3c27a4edca965587366d686e1 5622e282dcd54a39855d247e158c0c60 - - default default] 10.0.0.194 "GET /v2.0/ports?device_id=d280b0e3-2bfc-444a-ad9c-6a297f709288 HTTP/1.1" status: 200 len: 205 time: 0.0180130
2026-03-04 02:31:19.847 9 WARNING neutron.plugins.ml2.drivers.ovn.mech_driver.ovsdb.ovn_client [None req-3865a772-688b-4849-821e-ed6a72bb218c - - - - - -] No hosting information found for port 4fe09218-adbd-437d-9253-a290feb0c61d: RuntimeError: No hosting information found for port 4fe09218-adbd-437d-9253-a290feb0c61d
2026-03-04 02:31:19.848 9 INFO neutron.plugins.ml2.drivers.ovn.mech_driver.mech_driver [None req-3865a772-688b-4849-821e-ed6a72bb218c - - - - - -] OVN reports status up for port: e5f92282-e054-4f8b-aeb4-f854832d3dba
2026-03-04 02:31:19.870 9 INFO neutron.plugins.ml2.plugin [None req-3865a772-688b-4849-821e-ed6a72bb218c - - - - - -] Attempt 1 to provision port e5f92282-e054-4f8b-aeb4-f854832d3dba
2026-03-04 02:31:19.873 9 INFO neutron.wsgi [req-20fa7d4a-4121-4ffb-bf2c-34fbdf3e2e63 req-a8d864db-b234-4e4a-a02c-1480e4b1c01d 9485d081605d4854bc7425fede65ba90 59b95180f6ac47f9b81ebeea0a229261 - - f65d03401fe643fba374468d1db27df7 f65d03401fe643fba374468d1db27df7] 199.204.45.25 "GET /v2.0/floatingips?fixed_ip_address=10.100.0.4&port_id=96922372-aba0-4c8b-b8bd-85bf1b060524 HTTP/1.1" status: 200 len: 217 time: 0.0220108
2026-03-04 02:31:19.913 9 INFO neutron.wsgi [req-20fa7d4a-4121-4ffb-bf2c-34fbdf3e2e63 req-ba6a8ac4-cb11-42d9-97c9-e313bdcbec0d 9485d081605d4854bc7425fede65ba90 59b95180f6ac47f9b81ebeea0a229261 - - f65d03401fe643fba374468d1db27df7 f65d03401fe643fba374468d1db27df7] 199.204.45.25 "GET /v2.0/subnets?id=91c549f3-cd3a-4691-956d-9ebe2a4692e5 HTTP/1.1" status: 200 len: 865 time: 0.0309906
2026-03-04 02:31:19.955 9 INFO neutron.wsgi [req-20fa7d4a-4121-4ffb-bf2c-34fbdf3e2e63 req-24ffa590-594f-4f2b-b674-8c3ce361128c 9485d081605d4854bc7425fede65ba90 59b95180f6ac47f9b81ebeea0a229261 - - f65d03401fe643fba374468d1db27df7 f65d03401fe643fba374468d1db27df7] 199.204.45.25 "GET /v2.0/ports?network_id=1116f697-a945-46f7-9985-f464793d21a5&device_owner=network%3Adhcp HTTP/1.1" status: 200 len: 210 time: 0.0330448
2026-03-04 02:31:20.021 10 INFO neutron.wsgi [None req-04fa20c7-29d0-4c94-a691-7d0b508c614f cc7d39f3c27a4edca965587366d686e1 5622e282dcd54a39855d247e158c0c60 - - default default] 10.0.0.194 "DELETE /v2.0/routers/d280b0e3-2bfc-444a-ad9c-6a297f709288 HTTP/1.1" status: 204 len: 168 time: 0.2379601
2026-03-04 02:31:20.053 9 INFO neutron.wsgi [req-20fa7d4a-4121-4ffb-bf2c-34fbdf3e2e63 req-8300826e-4c67-4969-8c37-51feb3634ef2 9485d081605d4854bc7425fede65ba90 59b95180f6ac47f9b81ebeea0a229261 - - f65d03401fe643fba374468d1db27df7 f65d03401fe643fba374468d1db27df7] 199.204.45.25 "GET /v2.0/networks/1116f697-a945-46f7-9985-f464793d21a5?fields=segments HTTP/1.1" status: 200 len: 212 time: 0.0916483
2026-03-04 02:31:20.146 9 INFO neutron.wsgi [req-20fa7d4a-4121-4ffb-bf2c-34fbdf3e2e63 req-84178a15-c4a4-40b7-a6b7-bcc86b952c8a 9485d081605d4854bc7425fede65ba90 59b95180f6ac47f9b81ebeea0a229261 - - f65d03401fe643fba374468d1db27df7 f65d03401fe643fba374468d1db27df7] 199.204.45.25 "GET /v2.0/networks/1116f697-a945-46f7-9985-f464793d21a5?fields=provider%3Aphysical_network&fields=provider%3Anetwork_type HTTP/1.1" status: 200 len: 277 time: 0.0889630
2026-03-04 02:31:20.257 9 INFO neutron.wsgi [req-9c387fdb-0c5b-4f27-a8b0-d3dc2b699105 req-ad2e8621-edcf-46cd-abe0-ade05865d772 9485d081605d4854bc7425fede65ba90 59b95180f6ac47f9b81ebeea0a229261 - - f65d03401fe643fba374468d1db27df7 f65d03401fe643fba374468d1db27df7] 199.204.45.25 "GET /v2.0/ports?tenant_id=7fa5d0356e484cc9b852beaf4f7e937e&device_id=f013b1d1-8fae-4d40-92d5-dfa9cd1c7243 HTTP/1.1" status: 200 len: 1446 time: 0.0496140
2026-03-04 02:31:20.357 9 INFO neutron.db.ovn_revision_numbers_db [None req-3865a772-688b-4849-821e-ed6a72bb218c - - - - - -] Successfully bumped revision number for resource e5f92282-e054-4f8b-aeb4-f854832d3dba (type: ports) to 4
2026-03-04 02:31:20.369 9 INFO neutron.db.ovn_revision_numbers_db [None req-b2b06088-12de-4d43-9421-e700cdc769bf 0eaeb9811a0e4e0683b5036e4583a103 8f88e600cf3449f8a080511d31fa8f58 - - default default] Successfully bumped revision number for resource c6316c33-04e8-4b5f-bfb3-ea647638d84c (type: security_groups) to 1
2026-03-04 02:31:20.418 9 INFO neutron.wsgi [req-9c387fdb-0c5b-4f27-a8b0-d3dc2b699105 req-d8f13be4-0070-4cc8-bb8d-fe350da97147 9485d081605d4854bc7425fede65ba90 59b95180f6ac47f9b81ebeea0a229261 - - f65d03401fe643fba374468d1db27df7 f65d03401fe643fba374468d1db27df7] 199.204.45.25 "GET /v2.0/networks?id=1116f697-a945-46f7-9985-f464793d21a5 HTTP/1.1" status: 200 len: 970 time: 0.1527879
2026-03-04 02:31:20.423 9 INFO neutron.db.ovn_revision_numbers_db [None req-b2b06088-12de-4d43-9421-e700cdc769bf 0eaeb9811a0e4e0683b5036e4583a103 8f88e600cf3449f8a080511d31fa8f58 - - default default] Successfully bumped revision number for resource 0bb57dfc-2373-4d4d-969e-8f7898a15025 (type: security_group_rules) to 0
2026-03-04 02:31:20.427 10 INFO neutron.wsgi [req-e3b24543-8293-4df4-be25-19753f917e73 req-ca1ff806-af8b-447c-8c1b-0c2e1d1c318f bd21f80048fc46b4bc9149e1d87183c8 f6e14d398b634f238b51c509d4c39fb3 - - default default] 10.0.0.206 "GET /v2.0/ports?device_id=66632b5b-fa96-4322-bdbb-bd74f6218293 HTTP/1.1" status: 200 len: 1396 time: 0.1043305
2026-03-04 02:31:20.431 9 INFO neutron.wsgi [req-3ecb6fa2-abc3-4583-9e7d-874d43011b5c req-5000b62a-6586-4010-b59c-3b9012431b1e 9485d081605d4854bc7425fede65ba90 59b95180f6ac47f9b81ebeea0a229261 - - f65d03401fe643fba374468d1db27df7 f65d03401fe643fba374468d1db27df7] 199.204.45.25 "GET /v2.0/ports?device_id=f013b1d1-8fae-4d40-92d5-dfa9cd1c7243 HTTP/1.1" status: 200 len: 1446 time: 0.0919435
2026-03-04 02:31:20.469 9 INFO neutron.wsgi [req-9c387fdb-0c5b-4f27-a8b0-d3dc2b699105 req-974bd6fa-a636-4a10-99c0-a9b5cd7aa43e 9485d081605d4854bc7425fede65ba90 59b95180f6ac47f9b81ebeea0a229261 - - f65d03401fe643fba374468d1db27df7 f65d03401fe643fba374468d1db27df7] 199.204.45.25 "GET /v2.0/floatingips?fixed_ip_address=10.100.0.4&port_id=96922372-aba0-4c8b-b8bd-85bf1b060524 HTTP/1.1" status: 200 len: 217 time: 0.0422924
2026-03-04 02:31:20.476 9 INFO neutron.db.ovn_revision_numbers_db [None req-b2b06088-12de-4d43-9421-e700cdc769bf 0eaeb9811a0e4e0683b5036e4583a103 8f88e600cf3449f8a080511d31fa8f58 - - default default] Successfully bumped revision number for resource 5963b284-2bc2-4a89-b059-0fb07c6fc8ce (type: security_group_rules) to 0
2026-03-04 02:31:20.484 10 INFO neutron.wsgi [req-e3b24543-8293-4df4-be25-19753f917e73 req-91aa5e76-bd18-4f7c-82cf-15639b9e957f bd21f80048fc46b4bc9149e1d87183c8 f6e14d398b634f238b51c509d4c39fb3 - - default default] 10.0.0.206 "GET /v2.0/security-groups?id=304a992b-2fa1-404d-8866-820c21b55f82&fields=id&fields=name HTTP/1.1" status: 200 len: 311 time: 0.0488176 /var/lib/openstack/lib/python3.10/site-packages/pycadf/identifier.py:71: UserWarning: Invalid uuid: neutron. To ensure interoperability, identifiers should be a valid uuid. warnings.warn(('Invalid uuid: %s. To ensure interoperability, '
2026-03-04 02:31:20.522 9 INFO neutron.wsgi [req-3ecb6fa2-abc3-4583-9e7d-874d43011b5c req-811f4083-59ac-4f18-83c7-e437f2a927ac 9485d081605d4854bc7425fede65ba90 59b95180f6ac47f9b81ebeea0a229261 - - f65d03401fe643fba374468d1db27df7 f65d03401fe643fba374468d1db27df7] 199.204.45.25 "GET /v2.0/security-groups?id=5b9742fc-9f9a-47c7-97f2-c129ee469c97&id=92e33d72-255f-4798-9713-eda427533d88&fields=id&fields=name HTTP/1.1" status: 200 len: 406 time: 0.0801470
2026-03-04 02:31:20.533 9 INFO neutron.wsgi [req-9c387fdb-0c5b-4f27-a8b0-d3dc2b699105 req-15b3aabe-7781-4e7b-94da-1485e537bfd3 9485d081605d4854bc7425fede65ba90 59b95180f6ac47f9b81ebeea0a229261 - - f65d03401fe643fba374468d1db27df7 f65d03401fe643fba374468d1db27df7] 199.204.45.25 "GET /v2.0/subnets?id=91c549f3-cd3a-4691-956d-9ebe2a4692e5 HTTP/1.1" status: 200 len: 865 time: 0.0546048
2026-03-04 02:31:20.564 9 INFO neutron.db.ovn_revision_numbers_db [None req-b2b06088-12de-4d43-9421-e700cdc769bf 0eaeb9811a0e4e0683b5036e4583a103 8f88e600cf3449f8a080511d31fa8f58 - - default default] Successfully bumped revision number for resource cd193d4c-d088-42c5-b88a-940714023f57 (type: security_group_rules) to 0
2026-03-04 02:31:20.591 9 INFO neutron.wsgi [req-9c387fdb-0c5b-4f27-a8b0-d3dc2b699105 req-f9de6ae7-78b2-4c0a-8e5c-ab1f940abe6a 9485d081605d4854bc7425fede65ba90 59b95180f6ac47f9b81ebeea0a229261 - - f65d03401fe643fba374468d1db27df7 f65d03401fe643fba374468d1db27df7] 199.204.45.25 "GET /v2.0/ports?network_id=1116f697-a945-46f7-9985-f464793d21a5&device_owner=network%3Adhcp HTTP/1.1" status: 200 len: 210 time: 0.0249896
2026-03-04 02:31:20.636 9 INFO neutron.db.ovn_revision_numbers_db [None req-b2b06088-12de-4d43-9421-e700cdc769bf 0eaeb9811a0e4e0683b5036e4583a103 8f88e600cf3449f8a080511d31fa8f58 - - default default] Successfully bumped revision number for resource d1dfb1a5-cede-42ee-ade0-9c9989a57c9d (type: security_group_rules) to 0
2026-03-04 02:31:20.642 9 INFO neutron.plugins.ml2.drivers.ovn.mech_driver.mech_driver [None req-3865a772-688b-4849-821e-ed6a72bb218c - - - - - -] OVN reports status up for port: 96922372-aba0-4c8b-b8bd-85bf1b060524
2026-03-04 02:31:20.674 9 INFO neutron.wsgi [None req-b2b06088-12de-4d43-9421-e700cdc769bf 0eaeb9811a0e4e0683b5036e4583a103 8f88e600cf3449f8a080511d31fa8f58 - - default default] 10.0.0.194 "GET /v2.0/security-groups?tenant_id=557d9be9453a4e54aa101f6b993a1186&name=default HTTP/1.1" status: 200 len: 3120 time: 0.7559803
2026-03-04 02:31:20.685 9 INFO neutron.plugins.ml2.plugin [None req-3865a772-688b-4849-821e-ed6a72bb218c - - - - - -] Attempt 1 to provision port 96922372-aba0-4c8b-b8bd-85bf1b060524
2026-03-04 02:31:20.729 9 INFO neutron.wsgi [req-9c387fdb-0c5b-4f27-a8b0-d3dc2b699105 req-a0be1edd-60fa-4d90-8382-029cf30c84ba 9485d081605d4854bc7425fede65ba90 59b95180f6ac47f9b81ebeea0a229261 - - f65d03401fe643fba374468d1db27df7 f65d03401fe643fba374468d1db27df7] 199.204.45.25 "GET /v2.0/networks/1116f697-a945-46f7-9985-f464793d21a5?fields=segments HTTP/1.1" status: 200 len: 212 time: 0.1331940
2026-03-04 02:31:20.811 9 INFO neutron.wsgi [req-9c387fdb-0c5b-4f27-a8b0-d3dc2b699105 req-5fa95af9-dedc-421e-9a12-073b3e35839d 9485d081605d4854bc7425fede65ba90 59b95180f6ac47f9b81ebeea0a229261 - - f65d03401fe643fba374468d1db27df7 f65d03401fe643fba374468d1db27df7] 199.204.45.25 "GET /v2.0/networks/1116f697-a945-46f7-9985-f464793d21a5?fields=provider%3Aphysical_network&fields=provider%3Anetwork_type HTTP/1.1" status: 200 len: 277 time: 0.0711331
2026-03-04 02:31:20.818 9 INFO neutron.wsgi [req-04056cba-6752-4778-9043-41405c88c090 req-64ecfb84-d6a7-4f81-9f43-625e73eea1e6 fbb0878fd5304c57898ff2a7b1229c07 7fa5d0356e484cc9b852beaf4f7e937e - - default default] 10.0.0.206 "GET /v2.0/ports?device_id=f013b1d1-8fae-4d40-92d5-dfa9cd1c7243 HTTP/1.1" status: 200 len: 1208 time: 0.1614690
2026-03-04 02:31:20.890 9 INFO neutron.wsgi [req-04056cba-6752-4778-9043-41405c88c090 req-433fc73d-d620-475c-88fc-f3b0d50168a4 fbb0878fd5304c57898ff2a7b1229c07 7fa5d0356e484cc9b852beaf4f7e937e - - default default] 10.0.0.206 "GET /v2.0/security-groups?id=92e33d72-255f-4798-9713-eda427533d88&id=5b9742fc-9f9a-47c7-97f2-c129ee469c97&fields=id&fields=name HTTP/1.1" status: 200 len: 406 time: 0.0621421
2026-03-04 02:31:21.005 10 INFO neutron.wsgi [None req-a94c0ff5-c869-42d7-9ae5-e2a0094982d5 0eaeb9811a0e4e0683b5036e4583a103 8f88e600cf3449f8a080511d31fa8f58 - - default default] 10.0.0.194 "DELETE /v2.0/security-groups/c6316c33-04e8-4b5f-bfb3-ea647638d84c HTTP/1.1" status: 204 len: 168 time: 0.3147228
2026-03-04 02:31:21.092 9 INFO neutron.db.ovn_revision_numbers_db [None req-3865a772-688b-4849-821e-ed6a72bb218c - - - - - -] Successfully bumped revision number for resource 96922372-aba0-4c8b-b8bd-85bf1b060524 (type: ports) to 4
2026-03-04 02:31:21.105 10 INFO neutron.db.ovn_revision_numbers_db [None req-2997dc83-76c0-4bcd-bcb6-4e705308ad81 0eaeb9811a0e4e0683b5036e4583a103 8f88e600cf3449f8a080511d31fa8f58 - - default default] Successfully bumped revision number for resource 746d86a8-39dc-4517-9226-07829cec2e1a (type: security_groups) to 1
2026-03-04 02:31:21.120 10 INFO neutron.db.ovn_revision_numbers_db [None req-2997dc83-76c0-4bcd-bcb6-4e705308ad81 0eaeb9811a0e4e0683b5036e4583a103 8f88e600cf3449f8a080511d31fa8f58 - - default default] Successfully bumped revision number for resource 052c9a66-ba9f-40c5-95c0-30090b670be5 (type: security_group_rules) to 0
2026-03-04 02:31:21.139 10 INFO neutron.db.ovn_revision_numbers_db [None req-2997dc83-76c0-4bcd-bcb6-4e705308ad81 0eaeb9811a0e4e0683b5036e4583a103 8f88e600cf3449f8a080511d31fa8f58 - - default default] Successfully bumped revision number for resource 39f16508-6dc2-4d01-90f0-0c8f7f9a2f97 (type: security_group_rules) to 0
2026-03-04 02:31:21.156 10 INFO neutron.db.ovn_revision_numbers_db [None req-2997dc83-76c0-4bcd-bcb6-4e705308ad81 0eaeb9811a0e4e0683b5036e4583a103 8f88e600cf3449f8a080511d31fa8f58 - - default default] Successfully bumped revision number for resource c95ee107-5be3-4d36-bfaa-93340bdf556f (type: security_group_rules) to 0
2026-03-04 02:31:21.171 10 INFO neutron.db.ovn_revision_numbers_db [None req-2997dc83-76c0-4bcd-bcb6-4e705308ad81 0eaeb9811a0e4e0683b5036e4583a103 8f88e600cf3449f8a080511d31fa8f58 - - default default] Successfully bumped revision number for resource e8f1b13d-08d9-4d22-b6e2-7b7b2ec98e42 (type: security_group_rules) to 0
2026-03-04 02:31:21.195 10 INFO neutron.wsgi [None req-2997dc83-76c0-4bcd-bcb6-4e705308ad81 0eaeb9811a0e4e0683b5036e4583a103 8f88e600cf3449f8a080511d31fa8f58 - - default default] 10.0.0.194 "GET /v2.0/security-groups?tenant_id=7f939465179e4091a8ca694884f30078&name=default HTTP/1.1" status: 200 len: 3120 time: 0.3790748 /var/lib/openstack/lib/python3.10/site-packages/pycadf/identifier.py:71: UserWarning: Invalid uuid: neutron. To ensure interoperability, identifiers should be a valid uuid. warnings.warn(('Invalid uuid: %s. To ensure interoperability, '
2026-03-04 02:31:21.259 10 INFO neutron.db.ovn_revision_numbers_db [None req-3e8b00b4-587c-4004-bb36-c5f2a1156d88 0eaeb9811a0e4e0683b5036e4583a103 8f88e600cf3449f8a080511d31fa8f58 - - default default] Successfully bumped revision number for resource 2b265239-88ad-4613-bcec-75ba1dd4891c (type: security_groups) to 1
2026-03-04 02:31:21.269 10 INFO neutron.db.ovn_revision_numbers_db [None req-3e8b00b4-587c-4004-bb36-c5f2a1156d88 0eaeb9811a0e4e0683b5036e4583a103 8f88e600cf3449f8a080511d31fa8f58 - - default default] Successfully bumped revision number for resource 035b93fb-4b99-4210-9180-d664d5f8e530 (type: security_group_rules) to 0
2026-03-04 02:31:21.283 10 INFO neutron.db.ovn_revision_numbers_db [None req-3e8b00b4-587c-4004-bb36-c5f2a1156d88 0eaeb9811a0e4e0683b5036e4583a103 8f88e600cf3449f8a080511d31fa8f58 - - default default] Successfully bumped revision number for resource 47556de4-61db-401b-99f8-1385ae13a502 (type: security_group_rules) to 0
2026-03-04 02:31:21.297 10 INFO neutron.db.ovn_revision_numbers_db [None req-3e8b00b4-587c-4004-bb36-c5f2a1156d88 0eaeb9811a0e4e0683b5036e4583a103 8f88e600cf3449f8a080511d31fa8f58 - - default default] Successfully bumped revision number for resource 7c410631-a40a-4b87-945b-56abe933dc6d (type: security_group_rules) to 0
2026-03-04 02:31:21.310 10 INFO neutron.db.ovn_revision_numbers_db [None req-3e8b00b4-587c-4004-bb36-c5f2a1156d88 0eaeb9811a0e4e0683b5036e4583a103 8f88e600cf3449f8a080511d31fa8f58 - - default default] Successfully bumped revision number for resource 8b7e6ce1-fe70-4b5d-8e78-ae0c351dbc01 (type: security_group_rules) to 0
2026-03-04 02:31:21.332 10 INFO neutron.wsgi [None req-3e8b00b4-587c-4004-bb36-c5f2a1156d88 0eaeb9811a0e4e0683b5036e4583a103 8f88e600cf3449f8a080511d31fa8f58 - - default default] 10.0.0.194 "GET /v2.0/security-groups?tenant_id=2cc75e90ad53458589b81190af8b716d&name=default HTTP/1.1" status: 200 len: 3120 time: 0.2029510
2026-03-04 02:31:21.415 9 INFO neutron.wsgi [None req-ef0765db-32fa-4983-9733-ae6e70c39eca 0eaeb9811a0e4e0683b5036e4583a103 8f88e600cf3449f8a080511d31fa8f58 - - default default] 10.0.0.194 "DELETE /v2.0/security-groups/746d86a8-39dc-4517-9226-07829cec2e1a HTTP/1.1" status: 204 len: 168 time: 0.2155604
2026-03-04 02:31:21.531 10 INFO neutron.wsgi [None req-db88a346-1b34-448a-a2af-3d63e0c30d00 0eaeb9811a0e4e0683b5036e4583a103 8f88e600cf3449f8a080511d31fa8f58 - - default default] 10.0.0.194 "DELETE /v2.0/security-groups/2b265239-88ad-4613-bcec-75ba1dd4891c HTTP/1.1" status: 204 len: 168 time: 0.1943867
2026-03-04 02:31:21.704 9 INFO neutron.notifiers.nova [-] Nova event matching ['req-b26a620b-a299-4912-b765-e4e4e0a5355f'] response: {'server_uuid': '66632b5b-fa96-4322-bdbb-bd74f6218293', 'name': 'network-vif-plugged', 'status': 'completed', 'tag': 'e5f92282-e054-4f8b-aeb4-f854832d3dba', 'code': 200}
2026-03-04 02:31:21.705 9 INFO neutron.notifiers.nova [-] Nova event matching ['req-b26a620b-a299-4912-b765-e4e4e0a5355f'] response: {'server_uuid': '66632b5b-fa96-4322-bdbb-bd74f6218293', 'name': 'network-vif-plugged', 'status': 'completed', 'tag': 'e5f92282-e054-4f8b-aeb4-f854832d3dba', 'code': 200}
2026-03-04 02:31:21.705 9 INFO neutron.notifiers.nova [-] Nova event matching ['req-b26a620b-a299-4912-b765-e4e4e0a5355f'] response: {'server_uuid': 'f013b1d1-8fae-4d40-92d5-dfa9cd1c7243', 'name': 'network-vif-plugged', 'status': 'completed', 'tag': '96922372-aba0-4c8b-b8bd-85bf1b060524', 'code': 200}
2026-03-04 02:31:21.705 9 INFO neutron.notifiers.nova [-] Nova event matching ['req-b26a620b-a299-4912-b765-e4e4e0a5355f'] response: {'server_uuid': 'f013b1d1-8fae-4d40-92d5-dfa9cd1c7243', 'name': 'network-vif-plugged', 'status': 'completed', 'tag': '96922372-aba0-4c8b-b8bd-85bf1b060524', 'code': 200}
2026-03-04 02:31:21.717 10 INFO neutron.db.ovn_revision_numbers_db [None req-8d55c11a-ab36-4a84-afec-6bde84d13678 0eaeb9811a0e4e0683b5036e4583a103 8f88e600cf3449f8a080511d31fa8f58 - - default default] Successfully bumped revision number for resource 6249e959-39be-4ca2-8196-8a209dceefa1 (type: security_groups) to 1
2026-03-04 02:31:21.733 10 INFO neutron.db.ovn_revision_numbers_db [None req-8d55c11a-ab36-4a84-afec-6bde84d13678 0eaeb9811a0e4e0683b5036e4583a103 8f88e600cf3449f8a080511d31fa8f58 - - default default] Successfully bumped revision number for resource 29d76efa-86ad-4945-b2b7-07ed7aef56f0 (type: security_group_rules) to 0
2026-03-04 02:31:21.749 10 INFO neutron.db.ovn_revision_numbers_db [None req-8d55c11a-ab36-4a84-afec-6bde84d13678 0eaeb9811a0e4e0683b5036e4583a103 8f88e600cf3449f8a080511d31fa8f58 - - default default] Successfully bumped revision number for resource 695c79c1-162f-4522-9620-ebe860db23ee (type: security_group_rules) to 0
2026-03-04 02:31:21.778 10 INFO neutron.db.ovn_revision_numbers_db [None req-8d55c11a-ab36-4a84-afec-6bde84d13678 0eaeb9811a0e4e0683b5036e4583a103 8f88e600cf3449f8a080511d31fa8f58 - - default default] Successfully bumped revision number for resource 7feae7e0-8088-47c3-94ac-bf087b328258 (type: security_group_rules) to 0
2026-03-04 02:31:21.806 10 INFO neutron.db.ovn_revision_numbers_db [None req-8d55c11a-ab36-4a84-afec-6bde84d13678 0eaeb9811a0e4e0683b5036e4583a103 8f88e600cf3449f8a080511d31fa8f58 - - default default] Successfully bumped revision number for resource f7295fb0-45ce-4ad1-8f1c-6973216fff18 (type: security_group_rules) to 0
2026-03-04 02:31:21.837 10 INFO neutron.wsgi [None req-8d55c11a-ab36-4a84-afec-6bde84d13678 0eaeb9811a0e4e0683b5036e4583a103 8f88e600cf3449f8a080511d31fa8f58 - - default default] 10.0.0.194 "GET /v2.0/security-groups?tenant_id=5622e282dcd54a39855d247e158c0c60&name=default HTTP/1.1" status: 200 len: 3120 time: 0.2605753
2026-03-04 02:31:22.042 9 INFO neutron.wsgi [req-f6d8a94d-77c6-41f1-95c9-74b90d2bfa70 req-f9dfb233-5117-4e66-a1c5-720e99645523 fbb0878fd5304c57898ff2a7b1229c07 7fa5d0356e484cc9b852beaf4f7e937e - - default default] 10.0.0.206 "GET /v2.0/ports?device_id=f013b1d1-8fae-4d40-92d5-dfa9cd1c7243 HTTP/1.1" status: 200 len: 1210 time: 0.0651858
2026-03-04 02:31:22.109 9 INFO neutron.wsgi [req-f6d8a94d-77c6-41f1-95c9-74b90d2bfa70 req-3dc421ce-1661-40b2-9426-a248bd3e2456 fbb0878fd5304c57898ff2a7b1229c07 7fa5d0356e484cc9b852beaf4f7e937e - - default default] 10.0.0.206 "GET /v2.0/security-groups?id=92e33d72-255f-4798-9713-eda427533d88&id=5b9742fc-9f9a-47c7-97f2-c129ee469c97&fields=id&fields=name HTTP/1.1" status: 200 len: 406 time: 0.0566101
2026-03-04 02:31:22.410 9 INFO neutron.wsgi [None req-5c555674-e5af-4b90-8432-2ce626185234 0eaeb9811a0e4e0683b5036e4583a103 8f88e600cf3449f8a080511d31fa8f58 - - default default] 10.0.0.194 "DELETE /v2.0/security-groups/6249e959-39be-4ca2-8196-8a209dceefa1 HTTP/1.1" status: 204 len: 168 time: 0.5604784
2026-03-04 02:31:23.271 10 INFO neutron.wsgi [req-477909df-7d2a-472b-afe3-c6f73a91f159 req-b893204f-506a-4ba1-a8a5-4ea841f1db88 fbb0878fd5304c57898ff2a7b1229c07 7fa5d0356e484cc9b852beaf4f7e937e - - default default] 10.0.0.206 "GET /v2.0/ports?device_id=f013b1d1-8fae-4d40-92d5-dfa9cd1c7243 HTTP/1.1" status: 200 len: 1210 time: 0.0890768
2026-03-04 02:31:23.321 10 INFO neutron.wsgi [req-477909df-7d2a-472b-afe3-c6f73a91f159 req-a65fa265-0d42-4487-bcf0-65b62daf1277 fbb0878fd5304c57898ff2a7b1229c07 7fa5d0356e484cc9b852beaf4f7e937e - - default default] 10.0.0.206 "GET /v2.0/security-groups?id=92e33d72-255f-4798-9713-eda427533d88&id=5b9742fc-9f9a-47c7-97f2-c129ee469c97&fields=id&fields=name HTTP/1.1" status: 200 len: 406 time: 0.0452404
2026-03-04 02:31:23.469 9 INFO neutron.wsgi [req-339ca2e7-c03e-4395-939d-e0cff7bf02bb req-ba6a93c2-21a7-4e28-aaed-b39045ab7884 fbb0878fd5304c57898ff2a7b1229c07 7fa5d0356e484cc9b852beaf4f7e937e - - default default] 10.0.0.206 "GET /v2.0/ports?device_id=f013b1d1-8fae-4d40-92d5-dfa9cd1c7243 HTTP/1.1" status: 200 len: 1210 time: 0.0743248
2026-03-04 02:31:24.377 9 INFO neutron.db.ovn_revision_numbers_db [None req-ee0de8c1-5b2b-425f-880f-592f92bb2c55 fbb0878fd5304c57898ff2a7b1229c07 7fa5d0356e484cc9b852beaf4f7e937e - - default default] Successfully bumped revision number for resource 6b286f5b-6a2c-4aa1-b074-c4c89a2aec31 (type: floatingips) to 1
2026-03-04 02:31:24.554 9 INFO neutron.db.ovn_revision_numbers_db [None req-ee0de8c1-5b2b-425f-880f-592f92bb2c55 fbb0878fd5304c57898ff2a7b1229c07 7fa5d0356e484cc9b852beaf4f7e937e - - default default] Successfully bumped revision number for resource 6b286f5b-6a2c-4aa1-b074-c4c89a2aec31 (type: floatingips) to 2
2026-03-04 02:31:24.555 9 INFO neutron.db.l3_db [None req-ee0de8c1-5b2b-425f-880f-592f92bb2c55 fbb0878fd5304c57898ff2a7b1229c07 7fa5d0356e484cc9b852beaf4f7e937e - - default default] Floating IP 6b286f5b-6a2c-4aa1-b074-c4c89a2aec31 associated. External IP: 10.96.250.216, port: 96922372-aba0-4c8b-b8bd-85bf1b060524.
2026-03-04 02:31:24.588 9 INFO neutron.wsgi [None req-ee0de8c1-5b2b-425f-880f-592f92bb2c55 fbb0878fd5304c57898ff2a7b1229c07 7fa5d0356e484cc9b852beaf4f7e937e - - default default] 10.0.0.194 "PUT /v2.0/floatingips/6b286f5b-6a2c-4aa1-b074-c4c89a2aec31 HTTP/1.1" status: 200 len: 1049 time: 1.1096196
2026-03-04 02:31:24.634 9 INFO neutron.notifiers.nova [-] Nova event matching ['req-46dbc0fb-d5e3-49a5-8749-34655b15cc9c'] response: {'name': 'network-changed', 'server_uuid': 'f013b1d1-8fae-4d40-92d5-dfa9cd1c7243', 'tag': '96922372-aba0-4c8b-b8bd-85bf1b060524', 'status': 'completed', 'code': 200}
2026-03-04 02:31:24.688 9 INFO neutron.wsgi [req-26aea565-1b42-4bcc-9c86-0651c81dde86 req-6cda3320-e9ef-49dc-8395-0e1289edd63a 9485d081605d4854bc7425fede65ba90 59b95180f6ac47f9b81ebeea0a229261 - - f65d03401fe643fba374468d1db27df7 f65d03401fe643fba374468d1db27df7] 199.204.45.25 "GET /v2.0/ports?tenant_id=7fa5d0356e484cc9b852beaf4f7e937e&device_id=f013b1d1-8fae-4d40-92d5-dfa9cd1c7243 HTTP/1.1" status: 200 len: 1448 time: 0.0368514
2026-03-04 02:31:24.746 9 INFO neutron.wsgi [req-26aea565-1b42-4bcc-9c86-0651c81dde86 req-f56cffa3-140f-40af-8303-bb2d65c46cfe 9485d081605d4854bc7425fede65ba90 59b95180f6ac47f9b81ebeea0a229261 - - f65d03401fe643fba374468d1db27df7 f65d03401fe643fba374468d1db27df7] 199.204.45.25 "GET /v2.0/networks?id=1116f697-a945-46f7-9985-f464793d21a5 HTTP/1.1" status: 200 len: 970 time: 0.0522170
2026-03-04 02:31:24.807 9 INFO neutron.wsgi [req-26aea565-1b42-4bcc-9c86-0651c81dde86 req-1c0022c4-4f62-4b8c-8943-220629dfe1bb 9485d081605d4854bc7425fede65ba90 59b95180f6ac47f9b81ebeea0a229261 - - f65d03401fe643fba374468d1db27df7 f65d03401fe643fba374468d1db27df7] 199.204.45.25 "GET /v2.0/floatingips?fixed_ip_address=10.100.0.4&port_id=96922372-aba0-4c8b-b8bd-85bf1b060524 HTTP/1.1" status: 200 len: 1059 time: 0.0561407
2026-03-04 02:31:24.852 9 INFO neutron.wsgi [req-26aea565-1b42-4bcc-9c86-0651c81dde86 req-97e28943-e9d0-45da-b1f4-36f118ef114f 9485d081605d4854bc7425fede65ba90 59b95180f6ac47f9b81ebeea0a229261 - - f65d03401fe643fba374468d1db27df7 f65d03401fe643fba374468d1db27df7] 199.204.45.25 "GET /v2.0/subnets?id=91c549f3-cd3a-4691-956d-9ebe2a4692e5 HTTP/1.1" status: 200 len: 865 time: 0.0372858
2026-03-04 02:31:24.901 9 INFO neutron.wsgi [req-26aea565-1b42-4bcc-9c86-0651c81dde86 req-6c5b76c3-5d9c-4fa0-9ae3-3aecafcd5379 9485d081605d4854bc7425fede65ba90 59b95180f6ac47f9b81ebeea0a229261 - - f65d03401fe643fba374468d1db27df7 f65d03401fe643fba374468d1db27df7] 199.204.45.25 "GET /v2.0/ports?network_id=1116f697-a945-46f7-9985-f464793d21a5&device_owner=network%3Adhcp HTTP/1.1" status: 200 len: 210 time: 0.0367763
2026-03-04 02:31:24.992 9 INFO neutron.wsgi [req-26aea565-1b42-4bcc-9c86-0651c81dde86 req-f6f7ce99-5ab7-45ed-b586-2699ab91a96c 9485d081605d4854bc7425fede65ba90 59b95180f6ac47f9b81ebeea0a229261 - - f65d03401fe643fba374468d1db27df7 f65d03401fe643fba374468d1db27df7] 199.204.45.25 "GET /v2.0/networks/1116f697-a945-46f7-9985-f464793d21a5?fields=segments HTTP/1.1" status: 200 len: 212 time: 0.0808530
2026-03-04 02:31:25.069 9 INFO neutron.wsgi [req-26aea565-1b42-4bcc-9c86-0651c81dde86 req-7b0704d5-7a8b-4362-95de-5796c75a6635 9485d081605d4854bc7425fede65ba90 59b95180f6ac47f9b81ebeea0a229261 - - f65d03401fe643fba374468d1db27df7 f65d03401fe643fba374468d1db27df7] 199.204.45.25 "GET /v2.0/networks/1116f697-a945-46f7-9985-f464793d21a5?fields=provider%3Aphysical_network&fields=provider%3Anetwork_type HTTP/1.1" status: 200 len: 277 time: 0.0721080
2026-03-04 02:31:25.655 9 INFO neutron.wsgi [req-951e4475-a623-4bdb-ac72-ace63adeef14 req-f6bbe853-f210-4855-a79e-4a6241b6df80 bd21f80048fc46b4bc9149e1d87183c8 f6e14d398b634f238b51c509d4c39fb3 - - default default] 10.0.0.206 "GET /v2.0/ports?device_id=66632b5b-fa96-4322-bdbb-bd74f6218293 HTTP/1.1" status: 200 len: 1396 time: 0.0883691
2026-03-04 02:31:25.699 9 INFO neutron.wsgi [req-951e4475-a623-4bdb-ac72-ace63adeef14 req-95780010-9c85-4421-87cb-c32477d0470b bd21f80048fc46b4bc9149e1d87183c8 f6e14d398b634f238b51c509d4c39fb3 - - default default] 10.0.0.206 "GET /v2.0/security-groups?id=304a992b-2fa1-404d-8866-820c21b55f82&fields=id&fields=name HTTP/1.1" status: 200 len: 311 time: 0.0379939
2026-03-04 02:31:25.781 9 INFO neutron.wsgi [None req-a52f4fc5-f407-4fca-ad2c-7b02a7a23c3b bd21f80048fc46b4bc9149e1d87183c8 f6e14d398b634f238b51c509d4c39fb3 - - default default] 10.0.0.194 "GET /v2.0/ports?network_id=cca2f342-f0ff-495d-8c7e-5b5784da7520&mac_address=fa%3A16%3A3e%3A18%3A3f%3A8f HTTP/1.1" status: 200 len: 1391 time: 0.0563128
2026-03-04 02:31:25.790 9 WARNING neutron_lib.context [None req-ab324314-9053-459b-88b2-3cb7801fa603 bd21f80048fc46b4bc9149e1d87183c8 f6e14d398b634f238b51c509d4c39fb3 - - default default] Method 'is_advsvc' is deprecated since 2023.2 release (neutron-lib 3.8.0) and will be removed once support for the old RBAC API policies will be removed from Neutron. Please use method 'is_service_role' instead.
2026-03-04 02:31:26.030 9 WARNING neutron.scheduler.dhcp_agent_scheduler [None req-ab324314-9053-459b-88b2-3cb7801fa603 bd21f80048fc46b4bc9149e1d87183c8 f6e14d398b634f238b51c509d4c39fb3 - - default default] No more DHCP agents
2026-03-04 02:31:26.032 9 WARNING neutron.api.rpc.agentnotifiers.dhcp_rpc_agent_api [None req-ab324314-9053-459b-88b2-3cb7801fa603 bd21f80048fc46b4bc9149e1d87183c8 f6e14d398b634f238b51c509d4c39fb3 - - default default] Unable to schedule network 4a176bc8-0d88-4a3e-98a0-1b103558335e: no agents available; will retry on subsequent port and subnet creation events.
2026-03-04 02:31:26.066 9 WARNING neutron_lib.context [None req-9ecac861-3d9c-4c47-8629-310a409f68f4 267b53e3ddb84ff2ac7e6e594cbc97f5 8d678ceb66994814bd6e5c7d05232355 - - default default] Method 'is_advsvc' is deprecated since 2023.2 release (neutron-lib 3.8.0) and will be removed once support for the old RBAC API policies will be removed from Neutron. Please use method 'is_service_role' instead.
2026-03-04 02:31:26.271 9 INFO neutron.wsgi [-] 10.0.0.223 "GET / HTTP/1.1" status: 200 len: 247 time: 0.0015690
2026-03-04 02:31:26.275 10 INFO neutron.wsgi [-] 10.0.0.223 "GET / HTTP/1.1" status: 200 len: 247 time: 0.0048449
2026-03-04 02:31:26.283 9 INFO neutron.db.ovn_revision_numbers_db [None req-9ecac861-3d9c-4c47-8629-310a409f68f4 267b53e3ddb84ff2ac7e6e594cbc97f5 8d678ceb66994814bd6e5c7d05232355 - - default default] Successfully bumped revision number for resource 9e271467-61d4-4bc1-8b08-012965bd347a (type: security_groups) to 1
2026-03-04 02:31:26.309 9 INFO neutron.db.ovn_revision_numbers_db [None req-9ecac861-3d9c-4c47-8629-310a409f68f4 267b53e3ddb84ff2ac7e6e594cbc97f5 8d678ceb66994814bd6e5c7d05232355 - - default default] Successfully bumped revision number for resource 0daedc83-095a-4116-9e51-409afc45c942 (type: security_group_rules) to 0
2026-03-04 02:31:26.340 9 INFO neutron.db.ovn_revision_numbers_db [None req-9ecac861-3d9c-4c47-8629-310a409f68f4 267b53e3ddb84ff2ac7e6e594cbc97f5 8d678ceb66994814bd6e5c7d05232355 - - default default] Successfully bumped revision number for resource 73fa0454-b136-4ca5-bbae-5ddd74cb52ef (type: security_group_rules) to 0
2026-03-04 02:31:26.360 9 INFO neutron.db.ovn_revision_numbers_db [None req-9ecac861-3d9c-4c47-8629-310a409f68f4 267b53e3ddb84ff2ac7e6e594cbc97f5 8d678ceb66994814bd6e5c7d05232355 - - default default] Successfully bumped revision number for resource a2661a82-168b-40b1-b44a-dbe6d82de8f0 (type: security_group_rules) to 0
2026-03-04 02:31:26.380 9 INFO neutron.db.ovn_revision_numbers_db [None req-9ecac861-3d9c-4c47-8629-310a409f68f4 267b53e3ddb84ff2ac7e6e594cbc97f5 8d678ceb66994814bd6e5c7d05232355 - - default default] Successfully bumped revision number for resource e44c8f28-a306-4301-8cb3-7b24b8b54050 (type: security_group_rules) to 0
2026-03-04 02:31:26.503 9 INFO neutron.db.ovn_revision_numbers_db [None req-9ecac861-3d9c-4c47-8629-310a409f68f4 267b53e3ddb84ff2ac7e6e594cbc97f5 8d678ceb66994814bd6e5c7d05232355 - - default default] Successfully bumped revision number for resource fcd28d14-796f-4a67-a612-7d047cbdfe55 (type: security_groups) to 1
2026-03-04 02:31:26.523 9 INFO neutron.db.ovn_revision_numbers_db [None req-9ecac861-3d9c-4c47-8629-310a409f68f4 267b53e3ddb84ff2ac7e6e594cbc97f5 8d678ceb66994814bd6e5c7d05232355 - - default default] Successfully bumped revision number for resource 36eb9a7b-ab35-479e-9147-caf8ca967912 (type: security_group_rules) to 0
2026-03-04 02:31:26.556 9 INFO neutron.db.ovn_revision_numbers_db [None req-9ecac861-3d9c-4c47-8629-310a409f68f4 267b53e3ddb84ff2ac7e6e594cbc97f5 8d678ceb66994814bd6e5c7d05232355 - - default default] Successfully bumped revision number for resource 5b77599e-e1d9-4c59-96a5-f6fd76b3cacb (type: security_group_rules) to 0
2026-03-04 02:31:26.585 9 INFO neutron.wsgi [None req-9ecac861-3d9c-4c47-8629-310a409f68f4 267b53e3ddb84ff2ac7e6e594cbc97f5 8d678ceb66994814bd6e5c7d05232355 - - default default] 10.0.0.194 "POST /v2.0/security-groups HTTP/1.1" status: 201 len: 1801 time: 0.6717563
2026-03-04 02:31:26.651 9 INFO neutron.wsgi [None req-d6b658b6-076c-40de-b00a-fd6e99b89aba 267b53e3ddb84ff2ac7e6e594cbc97f5 8d678ceb66994814bd6e5c7d05232355 - - default default] 10.0.0.194 "PUT /v2.0/security-groups/fcd28d14-796f-4a67-a612-7d047cbdfe55/tags HTTP/1.1" status: 200 len: 218 time: 0.0606678 /var/lib/openstack/lib/python3.10/site-packages/pycadf/identifier.py:71: UserWarning: Invalid uuid: neutron. To ensure interoperability, identifiers should be a valid uuid. warnings.warn(('Invalid uuid: %s. To ensure interoperability, '
2026-03-04 02:31:26.696 10 INFO neutron.wsgi [None req-58c29ce0-7002-44df-b998-32f493f9e785 267b53e3ddb84ff2ac7e6e594cbc97f5 8d678ceb66994814bd6e5c7d05232355 - - default default] 10.0.0.194 "GET /v2.0/security-groups/fcd28d14-796f-4a67-a612-7d047cbdfe55/tags HTTP/1.1" status: 200 len: 218 time: 0.0363734
2026-03-04 02:31:26.764 9 INFO neutron.wsgi [None req-91531476-ad7b-4356-9c9d-b7a24fad705f 267b53e3ddb84ff2ac7e6e594cbc97f5 8d678ceb66994814bd6e5c7d05232355 - - default default] 10.0.0.194 "PUT /v2.0/security-groups/fcd28d14-796f-4a67-a612-7d047cbdfe55/tags/green HTTP/1.1" status: 201 len: 201 time: 0.0624390
2026-03-04 02:31:26.809 10 INFO neutron.wsgi [None req-38669d2f-1302-4fdc-8581-deed460be049 267b53e3ddb84ff2ac7e6e594cbc97f5 8d678ceb66994814bd6e5c7d05232355 - - default default] 10.0.0.194 "GET /v2.0/security-groups/fcd28d14-796f-4a67-a612-7d047cbdfe55/tags HTTP/1.1" status: 200 len: 227 time: 0.0384414
2026-03-04 02:31:26.847 10 INFO neutron.wsgi [None req-98f21875-b4a9-41ec-932d-358e4f79dd2f 267b53e3ddb84ff2ac7e6e594cbc97f5 8d678ceb66994814bd6e5c7d05232355 - - default default] 10.0.0.194 "PUT /v2.0/security-groups/fcd28d14-796f-4a67-a612-7d047cbdfe55/tags/red HTTP/1.1" status: 201 len: 201 time: 0.0309935
2026-03-04 02:31:26.848 9 INFO neutron.db.ovn_revision_numbers_db [None req-ab324314-9053-459b-88b2-3cb7801fa603 bd21f80048fc46b4bc9149e1d87183c8 f6e14d398b634f238b51c509d4c39fb3 - - default default] Successfully bumped revision number for resource c5ddcf2f-2e41-4c45-9c6e-462c310af32a (type: floatingips) to -1 /var/lib/openstack/lib/python3.10/site-packages/pycadf/identifier.py:71: UserWarning: Invalid uuid: neutron. To ensure interoperability, identifiers should be a valid uuid. warnings.warn(('Invalid uuid: %s. To ensure interoperability, '
2026-03-04 02:31:26.897 9 INFO neutron.wsgi [None req-db2285a6-2e32-418c-8fe7-e0df8bdcd298 267b53e3ddb84ff2ac7e6e594cbc97f5 8d678ceb66994814bd6e5c7d05232355 - - default default] 10.0.0.194 "GET /v2.0/security-groups/fcd28d14-796f-4a67-a612-7d047cbdfe55/tags HTTP/1.1" status: 200 len: 227 time: 0.0443006
2026-03-04 02:31:26.957 10 INFO neutron.wsgi [None req-55e85c5c-c78d-4aae-9f88-b9dd57a545da 267b53e3ddb84ff2ac7e6e594cbc97f5 8d678ceb66994814bd6e5c7d05232355 - - default default] 10.0.0.194 "PUT /v2.0/security-groups/fcd28d14-796f-4a67-a612-7d047cbdfe55/tags/black.or.white HTTP/1.1" status: 201 len: 201 time: 0.0542531
2026-03-04 02:31:26.990 10 INFO neutron.wsgi [None req-6cede7a9-48dc-4f65-b9bc-130f6e1213d4 267b53e3ddb84ff2ac7e6e594cbc97f5 8d678ceb66994814bd6e5c7d05232355 - - default default] 10.0.0.194 "GET /v2.0/security-groups/fcd28d14-796f-4a67-a612-7d047cbdfe55/tags HTTP/1.1" status: 200 len: 245 time: 0.0272338
2026-03-04 02:31:27.002 9 INFO neutron.db.ovn_revision_numbers_db [None req-ab324314-9053-459b-88b2-3cb7801fa603 bd21f80048fc46b4bc9149e1d87183c8 f6e14d398b634f238b51c509d4c39fb3 - - default default] Successfully bumped revision number for resource c5ddcf2f-2e41-4c45-9c6e-462c310af32a (type: floatingips) to 1
2026-03-04 02:31:27.003 9 INFO neutron.db.l3_db [None req-ab324314-9053-459b-88b2-3cb7801fa603 bd21f80048fc46b4bc9149e1d87183c8 f6e14d398b634f238b51c509d4c39fb3 - - default default] Floating IP c5ddcf2f-2e41-4c45-9c6e-462c310af32a associated. External IP: 10.96.250.215, port: e5f92282-e054-4f8b-aeb4-f854832d3dba.
2026-03-04 02:31:27.036 10 INFO neutron.wsgi [None req-5635a936-904f-48cb-94e5-2e0c9b3868a3 267b53e3ddb84ff2ac7e6e594cbc97f5 8d678ceb66994814bd6e5c7d05232355 - - default default] 10.0.0.194 "PUT /v2.0/security-groups/fcd28d14-796f-4a67-a612-7d047cbdfe55/tags HTTP/1.1" status: 200 len: 230 time: 0.0402131
2026-03-04 02:31:27.065 9 INFO neutron.wsgi [None req-ab324314-9053-459b-88b2-3cb7801fa603 bd21f80048fc46b4bc9149e1d87183c8 f6e14d398b634f238b51c509d4c39fb3 - - default default] 10.0.0.194 "POST /v2.0/floatingips HTTP/1.1" status: 201 len: 1053 time: 1.2780092
2026-03-04 02:31:27.068 10 INFO neutron.wsgi [None req-56783c34-ee2e-4ab3-97ad-caf0fbf40df3 267b53e3ddb84ff2ac7e6e594cbc97f5 8d678ceb66994814bd6e5c7d05232355 - - default default] 10.0.0.194 "GET /v2.0/security-groups/fcd28d14-796f-4a67-a612-7d047cbdfe55/tags HTTP/1.1" status: 200 len: 230 time: 0.0273457
2026-03-04 02:31:27.097 10 INFO neutron.wsgi [None req-c06bd763-78a8-490a-b3f3-e2b1a8f6609e 267b53e3ddb84ff2ac7e6e594cbc97f5 8d678ceb66994814bd6e5c7d05232355 - - default default] 10.0.0.194 "GET /v2.0/security-groups/fcd28d14-796f-4a67-a612-7d047cbdfe55/tags/red HTTP/1.1" status: 204 len: 168 time: 0.0232952
