2026-03-04 02:29:26.901 10 INFO neutron.db.ovn_revision_numbers_db [None req-4672832d-f4b4-4fde-8174-94ad58ec6dd6 0eaeb9811a0e4e0683b5036e4583a103 8f88e600cf3449f8a080511d31fa8f58 - - default default] Successfully bumped revision number for resource 9c5a4490-a3b5-43e3-aca0-2f325d794852 (type: security_group_rules) to 0
2026-03-04 02:29:26.948 10 INFO neutron.db.ovn_revision_numbers_db [None req-4672832d-f4b4-4fde-8174-94ad58ec6dd6 0eaeb9811a0e4e0683b5036e4583a103 8f88e600cf3449f8a080511d31fa8f58 - - default default] Successfully bumped revision number for resource f43f41ef-1edd-40d8-af90-ffeb1d6adc73 (type: security_group_rules) to 0
2026-03-04 02:29:26.971 10 INFO neutron.wsgi [None req-4672832d-f4b4-4fde-8174-94ad58ec6dd6 0eaeb9811a0e4e0683b5036e4583a103 8f88e600cf3449f8a080511d31fa8f58 - - default default] 10.0.0.194 "GET /v2.0/security-groups?tenant_id=1c6a019913e14c13a124f1c094ab4e76&name=default HTTP/1.1" status: 200 len: 3120 time: 0.4641418
2026-03-04 02:29:27.187 10 INFO neutron.wsgi [None req-fc5a58a7-954c-4d70-a4cf-28460004aa18 f764cb98fbc14b22a4385fbda58872d3 81dca49d9af146ea908521053a3518f5 - - default default] 10.0.0.194 "DELETE /v2.0/routers/143fda3b-f8f1-44b0-a977-4ac1b12f76f7 HTTP/1.1" status: 204 len: 168 time: 0.2840214
2026-03-04 02:29:27.291 10 INFO neutron.wsgi [None req-bc0f6e14-97cc-47fd-b16f-3901ec31006a 0eaeb9811a0e4e0683b5036e4583a103 8f88e600cf3449f8a080511d31fa8f58 - - default default] 10.0.0.194 "DELETE /v2.0/security-groups/eb7050a0-c687-4bb8-9094-4117e61e2cf2 HTTP/1.1" status: 204 len: 168 time: 0.2985866
2026-03-04 02:29:27.385 9 WARNING neutron.scheduler.dhcp_agent_scheduler [None req-ddd9c44e-5929-424a-b11c-5fb526946530 0eaeb9811a0e4e0683b5036e4583a103 8f88e600cf3449f8a080511d31fa8f58 - - default default] No more DHCP agents
2026-03-04 02:29:27.390 9 WARNING neutron.api.rpc.agentnotifiers.dhcp_rpc_agent_api [None req-ddd9c44e-5929-424a-b11c-5fb526946530 0eaeb9811a0e4e0683b5036e4583a103 8f88e600cf3449f8a080511d31fa8f58 - - default default] Unable to schedule network 767fc96e-291d-4195-b1c2-0a3057495fc6: no agents available; will retry on subsequent port and subnet creation events.
2026-03-04 02:29:27.517 9 INFO neutron.wsgi [None req-dc65664a-6326-4264-a863-9ebe3ec99d5e f764cb98fbc14b22a4385fbda58872d3 81dca49d9af146ea908521053a3518f5 - - default default] 10.0.0.194 "DELETE /v2.0/subnets/a586f2ab-7753-4f55-981a-42101f13496d HTTP/1.1" status: 204 len: 168 time: 0.3249187
2026-03-04 02:29:27.522 10 INFO neutron.db.ovn_revision_numbers_db [None req-494602a7-119e-48cd-8b8f-e04f83f29ddf 0eaeb9811a0e4e0683b5036e4583a103 8f88e600cf3449f8a080511d31fa8f58 - - default default] Successfully bumped revision number for resource 6c440fd0-a884-4e7a-b1b3-38cb1b357dbb (type: security_groups) to 1
2026-03-04 02:29:27.524 9 WARNING neutron.scheduler.dhcp_agent_scheduler [None req-ea2557ba-7f15-492b-ad2b-1cf21d007c0a 662fdb4553ed4391a76043e4a0a6b7f5 fd54ccef41bf45639af7b5b76ade7e1d - - default default] No more DHCP agents
2026-03-04 02:29:27.526 9 WARNING neutron.api.rpc.agentnotifiers.dhcp_rpc_agent_api [None req-ea2557ba-7f15-492b-ad2b-1cf21d007c0a 662fdb4553ed4391a76043e4a0a6b7f5 fd54ccef41bf45639af7b5b76ade7e1d - - default default] Unable to schedule network ce365837-7432-4b9a-8bb5-8ea48b9a252b: no agents available; will retry on subsequent port and subnet creation events.
2026-03-04 02:29:27.530 9 INFO neutron.db.ovn_revision_numbers_db [None req-ddd9c44e-5929-424a-b11c-5fb526946530 0eaeb9811a0e4e0683b5036e4583a103 8f88e600cf3449f8a080511d31fa8f58 - - default default] Successfully bumped revision number for resource 3e5944a7-1e95-4047-9ab9-467f423d6549 (type: ports) to 1
2026-03-04 02:29:27.555 10 INFO neutron.db.ovn_revision_numbers_db [None req-494602a7-119e-48cd-8b8f-e04f83f29ddf 0eaeb9811a0e4e0683b5036e4583a103 8f88e600cf3449f8a080511d31fa8f58 - - default default] Successfully bumped revision number for resource 3750f9cd-6d97-4aca-8ca2-42bb9e3af195 (type: security_group_rules) to 0
2026-03-04 02:29:27.562 9 INFO neutron.wsgi [None req-ddd9c44e-5929-424a-b11c-5fb526946530 0eaeb9811a0e4e0683b5036e4583a103 8f88e600cf3449f8a080511d31fa8f58 - - default default] 10.0.0.194 "POST /v2.0/networks HTTP/1.1" status: 201 len: 946 time: 1.5413046
2026-03-04 02:29:27.563 9 INFO neutron.db.ovn_revision_numbers_db [None req-ea2557ba-7f15-492b-ad2b-1cf21d007c0a 662fdb4553ed4391a76043e4a0a6b7f5 fd54ccef41bf45639af7b5b76ade7e1d - - default default] Successfully bumped revision number for resource ae665338-a5f2-4a39-ac80-b0948290492c (type: subnets) to 0
2026-03-04 02:29:27.574 10 INFO neutron.db.ovn_revision_numbers_db [None req-494602a7-119e-48cd-8b8f-e04f83f29ddf 0eaeb9811a0e4e0683b5036e4583a103 8f88e600cf3449f8a080511d31fa8f58 - - default default] Successfully bumped revision number for resource 4319ab88-820c-4f42-b126-2e4226868769 (type: security_group_rules) to 0
2026-03-04 02:29:27.588 9 INFO neutron.wsgi [None req-ea2557ba-7f15-492b-ad2b-1cf21d007c0a 662fdb4553ed4391a76043e4a0a6b7f5 fd54ccef41bf45639af7b5b76ade7e1d - - default default] 10.0.0.194 "POST /v2.0/subnets HTTP/1.1" status: 201 len: 802 time: 0.7067075
2026-03-04 02:29:27.600 9 WARNING neutron_lib.context [None req-11841a15-c47a-4b27-be48-0d2581482172 662fdb4553ed4391a76043e4a0a6b7f5 fd54ccef41bf45639af7b5b76ade7e1d - - default default] Method 'is_advsvc' is deprecated since 2023.2 release (neutron-lib 3.8.0) and will be removed once support for the old RBAC API policies will be removed from Neutron. Please use method 'is_service_role' instead.
2026-03-04 02:29:27.601 10 INFO neutron.db.ovn_revision_numbers_db [None req-494602a7-119e-48cd-8b8f-e04f83f29ddf 0eaeb9811a0e4e0683b5036e4583a103 8f88e600cf3449f8a080511d31fa8f58 - - default default] Successfully bumped revision number for resource 943017b8-0e9e-4ea1-a5fa-37161ad66bfa (type: security_group_rules) to 0
2026-03-04 02:29:27.626 10 INFO neutron.db.ovn_revision_numbers_db [None req-494602a7-119e-48cd-8b8f-e04f83f29ddf 0eaeb9811a0e4e0683b5036e4583a103 8f88e600cf3449f8a080511d31fa8f58 - - default default] Successfully bumped revision number for resource eaceae27-54de-4121-92ae-7be310b70782 (type: security_group_rules) to 0
2026-03-04 02:29:27.662 10 INFO neutron.wsgi [None req-494602a7-119e-48cd-8b8f-e04f83f29ddf 0eaeb9811a0e4e0683b5036e4583a103 8f88e600cf3449f8a080511d31fa8f58 - - default default] 10.0.0.194 "GET /v2.0/security-groups?tenant_id=2c5194cc5538428c837825a167291b60&name=default HTTP/1.1" status: 200 len: 3120 time: 0.2613773
2026-03-04 02:29:27.755 10 INFO neutron.wsgi [None req-475ca5c9-e31e-4e34-b526-8d2edc3b9b79 f764cb98fbc14b22a4385fbda58872d3 81dca49d9af146ea908521053a3518f5 - - default default] 10.0.0.194 "DELETE /v2.0/subnets/7f3b359b-496f-41d7-ab25-755a6d8cd5f3 HTTP/1.1" status: 204 len: 168 time: 0.2297459
2026-03-04 02:29:27.812 9 WARNING neutron.scheduler.dhcp_agent_scheduler [None req-16465a56-2112-420a-88e8-8ae4b2f8c674 0eaeb9811a0e4e0683b5036e4583a103 8f88e600cf3449f8a080511d31fa8f58 - - default default] No more DHCP agents
2026-03-04 02:29:27.816 9 WARNING neutron.api.rpc.agentnotifiers.dhcp_rpc_agent_api [None req-16465a56-2112-420a-88e8-8ae4b2f8c674 0eaeb9811a0e4e0683b5036e4583a103 8f88e600cf3449f8a080511d31fa8f58 - - default default] Unable to schedule network 767fc96e-291d-4195-b1c2-0a3057495fc6: no agents available; will retry on subsequent port and subnet creation events.
2026-03-04 02:29:27.980 10 INFO neutron.wsgi [None req-a016c45c-d6e9-41d8-acc8-192c1e2d7327 0eaeb9811a0e4e0683b5036e4583a103 8f88e600cf3449f8a080511d31fa8f58 - - default default] 10.0.0.194 "DELETE /v2.0/security-groups/6c440fd0-a884-4e7a-b1b3-38cb1b357dbb HTTP/1.1" status: 204 len: 168 time: 0.3114433
2026-03-04 02:29:28.153 10 INFO neutron.services.segments.plugin [-] Segment a737606b-6198-4c7a-a412-459da103df26 resource provider aggregate not found
2026-03-04 02:29:28.157 10 INFO neutron.services.segments.plugin [-] Segment a737606b-6198-4c7a-a412-459da103df26 resource provider aggregate not found
2026-03-04 02:29:28.173 10 INFO neutron.services.segments.plugin [-] Segment a737606b-6198-4c7a-a412-459da103df26 resource provider not found; error: Placement Client Error (4xx): {"errors": [{"status": 404, "title": "Not Found", "detail": "The resource could not be found.\n\n No resource provider with uuid a737606b-6198-4c7a-a412-459da103df26 found for delete ", "request_id": "req-9984c281-bd15-41c3-84cf-e9186551697a"}]}
2026-03-04 02:29:28.174 10 INFO neutron.services.segments.plugin [-] Segment a737606b-6198-4c7a-a412-459da103df26 resource provider not found; error: Placement Client Error (4xx): {"errors": [{"status": 404, "title": "Not Found", "detail": "The resource could not be found.\n\n No resource provider with uuid a737606b-6198-4c7a-a412-459da103df26 found for delete ", "request_id": "req-33370b71-8d6c-48e8-852c-c599b67b13f5"}]}
2026-03-04 02:29:28.185 9 WARNING neutron.scheduler.dhcp_agent_scheduler [None req-11841a15-c47a-4b27-be48-0d2581482172 662fdb4553ed4391a76043e4a0a6b7f5 fd54ccef41bf45639af7b5b76ade7e1d - - default default] No more DHCP agents
2026-03-04 02:29:28.191 9 WARNING neutron.api.rpc.agentnotifiers.dhcp_rpc_agent_api [None req-11841a15-c47a-4b27-be48-0d2581482172 662fdb4553ed4391a76043e4a0a6b7f5 fd54ccef41bf45639af7b5b76ade7e1d - - default default] Unable to schedule network 4a176bc8-0d88-4a3e-98a0-1b103558335e: no agents available; will retry on subsequent port and subnet creation events.
2026-03-04 02:29:28.211 10 INFO neutron.wsgi [None req-13acdf30-ef43-470f-abea-ec6d3eed7f1f f764cb98fbc14b22a4385fbda58872d3 81dca49d9af146ea908521053a3518f5 - - default default] 10.0.0.194 "DELETE /v2.0/networks/83730cf8-73c5-4c4f-9eb0-fdf2503918e2 HTTP/1.1" status: 204 len: 168 time: 0.4503772
2026-03-04 02:29:28.377 9 INFO neutron.db.ovn_revision_numbers_db [None req-11841a15-c47a-4b27-be48-0d2581482172 662fdb4553ed4391a76043e4a0a6b7f5 fd54ccef41bf45639af7b5b76ade7e1d - - default default] Successfully bumped revision number for resource 58418baf-6c69-49f3-8309-1d51d259eb03 (type: ports) to 1
2026-03-04 02:29:28.469 9 INFO neutron.db.ovn_revision_numbers_db [None req-16465a56-2112-420a-88e8-8ae4b2f8c674 0eaeb9811a0e4e0683b5036e4583a103 8f88e600cf3449f8a080511d31fa8f58 - - default default] Successfully bumped revision number for resource 3e5944a7-1e95-4047-9ab9-467f423d6549 (type: ports) to 2
2026-03-04 02:29:28.539 9 INFO neutron.db.ovn_revision_numbers_db [None req-16465a56-2112-420a-88e8-8ae4b2f8c674 0eaeb9811a0e4e0683b5036e4583a103 8f88e600cf3449f8a080511d31fa8f58 - - default default] Successfully bumped revision number for resource a2cca127-8700-4cbd-aac7-2c5fe08d8a7d (type: subnets) to 0
2026-03-04 02:29:28.567 9 INFO neutron.wsgi [None req-16465a56-2112-420a-88e8-8ae4b2f8c674 0eaeb9811a0e4e0683b5036e4583a103 8f88e600cf3449f8a080511d31fa8f58 - - default default] 10.0.0.194 "POST /v2.0/subnets HTTP/1.1" status: 201 len: 866 time: 1.0012527
2026-03-04 02:29:28.599 10 INFO neutron.wsgi [None req-c709ae8f-b36f-46c9-bf64-d5de32746f33 f764cb98fbc14b22a4385fbda58872d3 81dca49d9af146ea908521053a3518f5 - - default default] 10.0.0.194 "DELETE /v2.0/networks/5dba0813-210f-4a39-bf5f-e057cac524f9 HTTP/1.1" status: 204 len: 168 time: 0.3828695
2026-03-04 02:29:28.613 9 WARNING neutron_lib.context [None req-c90ba394-48d0-412b-a0ea-57d9d217fd44 f764cb98fbc14b22a4385fbda58872d3 81dca49d9af146ea908521053a3518f5 - - default default] Method 'is_advsvc' is deprecated since 2023.2 release (neutron-lib 3.8.0) and will be removed once support for the old RBAC API policies will be removed from Neutron. Please use method 'is_service_role' instead.
2026-03-04 02:29:28.799 9 INFO neutron.db.segments_db [None req-c90ba394-48d0-412b-a0ea-57d9d217fd44 f764cb98fbc14b22a4385fbda58872d3 81dca49d9af146ea908521053a3518f5 - - default default] Added segment 00278585-2543-4d35-b79a-36733f49b020 of type geneve for network f67f1f27-d007-4686-9af6-6baa62bd2bbb
2026-03-04 02:29:29.045 9 INFO neutron.db.ovn_revision_numbers_db [None req-c90ba394-48d0-412b-a0ea-57d9d217fd44 f764cb98fbc14b22a4385fbda58872d3 81dca49d9af146ea908521053a3518f5 - - default default] Successfully bumped revision number for resource f67f1f27-d007-4686-9af6-6baa62bd2bbb (type: networks) to 1
2026-03-04 02:29:29.083 10 WARNING neutron.scheduler.dhcp_agent_scheduler [None req-efb8da04-72fd-4582-b0ba-b024561add5d 0eaeb9811a0e4e0683b5036e4583a103 8f88e600cf3449f8a080511d31fa8f58 - - default default] No more DHCP agents
2026-03-04 02:29:29.085 10 WARNING neutron.api.rpc.agentnotifiers.dhcp_rpc_agent_api [None req-efb8da04-72fd-4582-b0ba-b024561add5d 0eaeb9811a0e4e0683b5036e4583a103 8f88e600cf3449f8a080511d31fa8f58 - - default default] Unable to schedule network 4a176bc8-0d88-4a3e-98a0-1b103558335e: no agents available; will retry on subsequent port and subnet creation events.
2026-03-04 02:29:29.252 10 INFO neutron.db.ovn_revision_numbers_db [None req-efb8da04-72fd-4582-b0ba-b024561add5d 0eaeb9811a0e4e0683b5036e4583a103 8f88e600cf3449f8a080511d31fa8f58 - - default default] Successfully bumped revision number for resource 5c38c01c-f91f-4414-b8c1-f766c10ab9c1 (type: ports) to 1
2026-03-04 02:29:29.570 9 WARNING neutron.scheduler.dhcp_agent_scheduler [None req-c90ba394-48d0-412b-a0ea-57d9d217fd44 f764cb98fbc14b22a4385fbda58872d3 81dca49d9af146ea908521053a3518f5 - - default default] No more DHCP agents
2026-03-04 02:29:29.573 9 WARNING neutron.api.rpc.agentnotifiers.dhcp_rpc_agent_api [None req-c90ba394-48d0-412b-a0ea-57d9d217fd44 f764cb98fbc14b22a4385fbda58872d3 81dca49d9af146ea908521053a3518f5 - - default default] Unable to schedule network f67f1f27-d007-4686-9af6-6baa62bd2bbb: no agents available; will retry on subsequent port and subnet creation events.
2026-03-04 02:29:29.678 9 INFO neutron.db.ovn_revision_numbers_db [None req-c90ba394-48d0-412b-a0ea-57d9d217fd44 f764cb98fbc14b22a4385fbda58872d3 81dca49d9af146ea908521053a3518f5 - - default default] Successfully bumped revision number for resource efb2106c-ed4d-424f-a0eb-f25bc89cb094 (type: ports) to 1
2026-03-04 02:29:29.706 9 INFO neutron.plugins.ml2.drivers.ovn.mech_driver.ovsdb.commands [None req-29427335-6741-45d2-9184-e39fb355baf2 - - - - - -] Schedule LRP lrp-58418baf-6c69-49f3-8309-1d51d259eb03 on gateway c71abeac-da05-4f35-97fb-16479a098fd8 with priority 1
2026-03-04 02:29:29.714 9 INFO neutron.wsgi [None req-c90ba394-48d0-412b-a0ea-57d9d217fd44 f764cb98fbc14b22a4385fbda58872d3 81dca49d9af146ea908521053a3518f5 - - default default] 10.0.0.194 "POST /v2.0/networks HTTP/1.1" status: 201 len: 833 time: 1.1068499
2026-03-04 02:29:29.731 10 WARNING neutron_lib.context [None req-8e1128ee-c0d2-4751-a025-3d127283dfe7 f764cb98fbc14b22a4385fbda58872d3 81dca49d9af146ea908521053a3518f5 - - default default] Method 'is_advsvc' is deprecated since 2023.2 release (neutron-lib 3.8.0) and will be removed once support for the old RBAC API policies will be removed from Neutron. Please use method 'is_service_role' instead.
2026-03-04 02:29:29.755 9 INFO neutron.db.ovn_revision_numbers_db [None req-11841a15-c47a-4b27-be48-0d2581482172 662fdb4553ed4391a76043e4a0a6b7f5 fd54ccef41bf45639af7b5b76ade7e1d - - default default] Successfully bumped revision number for resource 58418baf-6c69-49f3-8309-1d51d259eb03 (type: router_ports) to 1
2026-03-04 02:29:29.825 9 INFO neutron.db.ovn_revision_numbers_db [None req-11841a15-c47a-4b27-be48-0d2581482172 662fdb4553ed4391a76043e4a0a6b7f5 fd54ccef41bf45639af7b5b76ade7e1d - - default default] Successfully bumped revision number for resource df3ac736-bd66-48cd-9a3f-8048b96a5ecf (type: routers) to 2
2026-03-04 02:29:29.852 9 INFO neutron.wsgi [None req-11841a15-c47a-4b27-be48-0d2581482172 662fdb4553ed4391a76043e4a0a6b7f5 fd54ccef41bf45639af7b5b76ade7e1d - - default default] 10.0.0.194 "POST /v2.0/routers HTTP/1.1" status: 201 len: 1154 time: 2.2587314
2026-03-04 02:29:29.953 9 WARNING neutron.plugins.ml2.drivers.ovn.mech_driver.ovsdb.ovn_client [None req-3865a772-688b-4849-821e-ed6a72bb218c - - - - - -] No port found with ID 0824ddc8-8350-4c1b-9f46-d4ad24f5b600: RuntimeError: No port found with ID 0824ddc8-8350-4c1b-9f46-d4ad24f5b600
2026-03-04 02:29:29.954 9 INFO neutron.plugins.ml2.drivers.ovn.mech_driver.mech_driver [None req-3865a772-688b-4849-821e-ed6a72bb218c - - - - - -] OVN reports status up for port: 58418baf-6c69-49f3-8309-1d51d259eb03
2026-03-04 02:29:29.963 9 INFO neutron.plugins.ml2.plugin [None req-3865a772-688b-4849-821e-ed6a72bb218c - - - - - -] Attempt 1 to provision port 58418baf-6c69-49f3-8309-1d51d259eb03
2026-03-04 02:29:30.203 10 INFO neutron.services.segments.plugin [-] Segment b330cab5-30d9-4a53-948e-626a80f8b922 resource provider aggregate not found
2026-03-04 02:29:30.210 10 INFO neutron.services.segments.plugin [-] Segment b330cab5-30d9-4a53-948e-626a80f8b922 resource provider aggregate not found
2026-03-04 02:29:30.236 10 INFO neutron.services.segments.plugin [-] Segment b330cab5-30d9-4a53-948e-626a80f8b922 resource provider not found; error: Placement Client Error (4xx): {"errors": [{"status": 404, "title": "Not Found", "detail": "The resource could not be found.\n\n No resource provider with uuid b330cab5-30d9-4a53-948e-626a80f8b922 found for delete ", "request_id": "req-bad90688-b825-4ffe-87b6-7d29d3985e6f"}]}
2026-03-04 02:29:30.238 10 INFO neutron.services.segments.plugin [-] Segment b330cab5-30d9-4a53-948e-626a80f8b922 resource provider not found; error: Placement Client Error (4xx): {"errors": [{"status": 404, "title": "Not Found", "detail": "The resource could not be found.\n\n No resource provider with uuid b330cab5-30d9-4a53-948e-626a80f8b922 found for delete ", "request_id": "req-62920202-69fe-40dd-ad32-32271e234377"}]}
2026-03-04 02:29:30.302 10 INFO neutron.plugins.ml2.drivers.ovn.mech_driver.ovsdb.commands [None req-771a3c9f-0929-45e8-aa30-583fcfbfe799 - - - - - -] Schedule LRP lrp-5c38c01c-f91f-4414-b8c1-f766c10ab9c1 on gateway c71abeac-da05-4f35-97fb-16479a098fd8 with priority 1
2026-03-04 02:29:30.325 10 INFO neutron.plugins.ml2.drivers.ovn.mech_driver.mech_driver [None req-46bc045e-989f-44d3-8aca-06a9b661dce8 - - - - - -] OVN reports status up for port: 5c38c01c-f91f-4414-b8c1-f766c10ab9c1
2026-03-04 02:29:30.326 9 INFO neutron.plugins.ml2.drivers.ovn.mech_driver.ovsdb.ovsdb_monitor [None req-7ced8c6a-38b2-403f-8e8e-0854003e3fd1 - - - - - -] Router 74bb5927-1dd1-4a23-bbbd-9753cc65f0bc is bound to host instance
2026-03-04 02:29:30.344 10 WARNING neutron.scheduler.dhcp_agent_scheduler [None req-8e1128ee-c0d2-4751-a025-3d127283dfe7 f764cb98fbc14b22a4385fbda58872d3 81dca49d9af146ea908521053a3518f5 - - default default] No more DHCP agents
2026-03-04 02:29:30.349 10 WARNING neutron.api.rpc.agentnotifiers.dhcp_rpc_agent_api [None req-8e1128ee-c0d2-4751-a025-3d127283dfe7 f764cb98fbc14b22a4385fbda58872d3 81dca49d9af146ea908521053a3518f5 - - default default] Unable to schedule network f67f1f27-d007-4686-9af6-6baa62bd2bbb: no agents available; will retry on subsequent port and subnet creation events.
2026-03-04 02:29:30.356 10 INFO neutron.plugins.ml2.plugin [None req-46bc045e-989f-44d3-8aca-06a9b661dce8 - - - - - -] Attempt 1 to provision port 5c38c01c-f91f-4414-b8c1-f766c10ab9c1
2026-03-04 02:29:30.397 10 INFO neutron.db.ovn_revision_numbers_db [None req-efb8da04-72fd-4582-b0ba-b024561add5d 0eaeb9811a0e4e0683b5036e4583a103 8f88e600cf3449f8a080511d31fa8f58 - - default default] Successfully bumped revision number for resource 5c38c01c-f91f-4414-b8c1-f766c10ab9c1 (type: router_ports) to 1
2026-03-04 02:29:30.429 10 INFO neutron.db.ovn_revision_numbers_db [None req-8e1128ee-c0d2-4751-a025-3d127283dfe7 f764cb98fbc14b22a4385fbda58872d3 81dca49d9af146ea908521053a3518f5 - - default default] Successfully bumped revision number for resource ef2d64b7-34d0-41fe-8558-d5db871d7c5e (type: subnets) to 0
2026-03-04 02:29:30.470 10 INFO neutron.wsgi [None req-8e1128ee-c0d2-4751-a025-3d127283dfe7 f764cb98fbc14b22a4385fbda58872d3 81dca49d9af146ea908521053a3518f5 - - default default] 10.0.0.194 "POST /v2.0/subnets HTTP/1.1" status: 201 len: 821 time: 0.7432363
2026-03-04 02:29:30.481 9 WARNING neutron_lib.context [None req-cdb4364c-6dce-4882-b5c8-6ce855b74d81 f764cb98fbc14b22a4385fbda58872d3 81dca49d9af146ea908521053a3518f5 - - default default] Method 'is_advsvc' is deprecated since 2023.2 release (neutron-lib 3.8.0) and will be removed once support for the old RBAC API policies will be removed from Neutron. Please use method 'is_service_role' instead.
2026-03-04 02:29:30.519 10 INFO neutron.db.ovn_revision_numbers_db [None req-efb8da04-72fd-4582-b0ba-b024561add5d 0eaeb9811a0e4e0683b5036e4583a103 8f88e600cf3449f8a080511d31fa8f58 - - default default] Successfully bumped revision number for resource 74bb5927-1dd1-4a23-bbbd-9753cc65f0bc (type: routers) to 2
2026-03-04 02:29:30.540 10 INFO neutron.wsgi [None req-efb8da04-72fd-4582-b0ba-b024561add5d 0eaeb9811a0e4e0683b5036e4583a103 8f88e600cf3449f8a080511d31fa8f58 - - default default] 10.0.0.194 "POST /v2.0/routers HTTP/1.1" status: 201 len: 1168 time: 1.9669278
2026-03-04 02:29:30.688 9 INFO neutron.db.ovn_revision_numbers_db [None req-cdb4364c-6dce-4882-b5c8-6ce855b74d81 f764cb98fbc14b22a4385fbda58872d3 81dca49d9af146ea908521053a3518f5 - - default default] Successfully bumped revision number for resource 8529694d-a8e7-4459-a883-f7e1879334d8 (type: routers) to 1
2026-03-04 02:29:30.716 9 INFO neutron.wsgi [None req-cdb4364c-6dce-4882-b5c8-6ce855b74d81 f764cb98fbc14b22a4385fbda58872d3 81dca49d9af146ea908521053a3518f5 - - default default] 10.0.0.194 "POST /v2.0/routers HTTP/1.1" status: 201 len: 806 time: 0.2393939
2026-03-04 02:29:30.729 10 WARNING neutron_lib.context [None req-4510ec73-45a9-4e72-90f5-c4be5573b36a f764cb98fbc14b22a4385fbda58872d3 81dca49d9af146ea908521053a3518f5 - - default default] Method 'is_advsvc' is deprecated since 2023.2 release (neutron-lib 3.8.0) and will be removed once support for the old RBAC API policies will be removed from Neutron. Please use method 'is_service_role' instead.
2026-03-04 02:29:30.898 9 INFO neutron.db.ovn_revision_numbers_db [None req-4489e3f1-9046-4e4a-a6e6-fe05f51dce71 0eaeb9811a0e4e0683b5036e4583a103 8f88e600cf3449f8a080511d31fa8f58 - - default default] Successfully bumped revision number for resource c987e976-3e9b-4cf0-93aa-a67deeefca6f (type: security_groups) to 1
2026-03-04 02:29:30.952 10 WARNING neutron.scheduler.dhcp_agent_scheduler [None req-d282d972-d28a-460d-a0ba-1cb633a59459 662fdb4553ed4391a76043e4a0a6b7f5 fd54ccef41bf45639af7b5b76ade7e1d - - default default] No more DHCP agents
2026-03-04 02:29:30.955 10 WARNING neutron.api.rpc.agentnotifiers.dhcp_rpc_agent_api [None req-d282d972-d28a-460d-a0ba-1cb633a59459 662fdb4553ed4391a76043e4a0a6b7f5 fd54ccef41bf45639af7b5b76ade7e1d - - default default] Unable to schedule network ce365837-7432-4b9a-8bb5-8ea48b9a252b: no agents available; will retry on subsequent port and subnet creation events.
2026-03-04 02:29:30.966 9 INFO neutron.db.ovn_revision_numbers_db [None req-4489e3f1-9046-4e4a-a6e6-fe05f51dce71 0eaeb9811a0e4e0683b5036e4583a103 8f88e600cf3449f8a080511d31fa8f58 - - default default] Successfully bumped revision number for resource 3750d967-5ac3-4eff-8da4-0c98ecb95d63 (type: security_group_rules) to 0
2026-03-04 02:29:30.999 9 INFO neutron.db.ovn_revision_numbers_db [None req-4489e3f1-9046-4e4a-a6e6-fe05f51dce71 0eaeb9811a0e4e0683b5036e4583a103 8f88e600cf3449f8a080511d31fa8f58 - - default default] Successfully bumped revision number for resource a9880342-c944-49c2-a11a-e5a809029400 (type: security_group_rules) to 0
2026-03-04 02:29:31.034 9 INFO neutron.db.ovn_revision_numbers_db [None req-4489e3f1-9046-4e4a-a6e6-fe05f51dce71 0eaeb9811a0e4e0683b5036e4583a103 8f88e600cf3449f8a080511d31fa8f58 - - default default] Successfully bumped revision number for resource d7d9dd69-ad11-4ce6-97a3-db8aaf0ee2f6 (type: security_group_rules) to 0
2026-03-04 02:29:31.052 9 INFO neutron.db.ovn_revision_numbers_db [None req-4489e3f1-9046-4e4a-a6e6-fe05f51dce71 0eaeb9811a0e4e0683b5036e4583a103 8f88e600cf3449f8a080511d31fa8f58 - - default default] Successfully bumped revision number for resource ea3b53ff-2ff2-46be-bd8f-c0c4c2c63f6e (type: security_group_rules) to 0
2026-03-04 02:29:31.088 9 INFO neutron.wsgi [None req-4489e3f1-9046-4e4a-a6e6-fe05f51dce71 0eaeb9811a0e4e0683b5036e4583a103 8f88e600cf3449f8a080511d31fa8f58 - - default default] 10.0.0.194 "GET /v2.0/security-groups?tenant_id=4c6892405d1e45668043e9bba312547b&name=default HTTP/1.1" status: 200 len: 3120 time: 0.6801071
2026-03-04 02:29:31.201 10 WARNING neutron.scheduler.dhcp_agent_scheduler [None req-4510ec73-45a9-4e72-90f5-c4be5573b36a f764cb98fbc14b22a4385fbda58872d3 81dca49d9af146ea908521053a3518f5 - - default default] No more DHCP agents
2026-03-04 02:29:31.202 10 WARNING neutron.api.rpc.agentnotifiers.dhcp_rpc_agent_api [None req-4510ec73-45a9-4e72-90f5-c4be5573b36a f764cb98fbc14b22a4385fbda58872d3 81dca49d9af146ea908521053a3518f5 - - default default] Unable to schedule network f67f1f27-d007-4686-9af6-6baa62bd2bbb: no agents available; will retry on subsequent port and subnet creation events.
2026-03-04 02:29:31.207 10 INFO neutron.db.ovn_revision_numbers_db [None req-d282d972-d28a-460d-a0ba-1cb633a59459 662fdb4553ed4391a76043e4a0a6b7f5 fd54ccef41bf45639af7b5b76ade7e1d - - default default] Successfully bumped revision number for resource 6990cc73-b4d4-4072-9ebc-488e73598fdd (type: ports) to 1
2026-03-04 02:29:31.374 10 INFO neutron.db.ovn_revision_numbers_db [None req-4510ec73-45a9-4e72-90f5-c4be5573b36a f764cb98fbc14b22a4385fbda58872d3 81dca49d9af146ea908521053a3518f5 - - default default] Successfully bumped revision number for resource f2ff6b73-5d6d-4e68-bbf9-453bd35cc90a (type: ports) to 1
2026-03-04 02:29:31.409 10 INFO neutron.wsgi [None req-4510ec73-45a9-4e72-90f5-c4be5573b36a f764cb98fbc14b22a4385fbda58872d3 81dca49d9af146ea908521053a3518f5 - - default default] 10.0.0.194 "POST /v2.0/ports HTTP/1.1" status: 201 len: 1163 time: 0.6841736 /var/lib/openstack/lib/python3.10/site-packages/pycadf/identifier.py:71: UserWarning: Invalid uuid: neutron. To ensure interoperability, identifiers should be a valid uuid. warnings.warn(('Invalid uuid: %s. To ensure interoperability, '
2026-03-04 02:29:31.632 9 WARNING neutron.scheduler.dhcp_agent_scheduler [None req-ca9914fc-7880-4168-a0be-3c34570e5fcf 0eaeb9811a0e4e0683b5036e4583a103 8f88e600cf3449f8a080511d31fa8f58 - - default default] No more DHCP agents
2026-03-04 02:29:31.635 9 WARNING neutron.api.rpc.agentnotifiers.dhcp_rpc_agent_api [None req-ca9914fc-7880-4168-a0be-3c34570e5fcf 0eaeb9811a0e4e0683b5036e4583a103 8f88e600cf3449f8a080511d31fa8f58 - - default default] Unable to schedule network 767fc96e-291d-4195-b1c2-0a3057495fc6: no agents available; will retry on subsequent port and subnet creation events.
2026-03-04 02:29:31.666 9 INFO neutron.db.ovn_revision_numbers_db [None req-7ced8c6a-38b2-403f-8e8e-0854003e3fd1 - - - - - -] Successfully bumped revision number for resource 5c38c01c-f91f-4414-b8c1-f766c10ab9c1 (type: ports) to 1
2026-03-04 02:29:31.732 10 INFO neutron.wsgi [None req-5bc6e114-d186-4759-8f15-0471579ceffe 0eaeb9811a0e4e0683b5036e4583a103 8f88e600cf3449f8a080511d31fa8f58 - - default default] 10.0.0.194 "DELETE /v2.0/security-groups/c987e976-3e9b-4cf0-93aa-a67deeefca6f HTTP/1.1" status: 204 len: 168 time: 0.6372123
2026-03-04 02:29:31.837 9 INFO neutron.db.ovn_revision_numbers_db [None req-ca9914fc-7880-4168-a0be-3c34570e5fcf 0eaeb9811a0e4e0683b5036e4583a103 8f88e600cf3449f8a080511d31fa8f58 - - default default] Successfully bumped revision number for resource 066ed06b-268c-4010-95d6-aa60260c75c6 (type: ports) to 1
2026-03-04 02:29:32.237 9 INFO neutron.db.ovn_revision_numbers_db [None req-7ced8c6a-38b2-403f-8e8e-0854003e3fd1 - - - - - -] Successfully bumped revision number for resource 5c38c01c-f91f-4414-b8c1-f766c10ab9c1 (type: router_ports) to 3
2026-03-04 02:29:32.257 10 ERROR ovsdbapp.backend.ovs_idl.command [None req-520a3490-f86d-48f7-87e4-d23f8a98fc6f f764cb98fbc14b22a4385fbda58872d3 81dca49d9af146ea908521053a3518f5 - - default default] Error executing command (DbGetCommand): ovsdbapp.backend.ovs_idl.idlutils.RowNotFound: Cannot find Logical_Router_Port with name=lrp-f2ff6b73-5d6d-4e68-bbf9-453bd35cc90a
2026-03-04 02:29:32.257 10 ERROR ovsdbapp.backend.ovs_idl.command
Traceback (most recent call last):
2026-03-04 02:29:32.257 10 ERROR ovsdbapp.backend.ovs_idl.command
File "/var/lib/openstack/lib/python3.10/site-packages/ovsdbapp/backend/ovs_idl/command.py", line 47, in execute
2026-03-04 02:29:32.257 10 ERROR ovsdbapp.backend.ovs_idl.command self.run_idl(None)
2026-03-04 02:29:32.257 10 ERROR ovsdbapp.backend.ovs_idl.command
File "/var/lib/openstack/lib/python3.10/site-packages/ovsdbapp/backend/ovs_idl/command.py", line 235, in run_idl
2026-03-04 02:29:32.257 10 ERROR ovsdbapp.backend.ovs_idl.command record = self.api.lookup(self.table, self.record)
2026-03-04 02:29:32.257 10 ERROR ovsdbapp.backend.ovs_idl.command
File "/var/lib/openstack/lib/python3.10/site-packages/ovsdbapp/backend/ovs_idl/__init__.py", line 184, in lookup
2026-03-04 02:29:32.257 10 ERROR ovsdbapp.backend.ovs_idl.command return self._lookup(table, record)
2026-03-04 02:29:32.257 10 ERROR ovsdbapp.backend.ovs_idl.command
File "/var/lib/openstack/lib/python3.10/site-packages/ovsdbapp/backend/ovs_idl/__init__.py", line 235, in _lookup
2026-03-04 02:29:32.257 10 ERROR ovsdbapp.backend.ovs_idl.command row = idlutils.row_by_value(self, rl.table, rl.column, record)
2026-03-04 02:29:32.257 10 ERROR ovsdbapp.backend.ovs_idl.command
File "/var/lib/openstack/lib/python3.10/site-packages/ovsdbapp/backend/ovs_idl/idlutils.py", line 114, in row_by_value
2026-03-04 02:29:32.257 10 ERROR ovsdbapp.backend.ovs_idl.command raise RowNotFound(table=table, col=column, match=match)
2026-03-04 02:29:32.257 10 ERROR ovsdbapp.backend.ovs_idl.command ovsdbapp.backend.ovs_idl.idlutils.RowNotFound: Cannot find Logical_Router_Port with name=lrp-f2ff6b73-5d6d-4e68-bbf9-453bd35cc90a
2026-03-04 02:29:32.257 10 ERROR ovsdbapp.backend.ovs_idl.command 
2026-03-04 02:29:32.258 10 ERROR neutron_lib.callbacks.manager [None req-520a3490-f86d-48f7-87e4-d23f8a98fc6f f764cb98fbc14b22a4385fbda58872d3 81dca49d9af146ea908521053a3518f5 - - default default] Error during notification for neutron.services.ovn_l3.plugin.OVNL3RouterPlugin._port_update-8751242514159 port, after_update: ovsdbapp.backend.ovs_idl.idlutils.RowNotFound: Cannot find Logical_Router_Port with name=lrp-f2ff6b73-5d6d-4e68-bbf9-453bd35cc90a
2026-03-04 02:29:32.258 10 ERROR neutron_lib.callbacks.manager
Traceback (most recent call last):
2026-03-04 02:29:32.258 10 ERROR neutron_lib.callbacks.manager
File "/var/lib/openstack/lib/python3.10/site-packages/neutron_lib/callbacks/manager.py", line 189, in _notify_loop
2026-03-04 02:29:32.258 10 ERROR neutron_lib.callbacks.manager callback.method(resource, event, trigger, payload=payload)
2026-03-04 02:29:32.258 10 ERROR neutron_lib.callbacks.manager
File "/var/lib/openstack/lib/python3.10/site-packages/neutron/services/ovn_l3/plugin.py", line 391, in _port_update
2026-03-04 02:29:32.258 10 ERROR neutron_lib.callbacks.manager l3plugin._ovn_client.update_router_port(context,
2026-03-04 02:29:32.258 10 ERROR neutron_lib.callbacks.manager
File "/var/lib/openstack/lib/python3.10/site-packages/neutron/plugins/ml2/drivers/ovn/mech_driver/ovsdb/ovn_client.py", line 1878, in update_router_port
2026-03-04 02:29:32.258 10 ERROR neutron_lib.callbacks.manager self._update_lrouter_port(context, port, if_exists=if_exists,
2026-03-04 02:29:32.258 10 ERROR neutron_lib.callbacks.manager
File "/var/lib/openstack/lib/python3.10/site-packages/neutron/plugins/ml2/drivers/ovn/mech_driver/ovsdb/ovn_client.py", line 1855, in _update_lrouter_port
2026-03-04 02:29:32.258 10 ERROR neutron_lib.callbacks.manager external_ids = self._nb_idl.db_get(
2026-03-04 02:29:32.258 10 ERROR neutron_lib.callbacks.manager
File "/var/lib/openstack/lib/python3.10/site-packages/ovsdbapp/backend/ovs_idl/command.py", line 47, in execute
2026-03-04 02:29:32.258 10 ERROR neutron_lib.callbacks.manager self.run_idl(None)
2026-03-04 02:29:32.258 10 ERROR neutron_lib.callbacks.manager
File "/var/lib/openstack/lib/python3.10/site-packages/ovsdbapp/backend/ovs_idl/command.py", line 235, in run_idl
2026-03-04 02:29:32.258 10 ERROR neutron_lib.callbacks.manager record = self.api.lookup(self.table, self.record)
2026-03-04 02:29:32.258 10 ERROR neutron_lib.callbacks.manager
File "/var/lib/openstack/lib/python3.10/site-packages/ovsdbapp/backend/ovs_idl/__init__.py", line 184, in lookup
2026-03-04 02:29:32.258 10 ERROR neutron_lib.callbacks.manager return self._lookup(table, record)
2026-03-04 02:29:32.258 10 ERROR neutron_lib.callbacks.manager
File "/var/lib/openstack/lib/python3.10/site-packages/ovsdbapp/backend/ovs_idl/__init__.py", line 235, in _lookup
2026-03-04 02:29:32.258 10 ERROR neutron_lib.callbacks.manager row = idlutils.row_by_value(self, rl.table, rl.column, record)
2026-03-04 02:29:32.258 10 ERROR neutron_lib.callbacks.manager
File "/var/lib/openstack/lib/python3.10/site-packages/ovsdbapp/backend/ovs_idl/idlutils.py", line 114, in row_by_value
2026-03-04 02:29:32.258 10 ERROR neutron_lib.callbacks.manager raise RowNotFound(table=table, col=column, match=match)
2026-03-04 02:29:32.258 10 ERROR neutron_lib.callbacks.manager ovsdbapp.backend.ovs_idl.idlutils.RowNotFound: Cannot find Logical_Router_Port with name=lrp-f2ff6b73-5d6d-4e68-bbf9-453bd35cc90a
2026-03-04 02:29:32.258 10 ERROR neutron_lib.callbacks.manager 
2026-03-04 02:29:32.328 10 ERROR ovsdbapp.backend.ovs_idl.command [None req-d282d972-d28a-460d-a0ba-1cb633a59459 662fdb4553ed4391a76043e4a0a6b7f5 fd54ccef41bf45639af7b5b76ade7e1d - - default default] Error executing command (DbGetCommand): ovsdbapp.backend.ovs_idl.idlutils.RowNotFound: Cannot find Logical_Router_Port with name=lrp-6990cc73-b4d4-4072-9ebc-488e73598fdd
2026-03-04 02:29:32.328 10 ERROR ovsdbapp.backend.ovs_idl.command
Traceback (most recent call last):
2026-03-04 02:29:32.328 10 ERROR ovsdbapp.backend.ovs_idl.command
File "/var/lib/openstack/lib/python3.10/site-packages/ovsdbapp/backend/ovs_idl/command.py", line 47, in execute
2026-03-04 02:29:32.328 10 ERROR ovsdbapp.backend.ovs_idl.command self.run_idl(None)
2026-03-04 02:29:32.328 10 ERROR ovsdbapp.backend.ovs_idl.command
File "/var/lib/openstack/lib/python3.10/site-packages/ovsdbapp/backend/ovs_idl/command.py", line 235, in run_idl
2026-03-04 02:29:32.328 10 ERROR ovsdbapp.backend.ovs_idl.command record = self.api.lookup(self.table, self.record)
2026-03-04 02:29:32.328 10 ERROR ovsdbapp.backend.ovs_idl.command
File "/var/lib/openstack/lib/python3.10/site-packages/ovsdbapp/backend/ovs_idl/__init__.py", line 184, in lookup
2026-03-04 02:29:32.328 10 ERROR ovsdbapp.backend.ovs_idl.command return self._lookup(table, record)
2026-03-04 02:29:32.328 10 ERROR ovsdbapp.backend.ovs_idl.command
File "/var/lib/openstack/lib/python3.10/site-packages/ovsdbapp/backend/ovs_idl/__init__.py", line 235, in _lookup
2026-03-04 02:29:32.328 10 ERROR ovsdbapp.backend.ovs_idl.command row = idlutils.row_by_value(self, rl.table, rl.column, record)
2026-03-04 02:29:32.328 10 ERROR ovsdbapp.backend.ovs_idl.command
File "/var/lib/openstack/lib/python3.10/site-packages/ovsdbapp/backend/ovs_idl/idlutils.py", line 114, in row_by_value
2026-03-04 02:29:32.328 10 ERROR ovsdbapp.backend.ovs_idl.command raise RowNotFound(table=table, col=column, match=match)
2026-03-04 02:29:32.328 10 ERROR ovsdbapp.backend.ovs_idl.command ovsdbapp.backend.ovs_idl.idlutils.RowNotFound: Cannot find Logical_Router_Port with name=lrp-6990cc73-b4d4-4072-9ebc-488e73598fdd
2026-03-04 02:29:32.328 10 ERROR ovsdbapp.backend.ovs_idl.command 
2026-03-04 02:29:32.328 10 ERROR neutron_lib.callbacks.manager [None req-d282d972-d28a-460d-a0ba-1cb633a59459 662fdb4553ed4391a76043e4a0a6b7f5 fd54ccef41bf45639af7b5b76ade7e1d - - default default] Error during notification for neutron.services.ovn_l3.plugin.OVNL3RouterPlugin._port_update-8751242514159 port, after_update: ovsdbapp.backend.ovs_idl.idlutils.RowNotFound: Cannot find Logical_Router_Port with name=lrp-6990cc73-b4d4-4072-9ebc-488e73598fdd
2026-03-04 02:29:32.328 10 ERROR neutron_lib.callbacks.manager
Traceback (most recent call last):
2026-03-04 02:29:32.328 10 ERROR neutron_lib.callbacks.manager
File "/var/lib/openstack/lib/python3.10/site-packages/neutron_lib/callbacks/manager.py", line 189, in _notify_loop
2026-03-04 02:29:32.328 10 ERROR neutron_lib.callbacks.manager callback.method(resource, event, trigger, payload=payload)
2026-03-04 02:29:32.328 10 ERROR neutron_lib.callbacks.manager
File "/var/lib/openstack/lib/python3.10/site-packages/neutron/services/ovn_l3/plugin.py", line 391, in _port_update
2026-03-04 02:29:32.328 10 ERROR neutron_lib.callbacks.manager l3plugin._ovn_client.update_router_port(context,
2026-03-04 02:29:32.328 10 ERROR neutron_lib.callbacks.manager
File "/var/lib/openstack/lib/python3.10/site-packages/neutron/plugins/ml2/drivers/ovn/mech_driver/ovsdb/ovn_client.py", line 1878, in update_router_port
2026-03-04 02:29:32.328 10 ERROR neutron_lib.callbacks.manager self._update_lrouter_port(context, port, if_exists=if_exists,
2026-03-04 02:29:32.328 10 ERROR neutron_lib.callbacks.manager
File "/var/lib/openstack/lib/python3.10/site-packages/neutron/plugins/ml2/drivers/ovn/mech_driver/ovsdb/ovn_client.py", line 1855, in _update_lrouter_port
2026-03-04 02:29:32.328 10 ERROR neutron_lib.callbacks.manager external_ids = self._nb_idl.db_get(
2026-03-04 02:29:32.328 10 ERROR neutron_lib.callbacks.manager
File "/var/lib/openstack/lib/python3.10/site-packages/ovsdbapp/backend/ovs_idl/command.py", line 47, in execute
2026-03-04 02:29:32.328 10 ERROR neutron_lib.callbacks.manager self.run_idl(None)
2026-03-04 02:29:32.328 10 ERROR neutron_lib.callbacks.manager
File "/var/lib/openstack/lib/python3.10/site-packages/ovsdbapp/backend/ovs_idl/command.py", line 235, in run_idl
2026-03-04 02:29:32.328 10 ERROR neutron_lib.callbacks.manager record = self.api.lookup(self.table, self.record)
2026-03-04 02:29:32.328 10 ERROR neutron_lib.callbacks.manager
File "/var/lib/openstack/lib/python3.10/site-packages/ovsdbapp/backend/ovs_idl/__init__.py", line 184, in lookup
2026-03-04 02:29:32.328 10 ERROR neutron_lib.callbacks.manager return self._lookup(table, record)
2026-03-04 02:29:32.328 10 ERROR neutron_lib.callbacks.manager
File "/var/lib/openstack/lib/python3.10/site-packages/ovsdbapp/backend/ovs_idl/__init__.py", line 235, in _lookup
2026-03-04 02:29:32.328 10 ERROR neutron_lib.callbacks.manager row = idlutils.row_by_value(self, rl.table, rl.column, record)
2026-03-04 02:29:32.328 10 ERROR neutron_lib.callbacks.manager
File "/var/lib/openstack/lib/python3.10/site-packages/ovsdbapp/backend/ovs_idl/idlutils.py", line 114, in row_by_value
2026-03-04 02:29:32.328 10 ERROR neutron_lib.callbacks.manager raise RowNotFound(table=table, col=column, match=match)
2026-03-04 02:29:32.328 10 ERROR neutron_lib.callbacks.manager ovsdbapp.backend.ovs_idl.idlutils.RowNotFound: Cannot find Logical_Router_Port with name=lrp-6990cc73-b4d4-4072-9ebc-488e73598fdd
2026-03-04 02:29:32.328 10 ERROR neutron_lib.callbacks.manager 
2026-03-04 02:29:32.454 10 INFO neutron.db.ovn_revision_numbers_db [None req-520a3490-f86d-48f7-87e4-d23f8a98fc6f f764cb98fbc14b22a4385fbda58872d3 81dca49d9af146ea908521053a3518f5 - - default default] Successfully bumped revision number for resource f2ff6b73-5d6d-4e68-bbf9-453bd35cc90a (type: ports) to 2
2026-03-04 02:29:32.632 10 INFO neutron.db.ovn_revision_numbers_db [None req-d282d972-d28a-460d-a0ba-1cb633a59459 662fdb4553ed4391a76043e4a0a6b7f5 fd54ccef41bf45639af7b5b76ade7e1d - - default default] Successfully bumped revision number for resource 6990cc73-b4d4-4072-9ebc-488e73598fdd (type: ports) to 1
2026-03-04 02:29:32.717 10 WARNING neutron.scheduler.dhcp_agent_scheduler [None req-d282d972-d28a-460d-a0ba-1cb633a59459 662fdb4553ed4391a76043e4a0a6b7f5 fd54ccef41bf45639af7b5b76ade7e1d - - default default] No more DHCP agents
2026-03-04 02:29:32.726 10 WARNING neutron.api.rpc.agentnotifiers.dhcp_rpc_agent_api [None req-d282d972-d28a-460d-a0ba-1cb633a59459 662fdb4553ed4391a76043e4a0a6b7f5 fd54ccef41bf45639af7b5b76ade7e1d - - default default] Unable to schedule network ce365837-7432-4b9a-8bb5-8ea48b9a252b: no agents available; will retry on subsequent port and subnet creation events.
2026-03-04 02:29:32.740 9 INFO neutron.db.ovn_revision_numbers_db [None req-7ced8c6a-38b2-403f-8e8e-0854003e3fd1 - - - - - -] Successfully bumped revision number for resource 5c38c01c-f91f-4414-b8c1-f766c10ab9c1 (type: ports) to 2
2026-03-04 02:29:32.790 9 ERROR ovsdbapp.backend.ovs_idl.command [None req-ca9914fc-7880-4168-a0be-3c34570e5fcf 0eaeb9811a0e4e0683b5036e4583a103 8f88e600cf3449f8a080511d31fa8f58 - - default default] Error executing command (DbGetCommand): ovsdbapp.backend.ovs_idl.idlutils.RowNotFound: Cannot find Logical_Router_Port with name=lrp-066ed06b-268c-4010-95d6-aa60260c75c6
2026-03-04 02:29:32.790 9 ERROR ovsdbapp.backend.ovs_idl.command
Traceback (most recent call last):
2026-03-04 02:29:32.790 9 ERROR ovsdbapp.backend.ovs_idl.command
File "/var/lib/openstack/lib/python3.10/site-packages/ovsdbapp/backend/ovs_idl/command.py", line 47, in execute
2026-03-04 02:29:32.790 9 ERROR ovsdbapp.backend.ovs_idl.command self.run_idl(None)
2026-03-04 02:29:32.790 9 ERROR ovsdbapp.backend.ovs_idl.command
File "/var/lib/openstack/lib/python3.10/site-packages/ovsdbapp/backend/ovs_idl/command.py", line 235, in run_idl
2026-03-04 02:29:32.790 9 ERROR ovsdbapp.backend.ovs_idl.command record = self.api.lookup(self.table, self.record)
2026-03-04 02:29:32.790 9 ERROR ovsdbapp.backend.ovs_idl.command
File "/var/lib/openstack/lib/python3.10/site-packages/ovsdbapp/backend/ovs_idl/__init__.py", line 184, in lookup
2026-03-04 02:29:32.790 9 ERROR ovsdbapp.backend.ovs_idl.command return self._lookup(table, record)
2026-03-04 02:29:32.790 9 ERROR ovsdbapp.backend.ovs_idl.command
File "/var/lib/openstack/lib/python3.10/site-packages/ovsdbapp/backend/ovs_idl/__init__.py", line 235, in _lookup
2026-03-04 02:29:32.790 9 ERROR ovsdbapp.backend.ovs_idl.command row = idlutils.row_by_value(self, rl.table, rl.column, record)
2026-03-04 02:29:32.790 9 ERROR ovsdbapp.backend.ovs_idl.command
File "/var/lib/openstack/lib/python3.10/site-packages/ovsdbapp/backend/ovs_idl/idlutils.py", line 114, in row_by_value
2026-03-04 02:29:32.790 9 ERROR ovsdbapp.backend.ovs_idl.command raise RowNotFound(table=table, col=column, match=match)
2026-03-04 02:29:32.790 9 ERROR ovsdbapp.backend.ovs_idl.command ovsdbapp.backend.ovs_idl.idlutils.RowNotFound: Cannot find Logical_Router_Port with name=lrp-066ed06b-268c-4010-95d6-aa60260c75c6
2026-03-04 02:29:32.790 9 ERROR ovsdbapp.backend.ovs_idl.command 
2026-03-04 02:29:32.790 9 ERROR neutron_lib.callbacks.manager [None req-ca9914fc-7880-4168-a0be-3c34570e5fcf 0eaeb9811a0e4e0683b5036e4583a103 8f88e600cf3449f8a080511d31fa8f58 - - default default] Error during notification for neutron.services.ovn_l3.plugin.OVNL3RouterPlugin._port_update-8751242514159 port, after_update: ovsdbapp.backend.ovs_idl.idlutils.RowNotFound: Cannot find Logical_Router_Port with name=lrp-066ed06b-268c-4010-95d6-aa60260c75c6
2026-03-04 02:29:32.790 9 ERROR neutron_lib.callbacks.manager
Traceback (most recent call last):
2026-03-04 02:29:32.790 9 ERROR neutron_lib.callbacks.manager
File "/var/lib/openstack/lib/python3.10/site-packages/neutron_lib/callbacks/manager.py", line 189, in _notify_loop
2026-03-04 02:29:32.790 9 ERROR neutron_lib.callbacks.manager callback.method(resource, event, trigger, payload=payload)
2026-03-04 02:29:32.790 9 ERROR neutron_lib.callbacks.manager
File "/var/lib/openstack/lib/python3.10/site-packages/neutron/services/ovn_l3/plugin.py", line 391, in _port_update
2026-03-04 02:29:32.790 9 ERROR neutron_lib.callbacks.manager l3plugin._ovn_client.update_router_port(context,
2026-03-04 02:29:32.790 9 ERROR neutron_lib.callbacks.manager
File "/var/lib/openstack/lib/python3.10/site-packages/neutron/plugins/ml2/drivers/ovn/mech_driver/ovsdb/ovn_client.py", line 1878, in update_router_port
2026-03-04 02:29:32.790 9 ERROR neutron_lib.callbacks.manager self._update_lrouter_port(context, port, if_exists=if_exists,
2026-03-04 02:29:32.790 9 ERROR neutron_lib.callbacks.manager
File "/var/lib/openstack/lib/python3.10/site-packages/neutron/plugins/ml2/drivers/ovn/mech_driver/ovsdb/ovn_client.py", line 1855, in _update_lrouter_port
2026-03-04 02:29:32.790 9 ERROR neutron_lib.callbacks.manager external_ids = self._nb_idl.db_get(
2026-03-04 02:29:32.790 9 ERROR neutron_lib.callbacks.manager
File "/var/lib/openstack/lib/python3.10/site-packages/ovsdbapp/backend/ovs_idl/command.py", line 47, in execute
2026-03-04 02:29:32.790 9 ERROR neutron_lib.callbacks.manager self.run_idl(None)
2026-03-04 02:29:32.790 9 ERROR neutron_lib.callbacks.manager
File "/var/lib/openstack/lib/python3.10/site-packages/ovsdbapp/backend/ovs_idl/command.py", line 235, in run_idl
2026-03-04 02:29:32.790 9 ERROR neutron_lib.callbacks.manager record = self.api.lookup(self.table, self.record)
2026-03-04 02:29:32.790 9 ERROR neutron_lib.callbacks.manager
File "/var/lib/openstack/lib/python3.10/site-packages/ovsdbapp/backend/ovs_idl/__init__.py", line 184, in lookup
2026-03-04 02:29:32.790 9 ERROR neutron_lib.callbacks.manager return self._lookup(table, record)
2026-03-04 02:29:32.790 9 ERROR neutron_lib.callbacks.manager
File "/var/lib/openstack/lib/python3.10/site-packages/ovsdbapp/backend/ovs_idl/__init__.py", line 235, in _lookup
2026-03-04 02:29:32.790 9 ERROR neutron_lib.callbacks.manager row = idlutils.row_by_value(self, rl.table, rl.column, record)
2026-03-04 02:29:32.790 9 ERROR neutron_lib.callbacks.manager
File "/var/lib/openstack/lib/python3.10/site-packages/ovsdbapp/backend/ovs_idl/idlutils.py", line 114, in row_by_value
2026-03-04 02:29:32.790 9 ERROR neutron_lib.callbacks.manager raise RowNotFound(table=table, col=column, match=match)
2026-03-04 02:29:32.790 9 ERROR neutron_lib.callbacks.manager ovsdbapp.backend.ovs_idl.idlutils.RowNotFound: Cannot find Logical_Router_Port with name=lrp-066ed06b-268c-4010-95d6-aa60260c75c6
2026-03-04 02:29:32.790 9 ERROR neutron_lib.callbacks.manager 
2026-03-04 02:29:33.061 9 INFO neutron.db.ovn_revision_numbers_db [None req-ca9914fc-7880-4168-a0be-3c34570e5fcf 0eaeb9811a0e4e0683b5036e4583a103 8f88e600cf3449f8a080511d31fa8f58 - - default default] Successfully bumped revision number for resource 066ed06b-268c-4010-95d6-aa60260c75c6 (type: ports) to 1
2026-03-04 02:29:33.198 9 WARNING neutron.scheduler.dhcp_agent_scheduler [None req-ca9914fc-7880-4168-a0be-3c34570e5fcf 0eaeb9811a0e4e0683b5036e4583a103 8f88e600cf3449f8a080511d31fa8f58 - - default default] No more DHCP agents
2026-03-04 02:29:33.199 9 INFO neutron.db.ovn_revision_numbers_db [None req-7ced8c6a-38b2-403f-8e8e-0854003e3fd1 - - - - - -] Successfully bumped revision number for resource 5c38c01c-f91f-4414-b8c1-f766c10ab9c1 (type: ports) to 4
2026-03-04 02:29:33.201 9 WARNING neutron.api.rpc.agentnotifiers.dhcp_rpc_agent_api [None req-ca9914fc-7880-4168-a0be-3c34570e5fcf 0eaeb9811a0e4e0683b5036e4583a103 8f88e600cf3449f8a080511d31fa8f58 - - default default] Unable to schedule network 767fc96e-291d-4195-b1c2-0a3057495fc6: no agents available; will retry on subsequent port and subnet creation events.
2026-03-04 02:29:33.305 10 INFO neutron.plugins.ml2.drivers.ovn.mech_driver.mech_driver [None req-46bc045e-989f-44d3-8aca-06a9b661dce8 - - - - - -] OVN reports status up for port: f2ff6b73-5d6d-4e68-bbf9-453bd35cc90a
2026-03-04 02:29:33.337 10 INFO neutron.plugins.ml2.plugin [None req-46bc045e-989f-44d3-8aca-06a9b661dce8 - - - - - -] Attempt 1 to provision port f2ff6b73-5d6d-4e68-bbf9-453bd35cc90a
2026-03-04 02:29:33.355 10 ERROR ovsdbapp.backend.ovs_idl.command [None req-520a3490-f86d-48f7-87e4-d23f8a98fc6f f764cb98fbc14b22a4385fbda58872d3 81dca49d9af146ea908521053a3518f5 - - default default] Error executing command (DbGetCommand): ovsdbapp.backend.ovs_idl.idlutils.RowNotFound: Cannot find Logical_Router_Port with name=lrp-f2ff6b73-5d6d-4e68-bbf9-453bd35cc90a
2026-03-04 02:29:33.355 10 ERROR ovsdbapp.backend.ovs_idl.command
Traceback (most recent call last):
2026-03-04 02:29:33.355 10 ERROR ovsdbapp.backend.ovs_idl.command
File "/var/lib/openstack/lib/python3.10/site-packages/ovsdbapp/backend/ovs_idl/command.py", line 47, in execute
2026-03-04 02:29:33.355 10 ERROR ovsdbapp.backend.ovs_idl.command self.run_idl(None)
2026-03-04 02:29:33.355 10 ERROR ovsdbapp.backend.ovs_idl.command
File "/var/lib/openstack/lib/python3.10/site-packages/ovsdbapp/backend/ovs_idl/command.py", line 235, in run_idl
2026-03-04 02:29:33.355 10 ERROR ovsdbapp.backend.ovs_idl.command record = self.api.lookup(self.table, self.record)
2026-03-04 02:29:33.355 10 ERROR ovsdbapp.backend.ovs_idl.command
File "/var/lib/openstack/lib/python3.10/site-packages/ovsdbapp/backend/ovs_idl/__init__.py", line 184, in lookup
2026-03-04 02:29:33.355 10 ERROR ovsdbapp.backend.ovs_idl.command return self._lookup(table, record)
2026-03-04 02:29:33.355 10 ERROR ovsdbapp.backend.ovs_idl.command
File "/var/lib/openstack/lib/python3.10/site-packages/ovsdbapp/backend/ovs_idl/__init__.py", line 235, in _lookup
2026-03-04 02:29:33.355 10 ERROR ovsdbapp.backend.ovs_idl.command row = idlutils.row_by_value(self, rl.table, rl.column, record)
2026-03-04 02:29:33.355 10 ERROR ovsdbapp.backend.ovs_idl.command
File "/var/lib/openstack/lib/python3.10/site-packages/ovsdbapp/backend/ovs_idl/idlutils.py", line 114, in row_by_value
2026-03-04 02:29:33.355 10 ERROR ovsdbapp.backend.ovs_idl.command raise RowNotFound(table=table, col=column, match=match)
2026-03-04 02:29:33.355 10 ERROR ovsdbapp.backend.ovs_idl.command ovsdbapp.backend.ovs_idl.idlutils.RowNotFound: Cannot find Logical_Router_Port with name=lrp-f2ff6b73-5d6d-4e68-bbf9-453bd35cc90a
2026-03-04 02:29:33.355 10 ERROR ovsdbapp.backend.ovs_idl.command 
