2026-03-04 02:32:26.702 9 INFO neutron.plugins.ml2.plugin [None req-3865a772-688b-4849-821e-ed6a72bb218c - - - - - -] Attempt 1 to provision port ba099a52-5be4-41e4-b780-5893b3c97776
2026-03-04 02:32:26.725 10 INFO neutron.db.ovn_revision_numbers_db [None req-b6350697-8221-4c9d-8b93-739f7094a32b 80ae87919b6b4ff386ebf462004b5e60 855ab45ec08f4a27820cc13738a6cb4e - - default default] Successfully bumped revision number for resource 908fc42b-54a2-4e9a-978f-ac69d717122a (type: security_group_rules) to 0
2026-03-04 02:32:26.755 10 INFO neutron.wsgi [None req-b6350697-8221-4c9d-8b93-739f7094a32b 80ae87919b6b4ff386ebf462004b5e60 855ab45ec08f4a27820cc13738a6cb4e - - default default] 10.0.0.194 "POST /v2.0/security-group-rules HTTP/1.1" status: 201 len: 801 time: 0.2078681
2026-03-04 02:32:26.772 10 WARNING neutron_lib.context [None req-d9497108-59c8-47ad-962c-a8a5dc62e054 80ae87919b6b4ff386ebf462004b5e60 855ab45ec08f4a27820cc13738a6cb4e - - default default] Method 'is_advsvc' is deprecated since 2023.2 release (neutron-lib 3.8.0) and will be removed once support for the old RBAC API policies will be removed from Neutron. Please use method 'is_service_role' instead.
2026-03-04 02:32:26.815 10 INFO neutron.wsgi [None req-6c8e1dc6-931d-46c7-9cb9-f30cf0087624 0eaeb9811a0e4e0683b5036e4583a103 8f88e600cf3449f8a080511d31fa8f58 - - default default] 10.0.0.194 "DELETE /v2.0/security-groups/521ad100-c53a-45f7-9b03-a9bfffcbcb9f HTTP/1.1" status: 204 len: 168 time: 0.3266666
2026-03-04 02:32:26.935 10 INFO neutron.db.ovn_revision_numbers_db [None req-d9497108-59c8-47ad-962c-a8a5dc62e054 80ae87919b6b4ff386ebf462004b5e60 855ab45ec08f4a27820cc13738a6cb4e - - default default] Successfully bumped revision number for resource ae2ce6c4-b344-4164-a177-bb039374bfe3 (type: security_group_rules) to 0
2026-03-04 02:32:26.963 10 INFO neutron.wsgi [None req-d9497108-59c8-47ad-962c-a8a5dc62e054 80ae87919b6b4ff386ebf462004b5e60 855ab45ec08f4a27820cc13738a6cb4e - - default default] 10.0.0.194 "POST /v2.0/security-group-rules HTTP/1.1" status: 201 len: 800 time: 0.1973062
2026-03-04 02:32:26.974 10 WARNING neutron_lib.context [None req-5cd5b104-46e4-49e9-9653-aecbaa0f2a8c 80ae87919b6b4ff386ebf462004b5e60 855ab45ec08f4a27820cc13738a6cb4e - - default default] Method 'is_advsvc' is deprecated since 2023.2 release (neutron-lib 3.8.0) and will be removed once support for the old RBAC API policies will be removed from Neutron. Please use method 'is_service_role' instead.
2026-03-04 02:32:27.022 10 INFO neutron.db.securitygroups_db [None req-5cd5b104-46e4-49e9-9653-aecbaa0f2a8c 80ae87919b6b4ff386ebf462004b5e60 855ab45ec08f4a27820cc13738a6cb4e - - default default] Project 855ab45ec08f4a27820cc13738a6cb4e added a security group rule with legacy IPv6 ICMP protocol name icmp, ipv6-icmp should be used instead. It was automatically converted.
2026-03-04 02:32:27.120 10 INFO neutron.db.ovn_revision_numbers_db [None req-9908839d-ee4c-4308-8f45-3a24da0f6a79 0eaeb9811a0e4e0683b5036e4583a103 8f88e600cf3449f8a080511d31fa8f58 - - default default] Successfully bumped revision number for resource 7e91bb54-a64f-4134-bd78-a77e8f36b877 (type: security_groups) to 1
2026-03-04 02:32:27.136 10 INFO neutron.db.ovn_revision_numbers_db [None req-9908839d-ee4c-4308-8f45-3a24da0f6a79 0eaeb9811a0e4e0683b5036e4583a103 8f88e600cf3449f8a080511d31fa8f58 - - default default] Successfully bumped revision number for resource 3182eac7-85f1-4880-88ae-6abe67a40b24 (type: security_group_rules) to 0
2026-03-04 02:32:27.144 10 INFO neutron.db.ovn_revision_numbers_db [None req-5cd5b104-46e4-49e9-9653-aecbaa0f2a8c 80ae87919b6b4ff386ebf462004b5e60 855ab45ec08f4a27820cc13738a6cb4e - - default default] Successfully bumped revision number for resource e7d08ecd-a372-45d1-838e-57950e5bce43 (type: security_group_rules) to 0
2026-03-04 02:32:27.151 10 INFO neutron.db.ovn_revision_numbers_db [None req-9908839d-ee4c-4308-8f45-3a24da0f6a79 0eaeb9811a0e4e0683b5036e4583a103 8f88e600cf3449f8a080511d31fa8f58 - - default default] Successfully bumped revision number for resource bb52051f-d9fa-4f96-a8de-698eb12b8bfe (type: security_group_rules) to 0
2026-03-04 02:32:27.171 10 INFO neutron.db.ovn_revision_numbers_db [None req-9908839d-ee4c-4308-8f45-3a24da0f6a79 0eaeb9811a0e4e0683b5036e4583a103 8f88e600cf3449f8a080511d31fa8f58 - - default default] Successfully bumped revision number for resource c05ba51a-d3bb-40f2-bd33-a95aaf4dba1d (type: security_group_rules) to 0
2026-03-04 02:32:27.178 10 INFO neutron.wsgi [None req-5cd5b104-46e4-49e9-9653-aecbaa0f2a8c 80ae87919b6b4ff386ebf462004b5e60 855ab45ec08f4a27820cc13738a6cb4e - - default default] 10.0.0.194 "POST /v2.0/security-group-rules HTTP/1.1" status: 201 len: 806 time: 0.2095249
2026-03-04 02:32:27.193 10 WARNING neutron_lib.context [None req-ee4a8803-fa3e-4cb2-8aa9-4d1ac35b73f5 80ae87919b6b4ff386ebf462004b5e60 855ab45ec08f4a27820cc13738a6cb4e - - default default] Method 'is_advsvc' is deprecated since 2023.2 release (neutron-lib 3.8.0) and will be removed once support for the old RBAC API policies will be removed from Neutron. Please use method 'is_service_role' instead.
2026-03-04 02:32:27.201 10 INFO neutron.db.ovn_revision_numbers_db [None req-9908839d-ee4c-4308-8f45-3a24da0f6a79 0eaeb9811a0e4e0683b5036e4583a103 8f88e600cf3449f8a080511d31fa8f58 - - default default] Successfully bumped revision number for resource d72bc339-e1ad-410b-aec1-7762d51fba8a (type: security_group_rules) to 0
2026-03-04 02:32:27.223 10 INFO neutron.wsgi [None req-9908839d-ee4c-4308-8f45-3a24da0f6a79 0eaeb9811a0e4e0683b5036e4583a103 8f88e600cf3449f8a080511d31fa8f58 - - default default] 10.0.0.194 "GET /v2.0/security-groups?tenant_id=0da4c0cc8efb49fabdad9c97e76fc6c7&name=default HTTP/1.1" status: 200 len: 3120 time: 0.2554238
2026-03-04 02:32:27.260 10 INFO neutron.db.securitygroups_db [None req-ee4a8803-fa3e-4cb2-8aa9-4d1ac35b73f5 80ae87919b6b4ff386ebf462004b5e60 855ab45ec08f4a27820cc13738a6cb4e - - default default] Project 855ab45ec08f4a27820cc13738a6cb4e added a security group rule with legacy IPv6 ICMP protocol name icmp, ipv6-icmp should be used instead. It was automatically converted.
2026-03-04 02:32:27.394 10 INFO neutron.db.ovn_revision_numbers_db [None req-ee4a8803-fa3e-4cb2-8aa9-4d1ac35b73f5 80ae87919b6b4ff386ebf462004b5e60 855ab45ec08f4a27820cc13738a6cb4e - - default default] Successfully bumped revision number for resource 2bcb5bcb-60cd-4cd9-a7ae-0034a5240499 (type: security_group_rules) to 0
2026-03-04 02:32:27.427 10 INFO neutron.wsgi [None req-ee4a8803-fa3e-4cb2-8aa9-4d1ac35b73f5 80ae87919b6b4ff386ebf462004b5e60 855ab45ec08f4a27820cc13738a6cb4e - - default default] 10.0.0.194 "POST /v2.0/security-group-rules HTTP/1.1" status: 201 len: 805 time: 0.2405052
2026-03-04 02:32:27.499 10 INFO neutron.wsgi [None req-25bc9094-9f5b-44de-bfe5-0e1f1f11a4a0 0eaeb9811a0e4e0683b5036e4583a103 8f88e600cf3449f8a080511d31fa8f58 - - default default] 10.0.0.194 "DELETE /v2.0/security-groups/7e91bb54-a64f-4134-bd78-a77e8f36b877 HTTP/1.1" status: 204 len: 168 time: 0.2708685
2026-03-04 02:32:28.068 9 INFO neutron.wsgi [None req-287362fb-1851-448f-8fff-5cbb5079b364 80ae87919b6b4ff386ebf462004b5e60 855ab45ec08f4a27820cc13738a6cb4e - - default default] 10.0.0.194 "GET /v2.0/networks HTTP/1.1" status: 200 len: 1492 time: 0.2674210
2026-03-04 02:32:28.692 9 INFO neutron.services.segments.plugin [-] Segment 39f9101c-4f03-46a2-8f85-20a9f354cd2a resource provider aggregate not found
2026-03-04 02:32:28.696 9 INFO neutron.services.segments.plugin [-] Segment 39f9101c-4f03-46a2-8f85-20a9f354cd2a resource provider aggregate not found
2026-03-04 02:32:28.717 9 INFO neutron.services.segments.plugin [-] Segment 39f9101c-4f03-46a2-8f85-20a9f354cd2a resource provider not found; error: Placement Client Error (4xx): {"errors": [{"status": 404, "title": "Not Found", "detail": "The resource could not be found.\n\n No resource provider with uuid 39f9101c-4f03-46a2-8f85-20a9f354cd2a found for delete ", "request_id": "req-785bdcce-79a7-4367-ab40-378ad047cbb4"}]}
2026-03-04 02:32:28.725 9 INFO neutron.services.segments.plugin [-] Segment 39f9101c-4f03-46a2-8f85-20a9f354cd2a resource provider not found; error: Placement Client Error (4xx): {"errors": [{"status": 404, "title": "Not Found", "detail": "The resource could not be found.\n\n No resource provider with uuid 39f9101c-4f03-46a2-8f85-20a9f354cd2a found for delete ", "request_id": "req-250ce201-d8c3-4093-913b-551fe0cb6b08"}]}
2026-03-04 02:32:28.752 9 INFO neutron.wsgi [None req-f381db47-9533-421c-96de-8459b8e2ee6d cb9d10bd59f74ab8ae504e162915dd23 fdb0f48dd9a44f3fa381651eb78c7895 - - default default] 10.0.0.194 "DELETE /v2.0/vpn/vpnservices/43318d5f-43cd-40de-8b69-230413d1eb4a HTTP/1.1" status: 204 len: 168 time: 3.6453815
2026-03-04 02:32:28.758 10 INFO neutron.wsgi [req-11bb1546-06fc-4bed-bbd4-a8780b9ffd87 req-1bfbd986-4fca-4071-bc7f-d6e13ace58f4 80ae87919b6b4ff386ebf462004b5e60 855ab45ec08f4a27820cc13738a6cb4e - - default default] 10.0.0.206 "GET /v2.0/security-groups?name=tempest-secgroup-smoke-8998223&fields=id&tenant_id=855ab45ec08f4a27820cc13738a6cb4e HTTP/1.1" status: 200 len: 267 time: 0.5835607 /var/lib/openstack/lib/python3.10/site-packages/pycadf/identifier.py:71: UserWarning: Invalid uuid: neutron. To ensure interoperability, identifiers should be a valid uuid. warnings.warn(('Invalid uuid: %s. To ensure interoperability, '
2026-03-04 02:32:28.771 9 INFO neutron.wsgi [None req-cd0bde54-fddc-4288-9d79-47f8b321e4d6 cb9d10bd59f74ab8ae504e162915dd23 fdb0f48dd9a44f3fa381651eb78c7895 - - default default] 10.0.0.194 "GET /v2.0/vpn/vpnservices HTTP/1.1" status: 200 len: 1056 time: 0.0128024
2026-03-04 02:32:28.788 9 WARNING neutron_lib.context [None req-018de811-6c01-4280-ab96-ac84183bf1ae cb9d10bd59f74ab8ae504e162915dd23 fdb0f48dd9a44f3fa381651eb78c7895 - - default default] Method 'is_advsvc' is deprecated since 2023.2 release (neutron-lib 3.8.0) and will be removed once support for the old RBAC API policies will be removed from Neutron. Please use method 'is_service_role' instead.
2026-03-04 02:32:28.877 9 INFO neutron.api.v2.resource [None req-018de811-6c01-4280-ab96-ac84183bf1ae cb9d10bd59f74ab8ae504e162915dd23 fdb0f48dd9a44f3fa381651eb78c7895 - - default default] create failed (client error): The server could not comply with the request since it is either malformed or otherwise incorrect.
2026-03-04 02:32:28.879 9 INFO neutron.wsgi [None req-018de811-6c01-4280-ab96-ac84183bf1ae cb9d10bd59f74ab8ae504e162915dd23 fdb0f48dd9a44f3fa381651eb78c7895 - - default default] 10.0.0.194 "POST /v2.0/vpn/ipsec-site-connections HTTP/1.1" status: 400 len: 330 time: 0.0981953
2026-03-04 02:32:28.900 10 WARNING neutron_lib.context [None req-93e0ea0f-8400-46a3-a749-684d0ae0fd59 cb9d10bd59f74ab8ae504e162915dd23 fdb0f48dd9a44f3fa381651eb78c7895 - - default default] Method 'is_advsvc' is deprecated since 2023.2 release (neutron-lib 3.8.0) and will be removed once support for the old RBAC API policies will be removed from Neutron. Please use method 'is_service_role' instead.
2026-03-04 02:32:28.921 10 INFO neutron.wsgi [req-11bb1546-06fc-4bed-bbd4-a8780b9ffd87 req-12d18e66-69a0-47de-99c1-c45557505f56 80ae87919b6b4ff386ebf462004b5e60 855ab45ec08f4a27820cc13738a6cb4e - - default default] 10.0.0.206 "GET /v2.0/networks?id=c8bd9137-cb15-4b59-9893-2a911203826c HTTP/1.1" status: 200 len: 859 time: 0.1561656
2026-03-04 02:32:28.946 10 INFO neutron.wsgi [req-11bb1546-06fc-4bed-bbd4-a8780b9ffd87 req-42eeb8f4-272d-4d10-b398-6f9fd96581c8 80ae87919b6b4ff386ebf462004b5e60 855ab45ec08f4a27820cc13738a6cb4e - - default default] 10.0.0.206 "GET /v2.0/quotas/855ab45ec08f4a27820cc13738a6cb4e HTTP/1.1" status: 200 len: 491 time: 0.0171163
2026-03-04 02:32:29.078 10 INFO neutron.api.v2.resource [None req-93e0ea0f-8400-46a3-a749-684d0ae0fd59 cb9d10bd59f74ab8ae504e162915dd23 fdb0f48dd9a44f3fa381651eb78c7895 - - default default] create failed (client error): The server could not comply with the request since it is either malformed or otherwise incorrect.
2026-03-04 02:32:29.080 10 INFO neutron.wsgi [None req-93e0ea0f-8400-46a3-a749-684d0ae0fd59 cb9d10bd59f74ab8ae504e162915dd23 fdb0f48dd9a44f3fa381651eb78c7895 - - default default] 10.0.0.194 "POST /v2.0/vpn/ipsec-site-connections HTTP/1.1" status: 400 len: 339 time: 0.1877038
2026-03-04 02:32:29.091 10 WARNING neutron.api.v2.base [None req-5c6a38eb-79fc-42aa-a460-31e9cf1f717d cb9d10bd59f74ab8ae504e162915dd23 fdb0f48dd9a44f3fa381651eb78c7895 - - default default] An exception happened while processing the request body. The exception message is [Invalid input for dpd. Reason: '59' is not a dictionary.].: webob.exc.HTTPBadRequest: Invalid input for dpd. Reason: '59' is not a dictionary.
2026-03-04 02:32:29.092 10 INFO neutron.api.v2.resource [None req-5c6a38eb-79fc-42aa-a460-31e9cf1f717d cb9d10bd59f74ab8ae504e162915dd23 fdb0f48dd9a44f3fa381651eb78c7895 - - default default] create failed (client error): Invalid input for dpd. Reason: '59' is not a dictionary.
2026-03-04 02:32:29.093 10 INFO neutron.wsgi [None req-5c6a38eb-79fc-42aa-a460-31e9cf1f717d cb9d10bd59f74ab8ae504e162915dd23 fdb0f48dd9a44f3fa381651eb78c7895 - - default default] 10.0.0.194 "POST /v2.0/vpn/ipsec-site-connections HTTP/1.1" status: 400 len: 332 time: 0.0082271
2026-03-04 02:32:29.101 9 WARNING neutron_lib.context [None req-5b25c7bf-6639-4126-99f1-e24a1b39aa61 cb9d10bd59f74ab8ae504e162915dd23 fdb0f48dd9a44f3fa381651eb78c7895 - - default default] Method 'is_advsvc' is deprecated since 2023.2 release (neutron-lib 3.8.0) and will be removed once support for the old RBAC API policies will be removed from Neutron. Please use method 'is_service_role' instead.
2026-03-04 02:32:29.129 10 INFO neutron.wsgi [req-11bb1546-06fc-4bed-bbd4-a8780b9ffd87 req-a183546f-f8ec-403f-b1fb-1f7c66324446 80ae87919b6b4ff386ebf462004b5e60 855ab45ec08f4a27820cc13738a6cb4e - - default default] 10.0.0.206 "GET /v2.0/ports?tenant_id=855ab45ec08f4a27820cc13738a6cb4e&fields=id HTTP/1.1" status: 200 len: 348 time: 0.1779292
2026-03-04 02:32:29.163 9 INFO neutron.wsgi [None req-5b25c7bf-6639-4126-99f1-e24a1b39aa61 cb9d10bd59f74ab8ae504e162915dd23 fdb0f48dd9a44f3fa381651eb78c7895 - - default default] 10.0.0.194 "POST /v2.0/vpn/endpoint-groups HTTP/1.1" status: 201 len: 492 time: 0.0657029
2026-03-04 02:32:29.175 9 WARNING neutron_lib.context [None req-2c456ff9-c3ca-4bf6-9c5a-a6a27d5d52b7 cb9d10bd59f74ab8ae504e162915dd23 fdb0f48dd9a44f3fa381651eb78c7895 - - default default] Method 'is_advsvc' is deprecated since 2023.2 release (neutron-lib 3.8.0) and will be removed once support for the old RBAC API policies will be removed from Neutron. Please use method 'is_service_role' instead.
2026-03-04 02:32:29.242 10 INFO neutron.wsgi [req-11bb1546-06fc-4bed-bbd4-a8780b9ffd87 req-34f0da4b-a0c5-4869-ae3f-b5aa600b4200 9485d081605d4854bc7425fede65ba90 59b95180f6ac47f9b81ebeea0a229261 - - f65d03401fe643fba374468d1db27df7 f65d03401fe643fba374468d1db27df7] 10.0.0.206 "GET /v2.0/networks/c8bd9137-cb15-4b59-9893-2a911203826c?fields=segments HTTP/1.1" status: 200 len: 212 time: 0.0936491
2026-03-04 02:32:29.245 9 INFO neutron.api.v2.resource [None req-2c456ff9-c3ca-4bf6-9c5a-a6a27d5d52b7 cb9d10bd59f74ab8ae504e162915dd23 fdb0f48dd9a44f3fa381651eb78c7895 - - default default] create failed (client error): The server could not comply with the request since it is either malformed or otherwise incorrect.
2026-03-04 02:32:29.246 9 INFO neutron.wsgi [None req-2c456ff9-c3ca-4bf6-9c5a-a6a27d5d52b7 cb9d10bd59f74ab8ae504e162915dd23 fdb0f48dd9a44f3fa381651eb78c7895 - - default default] 10.0.0.194 "POST /v2.0/vpn/ipsec-site-connections HTTP/1.1" status: 400 len: 352 time: 0.0786600
2026-03-04 02:32:29.284 10 INFO neutron.wsgi [None req-935ad6ff-5787-4e39-9579-812bc22b984d cb9d10bd59f74ab8ae504e162915dd23 fdb0f48dd9a44f3fa381651eb78c7895 - - default default] 10.0.0.194 "GET /v2.0/vpn/endpoint-groups HTTP/1.1" status: 200 len: 1103 time: 0.0314634
2026-03-04 02:32:29.330 9 INFO neutron.wsgi [None req-38a2c74a-bcf7-4a34-a303-c2f802954ad4 cb9d10bd59f74ab8ae504e162915dd23 fdb0f48dd9a44f3fa381651eb78c7895 - - default default] 10.0.0.194 "DELETE /v2.0/vpn/endpoint-groups/8cf179bf-92c7-405a-a896-b8a74e322e2c HTTP/1.1" status: 204 len: 168 time: 0.0413418
2026-03-04 02:32:29.331 10 INFO neutron.wsgi [req-11bb1546-06fc-4bed-bbd4-a8780b9ffd87 req-90aae6d1-2e3b-42c1-a1df-b8fce195bdc6 9485d081605d4854bc7425fede65ba90 59b95180f6ac47f9b81ebeea0a229261 - - f65d03401fe643fba374468d1db27df7 f65d03401fe643fba374468d1db27df7] 10.0.0.206 "GET /v2.0/networks/c8bd9137-cb15-4b59-9893-2a911203826c?fields=provider%3Aphysical_network&fields=provider%3Anetwork_type HTTP/1.1" status: 200 len: 277 time: 0.0805526
2026-03-04 02:32:29.349 10 INFO neutron.wsgi [None req-3d1a380d-5bb7-4662-90e2-aca9ce2290e3 cb9d10bd59f74ab8ae504e162915dd23 fdb0f48dd9a44f3fa381651eb78c7895 - - default default] 10.0.0.194 "GET /v2.0/vpn/endpoint-groups HTTP/1.1" status: 200 len: 828 time: 0.0142293
2026-03-04 02:32:29.363 10 WARNING neutron_lib.context [None req-133c6dea-ac71-43fe-be42-33f06bbbf9eb cb9d10bd59f74ab8ae504e162915dd23 fdb0f48dd9a44f3fa381651eb78c7895 - - default default] Method 'is_advsvc' is deprecated since 2023.2 release (neutron-lib 3.8.0) and will be removed once support for the old RBAC API policies will be removed from Neutron. Please use method 'is_service_role' instead.
2026-03-04 02:32:29.447 10 INFO neutron.wsgi [None req-133c6dea-ac71-43fe-be42-33f06bbbf9eb cb9d10bd59f74ab8ae504e162915dd23 fdb0f48dd9a44f3fa381651eb78c7895 - - default default] 10.0.0.194 "POST /v2.0/vpn/endpoint-groups HTTP/1.1" status: 201 len: 500 time: 0.0927517
2026-03-04 02:32:29.455 10 WARNING neutron_lib.context [None req-1d1ce333-9ee3-483b-9263-e68d179c77d5 cb9d10bd59f74ab8ae504e162915dd23 fdb0f48dd9a44f3fa381651eb78c7895 - - default default] Method 'is_advsvc' is deprecated since 2023.2 release (neutron-lib 3.8.0) and will be removed once support for the old RBAC API policies will be removed from Neutron. Please use method 'is_service_role' instead.
2026-03-04 02:32:29.496 10 INFO neutron.api.v2.resource [None req-1d1ce333-9ee3-483b-9263-e68d179c77d5 cb9d10bd59f74ab8ae504e162915dd23 fdb0f48dd9a44f3fa381651eb78c7895 - - default default] create failed (client error): The server could not comply with the request since it is either malformed or otherwise incorrect.
2026-03-04 02:32:29.498 10 INFO neutron.wsgi [None req-1d1ce333-9ee3-483b-9263-e68d179c77d5 cb9d10bd59f74ab8ae504e162915dd23 fdb0f48dd9a44f3fa381651eb78c7895 - - default default] 10.0.0.194 "POST /v2.0/vpn/ipsec-site-connections HTTP/1.1" status: 400 len: 351 time: 0.0473611
2026-03-04 02:32:29.522 10 INFO neutron.wsgi [None req-86fa896a-bed0-4877-84f0-6185a4a20fcd cb9d10bd59f74ab8ae504e162915dd23 fdb0f48dd9a44f3fa381651eb78c7895 - - default default] 10.0.0.194 "GET /v2.0/vpn/endpoint-groups HTTP/1.1" status: 200 len: 1111 time: 0.0175841
2026-03-04 02:32:29.536 9 INFO neutron.wsgi [req-acdc26ac-9093-4ce2-9279-37b2b8acbc32 req-a04c4a4f-865e-4148-baef-c9e802ba9751 80ae87919b6b4ff386ebf462004b5e60 855ab45ec08f4a27820cc13738a6cb4e - - default default] 10.0.0.206 "GET /v2.0/ports?device_id=d5aa89ba-a23d-46a2-967d-ececf838e8ad HTTP/1.1" status: 200 len: 210 time: 0.0508034
2026-03-04 02:32:29.568 10 INFO neutron.wsgi [None req-446c7bd8-95fe-40fe-8563-0e1e8d75e6c5 cb9d10bd59f74ab8ae504e162915dd23 fdb0f48dd9a44f3fa381651eb78c7895 - - default default] 10.0.0.194 "DELETE /v2.0/vpn/endpoint-groups/f878c1d4-f42b-498c-a6e1-0d6ad10d7b8f HTTP/1.1" status: 204 len: 168 time: 0.0395465
2026-03-04 02:32:29.586 10 INFO neutron.wsgi [None req-39a0afbe-02d4-4322-a98f-ee3a62b4290f cb9d10bd59f74ab8ae504e162915dd23 fdb0f48dd9a44f3fa381651eb78c7895 - - default default] 10.0.0.194 "GET /v2.0/vpn/endpoint-groups HTTP/1.1" status: 200 len: 828 time: 0.0120087
2026-03-04 02:32:29.599 10 WARNING neutron.api.v2.base [None req-ac22f13f-b137-4fb0-aeeb-7daddf123833 cb9d10bd59f74ab8ae504e162915dd23 fdb0f48dd9a44f3fa381651eb78c7895 - - default default] An exception happened while processing the request body. The exception message is [Invalid input for peer_cidrs. Reason: '1.0.0.0/33' is not a valid IP subnet.].: webob.exc.HTTPBadRequest: Invalid input for peer_cidrs. Reason: '1.0.0.0/33' is not a valid IP subnet.
2026-03-04 02:32:29.599 10 INFO neutron.api.v2.resource [None req-ac22f13f-b137-4fb0-aeeb-7daddf123833 cb9d10bd59f74ab8ae504e162915dd23 fdb0f48dd9a44f3fa381651eb78c7895 - - default default] create failed (client error): Invalid input for peer_cidrs. Reason: '1.0.0.0/33' is not a valid IP subnet.
2026-03-04 02:32:29.601 10 INFO neutron.wsgi [None req-ac22f13f-b137-4fb0-aeeb-7daddf123833 cb9d10bd59f74ab8ae504e162915dd23 fdb0f48dd9a44f3fa381651eb78c7895 - - default default] 10.0.0.194 "POST /v2.0/vpn/ipsec-site-connections HTTP/1.1" status: 400 len: 352 time: 0.0068662
2026-03-04 02:32:29.612 10 WARNING neutron_lib.context [None req-6dfdfd76-a062-4dec-8138-434bc9cbbcd7 cb9d10bd59f74ab8ae504e162915dd23 fdb0f48dd9a44f3fa381651eb78c7895 - - default default] Method 'is_advsvc' is deprecated since 2023.2 release (neutron-lib 3.8.0) and will be removed once support for the old RBAC API policies will be removed from Neutron. Please use method 'is_service_role' instead.
2026-03-04 02:32:29.724 10 INFO neutron.db.segments_db [None req-6dfdfd76-a062-4dec-8138-434bc9cbbcd7 cb9d10bd59f74ab8ae504e162915dd23 fdb0f48dd9a44f3fa381651eb78c7895 - - default default] Added segment c93e60cb-dc30-4d69-9c61-76a16e7b8f2f of type geneve for network ea72be4e-f556-4230-9fff-a9c2edf1d61a
2026-03-04 02:32:29.896 10 INFO neutron.db.ovn_revision_numbers_db [None req-6dfdfd76-a062-4dec-8138-434bc9cbbcd7 cb9d10bd59f74ab8ae504e162915dd23 fdb0f48dd9a44f3fa381651eb78c7895 - - default default] Successfully bumped revision number for resource ea72be4e-f556-4230-9fff-a9c2edf1d61a (type: networks) to 1
2026-03-04 02:32:30.113 10 WARNING neutron.scheduler.dhcp_agent_scheduler [None req-6dfdfd76-a062-4dec-8138-434bc9cbbcd7 cb9d10bd59f74ab8ae504e162915dd23 fdb0f48dd9a44f3fa381651eb78c7895 - - default default] No more DHCP agents
2026-03-04 02:32:30.115 10 WARNING neutron.api.rpc.agentnotifiers.dhcp_rpc_agent_api [None req-6dfdfd76-a062-4dec-8138-434bc9cbbcd7 cb9d10bd59f74ab8ae504e162915dd23 fdb0f48dd9a44f3fa381651eb78c7895 - - default default] Unable to schedule network ea72be4e-f556-4230-9fff-a9c2edf1d61a: no agents available; will retry on subsequent port and subnet creation events.
2026-03-04 02:32:30.229 10 INFO neutron.db.ovn_revision_numbers_db [None req-6dfdfd76-a062-4dec-8138-434bc9cbbcd7 cb9d10bd59f74ab8ae504e162915dd23 fdb0f48dd9a44f3fa381651eb78c7895 - - default default] Successfully bumped revision number for resource cb0a2721-9d12-4a02-96f3-32fe580762b2 (type: ports) to 1
2026-03-04 02:32:30.256 10 INFO neutron.wsgi [None req-6dfdfd76-a062-4dec-8138-434bc9cbbcd7 cb9d10bd59f74ab8ae504e162915dd23 fdb0f48dd9a44f3fa381651eb78c7895 - - default default] 10.0.0.194 "POST /v2.0/networks HTTP/1.1" status: 201 len: 830 time: 0.6481645
2026-03-04 02:32:30.270 10 WARNING neutron_lib.context [None req-919703ad-2a2a-4457-9e29-2d72dc662b87 cb9d10bd59f74ab8ae504e162915dd23 fdb0f48dd9a44f3fa381651eb78c7895 - - default default] Method 'is_advsvc' is deprecated since 2023.2 release (neutron-lib 3.8.0) and will be removed once support for the old RBAC API policies will be removed from Neutron. Please use method 'is_service_role' instead.
2026-03-04 02:32:30.571 10 WARNING neutron.scheduler.dhcp_agent_scheduler [None req-919703ad-2a2a-4457-9e29-2d72dc662b87 cb9d10bd59f74ab8ae504e162915dd23 fdb0f48dd9a44f3fa381651eb78c7895 - - default default] No more DHCP agents
2026-03-04 02:32:30.574 10 WARNING neutron.api.rpc.agentnotifiers.dhcp_rpc_agent_api [None req-919703ad-2a2a-4457-9e29-2d72dc662b87 cb9d10bd59f74ab8ae504e162915dd23 fdb0f48dd9a44f3fa381651eb78c7895 - - default default] Unable to schedule network ea72be4e-f556-4230-9fff-a9c2edf1d61a: no agents available; will retry on subsequent port and subnet creation events.
2026-03-04 02:32:30.664 9 INFO neutron.wsgi [req-11bb1546-06fc-4bed-bbd4-a8780b9ffd87 req-0c05a0e0-4b3a-4d47-8aa5-bf58a46a7a85 80ae87919b6b4ff386ebf462004b5e60 855ab45ec08f4a27820cc13738a6cb4e - - default default] 199.204.45.25 "GET /v2.0/networks?id=c8bd9137-cb15-4b59-9893-2a911203826c HTTP/1.1" status: 200 len: 859 time: 0.1338906
2026-03-04 02:32:30.707 10 INFO neutron.wsgi [req-35a45d37-1ea6-4977-a1a5-2d6c2ef28716 req-12600237-d948-4a1a-99e9-df760ac8641e 80ae87919b6b4ff386ebf462004b5e60 855ab45ec08f4a27820cc13738a6cb4e - - default default] 10.0.0.206 "GET /v2.0/ports?device_id=d5aa89ba-a23d-46a2-967d-ececf838e8ad HTTP/1.1" status: 200 len: 210 time: 0.0711617
2026-03-04 02:32:30.740 9 INFO neutron.wsgi [req-11bb1546-06fc-4bed-bbd4-a8780b9ffd87 req-00776181-fcb9-4924-b214-4b221be7a963 80ae87919b6b4ff386ebf462004b5e60 855ab45ec08f4a27820cc13738a6cb4e - - default default] 199.204.45.25 "GET /v2.0/security-groups?fields=id&fields=name&tenant_id=855ab45ec08f4a27820cc13738a6cb4e HTTP/1.1" status: 200 len: 470 time: 0.0687752
2026-03-04 02:32:30.769 9 WARNING neutron_lib.context [req-11bb1546-06fc-4bed-bbd4-a8780b9ffd87 req-cf32c6a3-175a-435c-ba57-5c25e8f41c79 80ae87919b6b4ff386ebf462004b5e60 855ab45ec08f4a27820cc13738a6cb4e - - default default] Method 'is_advsvc' is deprecated since 2023.2 release (neutron-lib 3.8.0) and will be removed once support for the old RBAC API policies will be removed from Neutron. Please use method 'is_service_role' instead.
2026-03-04 02:32:31.257 9 WARNING neutron.scheduler.dhcp_agent_scheduler [req-11bb1546-06fc-4bed-bbd4-a8780b9ffd87 req-cf32c6a3-175a-435c-ba57-5c25e8f41c79 80ae87919b6b4ff386ebf462004b5e60 855ab45ec08f4a27820cc13738a6cb4e - - default default] No more DHCP agents
2026-03-04 02:32:31.272 9 WARNING neutron.api.rpc.agentnotifiers.dhcp_rpc_agent_api [req-11bb1546-06fc-4bed-bbd4-a8780b9ffd87 req-cf32c6a3-175a-435c-ba57-5c25e8f41c79 80ae87919b6b4ff386ebf462004b5e60 855ab45ec08f4a27820cc13738a6cb4e - - default default] Unable to schedule network c8bd9137-cb15-4b59-9893-2a911203826c: no agents available; will retry on subsequent port and subnet creation events.
2026-03-04 02:32:31.327 10 INFO neutron.db.ovn_revision_numbers_db [None req-919703ad-2a2a-4457-9e29-2d72dc662b87 cb9d10bd59f74ab8ae504e162915dd23 fdb0f48dd9a44f3fa381651eb78c7895 - - default default] Successfully bumped revision number for resource cb0a2721-9d12-4a02-96f3-32fe580762b2 (type: ports) to 2
2026-03-04 02:32:31.376 10 WARNING neutron_lib.context [None req-1760e4ba-31c0-467c-a128-b493d7783a5f 173868912eca40aa806fc5a622af080e ac85644370cb4dde9e603bc1cb473d23 - - default default] Method 'is_advsvc' is deprecated since 2023.2 release (neutron-lib 3.8.0) and will be removed once support for the old RBAC API policies will be removed from Neutron. Please use method 'is_service_role' instead.
2026-03-04 02:32:31.396 10 INFO neutron.db.ovn_revision_numbers_db [None req-919703ad-2a2a-4457-9e29-2d72dc662b87 cb9d10bd59f74ab8ae504e162915dd23 fdb0f48dd9a44f3fa381651eb78c7895 - - default default] Successfully bumped revision number for resource fbe88c48-3309-47d6-a5d8-99acee88d064 (type: subnets) to 0
2026-03-04 02:32:31.418 10 INFO neutron.wsgi [None req-919703ad-2a2a-4457-9e29-2d72dc662b87 cb9d10bd59f74ab8ae504e162915dd23 fdb0f48dd9a44f3fa381651eb78c7895 - - default default] 10.0.0.194 "POST /v2.0/subnets HTTP/1.1" status: 201 len: 804 time: 1.1551261
2026-03-04 02:32:31.434 10 WARNING neutron_lib.context [None req-54bae064-26f3-4efd-823a-1aa443188d6e cb9d10bd59f74ab8ae504e162915dd23 fdb0f48dd9a44f3fa381651eb78c7895 - - default default] Method 'is_advsvc' is deprecated since 2023.2 release (neutron-lib 3.8.0) and will be removed once support for the old RBAC API policies will be removed from Neutron. Please use method 'is_service_role' instead.
2026-03-04 02:32:31.471 9 INFO neutron.db.ovn_revision_numbers_db [req-11bb1546-06fc-4bed-bbd4-a8780b9ffd87 req-cf32c6a3-175a-435c-ba57-5c25e8f41c79 80ae87919b6b4ff386ebf462004b5e60 855ab45ec08f4a27820cc13738a6cb4e - - default default] Successfully bumped revision number for resource 71669820-d48a-4787-bcd9-70214a7f5be9 (type: ports) to 1
2026-03-04 02:32:31.508 9 INFO neutron.wsgi [req-11bb1546-06fc-4bed-bbd4-a8780b9ffd87 req-cf32c6a3-175a-435c-ba57-5c25e8f41c79 80ae87919b6b4ff386ebf462004b5e60 855ab45ec08f4a27820cc13738a6cb4e - - default default] 199.204.45.25 "POST /v2.0/ports HTTP/1.1" status: 201 len: 1158 time: 0.7457752 /var/lib/openstack/lib/python3.10/site-packages/pycadf/identifier.py:71: UserWarning: Invalid uuid: neutron. To ensure interoperability, identifiers should be a valid uuid. warnings.warn(('Invalid uuid: %s. To ensure interoperability, '
2026-03-04 02:32:31.651 10 INFO neutron.db.ovn_revision_numbers_db [None req-1760e4ba-31c0-467c-a128-b493d7783a5f 173868912eca40aa806fc5a622af080e ac85644370cb4dde9e603bc1cb473d23 - - default default] Successfully bumped revision number for resource bf9f5b61-a674-452a-980b-7224da5e8738 (type: security_groups) to 1
2026-03-04 02:32:31.669 10 INFO neutron.db.ovn_revision_numbers_db [None req-1760e4ba-31c0-467c-a128-b493d7783a5f 173868912eca40aa806fc5a622af080e ac85644370cb4dde9e603bc1cb473d23 - - default default] Successfully bumped revision number for resource 1b3aa51e-ffba-492d-af06-b36ad6dd9d5a (type: security_group_rules) to 0
2026-03-04 02:32:31.708 10 INFO neutron.db.ovn_revision_numbers_db [None req-1760e4ba-31c0-467c-a128-b493d7783a5f 173868912eca40aa806fc5a622af080e ac85644370cb4dde9e603bc1cb473d23 - - default default] Successfully bumped revision number for resource 27c1d121-4a72-4a3f-b4a6-c91a7092a39d (type: security_group_rules) to 0
2026-03-04 02:32:31.731 10 INFO neutron.db.ovn_revision_numbers_db [None req-1760e4ba-31c0-467c-a128-b493d7783a5f 173868912eca40aa806fc5a622af080e ac85644370cb4dde9e603bc1cb473d23 - - default default] Successfully bumped revision number for resource 39c30b31-5eef-4543-9917-133391bca936 (type: security_group_rules) to 0
2026-03-04 02:32:31.757 10 INFO neutron.db.ovn_revision_numbers_db [None req-1760e4ba-31c0-467c-a128-b493d7783a5f 173868912eca40aa806fc5a622af080e ac85644370cb4dde9e603bc1cb473d23 - - default default] Successfully bumped revision number for resource ab8df097-290c-440d-bf1c-40d87a4ae93d (type: security_group_rules) to 0
2026-03-04 02:32:31.836 10 INFO neutron.db.segments_db [None req-1760e4ba-31c0-467c-a128-b493d7783a5f 173868912eca40aa806fc5a622af080e ac85644370cb4dde9e603bc1cb473d23 - - default default] Added segment 4d3a3357-53b5-4434-8c2e-3de94aee0949 of type geneve for network 9b418685-dc94-4a02-b76c-52e090637f80
2026-03-04 02:32:32.032 10 INFO neutron.db.ovn_revision_numbers_db [None req-1760e4ba-31c0-467c-a128-b493d7783a5f 173868912eca40aa806fc5a622af080e ac85644370cb4dde9e603bc1cb473d23 - - default default] Successfully bumped revision number for resource 9b418685-dc94-4a02-b76c-52e090637f80 (type: networks) to 1
2026-03-04 02:32:32.062 10 WARNING neutron.scheduler.dhcp_agent_scheduler [None req-54bae064-26f3-4efd-823a-1aa443188d6e cb9d10bd59f74ab8ae504e162915dd23 fdb0f48dd9a44f3fa381651eb78c7895 - - default default] No more DHCP agents
2026-03-04 02:32:32.067 10 WARNING neutron.api.rpc.agentnotifiers.dhcp_rpc_agent_api [None req-54bae064-26f3-4efd-823a-1aa443188d6e cb9d10bd59f74ab8ae504e162915dd23 fdb0f48dd9a44f3fa381651eb78c7895 - - default default] Unable to schedule network 4a176bc8-0d88-4a3e-98a0-1b103558335e: no agents available; will retry on subsequent port and subnet creation events.
2026-03-04 02:32:32.258 10 WARNING neutron.scheduler.dhcp_agent_scheduler [None req-1760e4ba-31c0-467c-a128-b493d7783a5f 173868912eca40aa806fc5a622af080e ac85644370cb4dde9e603bc1cb473d23 - - default default] No more DHCP agents
2026-03-04 02:32:32.263 10 WARNING neutron.api.rpc.agentnotifiers.dhcp_rpc_agent_api [None req-1760e4ba-31c0-467c-a128-b493d7783a5f 173868912eca40aa806fc5a622af080e ac85644370cb4dde9e603bc1cb473d23 - - default default] Unable to schedule network 9b418685-dc94-4a02-b76c-52e090637f80: no agents available; will retry on subsequent port and subnet creation events.
2026-03-04 02:32:32.277 10 INFO neutron.db.ovn_revision_numbers_db [None req-54bae064-26f3-4efd-823a-1aa443188d6e cb9d10bd59f74ab8ae504e162915dd23 fdb0f48dd9a44f3fa381651eb78c7895 - - default default] Successfully bumped revision number for resource ed51b797-4e51-491e-a49e-7b2fcd558407 (type: ports) to 1
2026-03-04 02:32:32.403 9 INFO neutron.wsgi [req-0050c4b4-3866-439a-8a1b-77ed438cb468 req-c0936c30-7800-4fb5-97a5-be2b84e8fdfd 80ae87919b6b4ff386ebf462004b5e60 855ab45ec08f4a27820cc13738a6cb4e - - default default] 10.0.0.206 "GET /v2.0/ports?device_id=d5aa89ba-a23d-46a2-967d-ececf838e8ad HTTP/1.1" status: 200 len: 1156 time: 0.1561413 /var/lib/openstack/lib/python3.10/site-packages/pycadf/identifier.py:71: UserWarning: Invalid uuid: neutron. To ensure interoperability, identifiers should be a valid uuid. warnings.warn(('Invalid uuid: %s. To ensure interoperability, '
2026-03-04 02:32:32.467 9 INFO neutron.wsgi [req-0050c4b4-3866-439a-8a1b-77ed438cb468 req-5144516e-c21a-466b-8635-4507c965e723 80ae87919b6b4ff386ebf462004b5e60 855ab45ec08f4a27820cc13738a6cb4e - - default default] 10.0.0.206 "GET /v2.0/security-groups?id=b1cd5d7a-78fe-4d36-8149-4055447af63b&fields=id&fields=name HTTP/1.1" status: 200 len: 310 time: 0.0598648
2026-03-04 02:32:32.553 9 INFO neutron.db.ovn_revision_numbers_db [req-11bb1546-06fc-4bed-bbd4-a8780b9ffd87 req-22184cf9-f469-4ad4-9b2f-e26ad582ded3 9485d081605d4854bc7425fede65ba90 59b95180f6ac47f9b81ebeea0a229261 - - f65d03401fe643fba374468d1db27df7 f65d03401fe643fba374468d1db27df7] Successfully bumped revision number for resource 71669820-d48a-4787-bcd9-70214a7f5be9 (type: ports) to 2
2026-03-04 02:32:32.680 10 INFO neutron.db.ovn_revision_numbers_db [None req-1760e4ba-31c0-467c-a128-b493d7783a5f 173868912eca40aa806fc5a622af080e ac85644370cb4dde9e603bc1cb473d23 - - default default] Successfully bumped revision number for resource 42c73a35-649f-4614-b8c5-9166eefe7cc9 (type: ports) to 1
2026-03-04 02:32:32.727 10 INFO neutron.wsgi [None req-1760e4ba-31c0-467c-a128-b493d7783a5f 173868912eca40aa806fc5a622af080e ac85644370cb4dde9e603bc1cb473d23 - - default default] 10.0.0.194 "POST /v2.0/networks HTTP/1.1" status: 201 len: 830 time: 1.5642695
2026-03-04 02:32:32.782 9 INFO neutron.db.ovn_revision_numbers_db [req-11bb1546-06fc-4bed-bbd4-a8780b9ffd87 req-22184cf9-f469-4ad4-9b2f-e26ad582ded3 9485d081605d4854bc7425fede65ba90 59b95180f6ac47f9b81ebeea0a229261 - - f65d03401fe643fba374468d1db27df7 f65d03401fe643fba374468d1db27df7] Successfully bumped revision number for resource 71669820-d48a-4787-bcd9-70214a7f5be9 (type: ports) to 2
2026-03-04 02:32:32.800 10 INFO neutron.wsgi [None req-7c51e381-9d14-4a61-aab1-099a0997607e 173868912eca40aa806fc5a622af080e ac85644370cb4dde9e603bc1cb473d23 - - default default] 10.0.0.194 "PUT /v2.0/networks/9b418685-dc94-4a02-b76c-52e090637f80/tags HTTP/1.1" status: 200 len: 218 time: 0.0680087
2026-03-04 02:32:32.804 9 INFO neutron.wsgi [req-11bb1546-06fc-4bed-bbd4-a8780b9ffd87 req-22184cf9-f469-4ad4-9b2f-e26ad582ded3 9485d081605d4854bc7425fede65ba90 59b95180f6ac47f9b81ebeea0a229261 - - f65d03401fe643fba374468d1db27df7 f65d03401fe643fba374468d1db27df7] 199.204.45.25 "PUT /v2.0/ports/71669820-d48a-4787-bcd9-70214a7f5be9 HTTP/1.1" status: 200 len: 1376 time: 1.2852919 /var/lib/openstack/lib/python3.10/site-packages/pycadf/identifier.py:71: UserWarning: Invalid uuid: neutron. To ensure interoperability, identifiers should be a valid uuid. warnings.warn(('Invalid uuid: %s. To ensure interoperability, '
2026-03-04 02:32:32.847 9 INFO neutron.notifiers.nova [-] Nova event matching ['req-0c46a41d-59f9-450d-a03b-ea547d9a608e'] response: {'name': 'network-changed', 'server_uuid': 'd5aa89ba-a23d-46a2-967d-ececf838e8ad', 'tag': '71669820-d48a-4787-bcd9-70214a7f5be9', 'status': 'completed', 'code': 200}
2026-03-04 02:32:32.880 9 INFO neutron.wsgi [None req-da00c28b-9e76-47c2-88e5-99a3f12e7a8c 173868912eca40aa806fc5a622af080e ac85644370cb4dde9e603bc1cb473d23 - - default default] 10.0.0.194 "GET /v2.0/networks/9b418685-dc94-4a02-b76c-52e090637f80/tags HTTP/1.1" status: 200 len: 218 time: 0.0710664
2026-03-04 02:32:32.915 9 INFO neutron.wsgi [req-11bb1546-06fc-4bed-bbd4-a8780b9ffd87 req-e4166f86-43e7-4dbc-9923-750860c86594 9485d081605d4854bc7425fede65ba90 59b95180f6ac47f9b81ebeea0a229261 - - f65d03401fe643fba374468d1db27df7 f65d03401fe643fba374468d1db27df7] 199.204.45.25 "GET /v2.0/ports?tenant_id=855ab45ec08f4a27820cc13738a6cb4e&device_id=d5aa89ba-a23d-46a2-967d-ececf838e8ad HTTP/1.1" status: 200 len: 1407 time: 0.0611384
2026-03-04 02:32:32.955 9 INFO neutron.wsgi [req-11bb1546-06fc-4bed-bbd4-a8780b9ffd87 req-a36c7ac1-711c-4f16-bde5-9cc367c49d85 9485d081605d4854bc7425fede65ba90 59b95180f6ac47f9b81ebeea0a229261 - - f65d03401fe643fba374468d1db27df7 f65d03401fe643fba374468d1db27df7] 199.204.45.25 "GET /v2.0/floatingips?fixed_ip_address=10.100.0.5&port_id=71669820-d48a-4787-bcd9-70214a7f5be9 HTTP/1.1" status: 200 len: 217 time: 0.0332513
2026-03-04 02:32:32.982 9 INFO neutron.wsgi [None req-183b0711-9f40-4e08-b4f8-8f58bee5463b 173868912eca40aa806fc5a622af080e ac85644370cb4dde9e603bc1cb473d23 - - default default] 10.0.0.194 "PUT /v2.0/networks/9b418685-dc94-4a02-b76c-52e090637f80/tags/green HTTP/1.1" status: 201 len: 201 time: 0.0936339
2026-03-04 02:32:33.025 9 INFO neutron.wsgi [req-11bb1546-06fc-4bed-bbd4-a8780b9ffd87 req-3cb1da9a-8a15-4503-b8ee-59457fbc61bb 9485d081605d4854bc7425fede65ba90 59b95180f6ac47f9b81ebeea0a229261 - - f65d03401fe643fba374468d1db27df7 f65d03401fe643fba374468d1db27df7] 199.204.45.25 "GET /v2.0/subnets?id=8fc00466-e6a2-494c-9e13-1ab154fa067a HTTP/1.1" status: 200 len: 853 time: 0.0546100
2026-03-04 02:32:33.062 9 INFO neutron.wsgi [None req-8c253b63-0e8b-4ff0-8ded-ffc03176debd 173868912eca40aa806fc5a622af080e ac85644370cb4dde9e603bc1cb473d23 - - default default] 10.0.0.194 "GET /v2.0/networks/9b418685-dc94-4a02-b76c-52e090637f80/tags HTTP/1.1" status: 200 len: 227 time: 0.0699215
2026-03-04 02:32:33.064 9 INFO neutron.wsgi [req-11bb1546-06fc-4bed-bbd4-a8780b9ffd87 req-0497ad66-7da6-447f-80ef-55afccd7f35d 9485d081605d4854bc7425fede65ba90 59b95180f6ac47f9b81ebeea0a229261 - - f65d03401fe643fba374468d1db27df7 f65d03401fe643fba374468d1db27df7] 199.204.45.25 "GET /v2.0/ports?network_id=c8bd9137-cb15-4b59-9893-2a911203826c&device_owner=network%3Adhcp HTTP/1.1" status: 200 len: 210 time: 0.0251932
2026-03-04 02:32:33.146 9 INFO neutron.wsgi [None req-9086db89-1350-4364-a782-bd9d158089f7 173868912eca40aa806fc5a622af080e ac85644370cb4dde9e603bc1cb473d23 - - default default] 10.0.0.194 "PUT /v2.0/networks/9b418685-dc94-4a02-b76c-52e090637f80/tags/red HTTP/1.1" status: 201 len: 201 time: 0.0758512
2026-03-04 02:32:33.186 9 INFO neutron.wsgi [req-11bb1546-06fc-4bed-bbd4-a8780b9ffd87 req-58167c9a-ffee-42a8-bd2f-fd53db3cda95 9485d081605d4854bc7425fede65ba90 59b95180f6ac47f9b81ebeea0a229261 - - f65d03401fe643fba374468d1db27df7 f65d03401fe643fba374468d1db27df7] 199.204.45.25 "GET /v2.0/networks/c8bd9137-cb15-4b59-9893-2a911203826c?fields=segments HTTP/1.1" status: 200 len: 212 time: 0.1087675
2026-03-04 02:32:33.205 9 INFO neutron.wsgi [None req-db332370-415e-4a94-843d-efc452bafd59 173868912eca40aa806fc5a622af080e ac85644370cb4dde9e603bc1cb473d23 - - default default] 10.0.0.194 "GET /v2.0/networks/9b418685-dc94-4a02-b76c-52e090637f80/tags HTTP/1.1" status: 200 len: 227 time: 0.0537992
2026-03-04 02:32:33.263 9 INFO neutron.wsgi [req-11bb1546-06fc-4bed-bbd4-a8780b9ffd87 req-a0e3ac54-7c6f-4601-9e72-fdfef3ebd3c5 9485d081605d4854bc7425fede65ba90 59b95180f6ac47f9b81ebeea0a229261 - - f65d03401fe643fba374468d1db27df7 f65d03401fe643fba374468d1db27df7] 199.204.45.25 "GET /v2.0/networks/c8bd9137-cb15-4b59-9893-2a911203826c?fields=provider%3Aphysical_network&fields=provider%3Anetwork_type HTTP/1.1" status: 200 len: 277 time: 0.0701520
2026-03-04 02:32:33.296 10 INFO neutron.wsgi [None req-fc7f4c81-b96e-4b03-8220-5a3d5b007116 173868912eca40aa806fc5a622af080e ac85644370cb4dde9e603bc1cb473d23 - - default default] 10.0.0.194 "PUT /v2.0/networks/9b418685-dc94-4a02-b76c-52e090637f80/tags/black.or.white HTTP/1.1" status: 201 len: 201 time: 0.0854223
2026-03-04 02:32:33.377 9 INFO neutron.wsgi [req-219c6d9c-a05b-48bb-a8a7-33ff5a69e98b req-7a3cff11-e9d4-46ee-a11d-dee52d9d2b05 9485d081605d4854bc7425fede65ba90 59b95180f6ac47f9b81ebeea0a229261 - - f65d03401fe643fba374468d1db27df7 f65d03401fe643fba374468d1db27df7] 199.204.45.25 "GET /v2.0/ports?tenant_id=855ab45ec08f4a27820cc13738a6cb4e&device_id=d5aa89ba-a23d-46a2-967d-ececf838e8ad HTTP/1.1" status: 200 len: 1407 time: 0.0674052
2026-03-04 02:32:33.408 10 INFO neutron.wsgi [None req-f967ff33-1cf9-4927-b50b-404ca546d066 173868912eca40aa806fc5a622af080e ac85644370cb4dde9e603bc1cb473d23 - - default default] 10.0.0.194 "GET /v2.0/networks/9b418685-dc94-4a02-b76c-52e090637f80/tags HTTP/1.1" status: 200 len: 245 time: 0.1069622
2026-03-04 02:32:33.453 10 INFO neutron.plugins.ml2.drivers.ovn.mech_driver.ovsdb.commands [None req-771a3c9f-0929-45e8-aa30-583fcfbfe799 - - - - - -] Schedule LRP lrp-ed51b797-4e51-491e-a49e-7b2fcd558407 on gateway c71abeac-da05-4f35-97fb-16479a098fd8 with priority 1
2026-03-04 02:32:33.469 10 INFO neutron.plugins.ml2.drivers.ovn.mech_driver.mech_driver [None req-46bc045e-989f-44d3-8aca-06a9b661dce8 - - - - - -] OVN reports status up for port: ed51b797-4e51-491e-a49e-7b2fcd558407
2026-03-04 02:32:33.472 9 INFO neutron.wsgi [req-219c6d9c-a05b-48bb-a8a7-33ff5a69e98b req-08701fee-8600-462a-b4f7-5107e030aec4 9485d081605d4854bc7425fede65ba90 59b95180f6ac47f9b81ebeea0a229261 - - f65d03401fe643fba374468d1db27df7 f65d03401fe643fba374468d1db27df7] 199.204.45.25 "GET /v2.0/networks?id=c8bd9137-cb15-4b59-9893-2a911203826c HTTP/1.1" status: 200 len: 956 time: 0.0884247
2026-03-04 02:32:33.486 10 INFO neutron.plugins.ml2.plugin [None req-46bc045e-989f-44d3-8aca-06a9b661dce8 - - - - - -] Attempt 1 to provision port ed51b797-4e51-491e-a49e-7b2fcd558407
2026-03-04 02:32:33.510 9 INFO neutron.wsgi [req-219c6d9c-a05b-48bb-a8a7-33ff5a69e98b req-57e94209-709b-444f-8945-528fc1188016 9485d081605d4854bc7425fede65ba90 59b95180f6ac47f9b81ebeea0a229261 - - f65d03401fe643fba374468d1db27df7 f65d03401fe643fba374468d1db27df7] 199.204.45.25 "GET /v2.0/floatingips?fixed_ip_address=10.100.0.5&port_id=71669820-d48a-4787-bcd9-70214a7f5be9 HTTP/1.1" status: 200 len: 217 time: 0.0311260
2026-03-04 02:32:33.556 10 INFO neutron.wsgi [None req-cb5fa070-2d14-4679-87ee-5b56fc8013b3 173868912eca40aa806fc5a622af080e ac85644370cb4dde9e603bc1cb473d23 - - default default] 10.0.0.194 "PUT /v2.0/networks/9b418685-dc94-4a02-b76c-52e090637f80/tags HTTP/1.1" status: 200 len: 230 time: 0.1397173
2026-03-04 02:32:33.573 10 INFO neutron.db.ovn_revision_numbers_db [None req-54bae064-26f3-4efd-823a-1aa443188d6e cb9d10bd59f74ab8ae504e162915dd23 fdb0f48dd9a44f3fa381651eb78c7895 - - default default] Successfully bumped revision number for resource ed51b797-4e51-491e-a49e-7b2fcd558407 (type: router_ports) to 1
2026-03-04 02:32:33.576 9 INFO neutron.wsgi [req-219c6d9c-a05b-48bb-a8a7-33ff5a69e98b req-b48f6a55-b77e-49ce-8342-29fe70bf91d5 9485d081605d4854bc7425fede65ba90 59b95180f6ac47f9b81ebeea0a229261 - - f65d03401fe643fba374468d1db27df7 f65d03401fe643fba374468d1db27df7] 199.204.45.25 "GET /v2.0/subnets?id=8fc00466-e6a2-494c-9e13-1ab154fa067a HTTP/1.1" status: 200 len: 853 time: 0.0582187
2026-03-04 02:32:33.613 9 INFO neutron.plugins.ml2.drivers.ovn.mech_driver.mech_driver [None req-3865a772-688b-4849-821e-ed6a72bb218c - - - - - -] OVN reports status up for port: 71669820-d48a-4787-bcd9-70214a7f5be9
2026-03-04 02:32:33.625 9 INFO neutron.wsgi [req-6252812b-8a32-4a30-8bce-7be24561a6fc req-df6216de-508f-4a20-a511-22c2a63477f8 80ae87919b6b4ff386ebf462004b5e60 855ab45ec08f4a27820cc13738a6cb4e - - default default] 10.0.0.206 "GET /v2.0/ports?device_id=d5aa89ba-a23d-46a2-967d-ececf838e8ad HTTP/1.1" status: 200 len: 1168 time: 0.0772607
2026-03-04 02:32:33.636 9 INFO neutron.wsgi [req-219c6d9c-a05b-48bb-a8a7-33ff5a69e98b req-a3e02dfb-44d5-4868-b29e-76c006303072 9485d081605d4854bc7425fede65ba90 59b95180f6ac47f9b81ebeea0a229261 - - f65d03401fe643fba374468d1db27df7 f65d03401fe643fba374468d1db27df7] 199.204.45.25 "GET /v2.0/ports?network_id=c8bd9137-cb15-4b59-9893-2a911203826c&device_owner=network%3Adhcp HTTP/1.1" status: 200 len: 210 time: 0.0466018
2026-03-04 02:32:33.642 10 INFO neutron.wsgi [None req-a2511a24-b5c9-452d-925a-6cdb5cc2f348 173868912eca40aa806fc5a622af080e ac85644370cb4dde9e603bc1cb473d23 - - default default] 10.0.0.194 "GET /v2.0/networks/9b418685-dc94-4a02-b76c-52e090637f80/tags HTTP/1.1" status: 200 len: 230 time: 0.0780988
2026-03-04 02:32:33.652 9 INFO neutron.plugins.ml2.plugin [None req-3865a772-688b-4849-821e-ed6a72bb218c - - - - - -] Attempt 1 to provision port 71669820-d48a-4787-bcd9-70214a7f5be9
2026-03-04 02:32:33.700 10 INFO neutron.db.ovn_revision_numbers_db [None req-54bae064-26f3-4efd-823a-1aa443188d6e cb9d10bd59f74ab8ae504e162915dd23 fdb0f48dd9a44f3fa381651eb78c7895 - - default default] Successfully bumped revision number for resource 52d0d578-1f15-4b80-9012-c6c1f4b6606d (type: routers) to 2
2026-03-04 02:32:33.719 10 INFO neutron.wsgi [None req-54bae064-26f3-4efd-823a-1aa443188d6e cb9d10bd59f74ab8ae504e162915dd23 fdb0f48dd9a44f3fa381651eb78c7895 - - default default] 10.0.0.194 "POST /v2.0/routers HTTP/1.1" status: 201 len: 1135 time: 2.2931831
2026-03-04 02:32:33.749 9 INFO neutron.wsgi [None req-4c4f8e26-eebe-4128-97e0-f2d8c7046dac 173868912eca40aa806fc5a622af080e ac85644370cb4dde9e603bc1cb473d23 - - default default] 10.0.0.194 "GET /v2.0/networks/9b418685-dc94-4a02-b76c-52e090637f80/tags/red HTTP/1.1" status: 204 len: 168 time: 0.0980828
2026-03-04 02:32:33.753 9 INFO neutron.wsgi [req-6252812b-8a32-4a30-8bce-7be24561a6fc req-130bff6e-be1c-4677-8eba-707845336b1e 80ae87919b6b4ff386ebf462004b5e60 855ab45ec08f4a27820cc13738a6cb4e - - default default] 10.0.0.206 "GET /v2.0/security-groups?id=b1cd5d7a-78fe-4d36-8149-4055447af63b&fields=id&fields=name HTTP/1.1" status: 200 len: 310 time: 0.1126661
2026-03-04 02:32:33.767 9 INFO neutron.wsgi [req-219c6d9c-a05b-48bb-a8a7-33ff5a69e98b req-209895df-42f7-4c65-ad21-3e42577885e0 9485d081605d4854bc7425fede65ba90 59b95180f6ac47f9b81ebeea0a229261 - - f65d03401fe643fba374468d1db27df7 f65d03401fe643fba374468d1db27df7] 199.204.45.25 "GET /v2.0/networks/c8bd9137-cb15-4b59-9893-2a911203826c?fields=segments HTTP/1.1" status: 200 len: 212 time: 0.1183996
2026-03-04 02:32:33.826 10 INFO neutron.api.v2.resource [None req-c5331c47-4d8a-4d4f-9197-247e67e93f32 173868912eca40aa806fc5a622af080e ac85644370cb4dde9e603bc1cb473d23 - - default default] show failed (client error): The resource could not be found.
2026-03-04 02:32:33.828 10 INFO neutron.wsgi [None req-c5331c47-4d8a-4d4f-9197-247e67e93f32 173868912eca40aa806fc5a622af080e ac85644370cb4dde9e603bc1cb473d23 - - default default] 10.0.0.194 "GET /v2.0/networks/9b418685-dc94-4a02-b76c-52e090637f80/tags/green HTTP/1.1" status: 404 len: 299 time: 0.0718281
2026-03-04 02:32:33.860 9 INFO neutron.wsgi [req-219c6d9c-a05b-48bb-a8a7-33ff5a69e98b req-a0bc1be0-2f0b-41f3-ab91-a926c6932d1e 9485d081605d4854bc7425fede65ba90 59b95180f6ac47f9b81ebeea0a229261 - - f65d03401fe643fba374468d1db27df7 f65d03401fe643fba374468d1db27df7] 199.204.45.25 "GET /v2.0/networks/c8bd9137-cb15-4b59-9893-2a911203826c?fields=provider%3Aphysical_network&fields=provider%3Anetwork_type HTTP/1.1" status: 200 len: 277 time: 0.0859728
2026-03-04 02:32:33.886 10 INFO neutron.api.v2.resource [None req-aa64afe7-6d0a-45f5-9a0c-bab87a2b097c 2e05c2d6c10d4044929e90145e217057 ea6ec88edcd143ecb454498f80601591 - - default default] create failed (client error): The server could not comply with the request since it is either malformed or otherwise incorrect.
2026-03-04 02:32:33.888 10 INFO neutron.wsgi [None req-aa64afe7-6d0a-45f5-9a0c-bab87a2b097c 2e05c2d6c10d4044929e90145e217057 ea6ec88edcd143ecb454498f80601591 - - default default] 10.0.0.194 "POST /v2.0/vpn/vpnservices HTTP/1.1" status: 400 len: 397 time: 0.1630018
2026-03-04 02:32:33.909 10 INFO neutron.wsgi [None req-11098902-c994-4658-966a-423c89adb3d9 173868912eca40aa806fc5a622af080e ac85644370cb4dde9e603bc1cb473d23 - - default default] 10.0.0.194 "DELETE /v2.0/networks/9b418685-dc94-4a02-b76c-52e090637f80/tags/red HTTP/1.1" status: 204 len: 168 time: 0.0740640
2026-03-04 02:32:33.965 9 INFO neutron.wsgi [None req-b1425336-20cd-4ee9-a260-25137a755e4d 173868912eca40aa806fc5a622af080e ac85644370cb4dde9e603bc1cb473d23 - - default default] 10.0.0.194 "GET /v2.0/networks/9b418685-dc94-4a02-b76c-52e090637f80/tags HTTP/1.1" status: 200 len: 223 time: 0.0498765
2026-03-04 02:32:34.047 9 INFO neutron.api.v2.resource [None req-d7b66101-f955-43c2-8784-31a93e1c3a77 173868912eca40aa806fc5a622af080e ac85644370cb4dde9e603bc1cb473d23 - - default default] delete failed (client error): The resource could not be found.
2026-03-04 02:32:34.049 9 INFO neutron.wsgi [None req-d7b66101-f955-43c2-8784-31a93e1c3a77 173868912eca40aa806fc5a622af080e ac85644370cb4dde9e603bc1cb473d23 - - default default] 10.0.0.194 "DELETE /v2.0/networks/9b418685-dc94-4a02-b76c-52e090637f80/tags/green HTTP/1.1" status: 404 len: 299 time: 0.0787709
2026-03-04 02:32:34.126 9 INFO neutron.db.ovn_revision_numbers_db [None req-3865a772-688b-4849-821e-ed6a72bb218c - - - - - -] Successfully bumped revision number for resource 71669820-d48a-4787-bcd9-70214a7f5be9 (type: ports) to 4
2026-03-04 02:32:34.141 9 INFO neutron.wsgi [None req-91e5c630-e240-4e4a-8c4a-c1ed50e22dc6 173868912eca40aa806fc5a622af080e ac85644370cb4dde9e603bc1cb473d23 - - default default] 10.0.0.194 "DELETE /v2.0/networks/9b418685-dc94-4a02-b76c-52e090637f80/tags HTTP/1.1" status: 204 len: 168 time: 0.0859811
