2026-03-04 02:29:33.356 10 ERROR neutron_lib.callbacks.manager [None req-520a3490-f86d-48f7-87e4-d23f8a98fc6f f764cb98fbc14b22a4385fbda58872d3 81dca49d9af146ea908521053a3518f5 - - default default] Error during notification for neutron.services.ovn_l3.plugin.OVNL3RouterPlugin._port_update-8751242514159 port, after_update: ovsdbapp.backend.ovs_idl.idlutils.RowNotFound: Cannot find Logical_Router_Port with name=lrp-f2ff6b73-5d6d-4e68-bbf9-453bd35cc90a
2026-03-04 02:29:33.356 10 ERROR neutron_lib.callbacks.manager
Traceback (most recent call last):
2026-03-04 02:29:33.356 10 ERROR neutron_lib.callbacks.manager
File "/var/lib/openstack/lib/python3.10/site-packages/neutron_lib/callbacks/manager.py", line 189, in _notify_loop
2026-03-04 02:29:33.356 10 ERROR neutron_lib.callbacks.manager callback.method(resource, event, trigger, payload=payload)
2026-03-04 02:29:33.356 10 ERROR neutron_lib.callbacks.manager
File "/var/lib/openstack/lib/python3.10/site-packages/neutron/services/ovn_l3/plugin.py", line 391, in _port_update
2026-03-04 02:29:33.356 10 ERROR neutron_lib.callbacks.manager l3plugin._ovn_client.update_router_port(context,
2026-03-04 02:29:33.356 10 ERROR neutron_lib.callbacks.manager
File "/var/lib/openstack/lib/python3.10/site-packages/neutron/plugins/ml2/drivers/ovn/mech_driver/ovsdb/ovn_client.py", line 1878, in update_router_port
2026-03-04 02:29:33.356 10 ERROR neutron_lib.callbacks.manager self._update_lrouter_port(context, port, if_exists=if_exists,
2026-03-04 02:29:33.356 10 ERROR neutron_lib.callbacks.manager
File "/var/lib/openstack/lib/python3.10/site-packages/neutron/plugins/ml2/drivers/ovn/mech_driver/ovsdb/ovn_client.py", line 1855, in _update_lrouter_port
2026-03-04 02:29:33.356 10 ERROR neutron_lib.callbacks.manager external_ids = self._nb_idl.db_get(
2026-03-04 02:29:33.356 10 ERROR neutron_lib.callbacks.manager
File "/var/lib/openstack/lib/python3.10/site-packages/ovsdbapp/backend/ovs_idl/command.py", line 47, in execute
2026-03-04 02:29:33.356 10 ERROR neutron_lib.callbacks.manager self.run_idl(None)
2026-03-04 02:29:33.356 10 ERROR neutron_lib.callbacks.manager
File "/var/lib/openstack/lib/python3.10/site-packages/ovsdbapp/backend/ovs_idl/command.py", line 235, in run_idl
2026-03-04 02:29:33.356 10 ERROR neutron_lib.callbacks.manager record = self.api.lookup(self.table, self.record)
2026-03-04 02:29:33.356 10 ERROR neutron_lib.callbacks.manager
File "/var/lib/openstack/lib/python3.10/site-packages/ovsdbapp/backend/ovs_idl/__init__.py", line 184, in lookup
2026-03-04 02:29:33.356 10 ERROR neutron_lib.callbacks.manager return self._lookup(table, record)
2026-03-04 02:29:33.356 10 ERROR neutron_lib.callbacks.manager
File "/var/lib/openstack/lib/python3.10/site-packages/ovsdbapp/backend/ovs_idl/__init__.py", line 235, in _lookup
2026-03-04 02:29:33.356 10 ERROR neutron_lib.callbacks.manager row = idlutils.row_by_value(self, rl.table, rl.column, record)
2026-03-04 02:29:33.356 10 ERROR neutron_lib.callbacks.manager
File "/var/lib/openstack/lib/python3.10/site-packages/ovsdbapp/backend/ovs_idl/idlutils.py", line 114, in row_by_value
2026-03-04 02:29:33.356 10 ERROR neutron_lib.callbacks.manager raise RowNotFound(table=table, col=column, match=match)
2026-03-04 02:29:33.356 10 ERROR neutron_lib.callbacks.manager ovsdbapp.backend.ovs_idl.idlutils.RowNotFound: Cannot find Logical_Router_Port with name=lrp-f2ff6b73-5d6d-4e68-bbf9-453bd35cc90a
2026-03-04 02:29:33.356 10 ERROR neutron_lib.callbacks.manager 
2026-03-04 02:29:33.480 10 INFO neutron.db.ovn_revision_numbers_db [None req-d282d972-d28a-460d-a0ba-1cb633a59459 662fdb4553ed4391a76043e4a0a6b7f5 fd54ccef41bf45639af7b5b76ade7e1d - - default default] Successfully bumped revision number for resource 6990cc73-b4d4-4072-9ebc-488e73598fdd (type: router_ports) to 1
2026-03-04 02:29:33.488 10 INFO neutron.wsgi [None req-d282d972-d28a-460d-a0ba-1cb633a59459 662fdb4553ed4391a76043e4a0a6b7f5 fd54ccef41bf45639af7b5b76ade7e1d - - default default] 10.0.0.194 "PUT /v2.0/routers/df3ac736-bd66-48cd-9a3f-8048b96a5ecf/add_router_interface HTTP/1.1" status: 200 len: 503 time: 3.6331081 /var/lib/openstack/lib/python3.10/site-packages/pycadf/identifier.py:71: UserWarning: Invalid uuid: neutron. To ensure interoperability, identifiers should be a valid uuid. warnings.warn(('Invalid uuid: %s. To ensure interoperability, '
2026-03-04 02:29:33.514 10 WARNING neutron_lib.context [None req-67844012-8f30-4785-8ce3-4b7e2d70763f 662fdb4553ed4391a76043e4a0a6b7f5 fd54ccef41bf45639af7b5b76ade7e1d - - default default] Method 'is_advsvc' is deprecated since 2023.2 release (neutron-lib 3.8.0) and will be removed once support for the old RBAC API policies will be removed from Neutron. Please use method 'is_service_role' instead.
2026-03-04 02:29:33.569 9 INFO neutron.db.ovn_revision_numbers_db [None req-7ced8c6a-38b2-403f-8e8e-0854003e3fd1 - - - - - -] Successfully bumped revision number for resource 5c38c01c-f91f-4414-b8c1-f766c10ab9c1 (type: router_ports) to 4
2026-03-04 02:29:33.676 10 WARNING neutron_lib.context [None req-1237daad-a6b3-4ebe-888a-a83984637d26 4c257b984aa34887a50dbc0588c16246 277b9a37f0374f3e84484d8da3840530 - - default default] Method 'is_advsvc' is deprecated since 2023.2 release (neutron-lib 3.8.0) and will be removed once support for the old RBAC API policies will be removed from Neutron. Please use method 'is_service_role' instead.
2026-03-04 02:29:33.699 10 INFO neutron.db.ovn_revision_numbers_db [None req-520a3490-f86d-48f7-87e4-d23f8a98fc6f f764cb98fbc14b22a4385fbda58872d3 81dca49d9af146ea908521053a3518f5 - - default default] Successfully bumped revision number for resource f2ff6b73-5d6d-4e68-bbf9-453bd35cc90a (type: ports) to 2
2026-03-04 02:29:33.857 10 WARNING neutron.scheduler.dhcp_agent_scheduler [None req-520a3490-f86d-48f7-87e4-d23f8a98fc6f f764cb98fbc14b22a4385fbda58872d3 81dca49d9af146ea908521053a3518f5 - - default default] No more DHCP agents
2026-03-04 02:29:33.870 10 WARNING neutron.api.rpc.agentnotifiers.dhcp_rpc_agent_api [None req-520a3490-f86d-48f7-87e4-d23f8a98fc6f f764cb98fbc14b22a4385fbda58872d3 81dca49d9af146ea908521053a3518f5 - - default default] Unable to schedule network f67f1f27-d007-4686-9af6-6baa62bd2bbb: no agents available; will retry on subsequent port and subnet creation events.
2026-03-04 02:29:33.882 9 INFO neutron.db.ovn_revision_numbers_db [None req-ca9914fc-7880-4168-a0be-3c34570e5fcf 0eaeb9811a0e4e0683b5036e4583a103 8f88e600cf3449f8a080511d31fa8f58 - - default default] Successfully bumped revision number for resource 066ed06b-268c-4010-95d6-aa60260c75c6 (type: router_ports) to 1
2026-03-04 02:29:33.889 9 INFO neutron.wsgi [None req-ca9914fc-7880-4168-a0be-3c34570e5fcf 0eaeb9811a0e4e0683b5036e4583a103 8f88e600cf3449f8a080511d31fa8f58 - - default default] 10.0.0.194 "PUT /v2.0/routers/74bb5927-1dd1-4a23-bbbd-9753cc65f0bc/add_router_interface HTTP/1.1" status: 200 len: 503 time: 3.3404841
2026-03-04 02:29:34.109 10 INFO neutron.db.ovn_revision_numbers_db [None req-1237daad-a6b3-4ebe-888a-a83984637d26 4c257b984aa34887a50dbc0588c16246 277b9a37f0374f3e84484d8da3840530 - - default default] Successfully bumped revision number for resource 0f14982b-30cf-47a5-b01a-12bebe795f74 (type: security_groups) to 1
2026-03-04 02:29:34.153 10 INFO neutron.db.ovn_revision_numbers_db [None req-1237daad-a6b3-4ebe-888a-a83984637d26 4c257b984aa34887a50dbc0588c16246 277b9a37f0374f3e84484d8da3840530 - - default default] Successfully bumped revision number for resource 37702171-39a6-4743-b6ca-e066e8b31912 (type: security_group_rules) to 0
2026-03-04 02:29:34.179 10 INFO neutron.db.ovn_revision_numbers_db [None req-46bc045e-989f-44d3-8aca-06a9b661dce8 - - - - - -] Successfully bumped revision number for resource f2ff6b73-5d6d-4e68-bbf9-453bd35cc90a (type: ports) to 3
2026-03-04 02:29:34.192 10 INFO neutron.db.ovn_revision_numbers_db [None req-1237daad-a6b3-4ebe-888a-a83984637d26 4c257b984aa34887a50dbc0588c16246 277b9a37f0374f3e84484d8da3840530 - - default default] Successfully bumped revision number for resource 3ba886ea-b8e9-4523-ab09-50cc622b59c1 (type: security_group_rules) to 0
2026-03-04 02:29:34.507 9 WARNING neutron_lib.context [None req-dc1639a0-52e3-4df2-a1c5-58cfa9ceee22 8eb51814642348b48b17492a62efb0ef 5d67e1745f5540598ea98529dda448dd - - default default] Method 'is_advsvc' is deprecated since 2023.2 release (neutron-lib 3.8.0) and will be removed once support for the old RBAC API policies will be removed from Neutron. Please use method 'is_service_role' instead.
2026-03-04 02:29:34.520 10 INFO neutron.db.ovn_revision_numbers_db [None req-520a3490-f86d-48f7-87e4-d23f8a98fc6f f764cb98fbc14b22a4385fbda58872d3 81dca49d9af146ea908521053a3518f5 - - default default] Successfully bumped revision number for resource f2ff6b73-5d6d-4e68-bbf9-453bd35cc90a (type: router_ports) to 3
2026-03-04 02:29:34.529 10 INFO neutron.wsgi [None req-520a3490-f86d-48f7-87e4-d23f8a98fc6f f764cb98fbc14b22a4385fbda58872d3 81dca49d9af146ea908521053a3518f5 - - default default] 10.0.0.194 "PUT /v2.0/routers/8529694d-a8e7-4459-a883-f7e1879334d8/add_router_interface HTTP/1.1" status: 200 len: 503 time: 3.1132326
2026-03-04 02:29:34.532 10 INFO neutron.db.ovn_revision_numbers_db [None req-1237daad-a6b3-4ebe-888a-a83984637d26 4c257b984aa34887a50dbc0588c16246 277b9a37f0374f3e84484d8da3840530 - - default default] Successfully bumped revision number for resource af101615-13ed-4ffd-83d4-5dad67565b8c (type: security_group_rules) to 0
2026-03-04 02:29:34.564 10 INFO neutron.db.ovn_revision_numbers_db [None req-1237daad-a6b3-4ebe-888a-a83984637d26 4c257b984aa34887a50dbc0588c16246 277b9a37f0374f3e84484d8da3840530 - - default default] Successfully bumped revision number for resource f5cc7886-6f11-44ed-be7c-ea9a159a94be (type: security_group_rules) to 0
2026-03-04 02:29:34.613 10 WARNING neutron.scheduler.dhcp_agent_scheduler [None req-67844012-8f30-4785-8ce3-4b7e2d70763f 662fdb4553ed4391a76043e4a0a6b7f5 fd54ccef41bf45639af7b5b76ade7e1d - - default default] No more DHCP agents
2026-03-04 02:29:34.619 10 WARNING neutron.api.rpc.agentnotifiers.dhcp_rpc_agent_api [None req-67844012-8f30-4785-8ce3-4b7e2d70763f 662fdb4553ed4391a76043e4a0a6b7f5 fd54ccef41bf45639af7b5b76ade7e1d - - default default] Unable to schedule network ce365837-7432-4b9a-8bb5-8ea48b9a252b: no agents available; will retry on subsequent port and subnet creation events.
2026-03-04 02:29:34.639 9 INFO neutron.wsgi [None req-f3f9797c-0386-4a97-a5b2-a8072d3df0b6 f764cb98fbc14b22a4385fbda58872d3 81dca49d9af146ea908521053a3518f5 - - default default] 10.0.0.194 "GET /v2.0/ports/f2ff6b73-5d6d-4e68-bbf9-453bd35cc90a HTTP/1.1" status: 200 len: 1221 time: 0.1035564
2026-03-04 02:29:34.649 10 INFO neutron.db.segments_db [None req-1237daad-a6b3-4ebe-888a-a83984637d26 4c257b984aa34887a50dbc0588c16246 277b9a37f0374f3e84484d8da3840530 - - default default] Added segment 23514445-d17d-4657-83d3-b4f7e60413ec of type geneve for network c8b088ad-22eb-499f-a366-17a072ad2194
2026-03-04 02:29:34.891 10 INFO neutron.db.ovn_revision_numbers_db [None req-1237daad-a6b3-4ebe-888a-a83984637d26 4c257b984aa34887a50dbc0588c16246 277b9a37f0374f3e84484d8da3840530 - - default default] Successfully bumped revision number for resource c8b088ad-22eb-499f-a366-17a072ad2194 (type: networks) to 1
2026-03-04 02:29:34.921 10 INFO neutron.db.ovn_revision_numbers_db [None req-67844012-8f30-4785-8ce3-4b7e2d70763f 662fdb4553ed4391a76043e4a0a6b7f5 fd54ccef41bf45639af7b5b76ade7e1d - - default default] Successfully bumped revision number for resource 29862ae3-6acb-46d1-bab1-27b2fd2a81be (type: ports) to 1
2026-03-04 02:29:34.949 10 INFO neutron.wsgi [None req-67844012-8f30-4785-8ce3-4b7e2d70763f 662fdb4553ed4391a76043e4a0a6b7f5 fd54ccef41bf45639af7b5b76ade7e1d - - default default] 10.0.0.194 "POST /v2.0/ports HTTP/1.1" status: 201 len: 1157 time: 1.4557312
2026-03-04 02:29:34.950 9 INFO neutron.db.ovn_revision_numbers_db [None req-dc1639a0-52e3-4df2-a1c5-58cfa9ceee22 8eb51814642348b48b17492a62efb0ef 5d67e1745f5540598ea98529dda448dd - - default default] Successfully bumped revision number for resource e12b67b0-482f-4613-8103-ea34cb99f7a9 (type: security_groups) to 1
2026-03-04 02:29:34.953 9 WARNING neutron.plugins.ml2.drivers.ovn.mech_driver.ovsdb.ovn_client [None req-3865a772-688b-4849-821e-ed6a72bb218c - - - - - -] No hosting information found for port 58418baf-6c69-49f3-8309-1d51d259eb03: RuntimeError: No hosting information found for port 58418baf-6c69-49f3-8309-1d51d259eb03
2026-03-04 02:29:34.953 9 INFO neutron.plugins.ml2.drivers.ovn.mech_driver.mech_driver [None req-3865a772-688b-4849-821e-ed6a72bb218c - - - - - -] OVN reports status up for port: 6990cc73-b4d4-4072-9ebc-488e73598fdd /var/lib/openstack/lib/python3.10/site-packages/pycadf/identifier.py:71: UserWarning: Invalid uuid: neutron. To ensure interoperability, identifiers should be a valid uuid. warnings.warn(('Invalid uuid: %s. To ensure interoperability, '
2026-03-04 02:29:34.964 10 WARNING neutron_lib.context [None req-f68cc9b8-716c-4077-b0fb-8a9e703d90fb 662fdb4553ed4391a76043e4a0a6b7f5 fd54ccef41bf45639af7b5b76ade7e1d - - default default] Method 'is_advsvc' is deprecated since 2023.2 release (neutron-lib 3.8.0) and will be removed once support for the old RBAC API policies will be removed from Neutron. Please use method 'is_service_role' instead.
2026-03-04 02:29:34.981 9 INFO neutron.plugins.ml2.plugin [None req-3865a772-688b-4849-821e-ed6a72bb218c - - - - - -] Attempt 1 to provision port 6990cc73-b4d4-4072-9ebc-488e73598fdd
2026-03-04 02:29:34.992 9 INFO neutron.db.ovn_revision_numbers_db [None req-dc1639a0-52e3-4df2-a1c5-58cfa9ceee22 8eb51814642348b48b17492a62efb0ef 5d67e1745f5540598ea98529dda448dd - - default default] Successfully bumped revision number for resource 6a99fd85-9e07-438c-a81b-807c6c5865cb (type: security_group_rules) to 0
2026-03-04 02:29:35.020 9 INFO neutron.db.ovn_revision_numbers_db [None req-dc1639a0-52e3-4df2-a1c5-58cfa9ceee22 8eb51814642348b48b17492a62efb0ef 5d67e1745f5540598ea98529dda448dd - - default default] Successfully bumped revision number for resource aabcb594-f783-4a9f-8e54-4b29765353ae (type: security_group_rules) to 0
2026-03-04 02:29:35.065 9 INFO neutron.wsgi [None req-dc1639a0-52e3-4df2-a1c5-58cfa9ceee22 8eb51814642348b48b17492a62efb0ef 5d67e1745f5540598ea98529dda448dd - - default default] 10.0.0.194 "POST /v2.0/security-groups HTTP/1.1" status: 201 len: 1861 time: 0.5628901 /var/lib/openstack/lib/python3.10/site-packages/pycadf/identifier.py:71: UserWarning: Invalid uuid: neutron. To ensure interoperability, identifiers should be a valid uuid. warnings.warn(('Invalid uuid: %s. To ensure interoperability, '
2026-03-04 02:29:35.089 9 WARNING neutron_lib.context [None req-fbaa2293-8b63-41cf-8717-aebd776896f1 8eb51814642348b48b17492a62efb0ef 5d67e1745f5540598ea98529dda448dd - - default default] Method 'is_advsvc' is deprecated since 2023.2 release (neutron-lib 3.8.0) and will be removed once support for the old RBAC API policies will be removed from Neutron. Please use method 'is_service_role' instead.
2026-03-04 02:29:35.172 10 WARNING neutron.scheduler.dhcp_agent_scheduler [None req-1237daad-a6b3-4ebe-888a-a83984637d26 4c257b984aa34887a50dbc0588c16246 277b9a37f0374f3e84484d8da3840530 - - default default] No more DHCP agents
2026-03-04 02:29:35.177 10 WARNING neutron.api.rpc.agentnotifiers.dhcp_rpc_agent_api [None req-1237daad-a6b3-4ebe-888a-a83984637d26 4c257b984aa34887a50dbc0588c16246 277b9a37f0374f3e84484d8da3840530 - - default default] Unable to schedule network c8b088ad-22eb-499f-a366-17a072ad2194: no agents available; will retry on subsequent port and subnet creation events.
2026-03-04 02:29:35.291 10 INFO neutron.db.ovn_revision_numbers_db [None req-1237daad-a6b3-4ebe-888a-a83984637d26 4c257b984aa34887a50dbc0588c16246 277b9a37f0374f3e84484d8da3840530 - - default default] Successfully bumped revision number for resource d7cccb97-8037-40a0-adb7-09ff12d028ee (type: ports) to 1
2026-03-04 02:29:35.322 10 INFO neutron.wsgi [None req-1237daad-a6b3-4ebe-888a-a83984637d26 4c257b984aa34887a50dbc0588c16246 277b9a37f0374f3e84484d8da3840530 - - default default] 10.0.0.194 "POST /v2.0/networks HTTP/1.1" status: 201 len: 843 time: 1.8488386
2026-03-04 02:29:35.365 10 WARNING neutron_lib.context [None req-1294d24d-3e54-4a32-8684-47ff45cabdc6 4c257b984aa34887a50dbc0588c16246 277b9a37f0374f3e84484d8da3840530 - - default default] Method 'is_advsvc' is deprecated since 2023.2 release (neutron-lib 3.8.0) and will be removed once support for the old RBAC API policies will be removed from Neutron. Please use method 'is_service_role' instead.
2026-03-04 02:29:35.373 9 INFO neutron.db.ovn_revision_numbers_db [None req-fbaa2293-8b63-41cf-8717-aebd776896f1 8eb51814642348b48b17492a62efb0ef 5d67e1745f5540598ea98529dda448dd - - default default] Successfully bumped revision number for resource 48579e8f-032c-49dd-9ee2-5e2fce720772 (type: security_group_rules) to 0
2026-03-04 02:29:35.417 9 INFO neutron.wsgi [None req-fbaa2293-8b63-41cf-8717-aebd776896f1 8eb51814642348b48b17492a62efb0ef 5d67e1745f5540598ea98529dda448dd - - default default] 10.0.0.194 "POST /v2.0/security-group-rules HTTP/1.1" status: 201 len: 796 time: 0.3454909
2026-03-04 02:29:35.438 9 WARNING neutron_lib.context [None req-6a8059ee-83be-410f-be61-b32ad88024f0 8eb51814642348b48b17492a62efb0ef 5d67e1745f5540598ea98529dda448dd - - default default] Method 'is_advsvc' is deprecated since 2023.2 release (neutron-lib 3.8.0) and will be removed once support for the old RBAC API policies will be removed from Neutron. Please use method 'is_service_role' instead.
2026-03-04 02:29:35.481 10 WARNING neutron.scheduler.dhcp_agent_scheduler [None req-f68cc9b8-716c-4077-b0fb-8a9e703d90fb 662fdb4553ed4391a76043e4a0a6b7f5 fd54ccef41bf45639af7b5b76ade7e1d - - default default] No more DHCP agents
2026-03-04 02:29:35.486 10 WARNING neutron.api.rpc.agentnotifiers.dhcp_rpc_agent_api [None req-f68cc9b8-716c-4077-b0fb-8a9e703d90fb 662fdb4553ed4391a76043e4a0a6b7f5 fd54ccef41bf45639af7b5b76ade7e1d - - default default] Unable to schedule network ce365837-7432-4b9a-8bb5-8ea48b9a252b: no agents available; will retry on subsequent port and subnet creation events.
2026-03-04 02:29:35.682 9 INFO neutron.db.ovn_revision_numbers_db [None req-6a8059ee-83be-410f-be61-b32ad88024f0 8eb51814642348b48b17492a62efb0ef 5d67e1745f5540598ea98529dda448dd - - default default] Successfully bumped revision number for resource 08132b50-3405-43d1-9182-da9b8e964956 (type: security_group_rules) to 0
2026-03-04 02:29:35.690 10 INFO neutron.db.ovn_revision_numbers_db [None req-f68cc9b8-716c-4077-b0fb-8a9e703d90fb 662fdb4553ed4391a76043e4a0a6b7f5 fd54ccef41bf45639af7b5b76ade7e1d - - default default] Successfully bumped revision number for resource 84da9406-2e7f-4759-947c-3bf068b59606 (type: ports) to 1
2026-03-04 02:29:35.711 10 WARNING neutron.scheduler.dhcp_agent_scheduler [None req-1294d24d-3e54-4a32-8684-47ff45cabdc6 4c257b984aa34887a50dbc0588c16246 277b9a37f0374f3e84484d8da3840530 - - default default] No more DHCP agents
2026-03-04 02:29:35.715 10 WARNING neutron.api.rpc.agentnotifiers.dhcp_rpc_agent_api [None req-1294d24d-3e54-4a32-8684-47ff45cabdc6 4c257b984aa34887a50dbc0588c16246 277b9a37f0374f3e84484d8da3840530 - - default default] Unable to schedule network c8b088ad-22eb-499f-a366-17a072ad2194: no agents available; will retry on subsequent port and subnet creation events.
2026-03-04 02:29:35.717 9 INFO neutron.db.ovn_revision_numbers_db [None req-3865a772-688b-4849-821e-ed6a72bb218c - - - - - -] Successfully bumped revision number for resource 6990cc73-b4d4-4072-9ebc-488e73598fdd (type: ports) to 2
2026-03-04 02:29:35.721 10 INFO neutron.wsgi [None req-f68cc9b8-716c-4077-b0fb-8a9e703d90fb 662fdb4553ed4391a76043e4a0a6b7f5 fd54ccef41bf45639af7b5b76ade7e1d - - default default] 10.0.0.194 "POST /v2.0/ports HTTP/1.1" status: 201 len: 1154 time: 0.7632995
2026-03-04 02:29:35.729 9 INFO neutron.wsgi [None req-6a8059ee-83be-410f-be61-b32ad88024f0 8eb51814642348b48b17492a62efb0ef 5d67e1745f5540598ea98529dda448dd - - default default] 10.0.0.194 "POST /v2.0/security-group-rules HTTP/1.1" status: 201 len: 801 time: 0.2967706
2026-03-04 02:29:35.734 9 WARNING neutron_lib.context [None req-fdad2771-683d-4b57-93b3-9bc419aae4a0 662fdb4553ed4391a76043e4a0a6b7f5 fd54ccef41bf45639af7b5b76ade7e1d - - default default] Method 'is_advsvc' is deprecated since 2023.2 release (neutron-lib 3.8.0) and will be removed once support for the old RBAC API policies will be removed from Neutron. Please use method 'is_service_role' instead. /var/lib/openstack/lib/python3.10/site-packages/pycadf/identifier.py:71: UserWarning: Invalid uuid: neutron. To ensure interoperability, identifiers should be a valid uuid. warnings.warn(('Invalid uuid: %s. To ensure interoperability, '
2026-03-04 02:29:35.742 10 WARNING neutron_lib.context [None req-d82f8301-7e1b-4d2b-92d7-8a2fb222e448 8eb51814642348b48b17492a62efb0ef 5d67e1745f5540598ea98529dda448dd - - default default] Method 'is_advsvc' is deprecated since 2023.2 release (neutron-lib 3.8.0) and will be removed once support for the old RBAC API policies will be removed from Neutron. Please use method 'is_service_role' instead.
2026-03-04 02:29:35.936 9 INFO neutron.wsgi [None req-aafcbbc2-295e-44ea-89d1-c6c7266fcbcf f764cb98fbc14b22a4385fbda58872d3 81dca49d9af146ea908521053a3518f5 - - default default] 10.0.0.194 "PUT /v2.0/routers/8529694d-a8e7-4459-a883-f7e1879334d8/remove_router_interface HTTP/1.1" status: 200 len: 503 time: 1.2931013
2026-03-04 02:29:36.010 9 INFO neutron.db.ovn_revision_numbers_db [None req-3865a772-688b-4849-821e-ed6a72bb218c - - - - - -] Successfully bumped revision number for resource 6990cc73-b4d4-4072-9ebc-488e73598fdd (type: router_ports) to 2
2026-03-04 02:29:36.069 10 INFO neutron.api.v2.resource [None req-81d5e58f-9d0c-4e44-b393-aa1ef4550080 f764cb98fbc14b22a4385fbda58872d3 81dca49d9af146ea908521053a3518f5 - - default default] remove_router_interface failed (client error): The resource could not be found.
2026-03-04 02:29:36.071 10 INFO neutron.wsgi [None req-81d5e58f-9d0c-4e44-b393-aa1ef4550080 f764cb98fbc14b22a4385fbda58872d3 81dca49d9af146ea908521053a3518f5 - - default default] 10.0.0.194 "PUT /v2.0/routers/8529694d-a8e7-4459-a883-f7e1879334d8/remove_router_interface HTTP/1.1" status: 404 len: 398 time: 0.1235416
2026-03-04 02:29:36.117 10 INFO neutron.wsgi [None req-0ae72963-3879-4ed9-a05b-b6244cf620d6 f764cb98fbc14b22a4385fbda58872d3 81dca49d9af146ea908521053a3518f5 - - default default] 10.0.0.194 "GET /v2.0/ports?device_id=8529694d-a8e7-4459-a883-f7e1879334d8 HTTP/1.1" status: 200 len: 205 time: 0.0391510 /var/lib/openstack/lib/python3.10/site-packages/pycadf/identifier.py:71: UserWarning: Invalid uuid: neutron. To ensure interoperability, identifiers should be a valid uuid. warnings.warn(('Invalid uuid: %s. To ensure interoperability, '
2026-03-04 02:29:36.204 10 WARNING neutron.scheduler.dhcp_agent_scheduler [None req-d82f8301-7e1b-4d2b-92d7-8a2fb222e448 8eb51814642348b48b17492a62efb0ef 5d67e1745f5540598ea98529dda448dd - - default default] No more DHCP agents
2026-03-04 02:29:36.205 10 WARNING neutron.api.rpc.agentnotifiers.dhcp_rpc_agent_api [None req-d82f8301-7e1b-4d2b-92d7-8a2fb222e448 8eb51814642348b48b17492a62efb0ef 5d67e1745f5540598ea98529dda448dd - - default default] Unable to schedule network 4a176bc8-0d88-4a3e-98a0-1b103558335e: no agents available; will retry on subsequent port and subnet creation events.
2026-03-04 02:29:36.338 9 WARNING neutron.scheduler.dhcp_agent_scheduler [None req-fdad2771-683d-4b57-93b3-9bc419aae4a0 662fdb4553ed4391a76043e4a0a6b7f5 fd54ccef41bf45639af7b5b76ade7e1d - - default default] No more DHCP agents
2026-03-04 02:29:36.342 9 WARNING neutron.api.rpc.agentnotifiers.dhcp_rpc_agent_api [None req-fdad2771-683d-4b57-93b3-9bc419aae4a0 662fdb4553ed4391a76043e4a0a6b7f5 fd54ccef41bf45639af7b5b76ade7e1d - - default default] Unable to schedule network 4a176bc8-0d88-4a3e-98a0-1b103558335e: no agents available; will retry on subsequent port and subnet creation events.
2026-03-04 02:29:36.518 10 INFO neutron.db.ovn_revision_numbers_db [None req-1294d24d-3e54-4a32-8684-47ff45cabdc6 4c257b984aa34887a50dbc0588c16246 277b9a37f0374f3e84484d8da3840530 - - default default] Successfully bumped revision number for resource d7cccb97-8037-40a0-adb7-09ff12d028ee (type: ports) to 2
2026-03-04 02:29:36.576 10 INFO neutron.db.ovn_revision_numbers_db [None req-1294d24d-3e54-4a32-8684-47ff45cabdc6 4c257b984aa34887a50dbc0588c16246 277b9a37f0374f3e84484d8da3840530 - - default default] Successfully bumped revision number for resource c4eeaead-7966-4078-8bde-a13f95fa73d1 (type: subnets) to 0
2026-03-04 02:29:36.591 10 INFO neutron.wsgi [None req-1294d24d-3e54-4a32-8684-47ff45cabdc6 4c257b984aa34887a50dbc0588c16246 277b9a37f0374f3e84484d8da3840530 - - default default] 10.0.0.194 "POST /v2.0/subnets HTTP/1.1" status: 201 len: 816 time: 1.2345903
2026-03-04 02:29:36.603 10 WARNING neutron_lib.context [None req-4d744e56-0311-41da-b772-27ea69a1853b 4c257b984aa34887a50dbc0588c16246 277b9a37f0374f3e84484d8da3840530 - - default default] Method 'is_advsvc' is deprecated since 2023.2 release (neutron-lib 3.8.0) and will be removed once support for the old RBAC API policies will be removed from Neutron. Please use method 'is_service_role' instead.
2026-03-04 02:29:36.611 9 INFO neutron.wsgi [None req-6e4d9e61-7c75-4404-a103-1a43ded71331 f764cb98fbc14b22a4385fbda58872d3 81dca49d9af146ea908521053a3518f5 - - default default] 10.0.0.194 "DELETE /v2.0/routers/8529694d-a8e7-4459-a883-f7e1879334d8 HTTP/1.1" status: 204 len: 168 time: 0.4897058
2026-03-04 02:29:36.628 10 INFO neutron.wsgi [None req-d82f8301-7e1b-4d2b-92d7-8a2fb222e448 8eb51814642348b48b17492a62efb0ef 5d67e1745f5540598ea98529dda448dd - - default default] 10.0.0.194 "POST /v2.0/floatingips HTTP/1.1" status: 201 len: 751 time: 0.8932271
2026-03-04 02:29:36.713 10 INFO neutron.db.segments_db [None req-4d744e56-0311-41da-b772-27ea69a1853b 4c257b984aa34887a50dbc0588c16246 277b9a37f0374f3e84484d8da3840530 - - default default] Added segment a504b1ac-3400-4c4f-a333-a055a57c8b75 of type geneve for network 13119967-8009-4b10-acd8-1f9256d04a03
2026-03-04 02:29:36.835 10 INFO neutron.wsgi [None req-cc33a319-2ab9-4f84-8cb2-6509d08bbfd6 f764cb98fbc14b22a4385fbda58872d3 81dca49d9af146ea908521053a3518f5 - - default default] 10.0.0.194 "DELETE /v2.0/subnets/ef2d64b7-34d0-41fe-8558-d5db871d7c5e HTTP/1.1" status: 204 len: 168 time: 0.2194362
2026-03-04 02:29:36.881 10 INFO neutron.db.ovn_revision_numbers_db [None req-4d744e56-0311-41da-b772-27ea69a1853b 4c257b984aa34887a50dbc0588c16246 277b9a37f0374f3e84484d8da3840530 - - default default] Successfully bumped revision number for resource 13119967-8009-4b10-acd8-1f9256d04a03 (type: networks) to 1
2026-03-04 02:29:37.076 10 INFO neutron.wsgi [req-ea956694-2ad4-4603-a677-6038eb842352 req-767a8061-8c8b-4835-a33e-f84ce38363cc 8eb51814642348b48b17492a62efb0ef 5d67e1745f5540598ea98529dda448dd - - default default] 10.0.0.206 "GET /v2.0/security-groups?name=tempest-securitygroup--1442838262&fields=id&tenant_id=5d67e1745f5540598ea98529dda448dd HTTP/1.1" status: 200 len: 267 time: 0.0627155
2026-03-04 02:29:37.083 10 WARNING neutron.scheduler.dhcp_agent_scheduler [None req-4d744e56-0311-41da-b772-27ea69a1853b 4c257b984aa34887a50dbc0588c16246 277b9a37f0374f3e84484d8da3840530 - - default default] No more DHCP agents
2026-03-04 02:29:37.090 10 WARNING neutron.api.rpc.agentnotifiers.dhcp_rpc_agent_api [None req-4d744e56-0311-41da-b772-27ea69a1853b 4c257b984aa34887a50dbc0588c16246 277b9a37f0374f3e84484d8da3840530 - - default default] Unable to schedule network 13119967-8009-4b10-acd8-1f9256d04a03: no agents available; will retry on subsequent port and subnet creation events.
2026-03-04 02:29:37.393 10 INFO neutron.wsgi [req-ea956694-2ad4-4603-a677-6038eb842352 req-f433b0f9-f575-4d87-bc88-b36c8ba81682 8eb51814642348b48b17492a62efb0ef 5d67e1745f5540598ea98529dda448dd - - default default] 10.0.0.206 "GET /v2.0/networks?id=767fc96e-291d-4195-b1c2-0a3057495fc6 HTTP/1.1" status: 200 len: 875 time: 0.3112762
2026-03-04 02:29:37.411 10 INFO neutron.wsgi [req-ea956694-2ad4-4603-a677-6038eb842352 req-35bd360c-3fab-45d8-98db-ece9162856ca 8eb51814642348b48b17492a62efb0ef 5d67e1745f5540598ea98529dda448dd - - default default] 10.0.0.206 "GET /v2.0/quotas/5d67e1745f5540598ea98529dda448dd HTTP/1.1" status: 200 len: 491 time: 0.0103385
2026-03-04 02:29:37.437 10 INFO neutron.db.ovn_revision_numbers_db [None req-4d744e56-0311-41da-b772-27ea69a1853b 4c257b984aa34887a50dbc0588c16246 277b9a37f0374f3e84484d8da3840530 - - default default] Successfully bumped revision number for resource 28410ec9-12c7-4b98-a523-a51b43faa30b (type: ports) to 1
2026-03-04 02:29:37.479 10 INFO neutron.wsgi [None req-4d744e56-0311-41da-b772-27ea69a1853b 4c257b984aa34887a50dbc0588c16246 277b9a37f0374f3e84484d8da3840530 - - default default] 10.0.0.194 "POST /v2.0/networks HTTP/1.1" status: 201 len: 842 time: 0.8805912
2026-03-04 02:29:37.553 10 INFO neutron.wsgi [req-ea956694-2ad4-4603-a677-6038eb842352 req-e80586e9-7672-480e-b3b4-db7628a4128f 8eb51814642348b48b17492a62efb0ef 5d67e1745f5540598ea98529dda448dd - - default default] 10.0.0.206 "GET /v2.0/ports?tenant_id=5d67e1745f5540598ea98529dda448dd&fields=id HTTP/1.1" status: 200 len: 302 time: 0.1334758
2026-03-04 02:29:37.569 9 INFO neutron.services.segments.plugin [-] Segment 00278585-2543-4d35-b79a-36733f49b020 resource provider aggregate not found
2026-03-04 02:29:37.575 9 INFO neutron.services.segments.plugin [-] Segment 00278585-2543-4d35-b79a-36733f49b020 resource provider aggregate not found
2026-03-04 02:29:37.580 9 INFO neutron.db.ovn_revision_numbers_db [None req-fdad2771-683d-4b57-93b3-9bc419aae4a0 662fdb4553ed4391a76043e4a0a6b7f5 fd54ccef41bf45639af7b5b76ade7e1d - - default default] Successfully bumped revision number for resource e0a16b72-4578-4bba-8781-afd41eb77ecd (type: floatingips) to -1
2026-03-04 02:29:37.594 9 INFO neutron.services.segments.plugin [-] Segment 00278585-2543-4d35-b79a-36733f49b020 resource provider not found; error: Placement Client Error (4xx): {"errors": [{"status": 404, "title": "Not Found", "detail": "The resource could not be found.\n\n No resource provider with uuid 00278585-2543-4d35-b79a-36733f49b020 found for delete ", "request_id": "req-01042ace-de12-4c7f-9ef4-0081dcb2053d"}]}
2026-03-04 02:29:37.595 9 INFO neutron.services.segments.plugin [-] Segment 00278585-2543-4d35-b79a-36733f49b020 resource provider not found; error: Placement Client Error (4xx): {"errors": [{"status": 404, "title": "Not Found", "detail": "The resource could not be found.\n\n No resource provider with uuid 00278585-2543-4d35-b79a-36733f49b020 found for delete ", "request_id": "req-02dab64d-8445-40f8-9976-51b84135b9c9"}]}
2026-03-04 02:29:37.605 9 INFO neutron.wsgi [None req-58ec54e7-bd26-43dd-9d00-5ba7390d4c47 f764cb98fbc14b22a4385fbda58872d3 81dca49d9af146ea908521053a3518f5 - - default default] 10.0.0.194 "DELETE /v2.0/networks/f67f1f27-d007-4686-9af6-6baa62bd2bbb HTTP/1.1" status: 204 len: 168 time: 0.7629690
2026-03-04 02:29:37.619 10 WARNING neutron_lib.context [None req-4f379d27-de10-4bee-ab72-b0db8301e1a0 f764cb98fbc14b22a4385fbda58872d3 81dca49d9af146ea908521053a3518f5 - - default default] Method 'is_advsvc' is deprecated since 2023.2 release (neutron-lib 3.8.0) and will be removed once support for the old RBAC API policies will be removed from Neutron. Please use method 'is_service_role' instead.
2026-03-04 02:29:37.648 10 INFO neutron.wsgi [req-ea956694-2ad4-4603-a677-6038eb842352 req-23e1e3ad-bdf0-4cf6-b202-bf1a338f7d92 9485d081605d4854bc7425fede65ba90 59b95180f6ac47f9b81ebeea0a229261 - - f65d03401fe643fba374468d1db27df7 f65d03401fe643fba374468d1db27df7] 10.0.0.206 "GET /v2.0/networks/767fc96e-291d-4195-b1c2-0a3057495fc6?fields=segments HTTP/1.1" status: 200 len: 212 time: 0.0762804
2026-03-04 02:29:37.704 9 INFO neutron.db.ovn_revision_numbers_db [None req-fdad2771-683d-4b57-93b3-9bc419aae4a0 662fdb4553ed4391a76043e4a0a6b7f5 fd54ccef41bf45639af7b5b76ade7e1d - - default default] Successfully bumped revision number for resource e0a16b72-4578-4bba-8781-afd41eb77ecd (type: floatingips) to 1
2026-03-04 02:29:37.705 9 INFO neutron.db.l3_db [None req-fdad2771-683d-4b57-93b3-9bc419aae4a0 662fdb4553ed4391a76043e4a0a6b7f5 fd54ccef41bf45639af7b5b76ade7e1d - - default default] Floating IP e0a16b72-4578-4bba-8781-afd41eb77ecd associated. External IP: 10.96.250.208, port: 84da9406-2e7f-4759-947c-3bf068b59606.
2026-03-04 02:29:37.749 9 INFO neutron.wsgi [None req-fdad2771-683d-4b57-93b3-9bc419aae4a0 662fdb4553ed4391a76043e4a0a6b7f5 fd54ccef41bf45639af7b5b76ade7e1d - - default default] 10.0.0.194 "POST /v2.0/floatingips HTTP/1.1" status: 201 len: 1041 time: 2.0187559
2026-03-04 02:29:37.752 10 INFO neutron.wsgi [req-ea956694-2ad4-4603-a677-6038eb842352 req-f53ba57c-1678-480d-811a-02f15af80521 9485d081605d4854bc7425fede65ba90 59b95180f6ac47f9b81ebeea0a229261 - - f65d03401fe643fba374468d1db27df7 f65d03401fe643fba374468d1db27df7] 10.0.0.206 "GET /v2.0/networks/767fc96e-291d-4195-b1c2-0a3057495fc6?fields=provider%3Aphysical_network&fields=provider%3Anetwork_type HTTP/1.1" status: 200 len: 277 time: 0.0930331
2026-03-04 02:29:37.755 10 INFO neutron.db.ovn_revision_numbers_db [None req-935115b9-96b2-4b25-9c65-535be210108f 4c257b984aa34887a50dbc0588c16246 277b9a37f0374f3e84484d8da3840530 - - default default] Successfully bumped revision number for resource 13119967-8009-4b10-acd8-1f9256d04a03 (type: networks) to 2
2026-03-04 02:29:37.758 10 INFO neutron.wsgi [None req-935115b9-96b2-4b25-9c65-535be210108f 4c257b984aa34887a50dbc0588c16246 277b9a37f0374f3e84484d8da3840530 - - default default] 10.0.0.194 "PUT /v2.0/networks/13119967-8009-4b10-acd8-1f9256d04a03 HTTP/1.1" status: 200 len: 792 time: 0.2736628
2026-03-04 02:29:37.760 10 INFO neutron.db.segments_db [None req-4f379d27-de10-4bee-ab72-b0db8301e1a0 f764cb98fbc14b22a4385fbda58872d3 81dca49d9af146ea908521053a3518f5 - - default default] Added segment cc1c6a1a-1315-45d5-addd-a8eb1a3d97c8 of type geneve for network 8d94b2d1-c1b8-4ad4-8f8a-f2cc1f98f05d
2026-03-04 02:29:37.780 10 WARNING neutron_lib.context [None req-d9ad45c2-5db1-47b5-b15d-5a2e13e8d30e 4c257b984aa34887a50dbc0588c16246 277b9a37f0374f3e84484d8da3840530 - - default default] Method 'is_advsvc' is deprecated since 2023.2 release (neutron-lib 3.8.0) and will be removed once support for the old RBAC API policies will be removed from Neutron. Please use method 'is_service_role' instead.
2026-03-04 02:29:37.914 9 INFO neutron.wsgi [req-1cb91a79-9aa6-4c75-96d8-3f7b4150c204 req-8d704a25-3e37-409c-8a01-086bbb9f57f2 8eb51814642348b48b17492a62efb0ef 5d67e1745f5540598ea98529dda448dd - - default default] 10.0.0.206 "GET /v2.0/ports?device_id=4b7ad453-5fff-4b99-ba36-cf7e7d314305 HTTP/1.1" status: 200 len: 210 time: 0.0219591
2026-03-04 02:29:37.938 9 INFO neutron.db.ovn_revision_numbers_db [None req-ee14cc2a-225c-4de3-b9c7-cabd2a09b9d9 662fdb4553ed4391a76043e4a0a6b7f5 fd54ccef41bf45639af7b5b76ade7e1d - - default default] Successfully bumped revision number for resource e0a16b72-4578-4bba-8781-afd41eb77ecd (type: floatingips) to 2
2026-03-04 02:29:37.966 10 INFO neutron.db.ovn_revision_numbers_db [None req-4f379d27-de10-4bee-ab72-b0db8301e1a0 f764cb98fbc14b22a4385fbda58872d3 81dca49d9af146ea908521053a3518f5 - - default default] Successfully bumped revision number for resource 8d94b2d1-c1b8-4ad4-8f8a-f2cc1f98f05d (type: networks) to 1
2026-03-04 02:29:38.000 9 INFO neutron.db.l3_db [None req-ee14cc2a-225c-4de3-b9c7-cabd2a09b9d9 662fdb4553ed4391a76043e4a0a6b7f5 fd54ccef41bf45639af7b5b76ade7e1d - - default default] Floating IP e0a16b72-4578-4bba-8781-afd41eb77ecd disassociated. External IP: 10.96.250.208, port: 84da9406-2e7f-4759-947c-3bf068b59606.
2026-03-04 02:29:38.026 9 INFO neutron.wsgi [None req-ee14cc2a-225c-4de3-b9c7-cabd2a09b9d9 662fdb4553ed4391a76043e4a0a6b7f5 fd54ccef41bf45639af7b5b76ade7e1d - - default default] 10.0.0.194 "PUT /v2.0/floatingips/e0a16b72-4578-4bba-8781-afd41eb77ecd HTTP/1.1" status: 200 len: 748 time: 0.2719784
2026-03-04 02:29:38.111 10 WARNING neutron.scheduler.dhcp_agent_scheduler [None req-d9ad45c2-5db1-47b5-b15d-5a2e13e8d30e 4c257b984aa34887a50dbc0588c16246 277b9a37f0374f3e84484d8da3840530 - - default default] No more DHCP agents
2026-03-04 02:29:38.116 10 WARNING neutron.api.rpc.agentnotifiers.dhcp_rpc_agent_api [None req-d9ad45c2-5db1-47b5-b15d-5a2e13e8d30e 4c257b984aa34887a50dbc0588c16246 277b9a37f0374f3e84484d8da3840530 - - default default] Unable to schedule network 13119967-8009-4b10-acd8-1f9256d04a03: no agents available; will retry on subsequent port and subnet creation events.
2026-03-04 02:29:38.193 10 WARNING neutron.scheduler.dhcp_agent_scheduler [None req-4f379d27-de10-4bee-ab72-b0db8301e1a0 f764cb98fbc14b22a4385fbda58872d3 81dca49d9af146ea908521053a3518f5 - - default default] No more DHCP agents
2026-03-04 02:29:38.196 10 WARNING neutron.api.rpc.agentnotifiers.dhcp_rpc_agent_api [None req-4f379d27-de10-4bee-ab72-b0db8301e1a0 f764cb98fbc14b22a4385fbda58872d3 81dca49d9af146ea908521053a3518f5 - - default default] Unable to schedule network 8d94b2d1-c1b8-4ad4-8f8a-f2cc1f98f05d: no agents available; will retry on subsequent port and subnet creation events.
2026-03-04 02:29:38.315 10 INFO neutron.db.ovn_revision_numbers_db [None req-4f379d27-de10-4bee-ab72-b0db8301e1a0 f764cb98fbc14b22a4385fbda58872d3 81dca49d9af146ea908521053a3518f5 - - default default] Successfully bumped revision number for resource 7705cc04-8c80-4c41-baa8-c4880eef666c (type: ports) to 1
2026-03-04 02:29:38.355 10 INFO neutron.wsgi [None req-4f379d27-de10-4bee-ab72-b0db8301e1a0 f764cb98fbc14b22a4385fbda58872d3 81dca49d9af146ea908521053a3518f5 - - default default] 10.0.0.194 "POST /v2.0/networks HTTP/1.1" status: 201 len: 833 time: 0.7433445
2026-03-04 02:29:38.365 9 WARNING neutron_lib.context [None req-666ef2bd-b5d5-466e-98f4-c031efd814be f764cb98fbc14b22a4385fbda58872d3 81dca49d9af146ea908521053a3518f5 - - default default] Method 'is_advsvc' is deprecated since 2023.2 release (neutron-lib 3.8.0) and will be removed once support for the old RBAC API policies will be removed from Neutron. Please use method 'is_service_role' instead.
2026-03-04 02:29:38.425 9 INFO neutron.wsgi [None req-6fc0c6bd-1fc0-4caa-be26-183e4a676fd2 662fdb4553ed4391a76043e4a0a6b7f5 fd54ccef41bf45639af7b5b76ade7e1d - - default default] 10.0.0.194 "DELETE /v2.0/floatingips/e0a16b72-4578-4bba-8781-afd41eb77ecd HTTP/1.1" status: 204 len: 168 time: 0.3937352
2026-03-04 02:29:38.436 9 WARNING neutron_lib.context [None req-ac87535d-6d24-4191-9d6b-dcdab03e26c6 662fdb4553ed4391a76043e4a0a6b7f5 fd54ccef41bf45639af7b5b76ade7e1d - - default default] Method 'is_advsvc' is deprecated since 2023.2 release (neutron-lib 3.8.0) and will be removed once support for the old RBAC API policies will be removed from Neutron. Please use method 'is_service_role' instead.
2026-03-04 02:29:38.689 10 INFO neutron.db.ovn_revision_numbers_db [None req-d9ad45c2-5db1-47b5-b15d-5a2e13e8d30e 4c257b984aa34887a50dbc0588c16246 277b9a37f0374f3e84484d8da3840530 - - default default] Successfully bumped revision number for resource 28410ec9-12c7-4b98-a523-a51b43faa30b (type: ports) to 2
2026-03-04 02:29:38.694 9 WARNING neutron.scheduler.dhcp_agent_scheduler [None req-666ef2bd-b5d5-466e-98f4-c031efd814be f764cb98fbc14b22a4385fbda58872d3 81dca49d9af146ea908521053a3518f5 - - default default] No more DHCP agents
2026-03-04 02:29:38.700 9 WARNING neutron.api.rpc.agentnotifiers.dhcp_rpc_agent_api [None req-666ef2bd-b5d5-466e-98f4-c031efd814be f764cb98fbc14b22a4385fbda58872d3 81dca49d9af146ea908521053a3518f5 - - default default] Unable to schedule network 8d94b2d1-c1b8-4ad4-8f8a-f2cc1f98f05d: no agents available; will retry on subsequent port and subnet creation events.
2026-03-04 02:29:38.723 10 INFO neutron.db.ovn_revision_numbers_db [None req-d9ad45c2-5db1-47b5-b15d-5a2e13e8d30e 4c257b984aa34887a50dbc0588c16246 277b9a37f0374f3e84484d8da3840530 - - default default] Successfully bumped revision number for resource 16aff9dd-8664-46ec-a310-bcbf6e2d507f (type: subnets) to 0
2026-03-04 02:29:38.737 9 INFO neutron.wsgi [req-ea956694-2ad4-4603-a677-6038eb842352 req-31a97081-5509-43d7-bc4b-5b4a944045b4 8eb51814642348b48b17492a62efb0ef 5d67e1745f5540598ea98529dda448dd - - default default] 199.204.45.25 "GET /v2.0/networks?id=767fc96e-291d-4195-b1c2-0a3057495fc6 HTTP/1.1" status: 200 len: 875 time: 0.1358047
2026-03-04 02:29:38.740 10 INFO neutron.wsgi [None req-d9ad45c2-5db1-47b5-b15d-5a2e13e8d30e 4c257b984aa34887a50dbc0588c16246 277b9a37f0374f3e84484d8da3840530 - - default default] 10.0.0.194 "POST /v2.0/subnets HTTP/1.1" status: 201 len: 801 time: 0.9753284
2026-03-04 02:29:38.756 9 INFO neutron.db.ovn_revision_numbers_db [None req-666ef2bd-b5d5-466e-98f4-c031efd814be f764cb98fbc14b22a4385fbda58872d3 81dca49d9af146ea908521053a3518f5 - - default default] Successfully bumped revision number for resource 717402a4-4b51-4c62-8730-c04f88d628b0 (type: subnets) to 0
2026-03-04 02:29:38.783 9 INFO neutron.wsgi [None req-666ef2bd-b5d5-466e-98f4-c031efd814be f764cb98fbc14b22a4385fbda58872d3 81dca49d9af146ea908521053a3518f5 - - default default] 10.0.0.194 "POST /v2.0/subnets HTTP/1.1" status: 201 len: 821 time: 0.4227481
2026-03-04 02:29:38.797 10 WARNING neutron_lib.context [None req-6ef4a490-fb40-4546-a691-1a3d497ec7fe f764cb98fbc14b22a4385fbda58872d3 81dca49d9af146ea908521053a3518f5 - - default default] Method 'is_advsvc' is deprecated since 2023.2 release (neutron-lib 3.8.0) and will be removed once support for the old RBAC API policies will be removed from Neutron. Please use method 'is_service_role' instead.
2026-03-04 02:29:38.818 9 INFO neutron.wsgi [req-ea956694-2ad4-4603-a677-6038eb842352 req-04ff77fd-b118-4107-8291-51502abfdcb7 8eb51814642348b48b17492a62efb0ef 5d67e1745f5540598ea98529dda448dd - - default default] 199.204.45.25 "GET /v2.0/security-groups?fields=id&fields=name&tenant_id=5d67e1745f5540598ea98529dda448dd HTTP/1.1" status: 200 len: 380 time: 0.0720167
2026-03-04 02:29:38.833 9 WARNING neutron_lib.context [req-ea956694-2ad4-4603-a677-6038eb842352 req-3899a1bd-bee8-496f-92fe-be96cc8db5a4 8eb51814642348b48b17492a62efb0ef 5d67e1745f5540598ea98529dda448dd - - default default] Method 'is_advsvc' is deprecated since 2023.2 release (neutron-lib 3.8.0) and will be removed once support for the old RBAC API policies will be removed from Neutron. Please use method 'is_service_role' instead.
2026-03-04 02:29:38.869 9 WARNING neutron.scheduler.dhcp_agent_scheduler [None req-ac87535d-6d24-4191-9d6b-dcdab03e26c6 662fdb4553ed4391a76043e4a0a6b7f5 fd54ccef41bf45639af7b5b76ade7e1d - - default default] No more DHCP agents
2026-03-04 02:29:38.872 9 WARNING neutron.api.rpc.agentnotifiers.dhcp_rpc_agent_api [None req-ac87535d-6d24-4191-9d6b-dcdab03e26c6 662fdb4553ed4391a76043e4a0a6b7f5 fd54ccef41bf45639af7b5b76ade7e1d - - default default] Unable to schedule network 4a176bc8-0d88-4a3e-98a0-1b103558335e: no agents available; will retry on subsequent port and subnet creation events.
2026-03-04 02:29:38.975 10 INFO neutron.db.ovn_revision_numbers_db [None req-6ef4a490-fb40-4546-a691-1a3d497ec7fe f764cb98fbc14b22a4385fbda58872d3 81dca49d9af146ea908521053a3518f5 - - default default] Successfully bumped revision number for resource 557a709e-0b76-40b1-bf7b-021d1a888cdc (type: routers) to 1
2026-03-04 02:29:39.003 10 INFO neutron.wsgi [req-c083e689-b481-434b-9c00-973ecfa35acc req-80fb3aed-0c42-4dea-b1fc-d3469e731f7b 8eb51814642348b48b17492a62efb0ef 5d67e1745f5540598ea98529dda448dd - - default default] 10.0.0.206 "GET /v2.0/ports?device_id=4b7ad453-5fff-4b99-ba36-cf7e7d314305 HTTP/1.1" status: 200 len: 210 time: 0.0292702
2026-03-04 02:29:39.011 10 INFO neutron.wsgi [None req-6ef4a490-fb40-4546-a691-1a3d497ec7fe f764cb98fbc14b22a4385fbda58872d3 81dca49d9af146ea908521053a3518f5 - - default default] 10.0.0.194 "POST /v2.0/routers HTTP/1.1" status: 201 len: 806 time: 0.2229428
2026-03-04 02:29:39.273 10 INFO neutron.db.ovn_revision_numbers_db [None req-a6b0a429-48a9-4543-9352-baa1e63577db 4c257b984aa34887a50dbc0588c16246 277b9a37f0374f3e84484d8da3840530 - - default default] Successfully bumped revision number for resource 16aff9dd-8664-46ec-a310-bcbf6e2d507f (type: subnets) to 1
2026-03-04 02:29:39.278 10 INFO neutron.wsgi [None req-a6b0a429-48a9-4543-9352-baa1e63577db 4c257b984aa34887a50dbc0588c16246 277b9a37f0374f3e84484d8da3840530 - - default default] 10.0.0.194 "PUT /v2.0/subnets/16aff9dd-8664-46ec-a310-bcbf6e2d507f HTTP/1.1" status: 200 len: 806 time: 0.5322895
2026-03-04 02:29:39.283 9 WARNING neutron.scheduler.dhcp_agent_scheduler [req-ea956694-2ad4-4603-a677-6038eb842352 req-3899a1bd-bee8-496f-92fe-be96cc8db5a4 8eb51814642348b48b17492a62efb0ef 5d67e1745f5540598ea98529dda448dd - - default default] No more DHCP agents
2026-03-04 02:29:39.288 9 WARNING neutron.api.rpc.agentnotifiers.dhcp_rpc_agent_api [req-ea956694-2ad4-4603-a677-6038eb842352 req-3899a1bd-bee8-496f-92fe-be96cc8db5a4 8eb51814642348b48b17492a62efb0ef 5d67e1745f5540598ea98529dda448dd - - default default] Unable to schedule network 767fc96e-291d-4195-b1c2-0a3057495fc6: no agents available; will retry on subsequent port and subnet creation events.
2026-03-04 02:29:39.488 9 INFO neutron.db.ovn_revision_numbers_db [req-ea956694-2ad4-4603-a677-6038eb842352 req-3899a1bd-bee8-496f-92fe-be96cc8db5a4 8eb51814642348b48b17492a62efb0ef 5d67e1745f5540598ea98529dda448dd - - default default] Successfully bumped revision number for resource 6d9d0023-3e9c-430b-8014-88adcc408f97 (type: ports) to 1
2026-03-04 02:29:39.517 9 INFO neutron.wsgi [req-ea956694-2ad4-4603-a677-6038eb842352 req-3899a1bd-bee8-496f-92fe-be96cc8db5a4 8eb51814642348b48b17492a62efb0ef 5d67e1745f5540598ea98529dda448dd - - default default] 199.204.45.25 "POST /v2.0/ports HTTP/1.1" status: 201 len: 1158 time: 0.6896958 /var/lib/openstack/lib/python3.10/site-packages/pycadf/identifier.py:71: UserWarning: Invalid uuid: neutron. To ensure interoperability, identifiers should be a valid uuid. warnings.warn(('Invalid uuid: %s. To ensure interoperability, '
2026-03-04 02:29:39.573 10 WARNING neutron.scheduler.dhcp_agent_scheduler [None req-8992af9b-8be9-4d73-83aa-08934266bf13 f764cb98fbc14b22a4385fbda58872d3 81dca49d9af146ea908521053a3518f5 - - default default] No more DHCP agents
2026-03-04 02:29:39.580 10 WARNING neutron.api.rpc.agentnotifiers.dhcp_rpc_agent_api [None req-8992af9b-8be9-4d73-83aa-08934266bf13 f764cb98fbc14b22a4385fbda58872d3 81dca49d9af146ea908521053a3518f5 - - default default] Unable to schedule network 8d94b2d1-c1b8-4ad4-8f8a-f2cc1f98f05d: no agents available; will retry on subsequent port and subnet creation events.
2026-03-04 02:29:39.735 9 INFO neutron.db.ovn_revision_numbers_db [None req-ac87535d-6d24-4191-9d6b-dcdab03e26c6 662fdb4553ed4391a76043e4a0a6b7f5 fd54ccef41bf45639af7b5b76ade7e1d - - default default] Successfully bumped revision number for resource e4e5da6f-6f11-46fc-a5d8-bfcc283c2c8f (type: floatingips) to -1
2026-03-04 02:29:39.746 10 INFO neutron.db.ovn_revision_numbers_db [None req-8992af9b-8be9-4d73-83aa-08934266bf13 f764cb98fbc14b22a4385fbda58872d3 81dca49d9af146ea908521053a3518f5 - - default default] Successfully bumped revision number for resource f8051a29-f79e-433d-86ce-cc27914c956f (type: ports) to 1
2026-03-04 02:29:39.905 9 INFO neutron.db.ovn_revision_numbers_db [None req-ac87535d-6d24-4191-9d6b-dcdab03e26c6 662fdb4553ed4391a76043e4a0a6b7f5 fd54ccef41bf45639af7b5b76ade7e1d - - default default] Successfully bumped revision number for resource e4e5da6f-6f11-46fc-a5d8-bfcc283c2c8f (type: floatingips) to 1
2026-03-04 02:29:39.905 9 INFO neutron.db.l3_db [None req-ac87535d-6d24-4191-9d6b-dcdab03e26c6 662fdb4553ed4391a76043e4a0a6b7f5 fd54ccef41bf45639af7b5b76ade7e1d - - default default] Floating IP e4e5da6f-6f11-46fc-a5d8-bfcc283c2c8f associated. External IP: 10.96.250.210, port: 29862ae3-6acb-46d1-bab1-27b2fd2a81be.
2026-03-04 02:29:39.956 9 INFO neutron.wsgi [None req-ac87535d-6d24-4191-9d6b-dcdab03e26c6 662fdb4553ed4391a76043e4a0a6b7f5 fd54ccef41bf45639af7b5b76ade7e1d - - default default] 10.0.0.194 "POST /v2.0/floatingips HTTP/1.1" status: 201 len: 1041 time: 1.5259924 /var/lib/openstack/lib/python3.10/site-packages/pycadf/identifier.py:71: UserWarning: Invalid uuid: neutron. To ensure interoperability, identifiers should be a valid uuid. warnings.warn(('Invalid uuid: %s. To ensure interoperability, '
2026-03-04 02:29:40.267 9 INFO neutron.wsgi [None req-0b75733b-b5be-4e9a-867f-d923b235b5d4 662fdb4553ed4391a76043e4a0a6b7f5 fd54ccef41bf45639af7b5b76ade7e1d - - default default] 10.0.0.194 "GET /v2.0/floatingips/e4e5da6f-6f11-46fc-a5d8-bfcc283c2c8f HTTP/1.1" status: 200 len: 1038 time: 0.2967775
2026-03-04 02:29:40.373 9 INFO neutron.db.ovn_revision_numbers_db [req-ea956694-2ad4-4603-a677-6038eb842352 req-ea8b38b5-97d7-4186-aa72-8fde68fce92e 9485d081605d4854bc7425fede65ba90 59b95180f6ac47f9b81ebeea0a229261 - - f65d03401fe643fba374468d1db27df7 f65d03401fe643fba374468d1db27df7] Successfully bumped revision number for resource 6d9d0023-3e9c-430b-8014-88adcc408f97 (type: ports) to 2
2026-03-04 02:29:40.380 9 INFO neutron.wsgi [req-7b025fe2-3a51-41a1-b4a7-a18886b81a1b req-02c2ea78-6301-4adc-b4e4-e4941f63b68f 8eb51814642348b48b17492a62efb0ef 5d67e1745f5540598ea98529dda448dd - - default default] 10.0.0.206 "GET /v2.0/ports?device_id=4b7ad453-5fff-4b99-ba36-cf7e7d314305 HTTP/1.1" status: 200 len: 1168 time: 0.1598232
2026-03-04 02:29:40.383 9 INFO neutron.wsgi [None req-c6846efc-ab7e-4f9f-96aa-4731e177a215 662fdb4553ed4391a76043e4a0a6b7f5 fd54ccef41bf45639af7b5b76ade7e1d - - default default] 10.0.0.194 "GET /v2.0/floatingips HTTP/1.1" status: 200 len: 1041 time: 0.1022935
