2026-03-04 02:30:29.898 10 INFO neutron.wsgi [req-85dc3a33-9af1-4144-bf72-53d027603ed1 req-a995a676-466a-4329-a577-4ca4fb139a55 46ee418fd7b14d5c822bee804d48c0b4 a651256f60d242f6adb36220f1a049d2 - - default default] 10.0.0.206 "GET /v2.0/ports?device_id=b7d6607d-0d09-4a9b-bed5-180bdb3a925b HTTP/1.1" status: 200 len: 1174 time: 0.0619774 /var/lib/openstack/lib/python3.10/site-packages/pycadf/identifier.py:71: UserWarning: Invalid uuid: neutron. To ensure interoperability, identifiers should be a valid uuid. warnings.warn(('Invalid uuid: %s. To ensure interoperability, '
2026-03-04 02:30:29.949 10 INFO neutron.wsgi [req-85dc3a33-9af1-4144-bf72-53d027603ed1 req-d5f5ebdf-824d-4932-bc00-0a876817da3c 46ee418fd7b14d5c822bee804d48c0b4 a651256f60d242f6adb36220f1a049d2 - - default default] 10.0.0.206 "GET /v2.0/security-groups?id=15d96dc6-8ffc-41ac-950d-d1e44cf0d52b&fields=id&fields=name HTTP/1.1" status: 200 len: 286 time: 0.0402334
2026-03-04 02:30:30.131 9 INFO neutron.wsgi [None req-24687173-7596-4444-bfe9-c881b4e77935 23ea61fcd0304c969b154524bf4e832e 245221d40d044995bdab4ce38cb4bc46 - - default default] 10.0.0.194 "DELETE /v2.0/routers/9c5a8686-4f2a-47df-9cd5-8f7f494bf096 HTTP/1.1" status: 204 len: 168 time: 0.3010521
2026-03-04 02:30:30.383 9 INFO neutron.wsgi [None req-335e05dd-db0d-4ec2-8380-f6bfeb827c05 23ea61fcd0304c969b154524bf4e832e 245221d40d044995bdab4ce38cb4bc46 - - default default] 10.0.0.194 "DELETE /v2.0/subnets/62963909-fab4-4065-b318-5486a4f22a4d HTTP/1.1" status: 204 len: 168 time: 0.2406893
2026-03-04 02:30:30.742 9 INFO neutron.services.segments.plugin [-] Segment a2de8907-77a8-403c-b766-7bb3901e1ea3 resource provider aggregate not found
2026-03-04 02:30:30.747 9 INFO neutron.services.segments.plugin [-] Segment a2de8907-77a8-403c-b766-7bb3901e1ea3 resource provider aggregate not found
2026-03-04 02:30:30.756 9 INFO neutron.services.segments.plugin [-] Segment a2de8907-77a8-403c-b766-7bb3901e1ea3 resource provider not found; error: Placement Client Error (4xx): {"errors": [{"status": 404, "title": "Not Found", "detail": "The resource could not be found.\n\n No resource provider with uuid a2de8907-77a8-403c-b766-7bb3901e1ea3 found for delete ", "request_id": "req-0e7bef4f-7cbd-4540-a824-887f8a6738cb"}]}
2026-03-04 02:30:30.764 9 INFO neutron.services.segments.plugin [-] Segment a2de8907-77a8-403c-b766-7bb3901e1ea3 resource provider not found; error: Placement Client Error (4xx): {"errors": [{"status": 404, "title": "Not Found", "detail": "The resource could not be found.\n\n No resource provider with uuid a2de8907-77a8-403c-b766-7bb3901e1ea3 found for delete ", "request_id": "req-4fa6c079-0480-4bf8-a55f-10e83755a108"}]}
2026-03-04 02:30:30.784 9 INFO neutron.wsgi [None req-5169ace7-af95-4b75-95fb-ba4e7e88da20 23ea61fcd0304c969b154524bf4e832e 245221d40d044995bdab4ce38cb4bc46 - - default default] 10.0.0.194 "DELETE /v2.0/networks/5734c11e-ac42-4c8c-b8c5-9f3fe6eebb46 HTTP/1.1" status: 204 len: 168 time: 0.3953409
2026-03-04 02:30:30.798 10 WARNING neutron_lib.context [None req-f07fded4-a56b-411f-ab07-8344dda476ce 23ea61fcd0304c969b154524bf4e832e 245221d40d044995bdab4ce38cb4bc46 - - default default] Method 'is_advsvc' is deprecated since 2023.2 release (neutron-lib 3.8.0) and will be removed once support for the old RBAC API policies will be removed from Neutron. Please use method 'is_service_role' instead.
2026-03-04 02:30:31.061 9 INFO neutron.wsgi [req-89e94901-c2b4-452f-a696-469bd0b7e483 req-ca2baf10-999d-4584-84b4-1ee15e5907cb 46ee418fd7b14d5c822bee804d48c0b4 a651256f60d242f6adb36220f1a049d2 - - default default] 10.0.0.206 "GET /v2.0/ports?device_id=b7d6607d-0d09-4a9b-bed5-180bdb3a925b HTTP/1.1" status: 200 len: 1174 time: 0.0453827
2026-03-04 02:30:31.322 9 INFO neutron.wsgi [req-89e94901-c2b4-452f-a696-469bd0b7e483 req-4f989331-f3bc-4547-9b78-2bea7d64d368 46ee418fd7b14d5c822bee804d48c0b4 a651256f60d242f6adb36220f1a049d2 - - default default] 10.0.0.206 "GET /v2.0/security-groups?id=15d96dc6-8ffc-41ac-950d-d1e44cf0d52b&fields=id&fields=name HTTP/1.1" status: 200 len: 286 time: 0.2527225
2026-03-04 02:30:31.592 10 INFO neutron.notifiers.nova [-] Nova event matching ['req-b77644e4-a3a9-4b87-b694-2c3a27b4424d'] response: {'server_uuid': 'b7d6607d-0d09-4a9b-bed5-180bdb3a925b', 'name': 'network-vif-plugged', 'status': 'completed', 'tag': '7910f4d0-ec14-4754-8f30-309b9f448306', 'code': 200}
2026-03-04 02:30:31.595 10 WARNING neutron.scheduler.dhcp_agent_scheduler [None req-f07fded4-a56b-411f-ab07-8344dda476ce 23ea61fcd0304c969b154524bf4e832e 245221d40d044995bdab4ce38cb4bc46 - - default default] No more DHCP agents
2026-03-04 02:30:31.596 10 WARNING neutron.api.rpc.agentnotifiers.dhcp_rpc_agent_api [None req-f07fded4-a56b-411f-ab07-8344dda476ce 23ea61fcd0304c969b154524bf4e832e 245221d40d044995bdab4ce38cb4bc46 - - default default] Unable to schedule network 4a176bc8-0d88-4a3e-98a0-1b103558335e: no agents available; will retry on subsequent port and subnet creation events.
2026-03-04 02:30:31.759 10 INFO neutron.db.ovn_revision_numbers_db [None req-f07fded4-a56b-411f-ab07-8344dda476ce 23ea61fcd0304c969b154524bf4e832e 245221d40d044995bdab4ce38cb4bc46 - - default default] Successfully bumped revision number for resource 0e831df7-de1b-45c0-8241-f7771a789df7 (type: ports) to 1
2026-03-04 02:30:31.881 10 INFO neutron.plugins.ml2.drivers.ovn.mech_driver.mech_driver [None req-46bc045e-989f-44d3-8aca-06a9b661dce8 - - - - - -] OVN reports status down for port: 7910f4d0-ec14-4754-8f30-309b9f448306
2026-03-04 02:30:31.968 10 INFO neutron.wsgi [req-11a774c7-6583-4487-85a2-bd219229a778 req-db691c8d-7eaf-4d75-a5be-db1dbc89106e 46ee418fd7b14d5c822bee804d48c0b4 a651256f60d242f6adb36220f1a049d2 - - default default] 10.0.0.206 "GET /v2.0/ports?device_id=b7d6607d-0d09-4a9b-bed5-180bdb3a925b HTTP/1.1" status: 200 len: 1174 time: 0.1424203
2026-03-04 02:30:32.065 10 INFO neutron.wsgi [req-11a774c7-6583-4487-85a2-bd219229a778 req-18093b59-d616-4212-b31c-9b4f72340faa 46ee418fd7b14d5c822bee804d48c0b4 a651256f60d242f6adb36220f1a049d2 - - default default] 10.0.0.206 "GET /v2.0/security-groups?id=15d96dc6-8ffc-41ac-950d-d1e44cf0d52b&fields=id&fields=name HTTP/1.1" status: 200 len: 286 time: 0.0886896
2026-03-04 02:30:32.198 9 WARNING neutron_lib.context [None req-17571363-b8eb-4b8b-aa2b-bd7020e79893 5c77b4f36adf4480aefa85efdc3b3508 719a3e36e1344503b948d95805995106 - - default default] Method 'is_advsvc' is deprecated since 2023.2 release (neutron-lib 3.8.0) and will be removed once support for the old RBAC API policies will be removed from Neutron. Please use method 'is_service_role' instead.
2026-03-04 02:30:32.214 9 INFO neutron.wsgi [req-fba8cfbe-005f-439c-9fef-1f690f77996e req-4ea346d9-5462-44cd-8a3c-48e2fb02d35e 46ee418fd7b14d5c822bee804d48c0b4 a651256f60d242f6adb36220f1a049d2 - - default default] 199.204.45.25 "GET /v2.0/ports?device_id=b7d6607d-0d09-4a9b-bed5-180bdb3a925b HTTP/1.1" status: 200 len: 1172 time: 0.0614936
2026-03-04 02:30:32.335 10 INFO neutron.db.ovn_revision_numbers_db [None req-46bc045e-989f-44d3-8aca-06a9b661dce8 - - - - - -] Successfully bumped revision number for resource 7910f4d0-ec14-4754-8f30-309b9f448306 (type: ports) to 5
2026-03-04 02:30:32.432 9 INFO neutron.db.ovn_revision_numbers_db [None req-17571363-b8eb-4b8b-aa2b-bd7020e79893 5c77b4f36adf4480aefa85efdc3b3508 719a3e36e1344503b948d95805995106 - - default default] Successfully bumped revision number for resource 9c253c8c-9d31-405a-b6b8-c814cec397fd (type: security_groups) to 1
2026-03-04 02:30:32.460 9 INFO neutron.db.ovn_revision_numbers_db [None req-17571363-b8eb-4b8b-aa2b-bd7020e79893 5c77b4f36adf4480aefa85efdc3b3508 719a3e36e1344503b948d95805995106 - - default default] Successfully bumped revision number for resource 1be9931d-f277-46b7-ac82-f59b7de7500b (type: security_group_rules) to 0
2026-03-04 02:30:32.476 9 INFO neutron.db.ovn_revision_numbers_db [None req-17571363-b8eb-4b8b-aa2b-bd7020e79893 5c77b4f36adf4480aefa85efdc3b3508 719a3e36e1344503b948d95805995106 - - default default] Successfully bumped revision number for resource 1f87aea2-d328-4732-9aa0-77823a18648e (type: security_group_rules) to 0
2026-03-04 02:30:32.492 9 INFO neutron.db.ovn_revision_numbers_db [None req-17571363-b8eb-4b8b-aa2b-bd7020e79893 5c77b4f36adf4480aefa85efdc3b3508 719a3e36e1344503b948d95805995106 - - default default] Successfully bumped revision number for resource 93e7b88a-5f6c-4252-bf6e-57907cbe63e5 (type: security_group_rules) to 0
2026-03-04 02:30:32.519 9 INFO neutron.db.ovn_revision_numbers_db [None req-17571363-b8eb-4b8b-aa2b-bd7020e79893 5c77b4f36adf4480aefa85efdc3b3508 719a3e36e1344503b948d95805995106 - - default default] Successfully bumped revision number for resource a0160396-a1a1-41e8-94b6-fe32b1bec4b9 (type: security_group_rules) to 0
2026-03-04 02:30:32.582 9 INFO neutron.db.segments_db [None req-17571363-b8eb-4b8b-aa2b-bd7020e79893 5c77b4f36adf4480aefa85efdc3b3508 719a3e36e1344503b948d95805995106 - - default default] Added segment 59bb24d6-853e-4ae4-8cde-7a9048e898d4 of type geneve for network 5238192f-724f-4823-8520-71b0c7ea3de2
2026-03-04 02:30:32.597 10 INFO neutron.plugins.ml2.drivers.ovn.mech_driver.ovsdb.commands [None req-771a3c9f-0929-45e8-aa30-583fcfbfe799 - - - - - -] Schedule LRP lrp-0e831df7-de1b-45c0-8241-f7771a789df7 on gateway c71abeac-da05-4f35-97fb-16479a098fd8 with priority 1
2026-03-04 02:30:32.600 9 INFO neutron.wsgi [req-fba8cfbe-005f-439c-9fef-1f690f77996e req-ab6ccdfc-2322-4f08-919f-1a9b5fc95183 46ee418fd7b14d5c822bee804d48c0b4 a651256f60d242f6adb36220f1a049d2 - - default default] 199.204.45.25 "DELETE /v2.0/ports/7910f4d0-ec14-4754-8f30-309b9f448306 HTTP/1.1" status: 204 len: 173 time: 0.3802624
2026-03-04 02:30:32.634 10 INFO neutron.db.ovn_revision_numbers_db [None req-f07fded4-a56b-411f-ab07-8344dda476ce 23ea61fcd0304c969b154524bf4e832e 245221d40d044995bdab4ce38cb4bc46 - - default default] Successfully bumped revision number for resource 0e831df7-de1b-45c0-8241-f7771a789df7 (type: router_ports) to 1
2026-03-04 02:30:32.649 9 INFO neutron.notifiers.nova [-] Nova event matching ['req-0aec762b-0004-4eae-8902-77d63a132c34'] response: {'server_uuid': 'b7d6607d-0d09-4a9b-bed5-180bdb3a925b', 'name': 'network-vif-deleted', 'tag': '7910f4d0-ec14-4754-8f30-309b9f448306', 'status': 'completed', 'code': 200}
2026-03-04 02:30:32.705 10 INFO neutron.db.ovn_revision_numbers_db [None req-f07fded4-a56b-411f-ab07-8344dda476ce 23ea61fcd0304c969b154524bf4e832e 245221d40d044995bdab4ce38cb4bc46 - - default default] Successfully bumped revision number for resource 697bc63d-957f-4331-949d-7620cd078eec (type: routers) to 2
2026-03-04 02:30:32.729 10 INFO neutron.wsgi [None req-f07fded4-a56b-411f-ab07-8344dda476ce 23ea61fcd0304c969b154524bf4e832e 245221d40d044995bdab4ce38cb4bc46 - - default default] 10.0.0.194 "POST /v2.0/routers HTTP/1.1" status: 201 len: 1146 time: 1.9373608
2026-03-04 02:30:32.775 9 INFO neutron.db.ovn_revision_numbers_db [None req-17571363-b8eb-4b8b-aa2b-bd7020e79893 5c77b4f36adf4480aefa85efdc3b3508 719a3e36e1344503b948d95805995106 - - default default] Successfully bumped revision number for resource 5238192f-724f-4823-8520-71b0c7ea3de2 (type: networks) to 1
2026-03-04 02:30:32.855 9 INFO neutron.wsgi [None req-ae1b0161-c0ab-41b8-b423-ebc3d30919f4 23ea61fcd0304c969b154524bf4e832e 245221d40d044995bdab4ce38cb4bc46 - - default default] 10.0.0.194 "GET /v2.0/routers/697bc63d-957f-4331-949d-7620cd078eec HTTP/1.1" status: 200 len: 1147 time: 0.1202383 /var/lib/openstack/lib/python3.10/site-packages/pycadf/identifier.py:71: UserWarning: Invalid uuid: neutron. To ensure interoperability, identifiers should be a valid uuid. warnings.warn(('Invalid uuid: %s. To ensure interoperability, '
2026-03-04 02:30:32.988 10 INFO neutron.wsgi [None req-1996811f-5449-4d69-a8e6-29362fab85bb 23ea61fcd0304c969b154524bf4e832e 245221d40d044995bdab4ce38cb4bc46 - - default default] 10.0.0.194 "GET /v2.0/routers HTTP/1.1" status: 200 len: 1150 time: 0.1287518
2026-03-04 02:30:32.996 9 WARNING neutron.scheduler.dhcp_agent_scheduler [None req-17571363-b8eb-4b8b-aa2b-bd7020e79893 5c77b4f36adf4480aefa85efdc3b3508 719a3e36e1344503b948d95805995106 - - default default] No more DHCP agents
2026-03-04 02:30:32.998 9 WARNING neutron.api.rpc.agentnotifiers.dhcp_rpc_agent_api [None req-17571363-b8eb-4b8b-aa2b-bd7020e79893 5c77b4f36adf4480aefa85efdc3b3508 719a3e36e1344503b948d95805995106 - - default default] Unable to schedule network 5238192f-724f-4823-8520-71b0c7ea3de2: no agents available; will retry on subsequent port and subnet creation events.
2026-03-04 02:30:33.090 9 INFO neutron.db.ovn_revision_numbers_db [None req-17571363-b8eb-4b8b-aa2b-bd7020e79893 5c77b4f36adf4480aefa85efdc3b3508 719a3e36e1344503b948d95805995106 - - default default] Successfully bumped revision number for resource 4c644b22-584b-4b9b-8f77-9ee6ae54e611 (type: ports) to 1
2026-03-04 02:30:33.116 9 INFO neutron.wsgi [None req-17571363-b8eb-4b8b-aa2b-bd7020e79893 5c77b4f36adf4480aefa85efdc3b3508 719a3e36e1344503b948d95805995106 - - default default] 10.0.0.194 "POST /v2.0/networks HTTP/1.1" status: 201 len: 830 time: 1.3316212
2026-03-04 02:30:33.128 9 WARNING neutron_lib.context [None req-0d24ede7-1d9f-444f-9d5f-a789e7de7939 5c77b4f36adf4480aefa85efdc3b3508 719a3e36e1344503b948d95805995106 - - default default] Method 'is_advsvc' is deprecated since 2023.2 release (neutron-lib 3.8.0) and will be removed once support for the old RBAC API policies will be removed from Neutron. Please use method 'is_service_role' instead.
2026-03-04 02:30:33.224 9 INFO neutron.db.segments_db [None req-0d24ede7-1d9f-444f-9d5f-a789e7de7939 5c77b4f36adf4480aefa85efdc3b3508 719a3e36e1344503b948d95805995106 - - default default] Added segment ce614805-413b-4687-9118-56df66da9edb of type geneve for network 0e12f7bd-0888-430d-ab06-b5c50435e500
2026-03-04 02:30:33.383 9 INFO neutron.db.ovn_revision_numbers_db [None req-0d24ede7-1d9f-444f-9d5f-a789e7de7939 5c77b4f36adf4480aefa85efdc3b3508 719a3e36e1344503b948d95805995106 - - default default] Successfully bumped revision number for resource 0e12f7bd-0888-430d-ab06-b5c50435e500 (type: networks) to 1
2026-03-04 02:30:33.604 9 WARNING neutron.scheduler.dhcp_agent_scheduler [None req-0d24ede7-1d9f-444f-9d5f-a789e7de7939 5c77b4f36adf4480aefa85efdc3b3508 719a3e36e1344503b948d95805995106 - - default default] No more DHCP agents
2026-03-04 02:30:33.607 9 WARNING neutron.api.rpc.agentnotifiers.dhcp_rpc_agent_api [None req-0d24ede7-1d9f-444f-9d5f-a789e7de7939 5c77b4f36adf4480aefa85efdc3b3508 719a3e36e1344503b948d95805995106 - - default default] Unable to schedule network 0e12f7bd-0888-430d-ab06-b5c50435e500: no agents available; will retry on subsequent port and subnet creation events.
2026-03-04 02:30:33.646 9 WARNING neutron.plugins.ml2.drivers.ovn.mech_driver.ovsdb.ovn_client [None req-3865a772-688b-4849-821e-ed6a72bb218c - - - - - -] No port found with ID 41fcbc1f-a7c7-4eb5-9534-df7b3e9a08ee: RuntimeError: No port found with ID 41fcbc1f-a7c7-4eb5-9534-df7b3e9a08ee
2026-03-04 02:30:33.647 9 INFO neutron.plugins.ml2.drivers.ovn.mech_driver.mech_driver [None req-3865a772-688b-4849-821e-ed6a72bb218c - - - - - -] OVN reports status up for port: 0e831df7-de1b-45c0-8241-f7771a789df7
2026-03-04 02:30:33.658 9 INFO neutron.plugins.ml2.plugin [None req-3865a772-688b-4849-821e-ed6a72bb218c - - - - - -] Attempt 1 to provision port 0e831df7-de1b-45c0-8241-f7771a789df7
2026-03-04 02:30:33.687 10 INFO neutron.notifiers.nova [-] Nova event matching ['req-421357cb-7c81-4620-a596-be356dd55860'] response: {'server_uuid': 'b7d6607d-0d09-4a9b-bed5-180bdb3a925b', 'name': 'network-vif-unplugged', 'status': 'completed', 'tag': '7910f4d0-ec14-4754-8f30-309b9f448306', 'code': 200}
2026-03-04 02:30:33.688 10 INFO neutron.notifiers.nova [-] Nova event matching ['req-421357cb-7c81-4620-a596-be356dd55860'] response: {'server_uuid': 'b7d6607d-0d09-4a9b-bed5-180bdb3a925b', 'name': 'network-vif-unplugged', 'status': 'completed', 'tag': '7910f4d0-ec14-4754-8f30-309b9f448306', 'code': 200}
2026-03-04 02:30:33.705 10 INFO neutron.db.ovn_revision_numbers_db [None req-7b54a4c4-c21c-4301-bb02-cc36c457f108 23ea61fcd0304c969b154524bf4e832e 245221d40d044995bdab4ce38cb4bc46 - - default default] Successfully bumped revision number for resource 697bc63d-957f-4331-949d-7620cd078eec (type: routers) to 3
2026-03-04 02:30:33.711 10 INFO neutron.wsgi [None req-7b54a4c4-c21c-4301-bb02-cc36c457f108 23ea61fcd0304c969b154524bf4e832e 245221d40d044995bdab4ce38cb4bc46 - - default default] 10.0.0.194 "PUT /v2.0/routers/697bc63d-957f-4331-949d-7620cd078eec HTTP/1.1" status: 200 len: 1154 time: 0.7184999
2026-03-04 02:30:33.736 9 INFO neutron.db.ovn_revision_numbers_db [None req-0d24ede7-1d9f-444f-9d5f-a789e7de7939 5c77b4f36adf4480aefa85efdc3b3508 719a3e36e1344503b948d95805995106 - - default default] Successfully bumped revision number for resource 4be28f7c-53ff-4b8d-b240-745b2e27479a (type: ports) to 1
2026-03-04 02:30:33.761 9 INFO neutron.wsgi [None req-0d24ede7-1d9f-444f-9d5f-a789e7de7939 5c77b4f36adf4480aefa85efdc3b3508 719a3e36e1344503b948d95805995106 - - default default] 10.0.0.194 "POST /v2.0/networks HTTP/1.1" status: 201 len: 830 time: 0.6393661
2026-03-04 02:30:33.771 9 WARNING neutron_lib.context [None req-3d336858-ce44-4ffe-b612-3ffa06f7ab32 5c77b4f36adf4480aefa85efdc3b3508 719a3e36e1344503b948d95805995106 - - default default] Method 'is_advsvc' is deprecated since 2023.2 release (neutron-lib 3.8.0) and will be removed once support for the old RBAC API policies will be removed from Neutron. Please use method 'is_service_role' instead.
2026-03-04 02:30:33.798 10 INFO neutron.wsgi [None req-1b4c4554-8465-4385-9ebb-0e7198dc1904 23ea61fcd0304c969b154524bf4e832e 245221d40d044995bdab4ce38cb4bc46 - - default default] 10.0.0.194 "GET /v2.0/routers/697bc63d-957f-4331-949d-7620cd078eec HTTP/1.1" status: 200 len: 1154 time: 0.0785079
2026-03-04 02:30:33.827 9 INFO neutron.wsgi [None req-279234a7-38e7-4655-b0c7-aeed72993958 23ea61fcd0304c969b154524bf4e832e 245221d40d044995bdab4ce38cb4bc46 - - default default] 10.0.0.194 "GET /v2.0/ports?device_id=697bc63d-957f-4331-949d-7620cd078eec HTTP/1.1" status: 200 len: 205 time: 0.0232074
2026-03-04 02:30:33.872 9 INFO neutron.db.segments_db [None req-3d336858-ce44-4ffe-b612-3ffa06f7ab32 5c77b4f36adf4480aefa85efdc3b3508 719a3e36e1344503b948d95805995106 - - default default] Added segment e65ae529-280d-4cd2-b3e3-43b4c0c61a83 of type geneve for network e51d26d4-0e8e-4ea7-99a2-4415cac3828b
2026-03-04 02:30:34.024 9 INFO neutron.db.ovn_revision_numbers_db [None req-3d336858-ce44-4ffe-b612-3ffa06f7ab32 5c77b4f36adf4480aefa85efdc3b3508 719a3e36e1344503b948d95805995106 - - default default] Successfully bumped revision number for resource e51d26d4-0e8e-4ea7-99a2-4415cac3828b (type: networks) to 1
2026-03-04 02:30:34.241 9 WARNING neutron.scheduler.dhcp_agent_scheduler [None req-3d336858-ce44-4ffe-b612-3ffa06f7ab32 5c77b4f36adf4480aefa85efdc3b3508 719a3e36e1344503b948d95805995106 - - default default] No more DHCP agents
2026-03-04 02:30:34.251 9 WARNING neutron.api.rpc.agentnotifiers.dhcp_rpc_agent_api [None req-3d336858-ce44-4ffe-b612-3ffa06f7ab32 5c77b4f36adf4480aefa85efdc3b3508 719a3e36e1344503b948d95805995106 - - default default] Unable to schedule network e51d26d4-0e8e-4ea7-99a2-4415cac3828b: no agents available; will retry on subsequent port and subnet creation events.
2026-03-04 02:30:34.287 9 INFO neutron.db.ovn_revision_numbers_db [None req-0cc08ceb-2ca8-4ca3-a9fb-010d604ead5d 0eaeb9811a0e4e0683b5036e4583a103 8f88e600cf3449f8a080511d31fa8f58 - - default default] Successfully bumped revision number for resource 63b4acf6-faa2-472a-b72d-752e9f63cf5e (type: security_groups) to 1
2026-03-04 02:30:34.308 9 INFO neutron.db.ovn_revision_numbers_db [None req-0cc08ceb-2ca8-4ca3-a9fb-010d604ead5d 0eaeb9811a0e4e0683b5036e4583a103 8f88e600cf3449f8a080511d31fa8f58 - - default default] Successfully bumped revision number for resource 127a24be-de4f-4e69-992a-5fad430385ab (type: security_group_rules) to 0
2026-03-04 02:30:34.329 9 INFO neutron.db.ovn_revision_numbers_db [None req-0cc08ceb-2ca8-4ca3-a9fb-010d604ead5d 0eaeb9811a0e4e0683b5036e4583a103 8f88e600cf3449f8a080511d31fa8f58 - - default default] Successfully bumped revision number for resource 1fcdc278-f12c-4436-98b5-3de86b2e49a5 (type: security_group_rules) to 0
2026-03-04 02:30:34.344 9 INFO neutron.db.ovn_revision_numbers_db [None req-3d336858-ce44-4ffe-b612-3ffa06f7ab32 5c77b4f36adf4480aefa85efdc3b3508 719a3e36e1344503b948d95805995106 - - default default] Successfully bumped revision number for resource dbc9780e-9c51-4cd0-8453-6dcdfc5dd906 (type: ports) to 1
2026-03-04 02:30:34.347 9 INFO neutron.db.ovn_revision_numbers_db [None req-0cc08ceb-2ca8-4ca3-a9fb-010d604ead5d 0eaeb9811a0e4e0683b5036e4583a103 8f88e600cf3449f8a080511d31fa8f58 - - default default] Successfully bumped revision number for resource a3921c35-8575-43f7-8773-dd71ea7b43c6 (type: security_group_rules) to 0
2026-03-04 02:30:34.381 9 INFO neutron.db.ovn_revision_numbers_db [None req-0cc08ceb-2ca8-4ca3-a9fb-010d604ead5d 0eaeb9811a0e4e0683b5036e4583a103 8f88e600cf3449f8a080511d31fa8f58 - - default default] Successfully bumped revision number for resource d081ca52-140f-4ebc-8d9c-9b9fef3397a6 (type: security_group_rules) to 0
2026-03-04 02:30:34.388 9 INFO neutron.wsgi [None req-3d336858-ce44-4ffe-b612-3ffa06f7ab32 5c77b4f36adf4480aefa85efdc3b3508 719a3e36e1344503b948d95805995106 - - default default] 10.0.0.194 "POST /v2.0/networks HTTP/1.1" status: 201 len: 830 time: 0.6224446
2026-03-04 02:30:34.404 9 WARNING neutron_lib.context [None req-484182a3-e211-4f98-9ea6-afc67e45336a 5c77b4f36adf4480aefa85efdc3b3508 719a3e36e1344503b948d95805995106 - - default default] Method 'is_advsvc' is deprecated since 2023.2 release (neutron-lib 3.8.0) and will be removed once support for the old RBAC API policies will be removed from Neutron. Please use method 'is_service_role' instead.
2026-03-04 02:30:34.410 9 INFO neutron.wsgi [None req-0cc08ceb-2ca8-4ca3-a9fb-010d604ead5d 0eaeb9811a0e4e0683b5036e4583a103 8f88e600cf3449f8a080511d31fa8f58 - - default default] 10.0.0.194 "GET /v2.0/security-groups?tenant_id=ff6016f5464c460483f6b19a8504e5d8&name=default HTTP/1.1" status: 200 len: 3120 time: 0.4671803
2026-03-04 02:30:34.530 9 INFO neutron.db.segments_db [None req-484182a3-e211-4f98-9ea6-afc67e45336a 5c77b4f36adf4480aefa85efdc3b3508 719a3e36e1344503b948d95805995106 - - default default] Added segment 8e95b12f-e424-44fa-9510-cf9c260fc367 of type geneve for network fc188473-4b56-48ac-b2f5-1cedab71f098
2026-03-04 02:30:34.711 9 INFO neutron.db.ovn_revision_numbers_db [None req-484182a3-e211-4f98-9ea6-afc67e45336a 5c77b4f36adf4480aefa85efdc3b3508 719a3e36e1344503b948d95805995106 - - default default] Successfully bumped revision number for resource fc188473-4b56-48ac-b2f5-1cedab71f098 (type: networks) to 1
2026-03-04 02:30:34.780 9 INFO neutron.wsgi [None req-3e7fe94b-27a3-4753-a7d6-7db9d3f58f57 0eaeb9811a0e4e0683b5036e4583a103 8f88e600cf3449f8a080511d31fa8f58 - - default default] 10.0.0.194 "DELETE /v2.0/security-groups/63b4acf6-faa2-472a-b72d-752e9f63cf5e HTTP/1.1" status: 204 len: 168 time: 0.3623261
2026-03-04 02:30:34.798 10 INFO neutron.wsgi [None req-88147fdf-cdd3-4bd6-bb86-ba712ce56dbe 23ea61fcd0304c969b154524bf4e832e 245221d40d044995bdab4ce38cb4bc46 - - default default] 10.0.0.194 "DELETE /v2.0/routers/697bc63d-957f-4331-949d-7620cd078eec HTTP/1.1" status: 204 len: 168 time: 0.9657786
2026-03-04 02:30:34.833 9 INFO neutron.wsgi [None req-e78f7709-87d0-4e39-b47e-73ead116dc9b 23ea61fcd0304c969b154524bf4e832e 245221d40d044995bdab4ce38cb4bc46 - - default default] 10.0.0.194 "GET /v2.0/ports?device_id=697bc63d-957f-4331-949d-7620cd078eec HTTP/1.1" status: 200 len: 205 time: 0.0274868
2026-03-04 02:30:34.869 9 INFO neutron.api.v2.resource [None req-7a4ffff2-caa8-46a7-8213-83fb792187e3 23ea61fcd0304c969b154524bf4e832e 245221d40d044995bdab4ce38cb4bc46 - - default default] delete failed (client error): The resource could not be found.
2026-03-04 02:30:34.871 9 INFO neutron.wsgi [None req-7a4ffff2-caa8-46a7-8213-83fb792187e3 23ea61fcd0304c969b154524bf4e832e 245221d40d044995bdab4ce38cb4bc46 - - default default] 10.0.0.194 "DELETE /v2.0/routers/697bc63d-957f-4331-949d-7620cd078eec HTTP/1.1" status: 404 len: 336 time: 0.0290229
2026-03-04 02:30:34.911 9 INFO neutron.wsgi [None req-464b5433-5a5b-43e0-9e9c-d21c0946a89f 23ea61fcd0304c969b154524bf4e832e 245221d40d044995bdab4ce38cb4bc46 - - default default] 10.0.0.194 "GET /v2.0/ports?device_id=9c5a8686-4f2a-47df-9cd5-8f7f494bf096 HTTP/1.1" status: 200 len: 205 time: 0.0307391
2026-03-04 02:30:34.946 9 INFO neutron.api.v2.resource [None req-1e344e47-4a6f-46c6-9969-b7f2facf7c59 23ea61fcd0304c969b154524bf4e832e 245221d40d044995bdab4ce38cb4bc46 - - default default] delete failed (client error): The resource could not be found.
2026-03-04 02:30:34.947 9 INFO neutron.wsgi [None req-1e344e47-4a6f-46c6-9969-b7f2facf7c59 23ea61fcd0304c969b154524bf4e832e 245221d40d044995bdab4ce38cb4bc46 - - default default] 10.0.0.194 "DELETE /v2.0/routers/9c5a8686-4f2a-47df-9cd5-8f7f494bf096 HTTP/1.1" status: 404 len: 336 time: 0.0306537
2026-03-04 02:30:34.986 9 INFO neutron.pecan_wsgi.hooks.translation [None req-cf6d9d8d-211c-4ec6-b621-2b51e890500d 23ea61fcd0304c969b154524bf4e832e 245221d40d044995bdab4ce38cb4bc46 - - default default] DELETE failed (client error): The resource could not be found.
2026-03-04 02:30:34.989 9 INFO neutron.wsgi [None req-cf6d9d8d-211c-4ec6-b621-2b51e890500d 23ea61fcd0304c969b154524bf4e832e 245221d40d044995bdab4ce38cb4bc46 - - default default] 10.0.0.194 "DELETE /v2.0/subnets/62963909-fab4-4065-b318-5486a4f22a4d HTTP/1.1" status: 404 len: 337 time: 0.0366390
2026-03-04 02:30:34.996 9 WARNING neutron.scheduler.dhcp_agent_scheduler [None req-484182a3-e211-4f98-9ea6-afc67e45336a 5c77b4f36adf4480aefa85efdc3b3508 719a3e36e1344503b948d95805995106 - - default default] No more DHCP agents
2026-03-04 02:30:35.009 9 WARNING neutron.api.rpc.agentnotifiers.dhcp_rpc_agent_api [None req-484182a3-e211-4f98-9ea6-afc67e45336a 5c77b4f36adf4480aefa85efdc3b3508 719a3e36e1344503b948d95805995106 - - default default] Unable to schedule network fc188473-4b56-48ac-b2f5-1cedab71f098: no agents available; will retry on subsequent port and subnet creation events.
2026-03-04 02:30:35.030 9 INFO neutron.wsgi [None req-b0472f73-ca3c-4efb-b7f4-721bc52e7659 23ea61fcd0304c969b154524bf4e832e 245221d40d044995bdab4ce38cb4bc46 - - default default] 10.0.0.194 "GET /v2.0/ports?device_id=5dcad6c3-3c03-4dc5-9310-592f1d6cb82b HTTP/1.1" status: 200 len: 205 time: 0.0350070
2026-03-04 02:30:35.077 9 INFO neutron.api.v2.resource [None req-52f884cc-3c94-4e3b-bcaf-e8169c8ffd32 23ea61fcd0304c969b154524bf4e832e 245221d40d044995bdab4ce38cb4bc46 - - default default] delete failed (client error): The resource could not be found.
2026-03-04 02:30:35.078 9 INFO neutron.wsgi [None req-52f884cc-3c94-4e3b-bcaf-e8169c8ffd32 23ea61fcd0304c969b154524bf4e832e 245221d40d044995bdab4ce38cb4bc46 - - default default] 10.0.0.194 "DELETE /v2.0/routers/5dcad6c3-3c03-4dc5-9310-592f1d6cb82b HTTP/1.1" status: 404 len: 336 time: 0.0427659
2026-03-04 02:30:35.110 9 INFO neutron.pecan_wsgi.hooks.translation [None req-0f4c0606-7d18-4b69-b04b-aee36d81d9a4 23ea61fcd0304c969b154524bf4e832e 245221d40d044995bdab4ce38cb4bc46 - - default default] DELETE failed (client error): The resource could not be found.
2026-03-04 02:30:35.112 9 INFO neutron.wsgi [None req-0f4c0606-7d18-4b69-b04b-aee36d81d9a4 23ea61fcd0304c969b154524bf4e832e 245221d40d044995bdab4ce38cb4bc46 - - default default] 10.0.0.194 "DELETE /v2.0/subnets/336d0405-29d3-44fc-8451-e74549393a45 HTTP/1.1" status: 404 len: 337 time: 0.0273964
2026-03-04 02:30:35.141 9 INFO neutron.wsgi [None req-b0745ab5-ac0a-4501-9983-30106a7921dd 23ea61fcd0304c969b154524bf4e832e 245221d40d044995bdab4ce38cb4bc46 - - default default] 10.0.0.194 "GET /v2.0/ports?device_id=00706f4b-e43a-47d2-bbe8-cc7ace311ecc HTTP/1.1" status: 200 len: 205 time: 0.0241468
2026-03-04 02:30:35.174 9 INFO neutron.db.ovn_revision_numbers_db [None req-484182a3-e211-4f98-9ea6-afc67e45336a 5c77b4f36adf4480aefa85efdc3b3508 719a3e36e1344503b948d95805995106 - - default default] Successfully bumped revision number for resource 395b28d6-69fd-46ca-bf3e-25a9c4e23252 (type: ports) to 1
2026-03-04 02:30:35.175 9 INFO neutron.db.ovn_revision_numbers_db [None req-b83c517f-ac85-4d52-b1fe-8f4699986c0d 0eaeb9811a0e4e0683b5036e4583a103 8f88e600cf3449f8a080511d31fa8f58 - - default default] Successfully bumped revision number for resource 33127243-e86e-4200-950e-ac3b2ab58b38 (type: security_groups) to 1
2026-03-04 02:30:35.178 10 INFO neutron.api.v2.resource [None req-b2f3b88f-a51b-45de-b65b-54e4e3d78a18 23ea61fcd0304c969b154524bf4e832e 245221d40d044995bdab4ce38cb4bc46 - - default default] delete failed (client error): The resource could not be found.
2026-03-04 02:30:35.179 10 INFO neutron.wsgi [None req-b2f3b88f-a51b-45de-b65b-54e4e3d78a18 23ea61fcd0304c969b154524bf4e832e 245221d40d044995bdab4ce38cb4bc46 - - default default] 10.0.0.194 "DELETE /v2.0/routers/00706f4b-e43a-47d2-bbe8-cc7ace311ecc HTTP/1.1" status: 404 len: 336 time: 0.0320551
2026-03-04 02:30:35.193 9 INFO neutron.db.ovn_revision_numbers_db [None req-b83c517f-ac85-4d52-b1fe-8f4699986c0d 0eaeb9811a0e4e0683b5036e4583a103 8f88e600cf3449f8a080511d31fa8f58 - - default default] Successfully bumped revision number for resource 0c5f8f7c-1a37-402d-ba4c-527897ff04c6 (type: security_group_rules) to 0
2026-03-04 02:30:35.197 9 INFO neutron.wsgi [None req-484182a3-e211-4f98-9ea6-afc67e45336a 5c77b4f36adf4480aefa85efdc3b3508 719a3e36e1344503b948d95805995106 - - default default] 10.0.0.194 "POST /v2.0/networks HTTP/1.1" status: 201 len: 830 time: 0.7978048
2026-03-04 02:30:35.206 9 WARNING neutron_lib.context [None req-0e81856e-9461-47cf-8d98-9c0ae39cda96 5c77b4f36adf4480aefa85efdc3b3508 719a3e36e1344503b948d95805995106 - - default default] Method 'is_advsvc' is deprecated since 2023.2 release (neutron-lib 3.8.0) and will be removed once support for the old RBAC API policies will be removed from Neutron. Please use method 'is_service_role' instead.
2026-03-04 02:30:35.208 9 INFO neutron.db.ovn_revision_numbers_db [None req-b83c517f-ac85-4d52-b1fe-8f4699986c0d 0eaeb9811a0e4e0683b5036e4583a103 8f88e600cf3449f8a080511d31fa8f58 - - default default] Successfully bumped revision number for resource 9855d19b-3c35-4c28-81fd-b17e57466996 (type: security_group_rules) to 0
2026-03-04 02:30:35.211 10 INFO neutron.pecan_wsgi.hooks.translation [None req-29754593-3857-4d8e-a730-9a8be8c3d30b 23ea61fcd0304c969b154524bf4e832e 245221d40d044995bdab4ce38cb4bc46 - - default default] DELETE failed (client error): The resource could not be found.
2026-03-04 02:30:35.215 10 INFO neutron.wsgi [None req-29754593-3857-4d8e-a730-9a8be8c3d30b 23ea61fcd0304c969b154524bf4e832e 245221d40d044995bdab4ce38cb4bc46 - - default default] 10.0.0.194 "DELETE /v2.0/subnets/a0a23821-dd38-4978-ab5f-734314d4fe9f HTTP/1.1" status: 404 len: 337 time: 0.0298417
2026-03-04 02:30:35.226 9 INFO neutron.db.ovn_revision_numbers_db [None req-b83c517f-ac85-4d52-b1fe-8f4699986c0d 0eaeb9811a0e4e0683b5036e4583a103 8f88e600cf3449f8a080511d31fa8f58 - - default default] Successfully bumped revision number for resource d4cea693-33a7-49b0-8a82-819156450b82 (type: security_group_rules) to 0
2026-03-04 02:30:35.232 9 INFO neutron.pecan_wsgi.hooks.translation [None req-eb7ba2eb-969b-4c38-8835-e16909ebbeb7 23ea61fcd0304c969b154524bf4e832e 245221d40d044995bdab4ce38cb4bc46 - - default default] DELETE failed (client error): The resource could not be found.
2026-03-04 02:30:35.235 9 INFO neutron.wsgi [None req-eb7ba2eb-969b-4c38-8835-e16909ebbeb7 23ea61fcd0304c969b154524bf4e832e 245221d40d044995bdab4ce38cb4bc46 - - default default] 10.0.0.194 "DELETE /v2.0/subnets/03805d2b-0f6e-44cc-85c8-17e2e11ebd2c HTTP/1.1" status: 404 len: 337 time: 0.0159094
2026-03-04 02:30:35.254 9 INFO neutron.db.ovn_revision_numbers_db [None req-b83c517f-ac85-4d52-b1fe-8f4699986c0d 0eaeb9811a0e4e0683b5036e4583a103 8f88e600cf3449f8a080511d31fa8f58 - - default default] Successfully bumped revision number for resource e5be6547-f64a-4149-8965-275c13023c23 (type: security_group_rules) to 0
2026-03-04 02:30:35.282 9 INFO neutron.wsgi [None req-b83c517f-ac85-4d52-b1fe-8f4699986c0d 0eaeb9811a0e4e0683b5036e4583a103 8f88e600cf3449f8a080511d31fa8f58 - - default default] 10.0.0.194 "GET /v2.0/security-groups?tenant_id=bc1f2e6a92be45a38327284474f5a97b&name=default HTTP/1.1" status: 200 len: 3120 time: 0.4025836
2026-03-04 02:30:35.308 9 INFO neutron.db.segments_db [None req-0e81856e-9461-47cf-8d98-9c0ae39cda96 5c77b4f36adf4480aefa85efdc3b3508 719a3e36e1344503b948d95805995106 - - default default] Added segment b954fc73-a4aa-4c31-88dd-a6b1ef37f6a7 of type geneve for network a58a2cba-a19c-4e7c-b118-e59681195501
2026-03-04 02:30:35.503 9 INFO neutron.db.ovn_revision_numbers_db [None req-0e81856e-9461-47cf-8d98-9c0ae39cda96 5c77b4f36adf4480aefa85efdc3b3508 719a3e36e1344503b948d95805995106 - - default default] Successfully bumped revision number for resource a58a2cba-a19c-4e7c-b118-e59681195501 (type: networks) to 1
2026-03-04 02:30:35.906 9 INFO neutron.wsgi [None req-ec3229b6-b0df-40b8-ace6-72d61968d146 0eaeb9811a0e4e0683b5036e4583a103 8f88e600cf3449f8a080511d31fa8f58 - - default default] 10.0.0.194 "DELETE /v2.0/security-groups/33127243-e86e-4200-950e-ac3b2ab58b38 HTTP/1.1" status: 204 len: 168 time: 0.6193867
2026-03-04 02:30:35.960 9 INFO neutron.wsgi [None req-d5f3a688-9a5c-4d4a-8c91-1258f3752d58 0eaeb9811a0e4e0683b5036e4583a103 8f88e600cf3449f8a080511d31fa8f58 - - default default] 10.0.0.194 "GET /v2.0/security-groups?tenant_id=245221d40d044995bdab4ce38cb4bc46&name=default HTTP/1.1" status: 200 len: 3120 time: 0.1971474
2026-03-04 02:30:35.983 9 WARNING neutron.scheduler.dhcp_agent_scheduler [None req-0e81856e-9461-47cf-8d98-9c0ae39cda96 5c77b4f36adf4480aefa85efdc3b3508 719a3e36e1344503b948d95805995106 - - default default] No more DHCP agents
2026-03-04 02:30:35.986 9 WARNING neutron.api.rpc.agentnotifiers.dhcp_rpc_agent_api [None req-0e81856e-9461-47cf-8d98-9c0ae39cda96 5c77b4f36adf4480aefa85efdc3b3508 719a3e36e1344503b948d95805995106 - - default default] Unable to schedule network a58a2cba-a19c-4e7c-b118-e59681195501: no agents available; will retry on subsequent port and subnet creation events.
2026-03-04 02:30:36.077 9 INFO neutron.db.ovn_revision_numbers_db [None req-0e81856e-9461-47cf-8d98-9c0ae39cda96 5c77b4f36adf4480aefa85efdc3b3508 719a3e36e1344503b948d95805995106 - - default default] Successfully bumped revision number for resource 932f5a19-9247-4e49-bb6e-22ef69247b44 (type: ports) to 1
2026-03-04 02:30:36.101 9 INFO neutron.wsgi [None req-0e81856e-9461-47cf-8d98-9c0ae39cda96 5c77b4f36adf4480aefa85efdc3b3508 719a3e36e1344503b948d95805995106 - - default default] 10.0.0.194 "POST /v2.0/networks HTTP/1.1" status: 201 len: 831 time: 0.8989704
2026-03-04 02:30:36.173 10 INFO neutron.wsgi [None req-9fc09bea-f0ae-4184-8e52-b88d9c987ef1 0eaeb9811a0e4e0683b5036e4583a103 8f88e600cf3449f8a080511d31fa8f58 - - default default] 10.0.0.194 "PUT /v2.0/routers/b4536094-cb8a-4c1b-b968-284e42964c23/remove_router_interface HTTP/1.1" status: 200 len: 503 time: 1.8752682
2026-03-04 02:30:36.188 9 INFO neutron.wsgi [None req-bfd54716-1b3d-4aa7-a9ff-9bfec4f9a841 5c77b4f36adf4480aefa85efdc3b3508 719a3e36e1344503b948d95805995106 - - default default] 10.0.0.194 "PUT /v2.0/networks/5238192f-724f-4823-8520-71b0c7ea3de2/tags HTTP/1.1" status: 200 len: 210 time: 0.0808294 /var/lib/openstack/lib/python3.10/site-packages/pycadf/identifier.py:71: UserWarning: Invalid uuid: neutron. To ensure interoperability, identifiers should be a valid uuid. warnings.warn(('Invalid uuid: %s. To ensure interoperability, '
2026-03-04 02:30:36.271 10 INFO neutron.wsgi [None req-42dc7201-522d-4ce7-85b9-1c32c463d064 5c77b4f36adf4480aefa85efdc3b3508 719a3e36e1344503b948d95805995106 - - default default] 10.0.0.194 "PUT /v2.0/networks/0e12f7bd-0888-430d-ab06-b5c50435e500/tags HTTP/1.1" status: 200 len: 218 time: 0.0782118
2026-03-04 02:30:36.336 10 INFO neutron.wsgi [None req-a137dc4b-5fb8-4a9b-b2d8-a0afe98d3455 5c77b4f36adf4480aefa85efdc3b3508 719a3e36e1344503b948d95805995106 - - default default] 10.0.0.194 "PUT /v2.0/networks/e51d26d4-0e8e-4ea7-99a2-4415cac3828b/tags HTTP/1.1" status: 200 len: 227 time: 0.0562434
2026-03-04 02:30:36.345 10 INFO neutron.wsgi [None req-6d69faa9-51ed-4796-9885-e349cd06ffba 0eaeb9811a0e4e0683b5036e4583a103 8f88e600cf3449f8a080511d31fa8f58 - - default default] 10.0.0.194 "DELETE /v2.0/security-groups/b62bf4d1-b1a8-44b6-a264-4abb2015e99b HTTP/1.1" status: 204 len: 168 time: 0.3792343
2026-03-04 02:30:36.400 10 INFO neutron.wsgi [None req-895d7039-4af3-4307-92d5-b8543c0b186d 5c77b4f36adf4480aefa85efdc3b3508 719a3e36e1344503b948d95805995106 - - default default] 10.0.0.194 "PUT /v2.0/networks/fc188473-4b56-48ac-b2f5-1cedab71f098/tags HTTP/1.1" status: 200 len: 212 time: 0.0524256
2026-03-04 02:30:36.521 10 INFO neutron.wsgi [None req-7e314ca1-8ed8-41e3-9944-6d0e367b2e8b 5c77b4f36adf4480aefa85efdc3b3508 719a3e36e1344503b948d95805995106 - - default default] 10.0.0.194 "GET /v2.0/networks?tags=red HTTP/1.1" status: 200 len: 2067 time: 0.1152420
2026-03-04 02:30:36.634 10 INFO neutron.wsgi [None req-f595b695-70f4-4a17-8d0e-7aa2bcc4a9e2 5c77b4f36adf4480aefa85efdc3b3508 719a3e36e1344503b948d95805995106 - - default default] 10.0.0.194 "GET /v2.0/networks?tags=red%2Cblue HTTP/1.1" status: 200 len: 1455 time: 0.1080287
2026-03-04 02:30:36.717 10 INFO neutron.wsgi [None req-4c464868-40c9-4b28-8d8d-a416fda2ad7c 5c77b4f36adf4480aefa85efdc3b3508 719a3e36e1344503b948d95805995106 - - default default] 10.0.0.194 "GET /v2.0/networks?tags-any=blue HTTP/1.1" status: 200 len: 1455 time: 0.0726235
2026-03-04 02:30:36.800 10 INFO neutron.wsgi [None req-ee33c7eb-4966-49d2-b6e0-9592bf639d4b 5c77b4f36adf4480aefa85efdc3b3508 719a3e36e1344503b948d95805995106 - - default default] 10.0.0.194 "GET /v2.0/networks?tags-any=red%2Cblue HTTP/1.1" status: 200 len: 2067 time: 0.0768933
2026-03-04 02:30:36.913 10 INFO neutron.wsgi [None req-64731b75-4bae-47a2-990e-dbddbcefa647 5c77b4f36adf4480aefa85efdc3b3508 719a3e36e1344503b948d95805995106 - - default default] 10.0.0.194 "GET /v2.0/networks?not-tags=red HTTP/1.1" status: 200 len: 2068 time: 0.1072447
2026-03-04 02:30:37.082 9 INFO neutron.wsgi [None req-5c42df58-f6c9-4b63-a947-35ef0b57f644 5c77b4f36adf4480aefa85efdc3b3508 719a3e36e1344503b948d95805995106 - - default default] 10.0.0.194 "GET /v2.0/networks?not-tags=red%2Cblue HTTP/1.1" status: 200 len: 2680 time: 0.1639943
2026-03-04 02:30:37.139 9 INFO neutron.wsgi [None req-7f8994b7-439a-4977-8603-95d0e0605de2 0eaeb9811a0e4e0683b5036e4583a103 8f88e600cf3449f8a080511d31fa8f58 - - default default] 10.0.0.194 "DELETE /v2.0/routers/b4536094-cb8a-4c1b-b968-284e42964c23 HTTP/1.1" status: 204 len: 168 time: 0.9605925
2026-03-04 02:30:37.217 9 INFO neutron.wsgi [None req-faac2dc8-6afa-49f0-96aa-2544b2242019 5c77b4f36adf4480aefa85efdc3b3508 719a3e36e1344503b948d95805995106 - - default default] 10.0.0.194 "GET /v2.0/networks?not-tags-any=blue HTTP/1.1" status: 200 len: 2680 time: 0.1274171
2026-03-04 02:30:37.342 10 INFO neutron.wsgi [None req-56d8604c-cf2d-4194-a0d5-7b14c5279491 5c77b4f36adf4480aefa85efdc3b3508 719a3e36e1344503b948d95805995106 - - default default] 10.0.0.194 "GET /v2.0/networks?not-tags-any=red%2Cblue HTTP/1.1" status: 200 len: 2068 time: 0.1179433
2026-03-04 02:30:37.395 9 INFO neutron.wsgi [None req-45e6dcf1-7f43-4681-9a2b-c3bfc09dbd73 0eaeb9811a0e4e0683b5036e4583a103 8f88e600cf3449f8a080511d31fa8f58 - - default default] 10.0.0.194 "DELETE /v2.0/subnets/12d3e549-41fb-4e8f-8b9b-73ec09d656dc HTTP/1.1" status: 204 len: 168 time: 0.2520583
2026-03-04 02:30:37.757 10 INFO neutron.services.segments.plugin [-] Segment 59bb24d6-853e-4ae4-8cde-7a9048e898d4 resource provider aggregate not found
2026-03-04 02:30:37.761 10 INFO neutron.services.segments.plugin [-] Segment 59bb24d6-853e-4ae4-8cde-7a9048e898d4 resource provider aggregate not found
2026-03-04 02:30:37.777 10 INFO neutron.services.segments.plugin [-] Segment 59bb24d6-853e-4ae4-8cde-7a9048e898d4 resource provider not found; error: Placement Client Error (4xx): {"errors": [{"status": 404, "title": "Not Found", "detail": "The resource could not be found.\n\n No resource provider with uuid 59bb24d6-853e-4ae4-8cde-7a9048e898d4 found for delete ", "request_id": "req-0b2b1cfc-cdcd-4173-b173-35f879d46e22"}]}
2026-03-04 02:30:37.780 10 INFO neutron.services.segments.plugin [-] Segment 59bb24d6-853e-4ae4-8cde-7a9048e898d4 resource provider not found; error: Placement Client Error (4xx): {"errors": [{"status": 404, "title": "Not Found", "detail": "The resource could not be found.\n\n No resource provider with uuid 59bb24d6-853e-4ae4-8cde-7a9048e898d4 found for delete ", "request_id": "req-2a0c7377-f566-478b-9a89-1a35cfae403e"}]}
2026-03-04 02:30:37.785 9 INFO neutron.services.segments.plugin [-] Segment 0b38f349-d3a3-45ce-9096-35f7051510da resource provider aggregate not found
2026-03-04 02:30:37.792 9 INFO neutron.services.segments.plugin [-] Segment 0b38f349-d3a3-45ce-9096-35f7051510da resource provider aggregate not found
2026-03-04 02:30:37.805 9 INFO neutron.services.segments.plugin [-] Segment 0b38f349-d3a3-45ce-9096-35f7051510da resource provider not found; error: Placement Client Error (4xx): {"errors": [{"status": 404, "title": "Not Found", "detail": "The resource could not be found.\n\n No resource provider with uuid 0b38f349-d3a3-45ce-9096-35f7051510da found for delete ", "request_id": "req-d59857a8-254d-4d42-8c84-7ce8079d8788"}]}
2026-03-04 02:30:37.810 9 INFO neutron.services.segments.plugin [-] Segment 0b38f349-d3a3-45ce-9096-35f7051510da resource provider not found; error: Placement Client Error (4xx): {"errors": [{"status": 404, "title": "Not Found", "detail": "The resource could not be found.\n\n No resource provider with uuid 0b38f349-d3a3-45ce-9096-35f7051510da found for delete ", "request_id": "req-908ec196-6de1-46d0-a39c-96b6d1fd671e"}]}
2026-03-04 02:30:37.813 10 INFO neutron.wsgi [None req-9e0b335d-3acf-4d80-9c27-47062c6125b5 5c77b4f36adf4480aefa85efdc3b3508 719a3e36e1344503b948d95805995106 - - default default] 10.0.0.194 "DELETE /v2.0/networks/5238192f-724f-4823-8520-71b0c7ea3de2 HTTP/1.1" status: 204 len: 168 time: 0.4634688
2026-03-04 02:30:37.844 9 INFO neutron.wsgi [None req-175f888f-3942-4217-b960-07bae313cc47 0eaeb9811a0e4e0683b5036e4583a103 8f88e600cf3449f8a080511d31fa8f58 - - default default] 10.0.0.194 "DELETE /v2.0/networks/e92a0189-9c5a-48bf-9c42-d31b187d732d HTTP/1.1" status: 204 len: 168 time: 0.4442122
2026-03-04 02:30:38.062 10 INFO neutron.wsgi [None req-18fca58b-e21a-40b9-bb40-bf99bc6cf2b8 0eaeb9811a0e4e0683b5036e4583a103 8f88e600cf3449f8a080511d31fa8f58 - - default default] 10.0.0.194 "GET /v2.0/security-groups?tenant_id=a651256f60d242f6adb36220f1a049d2&name=default HTTP/1.1" status: 200 len: 3120 time: 0.0431066
2026-03-04 02:30:38.160 10 INFO neutron.wsgi [-] 10.0.0.194 "GET / HTTP/1.1" status: 200 len: 279 time: 0.0019977
2026-03-04 02:30:38.255 9 INFO neutron.wsgi [None req-f8c1a0c8-5c06-4879-8ea0-ac7b968af14f 5c77b4f36adf4480aefa85efdc3b3508 719a3e36e1344503b948d95805995106 - - default default] 10.0.0.194 "DELETE /v2.0/networks/0e12f7bd-0888-430d-ab06-b5c50435e500 HTTP/1.1" status: 204 len: 168 time: 0.4342992
2026-03-04 02:30:38.295 9 INFO neutron.wsgi [None req-33887141-d81f-4f85-88f7-2f23c6d85629 79a6a0f2582a4c64963fbd0a7d07bb50 f88fffd1b977472bb309755f244d4233 - - default default] 10.0.0.194 "GET /v2.0/ HTTP/1.1" status: 200 len: 826 time: 0.1303205
2026-03-04 02:30:38.340 10 INFO neutron.wsgi [None req-ee5f23d6-ad63-4a66-8e3c-a8f6b4e99d22 0eaeb9811a0e4e0683b5036e4583a103 8f88e600cf3449f8a080511d31fa8f58 - - default default] 10.0.0.194 "DELETE /v2.0/security-groups/15d96dc6-8ffc-41ac-950d-d1e44cf0d52b HTTP/1.1" status: 204 len: 168 time: 0.2719102
2026-03-04 02:30:38.666 10 INFO neutron.wsgi [None req-6732718d-dc31-4f76-985d-5a6bd0d04805 5c77b4f36adf4480aefa85efdc3b3508 719a3e36e1344503b948d95805995106 - - default default] 10.0.0.194 "DELETE /v2.0/networks/e51d26d4-0e8e-4ea7-99a2-4415cac3828b HTTP/1.1" status: 204 len: 168 time: 0.4058251
2026-03-04 02:30:38.958 9 WARNING neutron.plugins.ml2.drivers.ovn.mech_driver.ovsdb.ovn_client [None req-3865a772-688b-4849-821e-ed6a72bb218c - - - - - -] No port found with ID 0e831df7-de1b-45c0-8241-f7771a789df7: RuntimeError: No port found with ID 0e831df7-de1b-45c0-8241-f7771a789df7
2026-03-04 02:30:39.059 9 INFO neutron.wsgi [None req-ce46faa6-bc71-4139-a7ec-677d1a3f920d 5c77b4f36adf4480aefa85efdc3b3508 719a3e36e1344503b948d95805995106 - - default default] 10.0.0.194 "DELETE /v2.0/networks/fc188473-4b56-48ac-b2f5-1cedab71f098 HTTP/1.1" status: 204 len: 168 time: 0.3871403
2026-03-04 02:30:39.129 10 INFO neutron.db.ovn_revision_numbers_db [None req-a5646771-fa4a-40b0-bc35-816c91e464fa 0eaeb9811a0e4e0683b5036e4583a103 8f88e600cf3449f8a080511d31fa8f58 - - default default] Successfully bumped revision number for resource ab217c6e-04b6-43e5-a1b5-94ddb1c22638 (type: security_groups) to 1
2026-03-04 02:30:39.142 10 INFO neutron.db.ovn_revision_numbers_db [None req-a5646771-fa4a-40b0-bc35-816c91e464fa 0eaeb9811a0e4e0683b5036e4583a103 8f88e600cf3449f8a080511d31fa8f58 - - default default] Successfully bumped revision number for resource 07a75f91-f06a-48cc-baf7-784282bc4281 (type: security_group_rules) to 0
2026-03-04 02:30:39.165 10 INFO neutron.db.ovn_revision_numbers_db [None req-a5646771-fa4a-40b0-bc35-816c91e464fa 0eaeb9811a0e4e0683b5036e4583a103 8f88e600cf3449f8a080511d31fa8f58 - - default default] Successfully bumped revision number for resource 083016d4-2228-4888-a7ba-8008b4236f17 (type: security_group_rules) to 0
2026-03-04 02:30:39.188 10 INFO neutron.db.ovn_revision_numbers_db [None req-a5646771-fa4a-40b0-bc35-816c91e464fa 0eaeb9811a0e4e0683b5036e4583a103 8f88e600cf3449f8a080511d31fa8f58 - - default default] Successfully bumped revision number for resource c9a2d321-5919-4364-a27f-e31715131a71 (type: security_group_rules) to 0
2026-03-04 02:30:39.201 10 INFO neutron.db.ovn_revision_numbers_db [None req-a5646771-fa4a-40b0-bc35-816c91e464fa 0eaeb9811a0e4e0683b5036e4583a103 8f88e600cf3449f8a080511d31fa8f58 - - default default] Successfully bumped revision number for resource ed804ce2-8088-42bb-b853-17c252e0e4e3 (type: security_group_rules) to 0
2026-03-04 02:30:39.231 10 INFO neutron.wsgi [None req-a5646771-fa4a-40b0-bc35-816c91e464fa 0eaeb9811a0e4e0683b5036e4583a103 8f88e600cf3449f8a080511d31fa8f58 - - default default] 10.0.0.194 "GET /v2.0/security-groups?tenant_id=f88fffd1b977472bb309755f244d4233&name=default HTTP/1.1" status: 200 len: 3120 time: 0.4732842
2026-03-04 02:30:39.453 9 INFO neutron.wsgi [None req-9ec5880b-dbc0-42cc-b491-919d5a5a0625 5c77b4f36adf4480aefa85efdc3b3508 719a3e36e1344503b948d95805995106 - - default default] 10.0.0.194 "DELETE /v2.0/networks/a58a2cba-a19c-4e7c-b118-e59681195501 HTTP/1.1" status: 204 len: 168 time: 0.3889589
2026-03-04 02:30:39.493 9 INFO neutron.wsgi [None req-c7d4b4e4-1b02-479a-9f8c-4e6d35da1d1b 0eaeb9811a0e4e0683b5036e4583a103 8f88e600cf3449f8a080511d31fa8f58 - - default default] 10.0.0.194 "DELETE /v2.0/security-groups/ab217c6e-04b6-43e5-a1b5-94ddb1c22638 HTTP/1.1" status: 204 len: 168 time: 0.2555983
2026-03-04 02:30:39.808 10 INFO neutron.services.segments.plugin [-] Segment e65ae529-280d-4cd2-b3e3-43b4c0c61a83 resource provider aggregate not found
2026-03-04 02:30:39.815 10 INFO neutron.services.segments.plugin [-] Segment e65ae529-280d-4cd2-b3e3-43b4c0c61a83 resource provider aggregate not found
2026-03-04 02:30:39.822 9 INFO neutron.services.segments.plugin [-] Segment ce614805-413b-4687-9118-56df66da9edb resource provider aggregate not found
2026-03-04 02:30:39.829 10 INFO neutron.services.segments.plugin [-] Segment e65ae529-280d-4cd2-b3e3-43b4c0c61a83 resource provider not found; error: Placement Client Error (4xx): {"errors": [{"status": 404, "title": "Not Found", "detail": "The resource could not be found.\n\n No resource provider with uuid e65ae529-280d-4cd2-b3e3-43b4c0c61a83 found for delete ", "request_id": "req-083e87bb-58d6-4676-a58e-a858c5a1ac63"}]}
2026-03-04 02:30:39.833 9 INFO neutron.services.segments.plugin [-] Segment ce614805-413b-4687-9118-56df66da9edb resource provider aggregate not found
2026-03-04 02:30:39.835 10 INFO neutron.services.segments.plugin [-] Segment e65ae529-280d-4cd2-b3e3-43b4c0c61a83 resource provider not found; error: Placement Client Error (4xx): {"errors": [{"status": 404, "title": "Not Found", "detail": "The resource could not be found.\n\n No resource provider with uuid e65ae529-280d-4cd2-b3e3-43b4c0c61a83 found for delete ", "request_id": "req-5c0ec349-9085-4b71-8d55-98a94e49cd6b"}]}
2026-03-04 02:30:39.844 9 INFO neutron.services.segments.plugin [-] Segment ce614805-413b-4687-9118-56df66da9edb resource provider not found; error: Placement Client Error (4xx): {"errors": [{"status": 404, "title": "Not Found", "detail": "The resource could not be found.\n\n No resource provider with uuid ce614805-413b-4687-9118-56df66da9edb found for delete ", "request_id": "req-d5e85773-83a4-43b4-b1b6-2be46d345a9a"}]}
2026-03-04 02:30:39.849 9 INFO neutron.services.segments.plugin [-] Segment ce614805-413b-4687-9118-56df66da9edb resource provider not found; error: Placement Client Error (4xx): {"errors": [{"status": 404, "title": "Not Found", "detail": "The resource could not be found.\n\n No resource provider with uuid ce614805-413b-4687-9118-56df66da9edb found for delete ", "request_id": "req-1088ed0d-7bf7-4974-b375-22f5bb076d00"}]}
2026-03-04 02:30:39.863 9 INFO neutron.services.segments.plugin [-] Segment 8e95b12f-e424-44fa-9510-cf9c260fc367 resource provider aggregate not found
2026-03-04 02:30:39.868 9 INFO neutron.services.segments.plugin [-] Segment 8e95b12f-e424-44fa-9510-cf9c260fc367 resource provider aggregate not found
