2026-03-04 02:31:58.380 9 INFO neutron.wsgi [None req-c23c4400-59bb-43da-aab4-8c8c66bb88f3 19cb9d36cb5f40aca344b02ac8dcb4d6 64fc771bac82461eb04f032bf9d9f792 - - default default] 10.0.0.194 "GET /v2.0/subnets HTTP/1.1" status: 200 len: 8719 time: 0.0673277
2026-03-04 02:31:58.532 9 INFO neutron.wsgi [None req-b725ea29-e122-42c8-b485-4f611555c00c 19cb9d36cb5f40aca344b02ac8dcb4d6 64fc771bac82461eb04f032bf9d9f792 - - default default] 10.0.0.194 "GET /v2.0/routers HTTP/1.1" status: 200 len: 4123 time: 0.1438825
2026-03-04 02:31:58.598 10 WARNING neutron_lib.context [None req-5b67fb74-145f-42f1-b917-4f3d683b0d2c 80ae87919b6b4ff386ebf462004b5e60 855ab45ec08f4a27820cc13738a6cb4e - - default default] Method 'is_advsvc' is deprecated since 2023.2 release (neutron-lib 3.8.0) and will be removed once support for the old RBAC API policies will be removed from Neutron. Please use method 'is_service_role' instead.
2026-03-04 02:31:58.724 10 WARNING neutron.scheduler.dhcp_agent_scheduler [None req-1623c03a-6f95-4c0b-a3cc-9cea9c25c081 2e05c2d6c10d4044929e90145e217057 ea6ec88edcd143ecb454498f80601591 - - default default] No more DHCP agents
2026-03-04 02:31:58.728 10 WARNING neutron.api.rpc.agentnotifiers.dhcp_rpc_agent_api [None req-1623c03a-6f95-4c0b-a3cc-9cea9c25c081 2e05c2d6c10d4044929e90145e217057 ea6ec88edcd143ecb454498f80601591 - - default default] Unable to schedule network 86b434af-14b6-4c63-829d-66d627ec3dd2: no agents available; will retry on subsequent port and subnet creation events.
2026-03-04 02:31:58.776 10 INFO neutron.db.ovn_revision_numbers_db [None req-5b67fb74-145f-42f1-b917-4f3d683b0d2c 80ae87919b6b4ff386ebf462004b5e60 855ab45ec08f4a27820cc13738a6cb4e - - default default] Successfully bumped revision number for resource 3c12aa1f-786a-4bba-b09a-52117a45dc9a (type: security_groups) to 1
2026-03-04 02:31:58.796 10 INFO neutron.db.ovn_revision_numbers_db [None req-5b67fb74-145f-42f1-b917-4f3d683b0d2c 80ae87919b6b4ff386ebf462004b5e60 855ab45ec08f4a27820cc13738a6cb4e - - default default] Successfully bumped revision number for resource 032336bc-7a67-4f2c-b223-39fe43783a57 (type: security_group_rules) to 0
2026-03-04 02:31:58.812 10 INFO neutron.db.ovn_revision_numbers_db [None req-5b67fb74-145f-42f1-b917-4f3d683b0d2c 80ae87919b6b4ff386ebf462004b5e60 855ab45ec08f4a27820cc13738a6cb4e - - default default] Successfully bumped revision number for resource d2f75982-ae7f-4bfe-8f54-677dbb0d1ca5 (type: security_group_rules) to 0
2026-03-04 02:31:58.848 10 INFO neutron.wsgi [None req-5b67fb74-145f-42f1-b917-4f3d683b0d2c 80ae87919b6b4ff386ebf462004b5e60 855ab45ec08f4a27820cc13738a6cb4e - - default default] 10.0.0.194 "POST /v2.0/security-groups HTTP/1.1" status: 201 len: 1875 time: 0.2557054
2026-03-04 02:31:58.861 9 WARNING neutron_lib.context [None req-1b3fadbd-928d-49db-bb51-8dc495525dfc 80ae87919b6b4ff386ebf462004b5e60 855ab45ec08f4a27820cc13738a6cb4e - - default default] Method 'is_advsvc' is deprecated since 2023.2 release (neutron-lib 3.8.0) and will be removed once support for the old RBAC API policies will be removed from Neutron. Please use method 'is_service_role' instead.
2026-03-04 02:31:58.943 10 INFO neutron.db.ovn_revision_numbers_db [None req-1623c03a-6f95-4c0b-a3cc-9cea9c25c081 2e05c2d6c10d4044929e90145e217057 ea6ec88edcd143ecb454498f80601591 - - default default] Successfully bumped revision number for resource 79117805-28f6-49d7-b2ab-49fcbe68830e (type: ports) to 1
2026-03-04 02:31:59.045 9 INFO neutron.db.ovn_revision_numbers_db [None req-1b3fadbd-928d-49db-bb51-8dc495525dfc 80ae87919b6b4ff386ebf462004b5e60 855ab45ec08f4a27820cc13738a6cb4e - - default default] Successfully bumped revision number for resource ec3154c3-8ffa-4bba-bfd1-b8ec042db3c9 (type: security_group_rules) to 0
2026-03-04 02:31:59.071 9 INFO neutron.wsgi [None req-1b3fadbd-928d-49db-bb51-8dc495525dfc 80ae87919b6b4ff386ebf462004b5e60 855ab45ec08f4a27820cc13738a6cb4e - - default default] 10.0.0.194 "POST /v2.0/security-group-rules HTTP/1.1" status: 201 len: 796 time: 0.2175596
2026-03-04 02:31:59.083 9 WARNING neutron_lib.context [None req-b1eb2e33-eea3-4f48-80e0-36caffe12dbb 80ae87919b6b4ff386ebf462004b5e60 855ab45ec08f4a27820cc13738a6cb4e - - default default] Method 'is_advsvc' is deprecated since 2023.2 release (neutron-lib 3.8.0) and will be removed once support for the old RBAC API policies will be removed from Neutron. Please use method 'is_service_role' instead.
2026-03-04 02:31:59.225 9 INFO neutron.db.ovn_revision_numbers_db [None req-b1eb2e33-eea3-4f48-80e0-36caffe12dbb 80ae87919b6b4ff386ebf462004b5e60 855ab45ec08f4a27820cc13738a6cb4e - - default default] Successfully bumped revision number for resource db6a16d4-3522-4cfe-b708-aace8b4b6fd4 (type: security_group_rules) to 0
2026-03-04 02:31:59.251 9 INFO neutron.wsgi [None req-b1eb2e33-eea3-4f48-80e0-36caffe12dbb 80ae87919b6b4ff386ebf462004b5e60 855ab45ec08f4a27820cc13738a6cb4e - - default default] 10.0.0.194 "POST /v2.0/security-group-rules HTTP/1.1" status: 201 len: 795 time: 0.1731820
2026-03-04 02:31:59.261 9 WARNING neutron_lib.context [None req-7f69c222-a879-413c-8bcf-1a2b6de64851 80ae87919b6b4ff386ebf462004b5e60 855ab45ec08f4a27820cc13738a6cb4e - - default default] Method 'is_advsvc' is deprecated since 2023.2 release (neutron-lib 3.8.0) and will be removed once support for the old RBAC API policies will be removed from Neutron. Please use method 'is_service_role' instead.
2026-03-04 02:31:59.394 9 INFO neutron.db.ovn_revision_numbers_db [None req-7f69c222-a879-413c-8bcf-1a2b6de64851 80ae87919b6b4ff386ebf462004b5e60 855ab45ec08f4a27820cc13738a6cb4e - - default default] Successfully bumped revision number for resource 4f0ce94c-68fd-4c95-a1e2-7b06b6d92bc4 (type: security_group_rules) to 0
2026-03-04 02:31:59.426 9 INFO neutron.wsgi [None req-7f69c222-a879-413c-8bcf-1a2b6de64851 80ae87919b6b4ff386ebf462004b5e60 855ab45ec08f4a27820cc13738a6cb4e - - default default] 10.0.0.194 "POST /v2.0/security-group-rules HTTP/1.1" status: 201 len: 801 time: 0.1694667
2026-03-04 02:31:59.436 9 WARNING neutron_lib.context [None req-830c5991-f4ae-4523-97e3-1bd780b66601 80ae87919b6b4ff386ebf462004b5e60 855ab45ec08f4a27820cc13738a6cb4e - - default default] Method 'is_advsvc' is deprecated since 2023.2 release (neutron-lib 3.8.0) and will be removed once support for the old RBAC API policies will be removed from Neutron. Please use method 'is_service_role' instead.
2026-03-04 02:31:59.549 10 ERROR ovsdbapp.backend.ovs_idl.command [None req-1623c03a-6f95-4c0b-a3cc-9cea9c25c081 2e05c2d6c10d4044929e90145e217057 ea6ec88edcd143ecb454498f80601591 - - default default] Error executing command (DbGetCommand): ovsdbapp.backend.ovs_idl.idlutils.RowNotFound: Cannot find Logical_Router_Port with name=lrp-79117805-28f6-49d7-b2ab-49fcbe68830e
2026-03-04 02:31:59.549 10 ERROR ovsdbapp.backend.ovs_idl.command
Traceback (most recent call last):
2026-03-04 02:31:59.549 10 ERROR ovsdbapp.backend.ovs_idl.command
File "/var/lib/openstack/lib/python3.10/site-packages/ovsdbapp/backend/ovs_idl/command.py", line 47, in execute
2026-03-04 02:31:59.549 10 ERROR ovsdbapp.backend.ovs_idl.command self.run_idl(None)
2026-03-04 02:31:59.549 10 ERROR ovsdbapp.backend.ovs_idl.command
File "/var/lib/openstack/lib/python3.10/site-packages/ovsdbapp/backend/ovs_idl/command.py", line 235, in run_idl
2026-03-04 02:31:59.549 10 ERROR ovsdbapp.backend.ovs_idl.command record = self.api.lookup(self.table, self.record)
2026-03-04 02:31:59.549 10 ERROR ovsdbapp.backend.ovs_idl.command
File "/var/lib/openstack/lib/python3.10/site-packages/ovsdbapp/backend/ovs_idl/__init__.py", line 184, in lookup
2026-03-04 02:31:59.549 10 ERROR ovsdbapp.backend.ovs_idl.command return self._lookup(table, record)
2026-03-04 02:31:59.549 10 ERROR ovsdbapp.backend.ovs_idl.command
File "/var/lib/openstack/lib/python3.10/site-packages/ovsdbapp/backend/ovs_idl/__init__.py", line 235, in _lookup
2026-03-04 02:31:59.549 10 ERROR ovsdbapp.backend.ovs_idl.command row = idlutils.row_by_value(self, rl.table, rl.column, record)
2026-03-04 02:31:59.549 10 ERROR ovsdbapp.backend.ovs_idl.command
File "/var/lib/openstack/lib/python3.10/site-packages/ovsdbapp/backend/ovs_idl/idlutils.py", line 114, in row_by_value
2026-03-04 02:31:59.549 10 ERROR ovsdbapp.backend.ovs_idl.command raise RowNotFound(table=table, col=column, match=match)
2026-03-04 02:31:59.549 10 ERROR ovsdbapp.backend.ovs_idl.command ovsdbapp.backend.ovs_idl.idlutils.RowNotFound: Cannot find Logical_Router_Port with name=lrp-79117805-28f6-49d7-b2ab-49fcbe68830e
2026-03-04 02:31:59.549 10 ERROR ovsdbapp.backend.ovs_idl.command 
2026-03-04 02:31:59.550 10 ERROR neutron_lib.callbacks.manager [None req-1623c03a-6f95-4c0b-a3cc-9cea9c25c081 2e05c2d6c10d4044929e90145e217057 ea6ec88edcd143ecb454498f80601591 - - default default] Error during notification for neutron.services.ovn_l3.plugin.OVNL3RouterPlugin._port_update-8751242514159 port, after_update: ovsdbapp.backend.ovs_idl.idlutils.RowNotFound: Cannot find Logical_Router_Port with name=lrp-79117805-28f6-49d7-b2ab-49fcbe68830e
2026-03-04 02:31:59.550 10 ERROR neutron_lib.callbacks.manager
Traceback (most recent call last):
2026-03-04 02:31:59.550 10 ERROR neutron_lib.callbacks.manager
File "/var/lib/openstack/lib/python3.10/site-packages/neutron_lib/callbacks/manager.py", line 189, in _notify_loop
2026-03-04 02:31:59.550 10 ERROR neutron_lib.callbacks.manager callback.method(resource, event, trigger, payload=payload)
2026-03-04 02:31:59.550 10 ERROR neutron_lib.callbacks.manager
File "/var/lib/openstack/lib/python3.10/site-packages/neutron/services/ovn_l3/plugin.py", line 391, in _port_update
2026-03-04 02:31:59.550 10 ERROR neutron_lib.callbacks.manager l3plugin._ovn_client.update_router_port(context,
2026-03-04 02:31:59.550 10 ERROR neutron_lib.callbacks.manager
File "/var/lib/openstack/lib/python3.10/site-packages/neutron/plugins/ml2/drivers/ovn/mech_driver/ovsdb/ovn_client.py", line 1878, in update_router_port
2026-03-04 02:31:59.550 10 ERROR neutron_lib.callbacks.manager self._update_lrouter_port(context, port, if_exists=if_exists,
2026-03-04 02:31:59.550 10 ERROR neutron_lib.callbacks.manager
File "/var/lib/openstack/lib/python3.10/site-packages/neutron/plugins/ml2/drivers/ovn/mech_driver/ovsdb/ovn_client.py", line 1855, in _update_lrouter_port
2026-03-04 02:31:59.550 10 ERROR neutron_lib.callbacks.manager external_ids = self._nb_idl.db_get(
2026-03-04 02:31:59.550 10 ERROR neutron_lib.callbacks.manager
File "/var/lib/openstack/lib/python3.10/site-packages/ovsdbapp/backend/ovs_idl/command.py", line 47, in execute
2026-03-04 02:31:59.550 10 ERROR neutron_lib.callbacks.manager self.run_idl(None)
2026-03-04 02:31:59.550 10 ERROR neutron_lib.callbacks.manager
File "/var/lib/openstack/lib/python3.10/site-packages/ovsdbapp/backend/ovs_idl/command.py", line 235, in run_idl
2026-03-04 02:31:59.550 10 ERROR neutron_lib.callbacks.manager record = self.api.lookup(self.table, self.record)
2026-03-04 02:31:59.550 10 ERROR neutron_lib.callbacks.manager
File "/var/lib/openstack/lib/python3.10/site-packages/ovsdbapp/backend/ovs_idl/__init__.py", line 184, in lookup
2026-03-04 02:31:59.550 10 ERROR neutron_lib.callbacks.manager return self._lookup(table, record)
2026-03-04 02:31:59.550 10 ERROR neutron_lib.callbacks.manager
File "/var/lib/openstack/lib/python3.10/site-packages/ovsdbapp/backend/ovs_idl/__init__.py", line 235, in _lookup
2026-03-04 02:31:59.550 10 ERROR neutron_lib.callbacks.manager row = idlutils.row_by_value(self, rl.table, rl.column, record)
2026-03-04 02:31:59.550 10 ERROR neutron_lib.callbacks.manager
File "/var/lib/openstack/lib/python3.10/site-packages/ovsdbapp/backend/ovs_idl/idlutils.py", line 114, in row_by_value
2026-03-04 02:31:59.550 10 ERROR neutron_lib.callbacks.manager raise RowNotFound(table=table, col=column, match=match)
2026-03-04 02:31:59.550 10 ERROR neutron_lib.callbacks.manager ovsdbapp.backend.ovs_idl.idlutils.RowNotFound: Cannot find Logical_Router_Port with name=lrp-79117805-28f6-49d7-b2ab-49fcbe68830e
2026-03-04 02:31:59.550 10 ERROR neutron_lib.callbacks.manager 
2026-03-04 02:31:59.570 9 INFO neutron.db.ovn_revision_numbers_db [None req-830c5991-f4ae-4523-97e3-1bd780b66601 80ae87919b6b4ff386ebf462004b5e60 855ab45ec08f4a27820cc13738a6cb4e - - default default] Successfully bumped revision number for resource 75527725-16e7-4245-8c05-df044a49684b (type: security_group_rules) to 0
2026-03-04 02:31:59.593 9 INFO neutron.wsgi [None req-830c5991-f4ae-4523-97e3-1bd780b66601 80ae87919b6b4ff386ebf462004b5e60 855ab45ec08f4a27820cc13738a6cb4e - - default default] 10.0.0.194 "POST /v2.0/security-group-rules HTTP/1.1" status: 201 len: 800 time: 0.1614261
2026-03-04 02:31:59.606 9 WARNING neutron_lib.context [None req-c2ca86ba-1afb-4be0-bbb7-aa0eab29bf91 80ae87919b6b4ff386ebf462004b5e60 855ab45ec08f4a27820cc13738a6cb4e - - default default] Method 'is_advsvc' is deprecated since 2023.2 release (neutron-lib 3.8.0) and will be removed once support for the old RBAC API policies will be removed from Neutron. Please use method 'is_service_role' instead.
2026-03-04 02:31:59.647 9 INFO neutron.db.securitygroups_db [None req-c2ca86ba-1afb-4be0-bbb7-aa0eab29bf91 80ae87919b6b4ff386ebf462004b5e60 855ab45ec08f4a27820cc13738a6cb4e - - default default] Project 855ab45ec08f4a27820cc13738a6cb4e added a security group rule with legacy IPv6 ICMP protocol name icmp, ipv6-icmp should be used instead. It was automatically converted.
2026-03-04 02:31:59.742 9 INFO neutron.db.ovn_revision_numbers_db [None req-c2ca86ba-1afb-4be0-bbb7-aa0eab29bf91 80ae87919b6b4ff386ebf462004b5e60 855ab45ec08f4a27820cc13738a6cb4e - - default default] Successfully bumped revision number for resource 163604f3-a253-470b-b354-098eb9b5fd39 (type: security_group_rules) to 0
2026-03-04 02:31:59.770 9 INFO neutron.wsgi [None req-c2ca86ba-1afb-4be0-bbb7-aa0eab29bf91 80ae87919b6b4ff386ebf462004b5e60 855ab45ec08f4a27820cc13738a6cb4e - - default default] 10.0.0.194 "POST /v2.0/security-group-rules HTTP/1.1" status: 201 len: 806 time: 0.1710608
2026-03-04 02:31:59.776 10 INFO neutron.db.ovn_revision_numbers_db [None req-1623c03a-6f95-4c0b-a3cc-9cea9c25c081 2e05c2d6c10d4044929e90145e217057 ea6ec88edcd143ecb454498f80601591 - - default default] Successfully bumped revision number for resource 79117805-28f6-49d7-b2ab-49fcbe68830e (type: ports) to 1
2026-03-04 02:31:59.781 9 WARNING neutron_lib.context [None req-c8559b42-2fbb-497a-a4f1-b5bc1ea1bfa0 80ae87919b6b4ff386ebf462004b5e60 855ab45ec08f4a27820cc13738a6cb4e - - default default] Method 'is_advsvc' is deprecated since 2023.2 release (neutron-lib 3.8.0) and will be removed once support for the old RBAC API policies will be removed from Neutron. Please use method 'is_service_role' instead.
2026-03-04 02:31:59.819 9 INFO neutron.db.securitygroups_db [None req-c8559b42-2fbb-497a-a4f1-b5bc1ea1bfa0 80ae87919b6b4ff386ebf462004b5e60 855ab45ec08f4a27820cc13738a6cb4e - - default default] Project 855ab45ec08f4a27820cc13738a6cb4e added a security group rule with legacy IPv6 ICMP protocol name icmp, ipv6-icmp should be used instead. It was automatically converted.
2026-03-04 02:31:59.851 10 WARNING neutron.scheduler.dhcp_agent_scheduler [None req-1623c03a-6f95-4c0b-a3cc-9cea9c25c081 2e05c2d6c10d4044929e90145e217057 ea6ec88edcd143ecb454498f80601591 - - default default] No more DHCP agents
2026-03-04 02:31:59.852 10 WARNING neutron.api.rpc.agentnotifiers.dhcp_rpc_agent_api [None req-1623c03a-6f95-4c0b-a3cc-9cea9c25c081 2e05c2d6c10d4044929e90145e217057 ea6ec88edcd143ecb454498f80601591 - - default default] Unable to schedule network 86b434af-14b6-4c63-829d-66d627ec3dd2: no agents available; will retry on subsequent port and subnet creation events.
2026-03-04 02:31:59.930 9 INFO neutron.db.ovn_revision_numbers_db [None req-c8559b42-2fbb-497a-a4f1-b5bc1ea1bfa0 80ae87919b6b4ff386ebf462004b5e60 855ab45ec08f4a27820cc13738a6cb4e - - default default] Successfully bumped revision number for resource 9d2a820a-1410-4fe0-b572-a9b1aee8c627 (type: security_group_rules) to 0
2026-03-04 02:31:59.959 9 INFO neutron.wsgi [None req-c8559b42-2fbb-497a-a4f1-b5bc1ea1bfa0 80ae87919b6b4ff386ebf462004b5e60 855ab45ec08f4a27820cc13738a6cb4e - - default default] 10.0.0.194 "POST /v2.0/security-group-rules HTTP/1.1" status: 201 len: 805 time: 0.1845562
2026-03-04 02:32:00.042 10 WARNING neutron_lib.context [None req-1b16e91a-1ddf-4eeb-9fc8-b44fd77f746f e198771ee5e743c6aae16ec466429334 a1804239edb84927b2953218e7203743 - - default default] Method 'is_advsvc' is deprecated since 2023.2 release (neutron-lib 3.8.0) and will be removed once support for the old RBAC API policies will be removed from Neutron. Please use method 'is_service_role' instead.
2026-03-04 02:32:00.121 10 INFO neutron.wsgi [None req-1b16e91a-1ddf-4eeb-9fc8-b44fd77f746f e198771ee5e743c6aae16ec466429334 a1804239edb84927b2953218e7203743 - - default default] 10.0.0.194 "POST /v2.0/subnetpools HTTP/1.1" status: 201 len: 715 time: 0.3025365
2026-03-04 02:32:00.132 10 WARNING neutron_lib.context [None req-84551b43-a050-4e83-b44c-c67fde307849 e198771ee5e743c6aae16ec466429334 a1804239edb84927b2953218e7203743 - - default default] Method 'is_advsvc' is deprecated since 2023.2 release (neutron-lib 3.8.0) and will be removed once support for the old RBAC API policies will be removed from Neutron. Please use method 'is_service_role' instead.
2026-03-04 02:32:00.205 10 INFO neutron.wsgi [None req-84551b43-a050-4e83-b44c-c67fde307849 e198771ee5e743c6aae16ec466429334 a1804239edb84927b2953218e7203743 - - default default] 10.0.0.194 "POST /v2.0/subnetpools HTTP/1.1" status: 201 len: 715 time: 0.0782731
2026-03-04 02:32:00.220 9 WARNING neutron_lib.context [None req-4b79ba59-dfbc-47ff-b4c4-54d07b9eee0e e198771ee5e743c6aae16ec466429334 a1804239edb84927b2953218e7203743 - - default default] Method 'is_advsvc' is deprecated since 2023.2 release (neutron-lib 3.8.0) and will be removed once support for the old RBAC API policies will be removed from Neutron. Please use method 'is_service_role' instead.
2026-03-04 02:32:00.275 9 INFO neutron.wsgi [None req-4b79ba59-dfbc-47ff-b4c4-54d07b9eee0e e198771ee5e743c6aae16ec466429334 a1804239edb84927b2953218e7203743 - - default default] 10.0.0.194 "POST /v2.0/subnetpools HTTP/1.1" status: 201 len: 715 time: 0.0623846
2026-03-04 02:32:00.286 10 WARNING neutron_lib.context [None req-d29a5c75-8ea3-41cf-ac31-b77b1bb67d97 e198771ee5e743c6aae16ec466429334 a1804239edb84927b2953218e7203743 - - default default] Method 'is_advsvc' is deprecated since 2023.2 release (neutron-lib 3.8.0) and will be removed once support for the old RBAC API policies will be removed from Neutron. Please use method 'is_service_role' instead.
2026-03-04 02:32:00.360 10 INFO neutron.wsgi [None req-d29a5c75-8ea3-41cf-ac31-b77b1bb67d97 e198771ee5e743c6aae16ec466429334 a1804239edb84927b2953218e7203743 - - default default] 10.0.0.194 "POST /v2.0/subnetpools HTTP/1.1" status: 201 len: 715 time: 0.0805204
2026-03-04 02:32:00.376 9 WARNING neutron_lib.context [None req-5ad97a8f-0733-44bb-b84d-de0fe01ee389 e198771ee5e743c6aae16ec466429334 a1804239edb84927b2953218e7203743 - - default default] Method 'is_advsvc' is deprecated since 2023.2 release (neutron-lib 3.8.0) and will be removed once support for the old RBAC API policies will be removed from Neutron. Please use method 'is_service_role' instead.
2026-03-04 02:32:00.458 9 INFO neutron.wsgi [None req-5ad97a8f-0733-44bb-b84d-de0fe01ee389 e198771ee5e743c6aae16ec466429334 a1804239edb84927b2953218e7203743 - - default default] 10.0.0.194 "POST /v2.0/subnetpools HTTP/1.1" status: 201 len: 715 time: 0.0904505
2026-03-04 02:32:00.505 9 INFO neutron.wsgi [None req-fb1f3e04-4352-4672-95f6-52893ddfd25a 80ae87919b6b4ff386ebf462004b5e60 855ab45ec08f4a27820cc13738a6cb4e - - default default] 10.0.0.194 "GET /v2.0/networks HTTP/1.1" status: 200 len: 1492 time: 0.1635125
2026-03-04 02:32:00.512 9 INFO neutron.wsgi [None req-8b94fb5c-ab21-4f72-8f5f-d9c673180a90 e198771ee5e743c6aae16ec466429334 a1804239edb84927b2953218e7203743 - - default default] 10.0.0.194 "PUT /v2.0/subnetpools/2863d42c-3d1c-4f25-9078-4dcb04c21c0b/tags HTTP/1.1" status: 200 len: 210 time: 0.0486164
2026-03-04 02:32:00.548 9 INFO neutron.wsgi [None req-30f55d82-735c-4263-a6ed-8bad70e06933 e198771ee5e743c6aae16ec466429334 a1804239edb84927b2953218e7203743 - - default default] 10.0.0.194 "PUT /v2.0/subnetpools/0ebe389a-a9e2-4fcd-b8c3-4e10f3ab02bb/tags HTTP/1.1" status: 200 len: 218 time: 0.0325034
2026-03-04 02:32:00.615 10 INFO neutron.wsgi [None req-67c4af60-d4ca-47f0-a13a-dfeaf73d9a59 e198771ee5e743c6aae16ec466429334 a1804239edb84927b2953218e7203743 - - default default] 10.0.0.194 "PUT /v2.0/subnetpools/60891d46-ad82-451b-a27c-d06d21ee4b71/tags HTTP/1.1" status: 200 len: 227 time: 0.0618632
2026-03-04 02:32:00.651 9 INFO neutron.wsgi [None req-1c594fd9-e3b8-4ea7-81bc-51778f421211 e198771ee5e743c6aae16ec466429334 a1804239edb84927b2953218e7203743 - - default default] 10.0.0.194 "PUT /v2.0/subnetpools/68ab9233-bef2-4ec5-9b1a-e407386e7f55/tags HTTP/1.1" status: 200 len: 212 time: 0.0299952
2026-03-04 02:32:00.659 10 INFO neutron.wsgi [req-5dd75898-5804-4838-9112-aa137372cffa req-172314f1-7b9b-47d5-9b7b-98eedf7aef89 80ae87919b6b4ff386ebf462004b5e60 855ab45ec08f4a27820cc13738a6cb4e - - default default] 10.0.0.206 "GET /v2.0/security-groups?name=tempest-secgroup-smoke-1575354721&fields=id&tenant_id=855ab45ec08f4a27820cc13738a6cb4e HTTP/1.1" status: 200 len: 267 time: 0.0608571
2026-03-04 02:32:00.687 9 INFO neutron.wsgi [None req-e9a630c8-5bfe-437e-9fdb-e6de38cbeb9a e198771ee5e743c6aae16ec466429334 a1804239edb84927b2953218e7203743 - - default default] 10.0.0.194 "GET /v2.0/subnetpools?tags=red HTTP/1.1" status: 200 len: 1758 time: 0.0314839
2026-03-04 02:32:00.717 9 INFO neutron.wsgi [None req-dabec6cf-523a-404f-a541-b66cf7dd7728 e198771ee5e743c6aae16ec466429334 a1804239edb84927b2953218e7203743 - - default default] 10.0.0.194 "GET /v2.0/subnetpools?tags=red%2Cblue HTTP/1.1" status: 200 len: 1251 time: 0.0228713
2026-03-04 02:32:00.743 9 INFO neutron.wsgi [None req-c4b30e31-8755-4b52-8efd-4a8de1f559c2 e198771ee5e743c6aae16ec466429334 a1804239edb84927b2953218e7203743 - - default default] 10.0.0.194 "GET /v2.0/subnetpools?tags-any=blue HTTP/1.1" status: 200 len: 1251 time: 0.0216982
2026-03-04 02:32:00.769 9 INFO neutron.wsgi [None req-67c8279a-3c24-493d-8d6a-5870c1fe48ce e198771ee5e743c6aae16ec466429334 a1804239edb84927b2953218e7203743 - - default default] 10.0.0.194 "GET /v2.0/subnetpools?tags-any=red%2Cblue HTTP/1.1" status: 200 len: 1758 time: 0.0204177
2026-03-04 02:32:00.795 9 INFO neutron.wsgi [None req-9d76dc64-cba6-4ea7-9fc1-f37c353e1c06 e198771ee5e743c6aae16ec466429334 a1804239edb84927b2953218e7203743 - - default default] 10.0.0.194 "GET /v2.0/subnetpools?not-tags=red HTTP/1.1" status: 200 len: 1223 time: 0.0208981
2026-03-04 02:32:00.827 9 INFO neutron.wsgi [None req-085c578a-05dc-4280-ac68-791318f9c3c9 e198771ee5e743c6aae16ec466429334 a1804239edb84927b2953218e7203743 - - default default] 10.0.0.194 "GET /v2.0/subnetpools?not-tags=red%2Cblue HTTP/1.1" status: 200 len: 1730 time: 0.0273707
2026-03-04 02:32:00.861 9 INFO neutron.wsgi [None req-307da992-4a07-4dfa-aabc-ab84fdb273a7 e198771ee5e743c6aae16ec466429334 a1804239edb84927b2953218e7203743 - - default default] 10.0.0.194 "GET /v2.0/subnetpools?not-tags-any=blue HTTP/1.1" status: 200 len: 1730 time: 0.0291474
2026-03-04 02:32:00.886 9 INFO neutron.wsgi [None req-14400130-64a5-4b6c-bb9c-12016935589e e198771ee5e743c6aae16ec466429334 a1804239edb84927b2953218e7203743 - - default default] 10.0.0.194 "GET /v2.0/subnetpools?not-tags-any=red%2Cblue HTTP/1.1" status: 200 len: 1223 time: 0.0196431
2026-03-04 02:32:00.949 9 INFO neutron.wsgi [None req-ce2583ec-a1a1-4bd6-80cc-9e4b39b57cc7 e198771ee5e743c6aae16ec466429334 a1804239edb84927b2953218e7203743 - - default default] 10.0.0.194 "DELETE /v2.0/subnetpools/2863d42c-3d1c-4f25-9078-4dcb04c21c0b HTTP/1.1" status: 204 len: 168 time: 0.0569839
2026-03-04 02:32:01.015 9 INFO neutron.wsgi [None req-44b6f7bf-a63c-4c6b-a429-4776ccd2c5bf e198771ee5e743c6aae16ec466429334 a1804239edb84927b2953218e7203743 - - default default] 10.0.0.194 "DELETE /v2.0/subnetpools/0ebe389a-a9e2-4fcd-b8c3-4e10f3ab02bb HTTP/1.1" status: 204 len: 168 time: 0.0612593
2026-03-04 02:32:01.049 10 INFO neutron.wsgi [req-5dd75898-5804-4838-9112-aa137372cffa req-8cf78793-3989-4d83-a8b3-05e3fcf15b04 80ae87919b6b4ff386ebf462004b5e60 855ab45ec08f4a27820cc13738a6cb4e - - default default] 10.0.0.206 "GET /v2.0/networks?id=c8bd9137-cb15-4b59-9893-2a911203826c HTTP/1.1" status: 200 len: 859 time: 0.3812797
2026-03-04 02:32:01.067 10 INFO neutron.wsgi [req-5dd75898-5804-4838-9112-aa137372cffa req-00a67b1f-349d-4109-a27b-f4a3bab5119c 80ae87919b6b4ff386ebf462004b5e60 855ab45ec08f4a27820cc13738a6cb4e - - default default] 10.0.0.206 "GET /v2.0/quotas/855ab45ec08f4a27820cc13738a6cb4e HTTP/1.1" status: 200 len: 491 time: 0.0119240
2026-03-04 02:32:01.075 9 INFO neutron.wsgi [None req-c92ca9b0-aee3-428a-ab4b-204470daf1f2 e198771ee5e743c6aae16ec466429334 a1804239edb84927b2953218e7203743 - - default default] 10.0.0.194 "DELETE /v2.0/subnetpools/60891d46-ad82-451b-a27c-d06d21ee4b71 HTTP/1.1" status: 204 len: 168 time: 0.0535922
2026-03-04 02:32:01.129 10 INFO neutron.db.ovn_revision_numbers_db [None req-1623c03a-6f95-4c0b-a3cc-9cea9c25c081 2e05c2d6c10d4044929e90145e217057 ea6ec88edcd143ecb454498f80601591 - - default default] Successfully bumped revision number for resource 79117805-28f6-49d7-b2ab-49fcbe68830e (type: router_ports) to 1
2026-03-04 02:32:01.151 9 INFO neutron.wsgi [None req-da4a8d31-b962-4d32-b696-af75bd8b6038 e198771ee5e743c6aae16ec466429334 a1804239edb84927b2953218e7203743 - - default default] 10.0.0.194 "DELETE /v2.0/subnetpools/68ab9233-bef2-4ec5-9b1a-e407386e7f55 HTTP/1.1" status: 204 len: 168 time: 0.0710044
2026-03-04 02:32:01.213 10 INFO neutron.wsgi [req-5dd75898-5804-4838-9112-aa137372cffa req-3cb47593-acfc-478a-8b17-5e8cad506cbf 80ae87919b6b4ff386ebf462004b5e60 855ab45ec08f4a27820cc13738a6cb4e - - default default] 10.0.0.206 "GET /v2.0/ports?tenant_id=855ab45ec08f4a27820cc13738a6cb4e&fields=id HTTP/1.1" status: 200 len: 302 time: 0.1338165
2026-03-04 02:32:01.215 9 INFO neutron.wsgi [None req-ddc288ee-2372-4fff-aaf1-4af648d626ae e198771ee5e743c6aae16ec466429334 a1804239edb84927b2953218e7203743 - - default default] 10.0.0.194 "DELETE /v2.0/subnetpools/76be7338-a5c3-46e7-b60d-e1cae1fca1a3 HTTP/1.1" status: 204 len: 168 time: 0.0580831
2026-03-04 02:32:01.314 10 INFO neutron.wsgi [req-5dd75898-5804-4838-9112-aa137372cffa req-ac437eda-5993-4697-a4ad-bdf0b2f37dd9 9485d081605d4854bc7425fede65ba90 59b95180f6ac47f9b81ebeea0a229261 - - f65d03401fe643fba374468d1db27df7 f65d03401fe643fba374468d1db27df7] 10.0.0.206 "GET /v2.0/networks/c8bd9137-cb15-4b59-9893-2a911203826c?fields=segments HTTP/1.1" status: 200 len: 212 time: 0.0863490
2026-03-04 02:32:01.409 10 INFO neutron.wsgi [req-5dd75898-5804-4838-9112-aa137372cffa req-83a93b4d-ca2b-405a-9863-c23bb2973436 9485d081605d4854bc7425fede65ba90 59b95180f6ac47f9b81ebeea0a229261 - - f65d03401fe643fba374468d1db27df7 f65d03401fe643fba374468d1db27df7] 10.0.0.206 "GET /v2.0/networks/c8bd9137-cb15-4b59-9893-2a911203826c?fields=provider%3Aphysical_network&fields=provider%3Anetwork_type HTTP/1.1" status: 200 len: 277 time: 0.0864382
2026-03-04 02:32:01.441 10 WARNING neutron.scheduler.dhcp_agent_scheduler [None req-636d7917-5888-427a-a0b3-f3255f7abc85 - - - - - -] No more DHCP agents
2026-03-04 02:32:01.443 10 WARNING neutron.api.rpc.agentnotifiers.dhcp_rpc_agent_api [None req-636d7917-5888-427a-a0b3-f3255f7abc85 - - - - - -] Unable to schedule network 86b434af-14b6-4c63-829d-66d627ec3dd2: no agents available; will retry on subsequent port and subnet creation events.
2026-03-04 02:32:01.612 9 INFO neutron.wsgi [req-f0e7e1f0-ee9e-489d-8562-56343ba950c9 req-5c6e37cd-a3a4-4954-b177-ed937ad5f264 80ae87919b6b4ff386ebf462004b5e60 855ab45ec08f4a27820cc13738a6cb4e - - default default] 10.0.0.206 "GET /v2.0/ports?device_id=eef70434-49c3-428c-b0d2-b1f265d02e61 HTTP/1.1" status: 200 len: 210 time: 0.0285041
2026-03-04 02:32:01.612 10 INFO neutron.db.ovn_revision_numbers_db [None req-636d7917-5888-427a-a0b3-f3255f7abc85 - - - - - -] Successfully bumped revision number for resource ad9f3a2d-50ad-4fdc-aef1-a3cf367f8c72 (type: ports) to 1
2026-03-04 02:32:01.867 10 INFO neutron.db.ovn_revision_numbers_db [None req-636d7917-5888-427a-a0b3-f3255f7abc85 - - - - - -] Successfully bumped revision number for resource ad9f3a2d-50ad-4fdc-aef1-a3cf367f8c72 (type: ports) to 1
2026-03-04 02:32:02.069 10 INFO neutron.wsgi [None req-1623c03a-6f95-4c0b-a3cc-9cea9c25c081 2e05c2d6c10d4044929e90145e217057 ea6ec88edcd143ecb454498f80601591 - - default default] 10.0.0.194 "POST /v2.0/vpn/vpnservices HTTP/1.1" status: 201 len: 656 time: 5.9222224
2026-03-04 02:32:02.086 10 INFO neutron.wsgi [None req-4cc7a9b1-e45c-4665-b3db-892913632af2 cb9d10bd59f74ab8ae504e162915dd23 fdb0f48dd9a44f3fa381651eb78c7895 - - default default] 10.0.0.194 "GET /v2.0/vpn/vpnservices HTTP/1.1" status: 200 len: 1500 time: 0.0116527
2026-03-04 02:32:02.441 9 INFO neutron.db.ovn_revision_numbers_db [None req-c8b6d073-9320-492b-bad0-a6476b1be8c2 0eaeb9811a0e4e0683b5036e4583a103 8f88e600cf3449f8a080511d31fa8f58 - - default default] Successfully bumped revision number for resource 8c434a78-d611-4999-a30d-940582afa879 (type: security_groups) to 1
2026-03-04 02:32:02.711 10 INFO neutron.wsgi [req-df13e60e-e7d9-4656-8ad6-7c3974efb5ee req-833e30d9-3c16-4eaf-87a2-5ca0152decd3 80ae87919b6b4ff386ebf462004b5e60 855ab45ec08f4a27820cc13738a6cb4e - - default default] 10.0.0.206 "GET /v2.0/ports?device_id=eef70434-49c3-428c-b0d2-b1f265d02e61 HTTP/1.1" status: 200 len: 210 time: 0.0272019
2026-03-04 02:32:02.735 9 INFO neutron.db.ovn_revision_numbers_db [None req-c8b6d073-9320-492b-bad0-a6476b1be8c2 0eaeb9811a0e4e0683b5036e4583a103 8f88e600cf3449f8a080511d31fa8f58 - - default default] Successfully bumped revision number for resource 3a72b1e0-17e2-4f9d-8c75-04d2f78ee750 (type: security_group_rules) to 0
2026-03-04 02:32:02.742 9 INFO neutron.wsgi [req-5dd75898-5804-4838-9112-aa137372cffa req-e79c9f97-ba9b-48b0-8fc5-2e1336215812 80ae87919b6b4ff386ebf462004b5e60 855ab45ec08f4a27820cc13738a6cb4e - - default default] 199.204.45.25 "GET /v2.0/networks?id=c8bd9137-cb15-4b59-9893-2a911203826c HTTP/1.1" status: 200 len: 859 time: 0.3861816
2026-03-04 02:32:02.757 9 INFO neutron.db.ovn_revision_numbers_db [None req-c8b6d073-9320-492b-bad0-a6476b1be8c2 0eaeb9811a0e4e0683b5036e4583a103 8f88e600cf3449f8a080511d31fa8f58 - - default default] Successfully bumped revision number for resource 7e1a6e63-3aa7-4f9e-8d15-75ef73e7e5e2 (type: security_group_rules) to 0
2026-03-04 02:32:02.777 9 INFO neutron.db.ovn_revision_numbers_db [None req-c8b6d073-9320-492b-bad0-a6476b1be8c2 0eaeb9811a0e4e0683b5036e4583a103 8f88e600cf3449f8a080511d31fa8f58 - - default default] Successfully bumped revision number for resource 95ffceed-92f1-4a5c-b0fe-2032e7d59136 (type: security_group_rules) to 0
2026-03-04 02:32:02.797 9 INFO neutron.wsgi [req-5dd75898-5804-4838-9112-aa137372cffa req-e9d02052-2c6b-4f28-b479-db3333cf653e 80ae87919b6b4ff386ebf462004b5e60 855ab45ec08f4a27820cc13738a6cb4e - - default default] 199.204.45.25 "GET /v2.0/security-groups?fields=id&fields=name&tenant_id=855ab45ec08f4a27820cc13738a6cb4e HTTP/1.1" status: 200 len: 380 time: 0.0453660
2026-03-04 02:32:02.801 9 INFO neutron.db.ovn_revision_numbers_db [None req-c8b6d073-9320-492b-bad0-a6476b1be8c2 0eaeb9811a0e4e0683b5036e4583a103 8f88e600cf3449f8a080511d31fa8f58 - - default default] Successfully bumped revision number for resource cc2b5638-9e6a-4a08-9450-cd6c2c24cfcb (type: security_group_rules) to 0
2026-03-04 02:32:02.808 9 WARNING neutron_lib.context [req-5dd75898-5804-4838-9112-aa137372cffa req-eb784eb0-9173-4977-9975-9d3a135f4ee9 80ae87919b6b4ff386ebf462004b5e60 855ab45ec08f4a27820cc13738a6cb4e - - default default] Method 'is_advsvc' is deprecated since 2023.2 release (neutron-lib 3.8.0) and will be removed once support for the old RBAC API policies will be removed from Neutron. Please use method 'is_service_role' instead.
2026-03-04 02:32:02.846 9 INFO neutron.wsgi [None req-c8b6d073-9320-492b-bad0-a6476b1be8c2 0eaeb9811a0e4e0683b5036e4583a103 8f88e600cf3449f8a080511d31fa8f58 - - default default] 10.0.0.194 "GET /v2.0/security-groups?tenant_id=4dead4d64fdc48a9b2be9cc6b6d1f0c8&name=default HTTP/1.1" status: 200 len: 3120 time: 0.7553463
2026-03-04 02:32:02.986 9 WARNING neutron.plugins.ml2.drivers.ovn.mech_driver.ovsdb.ovn_client [None req-3865a772-688b-4849-821e-ed6a72bb218c - - - - - -] No hosting information found for port d35785c0-b749-4ac8-9665-e765a47143f3: RuntimeError: No hosting information found for port d35785c0-b749-4ac8-9665-e765a47143f3
2026-03-04 02:32:02.986 9 INFO neutron.plugins.ml2.drivers.ovn.mech_driver.mech_driver [None req-3865a772-688b-4849-821e-ed6a72bb218c - - - - - -] OVN reports status up for port: 371d97c1-672e-49b7-b9a2-40708c36ed71
2026-03-04 02:32:02.994 9 INFO neutron.plugins.ml2.plugin [None req-3865a772-688b-4849-821e-ed6a72bb218c - - - - - -] Attempt 1 to provision port 371d97c1-672e-49b7-b9a2-40708c36ed71
2026-03-04 02:32:03.138 10 INFO neutron.wsgi [None req-349f348b-3301-460e-b682-cdf0da75b744 0eaeb9811a0e4e0683b5036e4583a103 8f88e600cf3449f8a080511d31fa8f58 - - default default] 10.0.0.194 "DELETE /v2.0/security-groups/8c434a78-d611-4999-a30d-940582afa879 HTTP/1.1" status: 204 len: 168 time: 0.2848551
2026-03-04 02:32:03.192 9 WARNING neutron.scheduler.dhcp_agent_scheduler [req-5dd75898-5804-4838-9112-aa137372cffa req-eb784eb0-9173-4977-9975-9d3a135f4ee9 80ae87919b6b4ff386ebf462004b5e60 855ab45ec08f4a27820cc13738a6cb4e - - default default] No more DHCP agents
2026-03-04 02:32:03.197 9 WARNING neutron.api.rpc.agentnotifiers.dhcp_rpc_agent_api [req-5dd75898-5804-4838-9112-aa137372cffa req-eb784eb0-9173-4977-9975-9d3a135f4ee9 80ae87919b6b4ff386ebf462004b5e60 855ab45ec08f4a27820cc13738a6cb4e - - default default] Unable to schedule network c8bd9137-cb15-4b59-9893-2a911203826c: no agents available; will retry on subsequent port and subnet creation events.
2026-03-04 02:32:03.387 10 INFO neutron.db.ovn_revision_numbers_db [None req-16bc8464-9375-4f3d-b912-d76a48b673e8 0eaeb9811a0e4e0683b5036e4583a103 8f88e600cf3449f8a080511d31fa8f58 - - default default] Successfully bumped revision number for resource 5033205c-e52b-491e-922d-faae6c15bc29 (type: security_groups) to 1
2026-03-04 02:32:03.403 10 INFO neutron.db.ovn_revision_numbers_db [None req-16bc8464-9375-4f3d-b912-d76a48b673e8 0eaeb9811a0e4e0683b5036e4583a103 8f88e600cf3449f8a080511d31fa8f58 - - default default] Successfully bumped revision number for resource 07eb966f-eca5-4102-bedc-0144b600c38e (type: security_group_rules) to 0
2026-03-04 02:32:03.419 9 INFO neutron.db.ovn_revision_numbers_db [req-5dd75898-5804-4838-9112-aa137372cffa req-eb784eb0-9173-4977-9975-9d3a135f4ee9 80ae87919b6b4ff386ebf462004b5e60 855ab45ec08f4a27820cc13738a6cb4e - - default default] Successfully bumped revision number for resource 8d755d22-2d07-4c46-a687-c9c70d88d9c2 (type: ports) to 1
2026-03-04 02:32:03.420 10 INFO neutron.db.ovn_revision_numbers_db [None req-16bc8464-9375-4f3d-b912-d76a48b673e8 0eaeb9811a0e4e0683b5036e4583a103 8f88e600cf3449f8a080511d31fa8f58 - - default default] Successfully bumped revision number for resource 3a87ee79-8b15-4ed0-81aa-2f374cc88e9c (type: security_group_rules) to 0
2026-03-04 02:32:03.451 10 INFO neutron.db.ovn_revision_numbers_db [None req-16bc8464-9375-4f3d-b912-d76a48b673e8 0eaeb9811a0e4e0683b5036e4583a103 8f88e600cf3449f8a080511d31fa8f58 - - default default] Successfully bumped revision number for resource c3f1dc7d-c590-4b8f-b156-fc5138657aba (type: security_group_rules) to 0
2026-03-04 02:32:03.458 9 INFO neutron.wsgi [req-5dd75898-5804-4838-9112-aa137372cffa req-eb784eb0-9173-4977-9975-9d3a135f4ee9 80ae87919b6b4ff386ebf462004b5e60 855ab45ec08f4a27820cc13738a6cb4e - - default default] 199.204.45.25 "POST /v2.0/ports HTTP/1.1" status: 201 len: 1162 time: 0.6552844 /var/lib/openstack/lib/python3.10/site-packages/pycadf/identifier.py:71: UserWarning: Invalid uuid: neutron. To ensure interoperability, identifiers should be a valid uuid. warnings.warn(('Invalid uuid: %s. To ensure interoperability, '
2026-03-04 02:32:03.480 10 INFO neutron.db.ovn_revision_numbers_db [None req-16bc8464-9375-4f3d-b912-d76a48b673e8 0eaeb9811a0e4e0683b5036e4583a103 8f88e600cf3449f8a080511d31fa8f58 - - default default] Successfully bumped revision number for resource d6a5cf06-67a5-4f6f-8a56-48a4a1bc8abf (type: security_group_rules) to 0
2026-03-04 02:32:03.501 10 INFO neutron.wsgi [None req-16bc8464-9375-4f3d-b912-d76a48b673e8 0eaeb9811a0e4e0683b5036e4583a103 8f88e600cf3449f8a080511d31fa8f58 - - default default] 10.0.0.194 "GET /v2.0/security-groups?tenant_id=a1804239edb84927b2953218e7203743&name=default HTTP/1.1" status: 200 len: 3120 time: 0.2726686
2026-03-04 02:32:03.515 9 INFO neutron.db.ovn_revision_numbers_db [None req-3865a772-688b-4849-821e-ed6a72bb218c - - - - - -] Successfully bumped revision number for resource 371d97c1-672e-49b7-b9a2-40708c36ed71 (type: ports) to 2
2026-03-04 02:32:03.774 9 INFO neutron.db.ovn_revision_numbers_db [None req-3865a772-688b-4849-821e-ed6a72bb218c - - - - - -] Successfully bumped revision number for resource 371d97c1-672e-49b7-b9a2-40708c36ed71 (type: router_ports) to 2
2026-03-04 02:32:03.977 9 INFO neutron.wsgi [req-c4e985a0-3a9d-45b2-9ff0-9fa141b235be req-6e4354d7-3f14-48f2-9826-9a2b1a3404d7 80ae87919b6b4ff386ebf462004b5e60 855ab45ec08f4a27820cc13738a6cb4e - - default default] 10.0.0.206 "GET /v2.0/ports?device_id=eef70434-49c3-428c-b0d2-b1f265d02e61 HTTP/1.1" status: 200 len: 1160 time: 0.1849372
2026-03-04 02:32:04.032 9 INFO neutron.wsgi [None req-cd50dc09-d1b4-4a61-99cc-59424443191e 0eaeb9811a0e4e0683b5036e4583a103 8f88e600cf3449f8a080511d31fa8f58 - - default default] 10.0.0.194 "DELETE /v2.0/security-groups/5033205c-e52b-491e-922d-faae6c15bc29 HTTP/1.1" status: 204 len: 168 time: 0.5245881
2026-03-04 02:32:04.073 9 INFO neutron.wsgi [req-c4e985a0-3a9d-45b2-9ff0-9fa141b235be req-6f84dd9b-c90c-4949-9dc4-02f7063bda2b 80ae87919b6b4ff386ebf462004b5e60 855ab45ec08f4a27820cc13738a6cb4e - - default default] 10.0.0.206 "GET /v2.0/security-groups?id=3c12aa1f-786a-4bba-b09a-52117a45dc9a&fields=id&fields=name HTTP/1.1" status: 200 len: 313 time: 0.0899572
2026-03-04 02:32:04.182 9 INFO neutron.db.ovn_revision_numbers_db [req-5dd75898-5804-4838-9112-aa137372cffa req-1a7e98bf-8a44-435a-9a21-541ded8fdf9b 9485d081605d4854bc7425fede65ba90 59b95180f6ac47f9b81ebeea0a229261 - - f65d03401fe643fba374468d1db27df7 f65d03401fe643fba374468d1db27df7] Successfully bumped revision number for resource 8d755d22-2d07-4c46-a687-c9c70d88d9c2 (type: ports) to 2 /var/lib/openstack/lib/python3.10/site-packages/pycadf/identifier.py:71: UserWarning: Invalid uuid: neutron. To ensure interoperability, identifiers should be a valid uuid. warnings.warn(('Invalid uuid: %s. To ensure interoperability, '
2026-03-04 02:32:04.454 9 INFO neutron.db.ovn_revision_numbers_db [None req-66ce2687-f07d-40d4-92c5-6e954932e1f0 0eaeb9811a0e4e0683b5036e4583a103 8f88e600cf3449f8a080511d31fa8f58 - - default default] Successfully bumped revision number for resource 15d62e08-124e-4bee-b744-dffd50ff798d (type: security_groups) to 1
2026-03-04 02:32:04.492 9 INFO neutron.db.ovn_revision_numbers_db [None req-66ce2687-f07d-40d4-92c5-6e954932e1f0 0eaeb9811a0e4e0683b5036e4583a103 8f88e600cf3449f8a080511d31fa8f58 - - default default] Successfully bumped revision number for resource 53e1a2f6-d727-44d5-ad6b-21364a45127f (type: security_group_rules) to 0
2026-03-04 02:32:04.494 9 INFO neutron.db.ovn_revision_numbers_db [req-5dd75898-5804-4838-9112-aa137372cffa req-1a7e98bf-8a44-435a-9a21-541ded8fdf9b 9485d081605d4854bc7425fede65ba90 59b95180f6ac47f9b81ebeea0a229261 - - f65d03401fe643fba374468d1db27df7 f65d03401fe643fba374468d1db27df7] Successfully bumped revision number for resource 8d755d22-2d07-4c46-a687-c9c70d88d9c2 (type: ports) to 2
2026-03-04 02:32:04.514 9 INFO neutron.db.ovn_revision_numbers_db [None req-66ce2687-f07d-40d4-92c5-6e954932e1f0 0eaeb9811a0e4e0683b5036e4583a103 8f88e600cf3449f8a080511d31fa8f58 - - default default] Successfully bumped revision number for resource c0b771a2-a4a9-434f-b59e-d4ade81c7dd0 (type: security_group_rules) to 0
2026-03-04 02:32:04.531 9 INFO neutron.wsgi [req-5dd75898-5804-4838-9112-aa137372cffa req-1a7e98bf-8a44-435a-9a21-541ded8fdf9b 9485d081605d4854bc7425fede65ba90 59b95180f6ac47f9b81ebeea0a229261 - - f65d03401fe643fba374468d1db27df7 f65d03401fe643fba374468d1db27df7] 199.204.45.25 "PUT /v2.0/ports/8d755d22-2d07-4c46-a687-c9c70d88d9c2 HTTP/1.1" status: 200 len: 1380 time: 1.0565639
2026-03-04 02:32:04.556 9 INFO neutron.db.ovn_revision_numbers_db [None req-66ce2687-f07d-40d4-92c5-6e954932e1f0 0eaeb9811a0e4e0683b5036e4583a103 8f88e600cf3449f8a080511d31fa8f58 - - default default] Successfully bumped revision number for resource e6bda555-8f4a-417f-96e7-7f7839eecead (type: security_group_rules) to 0
2026-03-04 02:32:04.574 9 INFO neutron.db.ovn_revision_numbers_db [None req-66ce2687-f07d-40d4-92c5-6e954932e1f0 0eaeb9811a0e4e0683b5036e4583a103 8f88e600cf3449f8a080511d31fa8f58 - - default default] Successfully bumped revision number for resource f3eeda2d-b98e-4896-855b-e65430f98fcd (type: security_group_rules) to 0 /var/lib/openstack/lib/python3.10/site-packages/pycadf/identifier.py:71: UserWarning: Invalid uuid: neutron. To ensure interoperability, identifiers should be a valid uuid. warnings.warn(('Invalid uuid: %s. To ensure interoperability, '
2026-03-04 02:32:04.613 9 INFO neutron.wsgi [None req-66ce2687-f07d-40d4-92c5-6e954932e1f0 0eaeb9811a0e4e0683b5036e4583a103 8f88e600cf3449f8a080511d31fa8f58 - - default default] 10.0.0.194 "GET /v2.0/security-groups?tenant_id=da5c59575342496692c3f0c743479824&name=default HTTP/1.1" status: 200 len: 3120 time: 0.4010539
2026-03-04 02:32:04.623 9 INFO neutron.notifiers.nova [-] Nova event matching ['req-bca61c4a-222b-4dc6-8247-ddc9bb8cfbf6'] response: {'name': 'network-changed', 'server_uuid': 'eef70434-49c3-428c-b0d2-b1f265d02e61', 'tag': '8d755d22-2d07-4c46-a687-c9c70d88d9c2', 'status': 'completed', 'code': 200} /var/lib/openstack/lib/python3.10/site-packages/pycadf/identifier.py:71: UserWarning: Invalid uuid: neutron. To ensure interoperability, identifiers should be a valid uuid. warnings.warn(('Invalid uuid: %s. To ensure interoperability, '
2026-03-04 02:32:04.658 9 INFO neutron.wsgi [req-5dd75898-5804-4838-9112-aa137372cffa req-d461d81b-f087-4347-ae2a-d062332c9a3e 9485d081605d4854bc7425fede65ba90 59b95180f6ac47f9b81ebeea0a229261 - - f65d03401fe643fba374468d1db27df7 f65d03401fe643fba374468d1db27df7] 199.204.45.25 "GET /v2.0/ports?tenant_id=855ab45ec08f4a27820cc13738a6cb4e&device_id=eef70434-49c3-428c-b0d2-b1f265d02e61 HTTP/1.1" status: 200 len: 1411 time: 0.0594535
2026-03-04 02:32:04.686 9 INFO neutron.wsgi [req-5dd75898-5804-4838-9112-aa137372cffa req-41e32dd3-7339-45cf-bc3c-ed585ea76c3f 9485d081605d4854bc7425fede65ba90 59b95180f6ac47f9b81ebeea0a229261 - - f65d03401fe643fba374468d1db27df7 f65d03401fe643fba374468d1db27df7] 199.204.45.25 "GET /v2.0/floatingips?fixed_ip_address=10.100.0.14&port_id=8d755d22-2d07-4c46-a687-c9c70d88d9c2 HTTP/1.1" status: 200 len: 217 time: 0.0225177
2026-03-04 02:32:04.706 10 INFO neutron.wsgi [req-48399a6e-d718-4bd2-b544-00c1f2cca60e req-edc168b5-d5f5-41bd-bb15-8bf1b0e207d3 0eaeb9811a0e4e0683b5036e4583a103 8f88e600cf3449f8a080511d31fa8f58 - - default default] 10.0.0.206 "GET /v2.0/security-groups?id=3ddc58d4-85c7-4a3a-b651-2506a7d22cb5&fields=id HTTP/1.1" status: 200 len: 267 time: 0.0628285
2026-03-04 02:32:04.731 9 INFO neutron.wsgi [req-5dd75898-5804-4838-9112-aa137372cffa req-eed4f92e-9524-4a4c-bb5b-c16648fd012c 9485d081605d4854bc7425fede65ba90 59b95180f6ac47f9b81ebeea0a229261 - - f65d03401fe643fba374468d1db27df7 f65d03401fe643fba374468d1db27df7] 199.204.45.25 "GET /v2.0/subnets?id=8fc00466-e6a2-494c-9e13-1ab154fa067a HTTP/1.1" status: 200 len: 853 time: 0.0380852
2026-03-04 02:32:04.760 9 INFO neutron.wsgi [req-5dd75898-5804-4838-9112-aa137372cffa req-3ca2a4f9-9d9d-487c-b90f-f9f8a84f845f 9485d081605d4854bc7425fede65ba90 59b95180f6ac47f9b81ebeea0a229261 - - f65d03401fe643fba374468d1db27df7 f65d03401fe643fba374468d1db27df7] 199.204.45.25 "GET /v2.0/ports?network_id=c8bd9137-cb15-4b59-9893-2a911203826c&device_owner=network%3Adhcp HTTP/1.1" status: 200 len: 210 time: 0.0225964
2026-03-04 02:32:04.811 10 INFO neutron.wsgi [req-48399a6e-d718-4bd2-b544-00c1f2cca60e req-a322c996-13b7-40ff-9fdc-73db7a545e39 0eaeb9811a0e4e0683b5036e4583a103 8f88e600cf3449f8a080511d31fa8f58 - - default default] 10.0.0.206 "GET /v2.0/networks?id=bc5ef8b5-7567-416b-a948-3b844a15290f HTTP/1.1" status: 200 len: 937 time: 0.0961299
2026-03-04 02:32:04.823 9 INFO neutron.wsgi [req-5dd75898-5804-4838-9112-aa137372cffa req-fa3cf66b-f71f-4e6b-a934-802747ee74b5 9485d081605d4854bc7425fede65ba90 59b95180f6ac47f9b81ebeea0a229261 - - f65d03401fe643fba374468d1db27df7 f65d03401fe643fba374468d1db27df7] 199.204.45.25 "GET /v2.0/networks/c8bd9137-cb15-4b59-9893-2a911203826c?fields=segments HTTP/1.1" status: 200 len: 212 time: 0.0567417
2026-03-04 02:32:04.848 10 INFO neutron.wsgi [req-48399a6e-d718-4bd2-b544-00c1f2cca60e req-a4629cf7-a85f-4138-885f-65b6bfff469e 0eaeb9811a0e4e0683b5036e4583a103 8f88e600cf3449f8a080511d31fa8f58 - - default default] 10.0.0.206 "GET /v2.0/quotas/8f88e600cf3449f8a080511d31fa8f58 HTTP/1.1" status: 200 len: 490 time: 0.0267174
2026-03-04 02:32:04.889 9 INFO neutron.wsgi [req-5dd75898-5804-4838-9112-aa137372cffa req-f039284a-ea4a-4ea0-8d6e-b8542668b3f4 9485d081605d4854bc7425fede65ba90 59b95180f6ac47f9b81ebeea0a229261 - - f65d03401fe643fba374468d1db27df7 f65d03401fe643fba374468d1db27df7] 199.204.45.25 "GET /v2.0/networks/c8bd9137-cb15-4b59-9893-2a911203826c?fields=provider%3Aphysical_network&fields=provider%3Anetwork_type HTTP/1.1" status: 200 len: 277 time: 0.0592220
2026-03-04 02:32:04.924 10 INFO neutron.wsgi [req-48399a6e-d718-4bd2-b544-00c1f2cca60e req-85204861-030b-4603-bd42-277fa816033d 0eaeb9811a0e4e0683b5036e4583a103 8f88e600cf3449f8a080511d31fa8f58 - - default default] 10.0.0.206 "GET /v2.0/ports?tenant_id=8f88e600cf3449f8a080511d31fa8f58&fields=id HTTP/1.1" status: 200 len: 348 time: 0.0676568
2026-03-04 02:32:04.968 9 INFO neutron.wsgi [req-ae4b1bee-ebd1-46bf-a15d-c3f44ce2c355 req-bbdd063c-35b9-47f3-9e84-32177921c37f 9485d081605d4854bc7425fede65ba90 59b95180f6ac47f9b81ebeea0a229261 - - f65d03401fe643fba374468d1db27df7 f65d03401fe643fba374468d1db27df7] 199.204.45.25 "GET /v2.0/ports?tenant_id=855ab45ec08f4a27820cc13738a6cb4e&device_id=eef70434-49c3-428c-b0d2-b1f265d02e61 HTTP/1.1" status: 200 len: 1411 time: 0.0375521
2026-03-04 02:32:05.042 10 INFO neutron.wsgi [req-48399a6e-d718-4bd2-b544-00c1f2cca60e req-28965120-12ff-46a9-bde1-af09f41f375a 9485d081605d4854bc7425fede65ba90 59b95180f6ac47f9b81ebeea0a229261 - - f65d03401fe643fba374468d1db27df7 f65d03401fe643fba374468d1db27df7] 10.0.0.206 "GET /v2.0/networks/bc5ef8b5-7567-416b-a948-3b844a15290f?fields=segments HTTP/1.1" status: 200 len: 212 time: 0.1015043
2026-03-04 02:32:05.065 10 INFO neutron.wsgi [None req-802404b3-6aad-4b88-93b5-ac1f6206d108 0eaeb9811a0e4e0683b5036e4583a103 8f88e600cf3449f8a080511d31fa8f58 - - default default] 10.0.0.194 "DELETE /v2.0/security-groups/15d62e08-124e-4bee-b744-dffd50ff798d HTTP/1.1" status: 204 len: 168 time: 0.4402337
2026-03-04 02:32:05.145 10 INFO neutron.services.segments.plugin [-] Segment c0c34bb6-89ed-470a-bccf-8772aac98df9 resource provider aggregate not found
2026-03-04 02:32:05.155 10 INFO neutron.services.segments.plugin [-] Segment c0c34bb6-89ed-470a-bccf-8772aac98df9 resource provider aggregate not found
2026-03-04 02:32:05.166 10 INFO neutron.services.segments.plugin [-] Segment c0c34bb6-89ed-470a-bccf-8772aac98df9 resource provider not found; error: Placement Client Error (4xx): {"errors": [{"status": 404, "title": "Not Found", "detail": "The resource could not be found.\n\n No resource provider with uuid c0c34bb6-89ed-470a-bccf-8772aac98df9 found for delete ", "request_id": "req-d552350b-949d-427b-b26c-ee3628b1def2"}]}
2026-03-04 02:32:05.177 10 INFO neutron.wsgi [req-48399a6e-d718-4bd2-b544-00c1f2cca60e req-b15c59e5-2882-4a41-8c4b-aefff30b12d5 9485d081605d4854bc7425fede65ba90 59b95180f6ac47f9b81ebeea0a229261 - - f65d03401fe643fba374468d1db27df7 f65d03401fe643fba374468d1db27df7] 10.0.0.206 "GET /v2.0/networks/bc5ef8b5-7567-416b-a948-3b844a15290f?fields=provider%3Aphysical_network&fields=provider%3Anetwork_type HTTP/1.1" status: 200 len: 277 time: 0.1283979
2026-03-04 02:32:05.178 10 INFO neutron.services.segments.plugin [-] Segment c0c34bb6-89ed-470a-bccf-8772aac98df9 resource provider not found; error: Placement Client Error (4xx): {"errors": [{"status": 404, "title": "Not Found", "detail": "The resource could not be found.\n\n No resource provider with uuid c0c34bb6-89ed-470a-bccf-8772aac98df9 found for delete ", "request_id": "req-f5dcbea3-fbd1-4c9e-8f2f-f98529dbcc48"}]}
2026-03-04 02:32:05.212 10 INFO neutron.wsgi [None req-bedae089-f879-4593-ba72-4c31fdcc667d 2e05c2d6c10d4044929e90145e217057 ea6ec88edcd143ecb454498f80601591 - - default default] 10.0.0.194 "DELETE /v2.0/vpn/vpnservices/cdbdbbb0-b2b3-45e5-9249-ffaebe7d2dd9 HTTP/1.1" status: 204 len: 168 time: 3.1231086
2026-03-04 02:32:05.227 10 WARNING neutron_lib.context [None req-f4859c51-1f15-4761-9fbe-500e782a647c cb9d10bd59f74ab8ae504e162915dd23 fdb0f48dd9a44f3fa381651eb78c7895 - - default default] Method 'is_advsvc' is deprecated since 2023.2 release (neutron-lib 3.8.0) and will be removed once support for the old RBAC API policies will be removed from Neutron. Please use method 'is_service_role' instead.
