2026-03-04 02:31:45.497 8 INFO cinder.api.openstack.wsgi [None req-53102fc1-4da5-4841-915a-f4e4fb8e49b8 a26f60d39e124670a38098ce457f6ca7 13299eae0d95433fb4d5e472a203e26b - - default default] GET http://cinder-api.openstack.svc.cluster.local:8776/v3/13299eae0d95433fb4d5e472a203e26b/volumes/c5a639d5-28f9-4fdd-8141-014fd707009b
2026-03-04 02:31:45.506 8 INFO cinder.api.openstack.wsgi [None req-53102fc1-4da5-4841-915a-f4e4fb8e49b8 a26f60d39e124670a38098ce457f6ca7 13299eae0d95433fb4d5e472a203e26b - - default default] http://cinder-api.openstack.svc.cluster.local:8776/v3/13299eae0d95433fb4d5e472a203e26b/volumes/c5a639d5-28f9-4fdd-8141-014fd707009b returned with HTTP 404 [pid: 8|app: 0|req: 419/836] 10.0.0.194 () {32 vars in 775 bytes} [Wed Mar 4 02:31:45 2026] GET /v3/13299eae0d95433fb4d5e472a203e26b/volumes/c5a639d5-28f9-4fdd-8141-014fd707009b => generated 109 bytes in 17 msecs (HTTP/1.1 404) 7 headers in 292 bytes (1 switches on core 0)
2026-03-04 02:31:50.948 8 INFO cinder.api.openstack.wsgi [None req-53102fc1-4da5-4841-915a-f4e4fb8e49b8 a26f60d39e124670a38098ce457f6ca7 13299eae0d95433fb4d5e472a203e26b - - default default] GET http://10.0.0.32:8776/
2026-03-04 02:31:50.949 7 INFO cinder.api.openstack.wsgi [None req-d0664083-b4be-4514-aec8-6a067e7b504f a26f60d39e124670a38098ce457f6ca7 13299eae0d95433fb4d5e472a203e26b - - default default] GET http://10.0.0.32:8776/
2026-03-04 02:31:50.949 8 INFO cinder.api.openstack.wsgi [None req-53102fc1-4da5-4841-915a-f4e4fb8e49b8 a26f60d39e124670a38098ce457f6ca7 13299eae0d95433fb4d5e472a203e26b - - default default] http://10.0.0.32:8776/ returned with HTTP 300
2026-03-04 02:31:50.953 7 INFO cinder.api.openstack.wsgi [None req-d0664083-b4be-4514-aec8-6a067e7b504f a26f60d39e124670a38098ce457f6ca7 13299eae0d95433fb4d5e472a203e26b - - default default] http://10.0.0.32:8776/ returned with HTTP 300
2026-03-04 02:31:57.883 8 INFO cinder.api.openstack.wsgi [None req-2e11d45b-ebbd-4d6c-8396-b5d3e43ef553 0eaeb9811a0e4e0683b5036e4583a103 8f88e600cf3449f8a080511d31fa8f58 - - default default] POST http://cinder-api.openstack.svc.cluster.local:8776/v3/8f88e600cf3449f8a080511d31fa8f58/volumes
2026-03-04 02:31:58.543 8 INFO cinder.api.v3.volumes [None req-2e11d45b-ebbd-4d6c-8396-b5d3e43ef553 0eaeb9811a0e4e0683b5036e4583a103 8f88e600cf3449f8a080511d31fa8f58 - - default default] Create volume of 16 GB
2026-03-04 02:31:58.551 8 INFO cinder.volume.api [None req-2e11d45b-ebbd-4d6c-8396-b5d3e43ef553 0eaeb9811a0e4e0683b5036e4583a103 8f88e600cf3449f8a080511d31fa8f58 - - default default] Availability Zones retrieved successfully.
2026-03-04 02:31:58.790 8 INFO cinder.volume.api [None req-2e11d45b-ebbd-4d6c-8396-b5d3e43ef553 0eaeb9811a0e4e0683b5036e4583a103 8f88e600cf3449f8a080511d31fa8f58 - - default default] Create volume request issued successfully.
2026-03-04 02:31:58.791 8 INFO cinder.api.openstack.wsgi [None req-2e11d45b-ebbd-4d6c-8396-b5d3e43ef553 0eaeb9811a0e4e0683b5036e4583a103 8f88e600cf3449f8a080511d31fa8f58 - - default default] http://cinder-api.openstack.svc.cluster.local:8776/v3/8f88e600cf3449f8a080511d31fa8f58/volumes returned with HTTP 202 [pid: 8|app: 0|req: 421/839] 199.204.45.25 () {34 vars in 733 bytes} [Wed Mar 4 02:31:57 2026] POST /v3/8f88e600cf3449f8a080511d31fa8f58/volumes => generated 846 bytes in 1084 msecs (HTTP/1.1 202) 7 headers in 291 bytes (1 switches on core 0) /var/lib/openstack/lib/python3.10/site-packages/pycadf/identifier.py:71: UserWarning: Invalid uuid: cinderv3. To ensure interoperability, identifiers should be a valid uuid. warnings.warn(('Invalid uuid: %s. To ensure interoperability, '
2026-03-04 02:31:58.809 7 INFO cinder.api.openstack.wsgi [req-2e11d45b-ebbd-4d6c-8396-b5d3e43ef553 req-8b05624d-7e1b-41eb-93fc-b82da51ae5ec 0eaeb9811a0e4e0683b5036e4583a103 8f88e600cf3449f8a080511d31fa8f58 - - default default] GET http://cinder-api.openstack.svc.cluster.local:8776/v3/8f88e600cf3449f8a080511d31fa8f58/volumes/9850c625-f080-4a73-94a1-a4553f7cc4ec /var/lib/openstack/lib/python3.10/site-packages/oslo_context/context.py:100: DeprecationWarning: Policy enforcement is depending on the value of is_admin. This key is deprecated. Please update your policy file to use the standard policy values. warnings.warn('Policy enforcement is depending on the value of '
2026-03-04 02:31:58.846 7 INFO cinder.volume.api [req-2e11d45b-ebbd-4d6c-8396-b5d3e43ef553 req-8b05624d-7e1b-41eb-93fc-b82da51ae5ec 0eaeb9811a0e4e0683b5036e4583a103 8f88e600cf3449f8a080511d31fa8f58 - - default default] Volume info retrieved successfully.
2026-03-04 02:31:58.856 7 INFO cinder.api.openstack.wsgi [req-2e11d45b-ebbd-4d6c-8396-b5d3e43ef553 req-8b05624d-7e1b-41eb-93fc-b82da51ae5ec 0eaeb9811a0e4e0683b5036e4583a103 8f88e600cf3449f8a080511d31fa8f58 - - default default] http://cinder-api.openstack.svc.cluster.local:8776/v3/8f88e600cf3449f8a080511d31fa8f58/volumes/9850c625-f080-4a73-94a1-a4553f7cc4ec returned with HTTP 200 [pid: 7|app: 0|req: 419/840] 199.204.45.25 () {32 vars in 824 bytes} [Wed Mar 4 02:31:58 2026] GET /v3/8f88e600cf3449f8a080511d31fa8f58/volumes/9850c625-f080-4a73-94a1-a4553f7cc4ec => generated 1025 bytes in 56 msecs (HTTP/1.1 200) 7 headers in 286 bytes (1 switches on core 0)
2026-03-04 02:32:00.947 7 INFO cinder.api.openstack.wsgi [req-2e11d45b-ebbd-4d6c-8396-b5d3e43ef553 req-8b05624d-7e1b-41eb-93fc-b82da51ae5ec 0eaeb9811a0e4e0683b5036e4583a103 8f88e600cf3449f8a080511d31fa8f58 - - default default] GET http://10.0.0.32:8776/
2026-03-04 02:32:00.947 8 INFO cinder.api.openstack.wsgi [None req-2e11d45b-ebbd-4d6c-8396-b5d3e43ef553 0eaeb9811a0e4e0683b5036e4583a103 8f88e600cf3449f8a080511d31fa8f58 - - default default] GET http://10.0.0.32:8776/
2026-03-04 02:32:00.947 7 INFO cinder.api.openstack.wsgi [req-2e11d45b-ebbd-4d6c-8396-b5d3e43ef553 req-8b05624d-7e1b-41eb-93fc-b82da51ae5ec 0eaeb9811a0e4e0683b5036e4583a103 8f88e600cf3449f8a080511d31fa8f58 - - default default] http://10.0.0.32:8776/ returned with HTTP 300
2026-03-04 02:32:00.948 8 INFO cinder.api.openstack.wsgi [None req-2e11d45b-ebbd-4d6c-8396-b5d3e43ef553 0eaeb9811a0e4e0683b5036e4583a103 8f88e600cf3449f8a080511d31fa8f58 - - default default] http://10.0.0.32:8776/ returned with HTTP 300 /var/lib/openstack/lib/python3.10/site-packages/pycadf/identifier.py:71: UserWarning: Invalid uuid: cinderv3. To ensure interoperability, identifiers should be a valid uuid. warnings.warn(('Invalid uuid: %s. To ensure interoperability, '
2026-03-04 02:32:03.876 7 INFO cinder.api.openstack.wsgi [req-2e11d45b-ebbd-4d6c-8396-b5d3e43ef553 req-0f1263b9-ae68-4fd3-ac07-f6df305cb3b7 0eaeb9811a0e4e0683b5036e4583a103 8f88e600cf3449f8a080511d31fa8f58 - - default default] GET http://cinder-api.openstack.svc.cluster.local:8776/v3/8f88e600cf3449f8a080511d31fa8f58/volumes/9850c625-f080-4a73-94a1-a4553f7cc4ec /var/lib/openstack/lib/python3.10/site-packages/oslo_context/context.py:100: DeprecationWarning: Policy enforcement is depending on the value of is_admin. This key is deprecated. Please update your policy file to use the standard policy values. warnings.warn('Policy enforcement is depending on the value of '
2026-03-04 02:32:03.893 7 INFO cinder.volume.api [req-2e11d45b-ebbd-4d6c-8396-b5d3e43ef553 req-0f1263b9-ae68-4fd3-ac07-f6df305cb3b7 0eaeb9811a0e4e0683b5036e4583a103 8f88e600cf3449f8a080511d31fa8f58 - - default default] Volume info retrieved successfully.
2026-03-04 02:32:03.902 7 INFO cinder.api.openstack.wsgi [req-2e11d45b-ebbd-4d6c-8396-b5d3e43ef553 req-0f1263b9-ae68-4fd3-ac07-f6df305cb3b7 0eaeb9811a0e4e0683b5036e4583a103 8f88e600cf3449f8a080511d31fa8f58 - - default default] http://cinder-api.openstack.svc.cluster.local:8776/v3/8f88e600cf3449f8a080511d31fa8f58/volumes/9850c625-f080-4a73-94a1-a4553f7cc4ec returned with HTTP 200 [pid: 7|app: 0|req: 421/843] 199.204.45.25 () {32 vars in 824 bytes} [Wed Mar 4 02:32:03 2026] GET /v3/8f88e600cf3449f8a080511d31fa8f58/volumes/9850c625-f080-4a73-94a1-a4553f7cc4ec => generated 1489 bytes in 33 msecs (HTTP/1.1 200) 7 headers in 286 bytes (1 switches on core 0) /var/lib/openstack/lib/python3.10/site-packages/pycadf/identifier.py:71: UserWarning: Invalid uuid: cinderv3. To ensure interoperability, identifiers should be a valid uuid. warnings.warn(('Invalid uuid: %s. To ensure interoperability, '
2026-03-04 02:32:04.608 8 INFO cinder.api.openstack.wsgi [req-48399a6e-d718-4bd2-b544-00c1f2cca60e req-5ed386bc-6f78-4874-8f09-15099a81ba39 0eaeb9811a0e4e0683b5036e4583a103 8f88e600cf3449f8a080511d31fa8f58 - - default default] GET http://cinder-api.openstack.svc.cluster.local:8776/v3/8f88e600cf3449f8a080511d31fa8f58/volumes/9850c625-f080-4a73-94a1-a4553f7cc4ec /var/lib/openstack/lib/python3.10/site-packages/oslo_context/context.py:100: DeprecationWarning: Policy enforcement is depending on the value of is_admin. This key is deprecated. Please update your policy file to use the standard policy values. warnings.warn('Policy enforcement is depending on the value of '
2026-03-04 02:32:04.626 8 INFO cinder.volume.api [req-48399a6e-d718-4bd2-b544-00c1f2cca60e req-5ed386bc-6f78-4874-8f09-15099a81ba39 0eaeb9811a0e4e0683b5036e4583a103 8f88e600cf3449f8a080511d31fa8f58 - - default default] Volume info retrieved successfully.
2026-03-04 02:32:04.632 8 INFO cinder.api.openstack.wsgi [req-48399a6e-d718-4bd2-b544-00c1f2cca60e req-5ed386bc-6f78-4874-8f09-15099a81ba39 0eaeb9811a0e4e0683b5036e4583a103 8f88e600cf3449f8a080511d31fa8f58 - - default default] http://cinder-api.openstack.svc.cluster.local:8776/v3/8f88e600cf3449f8a080511d31fa8f58/volumes/9850c625-f080-4a73-94a1-a4553f7cc4ec returned with HTTP 200 [pid: 8|app: 0|req: 423/844] 10.0.0.206 () {34 vars in 1028 bytes} [Wed Mar 4 02:32:04 2026] GET /v3/8f88e600cf3449f8a080511d31fa8f58/volumes/9850c625-f080-4a73-94a1-a4553f7cc4ec => generated 1489 bytes in 35 msecs (HTTP/1.1 200) 7 headers in 286 bytes (1 switches on core 0) /var/lib/openstack/lib/python3.10/site-packages/pycadf/identifier.py:71: UserWarning: Invalid uuid: cinderv3. To ensure interoperability, identifiers should be a valid uuid. warnings.warn(('Invalid uuid: %s. To ensure interoperability, '
2026-03-04 02:32:05.327 7 INFO cinder.api.openstack.wsgi [req-48399a6e-d718-4bd2-b544-00c1f2cca60e req-3aa23521-c9d2-4d7c-b8a9-0e16a13a8bd2 0eaeb9811a0e4e0683b5036e4583a103 8f88e600cf3449f8a080511d31fa8f58 - - default default] GET http://cinder-api.openstack.svc.cluster.local:8776/v3/8f88e600cf3449f8a080511d31fa8f58/volumes/9850c625-f080-4a73-94a1-a4553f7cc4ec /var/lib/openstack/lib/python3.10/site-packages/oslo_context/context.py:100: DeprecationWarning: Policy enforcement is depending on the value of is_admin. This key is deprecated. Please update your policy file to use the standard policy values. warnings.warn('Policy enforcement is depending on the value of '
2026-03-04 02:32:05.342 7 INFO cinder.volume.api [req-48399a6e-d718-4bd2-b544-00c1f2cca60e req-3aa23521-c9d2-4d7c-b8a9-0e16a13a8bd2 0eaeb9811a0e4e0683b5036e4583a103 8f88e600cf3449f8a080511d31fa8f58 - - default default] Volume info retrieved successfully.
2026-03-04 02:32:05.347 7 INFO cinder.api.openstack.wsgi [req-48399a6e-d718-4bd2-b544-00c1f2cca60e req-3aa23521-c9d2-4d7c-b8a9-0e16a13a8bd2 0eaeb9811a0e4e0683b5036e4583a103 8f88e600cf3449f8a080511d31fa8f58 - - default default] http://cinder-api.openstack.svc.cluster.local:8776/v3/8f88e600cf3449f8a080511d31fa8f58/volumes/9850c625-f080-4a73-94a1-a4553f7cc4ec returned with HTTP 200 [pid: 7|app: 0|req: 422/845] 10.0.0.206 () {34 vars in 1028 bytes} [Wed Mar 4 02:32:05 2026] GET /v3/8f88e600cf3449f8a080511d31fa8f58/volumes/9850c625-f080-4a73-94a1-a4553f7cc4ec => generated 1489 bytes in 27 msecs (HTTP/1.1 200) 7 headers in 286 bytes (1 switches on core 0)
2026-03-04 02:32:05.358 8 INFO cinder.api.openstack.wsgi [req-48399a6e-d718-4bd2-b544-00c1f2cca60e req-5ed386bc-6f78-4874-8f09-15099a81ba39 0eaeb9811a0e4e0683b5036e4583a103 8f88e600cf3449f8a080511d31fa8f58 - - default default] GET http://cinder-api.openstack.svc.cluster.local:8776/
2026-03-04 02:32:05.361 8 INFO cinder.api.openstack.wsgi [req-48399a6e-d718-4bd2-b544-00c1f2cca60e req-5ed386bc-6f78-4874-8f09-15099a81ba39 0eaeb9811a0e4e0683b5036e4583a103 8f88e600cf3449f8a080511d31fa8f58 - - default default] http://cinder-api.openstack.svc.cluster.local:8776/ returned with HTTP 300 [pid: 8|app: 0|req: 424/846] 10.0.0.206 () {32 vars in 829 bytes} [Wed Mar 4 02:32:05 2026] GET / => generated 411 bytes in 6 msecs (HTTP/1.1 300) 5 headers in 169 bytes (1 switches on core 0) /var/lib/openstack/lib/python3.10/site-packages/pycadf/identifier.py:71: UserWarning: Invalid uuid: cinderv3. To ensure interoperability, identifiers should be a valid uuid. warnings.warn(('Invalid uuid: %s. To ensure interoperability, '
2026-03-04 02:32:05.374 7 INFO cinder.api.openstack.wsgi [req-48399a6e-d718-4bd2-b544-00c1f2cca60e req-55e1dd07-69cb-4076-b74f-13b5c87def27 0eaeb9811a0e4e0683b5036e4583a103 8f88e600cf3449f8a080511d31fa8f58 - - default default] POST http://cinder-api.openstack.svc.cluster.local:8776/v3/8f88e600cf3449f8a080511d31fa8f58/attachments /var/lib/openstack/lib/python3.10/site-packages/oslo_context/context.py:100: DeprecationWarning: Policy enforcement is depending on the value of is_admin. This key is deprecated. Please update your policy file to use the standard policy values. warnings.warn('Policy enforcement is depending on the value of '
2026-03-04 02:32:05.424 7 INFO cinder.api.openstack.wsgi [req-48399a6e-d718-4bd2-b544-00c1f2cca60e req-55e1dd07-69cb-4076-b74f-13b5c87def27 0eaeb9811a0e4e0683b5036e4583a103 8f88e600cf3449f8a080511d31fa8f58 - - default default] http://cinder-api.openstack.svc.cluster.local:8776/v3/8f88e600cf3449f8a080511d31fa8f58/attachments returned with HTTP 200 [pid: 7|app: 0|req: 423/847] 10.0.0.206 () {40 vars in 1057 bytes} [Wed Mar 4 02:32:05 2026] POST /v3/8f88e600cf3449f8a080511d31fa8f58/attachments => generated 273 bytes in 58 msecs (HTTP/1.1 200) 7 headers in 286 bytes (1 switches on core 0) /var/lib/openstack/lib/python3.10/site-packages/pycadf/identifier.py:71: UserWarning: Invalid uuid: cinderv3. To ensure interoperability, identifiers should be a valid uuid. warnings.warn(('Invalid uuid: %s. To ensure interoperability, '
2026-03-04 02:32:06.020 8 INFO cinder.api.openstack.wsgi [req-2e11d45b-ebbd-4d6c-8396-b5d3e43ef553 req-bd9c3686-8756-4c0b-a7f4-8e337e6cc3a8 0eaeb9811a0e4e0683b5036e4583a103 8f88e600cf3449f8a080511d31fa8f58 - - default default] GET http://cinder-api.openstack.svc.cluster.local:8776/v3/8f88e600cf3449f8a080511d31fa8f58/volumes/9850c625-f080-4a73-94a1-a4553f7cc4ec /var/lib/openstack/lib/python3.10/site-packages/oslo_context/context.py:100: DeprecationWarning: Policy enforcement is depending on the value of is_admin. This key is deprecated. Please update your policy file to use the standard policy values. warnings.warn('Policy enforcement is depending on the value of '
2026-03-04 02:32:06.064 8 INFO cinder.volume.api [req-2e11d45b-ebbd-4d6c-8396-b5d3e43ef553 req-bd9c3686-8756-4c0b-a7f4-8e337e6cc3a8 0eaeb9811a0e4e0683b5036e4583a103 8f88e600cf3449f8a080511d31fa8f58 - - default default] Volume info retrieved successfully.
2026-03-04 02:32:06.084 8 INFO cinder.api.openstack.wsgi [req-2e11d45b-ebbd-4d6c-8396-b5d3e43ef553 req-bd9c3686-8756-4c0b-a7f4-8e337e6cc3a8 0eaeb9811a0e4e0683b5036e4583a103 8f88e600cf3449f8a080511d31fa8f58 - - default default] http://cinder-api.openstack.svc.cluster.local:8776/v3/8f88e600cf3449f8a080511d31fa8f58/volumes/9850c625-f080-4a73-94a1-a4553f7cc4ec returned with HTTP 200 [pid: 8|app: 0|req: 425/848] 199.204.45.25 () {32 vars in 824 bytes} [Wed Mar 4 02:32:06 2026] GET /v3/8f88e600cf3449f8a080511d31fa8f58/volumes/9850c625-f080-4a73-94a1-a4553f7cc4ec => generated 1488 bytes in 78 msecs (HTTP/1.1 200) 7 headers in 286 bytes (1 switches on core 0)
2026-03-04 02:32:06.598 7 INFO cinder.api.openstack.wsgi [req-48399a6e-d718-4bd2-b544-00c1f2cca60e req-55e1dd07-69cb-4076-b74f-13b5c87def27 0eaeb9811a0e4e0683b5036e4583a103 8f88e600cf3449f8a080511d31fa8f58 - - default default] GET http://cinder-api.openstack.svc.cluster.local:8776/
2026-03-04 02:32:06.599 7 INFO cinder.api.openstack.wsgi [req-48399a6e-d718-4bd2-b544-00c1f2cca60e req-55e1dd07-69cb-4076-b74f-13b5c87def27 0eaeb9811a0e4e0683b5036e4583a103 8f88e600cf3449f8a080511d31fa8f58 - - default default] http://cinder-api.openstack.svc.cluster.local:8776/ returned with HTTP 300 [pid: 7|app: 0|req: 424/849] 199.204.45.25 () {32 vars in 839 bytes} [Wed Mar 4 02:32:06 2026] GET / => generated 411 bytes in 3 msecs (HTTP/1.1 300) 5 headers in 169 bytes (1 switches on core 0) /var/lib/openstack/lib/python3.10/site-packages/pycadf/identifier.py:71: UserWarning: Invalid uuid: cinderv3. To ensure interoperability, identifiers should be a valid uuid. warnings.warn(('Invalid uuid: %s. To ensure interoperability, '
2026-03-04 02:32:06.618 8 INFO cinder.api.openstack.wsgi [req-48399a6e-d718-4bd2-b544-00c1f2cca60e req-d13731c6-b9e8-4866-8026-7cf6789e905c 0eaeb9811a0e4e0683b5036e4583a103 8f88e600cf3449f8a080511d31fa8f58 - - default default] GET http://cinder-api.openstack.svc.cluster.local:8776/v3/8f88e600cf3449f8a080511d31fa8f58/volumes/9850c625-f080-4a73-94a1-a4553f7cc4ec /var/lib/openstack/lib/python3.10/site-packages/oslo_context/context.py:100: DeprecationWarning: Policy enforcement is depending on the value of is_admin. This key is deprecated. Please update your policy file to use the standard policy values. warnings.warn('Policy enforcement is depending on the value of '
2026-03-04 02:32:06.640 8 INFO cinder.volume.api [req-48399a6e-d718-4bd2-b544-00c1f2cca60e req-d13731c6-b9e8-4866-8026-7cf6789e905c 0eaeb9811a0e4e0683b5036e4583a103 8f88e600cf3449f8a080511d31fa8f58 - - default default] Volume info retrieved successfully.
2026-03-04 02:32:06.646 8 INFO cinder.api.openstack.wsgi [req-48399a6e-d718-4bd2-b544-00c1f2cca60e req-d13731c6-b9e8-4866-8026-7cf6789e905c 0eaeb9811a0e4e0683b5036e4583a103 8f88e600cf3449f8a080511d31fa8f58 - - default default] http://cinder-api.openstack.svc.cluster.local:8776/v3/8f88e600cf3449f8a080511d31fa8f58/volumes/9850c625-f080-4a73-94a1-a4553f7cc4ec returned with HTTP 200 [pid: 8|app: 0|req: 426/850] 199.204.45.25 () {36 vars in 1072 bytes} [Wed Mar 4 02:32:06 2026] GET /v3/8f88e600cf3449f8a080511d31fa8f58/volumes/9850c625-f080-4a73-94a1-a4553f7cc4ec => generated 1608 bytes in 37 msecs (HTTP/1.1 200) 7 headers in 287 bytes (1 switches on core 0) /var/lib/openstack/lib/python3.10/site-packages/pycadf/identifier.py:71: UserWarning: Invalid uuid: cinderv3. To ensure interoperability, identifiers should be a valid uuid. warnings.warn(('Invalid uuid: %s. To ensure interoperability, '
2026-03-04 02:32:06.723 7 INFO cinder.api.openstack.wsgi [req-48399a6e-d718-4bd2-b544-00c1f2cca60e req-84afe2a8-830d-4b47-90e6-a9d85233b928 0eaeb9811a0e4e0683b5036e4583a103 8f88e600cf3449f8a080511d31fa8f58 - - default default] PUT http://cinder-api.openstack.svc.cluster.local:8776/v3/8f88e600cf3449f8a080511d31fa8f58/attachments/fd2bf0b1-aaa2-4fdd-9b05-38926e55a38c /var/lib/openstack/lib/python3.10/site-packages/oslo_context/context.py:100: DeprecationWarning: Policy enforcement is depending on the value of is_admin. This key is deprecated. Please update your policy file to use the standard policy values. warnings.warn('Policy enforcement is depending on the value of '
2026-03-04 02:32:07.308 7 INFO cinder.api.openstack.wsgi [req-48399a6e-d718-4bd2-b544-00c1f2cca60e req-84afe2a8-830d-4b47-90e6-a9d85233b928 0eaeb9811a0e4e0683b5036e4583a103 8f88e600cf3449f8a080511d31fa8f58 - - default default] http://cinder-api.openstack.svc.cluster.local:8776/v3/8f88e600cf3449f8a080511d31fa8f58/attachments/fd2bf0b1-aaa2-4fdd-9b05-38926e55a38c returned with HTTP 200 [pid: 7|app: 0|req: 425/851] 199.204.45.25 () {40 vars in 1133 bytes} [Wed Mar 4 02:32:06 2026] PUT /v3/8f88e600cf3449f8a080511d31fa8f58/attachments/fd2bf0b1-aaa2-4fdd-9b05-38926e55a38c => generated 775 bytes in 595 msecs (HTTP/1.1 200) 7 headers in 286 bytes (1 switches on core 0) /var/lib/openstack/lib/python3.10/site-packages/pycadf/identifier.py:71: UserWarning: Invalid uuid: cinderv3. To ensure interoperability, identifiers should be a valid uuid. warnings.warn(('Invalid uuid: %s. To ensure interoperability, '
2026-03-04 02:32:07.348 8 INFO cinder.api.openstack.wsgi [req-48399a6e-d718-4bd2-b544-00c1f2cca60e req-568f4dc8-1812-4110-8ac4-e43f121765ac 0eaeb9811a0e4e0683b5036e4583a103 8f88e600cf3449f8a080511d31fa8f58 - - default default] POST http://cinder-api.openstack.svc.cluster.local:8776/v3/8f88e600cf3449f8a080511d31fa8f58/attachments/fd2bf0b1-aaa2-4fdd-9b05-38926e55a38c/action /var/lib/openstack/lib/python3.10/site-packages/oslo_context/context.py:100: DeprecationWarning: Policy enforcement is depending on the value of is_admin. This key is deprecated. Please update your policy file to use the standard policy values. warnings.warn('Policy enforcement is depending on the value of '
2026-03-04 02:32:07.396 8 INFO cinder.api.openstack.wsgi [req-48399a6e-d718-4bd2-b544-00c1f2cca60e req-568f4dc8-1812-4110-8ac4-e43f121765ac 0eaeb9811a0e4e0683b5036e4583a103 8f88e600cf3449f8a080511d31fa8f58 - - default default] http://cinder-api.openstack.svc.cluster.local:8776/v3/8f88e600cf3449f8a080511d31fa8f58/attachments/fd2bf0b1-aaa2-4fdd-9b05-38926e55a38c/action returned with HTTP 204 [pid: 8|app: 0|req: 427/852] 199.204.45.25 () {40 vars in 1147 bytes} [Wed Mar 4 02:32:07 2026] POST /v3/8f88e600cf3449f8a080511d31fa8f58/attachments/fd2bf0b1-aaa2-4fdd-9b05-38926e55a38c/action => generated 0 bytes in 59 msecs (HTTP/1.1 204) 7 headers in 292 bytes (1 switches on core 0) /var/lib/openstack/lib/python3.10/site-packages/pycadf/identifier.py:71: UserWarning: Invalid uuid: cinderv3. To ensure interoperability, identifiers should be a valid uuid. warnings.warn(('Invalid uuid: %s. To ensure interoperability, '
2026-03-04 02:32:09.106 7 INFO cinder.api.openstack.wsgi [req-2e11d45b-ebbd-4d6c-8396-b5d3e43ef553 req-d90a06d0-4998-46bc-b5b1-f40bf4884809 0eaeb9811a0e4e0683b5036e4583a103 8f88e600cf3449f8a080511d31fa8f58 - - default default] GET http://cinder-api.openstack.svc.cluster.local:8776/v3/8f88e600cf3449f8a080511d31fa8f58/volumes/9850c625-f080-4a73-94a1-a4553f7cc4ec /var/lib/openstack/lib/python3.10/site-packages/oslo_context/context.py:100: DeprecationWarning: Policy enforcement is depending on the value of is_admin. This key is deprecated. Please update your policy file to use the standard policy values. warnings.warn('Policy enforcement is depending on the value of '
2026-03-04 02:32:09.136 7 INFO cinder.volume.api [req-2e11d45b-ebbd-4d6c-8396-b5d3e43ef553 req-d90a06d0-4998-46bc-b5b1-f40bf4884809 0eaeb9811a0e4e0683b5036e4583a103 8f88e600cf3449f8a080511d31fa8f58 - - default default] Volume info retrieved successfully.
2026-03-04 02:32:09.145 7 INFO cinder.api.openstack.wsgi [req-2e11d45b-ebbd-4d6c-8396-b5d3e43ef553 req-d90a06d0-4998-46bc-b5b1-f40bf4884809 0eaeb9811a0e4e0683b5036e4583a103 8f88e600cf3449f8a080511d31fa8f58 - - default default] http://cinder-api.openstack.svc.cluster.local:8776/v3/8f88e600cf3449f8a080511d31fa8f58/volumes/9850c625-f080-4a73-94a1-a4553f7cc4ec returned with HTTP 200 [pid: 7|app: 0|req: 426/853] 199.204.45.25 () {32 vars in 824 bytes} [Wed Mar 4 02:32:09 2026] GET /v3/8f88e600cf3449f8a080511d31fa8f58/volumes/9850c625-f080-4a73-94a1-a4553f7cc4ec => generated 1787 bytes in 47 msecs (HTTP/1.1 200) 7 headers in 286 bytes (1 switches on core 0)
2026-03-04 02:32:10.947 7 INFO cinder.api.openstack.wsgi [req-2e11d45b-ebbd-4d6c-8396-b5d3e43ef553 req-d90a06d0-4998-46bc-b5b1-f40bf4884809 0eaeb9811a0e4e0683b5036e4583a103 8f88e600cf3449f8a080511d31fa8f58 - - default default] GET http://10.0.0.32:8776/
2026-03-04 02:32:10.947 8 INFO cinder.api.openstack.wsgi [req-48399a6e-d718-4bd2-b544-00c1f2cca60e req-568f4dc8-1812-4110-8ac4-e43f121765ac 0eaeb9811a0e4e0683b5036e4583a103 8f88e600cf3449f8a080511d31fa8f58 - - default default] GET http://10.0.0.32:8776/
2026-03-04 02:32:10.948 8 INFO cinder.api.openstack.wsgi [req-48399a6e-d718-4bd2-b544-00c1f2cca60e req-568f4dc8-1812-4110-8ac4-e43f121765ac 0eaeb9811a0e4e0683b5036e4583a103 8f88e600cf3449f8a080511d31fa8f58 - - default default] http://10.0.0.32:8776/ returned with HTTP 300
2026-03-04 02:32:10.948 7 INFO cinder.api.openstack.wsgi [req-2e11d45b-ebbd-4d6c-8396-b5d3e43ef553 req-d90a06d0-4998-46bc-b5b1-f40bf4884809 0eaeb9811a0e4e0683b5036e4583a103 8f88e600cf3449f8a080511d31fa8f58 - - default default] http://10.0.0.32:8776/ returned with HTTP 300 /var/lib/openstack/lib/python3.10/site-packages/pycadf/identifier.py:71: UserWarning: Invalid uuid: cinderv3. To ensure interoperability, identifiers should be a valid uuid. warnings.warn(('Invalid uuid: %s. To ensure interoperability, '
2026-03-04 02:32:12.308 7 INFO cinder.api.openstack.wsgi [None req-34f9b5f6-d116-42ab-b5ff-30ef94f2a3f7 0eaeb9811a0e4e0683b5036e4583a103 8f88e600cf3449f8a080511d31fa8f58 - - default default] GET http://cinder-api.openstack.svc.cluster.local:8776/v3/8f88e600cf3449f8a080511d31fa8f58/snapshots?all_tenants=true
2026-03-04 02:32:12.316 7 INFO cinder.volume.api [None req-34f9b5f6-d116-42ab-b5ff-30ef94f2a3f7 0eaeb9811a0e4e0683b5036e4583a103 8f88e600cf3449f8a080511d31fa8f58 - - default default] Get all snapshots completed successfully.
2026-03-04 02:32:12.316 7 INFO cinder.api.openstack.wsgi [None req-34f9b5f6-d116-42ab-b5ff-30ef94f2a3f7 0eaeb9811a0e4e0683b5036e4583a103 8f88e600cf3449f8a080511d31fa8f58 - - default default] http://cinder-api.openstack.svc.cluster.local:8776/v3/8f88e600cf3449f8a080511d31fa8f58/snapshots?all_tenants=true returned with HTTP 200 [pid: 7|app: 0|req: 428/856] 10.0.0.69 () {28 vars in 673 bytes} [Wed Mar 4 02:32:12 2026] GET /v3/8f88e600cf3449f8a080511d31fa8f58/snapshots?all_tenants=true => generated 17 bytes in 228 msecs (HTTP/1.1 200) 7 headers in 284 bytes (1 switches on core 0) /var/lib/openstack/lib/python3.10/site-packages/pycadf/identifier.py:71: UserWarning: Invalid uuid: cinderv3. To ensure interoperability, identifiers should be a valid uuid. warnings.warn(('Invalid uuid: %s. To ensure interoperability, '
2026-03-04 02:32:12.330 8 INFO cinder.api.openstack.wsgi [None req-c0fbce45-0826-45db-9561-fda106f21432 0eaeb9811a0e4e0683b5036e4583a103 8f88e600cf3449f8a080511d31fa8f58 - - default default] GET http://cinder-api.openstack.svc.cluster.local:8776/v3/8f88e600cf3449f8a080511d31fa8f58/scheduler-stats/get_pools?detail=true
2026-03-04 02:32:12.348 8 INFO cinder.api.openstack.wsgi [None req-c0fbce45-0826-45db-9561-fda106f21432 0eaeb9811a0e4e0683b5036e4583a103 8f88e600cf3449f8a080511d31fa8f58 - - default default] http://cinder-api.openstack.svc.cluster.local:8776/v3/8f88e600cf3449f8a080511d31fa8f58/scheduler-stats/get_pools?detail=true returned with HTTP 200 [pid: 8|app: 0|req: 429/857] 10.0.0.69 () {28 vars in 695 bytes} [Wed Mar 4 02:32:12 2026] GET /v3/8f88e600cf3449f8a080511d31fa8f58/scheduler-stats/get_pools?detail=true => generated 670 bytes in 29 msecs (HTTP/1.1 200) 7 headers in 285 bytes (1 switches on core 0)
2026-03-04 02:32:12.417 7 INFO cinder.api.openstack.wsgi [None req-672788e5-9782-4f78-9df7-2e8eef3810e7 0eaeb9811a0e4e0683b5036e4583a103 8f88e600cf3449f8a080511d31fa8f58 - - default default] GET http://cinder-api.openstack.svc.cluster.local:8776/v3/8f88e600cf3449f8a080511d31fa8f58/os-quota-sets/0da4c0cc8efb49fabdad9c97e76fc6c7?usage=true
2026-03-04 02:32:12.440 7 INFO cinder.api.openstack.wsgi [None req-672788e5-9782-4f78-9df7-2e8eef3810e7 0eaeb9811a0e4e0683b5036e4583a103 8f88e600cf3449f8a080511d31fa8f58 - - default default] http://cinder-api.openstack.svc.cluster.local:8776/v3/8f88e600cf3449f8a080511d31fa8f58/os-quota-sets/0da4c0cc8efb49fabdad9c97e76fc6c7?usage=true returned with HTTP 200 [pid: 7|app: 0|req: 429/858] 10.0.0.69 () {28 vars in 735 bytes} [Wed Mar 4 02:32:12 2026] GET /v3/8f88e600cf3449f8a080511d31fa8f58/os-quota-sets/0da4c0cc8efb49fabdad9c97e76fc6c7?usage=true => generated 847 bytes in 35 msecs (HTTP/1.1 200) 7 headers in 285 bytes (1 switches on core 0)
2026-03-04 02:32:12.460 8 INFO cinder.api.openstack.wsgi [None req-a5bd3c42-40f1-412c-944a-5c8e055c17c4 0eaeb9811a0e4e0683b5036e4583a103 8f88e600cf3449f8a080511d31fa8f58 - - default default] GET http://cinder-api.openstack.svc.cluster.local:8776/v3/8f88e600cf3449f8a080511d31fa8f58/os-quota-sets/0f7f5f394a584e0da83634423f32b549?usage=true
2026-03-04 02:32:12.487 8 INFO cinder.api.openstack.wsgi [None req-a5bd3c42-40f1-412c-944a-5c8e055c17c4 0eaeb9811a0e4e0683b5036e4583a103 8f88e600cf3449f8a080511d31fa8f58 - - default default] http://cinder-api.openstack.svc.cluster.local:8776/v3/8f88e600cf3449f8a080511d31fa8f58/os-quota-sets/0f7f5f394a584e0da83634423f32b549?usage=true returned with HTTP 200 [pid: 8|app: 0|req: 430/859] 10.0.0.69 () {28 vars in 735 bytes} [Wed Mar 4 02:32:12 2026] GET /v3/8f88e600cf3449f8a080511d31fa8f58/os-quota-sets/0f7f5f394a584e0da83634423f32b549?usage=true => generated 847 bytes in 41 msecs (HTTP/1.1 200) 7 headers in 285 bytes (1 switches on core 0)
2026-03-04 02:32:12.503 7 INFO cinder.api.openstack.wsgi [None req-76ea1b89-f77d-4c51-9ad0-6d023e6c5465 0eaeb9811a0e4e0683b5036e4583a103 8f88e600cf3449f8a080511d31fa8f58 - - default default] GET http://cinder-api.openstack.svc.cluster.local:8776/v3/8f88e600cf3449f8a080511d31fa8f58/os-quota-sets/59b95180f6ac47f9b81ebeea0a229261?usage=true
2026-03-04 02:32:12.551 7 INFO cinder.api.openstack.wsgi [None req-76ea1b89-f77d-4c51-9ad0-6d023e6c5465 0eaeb9811a0e4e0683b5036e4583a103 8f88e600cf3449f8a080511d31fa8f58 - - default default] http://cinder-api.openstack.svc.cluster.local:8776/v3/8f88e600cf3449f8a080511d31fa8f58/os-quota-sets/59b95180f6ac47f9b81ebeea0a229261?usage=true returned with HTTP 200 [pid: 7|app: 0|req: 430/860] 10.0.0.69 () {28 vars in 735 bytes} [Wed Mar 4 02:32:12 2026] GET /v3/8f88e600cf3449f8a080511d31fa8f58/os-quota-sets/59b95180f6ac47f9b81ebeea0a229261?usage=true => generated 845 bytes in 58 msecs (HTTP/1.1 200) 7 headers in 285 bytes (1 switches on core 0)
2026-03-04 02:32:12.565 8 INFO cinder.api.openstack.wsgi [None req-2d545217-f69c-4136-9d03-2785a5e56247 0eaeb9811a0e4e0683b5036e4583a103 8f88e600cf3449f8a080511d31fa8f58 - - default default] GET http://cinder-api.openstack.svc.cluster.local:8776/v3/8f88e600cf3449f8a080511d31fa8f58/os-quota-sets/64fc771bac82461eb04f032bf9d9f792?usage=true
2026-03-04 02:32:12.603 8 INFO cinder.api.openstack.wsgi [None req-2d545217-f69c-4136-9d03-2785a5e56247 0eaeb9811a0e4e0683b5036e4583a103 8f88e600cf3449f8a080511d31fa8f58 - - default default] http://cinder-api.openstack.svc.cluster.local:8776/v3/8f88e600cf3449f8a080511d31fa8f58/os-quota-sets/64fc771bac82461eb04f032bf9d9f792?usage=true returned with HTTP 200 [pid: 8|app: 0|req: 431/861] 10.0.0.69 () {28 vars in 735 bytes} [Wed Mar 4 02:32:12 2026] GET /v3/8f88e600cf3449f8a080511d31fa8f58/os-quota-sets/64fc771bac82461eb04f032bf9d9f792?usage=true => generated 847 bytes in 49 msecs (HTTP/1.1 200) 7 headers in 285 bytes (1 switches on core 0)
2026-03-04 02:32:12.616 8 INFO cinder.api.openstack.wsgi [None req-568025f5-7224-479f-ac7a-46933a35110d 0eaeb9811a0e4e0683b5036e4583a103 8f88e600cf3449f8a080511d31fa8f58 - - default default] GET http://cinder-api.openstack.svc.cluster.local:8776/v3/8f88e600cf3449f8a080511d31fa8f58/os-quota-sets/7b04db4c2ca3440691858e40383b5f34?usage=true
2026-03-04 02:32:12.621 7 INFO cinder.api.openstack.wsgi [req-2e11d45b-ebbd-4d6c-8396-b5d3e43ef553 req-2cb3e089-b410-48a4-a3f0-ca49e7a96bd5 0eaeb9811a0e4e0683b5036e4583a103 8f88e600cf3449f8a080511d31fa8f58 - - default default] GET http://cinder-api.openstack.svc.cluster.local:8776/v3/8f88e600cf3449f8a080511d31fa8f58/volumes/9850c625-f080-4a73-94a1-a4553f7cc4ec /var/lib/openstack/lib/python3.10/site-packages/oslo_context/context.py:100: DeprecationWarning: Policy enforcement is depending on the value of is_admin. This key is deprecated. Please update your policy file to use the standard policy values. warnings.warn('Policy enforcement is depending on the value of '
2026-03-04 02:32:12.648 7 INFO cinder.volume.api [req-2e11d45b-ebbd-4d6c-8396-b5d3e43ef553 req-2cb3e089-b410-48a4-a3f0-ca49e7a96bd5 0eaeb9811a0e4e0683b5036e4583a103 8f88e600cf3449f8a080511d31fa8f58 - - default default] Volume info retrieved successfully.
2026-03-04 02:32:12.653 8 INFO cinder.api.openstack.wsgi [None req-568025f5-7224-479f-ac7a-46933a35110d 0eaeb9811a0e4e0683b5036e4583a103 8f88e600cf3449f8a080511d31fa8f58 - - default default] http://cinder-api.openstack.svc.cluster.local:8776/v3/8f88e600cf3449f8a080511d31fa8f58/os-quota-sets/7b04db4c2ca3440691858e40383b5f34?usage=true returned with HTTP 200
2026-03-04 02:32:12.654 7 INFO cinder.api.openstack.wsgi [req-2e11d45b-ebbd-4d6c-8396-b5d3e43ef553 req-2cb3e089-b410-48a4-a3f0-ca49e7a96bd5 0eaeb9811a0e4e0683b5036e4583a103 8f88e600cf3449f8a080511d31fa8f58 - - default default] http://cinder-api.openstack.svc.cluster.local:8776/v3/8f88e600cf3449f8a080511d31fa8f58/volumes/9850c625-f080-4a73-94a1-a4553f7cc4ec returned with HTTP 200 [pid: 8|app: 0|req: 432/862] 10.0.0.69 () {28 vars in 735 bytes} [Wed Mar 4 02:32:12 2026] GET /v3/8f88e600cf3449f8a080511d31fa8f58/os-quota-sets/7b04db4c2ca3440691858e40383b5f34?usage=true => generated 847 bytes in 46 msecs (HTTP/1.1 200) 7 headers in 285 bytes (1 switches on core 0) [pid: 7|app: 0|req: 431/863] 199.204.45.25 () {32 vars in 824 bytes} [Wed Mar 4 02:32:12 2026] GET /v3/8f88e600cf3449f8a080511d31fa8f58/volumes/9850c625-f080-4a73-94a1-a4553f7cc4ec => generated 1787 bytes in 54 msecs (HTTP/1.1 200) 7 headers in 286 bytes (1 switches on core 0)
2026-03-04 02:32:12.668 8 INFO cinder.api.openstack.wsgi [None req-848b09e0-4997-47d3-9982-a97e7b555feb 0eaeb9811a0e4e0683b5036e4583a103 8f88e600cf3449f8a080511d31fa8f58 - - default default] GET http://cinder-api.openstack.svc.cluster.local:8776/v3/8f88e600cf3449f8a080511d31fa8f58/os-quota-sets/855ab45ec08f4a27820cc13738a6cb4e?usage=true
2026-03-04 02:32:12.699 8 INFO cinder.api.openstack.wsgi [None req-848b09e0-4997-47d3-9982-a97e7b555feb 0eaeb9811a0e4e0683b5036e4583a103 8f88e600cf3449f8a080511d31fa8f58 - - default default] http://cinder-api.openstack.svc.cluster.local:8776/v3/8f88e600cf3449f8a080511d31fa8f58/os-quota-sets/855ab45ec08f4a27820cc13738a6cb4e?usage=true returned with HTTP 200 [pid: 8|app: 0|req: 433/864] 10.0.0.69 () {28 vars in 735 bytes} [Wed Mar 4 02:32:12 2026] GET /v3/8f88e600cf3449f8a080511d31fa8f58/os-quota-sets/855ab45ec08f4a27820cc13738a6cb4e?usage=true => generated 847 bytes in 39 msecs (HTTP/1.1 200) 7 headers in 285 bytes (1 switches on core 0) /var/lib/openstack/lib/python3.10/site-packages/pycadf/identifier.py:71: UserWarning: Invalid uuid: cinderv3. To ensure interoperability, identifiers should be a valid uuid. warnings.warn(('Invalid uuid: %s. To ensure interoperability, '
2026-03-04 02:32:12.713 7 INFO cinder.api.openstack.wsgi [None req-10240f23-67b7-4b1f-afbf-393d16f6a12d 0eaeb9811a0e4e0683b5036e4583a103 8f88e600cf3449f8a080511d31fa8f58 - - default default] GET http://cinder-api.openstack.svc.cluster.local:8776/v3/8f88e600cf3449f8a080511d31fa8f58/os-quota-sets/882b19d6b4934d309b9ee6d0ffd35f55?usage=true
2026-03-04 02:32:12.755 7 INFO cinder.api.openstack.wsgi [None req-10240f23-67b7-4b1f-afbf-393d16f6a12d 0eaeb9811a0e4e0683b5036e4583a103 8f88e600cf3449f8a080511d31fa8f58 - - default default] http://cinder-api.openstack.svc.cluster.local:8776/v3/8f88e600cf3449f8a080511d31fa8f58/os-quota-sets/882b19d6b4934d309b9ee6d0ffd35f55?usage=true returned with HTTP 200 [pid: 7|app: 0|req: 432/865] 10.0.0.69 () {28 vars in 735 bytes} [Wed Mar 4 02:32:12 2026] GET /v3/8f88e600cf3449f8a080511d31fa8f58/os-quota-sets/882b19d6b4934d309b9ee6d0ffd35f55?usage=true => generated 847 bytes in 53 msecs (HTTP/1.1 200) 7 headers in 285 bytes (1 switches on core 0)
2026-03-04 02:32:12.786 8 INFO cinder.api.openstack.wsgi [None req-4e70148f-0819-488f-bd2d-fbcdf9ace11a 0eaeb9811a0e4e0683b5036e4583a103 8f88e600cf3449f8a080511d31fa8f58 - - default default] GET http://cinder-api.openstack.svc.cluster.local:8776/v3/8f88e600cf3449f8a080511d31fa8f58/os-quota-sets/8f88e600cf3449f8a080511d31fa8f58?usage=true
2026-03-04 02:32:12.814 8 INFO cinder.api.openstack.wsgi [None req-4e70148f-0819-488f-bd2d-fbcdf9ace11a 0eaeb9811a0e4e0683b5036e4583a103 8f88e600cf3449f8a080511d31fa8f58 - - default default] http://cinder-api.openstack.svc.cluster.local:8776/v3/8f88e600cf3449f8a080511d31fa8f58/os-quota-sets/8f88e600cf3449f8a080511d31fa8f58?usage=true returned with HTTP 200 [pid: 8|app: 0|req: 434/866] 10.0.0.69 () {28 vars in 735 bytes} [Wed Mar 4 02:32:12 2026] GET /v3/8f88e600cf3449f8a080511d31fa8f58/os-quota-sets/8f88e600cf3449f8a080511d31fa8f58?usage=true => generated 847 bytes in 39 msecs (HTTP/1.1 200) 7 headers in 285 bytes (1 switches on core 0)
2026-03-04 02:32:12.832 7 INFO cinder.api.openstack.wsgi [None req-1b1d4325-8d36-4285-9363-43d1eee89e61 0eaeb9811a0e4e0683b5036e4583a103 8f88e600cf3449f8a080511d31fa8f58 - - default default] GET http://cinder-api.openstack.svc.cluster.local:8776/v3/8f88e600cf3449f8a080511d31fa8f58/os-quota-sets/950f23d12b60433eaf16e0b878a1ed10?usage=true
2026-03-04 02:32:12.872 7 INFO cinder.api.openstack.wsgi [None req-1b1d4325-8d36-4285-9363-43d1eee89e61 0eaeb9811a0e4e0683b5036e4583a103 8f88e600cf3449f8a080511d31fa8f58 - - default default] http://cinder-api.openstack.svc.cluster.local:8776/v3/8f88e600cf3449f8a080511d31fa8f58/os-quota-sets/950f23d12b60433eaf16e0b878a1ed10?usage=true returned with HTTP 200 [pid: 7|app: 0|req: 433/867] 10.0.0.69 () {28 vars in 735 bytes} [Wed Mar 4 02:32:12 2026] GET /v3/8f88e600cf3449f8a080511d31fa8f58/os-quota-sets/950f23d12b60433eaf16e0b878a1ed10?usage=true => generated 847 bytes in 51 msecs (HTTP/1.1 200) 7 headers in 285 bytes (1 switches on core 0)
2026-03-04 02:32:12.885 8 INFO cinder.api.openstack.wsgi [None req-51450c57-30c9-4644-8869-187833350747 0eaeb9811a0e4e0683b5036e4583a103 8f88e600cf3449f8a080511d31fa8f58 - - default default] GET http://cinder-api.openstack.svc.cluster.local:8776/v3/8f88e600cf3449f8a080511d31fa8f58/os-quota-sets/a3b2e856654d4a8aa50dfe9aa02dc733?usage=true
2026-03-04 02:32:12.918 8 INFO cinder.api.openstack.wsgi [None req-51450c57-30c9-4644-8869-187833350747 0eaeb9811a0e4e0683b5036e4583a103 8f88e600cf3449f8a080511d31fa8f58 - - default default] http://cinder-api.openstack.svc.cluster.local:8776/v3/8f88e600cf3449f8a080511d31fa8f58/os-quota-sets/a3b2e856654d4a8aa50dfe9aa02dc733?usage=true returned with HTTP 200 [pid: 8|app: 0|req: 435/868] 10.0.0.69 () {28 vars in 735 bytes} [Wed Mar 4 02:32:12 2026] GET /v3/8f88e600cf3449f8a080511d31fa8f58/os-quota-sets/a3b2e856654d4a8aa50dfe9aa02dc733?usage=true => generated 847 bytes in 42 msecs (HTTP/1.1 200) 7 headers in 285 bytes (1 switches on core 0)
2026-03-04 02:32:12.934 7 INFO cinder.api.openstack.wsgi [None req-71ea6923-a5ff-4b1d-a342-86703731221b 0eaeb9811a0e4e0683b5036e4583a103 8f88e600cf3449f8a080511d31fa8f58 - - default default] GET http://cinder-api.openstack.svc.cluster.local:8776/v3/8f88e600cf3449f8a080511d31fa8f58/os-quota-sets/ab476190535f441c88e1a11201be41b6?usage=true
2026-03-04 02:32:12.971 7 INFO cinder.api.openstack.wsgi [None req-71ea6923-a5ff-4b1d-a342-86703731221b 0eaeb9811a0e4e0683b5036e4583a103 8f88e600cf3449f8a080511d31fa8f58 - - default default] http://cinder-api.openstack.svc.cluster.local:8776/v3/8f88e600cf3449f8a080511d31fa8f58/os-quota-sets/ab476190535f441c88e1a11201be41b6?usage=true returned with HTTP 200 [pid: 7|app: 0|req: 434/869] 10.0.0.69 () {28 vars in 735 bytes} [Wed Mar 4 02:32:12 2026] GET /v3/8f88e600cf3449f8a080511d31fa8f58/os-quota-sets/ab476190535f441c88e1a11201be41b6?usage=true => generated 847 bytes in 48 msecs (HTTP/1.1 200) 7 headers in 285 bytes (1 switches on core 0)
2026-03-04 02:32:12.990 8 INFO cinder.api.openstack.wsgi [None req-b6a81f04-682f-466d-a95d-52389b6ea774 0eaeb9811a0e4e0683b5036e4583a103 8f88e600cf3449f8a080511d31fa8f58 - - default default] GET http://cinder-api.openstack.svc.cluster.local:8776/v3/8f88e600cf3449f8a080511d31fa8f58/os-quota-sets/d4f6cbfcfed7468597366303f119d56e?usage=true
2026-03-04 02:32:13.033 8 INFO cinder.api.openstack.wsgi [None req-b6a81f04-682f-466d-a95d-52389b6ea774 0eaeb9811a0e4e0683b5036e4583a103 8f88e600cf3449f8a080511d31fa8f58 - - default default] http://cinder-api.openstack.svc.cluster.local:8776/v3/8f88e600cf3449f8a080511d31fa8f58/os-quota-sets/d4f6cbfcfed7468597366303f119d56e?usage=true returned with HTTP 200 [pid: 8|app: 0|req: 436/870] 10.0.0.69 () {28 vars in 735 bytes} [Wed Mar 4 02:32:12 2026] GET /v3/8f88e600cf3449f8a080511d31fa8f58/os-quota-sets/d4f6cbfcfed7468597366303f119d56e?usage=true => generated 847 bytes in 55 msecs (HTTP/1.1 200) 7 headers in 285 bytes (1 switches on core 0)
2026-03-04 02:32:13.046 7 INFO cinder.api.openstack.wsgi [None req-c2600444-631a-4f03-bd43-62186815353a 0eaeb9811a0e4e0683b5036e4583a103 8f88e600cf3449f8a080511d31fa8f58 - - default default] GET http://cinder-api.openstack.svc.cluster.local:8776/v3/8f88e600cf3449f8a080511d31fa8f58/os-quota-sets/e334159db7b64ef6bd0b978ad06d602b?usage=true
2026-03-04 02:32:13.082 7 INFO cinder.api.openstack.wsgi [None req-c2600444-631a-4f03-bd43-62186815353a 0eaeb9811a0e4e0683b5036e4583a103 8f88e600cf3449f8a080511d31fa8f58 - - default default] http://cinder-api.openstack.svc.cluster.local:8776/v3/8f88e600cf3449f8a080511d31fa8f58/os-quota-sets/e334159db7b64ef6bd0b978ad06d602b?usage=true returned with HTTP 200 [pid: 7|app: 0|req: 435/871] 10.0.0.69 () {28 vars in 735 bytes} [Wed Mar 4 02:32:13 2026] GET /v3/8f88e600cf3449f8a080511d31fa8f58/os-quota-sets/e334159db7b64ef6bd0b978ad06d602b?usage=true => generated 847 bytes in 44 msecs (HTTP/1.1 200) 7 headers in 285 bytes (1 switches on core 0)
2026-03-04 02:32:13.095 8 INFO cinder.api.openstack.wsgi [None req-8933b689-9922-48f8-87d0-e0d70b357bec 0eaeb9811a0e4e0683b5036e4583a103 8f88e600cf3449f8a080511d31fa8f58 - - default default] GET http://cinder-api.openstack.svc.cluster.local:8776/v3/8f88e600cf3449f8a080511d31fa8f58/os-quota-sets/e56ddbe47da3478ba8e52a5d39586246?usage=true
2026-03-04 02:32:13.122 8 INFO cinder.api.openstack.wsgi [None req-8933b689-9922-48f8-87d0-e0d70b357bec 0eaeb9811a0e4e0683b5036e4583a103 8f88e600cf3449f8a080511d31fa8f58 - - default default] http://cinder-api.openstack.svc.cluster.local:8776/v3/8f88e600cf3449f8a080511d31fa8f58/os-quota-sets/e56ddbe47da3478ba8e52a5d39586246?usage=true returned with HTTP 200 [pid: 8|app: 0|req: 437/872] 10.0.0.69 () {28 vars in 735 bytes} [Wed Mar 4 02:32:13 2026] GET /v3/8f88e600cf3449f8a080511d31fa8f58/os-quota-sets/e56ddbe47da3478ba8e52a5d39586246?usage=true => generated 847 bytes in 38 msecs (HTTP/1.1 200) 7 headers in 285 bytes (1 switches on core 0)
2026-03-04 02:32:13.137 7 INFO cinder.api.openstack.wsgi [None req-c00cae2c-d73e-413d-9264-839e26fe0c40 0eaeb9811a0e4e0683b5036e4583a103 8f88e600cf3449f8a080511d31fa8f58 - - default default] GET http://cinder-api.openstack.svc.cluster.local:8776/v3/8f88e600cf3449f8a080511d31fa8f58/os-quota-sets/ea6ec88edcd143ecb454498f80601591?usage=true
2026-03-04 02:32:13.165 7 INFO cinder.api.openstack.wsgi [None req-c00cae2c-d73e-413d-9264-839e26fe0c40 0eaeb9811a0e4e0683b5036e4583a103 8f88e600cf3449f8a080511d31fa8f58 - - default default] http://cinder-api.openstack.svc.cluster.local:8776/v3/8f88e600cf3449f8a080511d31fa8f58/os-quota-sets/ea6ec88edcd143ecb454498f80601591?usage=true returned with HTTP 200 [pid: 7|app: 0|req: 436/873] 10.0.0.69 () {28 vars in 735 bytes} [Wed Mar 4 02:32:13 2026] GET /v3/8f88e600cf3449f8a080511d31fa8f58/os-quota-sets/ea6ec88edcd143ecb454498f80601591?usage=true => generated 847 bytes in 37 msecs (HTTP/1.1 200) 7 headers in 285 bytes (1 switches on core 0)
2026-03-04 02:32:13.183 8 INFO cinder.api.openstack.wsgi [None req-b320b901-d84b-45c8-8ff5-ed5359c97c21 0eaeb9811a0e4e0683b5036e4583a103 8f88e600cf3449f8a080511d31fa8f58 - - default default] GET http://cinder-api.openstack.svc.cluster.local:8776/v3/8f88e600cf3449f8a080511d31fa8f58/os-quota-sets/f169fd47a1e64009a381777b33d94e51?usage=true
2026-03-04 02:32:13.208 8 INFO cinder.api.openstack.wsgi [None req-b320b901-d84b-45c8-8ff5-ed5359c97c21 0eaeb9811a0e4e0683b5036e4583a103 8f88e600cf3449f8a080511d31fa8f58 - - default default] http://cinder-api.openstack.svc.cluster.local:8776/v3/8f88e600cf3449f8a080511d31fa8f58/os-quota-sets/f169fd47a1e64009a381777b33d94e51?usage=true returned with HTTP 200 [pid: 8|app: 0|req: 438/874] 10.0.0.69 () {28 vars in 735 bytes} [Wed Mar 4 02:32:13 2026] GET /v3/8f88e600cf3449f8a080511d31fa8f58/os-quota-sets/f169fd47a1e64009a381777b33d94e51?usage=true => generated 847 bytes in 40 msecs (HTTP/1.1 200) 7 headers in 285 bytes (1 switches on core 0)
2026-03-04 02:32:13.220 7 INFO cinder.api.openstack.wsgi [None req-7aa5fd67-1239-49bd-98f6-4dc9a1266a8a 0eaeb9811a0e4e0683b5036e4583a103 8f88e600cf3449f8a080511d31fa8f58 - - default default] GET http://cinder-api.openstack.svc.cluster.local:8776/v3/8f88e600cf3449f8a080511d31fa8f58/os-quota-sets/f6e14d398b634f238b51c509d4c39fb3?usage=true
2026-03-04 02:32:13.255 7 INFO cinder.api.openstack.wsgi [None req-7aa5fd67-1239-49bd-98f6-4dc9a1266a8a 0eaeb9811a0e4e0683b5036e4583a103 8f88e600cf3449f8a080511d31fa8f58 - - default default] http://cinder-api.openstack.svc.cluster.local:8776/v3/8f88e600cf3449f8a080511d31fa8f58/os-quota-sets/f6e14d398b634f238b51c509d4c39fb3?usage=true returned with HTTP 200 [pid: 7|app: 0|req: 437/875] 10.0.0.69 () {28 vars in 735 bytes} [Wed Mar 4 02:32:13 2026] GET /v3/8f88e600cf3449f8a080511d31fa8f58/os-quota-sets/f6e14d398b634f238b51c509d4c39fb3?usage=true => generated 847 bytes in 44 msecs (HTTP/1.1 200) 7 headers in 285 bytes (1 switches on core 0)
2026-03-04 02:32:13.272 8 INFO cinder.api.openstack.wsgi [None req-f9cc1092-fc7e-4bcd-8c5b-63ef3d9375d2 0eaeb9811a0e4e0683b5036e4583a103 8f88e600cf3449f8a080511d31fa8f58 - - default default] GET http://cinder-api.openstack.svc.cluster.local:8776/v3/8f88e600cf3449f8a080511d31fa8f58/os-quota-sets/fdb0f48dd9a44f3fa381651eb78c7895?usage=true
2026-03-04 02:32:13.313 8 INFO cinder.api.openstack.wsgi [None req-f9cc1092-fc7e-4bcd-8c5b-63ef3d9375d2 0eaeb9811a0e4e0683b5036e4583a103 8f88e600cf3449f8a080511d31fa8f58 - - default default] http://cinder-api.openstack.svc.cluster.local:8776/v3/8f88e600cf3449f8a080511d31fa8f58/os-quota-sets/fdb0f48dd9a44f3fa381651eb78c7895?usage=true returned with HTTP 200 [pid: 8|app: 0|req: 439/876] 10.0.0.69 () {28 vars in 735 bytes} [Wed Mar 4 02:32:13 2026] GET /v3/8f88e600cf3449f8a080511d31fa8f58/os-quota-sets/fdb0f48dd9a44f3fa381651eb78c7895?usage=true => generated 847 bytes in 49 msecs (HTTP/1.1 200) 7 headers in 285 bytes (1 switches on core 0)
2026-03-04 02:32:13.328 7 INFO cinder.api.openstack.wsgi [None req-e30d4201-1484-4186-bebc-17059b206db4 0eaeb9811a0e4e0683b5036e4583a103 8f88e600cf3449f8a080511d31fa8f58 - - default default] GET http://cinder-api.openstack.svc.cluster.local:8776/v3/8f88e600cf3449f8a080511d31fa8f58/volumes/detail?all_tenants=true
2026-03-04 02:32:13.356 7 INFO cinder.volume.api [None req-e30d4201-1484-4186-bebc-17059b206db4 0eaeb9811a0e4e0683b5036e4583a103 8f88e600cf3449f8a080511d31fa8f58 - - default default] Get all volumes completed successfully. /var/lib/openstack/lib/python3.10/site-packages/oslo_context/context.py:100: DeprecationWarning: Policy enforcement is depending on the value of is_admin. This key is deprecated. Please update your policy file to use the standard policy values. warnings.warn('Policy enforcement is depending on the value of '
2026-03-04 02:32:13.365 7 INFO cinder.api.openstack.wsgi [None req-e30d4201-1484-4186-bebc-17059b206db4 0eaeb9811a0e4e0683b5036e4583a103 8f88e600cf3449f8a080511d31fa8f58 - - default default] http://cinder-api.openstack.svc.cluster.local:8776/v3/8f88e600cf3449f8a080511d31fa8f58/volumes/detail?all_tenants=true returned with HTTP 200 [pid: 7|app: 0|req: 438/877] 10.0.0.69 () {28 vars in 683 bytes} [Wed Mar 4 02:32:13 2026] GET /v3/8f88e600cf3449f8a080511d31fa8f58/volumes/detail?all_tenants=true => generated 1790 bytes in 48 msecs (HTTP/1.1 200) 7 headers in 286 bytes (1 switches on core 0)
2026-03-04 02:32:13.389 8 INFO cinder.api.openstack.wsgi [None req-d2c43ce6-d96d-4f4c-892b-4a9fc9b60fdb 0eaeb9811a0e4e0683b5036e4583a103 8f88e600cf3449f8a080511d31fa8f58 - - default default] GET http://cinder-api.openstack.svc.cluster.local:8776/v3/8f88e600cf3449f8a080511d31fa8f58/os-services
2026-03-04 02:32:13.399 8 INFO cinder.api.openstack.wsgi [None req-d2c43ce6-d96d-4f4c-892b-4a9fc9b60fdb 0eaeb9811a0e4e0683b5036e4583a103 8f88e600cf3449f8a080511d31fa8f58 - - default default] http://cinder-api.openstack.svc.cluster.local:8776/v3/8f88e600cf3449f8a080511d31fa8f58/os-services returned with HTTP 200 [pid: 8|app: 0|req: 440/878] 10.0.0.69 () {28 vars in 644 bytes} [Wed Mar 4 02:32:13 2026] GET /v3/8f88e600cf3449f8a080511d31fa8f58/os-services => generated 646 bytes in 22 msecs (HTTP/1.1 200) 7 headers in 285 bytes (1 switches on core 0) /var/lib/openstack/lib/python3.10/site-packages/pycadf/identifier.py:71: UserWarning: Invalid uuid: cinderv3. To ensure interoperability, identifiers should be a valid uuid. warnings.warn(('Invalid uuid: %s. To ensure interoperability, '
2026-03-04 02:32:13.412 7 INFO cinder.api.openstack.wsgi [None req-88065192-8545-4440-b989-707027271835 0eaeb9811a0e4e0683b5036e4583a103 8f88e600cf3449f8a080511d31fa8f58 - - default default] GET http://cinder-api.openstack.svc.cluster.local:8776/v3/8f88e600cf3449f8a080511d31fa8f58/volumes/detail?all_tenants=true
2026-03-04 02:32:13.429 7 INFO cinder.volume.api [None req-88065192-8545-4440-b989-707027271835 0eaeb9811a0e4e0683b5036e4583a103 8f88e600cf3449f8a080511d31fa8f58 - - default default] Get all volumes completed successfully. /var/lib/openstack/lib/python3.10/site-packages/oslo_context/context.py:100: DeprecationWarning: Policy enforcement is depending on the value of is_admin. This key is deprecated. Please update your policy file to use the standard policy values. warnings.warn('Policy enforcement is depending on the value of '
