Aug 11 05:46:08.025174 np0000188426 devstack@neutron-api.service[102264]: DEBUG ovsdbapp.backend.ovs_idl [None req-3bd89b80-398b-4436-9fcd-52ef5760d28d None None] Created schema index Copp.name {{(pid=102264) autocreate_indices /opt/stack/data/venv/lib/python3.12/site-packages/ovsdbapp/backend/ovs_idl/__init__.py:106}}
Aug 11 05:46:08.025267 np0000188426 devstack@neutron-api.service[102264]: DEBUG ovsdbapp.backend.ovs_idl [None req-3bd89b80-398b-4436-9fcd-52ef5760d28d None None] Created schema index Meter.name {{(pid=102264) autocreate_indices /opt/stack/data/venv/lib/python3.12/site-packages/ovsdbapp/backend/ovs_idl/__init__.py:106}}
Aug 11 05:46:08.025349 np0000188426 devstack@neutron-api.service[102264]: DEBUG ovsdbapp.backend.ovs_idl [None req-3bd89b80-398b-4436-9fcd-52ef5760d28d None None] Created schema index Load_Balancer_Group.name {{(pid=102264) autocreate_indices /opt/stack/data/venv/lib/python3.12/site-packages/ovsdbapp/backend/ovs_idl/__init__.py:106}}
Aug 11 05:46:08.025436 np0000188426 devstack@neutron-api.service[102264]: DEBUG ovsdbapp.backend.ovs_idl [None req-3bd89b80-398b-4436-9fcd-52ef5760d28d None None] Created schema index HA_Chassis_Group.name {{(pid=102264) autocreate_indices /opt/stack/data/venv/lib/python3.12/site-packages/ovsdbapp/backend/ovs_idl/__init__.py:106}}
Aug 11 05:46:08.025522 np0000188426 devstack@neutron-api.service[102264]: DEBUG ovsdbapp.backend.ovs_idl [None req-3bd89b80-398b-4436-9fcd-52ef5760d28d None None] Created schema index Address_Set.name {{(pid=102264) autocreate_indices /opt/stack/data/venv/lib/python3.12/site-packages/ovsdbapp/backend/ovs_idl/__init__.py:106}}
Aug 11 05:46:08.025640 np0000188426 devstack@neutron-api.service[102264]: DEBUG ovsdbapp.backend.ovs_idl [None req-3bd89b80-398b-4436-9fcd-52ef5760d28d None None] Created schema index Connection.target {{(pid=102264) autocreate_indices /opt/stack/data/venv/lib/python3.12/site-packages/ovsdbapp/backend/ovs_idl/__init__.py:106}}
Aug 11 05:46:08.025728 np0000188426 devstack@neutron-api.service[102264]: DEBUG ovsdbapp.backend.ovs_idl [None req-3bd89b80-398b-4436-9fcd-52ef5760d28d None None] Created schema index Gateway_Chassis.name {{(pid=102264) autocreate_indices /opt/stack/data/venv/lib/python3.12/site-packages/ovsdbapp/backend/ovs_idl/__init__.py:106}}
Aug 11 05:46:08.025814 np0000188426 devstack@neutron-api.service[102264]: DEBUG ovsdbapp.backend.ovs_idl [None req-3bd89b80-398b-4436-9fcd-52ef5760d28d None None] Created schema index Mirror.name {{(pid=102264) autocreate_indices /opt/stack/data/venv/lib/python3.12/site-packages/ovsdbapp/backend/ovs_idl/__init__.py:106}}
Aug 11 05:46:08.025906 np0000188426 devstack@neutron-api.service[102264]: DEBUG ovsdbapp.backend.ovs_idl [None req-3bd89b80-398b-4436-9fcd-52ef5760d28d None None] Created schema index Chassis_Template_Var.chassis {{(pid=102264) autocreate_indices /opt/stack/data/venv/lib/python3.12/site-packages/ovsdbapp/backend/ovs_idl/__init__.py:106}}
Aug 11 05:46:08.026070 np0000188426 devstack@neutron-api.service[102264]: DEBUG ovsdbapp.backend.ovs_idl [None req-3bd89b80-398b-4436-9fcd-52ef5760d28d None None] Created schema index Logical_Router_Port.name {{(pid=102264) autocreate_indices /opt/stack/data/venv/lib/python3.12/site-packages/ovsdbapp/backend/ovs_idl/__init__.py:106}}
Aug 11 05:46:08.026158 np0000188426 devstack@neutron-api.service[102264]: DEBUG ovsdbapp.backend.ovs_idl [None req-3bd89b80-398b-4436-9fcd-52ef5760d28d None None] Created schema index Port_Group.name {{(pid=102264) autocreate_indices /opt/stack/data/venv/lib/python3.12/site-packages/ovsdbapp/backend/ovs_idl/__init__.py:106}}
Aug 11 05:46:08.026246 np0000188426 devstack@neutron-api.service[102264]: DEBUG ovsdbapp.backend.ovs_idl [None req-3bd89b80-398b-4436-9fcd-52ef5760d28d None None] Created schema index Logical_Switch_Port.name {{(pid=102264) autocreate_indices /opt/stack/data/venv/lib/python3.12/site-packages/ovsdbapp/backend/ovs_idl/__init__.py:106}}
Aug 11 05:46:08.028864 np0000188426 devstack@neutron-api.service[102264]: INFO ovsdbapp.backend.ovs_idl.vlog [None req-3bd89b80-398b-4436-9fcd-52ef5760d28d None None] ssl:199.204.45.210:6641: connecting...
Aug 11 05:46:08.035570 np0000188426 devstack@neutron-api.service[102264]: INFO ovsdbapp.backend.ovs_idl.vlog [None req-3bd89b80-398b-4436-9fcd-52ef5760d28d None None] ssl:199.204.45.210:6641: connected
Aug 11 05:46:08.067795 np0000188426 devstack@neutron-api.service[102264]: DEBUG neutron.common.ovn.hash_ring_manager [None req-3bd89b80-398b-4436-9fcd-52ef5760d28d None None] Disallow caching, nodes 1<4 {{(pid=102264) _wait_startup_before_caching /opt/stack/neutron/neutron/common/ovn/hash_ring_manager.py:79}}
Aug 11 05:46:08.073813 np0000188426 devstack@neutron-api.service[102264]: DEBUG neutron.common.ovn.hash_ring_manager [None req-3bd89b80-398b-4436-9fcd-52ef5760d28d None None] Hash Ring loaded. 1 active nodes. 0 offline nodes {{(pid=102264) _load_hash_ring /opt/stack/neutron/neutron/common/ovn/hash_ring_manager.py:110}}
Aug 11 05:46:08.074043 np0000188426 devstack@neutron-api.service[102264]: DEBUG neutron.plugins.ml2.drivers.ovn.mech_driver.ovsdb.ovsdb_monitor [None req-3bd89b80-398b-4436-9fcd-52ef5760d28d None None] Hash Ring: Node 398b988ed2df5a73a0c7683a0a4fa1d7 (host: np0000188426) handling event "create" for row 3c8dea38-a769-4088-badc-3cff64a9fade (table: ACL) {{(pid=102264) notify /opt/stack/neutron/neutron/plugins/ml2/drivers/ovn/mech_driver/ovsdb/ovsdb_monitor.py:1099}}
Aug 11 05:46:08.080729 np0000188426 devstack@neutron-api.service[102264]: DEBUG neutron.common.ovn.hash_ring_manager [None req-3bd89b80-398b-4436-9fcd-52ef5760d28d None None] Hash Ring loaded. 1 active nodes. 0 offline nodes {{(pid=102264) _load_hash_ring /opt/stack/neutron/neutron/common/ovn/hash_ring_manager.py:110}}
Aug 11 05:46:08.080841 np0000188426 devstack@neutron-api.service[102264]: DEBUG neutron.plugins.ml2.drivers.ovn.mech_driver.ovsdb.ovsdb_monitor [None req-3bd89b80-398b-4436-9fcd-52ef5760d28d None None] Hash Ring: Node 398b988ed2df5a73a0c7683a0a4fa1d7 (host: np0000188426) handling event "create" for row c9d2a9ad-6eee-4c43-9fcb-1a747a8c3638 (table: ACL) {{(pid=102264) notify /opt/stack/neutron/neutron/plugins/ml2/drivers/ovn/mech_driver/ovsdb/ovsdb_monitor.py:1099}}
Aug 11 05:46:08.086089 np0000188426 devstack@neutron-api.service[102264]: DEBUG neutron.common.ovn.hash_ring_manager [None req-3bd89b80-398b-4436-9fcd-52ef5760d28d None None] Hash Ring loaded. 1 active nodes. 0 offline nodes {{(pid=102264) _load_hash_ring /opt/stack/neutron/neutron/common/ovn/hash_ring_manager.py:110}}
Aug 11 05:46:08.086217 np0000188426 devstack@neutron-api.service[102264]: DEBUG neutron.plugins.ml2.drivers.ovn.mech_driver.ovsdb.ovsdb_monitor [None req-3bd89b80-398b-4436-9fcd-52ef5760d28d None None] Hash Ring: Node 398b988ed2df5a73a0c7683a0a4fa1d7 (host: np0000188426) handling event "create" for row 7d51afbc-b2dd-4c09-9e8d-5be86c9b1bed (table: Connection) {{(pid=102264) notify /opt/stack/neutron/neutron/plugins/ml2/drivers/ovn/mech_driver/ovsdb/ovsdb_monitor.py:1099}}
Aug 11 05:46:08.091113 np0000188426 devstack@neutron-api.service[102264]: DEBUG neutron.common.ovn.hash_ring_manager [None req-3bd89b80-398b-4436-9fcd-52ef5760d28d None None] Hash Ring loaded. 1 active nodes. 0 offline nodes {{(pid=102264) _load_hash_ring /opt/stack/neutron/neutron/common/ovn/hash_ring_manager.py:110}}
Aug 11 05:46:08.091247 np0000188426 devstack@neutron-api.service[102264]: DEBUG neutron.plugins.ml2.drivers.ovn.mech_driver.ovsdb.ovsdb_monitor [None req-3bd89b80-398b-4436-9fcd-52ef5760d28d None None] Hash Ring: Node 398b988ed2df5a73a0c7683a0a4fa1d7 (host: np0000188426) handling event "create" for row f5a2a9ed-4d61-43a2-8a20-4c0c96dc691e (table: NB_Global) {{(pid=102264) notify /opt/stack/neutron/neutron/plugins/ml2/drivers/ovn/mech_driver/ovsdb/ovsdb_monitor.py:1099}}
Aug 11 05:46:08.096198 np0000188426 devstack@neutron-api.service[102264]: DEBUG neutron.common.ovn.hash_ring_manager [None req-3bd89b80-398b-4436-9fcd-52ef5760d28d None None] Hash Ring loaded. 1 active nodes. 0 offline nodes {{(pid=102264) _load_hash_ring /opt/stack/neutron/neutron/common/ovn/hash_ring_manager.py:110}}
Aug 11 05:46:08.096334 np0000188426 devstack@neutron-api.service[102264]: DEBUG neutron.plugins.ml2.drivers.ovn.mech_driver.ovsdb.ovsdb_monitor [None req-3bd89b80-398b-4436-9fcd-52ef5760d28d None None] Hash Ring: Node 398b988ed2df5a73a0c7683a0a4fa1d7 (host: np0000188426) handling event "create" for row 2f567197-6c31-482f-b3fb-cd5d69049b3a (table: Port_Group) {{(pid=102264) notify /opt/stack/neutron/neutron/plugins/ml2/drivers/ovn/mech_driver/ovsdb/ovsdb_monitor.py:1099}}
Aug 11 05:46:08.101014 np0000188426 devstack@neutron-api.service[102264]: DEBUG neutron.common.ovn.hash_ring_manager [None req-3bd89b80-398b-4436-9fcd-52ef5760d28d None None] Hash Ring loaded. 1 active nodes. 0 offline nodes {{(pid=102264) _load_hash_ring /opt/stack/neutron/neutron/common/ovn/hash_ring_manager.py:110}}
Aug 11 05:46:08.101153 np0000188426 devstack@neutron-api.service[102264]: DEBUG neutron.plugins.ml2.drivers.ovn.mech_driver.ovsdb.ovsdb_monitor [None req-3bd89b80-398b-4436-9fcd-52ef5760d28d None None] Hash Ring: Node 398b988ed2df5a73a0c7683a0a4fa1d7 (host: np0000188426) handling event "create" for row caa988aa-6497-45ab-b35b-b81490692e83 (table: SSL) {{(pid=102264) notify /opt/stack/neutron/neutron/plugins/ml2/drivers/ovn/mech_driver/ovsdb/ovsdb_monitor.py:1099}}
Aug 11 05:46:08.102468 np0000188426 devstack@neutron-api.service[102264]: INFO neutron.plugins.ml2.drivers.ovn.mech_driver.ovsdb.impl_idl_ovn [None req-3bd89b80-398b-4436-9fcd-52ef5760d28d None None] Getting OvsdbSbOvnIdl for WorkerService with retry
Aug 11 05:46:08.134684 np0000188426 devstack@neutron-api.service[102264]: DEBUG ovsdbapp.backend.ovs_idl [None req-3bd89b80-398b-4436-9fcd-52ef5760d28d None None] Created lookup_table index Chassis.name {{(pid=102264) autocreate_indices /opt/stack/data/venv/lib/python3.12/site-packages/ovsdbapp/backend/ovs_idl/__init__.py:87}}
Aug 11 05:46:08.134778 np0000188426 devstack@neutron-api.service[102264]: DEBUG ovsdbapp.backend.ovs_idl [None req-3bd89b80-398b-4436-9fcd-52ef5760d28d None None] Created lookup_table index Port_Binding.logical_port {{(pid=102264) autocreate_indices /opt/stack/data/venv/lib/python3.12/site-packages/ovsdbapp/backend/ovs_idl/__init__.py:87}}
Aug 11 05:46:08.134871 np0000188426 devstack@neutron-api.service[102264]: DEBUG ovsdbapp.backend.ovs_idl [None req-3bd89b80-398b-4436-9fcd-52ef5760d28d None None] Created schema index Chassis_Private.name {{(pid=102264) autocreate_indices /opt/stack/data/venv/lib/python3.12/site-packages/ovsdbapp/backend/ovs_idl/__init__.py:106}}
Aug 11 05:46:08.134964 np0000188426 devstack@neutron-api.service[102264]: DEBUG ovsdbapp.backend.ovs_idl [None req-3bd89b80-398b-4436-9fcd-52ef5760d28d None None] Created schema index Datapath_Binding.tunnel_key {{(pid=102264) autocreate_indices /opt/stack/data/venv/lib/python3.12/site-packages/ovsdbapp/backend/ovs_idl/__init__.py:106}}
Aug 11 05:46:08.136785 np0000188426 devstack@neutron-api.service[102264]: INFO ovsdbapp.backend.ovs_idl.vlog [None req-3bd89b80-398b-4436-9fcd-52ef5760d28d None None] ssl:199.204.45.210:6642: connecting...
Aug 11 05:46:08.141449 np0000188426 devstack@neutron-api.service[102264]: INFO ovsdbapp.backend.ovs_idl.vlog [None req-3bd89b80-398b-4436-9fcd-52ef5760d28d None None] ssl:199.204.45.210:6642: connected
Aug 11 05:46:08.166731 np0000188426 devstack@neutron-api.service[102264]: DEBUG neutron.common.ovn.hash_ring_manager [None req-3bd89b80-398b-4436-9fcd-52ef5760d28d None None] Disallow caching, nodes 1<4 {{(pid=102264) _wait_startup_before_caching /opt/stack/neutron/neutron/common/ovn/hash_ring_manager.py:79}}
Aug 11 05:46:08.170407 np0000188426 devstack@neutron-api.service[102264]: DEBUG neutron.common.ovn.hash_ring_manager [None req-3bd89b80-398b-4436-9fcd-52ef5760d28d None None] Hash Ring loaded. 1 active nodes. 0 offline nodes {{(pid=102264) _load_hash_ring /opt/stack/neutron/neutron/common/ovn/hash_ring_manager.py:110}}
Aug 11 05:46:08.170407 np0000188426 devstack@neutron-api.service[102264]: DEBUG neutron.plugins.ml2.drivers.ovn.mech_driver.ovsdb.ovsdb_monitor [None req-3bd89b80-398b-4436-9fcd-52ef5760d28d None None] Hash Ring: Node 398b988ed2df5a73a0c7683a0a4fa1d7 (host: np0000188426) handling event "create" for row 746e5cde-d36c-4c7e-b98b-4e441b125334 (table: Chassis) {{(pid=102264) notify /opt/stack/neutron/neutron/plugins/ml2/drivers/ovn/mech_driver/ovsdb/ovsdb_monitor.py:1099}}
Aug 11 05:46:08.171167 np0000188426 devstack@neutron-api.service[102264]: DEBUG ovsdbapp.backend.ovs_idl.event [None req-3bd89b80-398b-4436-9fcd-52ef5760d28d None None] Matched CREATE: ChassisBandwidthConfigEvent(events=('create', 'update'), table='Chassis', conditions=None, old_conditions=None), priority=20 to row=Chassis(uuid=746e5cde-d36c-4c7e-b98b-4e441b125334, encaps=[18466cfc-b495-4095-9392-c476a9872133], external_ids={}, hostname='np0000188426', name='8b6c18c2-786b-4ed6-b321-d39d811c83bd', nb_cfg=0, other_config={'ct-commit-nat-v2': 'true', 'ct-commit-to-zone': 'true', 'ct-next-zone': 'true', 'ct-no-masked-label': 'true', 'ct-state-save': 'true', 'datapath-type': 'system', 'fdb-timestamp': 'true', 'iface-types': 'afxdp,afxdp-nonpmd,bareudp,erspan,geneve,gre,gtpu,internal,ip6erspan,ip6gre,lisp,patch,srv6,stt,system,tap,vxlan', 'is-interconn': 'false', 'ls-dpg-column': 'true', 'mac-binding-timestamp': 'true', 'ovn-bridge-mappings': 'public:br-ex', 'ovn-chassis-mac-mappings': '', 'ovn-cms-options': 'enable-chassis-as-gw', 'ovn-ct-lb-related': 'true', 'ovn-enable-lflow-cache': 'true', 'ovn-limit-lflow-cache': '', 'ovn-memlimit-lflow-cache-kb': '', 'ovn-monitor-all': 'false', 'ovn-trim-limit-lflow-cache': '', 'ovn-trim-timeout-ms': '', 'ovn-trim-wmark-perc-lflow-cache': '', 'port-up-notif': 'true'}, transport_zones=[], vtep_logical_switches=[]) old= {{(pid=102264) matches /opt/stack/data/venv/lib/python3.12/site-packages/ovsdbapp/backend/ovs_idl/event.py:55}}
Aug 11 05:46:08.171856 np0000188426 devstack@neutron-api.service[102264]: DEBUG ovsdbapp.backend.ovs_idl.event [None req-3bd89b80-398b-4436-9fcd-52ef5760d28d None None] Matched CREATE: ChassisAgentWriteEvent(events=('create', 'update'), table='Chassis_Private', conditions=None, old_conditions=None), priority=20 to row=Chassis_Private(uuid=32e61a6d-1b19-4471-80b5-e4c075569ccf, chassis=746e5cde-d36c-4c7e-b98b-4e441b125334, external_ids={'neutron:ovn-bridge': 'br-int', 'neutron:ovn-neutron-agent-id': '7266b79d-b5db-501a-8ae3-92e5fa9496b4', 'neutron:ovn-neutron-agent-sb-cfg': '0'}, name='8b6c18c2-786b-4ed6-b321-d39d811c83bd', nb_cfg=0, nb_cfg_timestamp=0) old= {{(pid=102264) matches /opt/stack/data/venv/lib/python3.12/site-packages/ovsdbapp/backend/ovs_idl/event.py:55}}
Aug 11 05:46:08.172213 np0000188426 devstack@neutron-api.service[102264]: DEBUG ovsdbapp.backend.ovs_idl.event [None req-3bd89b80-398b-4436-9fcd-52ef5760d28d None None] Matched CREATE: ChassisOVNAgentWriteEvent(events=('create', 'update'), table='Chassis_Private', conditions=None, old_conditions=None), priority=20 to row=Chassis_Private(uuid=32e61a6d-1b19-4471-80b5-e4c075569ccf, chassis=746e5cde-d36c-4c7e-b98b-4e441b125334, external_ids={'neutron:ovn-bridge': 'br-int', 'neutron:ovn-neutron-agent-id': '7266b79d-b5db-501a-8ae3-92e5fa9496b4', 'neutron:ovn-neutron-agent-sb-cfg': '0'}, name='8b6c18c2-786b-4ed6-b321-d39d811c83bd', nb_cfg=0, nb_cfg_timestamp=0) old= {{(pid=102264) matches /opt/stack/data/venv/lib/python3.12/site-packages/ovsdbapp/backend/ovs_idl/event.py:55}}
Aug 11 05:46:08.177784 np0000188426 devstack@neutron-api.service[102264]: DEBUG neutron.common.ovn.hash_ring_manager [None req-3bd89b80-398b-4436-9fcd-52ef5760d28d None None] Hash Ring loaded. 1 active nodes. 0 offline nodes {{(pid=102264) _load_hash_ring /opt/stack/neutron/neutron/common/ovn/hash_ring_manager.py:110}}
Aug 11 05:46:08.177867 np0000188426 devstack@neutron-api.service[102264]: DEBUG neutron.plugins.ml2.drivers.ovn.mech_driver.ovsdb.ovsdb_monitor [None req-3bd89b80-398b-4436-9fcd-52ef5760d28d None None] Hash Ring: Node 398b988ed2df5a73a0c7683a0a4fa1d7 (host: np0000188426) handling event "create" for row 32e61a6d-1b19-4471-80b5-e4c075569ccf (table: Chassis_Private) {{(pid=102264) notify /opt/stack/neutron/neutron/plugins/ml2/drivers/ovn/mech_driver/ovsdb/ovsdb_monitor.py:1099}}
Aug 11 05:46:08.182705 np0000188426 devstack@neutron-api.service[102264]: DEBUG neutron.common.ovn.hash_ring_manager [None req-3bd89b80-398b-4436-9fcd-52ef5760d28d None None] Hash Ring loaded. 1 active nodes. 0 offline nodes {{(pid=102264) _load_hash_ring /opt/stack/neutron/neutron/common/ovn/hash_ring_manager.py:110}}
Aug 11 05:46:08.182834 np0000188426 devstack@neutron-api.service[102264]: DEBUG neutron.plugins.ml2.drivers.ovn.mech_driver.ovsdb.ovsdb_monitor [None req-3bd89b80-398b-4436-9fcd-52ef5760d28d None None] Hash Ring: Node 398b988ed2df5a73a0c7683a0a4fa1d7 (host: np0000188426) handling event "create" for row 18466cfc-b495-4095-9392-c476a9872133 (table: Encap) {{(pid=102264) notify /opt/stack/neutron/neutron/plugins/ml2/drivers/ovn/mech_driver/ovsdb/ovsdb_monitor.py:1099}}
Aug 11 05:46:08.184045 np0000188426 devstack@neutron-api.service[102264]: INFO neutron.plugins.ml2.drivers.ovn.mech_driver.mech_driver [None req-3bd89b80-398b-4436-9fcd-52ef5760d28d None None] WorkerService process has finished the post initialization
Aug 11 05:46:08.184352 np0000188426 devstack@neutron-api.service[102264]: DEBUG oslo_concurrency.processutils [None req-3bd89b80-398b-4436-9fcd-52ef5760d28d None None] Running cmd (subprocess): ovsdb-client transact ssl:199.204.45.210:6641 --timeout 180 -p /opt/stack/data/CA/int-ca/private/devstack-cert.key -c /opt/stack/data/CA/int-ca/devstack-cert.crt -C /opt/stack/data/CA/int-ca/ca-chain.pem ["OVN_Northbound", {"op": "wait", "timeout": 0, "table": "Port_Group", "where": [["name", "==", "pvlan_pg_drop"]], "until": "==", "rows": []}, {"op": "insert", "table": "ACL", "row": {"action": "drop", "direction": "to-lport", "match": "outport == @pvlan_pg_drop && ip", "priority": 1010}, "uuid-name": "pvlandroptoport"}, {"op": "insert", "table": "ACL", "row": {"action": "drop", "direction": "from-lport", "match": "inport == @pvlan_pg_drop && ip", "priority": 1010}, "uuid-name": "pvlandropfromport"}, {"op": "insert", "table": "Port_Group", "row": {"name": "pvlan_pg_drop", "acls": ["set", [["named-uuid", "pvlandroptoport"], ["named-uuid", "pvlandropfromport"]]]}}] {{(pid=102264) execute /opt/stack/data/venv/lib/python3.12/site-packages/oslo_concurrency/processutils.py:440}}
Aug 11 05:46:08.185185 np0000188426 devstack@neutron-api.service[102264]: INFO neutron.plugins.ml2.drivers.ovn.mech_driver.ovsdb.extensions.qos [-] Starting OVNClientQosExtension
Aug 11 05:46:08.193905 np0000188426 devstack@neutron-api.service[102264]: INFO neutron.plugins.ml2.drivers.ovn.mech_driver.ovsdb.extensions.placement [-] Starting OVNClientPlacementExtension
Aug 11 05:46:08.226001 np0000188426 devstack@neutron-api.service[102264]: DEBUG oslo_concurrency.processutils [None req-3bd89b80-398b-4436-9fcd-52ef5760d28d None None] CMD "ovsdb-client transact ssl:199.204.45.210:6641 --timeout 180 -p /opt/stack/data/CA/int-ca/private/devstack-cert.key -c /opt/stack/data/CA/int-ca/devstack-cert.crt -C /opt/stack/data/CA/int-ca/ca-chain.pem ["OVN_Northbound", {"op": "wait", "timeout": 0, "table": "Port_Group", "where": [["name", "==", "pvlan_pg_drop"]], "until": "==", "rows": []}, {"op": "insert", "table": "ACL", "row": {"action": "drop", "direction": "to-lport", "match": "outport == @pvlan_pg_drop && ip", "priority": 1010}, "uuid-name": "pvlandroptoport"}, {"op": "insert", "table": "ACL", "row": {"action": "drop", "direction": "from-lport", "match": "inport == @pvlan_pg_drop && ip", "priority": 1010}, "uuid-name": "pvlandropfromport"}, {"op": "insert", "table": "Port_Group", "row": {"name": "pvlan_pg_drop", "acls": ["set", [["named-uuid", "pvlandroptoport"], ["named-uuid", "pvlandropfromport"]]]}}]" returned: 0 in 0.041s {{(pid=102264) execute /opt/stack/data/venv/lib/python3.12/site-packages/oslo_concurrency/processutils.py:468}}
Aug 11 05:46:08.235219 np0000188426 devstack@neutron-api.service[102264]: WSGI app 0 (mountpoint='') ready in 7 seconds on interpreter 0x71ead80a4668 pid: 102264 (default app)
Aug 11 05:46:08.241290 np0000188426 devstack@neutron-api.service[102264]: DEBUG neutron.common.ovn.hash_ring_manager [-] Hash Ring loaded. 1 active nodes. 0 offline nodes {{(pid=102264) _load_hash_ring /opt/stack/neutron/neutron/common/ovn/hash_ring_manager.py:110}}
Aug 11 05:46:08.241621 np0000188426 devstack@neutron-api.service[102264]: DEBUG neutron.plugins.ml2.drivers.ovn.mech_driver.ovsdb.ovsdb_monitor [-] Hash Ring: Node 398b988ed2df5a73a0c7683a0a4fa1d7 (host: np0000188426) handling event "create" for row 4ad1d08d-152a-45e6-b6c6-bea39c88975d (table: ACL) {{(pid=102264) notify /opt/stack/neutron/neutron/plugins/ml2/drivers/ovn/mech_driver/ovsdb/ovsdb_monitor.py:1099}}
Aug 11 05:46:08.252100 np0000188426 devstack@neutron-api.service[102264]: DEBUG neutron.common.ovn.hash_ring_manager [-] Hash Ring loaded. 1 active nodes. 0 offline nodes {{(pid=102264) _load_hash_ring /opt/stack/neutron/neutron/common/ovn/hash_ring_manager.py:110}}
Aug 11 05:46:08.252264 np0000188426 devstack@neutron-api.service[102264]: DEBUG neutron.plugins.ml2.drivers.ovn.mech_driver.ovsdb.ovsdb_monitor [-] Hash Ring: Node 398b988ed2df5a73a0c7683a0a4fa1d7 (host: np0000188426) handling event "create" for row db192367-e747-4bea-9bb0-a3316d0d82ba (table: ACL) {{(pid=102264) notify /opt/stack/neutron/neutron/plugins/ml2/drivers/ovn/mech_driver/ovsdb/ovsdb_monitor.py:1099}}
Aug 11 05:46:08.259310 np0000188426 devstack@neutron-api.service[102264]: DEBUG neutron.common.ovn.hash_ring_manager [-] Hash Ring loaded. 1 active nodes. 0 offline nodes {{(pid=102264) _load_hash_ring /opt/stack/neutron/neutron/common/ovn/hash_ring_manager.py:110}}
Aug 11 05:46:08.259573 np0000188426 devstack@neutron-api.service[102264]: DEBUG neutron.plugins.ml2.drivers.ovn.mech_driver.ovsdb.ovsdb_monitor [-] Hash Ring: Node 398b988ed2df5a73a0c7683a0a4fa1d7 (host: np0000188426) handling event "create" for row 819835fd-006b-4141-a479-c68cc01fdc2f (table: Port_Group) {{(pid=102264) notify /opt/stack/neutron/neutron/plugins/ml2/drivers/ovn/mech_driver/ovsdb/ovsdb_monitor.py:1099}}
Aug 11 05:46:08.322853 np0000188426 devstack@neutron-api.service[102266]: INFO neutron.plugins.ml2.managers [None req-0f654268-f4be-4ef6-a21b-65dd9783a5f4 None None] Initializing driver for type 'local'
Aug 11 05:46:08.323193 np0000188426 devstack@neutron-api.service[102266]: INFO neutron.plugins.ml2.managers [None req-0f654268-f4be-4ef6-a21b-65dd9783a5f4 None None] Initializing driver for type 'vlan'
Aug 11 05:46:08.328191 np0000188426 devstack@neutron-api.service[102267]: INFO neutron.plugins.ml2.managers [None req-9b7b324c-1344-4594-8a13-7d4d4bd34402 None None] Initializing driver for type 'local'
Aug 11 05:46:08.328446 np0000188426 devstack@neutron-api.service[102267]: INFO neutron.plugins.ml2.managers [None req-9b7b324c-1344-4594-8a13-7d4d4bd34402 None None] Initializing driver for type 'vlan'
Aug 11 05:46:08.337521 np0000188426 devstack@neutron-api.service[102265]: INFO neutron.plugins.ml2.managers [None req-80cd422f-ddea-4cde-8888-51c20006f80b None None] Initializing driver for type 'local'
Aug 11 05:46:08.337775 np0000188426 devstack@neutron-api.service[102265]: INFO neutron.plugins.ml2.managers [None req-80cd422f-ddea-4cde-8888-51c20006f80b None None] Initializing driver for type 'vlan'
Aug 11 05:46:08.621190 np0000188426 devstack@neutron-api.service[102266]: INFO neutron.plugins.ml2.drivers.type_vlan [None req-0f654268-f4be-4ef6-a21b-65dd9783a5f4 None None] VlanTypeDriver initialization complete
Aug 11 05:46:08.621190 np0000188426 devstack@neutron-api.service[102266]: INFO neutron.plugins.ml2.managers [None req-0f654268-f4be-4ef6-a21b-65dd9783a5f4 None None] Initializing extension driver 'port_security'
Aug 11 05:46:08.621190 np0000188426 devstack@neutron-api.service[102266]: INFO neutron.plugins.ml2.extensions.port_security [None req-0f654268-f4be-4ef6-a21b-65dd9783a5f4 None None] PortSecurityExtensionDriver initialization complete
Aug 11 05:46:08.621190 np0000188426 devstack@neutron-api.service[102266]: INFO neutron.plugins.ml2.managers [None req-0f654268-f4be-4ef6-a21b-65dd9783a5f4 None None] Initializing extension driver 'qos'
Aug 11 05:46:08.621190 np0000188426 devstack@neutron-api.service[102266]: DEBUG neutron.plugins.ml2.extensions.qos [None req-0f654268-f4be-4ef6-a21b-65dd9783a5f4 None None] QosExtensionDriver initialization complete {{(pid=102266) initialize /opt/stack/neutron/neutron/plugins/ml2/extensions/qos.py:31}}
Aug 11 05:46:08.621190 np0000188426 devstack@neutron-api.service[102266]: INFO neutron.plugins.ml2.managers [None req-0f654268-f4be-4ef6-a21b-65dd9783a5f4 None None] Initializing mechanism driver 'ovn'
Aug 11 05:46:08.621190 np0000188426 devstack@neutron-api.service[102266]: INFO neutron.plugins.ml2.drivers.ovn.mech_driver.mech_driver [None req-0f654268-f4be-4ef6-a21b-65dd9783a5f4 None None] Starting OVNMechanismDriver
Aug 11 05:46:08.622908 np0000188426 devstack@neutron-api.service[102264]: DEBUG neutron.common.ovn.hash_ring_manager [-] Hash Ring loaded. 1 active nodes. 0 offline nodes {{(pid=102264) _load_hash_ring /opt/stack/neutron/neutron/common/ovn/hash_ring_manager.py:110}}
Aug 11 05:46:08.622908 np0000188426 devstack@neutron-api.service[102264]: DEBUG neutron.plugins.ml2.drivers.ovn.mech_driver.ovsdb.ovsdb_monitor [-] Hash Ring: Node 398b988ed2df5a73a0c7683a0a4fa1d7 (host: np0000188426) handling event "update" for row 7d51afbc-b2dd-4c09-9e8d-5be86c9b1bed (table: Connection) {{(pid=102264) notify /opt/stack/neutron/neutron/plugins/ml2/drivers/ovn/mech_driver/ovsdb/ovsdb_monitor.py:1099}}
Aug 11 05:46:08.623758 np0000188426 devstack@neutron-api.service[102266]: DEBUG neutron_lib.callbacks.manager [None req-0f654268-f4be-4ef6-a21b-65dd9783a5f4 None None] Subscribe: > process before_spawn 55550000, False {{(pid=102266) subscribe /opt/stack/data/venv/lib/python3.12/site-packages/neutron_lib/callbacks/manager.py:52}}
Aug 11 05:46:08.623758 np0000188426 devstack@neutron-api.service[102266]: DEBUG neutron_lib.callbacks.manager [None req-0f654268-f4be-4ef6-a21b-65dd9783a5f4 None None] Subscribe: > process after_init 55550000, True {{(pid=102266) subscribe /opt/stack/data/venv/lib/python3.12/site-packages/neutron_lib/callbacks/manager.py:52}}
Aug 11 05:46:08.623758 np0000188426 devstack@neutron-api.service[102266]: DEBUG neutron_lib.callbacks.manager [None req-0f654268-f4be-4ef6-a21b-65dd9783a5f4 None None] Subscribe: > segment after_create 55550000, False {{(pid=102266) subscribe /opt/stack/data/venv/lib/python3.12/site-packages/neutron_lib/callbacks/manager.py:52}}
Aug 11 05:46:08.623758 np0000188426 devstack@neutron-api.service[102266]: DEBUG neutron_lib.callbacks.manager [None req-0f654268-f4be-4ef6-a21b-65dd9783a5f4 None None] Subscribe: > segment after_create 55550000, False {{(pid=102266) subscribe /opt/stack/data/venv/lib/python3.12/site-packages/neutron_lib/callbacks/manager.py:52}}
Aug 11 05:46:08.625300 np0000188426 devstack@neutron-api.service[102266]: DEBUG neutron_lib.callbacks.manager [None req-0f654268-f4be-4ef6-a21b-65dd9783a5f4 None None] Subscribe: > segment after_delete 55550000, False {{(pid=102266) subscribe /opt/stack/data/venv/lib/python3.12/site-packages/neutron_lib/callbacks/manager.py:52}}
Aug 11 05:46:08.625300 np0000188426 devstack@neutron-api.service[102266]: DEBUG neutron_lib.callbacks.manager [None req-0f654268-f4be-4ef6-a21b-65dd9783a5f4 None None] Subscribe: > allowed_address_pair before_create 55550000, False {{(pid=102266) subscribe /opt/stack/data/venv/lib/python3.12/site-packages/neutron_lib/callbacks/manager.py:52}}
Aug 11 05:46:08.625300 np0000188426 devstack@neutron-api.service[102266]: DEBUG neutron_lib.callbacks.manager [None req-0f654268-f4be-4ef6-a21b-65dd9783a5f4 None None] Subscribe: > security_group precommit_create 55550000, False {{(pid=102266) subscribe /opt/stack/data/venv/lib/python3.12/site-packages/neutron_lib/callbacks/manager.py:52}}
Aug 11 05:46:08.625300 np0000188426 devstack@neutron-api.service[102266]: DEBUG neutron_lib.callbacks.manager [None req-0f654268-f4be-4ef6-a21b-65dd9783a5f4 None None] Subscribe: > security_group after_update 55550000, False {{(pid=102266) subscribe /opt/stack/data/venv/lib/python3.12/site-packages/neutron_lib/callbacks/manager.py:52}}
Aug 11 05:46:08.626004 np0000188426 devstack@neutron-api.service[102266]: DEBUG neutron_lib.callbacks.manager [None req-0f654268-f4be-4ef6-a21b-65dd9783a5f4 None None] Subscribe: > security_group after_create 55550000, False {{(pid=102266) subscribe /opt/stack/data/venv/lib/python3.12/site-packages/neutron_lib/callbacks/manager.py:52}}
Aug 11 05:46:08.626429 np0000188426 devstack@neutron-api.service[102265]: INFO neutron.plugins.ml2.drivers.type_vlan [None req-80cd422f-ddea-4cde-8888-51c20006f80b None None] VlanTypeDriver initialization complete
Aug 11 05:46:08.626916 np0000188426 devstack@neutron-api.service[102266]: DEBUG neutron_lib.callbacks.manager [None req-0f654268-f4be-4ef6-a21b-65dd9783a5f4 None None] Subscribe: > security_group precommit_delete 55550000, False {{(pid=102266) subscribe /opt/stack/data/venv/lib/python3.12/site-packages/neutron_lib/callbacks/manager.py:52}}
Aug 11 05:46:08.626916 np0000188426 devstack@neutron-api.service[102266]: DEBUG neutron_lib.callbacks.manager [None req-0f654268-f4be-4ef6-a21b-65dd9783a5f4 None None] Subscribe: > security_group after_delete 55550000, False {{(pid=102266) subscribe /opt/stack/data/venv/lib/python3.12/site-packages/neutron_lib/callbacks/manager.py:52}}
Aug 11 05:46:08.627677 np0000188426 devstack@neutron-api.service[102265]: INFO neutron.plugins.ml2.managers [None req-80cd422f-ddea-4cde-8888-51c20006f80b None None] Initializing extension driver 'port_security'
Aug 11 05:46:08.628166 np0000188426 devstack@neutron-api.service[102266]: DEBUG neutron_lib.callbacks.manager [None req-0f654268-f4be-4ef6-a21b-65dd9783a5f4 None None] Subscribe: > security_group_rule precommit_create 55550000, False {{(pid=102266) subscribe /opt/stack/data/venv/lib/python3.12/site-packages/neutron_lib/callbacks/manager.py:52}}
Aug 11 05:46:08.628166 np0000188426 devstack@neutron-api.service[102266]: DEBUG neutron_lib.callbacks.manager [None req-0f654268-f4be-4ef6-a21b-65dd9783a5f4 None None] Subscribe: > security_group_rule after_create 55550000, False {{(pid=102266) subscribe /opt/stack/data/venv/lib/python3.12/site-packages/neutron_lib/callbacks/manager.py:52}}
Aug 11 05:46:08.628444 np0000188426 devstack@neutron-api.service[102265]: INFO neutron.plugins.ml2.extensions.port_security [None req-80cd422f-ddea-4cde-8888-51c20006f80b None None] PortSecurityExtensionDriver initialization complete
Aug 11 05:46:08.628729 np0000188426 devstack@neutron-api.service[102266]: DEBUG neutron_lib.callbacks.manager [None req-0f654268-f4be-4ef6-a21b-65dd9783a5f4 None None] Subscribe: > security_group_rule before_delete 55550000, False {{(pid=102266) subscribe /opt/stack/data/venv/lib/python3.12/site-packages/neutron_lib/callbacks/manager.py:52}}
Aug 11 05:46:08.629011 np0000188426 devstack@neutron-api.service[102265]: INFO neutron.plugins.ml2.managers [None req-80cd422f-ddea-4cde-8888-51c20006f80b None None] Initializing extension driver 'qos'
Aug 11 05:46:08.629272 np0000188426 devstack@neutron-api.service[102266]: DEBUG neutron_lib.callbacks.manager [None req-0f654268-f4be-4ef6-a21b-65dd9783a5f4 None None] Subscribe: > address_group after_create 55550000, False {{(pid=102266) subscribe /opt/stack/data/venv/lib/python3.12/site-packages/neutron_lib/callbacks/manager.py:52}}
Aug 11 05:46:08.629539 np0000188426 devstack@neutron-api.service[102265]: DEBUG neutron.plugins.ml2.extensions.qos [None req-80cd422f-ddea-4cde-8888-51c20006f80b None None] QosExtensionDriver initialization complete {{(pid=102265) initialize /opt/stack/neutron/neutron/plugins/ml2/extensions/qos.py:31}}
Aug 11 05:46:08.631105 np0000188426 devstack@neutron-api.service[102266]: DEBUG neutron_lib.callbacks.manager [None req-0f654268-f4be-4ef6-a21b-65dd9783a5f4 None None] Subscribe: > address_group after_update 55550000, False {{(pid=102266) subscribe /opt/stack/data/venv/lib/python3.12/site-packages/neutron_lib/callbacks/manager.py:52}}
Aug 11 05:46:08.631105 np0000188426 devstack@neutron-api.service[102266]: DEBUG neutron_lib.callbacks.manager [None req-0f654268-f4be-4ef6-a21b-65dd9783a5f4 None None] Subscribe: > address_group after_delete 55550000, False {{(pid=102266) subscribe /opt/stack/data/venv/lib/python3.12/site-packages/neutron_lib/callbacks/manager.py:52}}
Aug 11 05:46:08.631621 np0000188426 devstack@neutron-api.service[102265]: INFO neutron.plugins.ml2.managers [None req-80cd422f-ddea-4cde-8888-51c20006f80b None None] Initializing mechanism driver 'ovn'
Aug 11 05:46:08.631621 np0000188426 devstack@neutron-api.service[102265]: INFO neutron.plugins.ml2.drivers.ovn.mech_driver.mech_driver [None req-80cd422f-ddea-4cde-8888-51c20006f80b None None] Starting OVNMechanismDriver
Aug 11 05:46:08.632036 np0000188426 devstack@neutron-api.service[102266]: DEBUG neutron_lib.callbacks.manager [None req-0f654268-f4be-4ef6-a21b-65dd9783a5f4 None None] Subscribe: > qos_plugin after_init 55550000, False {{(pid=102266) subscribe /opt/stack/data/venv/lib/python3.12/site-packages/neutron_lib/callbacks/manager.py:52}}
Aug 11 05:46:08.632036 np0000188426 devstack@neutron-api.service[102266]: DEBUG neutron_lib.callbacks.manager [None req-0f654268-f4be-4ef6-a21b-65dd9783a5f4 None None] Subscribe: > trunk_plugin after_init 55550000, False {{(pid=102266) subscribe /opt/stack/data/venv/lib/python3.12/site-packages/neutron_lib/callbacks/manager.py:52}}
Aug 11 05:46:08.632036 np0000188426 devstack@neutron-api.service[102266]: DEBUG neutron_lib.callbacks.manager [None req-0f654268-f4be-4ef6-a21b-65dd9783a5f4 None None] Subscribe: > logging-plugin after_init 55550000, False {{(pid=102266) subscribe /opt/stack/data/venv/lib/python3.12/site-packages/neutron_lib/callbacks/manager.py:52}}
Aug 11 05:46:08.632036 np0000188426 devstack@neutron-api.service[102266]: INFO neutron.services.logapi.drivers.ovn.driver [None req-0f654268-f4be-4ef6-a21b-65dd9783a5f4 None None] OVN logging driver registered
Aug 11 05:46:08.632036 np0000188426 devstack@neutron-api.service[102266]: DEBUG neutron_lib.callbacks.manager [None req-0f654268-f4be-4ef6-a21b-65dd9783a5f4 None None] Subscribe: ._register_pvlan_driver at 0x71ead0167240> pvlan_plugin before_spawn 55550000, False {{(pid=102266) subscribe /opt/stack/data/venv/lib/python3.12/site-packages/neutron_lib/callbacks/manager.py:52}}
Aug 11 05:46:08.632369 np0000188426 devstack@neutron-api.service[102267]: INFO neutron.plugins.ml2.drivers.type_vlan [None req-9b7b324c-1344-4594-8a13-7d4d4bd34402 None None] VlanTypeDriver initialization complete
Aug 11 05:46:08.632809 np0000188426 devstack@neutron-api.service[102266]: DEBUG neutron_lib.callbacks.manager [None req-0f654268-f4be-4ef6-a21b-65dd9783a5f4 None None] Subscribe: process after_init 55550000, False {{(pid=102266) subscribe /opt/stack/data/venv/lib/python3.12/site-packages/neutron_lib/callbacks/manager.py:52}}
Aug 11 05:46:08.633072 np0000188426 devstack@neutron-api.service[102267]: INFO neutron.plugins.ml2.managers [None req-9b7b324c-1344-4594-8a13-7d4d4bd34402 None None] Initializing extension driver 'port_security'
Aug 11 05:46:08.633072 np0000188426 devstack@neutron-api.service[102267]: INFO neutron.plugins.ml2.extensions.port_security [None req-9b7b324c-1344-4594-8a13-7d4d4bd34402 None None] PortSecurityExtensionDriver initialization complete
Aug 11 05:46:08.633072 np0000188426 devstack@neutron-api.service[102267]: INFO neutron.plugins.ml2.managers [None req-9b7b324c-1344-4594-8a13-7d4d4bd34402 None None] Initializing extension driver 'qos'
Aug 11 05:46:08.633072 np0000188426 devstack@neutron-api.service[102267]: DEBUG neutron.plugins.ml2.extensions.qos [None req-9b7b324c-1344-4594-8a13-7d4d4bd34402 None None] QosExtensionDriver initialization complete {{(pid=102267) initialize /opt/stack/neutron/neutron/plugins/ml2/extensions/qos.py:31}}
Aug 11 05:46:08.633072 np0000188426 devstack@neutron-api.service[102267]: INFO neutron.plugins.ml2.managers [None req-9b7b324c-1344-4594-8a13-7d4d4bd34402 None None] Initializing mechanism driver 'ovn'
Aug 11 05:46:08.633072 np0000188426 devstack@neutron-api.service[102267]: INFO neutron.plugins.ml2.drivers.ovn.mech_driver.mech_driver [None req-9b7b324c-1344-4594-8a13-7d4d4bd34402 None None] Starting OVNMechanismDriver
Aug 11 05:46:08.633439 np0000188426 devstack@neutron-api.service[102266]: DEBUG neutron.plugins.ml2.plugin [None req-0f654268-f4be-4ef6-a21b-65dd9783a5f4 None None] neutron.plugins.ml2.plugin.Ml2Plugin method _start_rpc_notifiers called with arguments () {} {{(pid=102266) wrapper /opt/stack/data/venv/lib/python3.12/site-packages/oslo_log/helpers.py:77}}
Aug 11 05:46:08.633797 np0000188426 devstack@neutron-api.service[102265]: DEBUG neutron_lib.callbacks.manager [None req-80cd422f-ddea-4cde-8888-51c20006f80b None None] Subscribe: > process before_spawn 55550000, False {{(pid=102265) subscribe /opt/stack/data/venv/lib/python3.12/site-packages/neutron_lib/callbacks/manager.py:52}}
Aug 11 05:46:08.634071 np0000188426 devstack@neutron-api.service[102266]: DEBUG neutron_lib.callbacks.manager [None req-0f654268-f4be-4ef6-a21b-65dd9783a5f4 None None] Subscribe: > port after_create 55550000, False {{(pid=102266) subscribe /opt/stack/data/venv/lib/python3.12/site-packages/neutron_lib/callbacks/manager.py:52}}
Aug 11 05:46:08.634071 np0000188426 devstack@neutron-api.service[102266]: DEBUG neutron_lib.callbacks.manager [None req-0f654268-f4be-4ef6-a21b-65dd9783a5f4 None None] Subscribe: > port after_update 55550000, False {{(pid=102266) subscribe /opt/stack/data/venv/lib/python3.12/site-packages/neutron_lib/callbacks/manager.py:52}}
Aug 11 05:46:08.634362 np0000188426 devstack@neutron-api.service[102265]: DEBUG neutron_lib.callbacks.manager [None req-80cd422f-ddea-4cde-8888-51c20006f80b None None] Subscribe: > process after_init 55550000, True {{(pid=102265) subscribe /opt/stack/data/venv/lib/python3.12/site-packages/neutron_lib/callbacks/manager.py:52}}
Aug 11 05:46:08.636564 np0000188426 devstack@neutron-api.service[102266]: DEBUG neutron_lib.callbacks.manager [None req-0f654268-f4be-4ef6-a21b-65dd9783a5f4 None None] Subscribe: > port after_delete 55550000, False {{(pid=102266) subscribe /opt/stack/data/venv/lib/python3.12/site-packages/neutron_lib/callbacks/manager.py:52}}
Aug 11 05:46:08.637085 np0000188426 devstack@neutron-api.service[102267]: DEBUG neutron_lib.callbacks.manager [None req-9b7b324c-1344-4594-8a13-7d4d4bd34402 None None] Subscribe: > process before_spawn 55550000, False {{(pid=102267) subscribe /opt/stack/data/venv/lib/python3.12/site-packages/neutron_lib/callbacks/manager.py:52}}
Aug 11 05:46:08.637603 np0000188426 devstack@neutron-api.service[102265]: DEBUG neutron_lib.callbacks.manager [None req-80cd422f-ddea-4cde-8888-51c20006f80b None None] Subscribe: > segment after_create 55550000, False {{(pid=102265) subscribe /opt/stack/data/venv/lib/python3.12/site-packages/neutron_lib/callbacks/manager.py:52}}
Aug 11 05:46:08.637851 np0000188426 devstack@neutron-api.service[102266]: DEBUG neutron_lib.callbacks.manager [None req-0f654268-f4be-4ef6-a21b-65dd9783a5f4 None None] Subscribe: > subnet after_create 55550000, False {{(pid=102266) subscribe /opt/stack/data/venv/lib/python3.12/site-packages/neutron_lib/callbacks/manager.py:52}}
Aug 11 05:46:08.638170 np0000188426 devstack@neutron-api.service[102267]: DEBUG neutron_lib.callbacks.manager [None req-9b7b324c-1344-4594-8a13-7d4d4bd34402 None None] Subscribe: > process after_init 55550000, True {{(pid=102267) subscribe /opt/stack/data/venv/lib/python3.12/site-packages/neutron_lib/callbacks/manager.py:52}}
Aug 11 05:46:08.638276 np0000188426 devstack@neutron-api.service[102266]: DEBUG neutron_lib.callbacks.manager [None req-0f654268-f4be-4ef6-a21b-65dd9783a5f4 None None] Subscribe: > subnet after_update 55550000, False {{(pid=102266) subscribe /opt/stack/data/venv/lib/python3.12/site-packages/neutron_lib/callbacks/manager.py:52}}
Aug 11 05:46:08.638562 np0000188426 devstack@neutron-api.service[102265]: DEBUG neutron_lib.callbacks.manager [None req-80cd422f-ddea-4cde-8888-51c20006f80b None None] Subscribe: > segment after_create 55550000, False {{(pid=102265) subscribe /opt/stack/data/venv/lib/python3.12/site-packages/neutron_lib/callbacks/manager.py:52}}
Aug 11 05:46:08.638827 np0000188426 devstack@neutron-api.service[102267]: DEBUG neutron_lib.callbacks.manager [None req-9b7b324c-1344-4594-8a13-7d4d4bd34402 None None] Subscribe: > segment after_create 55550000, False {{(pid=102267) subscribe /opt/stack/data/venv/lib/python3.12/site-packages/neutron_lib/callbacks/manager.py:52}}
Aug 11 05:46:08.638936 np0000188426 devstack@neutron-api.service[102266]: DEBUG neutron_lib.callbacks.manager [None req-0f654268-f4be-4ef6-a21b-65dd9783a5f4 None None] Subscribe: > subnet after_delete 55550000, False {{(pid=102266) subscribe /opt/stack/data/venv/lib/python3.12/site-packages/neutron_lib/callbacks/manager.py:52}}
Aug 11 05:46:08.639132 np0000188426 devstack@neutron-api.service[102265]: DEBUG neutron_lib.callbacks.manager [None req-80cd422f-ddea-4cde-8888-51c20006f80b None None] Subscribe: > segment after_delete 55550000, False {{(pid=102265) subscribe /opt/stack/data/venv/lib/python3.12/site-packages/neutron_lib/callbacks/manager.py:52}}
Aug 11 05:46:08.639298 np0000188426 devstack@neutron-api.service[102267]: DEBUG neutron_lib.callbacks.manager [None req-9b7b324c-1344-4594-8a13-7d4d4bd34402 None None] Subscribe: > segment after_create 55550000, False {{(pid=102267) subscribe /opt/stack/data/venv/lib/python3.12/site-packages/neutron_lib/callbacks/manager.py:52}}
Aug 11 05:46:08.639401 np0000188426 devstack@neutron-api.service[102266]: DEBUG neutron_lib.callbacks.manager [None req-0f654268-f4be-4ef6-a21b-65dd9783a5f4 None None] Subscribe: > network after_create 55550000, False {{(pid=102266) subscribe /opt/stack/data/venv/lib/python3.12/site-packages/neutron_lib/callbacks/manager.py:52}}
Aug 11 05:46:08.640492 np0000188426 devstack@neutron-api.service[102267]: DEBUG neutron_lib.callbacks.manager [None req-9b7b324c-1344-4594-8a13-7d4d4bd34402 None None] Subscribe: > segment after_delete 55550000, False {{(pid=102267) subscribe /opt/stack/data/venv/lib/python3.12/site-packages/neutron_lib/callbacks/manager.py:52}}
Aug 11 05:46:08.641142 np0000188426 devstack@neutron-api.service[102265]: DEBUG neutron_lib.callbacks.manager [None req-80cd422f-ddea-4cde-8888-51c20006f80b None None] Subscribe: > allowed_address_pair before_create 55550000, False {{(pid=102265) subscribe /opt/stack/data/venv/lib/python3.12/site-packages/neutron_lib/callbacks/manager.py:52}}
Aug 11 05:46:08.641893 np0000188426 devstack@neutron-api.service[102267]: DEBUG neutron_lib.callbacks.manager [None req-9b7b324c-1344-4594-8a13-7d4d4bd34402 None None] Subscribe: > allowed_address_pair before_create 55550000, False {{(pid=102267) subscribe /opt/stack/data/venv/lib/python3.12/site-packages/neutron_lib/callbacks/manager.py:52}}
Aug 11 05:46:08.642603 np0000188426 devstack@neutron-api.service[102266]: DEBUG neutron_lib.callbacks.manager [None req-0f654268-f4be-4ef6-a21b-65dd9783a5f4 None None] Subscribe: > network after_update 55550000, False {{(pid=102266) subscribe /opt/stack/data/venv/lib/python3.12/site-packages/neutron_lib/callbacks/manager.py:52}}
Aug 11 05:46:08.642910 np0000188426 devstack@neutron-api.service[102265]: DEBUG neutron_lib.callbacks.manager [None req-80cd422f-ddea-4cde-8888-51c20006f80b None None] Subscribe: > security_group precommit_create 55550000, False {{(pid=102265) subscribe /opt/stack/data/venv/lib/python3.12/site-packages/neutron_lib/callbacks/manager.py:52}}
Aug 11 05:46:08.643153 np0000188426 devstack@neutron-api.service[102267]: DEBUG neutron_lib.callbacks.manager [None req-9b7b324c-1344-4594-8a13-7d4d4bd34402 None None] Subscribe: > security_group precommit_create 55550000, False {{(pid=102267) subscribe /opt/stack/data/venv/lib/python3.12/site-packages/neutron_lib/callbacks/manager.py:52}}
Aug 11 05:46:08.643808 np0000188426 devstack@neutron-api.service[102266]: DEBUG neutron_lib.callbacks.manager [None req-0f654268-f4be-4ef6-a21b-65dd9783a5f4 None None] Subscribe: > network after_delete 55550000, False {{(pid=102266) subscribe /opt/stack/data/venv/lib/python3.12/site-packages/neutron_lib/callbacks/manager.py:52}}
Aug 11 05:46:08.644315 np0000188426 devstack@neutron-api.service[102267]: DEBUG neutron_lib.callbacks.manager [None req-9b7b324c-1344-4594-8a13-7d4d4bd34402 None None] Subscribe: > security_group after_update 55550000, False {{(pid=102267) subscribe /opt/stack/data/venv/lib/python3.12/site-packages/neutron_lib/callbacks/manager.py:52}}
Aug 11 05:46:08.644605 np0000188426 devstack@neutron-api.service[102265]: DEBUG neutron_lib.callbacks.manager [None req-80cd422f-ddea-4cde-8888-51c20006f80b None None] Subscribe: > security_group after_update 55550000, False {{(pid=102265) subscribe /opt/stack/data/venv/lib/python3.12/site-packages/neutron_lib/callbacks/manager.py:52}}
Aug 11 05:46:08.644854 np0000188426 devstack@neutron-api.service[102266]: DEBUG neutron_lib.callbacks.manager [None req-0f654268-f4be-4ef6-a21b-65dd9783a5f4 None None] Subscribe: > security_group after_create 55550000, False {{(pid=102266) subscribe /opt/stack/data/venv/lib/python3.12/site-packages/neutron_lib/callbacks/manager.py:52}}
Aug 11 05:46:08.645098 np0000188426 devstack@neutron-api.service[102267]: DEBUG neutron_lib.callbacks.manager [None req-9b7b324c-1344-4594-8a13-7d4d4bd34402 None None] Subscribe: > security_group after_create 55550000, False {{(pid=102267) subscribe /opt/stack/data/venv/lib/python3.12/site-packages/neutron_lib/callbacks/manager.py:52}}
Aug 11 05:46:08.645333 np0000188426 devstack@neutron-api.service[102266]: DEBUG neutron_lib.callbacks.manager [None req-0f654268-f4be-4ef6-a21b-65dd9783a5f4 None None] Subscribe: > security_group after_update 55550000, False {{(pid=102266) subscribe /opt/stack/data/venv/lib/python3.12/site-packages/neutron_lib/callbacks/manager.py:52}}
Aug 11 05:46:08.645620 np0000188426 devstack@neutron-api.service[102265]: DEBUG neutron_lib.callbacks.manager [None req-80cd422f-ddea-4cde-8888-51c20006f80b None None] Subscribe: > security_group after_create 55550000, False {{(pid=102265) subscribe /opt/stack/data/venv/lib/python3.12/site-packages/neutron_lib/callbacks/manager.py:52}}
Aug 11 05:46:08.645885 np0000188426 devstack@neutron-api.service[102267]: DEBUG neutron_lib.callbacks.manager [None req-9b7b324c-1344-4594-8a13-7d4d4bd34402 None None] Subscribe: > security_group precommit_delete 55550000, False {{(pid=102267) subscribe /opt/stack/data/venv/lib/python3.12/site-packages/neutron_lib/callbacks/manager.py:52}}
Aug 11 05:46:08.646136 np0000188426 devstack@neutron-api.service[102266]: DEBUG neutron_lib.callbacks.manager [None req-0f654268-f4be-4ef6-a21b-65dd9783a5f4 None None] Subscribe: > security_group after_delete 55550000, False {{(pid=102266) subscribe /opt/stack/data/venv/lib/python3.12/site-packages/neutron_lib/callbacks/manager.py:52}}
Aug 11 05:46:08.646553 np0000188426 devstack@neutron-api.service[102265]: DEBUG neutron_lib.callbacks.manager [None req-80cd422f-ddea-4cde-8888-51c20006f80b None None] Subscribe: > security_group precommit_delete 55550000, False {{(pid=102265) subscribe /opt/stack/data/venv/lib/python3.12/site-packages/neutron_lib/callbacks/manager.py:52}}
Aug 11 05:46:08.646915 np0000188426 devstack@neutron-api.service[102267]: DEBUG neutron_lib.callbacks.manager [None req-9b7b324c-1344-4594-8a13-7d4d4bd34402 None None] Subscribe: > security_group after_delete 55550000, False {{(pid=102267) subscribe /opt/stack/data/venv/lib/python3.12/site-packages/neutron_lib/callbacks/manager.py:52}}
Aug 11 05:46:08.647179 np0000188426 devstack@neutron-api.service[102266]: DEBUG neutron_lib.callbacks.manager [None req-0f654268-f4be-4ef6-a21b-65dd9783a5f4 None None] Subscribe: > security_group_rule after_create 55550000, False {{(pid=102266) subscribe /opt/stack/data/venv/lib/python3.12/site-packages/neutron_lib/callbacks/manager.py:52}}
Aug 11 05:46:08.647629 np0000188426 devstack@neutron-api.service[102267]: DEBUG neutron_lib.callbacks.manager [None req-9b7b324c-1344-4594-8a13-7d4d4bd34402 None None] Subscribe: > security_group_rule precommit_create 55550000, False {{(pid=102267) subscribe /opt/stack/data/venv/lib/python3.12/site-packages/neutron_lib/callbacks/manager.py:52}}
Aug 11 05:46:08.647918 np0000188426 devstack@neutron-api.service[102266]: DEBUG neutron_lib.callbacks.manager [None req-0f654268-f4be-4ef6-a21b-65dd9783a5f4 None None] Subscribe: > security_group_rule after_update 55550000, False {{(pid=102266) subscribe /opt/stack/data/venv/lib/python3.12/site-packages/neutron_lib/callbacks/manager.py:52}}
Aug 11 05:46:08.648180 np0000188426 devstack@neutron-api.service[102265]: DEBUG neutron_lib.callbacks.manager [None req-80cd422f-ddea-4cde-8888-51c20006f80b None None] Subscribe: > security_group after_delete 55550000, False {{(pid=102265) subscribe /opt/stack/data/venv/lib/python3.12/site-packages/neutron_lib/callbacks/manager.py:52}}
Aug 11 05:46:08.648432 np0000188426 devstack@neutron-api.service[102267]: DEBUG neutron_lib.callbacks.manager [None req-9b7b324c-1344-4594-8a13-7d4d4bd34402 None None] Subscribe: > security_group_rule after_create 55550000, False {{(pid=102267) subscribe /opt/stack/data/venv/lib/python3.12/site-packages/neutron_lib/callbacks/manager.py:52}}
