Apr 14 06:14:32.481931 np0000166094 devstack@neutron-api.service[104180]: DEBUG futurist.periodics [-] Submitting periodic callback 'neutron.plugins.ml2.drivers.ovn.mech_driver.ovsdb.maintenance.HashRingHealthCheckPeriodics.touch_hash_ring_node' {{(pid=104180) _process_scheduled /opt/stack/data/venv/lib/python3.12/site-packages/futurist/periodics.py:784}}
Apr 14 06:14:32.482847 np0000166094 devstack@neutron-api.service[104180]: DEBUG neutron.plugins.ml2.drivers.ovn.mech_driver.ovsdb.maintenance [-] Touching Hash Ring node "763a4e172b0e564fbd736937dbf7d92d" from periodic health check thread {{(pid=104180) touch_hash_ring_node /opt/stack/neutron/neutron/plugins/ml2/drivers/ovn/mech_driver/ovsdb/maintenance.py:1364}}
Apr 14 06:14:32.490027 np0000166094 devstack@neutron-api.service[104179]: DEBUG futurist.periodics [-] Submitting periodic callback 'neutron.plugins.ml2.drivers.ovn.mech_driver.ovsdb.maintenance.HashRingHealthCheckPeriodics.touch_hash_ring_node' {{(pid=104179) _process_scheduled /opt/stack/data/venv/lib/python3.12/site-packages/futurist/periodics.py:784}}
Apr 14 06:14:32.491162 np0000166094 devstack@neutron-api.service[104179]: DEBUG neutron.plugins.ml2.drivers.ovn.mech_driver.ovsdb.maintenance [-] Touching Hash Ring node "2aac4043114f5c1bb655e978491d75dd" from periodic health check thread {{(pid=104179) touch_hash_ring_node /opt/stack/neutron/neutron/plugins/ml2/drivers/ovn/mech_driver/ovsdb/maintenance.py:1364}}
Apr 14 06:14:41.921819 np0000166094 devstack@neutron-api.service[104181]: DEBUG dbcounter [-] [104181] Writing DB stats neutron:UPDATE=1,neutron:SELECT=1 {{(pid=104181) stat_writer /opt/stack/data/venv/lib/python3.12/site-packages/dbcounter.py:115}}
Apr 14 06:14:42.429109 np0000166094 devstack@neutron-api.service[104182]: DEBUG dbcounter [-] [104182] Writing DB stats neutron:UPDATE=1,neutron:SELECT=1 {{(pid=104182) stat_writer /opt/stack/data/venv/lib/python3.12/site-packages/dbcounter.py:115}}
Apr 14 06:14:42.626755 np0000166094 devstack@neutron-api.service[104180]: DEBUG dbcounter [-] [104180] Writing DB stats neutron:UPDATE=1,neutron:SELECT=1 {{(pid=104180) stat_writer /opt/stack/data/venv/lib/python3.12/site-packages/dbcounter.py:115}}
Apr 14 06:14:42.656602 np0000166094 devstack@neutron-api.service[104179]: DEBUG dbcounter [-] [104179] Writing DB stats neutron:UPDATE=1,neutron:SELECT=1 {{(pid=104179) stat_writer /opt/stack/data/venv/lib/python3.12/site-packages/dbcounter.py:115}}
Apr 14 06:14:46.640703 np0000166094 devstack@neutron-api.service[104181]: DEBUG futurist.periodics [-] Submitting periodic callback 'neutron.plugins.ml2.drivers.ovn.mech_driver.ovsdb.maintenance.HashRingHealthCheckPeriodics.touch_hash_ring_node' {{(pid=104181) _process_scheduled /opt/stack/data/venv/lib/python3.12/site-packages/futurist/periodics.py:784}}
Apr 14 06:14:46.641936 np0000166094 devstack@neutron-api.service[104181]: DEBUG neutron.plugins.ml2.drivers.ovn.mech_driver.ovsdb.maintenance [-] Touching Hash Ring node "1720fcc9384a5f57b48d78a00c4604da" from periodic health check thread {{(pid=104181) touch_hash_ring_node /opt/stack/neutron/neutron/plugins/ml2/drivers/ovn/mech_driver/ovsdb/maintenance.py:1364}}
Apr 14 06:14:47.417806 np0000166094 devstack@neutron-api.service[104182]: DEBUG futurist.periodics [-] Submitting periodic callback 'neutron.plugins.ml2.drivers.ovn.mech_driver.ovsdb.maintenance.HashRingHealthCheckPeriodics.touch_hash_ring_node' {{(pid=104182) _process_scheduled /opt/stack/data/venv/lib/python3.12/site-packages/futurist/periodics.py:784}}
Apr 14 06:14:47.419767 np0000166094 devstack@neutron-api.service[104182]: DEBUG neutron.plugins.ml2.drivers.ovn.mech_driver.ovsdb.maintenance [-] Touching Hash Ring node "5a70fb2bad655f72b26bf518437243b2" from periodic health check thread {{(pid=104182) touch_hash_ring_node /opt/stack/neutron/neutron/plugins/ml2/drivers/ovn/mech_driver/ovsdb/maintenance.py:1364}}
Apr 14 06:14:47.483153 np0000166094 devstack@neutron-api.service[104180]: DEBUG futurist.periodics [-] Submitting periodic callback 'neutron.plugins.ml2.drivers.ovn.mech_driver.ovsdb.maintenance.HashRingHealthCheckPeriodics.touch_hash_ring_node' {{(pid=104180) _process_scheduled /opt/stack/data/venv/lib/python3.12/site-packages/futurist/periodics.py:784}}
Apr 14 06:14:47.484118 np0000166094 devstack@neutron-api.service[104180]: DEBUG neutron.plugins.ml2.drivers.ovn.mech_driver.ovsdb.maintenance [-] Touching Hash Ring node "763a4e172b0e564fbd736937dbf7d92d" from periodic health check thread {{(pid=104180) touch_hash_ring_node /opt/stack/neutron/neutron/plugins/ml2/drivers/ovn/mech_driver/ovsdb/maintenance.py:1364}}
Apr 14 06:14:47.491322 np0000166094 devstack@neutron-api.service[104179]: DEBUG futurist.periodics [-] Submitting periodic callback 'neutron.plugins.ml2.drivers.ovn.mech_driver.ovsdb.maintenance.HashRingHealthCheckPeriodics.touch_hash_ring_node' {{(pid=104179) _process_scheduled /opt/stack/data/venv/lib/python3.12/site-packages/futurist/periodics.py:784}}
Apr 14 06:14:47.492364 np0000166094 devstack@neutron-api.service[104179]: DEBUG neutron.plugins.ml2.drivers.ovn.mech_driver.ovsdb.maintenance [-] Touching Hash Ring node "2aac4043114f5c1bb655e978491d75dd" from periodic health check thread {{(pid=104179) touch_hash_ring_node /opt/stack/neutron/neutron/plugins/ml2/drivers/ovn/mech_driver/ovsdb/maintenance.py:1364}}
Apr 14 06:14:50.830426 np0000166094 devstack@neutron-api.service[104180]: /opt/stack/neutron/neutron/extensions/quotasv2.py:134: UserWarning: "--check-limit" parameter is no longer needed since Epoxy (2025.1) release. By default, Neutron quota engine checks the resource usage before updating the limits
Apr 14 06:14:50.830426 np0000166094 devstack@neutron-api.service[104180]: warnings.warn('"--check-limit" parameter is no longer needed '
Apr 14 06:14:50.831047 np0000166094 devstack@neutron-api.service[104180]: DEBUG neutron.api.v2.base [None req-b3a7c206-5222-48f9-aea8-b3466bd2bf43 admin admin] Request body: {'quota': {'security_group': 100}} {{(pid=104180) prepare_request_body /opt/stack/neutron/neutron/api/v2/base.py:729}}
Apr 14 06:14:50.849009 np0000166094 devstack@neutron-api.service[104180]: [pid: 104180|app: 0|req: 22/88] 199.204.45.242 () {68 vars in 1449 bytes} [Tue Apr 14 06:14:50 2026] PUT /networking/v2.0/quotas/91a0b05f27c94ef1885f7735ada09757 => generated 175 bytes in 24 msecs (HTTP/1.1 200) 4 headers in 157 bytes (1 switches on core 0)
Apr 14 06:14:51.116911 np0000166094 devstack@neutron-api.service[104179]: /opt/stack/neutron/neutron/extensions/quotasv2.py:134: UserWarning: "--check-limit" parameter is no longer needed since Epoxy (2025.1) release. By default, Neutron quota engine checks the resource usage before updating the limits
Apr 14 06:14:51.116911 np0000166094 devstack@neutron-api.service[104179]: warnings.warn('"--check-limit" parameter is no longer needed '
Apr 14 06:14:51.117576 np0000166094 devstack@neutron-api.service[104179]: DEBUG neutron.api.v2.base [None req-78e69ff0-eb78-44c7-9d60-d36cfbc10a58 admin admin] Request body: {'quota': {'security_group_rule': 1000}} {{(pid=104179) prepare_request_body /opt/stack/neutron/neutron/api/v2/base.py:729}}
Apr 14 06:14:51.138565 np0000166094 devstack@neutron-api.service[104179]: [pid: 104179|app: 0|req: 22/89] 199.204.45.242 () {68 vars in 1449 bytes} [Tue Apr 14 06:14:51 2026] PUT /networking/v2.0/quotas/91a0b05f27c94ef1885f7735ada09757 => generated 176 bytes in 28 msecs (HTTP/1.1 200) 4 headers in 157 bytes (1 switches on core 0)
Apr 14 06:14:56.652579 np0000166094 devstack@neutron-api.service[104181]: DEBUG dbcounter [-] [104181] Writing DB stats neutron:UPDATE=1,neutron:SELECT=1 {{(pid=104181) stat_writer /opt/stack/data/venv/lib/python3.12/site-packages/dbcounter.py:115}}
Apr 14 06:14:57.431581 np0000166094 devstack@neutron-api.service[104182]: DEBUG dbcounter [-] [104182] Writing DB stats neutron:UPDATE=1,neutron:SELECT=1 {{(pid=104182) stat_writer /opt/stack/data/venv/lib/python3.12/site-packages/dbcounter.py:115}}
Apr 14 06:15:00.848492 np0000166094 devstack@neutron-api.service[104180]: DEBUG dbcounter [-] [104180] Writing DB stats neutron:UPDATE=1,neutron:SELECT=5,neutron:INSERT=1 {{(pid=104180) stat_writer /opt/stack/data/venv/lib/python3.12/site-packages/dbcounter.py:115}}
Apr 14 06:15:01.136838 np0000166094 devstack@neutron-api.service[104179]: DEBUG dbcounter [-] [104179] Writing DB stats neutron:UPDATE=1,neutron:SELECT=5,neutron:INSERT=1 {{(pid=104179) stat_writer /opt/stack/data/venv/lib/python3.12/site-packages/dbcounter.py:115}}
Apr 14 06:15:01.641968 np0000166094 devstack@neutron-api.service[104181]: DEBUG futurist.periodics [-] Submitting periodic callback 'neutron.plugins.ml2.drivers.ovn.mech_driver.ovsdb.maintenance.HashRingHealthCheckPeriodics.touch_hash_ring_node' {{(pid=104181) _process_scheduled /opt/stack/data/venv/lib/python3.12/site-packages/futurist/periodics.py:784}}
Apr 14 06:15:01.643437 np0000166094 devstack@neutron-api.service[104181]: DEBUG neutron.plugins.ml2.drivers.ovn.mech_driver.ovsdb.maintenance [-] Touching Hash Ring node "1720fcc9384a5f57b48d78a00c4604da" from periodic health check thread {{(pid=104181) touch_hash_ring_node /opt/stack/neutron/neutron/plugins/ml2/drivers/ovn/mech_driver/ovsdb/maintenance.py:1364}}
Apr 14 06:15:02.419794 np0000166094 devstack@neutron-api.service[104182]: DEBUG futurist.periodics [-] Submitting periodic callback 'neutron.plugins.ml2.drivers.ovn.mech_driver.ovsdb.maintenance.HashRingHealthCheckPeriodics.touch_hash_ring_node' {{(pid=104182) _process_scheduled /opt/stack/data/venv/lib/python3.12/site-packages/futurist/periodics.py:784}}
Apr 14 06:15:02.420855 np0000166094 devstack@neutron-api.service[104182]: DEBUG neutron.plugins.ml2.drivers.ovn.mech_driver.ovsdb.maintenance [-] Touching Hash Ring node "5a70fb2bad655f72b26bf518437243b2" from periodic health check thread {{(pid=104182) touch_hash_ring_node /opt/stack/neutron/neutron/plugins/ml2/drivers/ovn/mech_driver/ovsdb/maintenance.py:1364}}
Apr 14 06:15:02.484352 np0000166094 devstack@neutron-api.service[104180]: DEBUG futurist.periodics [-] Submitting periodic callback 'neutron.plugins.ml2.drivers.ovn.mech_driver.ovsdb.maintenance.HashRingHealthCheckPeriodics.touch_hash_ring_node' {{(pid=104180) _process_scheduled /opt/stack/data/venv/lib/python3.12/site-packages/futurist/periodics.py:784}}
Apr 14 06:15:02.487326 np0000166094 devstack@neutron-api.service[104180]: DEBUG neutron.plugins.ml2.drivers.ovn.mech_driver.ovsdb.maintenance [-] Touching Hash Ring node "763a4e172b0e564fbd736937dbf7d92d" from periodic health check thread {{(pid=104180) touch_hash_ring_node /opt/stack/neutron/neutron/plugins/ml2/drivers/ovn/mech_driver/ovsdb/maintenance.py:1364}}
Apr 14 06:15:02.492420 np0000166094 devstack@neutron-api.service[104179]: DEBUG futurist.periodics [-] Submitting periodic callback 'neutron.plugins.ml2.drivers.ovn.mech_driver.ovsdb.maintenance.HashRingHealthCheckPeriodics.touch_hash_ring_node' {{(pid=104179) _process_scheduled /opt/stack/data/venv/lib/python3.12/site-packages/futurist/periodics.py:784}}
Apr 14 06:15:02.493062 np0000166094 devstack@neutron-api.service[104179]: DEBUG neutron.plugins.ml2.drivers.ovn.mech_driver.ovsdb.maintenance [-] Touching Hash Ring node "2aac4043114f5c1bb655e978491d75dd" from periodic health check thread {{(pid=104179) touch_hash_ring_node /opt/stack/neutron/neutron/plugins/ml2/drivers/ovn/mech_driver/ovsdb/maintenance.py:1364}}
Apr 14 06:15:05.130193 np0000166094 devstack@neutron-api.service[104181]: DEBUG neutron.pecan_wsgi.hooks.policy_enforcement [None req-0a15d1ab-860c-48ae-b251-9e09ce67a9f8 admin admin] Attributes excluded by policy engine: ['standard_attr_id'] {{(pid=104181) _exclude_attributes_by_policy /opt/stack/neutron/neutron/pecan_wsgi/hooks/policy_enforcement.py:258}}
Apr 14 06:15:05.133005 np0000166094 devstack@neutron-api.service[104181]: DEBUG neutron.pecan_wsgi.hooks.policy_enforcement [None req-0a15d1ab-860c-48ae-b251-9e09ce67a9f8 admin admin] Attributes excluded by policy engine: ['standard_attr_id'] {{(pid=104181) _exclude_attributes_by_policy /opt/stack/neutron/neutron/pecan_wsgi/hooks/policy_enforcement.py:258}}
Apr 14 06:15:05.133763 np0000166094 devstack@neutron-api.service[104181]: [pid: 104181|app: 0|req: 24/90] 199.204.45.242 () {64 vars in 1378 bytes} [Tue Apr 14 06:15:05 2026] GET /networking/v2.0/ports?device_owner=network%3Adistributed => generated 1650 bytes in 94 msecs (HTTP/1.1 200) 4 headers in 158 bytes (1 switches on core 0)
Apr 14 06:15:05.214498 np0000166094 devstack@neutron-api.service[104182]: DEBUG neutron.common.ovn.hash_ring_manager [None req-60a4fd98-8aec-4921-a058-2ae972be2081 None None] Hash Ring loaded. 4 active nodes. 0 offline nodes {{(pid=104182) _load_hash_ring /opt/stack/neutron/neutron/common/ovn/hash_ring_manager.py:102}}
Apr 14 06:15:05.214498 np0000166094 devstack@neutron-api.service[104182]: DEBUG neutron.plugins.ml2.drivers.ovn.mech_driver.ovsdb.ovsdb_monitor [None req-60a4fd98-8aec-4921-a058-2ae972be2081 None None] Hash Ring: Node 5a70fb2bad655f72b26bf518437243b2 (host: np0000166094) handling event "update" for row ee50dee9-0420-4dee-a2df-a0510488d61b (table: Connection) {{(pid=104182) notify /opt/stack/neutron/neutron/plugins/ml2/drivers/ovn/mech_driver/ovsdb/ovsdb_monitor.py:914}}
Apr 14 06:15:05.217716 np0000166094 devstack@neutron-api.service[104179]: DEBUG neutron.common.ovn.hash_ring_manager [None req-fd7f4b2c-c122-448b-8d9b-69e511fd4c62 None None] Hash Ring loaded. 4 active nodes. 0 offline nodes {{(pid=104179) _load_hash_ring /opt/stack/neutron/neutron/common/ovn/hash_ring_manager.py:102}}
Apr 14 06:15:05.218581 np0000166094 devstack@neutron-api.service[104180]: DEBUG neutron.common.ovn.hash_ring_manager [None req-24682070-c4b8-433e-8f96-b799595dfb54 None None] Hash Ring loaded. 4 active nodes. 0 offline nodes {{(pid=104180) _load_hash_ring /opt/stack/neutron/neutron/common/ovn/hash_ring_manager.py:102}}
Apr 14 06:15:05.218878 np0000166094 devstack@neutron-api.service[104181]: DEBUG neutron.common.ovn.hash_ring_manager [None req-0e807be8-8b7f-4057-9665-0230c1fec52a None None] Hash Ring loaded. 4 active nodes. 0 offline nodes {{(pid=104181) _load_hash_ring /opt/stack/neutron/neutron/common/ovn/hash_ring_manager.py:102}}
Apr 14 06:15:07.753490 np0000166094 devstack@neutron-api.service[104182]: DEBUG neutron.plugins.ml2.drivers.ovn.mech_driver.ovsdb.ovsdb_monitor [None req-60a4fd98-8aec-4921-a058-2ae972be2081 None None] Hash Ring: Node 5a70fb2bad655f72b26bf518437243b2 (host: np0000166094) handling event "update" for row ee50dee9-0420-4dee-a2df-a0510488d61b (table: Connection) {{(pid=104182) notify /opt/stack/neutron/neutron/plugins/ml2/drivers/ovn/mech_driver/ovsdb/ovsdb_monitor.py:914}}
Apr 14 06:15:15.213075 np0000166094 devstack@neutron-api.service[104182]: DEBUG dbcounter [-] [104182] Writing DB stats neutron:UPDATE=1,neutron:SELECT=3 {{(pid=104182) stat_writer /opt/stack/data/venv/lib/python3.12/site-packages/dbcounter.py:115}}
Apr 14 06:15:15.215590 np0000166094 devstack@neutron-api.service[104179]: DEBUG dbcounter [-] [104179] Writing DB stats neutron:UPDATE=1,neutron:SELECT=3 {{(pid=104179) stat_writer /opt/stack/data/venv/lib/python3.12/site-packages/dbcounter.py:115}}
Apr 14 06:15:15.217711 np0000166094 devstack@neutron-api.service[104180]: DEBUG dbcounter [-] [104180] Writing DB stats neutron:UPDATE=1,neutron:SELECT=3 {{(pid=104180) stat_writer /opt/stack/data/venv/lib/python3.12/site-packages/dbcounter.py:115}}
Apr 14 06:15:15.218411 np0000166094 devstack@neutron-api.service[104181]: DEBUG dbcounter [-] [104181] Writing DB stats neutron:UPDATE=1,neutron:SELECT=12 {{(pid=104181) stat_writer /opt/stack/data/venv/lib/python3.12/site-packages/dbcounter.py:115}}
Apr 14 06:15:16.499920 np0000166094 devstack@neutron-api.service[104182]: INFO neutron.pecan_wsgi.hooks.translation [None req-d6410290-d603-4923-bfa7-8c6668cb4dd0 admin admin] GET failed (client error): The resource could not be found.
Apr 14 06:15:16.500818 np0000166094 devstack@neutron-api.service[104182]: [pid: 104182|app: 0|req: 23/91] 199.204.45.242 () {64 vars in 1334 bytes} [Tue Apr 14 06:15:16 2026] GET /networking/v2.0/networks/admin_net => generated 111 bytes in 14 msecs (HTTP/1.1 404) 4 headers in 164 bytes (1 switches on core 0)
Apr 14 06:15:16.530574 np0000166094 devstack@neutron-api.service[104180]: [pid: 104180|app: 0|req: 23/92] 199.204.45.242 () {64 vars in 1346 bytes} [Tue Apr 14 06:15:16 2026] GET /networking/v2.0/networks?name=admin_net => generated 15 bytes in 18 msecs (HTTP/1.1 200) 4 headers in 156 bytes (1 switches on core 0)
Apr 14 06:15:16.643799 np0000166094 devstack@neutron-api.service[104181]: DEBUG futurist.periodics [-] Submitting periodic callback 'neutron.plugins.ml2.drivers.ovn.mech_driver.ovsdb.maintenance.HashRingHealthCheckPeriodics.touch_hash_ring_node' {{(pid=104181) _process_scheduled /opt/stack/data/venv/lib/python3.12/site-packages/futurist/periodics.py:784}}
Apr 14 06:15:16.644995 np0000166094 devstack@neutron-api.service[104181]: DEBUG neutron.plugins.ml2.drivers.ovn.mech_driver.ovsdb.maintenance [-] Touching Hash Ring node "1720fcc9384a5f57b48d78a00c4604da" from periodic health check thread {{(pid=104181) touch_hash_ring_node /opt/stack/neutron/neutron/plugins/ml2/drivers/ovn/mech_driver/ovsdb/maintenance.py:1364}}
Apr 14 06:15:16.770945 np0000166094 devstack@neutron-api.service[104179]: DEBUG neutron.api.v2.base [None req-a72596ea-6a1b-4939-9e22-309d3c74558c admin admin] Request body: {'network': {'project_id': 'f5d7aaf6716844c898a0de2898abe75b', 'admin_state_up': True, 'name': 'admin_net'}} {{(pid=104179) prepare_request_body /opt/stack/neutron/neutron/api/v2/base.py:729}}
Apr 14 06:15:16.886110 np0000166094 devstack@neutron-api.service[104179]: DEBUG neutron.pecan_wsgi.hooks.quota_enforcement [None req-a72596ea-6a1b-4939-9e22-309d3c74558c admin admin] Made reservation on behalf of f5d7aaf6716844c898a0de2898abe75b for: {'network': 1} {{(pid=104179) before /opt/stack/neutron/neutron/pecan_wsgi/hooks/quota_enforcement.py:66}}
Apr 14 06:15:16.891155 np0000166094 devstack@neutron-api.service[104179]: DEBUG neutron_lib.callbacks.manager [None req-a72596ea-6a1b-4939-9e22-309d3c74558c admin admin] Publish callbacks ['neutron.plugins.ml2.plugin.SecurityGroupDbMixin._ensure_default_security_group_handler-1987763'] for network (None), before_create {{(pid=104179) _notify_loop /opt/stack/data/venv/lib/python3.12/site-packages/neutron_lib/callbacks/manager.py:184}}
Apr 14 06:15:16.896748 np0000166094 devstack@neutron-api.service[104179]: DEBUG neutron_lib.callbacks.manager [None req-a72596ea-6a1b-4939-9e22-309d3c74558c admin admin] Publish callbacks [] for security_group (None), before_create {{(pid=104179) _notify_loop /opt/stack/data/venv/lib/python3.12/site-packages/neutron_lib/callbacks/manager.py:184}}
Apr 14 06:15:16.946237 np0000166094 devstack@neutron-api.service[104179]: DEBUG neutron_lib.callbacks.manager [None req-a72596ea-6a1b-4939-9e22-309d3c74558c admin admin] Publish callbacks ['neutron.plugins.ml2.drivers.ovn.mech_driver.mech_driver.OVNMechanismDriver._create_security_group_precommit-481241'] for security_group (deb40ab0-1972-4508-bc35-6f53afbb878b), precommit_create {{(pid=104179) _notify_loop /opt/stack/data/venv/lib/python3.12/site-packages/neutron_lib/callbacks/manager.py:184}}
Apr 14 06:15:16.946237 np0000166094 devstack@neutron-api.service[104179]: DEBUG neutron.db.ovn_revision_numbers_db [None req-a72596ea-6a1b-4939-9e22-309d3c74558c admin admin] create_initial_revision uuid=deb40ab0-1972-4508-bc35-6f53afbb878b, type=security_groups, rev=-1 {{(pid=104179) create_initial_revision /opt/stack/neutron/neutron/db/ovn_revision_numbers_db.py:98}}
Apr 14 06:15:16.947500 np0000166094 devstack@neutron-api.service[104179]: DEBUG neutron.db.ovn_revision_numbers_db [None req-a72596ea-6a1b-4939-9e22-309d3c74558c admin admin] create_initial_revision uuid=4d1281cc-8eb2-43fb-9b3b-51ae919ee817, type=security_group_rules, rev=-1 {{(pid=104179) create_initial_revision /opt/stack/neutron/neutron/db/ovn_revision_numbers_db.py:98}}
Apr 14 06:15:16.948503 np0000166094 devstack@neutron-api.service[104179]: DEBUG neutron.db.ovn_revision_numbers_db [None req-a72596ea-6a1b-4939-9e22-309d3c74558c admin admin] create_initial_revision uuid=5c6cef9b-3a7b-41f1-9853-8eabd33899f6, type=security_group_rules, rev=-1 {{(pid=104179) create_initial_revision /opt/stack/neutron/neutron/db/ovn_revision_numbers_db.py:98}}
Apr 14 06:15:16.949479 np0000166094 devstack@neutron-api.service[104179]: DEBUG neutron.db.ovn_revision_numbers_db [None req-a72596ea-6a1b-4939-9e22-309d3c74558c admin admin] create_initial_revision uuid=94f872b8-7297-48e7-b099-4fdfe44ef779, type=security_group_rules, rev=-1 {{(pid=104179) create_initial_revision /opt/stack/neutron/neutron/db/ovn_revision_numbers_db.py:98}}
Apr 14 06:15:16.950511 np0000166094 devstack@neutron-api.service[104179]: DEBUG neutron.db.ovn_revision_numbers_db [None req-a72596ea-6a1b-4939-9e22-309d3c74558c admin admin] create_initial_revision uuid=edded0e5-e0ca-4163-94a3-5e2b3cc9fc1f, type=security_group_rules, rev=-1 {{(pid=104179) create_initial_revision /opt/stack/neutron/neutron/db/ovn_revision_numbers_db.py:98}}
Apr 14 06:15:17.037693 np0000166094 devstack@neutron-api.service[104179]: DEBUG neutron_lib.callbacks.manager [None req-a72596ea-6a1b-4939-9e22-309d3c74558c admin admin] Publish callbacks ['neutron.plugins.ml2.drivers.ovn.mech_driver.mech_driver.OVNMechanismDriver._create_security_group-481251', 'neutron.plugins.ml2.ovo_rpc._ObjectChangeHandler.handle_event-2591354'] for security_group (deb40ab0-1972-4508-bc35-6f53afbb878b), after_create {{(pid=104179) _notify_loop /opt/stack/data/venv/lib/python3.12/site-packages/neutron_lib/callbacks/manager.py:184}}
Apr 14 06:15:17.038844 np0000166094 devstack@neutron-api.service[104179]: DEBUG ovsdbapp.backend.ovs_idl.transaction [None req-fd7f4b2c-c122-448b-8d9b-69e511fd4c62 None None] Running txn n=1 command(idx=0): PgAddCommand(_result=None, name=pg_deb40ab0_1972_4508_bc35_6f53afbb878b, may_exist=False, columns={'acls': [], 'external_ids': {'neutron:security_group_id': 'deb40ab0-1972-4508-bc35-6f53afbb878b'}}) {{(pid=104179) do_commit /opt/stack/data/venv/lib/python3.12/site-packages/ovsdbapp/backend/ovs_idl/transaction.py:89}}
Apr 14 06:15:17.039535 np0000166094 devstack@neutron-api.service[104179]: DEBUG ovsdbapp.backend.ovs_idl.transaction [None req-fd7f4b2c-c122-448b-8d9b-69e511fd4c62 None None] Running txn n=1 command(idx=1): PgAclAddCommand(_result=None, entity=pg_deb40ab0_1972_4508_bc35_6f53afbb878b, direction=to-lport, priority=1002, match=outport == @pg_deb40ab0_1972_4508_bc35_6f53afbb878b && ip6 && ip6.src == $pg_deb40ab0_1972_4508_bc35_6f53afbb878b_ip6, action=allow-related, log=False, may_exist=True, severity=[], name=[], meter=[], external_ids={'neutron:security_group_rule_id': '4d1281cc-8eb2-43fb-9b3b-51ae919ee817'}) {{(pid=104179) do_commit /opt/stack/data/venv/lib/python3.12/site-packages/ovsdbapp/backend/ovs_idl/transaction.py:89}}
Apr 14 06:15:17.040289 np0000166094 devstack@neutron-api.service[104179]: DEBUG ovsdbapp.backend.ovs_idl.transaction [None req-fd7f4b2c-c122-448b-8d9b-69e511fd4c62 None None] Running txn n=1 command(idx=2): PgAclAddCommand(_result=None, entity=pg_deb40ab0_1972_4508_bc35_6f53afbb878b, direction=to-lport, priority=1002, match=outport == @pg_deb40ab0_1972_4508_bc35_6f53afbb878b && ip4 && ip4.src == $pg_deb40ab0_1972_4508_bc35_6f53afbb878b_ip4, action=allow-related, log=False, may_exist=True, severity=[], name=[], meter=[], external_ids={'neutron:security_group_rule_id': '5c6cef9b-3a7b-41f1-9853-8eabd33899f6'}) {{(pid=104179) do_commit /opt/stack/data/venv/lib/python3.12/site-packages/ovsdbapp/backend/ovs_idl/transaction.py:89}}
Apr 14 06:15:17.044637 np0000166094 devstack@neutron-api.service[104179]: DEBUG ovsdbapp.backend.ovs_idl.transaction [None req-fd7f4b2c-c122-448b-8d9b-69e511fd4c62 None None] Running txn n=1 command(idx=3): PgAclAddCommand(_result=None, entity=pg_deb40ab0_1972_4508_bc35_6f53afbb878b, direction=from-lport, priority=1002, match=inport == @pg_deb40ab0_1972_4508_bc35_6f53afbb878b && ip6, action=allow-related, log=False, may_exist=True, severity=[], name=[], meter=[], external_ids={'neutron:security_group_rule_id': '94f872b8-7297-48e7-b099-4fdfe44ef779'}) {{(pid=104179) do_commit /opt/stack/data/venv/lib/python3.12/site-packages/ovsdbapp/backend/ovs_idl/transaction.py:89}}
Apr 14 06:15:17.044637 np0000166094 devstack@neutron-api.service[104179]: DEBUG ovsdbapp.backend.ovs_idl.transaction [None req-fd7f4b2c-c122-448b-8d9b-69e511fd4c62 None None] Running txn n=1 command(idx=4): PgAclAddCommand(_result=None, entity=pg_deb40ab0_1972_4508_bc35_6f53afbb878b, direction=from-lport, priority=1002, match=inport == @pg_deb40ab0_1972_4508_bc35_6f53afbb878b && ip4, action=allow-related, log=False, may_exist=True, severity=[], name=[], meter=[], external_ids={'neutron:security_group_rule_id': 'edded0e5-e0ca-4163-94a3-5e2b3cc9fc1f'}) {{(pid=104179) do_commit /opt/stack/data/venv/lib/python3.12/site-packages/ovsdbapp/backend/ovs_idl/transaction.py:89}}
Apr 14 06:15:17.050942 np0000166094 devstack@neutron-api.service[104182]: DEBUG neutron.plugins.ml2.drivers.ovn.mech_driver.ovsdb.ovsdb_monitor [None req-60a4fd98-8aec-4921-a058-2ae972be2081 None None] Touching Hash Ring node "5a70fb2bad655f72b26bf518437243b2" from IDL notify handler {{(pid=104182) notify /opt/stack/neutron/neutron/plugins/ml2/drivers/ovn/mech_driver/ovsdb/ovsdb_monitor.py:906}}
Apr 14 06:15:17.052112 np0000166094 devstack@neutron-api.service[104181]: DEBUG neutron.plugins.ml2.drivers.ovn.mech_driver.ovsdb.ovsdb_monitor [None req-0e807be8-8b7f-4057-9665-0230c1fec52a None None] Touching Hash Ring node "1720fcc9384a5f57b48d78a00c4604da" from IDL notify handler {{(pid=104181) notify /opt/stack/neutron/neutron/plugins/ml2/drivers/ovn/mech_driver/ovsdb/ovsdb_monitor.py:906}}
Apr 14 06:15:17.052299 np0000166094 devstack@neutron-api.service[104179]: DEBUG neutron.plugins.ml2.drivers.ovn.mech_driver.ovsdb.ovsdb_monitor [None req-fd7f4b2c-c122-448b-8d9b-69e511fd4c62 None None] Touching Hash Ring node "2aac4043114f5c1bb655e978491d75dd" from IDL notify handler {{(pid=104179) notify /opt/stack/neutron/neutron/plugins/ml2/drivers/ovn/mech_driver/ovsdb/ovsdb_monitor.py:906}}
Apr 14 06:15:17.055801 np0000166094 devstack@neutron-api.service[104181]: DEBUG neutron.plugins.ml2.drivers.ovn.mech_driver.ovsdb.ovsdb_monitor [None req-0e807be8-8b7f-4057-9665-0230c1fec52a None None] Hash Ring: Node 1720fcc9384a5f57b48d78a00c4604da (host: np0000166094) handling event "create" for row 205923f9-ebfe-4572-a3eb-0baf4b0ceebf (table: ACL) {{(pid=104181) notify /opt/stack/neutron/neutron/plugins/ml2/drivers/ovn/mech_driver/ovsdb/ovsdb_monitor.py:914}}
Apr 14 06:15:17.056885 np0000166094 devstack@neutron-api.service[104181]: DEBUG neutron.plugins.ml2.drivers.ovn.mech_driver.ovsdb.ovsdb_monitor [None req-0e807be8-8b7f-4057-9665-0230c1fec52a None None] Touching Hash Ring node "1720fcc9384a5f57b48d78a00c4604da" from IDL notify handler {{(pid=104181) notify /opt/stack/neutron/neutron/plugins/ml2/drivers/ovn/mech_driver/ovsdb/ovsdb_monitor.py:906}}
Apr 14 06:15:17.058978 np0000166094 devstack@neutron-api.service[104181]: DEBUG neutron.plugins.ml2.drivers.ovn.mech_driver.ovsdb.ovsdb_monitor [None req-0e807be8-8b7f-4057-9665-0230c1fec52a None None] Hash Ring: Node 1720fcc9384a5f57b48d78a00c4604da (host: np0000166094) handling event "create" for row d6ca98b9-d0bb-4902-92c0-fc5f25c93a15 (table: ACL) {{(pid=104181) notify /opt/stack/neutron/neutron/plugins/ml2/drivers/ovn/mech_driver/ovsdb/ovsdb_monitor.py:914}}
Apr 14 06:15:17.147941 np0000166094 devstack@neutron-api.service[104179]: DEBUG neutron.plugins.ml2.drivers.ovn.mech_driver.ovsdb.ovsdb_monitor [None req-fd7f4b2c-c122-448b-8d9b-69e511fd4c62 None None] Hash Ring: Node 2aac4043114f5c1bb655e978491d75dd (host: np0000166094) handling event "create" for row 2ab63a0a-b8d7-4ac6-a64a-0396baa8d563 (table: ACL) {{(pid=104179) notify /opt/stack/neutron/neutron/plugins/ml2/drivers/ovn/mech_driver/ovsdb/ovsdb_monitor.py:914}}
Apr 14 06:15:17.169268 np0000166094 devstack@neutron-api.service[104182]: DEBUG neutron.plugins.ml2.drivers.ovn.mech_driver.ovsdb.ovsdb_monitor [None req-60a4fd98-8aec-4921-a058-2ae972be2081 None None] Hash Ring: Node 5a70fb2bad655f72b26bf518437243b2 (host: np0000166094) handling event "create" for row 20bae3aa-e1d4-483c-a5ee-4838ae5dcb9b (table: ACL) {{(pid=104182) notify /opt/stack/neutron/neutron/plugins/ml2/drivers/ovn/mech_driver/ovsdb/ovsdb_monitor.py:914}}
Apr 14 06:15:17.171022 np0000166094 devstack@neutron-api.service[104182]: DEBUG neutron.plugins.ml2.drivers.ovn.mech_driver.ovsdb.ovsdb_monitor [None req-60a4fd98-8aec-4921-a058-2ae972be2081 None None] Touching Hash Ring node "5a70fb2bad655f72b26bf518437243b2" from IDL notify handler {{(pid=104182) notify /opt/stack/neutron/neutron/plugins/ml2/drivers/ovn/mech_driver/ovsdb/ovsdb_monitor.py:906}}
Apr 14 06:15:17.173939 np0000166094 devstack@neutron-api.service[104182]: DEBUG neutron.plugins.ml2.drivers.ovn.mech_driver.ovsdb.ovsdb_monitor [None req-60a4fd98-8aec-4921-a058-2ae972be2081 None None] Hash Ring: Node 5a70fb2bad655f72b26bf518437243b2 (host: np0000166094) handling event "create" for row 6671acca-2e56-42de-8952-7bf2bf0791f7 (table: Port_Group) {{(pid=104182) notify /opt/stack/neutron/neutron/plugins/ml2/drivers/ovn/mech_driver/ovsdb/ovsdb_monitor.py:914}}
Apr 14 06:15:17.185317 np0000166094 devstack@neutron-api.service[104179]: INFO neutron.db.ovn_revision_numbers_db [None req-a72596ea-6a1b-4939-9e22-309d3c74558c admin admin] Successfully bumped revision number for resource deb40ab0-1972-4508-bc35-6f53afbb878b (type: security_groups) to 1
Apr 14 06:15:17.356148 np0000166094 devstack@neutron-api.service[104179]: INFO neutron.db.ovn_revision_numbers_db [None req-a72596ea-6a1b-4939-9e22-309d3c74558c admin admin] Successfully bumped revision number for resource 4d1281cc-8eb2-43fb-9b3b-51ae919ee817 (type: security_group_rules) to 0
Apr 14 06:15:17.421157 np0000166094 devstack@neutron-api.service[104182]: DEBUG futurist.periodics [-] Submitting periodic callback 'neutron.plugins.ml2.drivers.ovn.mech_driver.ovsdb.maintenance.HashRingHealthCheckPeriodics.touch_hash_ring_node' {{(pid=104182) _process_scheduled /opt/stack/data/venv/lib/python3.12/site-packages/futurist/periodics.py:784}}
Apr 14 06:15:17.422384 np0000166094 devstack@neutron-api.service[104182]: DEBUG neutron.plugins.ml2.drivers.ovn.mech_driver.ovsdb.maintenance [-] Touching Hash Ring node "5a70fb2bad655f72b26bf518437243b2" from periodic health check thread {{(pid=104182) touch_hash_ring_node /opt/stack/neutron/neutron/plugins/ml2/drivers/ovn/mech_driver/ovsdb/maintenance.py:1364}}
Apr 14 06:15:17.485830 np0000166094 devstack@neutron-api.service[104180]: DEBUG futurist.periodics [-] Submitting periodic callback 'neutron.plugins.ml2.drivers.ovn.mech_driver.ovsdb.maintenance.HashRingHealthCheckPeriodics.touch_hash_ring_node' {{(pid=104180) _process_scheduled /opt/stack/data/venv/lib/python3.12/site-packages/futurist/periodics.py:784}}
Apr 14 06:15:17.487047 np0000166094 devstack@neutron-api.service[104180]: DEBUG neutron.plugins.ml2.drivers.ovn.mech_driver.ovsdb.maintenance [-] Touching Hash Ring node "763a4e172b0e564fbd736937dbf7d92d" from periodic health check thread {{(pid=104180) touch_hash_ring_node /opt/stack/neutron/neutron/plugins/ml2/drivers/ovn/mech_driver/ovsdb/maintenance.py:1364}}
Apr 14 06:15:17.493399 np0000166094 devstack@neutron-api.service[104179]: DEBUG futurist.periodics [-] Submitting periodic callback 'neutron.plugins.ml2.drivers.ovn.mech_driver.ovsdb.maintenance.HashRingHealthCheckPeriodics.touch_hash_ring_node' {{(pid=104179) _process_scheduled /opt/stack/data/venv/lib/python3.12/site-packages/futurist/periodics.py:784}}
Apr 14 06:15:17.494626 np0000166094 devstack@neutron-api.service[104179]: DEBUG neutron.plugins.ml2.drivers.ovn.mech_driver.ovsdb.maintenance [-] Touching Hash Ring node "2aac4043114f5c1bb655e978491d75dd" from periodic health check thread {{(pid=104179) touch_hash_ring_node /opt/stack/neutron/neutron/plugins/ml2/drivers/ovn/mech_driver/ovsdb/maintenance.py:1364}}
Apr 14 06:15:17.520762 np0000166094 devstack@neutron-api.service[104179]: INFO neutron.db.ovn_revision_numbers_db [None req-a72596ea-6a1b-4939-9e22-309d3c74558c admin admin] Successfully bumped revision number for resource 5c6cef9b-3a7b-41f1-9853-8eabd33899f6 (type: security_group_rules) to 0
Apr 14 06:15:17.652080 np0000166094 devstack@neutron-api.service[104179]: INFO neutron.db.ovn_revision_numbers_db [None req-a72596ea-6a1b-4939-9e22-309d3c74558c admin admin] Successfully bumped revision number for resource 94f872b8-7297-48e7-b099-4fdfe44ef779 (type: security_group_rules) to 0
Apr 14 06:15:17.837277 np0000166094 devstack@neutron-api.service[104179]: INFO neutron.db.ovn_revision_numbers_db [None req-a72596ea-6a1b-4939-9e22-309d3c74558c admin admin] Successfully bumped revision number for resource edded0e5-e0ca-4163-94a3-5e2b3cc9fc1f (type: security_group_rules) to 0
Apr 14 06:15:17.861832 np0000166094 devstack@neutron-api.service[104179]: DEBUG neutron.api.rpc.handlers.resources_rpc [None req-a72596ea-6a1b-4939-9e22-309d3c74558c admin admin] Pushing event updated for resources: {'SecurityGroup': ['ID=deb40ab0-1972-4508-bc35-6f53afbb878b,revision_number=1']} {{(pid=104179) push /opt/stack/neutron/neutron/api/rpc/handlers/resources_rpc.py:237}}
Apr 14 06:15:17.867388 np0000166094 devstack@neutron-api.service[104179]: DEBUG ovsdbapp.backend.ovs_idl.transaction [None req-fd7f4b2c-c122-448b-8d9b-69e511fd4c62 None None] Running txn n=1 command(idx=0): CheckLivenessCommand(_result=None) {{(pid=104179) do_commit /opt/stack/data/venv/lib/python3.12/site-packages/ovsdbapp/backend/ovs_idl/transaction.py:89}}
Apr 14 06:15:17.875012 np0000166094 devstack@neutron-api.service[104182]: DEBUG neutron.plugins.ml2.drivers.ovn.mech_driver.ovsdb.ovsdb_monitor [None req-60a4fd98-8aec-4921-a058-2ae972be2081 None None] Touching Hash Ring node "5a70fb2bad655f72b26bf518437243b2" from IDL notify handler {{(pid=104182) notify /opt/stack/neutron/neutron/plugins/ml2/drivers/ovn/mech_driver/ovsdb/ovsdb_monitor.py:906}}
Apr 14 06:15:17.875333 np0000166094 devstack@neutron-api.service[104179]: DEBUG neutron.api.rpc.callbacks.version_manager [None req-a72596ea-6a1b-4939-9e22-309d3c74558c admin admin] Tracked resource versions report:
Apr 14 06:15:17.875333 np0000166094 devstack@neutron-api.service[104179]: pushed versions:
Apr 14 06:15:17.875333 np0000166094 devstack@neutron-api.service[104179]: { 'AddressGroup': {'1.2'},
Apr 14 06:15:17.875333 np0000166094 devstack@neutron-api.service[104179]: 'Agent': {'1.1'},
Apr 14 06:15:17.875333 np0000166094 devstack@neutron-api.service[104179]: 'ConntrackHelper': {'1.0'},
Apr 14 06:15:17.875333 np0000166094 devstack@neutron-api.service[104179]: 'LocalIPAssociation': {'1.0'},
Apr 14 06:15:17.875333 np0000166094 devstack@neutron-api.service[104179]: 'Log': {'1.0'},
Apr 14 06:15:17.875333 np0000166094 devstack@neutron-api.service[104179]: 'NDPProxy': {'1.0'},
Apr 14 06:15:17.875333 np0000166094 devstack@neutron-api.service[104179]: 'Network': {'1.2'},
Apr 14 06:15:17.875333 np0000166094 devstack@neutron-api.service[104179]: 'Port': {'1.10'},
Apr 14 06:15:17.875333 np0000166094 devstack@neutron-api.service[104179]: 'PortForwarding': {'1.3'},
Apr 14 06:15:17.875333 np0000166094 devstack@neutron-api.service[104179]: 'QosPolicy': {'1.10'},
Apr 14 06:15:17.875333 np0000166094 devstack@neutron-api.service[104179]: 'SecurityGroup': {'1.6'},
Apr 14 06:15:17.875333 np0000166094 devstack@neutron-api.service[104179]: 'SecurityGroupRule': {'1.3'},
Apr 14 06:15:17.875333 np0000166094 devstack@neutron-api.service[104179]: 'SubPort': {'1.0'},
Apr 14 06:15:17.875333 np0000166094 devstack@neutron-api.service[104179]: 'Subnet': {'1.2'},
Apr 14 06:15:17.875333 np0000166094 devstack@neutron-api.service[104179]: 'Trunk': {'1.1'}}
Apr 14 06:15:17.875333 np0000166094 devstack@neutron-api.service[104179]: consumer versions:
Apr 14 06:15:17.875333 np0000166094 devstack@neutron-api.service[104179]: { OVN Controller Gateway agent@np0000166094: {},
Apr 14 06:15:17.875333 np0000166094 devstack@neutron-api.service[104179]: OVN Neutron agent@np0000166094: {}}
Apr 14 06:15:17.875333 np0000166094 devstack@neutron-api.service[104179]: {{(pid=104179) report /opt/stack/neutron/neutron/api/rpc/callbacks/version_manager.py:183}}
Apr 14 06:15:17.876405 np0000166094 devstack@neutron-api.service[104181]: DEBUG neutron.plugins.ml2.drivers.ovn.mech_driver.ovsdb.ovsdb_monitor [None req-188a9ad0-4e26-48b7-9ed9-eb5f78b6b77f None None] ChassisAgentWriteEvent : Matched Chassis_Private, update, None None {{(pid=104181) matches /opt/stack/neutron/neutron/plugins/ml2/drivers/ovn/mech_driver/ovsdb/ovsdb_monitor.py:64}}
Apr 14 06:15:17.877100 np0000166094 devstack@neutron-api.service[104180]: DEBUG neutron.plugins.ml2.drivers.ovn.mech_driver.ovsdb.ovsdb_monitor [None req-69d1310c-33e9-46b8-9cd6-7e30ec616a1e None None] ChassisAgentWriteEvent : Matched Chassis_Private, update, None None {{(pid=104180) matches /opt/stack/neutron/neutron/plugins/ml2/drivers/ovn/mech_driver/ovsdb/ovsdb_monitor.py:64}}
Apr 14 06:15:17.877605 np0000166094 devstack@neutron-api.service[104182]: DEBUG neutron.plugins.ml2.drivers.ovn.mech_driver.ovsdb.ovsdb_monitor [None req-bc59a4a3-ee4a-41fa-9fe8-386005efeed2 None None] ChassisAgentWriteEvent : Matched Chassis_Private, update, None None {{(pid=104182) matches /opt/stack/neutron/neutron/plugins/ml2/drivers/ovn/mech_driver/ovsdb/ovsdb_monitor.py:64}}
Apr 14 06:15:17.884721 np0000166094 devstack@neutron-api.service[104181]: DEBUG neutron.common.ovn.hash_ring_manager [None req-188a9ad0-4e26-48b7-9ed9-eb5f78b6b77f None None] Hash Ring loaded. 4 active nodes. 0 offline nodes {{(pid=104181) _load_hash_ring /opt/stack/neutron/neutron/common/ovn/hash_ring_manager.py:102}}
Apr 14 06:15:17.884776 np0000166094 devstack@neutron-api.service[104182]: DEBUG neutron.common.ovn.hash_ring_manager [None req-bc59a4a3-ee4a-41fa-9fe8-386005efeed2 None None] Hash Ring loaded. 4 active nodes. 0 offline nodes {{(pid=104182) _load_hash_ring /opt/stack/neutron/neutron/common/ovn/hash_ring_manager.py:102}}
Apr 14 06:15:17.884877 np0000166094 devstack@neutron-api.service[104181]: DEBUG neutron.plugins.ml2.drivers.ovn.mech_driver.ovsdb.ovsdb_monitor [None req-188a9ad0-4e26-48b7-9ed9-eb5f78b6b77f None None] Hash Ring: Node 1720fcc9384a5f57b48d78a00c4604da (host: np0000166094) handling event "update" for row 000ae2fb-4f8e-48ec-9ca3-ddec1d8bfcea (table: Chassis_Private) {{(pid=104181) notify /opt/stack/neutron/neutron/plugins/ml2/drivers/ovn/mech_driver/ovsdb/ovsdb_monitor.py:914}}
Apr 14 06:15:17.885920 np0000166094 devstack@neutron-api.service[104180]: DEBUG neutron.common.ovn.hash_ring_manager [None req-69d1310c-33e9-46b8-9cd6-7e30ec616a1e None None] Hash Ring loaded. 4 active nodes. 0 offline nodes {{(pid=104180) _load_hash_ring /opt/stack/neutron/neutron/common/ovn/hash_ring_manager.py:102}}
Apr 14 06:15:17.888958 np0000166094 devstack@neutron-api.service[104179]: DEBUG neutron.plugins.ml2.drivers.ovn.mech_driver.ovsdb.ovsdb_monitor [None req-355fb4d5-ea91-41f0-8a13-3cdeb76a85df None None] ChassisAgentWriteEvent : Matched Chassis_Private, update, None None {{(pid=104179) matches /opt/stack/neutron/neutron/plugins/ml2/drivers/ovn/mech_driver/ovsdb/ovsdb_monitor.py:64}}
Apr 14 06:15:17.894907 np0000166094 devstack@neutron-api.service[104179]: DEBUG neutron.common.ovn.hash_ring_manager [None req-355fb4d5-ea91-41f0-8a13-3cdeb76a85df None None] Hash Ring loaded. 4 active nodes. 0 offline nodes {{(pid=104179) _load_hash_ring /opt/stack/neutron/neutron/common/ovn/hash_ring_manager.py:102}}
Apr 14 06:15:17.926834 np0000166094 devstack@neutron-api.service[104179]: DEBUG neutron.plugins.ml2.drivers.helpers [None req-a72596ea-6a1b-4939-9e22-309d3c74558c admin admin] geneve segment allocate from pool success with {'geneve_vni': 39242} {{(pid=104179) allocate_partially_specified_segment /opt/stack/neutron/neutron/plugins/ml2/drivers/helpers.py:142}}
Apr 14 06:15:17.928181 np0000166094 devstack@neutron-api.service[104179]: DEBUG neutron_lib.callbacks.manager [None req-a72596ea-6a1b-4939-9e22-309d3c74558c admin admin] Publish callbacks ['neutron.services.segments.db._add_segment_host_mapping_for_segment-8444319426040', 'neutron.plugins.ml2.plugin.Ml2Plugin._handle_segment_change-1181503'] for segment (e2ac1171-16d9-437e-9be1-d7e8faaaab37), precommit_create {{(pid=104179) _notify_loop /opt/stack/data/venv/lib/python3.12/site-packages/neutron_lib/callbacks/manager.py:184}}
Apr 14 06:15:17.928367 np0000166094 devstack@neutron-api.service[104179]: INFO neutron.db.segments_db [None req-a72596ea-6a1b-4939-9e22-309d3c74558c admin admin] Added segment e2ac1171-16d9-437e-9be1-d7e8faaaab37 of type geneve for network dc298c9f-c99f-45df-ad4f-df480d3eae1b
Apr 14 06:15:17.939866 np0000166094 devstack@neutron-api.service[104179]: DEBUG neutron_lib.callbacks.manager [None req-a72596ea-6a1b-4939-9e22-309d3c74558c admin admin] Publish callbacks ['neutron.services.auto_allocate.db._ensure_external_network_default_value_callback-8444317772710'] for network (dc298c9f-c99f-45df-ad4f-df480d3eae1b), precommit_create {{(pid=104179) _notify_loop /opt/stack/data/venv/lib/python3.12/site-packages/neutron_lib/callbacks/manager.py:184}}
Apr 14 06:15:17.948242 np0000166094 devstack@neutron-api.service[104179]: DEBUG neutron.plugins.ml2.drivers.ovn.mech_driver.mech_driver [None req-a72596ea-6a1b-4939-9e22-309d3c74558c admin admin] Validating network segment with type geneve, segmentation ID 39242, physical network None {{(pid=104179) _validate_network_segments /opt/stack/neutron/neutron/plugins/ml2/drivers/ovn/mech_driver/mech_driver.py:631}}
Apr 14 06:15:17.948382 np0000166094 devstack@neutron-api.service[104179]: DEBUG neutron.db.ovn_revision_numbers_db [None req-a72596ea-6a1b-4939-9e22-309d3c74558c admin admin] create_initial_revision uuid=dc298c9f-c99f-45df-ad4f-df480d3eae1b, type=networks, rev=-1 {{(pid=104179) create_initial_revision /opt/stack/neutron/neutron/db/ovn_revision_numbers_db.py:98}}
Apr 14 06:15:18.029768 np0000166094 devstack@neutron-api.service[104182]: DEBUG neutron.plugins.ml2.drivers.ovn.mech_driver.ovsdb.ovsdb_monitor [None req-60a4fd98-8aec-4921-a058-2ae972be2081 None None] Hash Ring: Node 5a70fb2bad655f72b26bf518437243b2 (host: np0000166094) handling event "update" for row d39bfe41-c65d-4f39-ae57-bf5b892ca7ce (table: NB_Global) {{(pid=104182) notify /opt/stack/neutron/neutron/plugins/ml2/drivers/ovn/mech_driver/ovsdb/ovsdb_monitor.py:914}}
Apr 14 06:15:18.032608 np0000166094 devstack@neutron-api.service[104182]: DEBUG neutron.plugins.ml2.drivers.ovn.mech_driver.ovsdb.ovsdb_monitor [None req-60a4fd98-8aec-4921-a058-2ae972be2081 None None] Touching Hash Ring node "5a70fb2bad655f72b26bf518437243b2" from IDL notify handler {{(pid=104182) notify /opt/stack/neutron/neutron/plugins/ml2/drivers/ovn/mech_driver/ovsdb/ovsdb_monitor.py:906}}
Apr 14 06:15:18.036235 np0000166094 devstack@neutron-api.service[104182]: DEBUG neutron.plugins.ml2.drivers.ovn.mech_driver.ovsdb.ovsdb_monitor [None req-60a4fd98-8aec-4921-a058-2ae972be2081 None None] Hash Ring: Node 5a70fb2bad655f72b26bf518437243b2 (host: np0000166094) handling event "update" for row d39bfe41-c65d-4f39-ae57-bf5b892ca7ce (table: NB_Global) {{(pid=104182) notify /opt/stack/neutron/neutron/plugins/ml2/drivers/ovn/mech_driver/ovsdb/ovsdb_monitor.py:914}}
Apr 14 06:15:18.037609 np0000166094 devstack@neutron-api.service[104182]: DEBUG neutron.plugins.ml2.drivers.ovn.mech_driver.ovsdb.ovsdb_monitor [None req-60a4fd98-8aec-4921-a058-2ae972be2081 None None] Touching Hash Ring node "5a70fb2bad655f72b26bf518437243b2" from IDL notify handler {{(pid=104182) notify /opt/stack/neutron/neutron/plugins/ml2/drivers/ovn/mech_driver/ovsdb/ovsdb_monitor.py:906}}
Apr 14 06:15:18.038689 np0000166094 devstack@neutron-api.service[104179]: DEBUG neutron_lib.callbacks.manager [None req-a72596ea-6a1b-4939-9e22-309d3c74558c admin admin] Publish callbacks ['neutron.plugins.ml2.ovo_rpc._ObjectChangeHandler.handle_event-2591353'] for network (dc298c9f-c99f-45df-ad4f-df480d3eae1b), after_create {{(pid=104179) _notify_loop /opt/stack/data/venv/lib/python3.12/site-packages/neutron_lib/callbacks/manager.py:184}}
Apr 14 06:15:18.040103 np0000166094 devstack@neutron-api.service[104182]: DEBUG neutron.plugins.ml2.drivers.ovn.mech_driver.ovsdb.ovsdb_monitor [None req-60a4fd98-8aec-4921-a058-2ae972be2081 None None] Hash Ring: Node 5a70fb2bad655f72b26bf518437243b2 (host: np0000166094) handling event "update" for row d39bfe41-c65d-4f39-ae57-bf5b892ca7ce (table: NB_Global) {{(pid=104182) notify /opt/stack/neutron/neutron/plugins/ml2/drivers/ovn/mech_driver/ovsdb/ovsdb_monitor.py:914}}
Apr 14 06:15:18.041618 np0000166094 devstack@neutron-api.service[104182]: DEBUG neutron.plugins.ml2.drivers.ovn.mech_driver.ovsdb.ovsdb_monitor [None req-60a4fd98-8aec-4921-a058-2ae972be2081 None None] Touching Hash Ring node "5a70fb2bad655f72b26bf518437243b2" from IDL notify handler {{(pid=104182) notify /opt/stack/neutron/neutron/plugins/ml2/drivers/ovn/mech_driver/ovsdb/ovsdb_monitor.py:906}}
Apr 14 06:15:18.044015 np0000166094 devstack@neutron-api.service[104182]: DEBUG neutron.plugins.ml2.drivers.ovn.mech_driver.ovsdb.ovsdb_monitor [None req-60a4fd98-8aec-4921-a058-2ae972be2081 None None] Hash Ring: Node 5a70fb2bad655f72b26bf518437243b2 (host: np0000166094) handling event "update" for row d39bfe41-c65d-4f39-ae57-bf5b892ca7ce (table: NB_Global) {{(pid=104182) notify /opt/stack/neutron/neutron/plugins/ml2/drivers/ovn/mech_driver/ovsdb/ovsdb_monitor.py:914}}
Apr 14 06:15:18.058275 np0000166094 devstack@neutron-api.service[104179]: DEBUG neutron.api.rpc.handlers.resources_rpc [None req-a72596ea-6a1b-4939-9e22-309d3c74558c admin admin] Pushing event updated for resources: {'Network': ['ID=dc298c9f-c99f-45df-ad4f-df480d3eae1b,revision_number=1']} {{(pid=104179) push /opt/stack/neutron/neutron/api/rpc/handlers/resources_rpc.py:237}}
Apr 14 06:15:18.065780 np0000166094 devstack@neutron-api.service[104179]: DEBUG ovsdbapp.backend.ovs_idl.transaction [None req-fd7f4b2c-c122-448b-8d9b-69e511fd4c62 None None] Running txn n=1 command(idx=0): AddNetworkCommand(_result=None, network_uuid=dc298c9f-c99f-45df-ad4f-df480d3eae1b, may_exist=True, columns={'external_ids': {'neutron:network_name': 'admin_net', 'neutron:mtu': '1372', 'neutron:revision_number': '1', 'neutron:availability_zone_hints': '', 'neutron:provnet-network-type': 'geneve'}, 'other_config': {'mcast_snoop': 'false', 'mcast_flood_unregistered': 'false', 'vlan-passthru': 'false'}}) {{(pid=104179) do_commit /opt/stack/data/venv/lib/python3.12/site-packages/ovsdbapp/backend/ovs_idl/transaction.py:89}}
Apr 14 06:15:18.071352 np0000166094 devstack@neutron-api.service[104179]: DEBUG neutron.plugins.ml2.drivers.ovn.mech_driver.ovsdb.ovsdb_monitor [None req-fd7f4b2c-c122-448b-8d9b-69e511fd4c62 None None] Touching Hash Ring node "2aac4043114f5c1bb655e978491d75dd" from IDL notify handler {{(pid=104179) notify /opt/stack/neutron/neutron/plugins/ml2/drivers/ovn/mech_driver/ovsdb/ovsdb_monitor.py:906}}
Apr 14 06:15:18.076548 np0000166094 devstack@neutron-api.service[104179]: DEBUG neutron.plugins.ml2.drivers.ovn.mech_driver.ovsdb.ovsdb_monitor [None req-355fb4d5-ea91-41f0-8a13-3cdeb76a85df None None] Hash Ring: Node 2aac4043114f5c1bb655e978491d75dd (host: np0000166094) handling event "create" for row 9b154d77-6500-4c4f-a69b-cf2f8afa3847 (table: Datapath_Binding) {{(pid=104179) notify /opt/stack/neutron/neutron/plugins/ml2/drivers/ovn/mech_driver/ovsdb/ovsdb_monitor.py:914}}
Apr 14 06:15:18.195214 np0000166094 devstack@neutron-api.service[104179]: DEBUG neutron.plugins.ml2.drivers.ovn.mech_driver.ovsdb.ovsdb_monitor [None req-fd7f4b2c-c122-448b-8d9b-69e511fd4c62 None None] Hash Ring: Node 2aac4043114f5c1bb655e978491d75dd (host: np0000166094) handling event "create" for row dc298c9f-c99f-45df-ad4f-df480d3eae1b (table: Logical_Switch) {{(pid=104179) notify /opt/stack/neutron/neutron/plugins/ml2/drivers/ovn/mech_driver/ovsdb/ovsdb_monitor.py:914}}
Apr 14 06:15:18.344258 np0000166094 devstack@neutron-api.service[104179]: INFO neutron.db.ovn_revision_numbers_db [None req-a72596ea-6a1b-4939-9e22-309d3c74558c admin admin] Successfully bumped revision number for resource dc298c9f-c99f-45df-ad4f-df480d3eae1b (type: networks) to 1
Apr 14 06:15:18.364103 np0000166094 devstack@neutron-api.service[104179]: DEBUG neutron_lib.callbacks.manager [None req-a72596ea-6a1b-4939-9e22-309d3c74558c admin admin] Publish callbacks ['neutron.plugins.ml2.plugin.SecurityGroupDbMixin._ensure_default_security_group_handler-1987763'] for port (None), before_create {{(pid=104179) _notify_loop /opt/stack/data/venv/lib/python3.12/site-packages/neutron_lib/callbacks/manager.py:184}}
Apr 14 06:15:18.420318 np0000166094 devstack@neutron-api.service[104179]: DEBUG neutron_lib.callbacks.manager [None req-a72596ea-6a1b-4939-9e22-309d3c74558c admin admin] Publish callbacks ['neutron.plugins.ml2.drivers.ovn.mech_driver.mech_driver.OVNMechanismDriver._validate_allowed_address_pairs-481105'] for allowed_address_pair (6935e113-7b3a-474a-91db-eba17abf6d89), before_create {{(pid=104179) _notify_loop /opt/stack/data/venv/lib/python3.12/site-packages/neutron_lib/callbacks/manager.py:184}}
Apr 14 06:15:18.420785 np0000166094 devstack@neutron-api.service[104179]: DEBUG neutron_lib.callbacks.manager [None req-a72596ea-6a1b-4939-9e22-309d3c74558c admin admin] Publish callbacks [] for port (6935e113-7b3a-474a-91db-eba17abf6d89), precommit_create {{(pid=104179) _notify_loop /opt/stack/data/venv/lib/python3.12/site-packages/neutron_lib/callbacks/manager.py:184}}
