Apr 20 07:47:26.120624 np0000168076 nova-scheduler[109316]: DEBUG cotyledon.oslo_config_glue [-] vnc.server_listen = 127.0.0.1 {{(pid=109316) log_opt_values /opt/stack/data/venv/lib/python3.12/site-packages/oslo_config/cfg.py:3006}}
Apr 20 07:47:26.120624 np0000168076 nova-scheduler[109316]: DEBUG cotyledon.oslo_config_glue [-] vnc.server_proxyclient_address = 127.0.0.1 {{(pid=109316) log_opt_values /opt/stack/data/venv/lib/python3.12/site-packages/oslo_config/cfg.py:3006}}
Apr 20 07:47:26.120624 np0000168076 nova-scheduler[109316]: DEBUG cotyledon.oslo_config_glue [-] vnc.vencrypt_ca_certs = None {{(pid=109316) log_opt_values /opt/stack/data/venv/lib/python3.12/site-packages/oslo_config/cfg.py:3006}}
Apr 20 07:47:26.120624 np0000168076 nova-scheduler[109316]: DEBUG cotyledon.oslo_config_glue [-] vnc.vencrypt_client_cert = None {{(pid=109316) log_opt_values /opt/stack/data/venv/lib/python3.12/site-packages/oslo_config/cfg.py:3006}}
Apr 20 07:47:26.120624 np0000168076 nova-scheduler[109316]: DEBUG cotyledon.oslo_config_glue [-] vnc.vencrypt_client_key = None {{(pid=109316) log_opt_values /opt/stack/data/venv/lib/python3.12/site-packages/oslo_config/cfg.py:3006}}
Apr 20 07:47:26.120624 np0000168076 nova-scheduler[109316]: DEBUG cotyledon.oslo_config_glue [-] workarounds.disable_compute_service_check_for_ffu = False {{(pid=109316) log_opt_values /opt/stack/data/venv/lib/python3.12/site-packages/oslo_config/cfg.py:3006}}
Apr 20 07:47:26.120624 np0000168076 nova-scheduler[109316]: DEBUG cotyledon.oslo_config_glue [-] workarounds.disable_deep_image_inspection = False {{(pid=109316) log_opt_values /opt/stack/data/venv/lib/python3.12/site-packages/oslo_config/cfg.py:3006}}
Apr 20 07:47:26.120624 np0000168076 nova-scheduler[109316]: DEBUG cotyledon.oslo_config_glue [-] workarounds.disable_fallback_pcpu_query = False {{(pid=109316) log_opt_values /opt/stack/data/venv/lib/python3.12/site-packages/oslo_config/cfg.py:3006}}
Apr 20 07:47:26.120624 np0000168076 nova-scheduler[109316]: DEBUG cotyledon.oslo_config_glue [-] workarounds.disable_group_policy_check_upcall = False {{(pid=109316) log_opt_values /opt/stack/data/venv/lib/python3.12/site-packages/oslo_config/cfg.py:3006}}
Apr 20 07:47:26.120935 np0000168076 nova-scheduler[109316]: DEBUG cotyledon.oslo_config_glue [-] workarounds.disable_libvirt_livesnapshot = False {{(pid=109316) log_opt_values /opt/stack/data/venv/lib/python3.12/site-packages/oslo_config/cfg.py:3006}}
Apr 20 07:47:26.120935 np0000168076 nova-scheduler[109316]: DEBUG cotyledon.oslo_config_glue [-] workarounds.disable_rootwrap = False {{(pid=109316) log_opt_values /opt/stack/data/venv/lib/python3.12/site-packages/oslo_config/cfg.py:3006}}
Apr 20 07:47:26.120935 np0000168076 nova-scheduler[109316]: DEBUG cotyledon.oslo_config_glue [-] workarounds.enable_numa_live_migration = False {{(pid=109316) log_opt_values /opt/stack/data/venv/lib/python3.12/site-packages/oslo_config/cfg.py:3006}}
Apr 20 07:47:26.120935 np0000168076 nova-scheduler[109316]: DEBUG cotyledon.oslo_config_glue [-] workarounds.enable_qemu_monitor_announce_self = False {{(pid=109316) log_opt_values /opt/stack/data/venv/lib/python3.12/site-packages/oslo_config/cfg.py:3006}}
Apr 20 07:47:26.120935 np0000168076 nova-scheduler[109316]: DEBUG cotyledon.oslo_config_glue [-] workarounds.ensure_libvirt_rbd_instance_dir_cleanup = False {{(pid=109316) log_opt_values /opt/stack/data/venv/lib/python3.12/site-packages/oslo_config/cfg.py:3006}}
Apr 20 07:47:26.120935 np0000168076 nova-scheduler[109316]: DEBUG cotyledon.oslo_config_glue [-] workarounds.handle_virt_lifecycle_events = True {{(pid=109316) log_opt_values /opt/stack/data/venv/lib/python3.12/site-packages/oslo_config/cfg.py:3006}}
Apr 20 07:47:26.120935 np0000168076 nova-scheduler[109316]: DEBUG cotyledon.oslo_config_glue [-] workarounds.libvirt_disable_apic = False {{(pid=109316) log_opt_values /opt/stack/data/venv/lib/python3.12/site-packages/oslo_config/cfg.py:3006}}
Apr 20 07:47:26.120935 np0000168076 nova-scheduler[109316]: DEBUG cotyledon.oslo_config_glue [-] workarounds.never_download_image_if_on_rbd = False {{(pid=109316) log_opt_values /opt/stack/data/venv/lib/python3.12/site-packages/oslo_config/cfg.py:3006}}
Apr 20 07:47:26.120935 np0000168076 nova-scheduler[109316]: DEBUG cotyledon.oslo_config_glue [-] workarounds.qemu_monitor_announce_self_count = 3 {{(pid=109316) log_opt_values /opt/stack/data/venv/lib/python3.12/site-packages/oslo_config/cfg.py:3006}}
Apr 20 07:47:26.121193 np0000168076 nova-scheduler[109316]: DEBUG cotyledon.oslo_config_glue [-] workarounds.qemu_monitor_announce_self_interval = 1 {{(pid=109316) log_opt_values /opt/stack/data/venv/lib/python3.12/site-packages/oslo_config/cfg.py:3006}}
Apr 20 07:47:26.121193 np0000168076 nova-scheduler[109316]: DEBUG cotyledon.oslo_config_glue [-] workarounds.reserve_disk_resource_for_image_cache = False {{(pid=109316) log_opt_values /opt/stack/data/venv/lib/python3.12/site-packages/oslo_config/cfg.py:3006}}
Apr 20 07:47:26.121193 np0000168076 nova-scheduler[109316]: DEBUG cotyledon.oslo_config_glue [-] workarounds.skip_cpu_compare_at_startup = False {{(pid=109316) log_opt_values /opt/stack/data/venv/lib/python3.12/site-packages/oslo_config/cfg.py:3006}}
Apr 20 07:47:26.121193 np0000168076 nova-scheduler[109316]: DEBUG cotyledon.oslo_config_glue [-] workarounds.skip_cpu_compare_on_dest = False {{(pid=109316) log_opt_values /opt/stack/data/venv/lib/python3.12/site-packages/oslo_config/cfg.py:3006}}
Apr 20 07:47:26.121193 np0000168076 nova-scheduler[109316]: DEBUG cotyledon.oslo_config_glue [-] workarounds.skip_hypervisor_version_check_on_lm = False {{(pid=109316) log_opt_values /opt/stack/data/venv/lib/python3.12/site-packages/oslo_config/cfg.py:3006}}
Apr 20 07:47:26.121332 np0000168076 nova-scheduler[109304]: INFO dbcounter [None req-f9965ac2-fd61-4834-940d-5ceea959ee1b None None] Registered counter for database nova_cell0
Apr 20 07:47:26.121370 np0000168076 nova-scheduler[109316]: DEBUG cotyledon.oslo_config_glue [-] workarounds.skip_reserve_in_use_ironic_nodes = False {{(pid=109316) log_opt_values /opt/stack/data/venv/lib/python3.12/site-packages/oslo_config/cfg.py:3006}}
Apr 20 07:47:26.121370 np0000168076 nova-scheduler[109316]: DEBUG cotyledon.oslo_config_glue [-] workarounds.unified_limits_count_pcpu_as_vcpu = False {{(pid=109316) log_opt_values /opt/stack/data/venv/lib/python3.12/site-packages/oslo_config/cfg.py:3006}}
Apr 20 07:47:26.121370 np0000168076 nova-scheduler[109316]: DEBUG cotyledon.oslo_config_glue [-] workarounds.wait_for_vif_plugged_event_during_hard_reboot = [] {{(pid=109316) log_opt_values /opt/stack/data/venv/lib/python3.12/site-packages/oslo_config/cfg.py:3006}}
Apr 20 07:47:26.121370 np0000168076 nova-scheduler[109316]: DEBUG cotyledon.oslo_config_glue [-] wsgi.api_paste_config = /etc/nova/api-paste.ini {{(pid=109316) log_opt_values /opt/stack/data/venv/lib/python3.12/site-packages/oslo_config/cfg.py:3006}}
Apr 20 07:47:26.121370 np0000168076 nova-scheduler[109316]: DEBUG cotyledon.oslo_config_glue [-] wsgi.secure_proxy_ssl_header = None {{(pid=109316) log_opt_values /opt/stack/data/venv/lib/python3.12/site-packages/oslo_config/cfg.py:3006}}
Apr 20 07:47:26.121370 np0000168076 nova-scheduler[109316]: DEBUG cotyledon.oslo_config_glue [-] zvm.ca_file = None {{(pid=109316) log_opt_values /opt/stack/data/venv/lib/python3.12/site-packages/oslo_config/cfg.py:3006}}
Apr 20 07:47:26.121370 np0000168076 nova-scheduler[109316]: DEBUG cotyledon.oslo_config_glue [-] zvm.cloud_connector_url = None {{(pid=109316) log_opt_values /opt/stack/data/venv/lib/python3.12/site-packages/oslo_config/cfg.py:3006}}
Apr 20 07:47:26.121370 np0000168076 nova-scheduler[109316]: DEBUG cotyledon.oslo_config_glue [-] zvm.image_tmp_path = /opt/stack/data/nova/images {{(pid=109316) log_opt_values /opt/stack/data/venv/lib/python3.12/site-packages/oslo_config/cfg.py:3006}}
Apr 20 07:47:26.121370 np0000168076 nova-scheduler[109316]: DEBUG cotyledon.oslo_config_glue [-] zvm.reachable_timeout = 300 {{(pid=109316) log_opt_values /opt/stack/data/venv/lib/python3.12/site-packages/oslo_config/cfg.py:3006}}
Apr 20 07:47:26.121608 np0000168076 nova-scheduler[109316]: DEBUG cotyledon.oslo_config_glue [-] oslo_versionedobjects.fatal_exception_format_errors = False {{(pid=109316) log_opt_values /opt/stack/data/venv/lib/python3.12/site-packages/oslo_config/cfg.py:3006}}
Apr 20 07:47:26.121608 np0000168076 nova-scheduler[109316]: DEBUG cotyledon.oslo_config_glue [-] oslo_middleware.http_basic_auth_user_file = /etc/htpasswd {{(pid=109316) log_opt_values /opt/stack/data/venv/lib/python3.12/site-packages/oslo_config/cfg.py:3006}}
Apr 20 07:47:26.121608 np0000168076 nova-scheduler[109316]: DEBUG cotyledon.oslo_config_glue [-] oslo_messaging_metrics.metrics_buffer_size = 1000 {{(pid=109316) log_opt_values /opt/stack/data/venv/lib/python3.12/site-packages/oslo_config/cfg.py:3006}}
Apr 20 07:47:26.121608 np0000168076 nova-scheduler[109316]: DEBUG cotyledon.oslo_config_glue [-] oslo_messaging_metrics.metrics_enabled = False {{(pid=109316) log_opt_values /opt/stack/data/venv/lib/python3.12/site-packages/oslo_config/cfg.py:3006}}
Apr 20 07:47:26.121608 np0000168076 nova-scheduler[109316]: DEBUG cotyledon.oslo_config_glue [-] oslo_messaging_metrics.metrics_process_name = {{(pid=109316) log_opt_values /opt/stack/data/venv/lib/python3.12/site-packages/oslo_config/cfg.py:3006}}
Apr 20 07:47:26.121608 np0000168076 nova-scheduler[109316]: DEBUG cotyledon.oslo_config_glue [-] oslo_messaging_metrics.metrics_socket_file = /var/tmp/metrics_collector.sock {{(pid=109316) log_opt_values /opt/stack/data/venv/lib/python3.12/site-packages/oslo_config/cfg.py:3006}}
Apr 20 07:47:26.121608 np0000168076 nova-scheduler[109316]: DEBUG cotyledon.oslo_config_glue [-] oslo_messaging_metrics.metrics_thread_stop_timeout = 10 {{(pid=109316) log_opt_values /opt/stack/data/venv/lib/python3.12/site-packages/oslo_config/cfg.py:3006}}
Apr 20 07:47:26.121608 np0000168076 nova-scheduler[109316]: DEBUG cotyledon.oslo_config_glue [-] profiler.connection_string = messaging:// {{(pid=109316) log_opt_values /opt/stack/data/venv/lib/python3.12/site-packages/oslo_config/cfg.py:3006}}
Apr 20 07:47:26.121855 np0000168076 nova-scheduler[109316]: DEBUG cotyledon.oslo_config_glue [-] profiler.enabled = False {{(pid=109316) log_opt_values /opt/stack/data/venv/lib/python3.12/site-packages/oslo_config/cfg.py:3006}}
Apr 20 07:47:26.121855 np0000168076 nova-scheduler[109316]: DEBUG cotyledon.oslo_config_glue [-] profiler.es_doc_type = notification {{(pid=109316) log_opt_values /opt/stack/data/venv/lib/python3.12/site-packages/oslo_config/cfg.py:3006}}
Apr 20 07:47:26.121855 np0000168076 nova-scheduler[109316]: DEBUG cotyledon.oslo_config_glue [-] profiler.es_scroll_size = 10000 {{(pid=109316) log_opt_values /opt/stack/data/venv/lib/python3.12/site-packages/oslo_config/cfg.py:3006}}
Apr 20 07:47:26.121855 np0000168076 nova-scheduler[109316]: DEBUG cotyledon.oslo_config_glue [-] profiler.es_scroll_time = 2m {{(pid=109316) log_opt_values /opt/stack/data/venv/lib/python3.12/site-packages/oslo_config/cfg.py:3006}}
Apr 20 07:47:26.121855 np0000168076 nova-scheduler[109316]: DEBUG cotyledon.oslo_config_glue [-] profiler.filter_error_trace = False {{(pid=109316) log_opt_values /opt/stack/data/venv/lib/python3.12/site-packages/oslo_config/cfg.py:3006}}
Apr 20 07:47:26.121855 np0000168076 nova-scheduler[109316]: DEBUG cotyledon.oslo_config_glue [-] profiler.hmac_keys = **** {{(pid=109316) log_opt_values /opt/stack/data/venv/lib/python3.12/site-packages/oslo_config/cfg.py:3006}}
Apr 20 07:47:26.121855 np0000168076 nova-scheduler[109316]: DEBUG cotyledon.oslo_config_glue [-] profiler.sentinel_service_name = mymaster {{(pid=109316) log_opt_values /opt/stack/data/venv/lib/python3.12/site-packages/oslo_config/cfg.py:3006}}
Apr 20 07:47:26.121855 np0000168076 nova-scheduler[109316]: DEBUG cotyledon.oslo_config_glue [-] profiler.socket_timeout = 0.1 {{(pid=109316) log_opt_values /opt/stack/data/venv/lib/python3.12/site-packages/oslo_config/cfg.py:3006}}
Apr 20 07:47:26.121855 np0000168076 nova-scheduler[109316]: DEBUG cotyledon.oslo_config_glue [-] profiler.trace_requests = False {{(pid=109316) log_opt_values /opt/stack/data/venv/lib/python3.12/site-packages/oslo_config/cfg.py:3006}}
Apr 20 07:47:26.122190 np0000168076 nova-scheduler[109316]: DEBUG cotyledon.oslo_config_glue [-] profiler.trace_sqlalchemy = False {{(pid=109316) log_opt_values /opt/stack/data/venv/lib/python3.12/site-packages/oslo_config/cfg.py:3006}}
Apr 20 07:47:26.122190 np0000168076 nova-scheduler[109316]: DEBUG cotyledon.oslo_config_glue [-] profiler_jaeger.process_tags = {} {{(pid=109316) log_opt_values /opt/stack/data/venv/lib/python3.12/site-packages/oslo_config/cfg.py:3006}}
Apr 20 07:47:26.122190 np0000168076 nova-scheduler[109316]: DEBUG cotyledon.oslo_config_glue [-] profiler_jaeger.service_name_prefix = None {{(pid=109316) log_opt_values /opt/stack/data/venv/lib/python3.12/site-packages/oslo_config/cfg.py:3006}}
Apr 20 07:47:26.122190 np0000168076 nova-scheduler[109316]: DEBUG cotyledon.oslo_config_glue [-] profiler_otlp.service_name_prefix = None {{(pid=109316) log_opt_values /opt/stack/data/venv/lib/python3.12/site-packages/oslo_config/cfg.py:3006}}
Apr 20 07:47:26.122190 np0000168076 nova-scheduler[109316]: DEBUG cotyledon.oslo_config_glue [-] oslo_messaging_rabbit.amqp_auto_delete = False {{(pid=109316) log_opt_values /opt/stack/data/venv/lib/python3.12/site-packages/oslo_config/cfg.py:3006}}
Apr 20 07:47:26.122190 np0000168076 nova-scheduler[109316]: DEBUG cotyledon.oslo_config_glue [-] oslo_messaging_rabbit.amqp_durable_queues = False {{(pid=109316) log_opt_values /opt/stack/data/venv/lib/python3.12/site-packages/oslo_config/cfg.py:3006}}
Apr 20 07:47:26.122190 np0000168076 nova-scheduler[109316]: DEBUG cotyledon.oslo_config_glue [-] oslo_messaging_rabbit.conn_pool_min_size = 2 {{(pid=109316) log_opt_values /opt/stack/data/venv/lib/python3.12/site-packages/oslo_config/cfg.py:3006}}
Apr 20 07:47:26.122190 np0000168076 nova-scheduler[109316]: DEBUG cotyledon.oslo_config_glue [-] oslo_messaging_rabbit.conn_pool_ttl = 1200 {{(pid=109316) log_opt_values /opt/stack/data/venv/lib/python3.12/site-packages/oslo_config/cfg.py:3006}}
Apr 20 07:47:26.122190 np0000168076 nova-scheduler[109316]: DEBUG cotyledon.oslo_config_glue [-] oslo_messaging_rabbit.direct_mandatory_flag = True {{(pid=109316) log_opt_values /opt/stack/data/venv/lib/python3.12/site-packages/oslo_config/cfg.py:3006}}
Apr 20 07:47:26.122456 np0000168076 nova-scheduler[109316]: DEBUG cotyledon.oslo_config_glue [-] oslo_messaging_rabbit.enable_cancel_on_failover = False {{(pid=109316) log_opt_values /opt/stack/data/venv/lib/python3.12/site-packages/oslo_config/cfg.py:3006}}
Apr 20 07:47:26.122456 np0000168076 nova-scheduler[109316]: DEBUG cotyledon.oslo_config_glue [-] oslo_messaging_rabbit.heartbeat_in_pthread = False {{(pid=109316) log_opt_values /opt/stack/data/venv/lib/python3.12/site-packages/oslo_config/cfg.py:3006}}
Apr 20 07:47:26.122456 np0000168076 nova-scheduler[109316]: DEBUG cotyledon.oslo_config_glue [-] oslo_messaging_rabbit.heartbeat_rate = 3 {{(pid=109316) log_opt_values /opt/stack/data/venv/lib/python3.12/site-packages/oslo_config/cfg.py:3006}}
Apr 20 07:47:26.122456 np0000168076 nova-scheduler[109316]: DEBUG cotyledon.oslo_config_glue [-] oslo_messaging_rabbit.heartbeat_timeout_threshold = 60 {{(pid=109316) log_opt_values /opt/stack/data/venv/lib/python3.12/site-packages/oslo_config/cfg.py:3006}}
Apr 20 07:47:26.122456 np0000168076 nova-scheduler[109316]: DEBUG cotyledon.oslo_config_glue [-] oslo_messaging_rabbit.hostname = np0000168076 {{(pid=109316) log_opt_values /opt/stack/data/venv/lib/python3.12/site-packages/oslo_config/cfg.py:3006}}
Apr 20 07:47:26.122456 np0000168076 nova-scheduler[109316]: DEBUG cotyledon.oslo_config_glue [-] oslo_messaging_rabbit.kombu_compression = None {{(pid=109316) log_opt_values /opt/stack/data/venv/lib/python3.12/site-packages/oslo_config/cfg.py:3006}}
Apr 20 07:47:26.122456 np0000168076 nova-scheduler[109316]: DEBUG cotyledon.oslo_config_glue [-] oslo_messaging_rabbit.kombu_failover_strategy = round-robin {{(pid=109316) log_opt_values /opt/stack/data/venv/lib/python3.12/site-packages/oslo_config/cfg.py:3006}}
Apr 20 07:47:26.122456 np0000168076 nova-scheduler[109316]: DEBUG cotyledon.oslo_config_glue [-] oslo_messaging_rabbit.kombu_missing_consumer_retry_timeout = 60 {{(pid=109316) log_opt_values /opt/stack/data/venv/lib/python3.12/site-packages/oslo_config/cfg.py:3006}}
Apr 20 07:47:26.122711 np0000168076 nova-scheduler[109316]: DEBUG cotyledon.oslo_config_glue [-] oslo_messaging_rabbit.kombu_reconnect_delay = 1.0 {{(pid=109316) log_opt_values /opt/stack/data/venv/lib/python3.12/site-packages/oslo_config/cfg.py:3006}}
Apr 20 07:47:26.122711 np0000168076 nova-scheduler[109316]: DEBUG cotyledon.oslo_config_glue [-] oslo_messaging_rabbit.kombu_reconnect_splay = 0.0 {{(pid=109316) log_opt_values /opt/stack/data/venv/lib/python3.12/site-packages/oslo_config/cfg.py:3006}}
Apr 20 07:47:26.122711 np0000168076 nova-scheduler[109316]: DEBUG cotyledon.oslo_config_glue [-] oslo_messaging_rabbit.processname = nova-scheduler {{(pid=109316) log_opt_values /opt/stack/data/venv/lib/python3.12/site-packages/oslo_config/cfg.py:3006}}
Apr 20 07:47:26.122711 np0000168076 nova-scheduler[109316]: DEBUG cotyledon.oslo_config_glue [-] oslo_messaging_rabbit.rabbit_ha_queues = False {{(pid=109316) log_opt_values /opt/stack/data/venv/lib/python3.12/site-packages/oslo_config/cfg.py:3006}}
Apr 20 07:47:26.122711 np0000168076 nova-scheduler[109316]: DEBUG cotyledon.oslo_config_glue [-] oslo_messaging_rabbit.rabbit_interval_max = 30 {{(pid=109316) log_opt_values /opt/stack/data/venv/lib/python3.12/site-packages/oslo_config/cfg.py:3006}}
Apr 20 07:47:26.122711 np0000168076 nova-scheduler[109316]: DEBUG cotyledon.oslo_config_glue [-] oslo_messaging_rabbit.rabbit_login_method = AMQPLAIN {{(pid=109316) log_opt_values /opt/stack/data/venv/lib/python3.12/site-packages/oslo_config/cfg.py:3006}}
Apr 20 07:47:26.122711 np0000168076 nova-scheduler[109316]: DEBUG cotyledon.oslo_config_glue [-] oslo_messaging_rabbit.rabbit_qos_prefetch_count = 0 {{(pid=109316) log_opt_values /opt/stack/data/venv/lib/python3.12/site-packages/oslo_config/cfg.py:3006}}
Apr 20 07:47:26.122711 np0000168076 nova-scheduler[109316]: DEBUG cotyledon.oslo_config_glue [-] oslo_messaging_rabbit.rabbit_quorum_delivery_limit = 0 {{(pid=109316) log_opt_values /opt/stack/data/venv/lib/python3.12/site-packages/oslo_config/cfg.py:3006}}
Apr 20 07:47:26.122711 np0000168076 nova-scheduler[109316]: DEBUG cotyledon.oslo_config_glue [-] oslo_messaging_rabbit.rabbit_quorum_max_memory_bytes = 0 {{(pid=109316) log_opt_values /opt/stack/data/venv/lib/python3.12/site-packages/oslo_config/cfg.py:3006}}
Apr 20 07:47:26.123005 np0000168076 nova-scheduler[109316]: DEBUG cotyledon.oslo_config_glue [-] oslo_messaging_rabbit.rabbit_quorum_max_memory_length = 0 {{(pid=109316) log_opt_values /opt/stack/data/venv/lib/python3.12/site-packages/oslo_config/cfg.py:3006}}
Apr 20 07:47:26.123005 np0000168076 nova-scheduler[109316]: DEBUG cotyledon.oslo_config_glue [-] oslo_messaging_rabbit.rabbit_quorum_queue = False {{(pid=109316) log_opt_values /opt/stack/data/venv/lib/python3.12/site-packages/oslo_config/cfg.py:3006}}
Apr 20 07:47:26.123005 np0000168076 nova-scheduler[109316]: DEBUG cotyledon.oslo_config_glue [-] oslo_messaging_rabbit.rabbit_retry_backoff = 2 {{(pid=109316) log_opt_values /opt/stack/data/venv/lib/python3.12/site-packages/oslo_config/cfg.py:3006}}
Apr 20 07:47:26.123005 np0000168076 nova-scheduler[109316]: DEBUG cotyledon.oslo_config_glue [-] oslo_messaging_rabbit.rabbit_retry_interval = 1 {{(pid=109316) log_opt_values /opt/stack/data/venv/lib/python3.12/site-packages/oslo_config/cfg.py:3006}}
Apr 20 07:47:26.123005 np0000168076 nova-scheduler[109316]: DEBUG cotyledon.oslo_config_glue [-] oslo_messaging_rabbit.rabbit_stream_fanout = False {{(pid=109316) log_opt_values /opt/stack/data/venv/lib/python3.12/site-packages/oslo_config/cfg.py:3006}}
Apr 20 07:47:26.123005 np0000168076 nova-scheduler[109316]: DEBUG cotyledon.oslo_config_glue [-] oslo_messaging_rabbit.rabbit_transient_queues_ttl = 1800 {{(pid=109316) log_opt_values /opt/stack/data/venv/lib/python3.12/site-packages/oslo_config/cfg.py:3006}}
Apr 20 07:47:26.123005 np0000168076 nova-scheduler[109316]: DEBUG cotyledon.oslo_config_glue [-] oslo_messaging_rabbit.rabbit_transient_quorum_queue = False {{(pid=109316) log_opt_values /opt/stack/data/venv/lib/python3.12/site-packages/oslo_config/cfg.py:3006}}
Apr 20 07:47:26.123005 np0000168076 nova-scheduler[109316]: DEBUG cotyledon.oslo_config_glue [-] oslo_messaging_rabbit.rpc_conn_pool_size = 30 {{(pid=109316) log_opt_values /opt/stack/data/venv/lib/python3.12/site-packages/oslo_config/cfg.py:3006}}
Apr 20 07:47:26.123005 np0000168076 nova-scheduler[109316]: DEBUG cotyledon.oslo_config_glue [-] oslo_messaging_rabbit.ssl = False {{(pid=109316) log_opt_values /opt/stack/data/venv/lib/python3.12/site-packages/oslo_config/cfg.py:3006}}
Apr 20 07:47:26.123273 np0000168076 nova-scheduler[109316]: DEBUG cotyledon.oslo_config_glue [-] oslo_messaging_rabbit.ssl_ca_file = {{(pid=109316) log_opt_values /opt/stack/data/venv/lib/python3.12/site-packages/oslo_config/cfg.py:3006}}
Apr 20 07:47:26.123273 np0000168076 nova-scheduler[109316]: DEBUG cotyledon.oslo_config_glue [-] oslo_messaging_rabbit.ssl_cert_file = {{(pid=109316) log_opt_values /opt/stack/data/venv/lib/python3.12/site-packages/oslo_config/cfg.py:3006}}
Apr 20 07:47:26.123273 np0000168076 nova-scheduler[109316]: DEBUG cotyledon.oslo_config_glue [-] oslo_messaging_rabbit.ssl_enforce_fips_mode = False {{(pid=109316) log_opt_values /opt/stack/data/venv/lib/python3.12/site-packages/oslo_config/cfg.py:3006}}
Apr 20 07:47:26.123273 np0000168076 nova-scheduler[109316]: DEBUG cotyledon.oslo_config_glue [-] oslo_messaging_rabbit.ssl_key_file = {{(pid=109316) log_opt_values /opt/stack/data/venv/lib/python3.12/site-packages/oslo_config/cfg.py:3006}}
Apr 20 07:47:26.123273 np0000168076 nova-scheduler[109316]: DEBUG cotyledon.oslo_config_glue [-] oslo_messaging_rabbit.ssl_version = {{(pid=109316) log_opt_values /opt/stack/data/venv/lib/python3.12/site-packages/oslo_config/cfg.py:3006}}
Apr 20 07:47:26.123273 np0000168076 nova-scheduler[109316]: DEBUG cotyledon.oslo_config_glue [-] oslo_messaging_rabbit.use_queue_manager = False {{(pid=109316) log_opt_values /opt/stack/data/venv/lib/python3.12/site-packages/oslo_config/cfg.py:3006}}
Apr 20 07:47:26.123273 np0000168076 nova-scheduler[109316]: DEBUG cotyledon.oslo_config_glue [-] oslo_messaging_notifications.driver = ['messagingv2'] {{(pid=109316) log_opt_values /opt/stack/data/venv/lib/python3.12/site-packages/oslo_config/cfg.py:3006}}
Apr 20 07:47:26.123273 np0000168076 nova-scheduler[109316]: DEBUG cotyledon.oslo_config_glue [-] oslo_messaging_notifications.retry = -1 {{(pid=109316) log_opt_values /opt/stack/data/venv/lib/python3.12/site-packages/oslo_config/cfg.py:3006}}
Apr 20 07:47:26.123273 np0000168076 nova-scheduler[109316]: DEBUG cotyledon.oslo_config_glue [-] oslo_messaging_notifications.topics = ['notifications'] {{(pid=109316) log_opt_values /opt/stack/data/venv/lib/python3.12/site-packages/oslo_config/cfg.py:3006}}
Apr 20 07:47:26.123507 np0000168076 nova-scheduler[109316]: DEBUG cotyledon.oslo_config_glue [-] oslo_messaging_notifications.transport_url = **** {{(pid=109316) log_opt_values /opt/stack/data/venv/lib/python3.12/site-packages/oslo_config/cfg.py:3006}}
Apr 20 07:47:26.123507 np0000168076 nova-scheduler[109316]: DEBUG cotyledon.oslo_config_glue [-] oslo_limit.auth_section = None {{(pid=109316) log_opt_values /opt/stack/data/venv/lib/python3.12/site-packages/oslo_config/cfg.py:3006}}
Apr 20 07:47:26.123507 np0000168076 nova-scheduler[109316]: DEBUG cotyledon.oslo_config_glue [-] oslo_limit.auth_type = None {{(pid=109316) log_opt_values /opt/stack/data/venv/lib/python3.12/site-packages/oslo_config/cfg.py:3006}}
Apr 20 07:47:26.123507 np0000168076 nova-scheduler[109316]: DEBUG cotyledon.oslo_config_glue [-] oslo_limit.cafile = None {{(pid=109316) log_opt_values /opt/stack/data/venv/lib/python3.12/site-packages/oslo_config/cfg.py:3006}}
Apr 20 07:47:26.123507 np0000168076 nova-scheduler[109316]: DEBUG cotyledon.oslo_config_glue [-] oslo_limit.certfile = None {{(pid=109316) log_opt_values /opt/stack/data/venv/lib/python3.12/site-packages/oslo_config/cfg.py:3006}}
Apr 20 07:47:26.123507 np0000168076 nova-scheduler[109316]: DEBUG cotyledon.oslo_config_glue [-] oslo_limit.collect_timing = False {{(pid=109316) log_opt_values /opt/stack/data/venv/lib/python3.12/site-packages/oslo_config/cfg.py:3006}}
Apr 20 07:47:26.123507 np0000168076 nova-scheduler[109316]: DEBUG cotyledon.oslo_config_glue [-] oslo_limit.connect_retries = None {{(pid=109316) log_opt_values /opt/stack/data/venv/lib/python3.12/site-packages/oslo_config/cfg.py:3006}}
Apr 20 07:47:26.123507 np0000168076 nova-scheduler[109316]: DEBUG cotyledon.oslo_config_glue [-] oslo_limit.connect_retry_delay = None {{(pid=109316) log_opt_values /opt/stack/data/venv/lib/python3.12/site-packages/oslo_config/cfg.py:3006}}
Apr 20 07:47:26.123507 np0000168076 nova-scheduler[109316]: DEBUG cotyledon.oslo_config_glue [-] oslo_limit.endpoint_id = None {{(pid=109316) log_opt_values /opt/stack/data/venv/lib/python3.12/site-packages/oslo_config/cfg.py:3006}}
Apr 20 07:47:26.123747 np0000168076 nova-scheduler[109316]: DEBUG cotyledon.oslo_config_glue [-] oslo_limit.endpoint_interface = public {{(pid=109316) log_opt_values /opt/stack/data/venv/lib/python3.12/site-packages/oslo_config/cfg.py:3006}}
Apr 20 07:47:26.123747 np0000168076 nova-scheduler[109316]: DEBUG cotyledon.oslo_config_glue [-] oslo_limit.endpoint_override = None {{(pid=109316) log_opt_values /opt/stack/data/venv/lib/python3.12/site-packages/oslo_config/cfg.py:3006}}
Apr 20 07:47:26.123747 np0000168076 nova-scheduler[109316]: DEBUG cotyledon.oslo_config_glue [-] oslo_limit.endpoint_region_name = None {{(pid=109316) log_opt_values /opt/stack/data/venv/lib/python3.12/site-packages/oslo_config/cfg.py:3006}}
Apr 20 07:47:26.123747 np0000168076 nova-scheduler[109316]: DEBUG cotyledon.oslo_config_glue [-] oslo_limit.endpoint_service_name = None {{(pid=109316) log_opt_values /opt/stack/data/venv/lib/python3.12/site-packages/oslo_config/cfg.py:3006}}
Apr 20 07:47:26.123747 np0000168076 nova-scheduler[109316]: DEBUG cotyledon.oslo_config_glue [-] oslo_limit.endpoint_service_type = None {{(pid=109316) log_opt_values /opt/stack/data/venv/lib/python3.12/site-packages/oslo_config/cfg.py:3006}}
Apr 20 07:47:26.123747 np0000168076 nova-scheduler[109316]: DEBUG cotyledon.oslo_config_glue [-] oslo_limit.insecure = False {{(pid=109316) log_opt_values /opt/stack/data/venv/lib/python3.12/site-packages/oslo_config/cfg.py:3006}}
Apr 20 07:47:26.123747 np0000168076 nova-scheduler[109316]: DEBUG cotyledon.oslo_config_glue [-] oslo_limit.keyfile = None {{(pid=109316) log_opt_values /opt/stack/data/venv/lib/python3.12/site-packages/oslo_config/cfg.py:3006}}
Apr 20 07:47:26.123747 np0000168076 nova-scheduler[109316]: DEBUG cotyledon.oslo_config_glue [-] oslo_limit.max_version = None {{(pid=109316) log_opt_values /opt/stack/data/venv/lib/python3.12/site-packages/oslo_config/cfg.py:3006}}
Apr 20 07:47:26.123747 np0000168076 nova-scheduler[109316]: DEBUG cotyledon.oslo_config_glue [-] oslo_limit.min_version = None {{(pid=109316) log_opt_values /opt/stack/data/venv/lib/python3.12/site-packages/oslo_config/cfg.py:3006}}
Apr 20 07:47:26.124093 np0000168076 nova-scheduler[109316]: DEBUG cotyledon.oslo_config_glue [-] oslo_limit.region_name = None {{(pid=109316) log_opt_values /opt/stack/data/venv/lib/python3.12/site-packages/oslo_config/cfg.py:3006}}
Apr 20 07:47:26.124093 np0000168076 nova-scheduler[109316]: DEBUG cotyledon.oslo_config_glue [-] oslo_limit.retriable_status_codes = None {{(pid=109316) log_opt_values /opt/stack/data/venv/lib/python3.12/site-packages/oslo_config/cfg.py:3006}}
Apr 20 07:47:26.124093 np0000168076 nova-scheduler[109316]: DEBUG cotyledon.oslo_config_glue [-] oslo_limit.service_name = None {{(pid=109316) log_opt_values /opt/stack/data/venv/lib/python3.12/site-packages/oslo_config/cfg.py:3006}}
Apr 20 07:47:26.124093 np0000168076 nova-scheduler[109316]: DEBUG cotyledon.oslo_config_glue [-] oslo_limit.service_type = None {{(pid=109316) log_opt_values /opt/stack/data/venv/lib/python3.12/site-packages/oslo_config/cfg.py:3006}}
Apr 20 07:47:26.124093 np0000168076 nova-scheduler[109316]: DEBUG cotyledon.oslo_config_glue [-] oslo_limit.split_loggers = False {{(pid=109316) log_opt_values /opt/stack/data/venv/lib/python3.12/site-packages/oslo_config/cfg.py:3006}}
Apr 20 07:47:26.124093 np0000168076 nova-scheduler[109316]: DEBUG cotyledon.oslo_config_glue [-] oslo_limit.status_code_retries = None {{(pid=109316) log_opt_values /opt/stack/data/venv/lib/python3.12/site-packages/oslo_config/cfg.py:3006}}
Apr 20 07:47:26.124093 np0000168076 nova-scheduler[109316]: DEBUG cotyledon.oslo_config_glue [-] oslo_limit.status_code_retry_delay = None {{(pid=109316) log_opt_values /opt/stack/data/venv/lib/python3.12/site-packages/oslo_config/cfg.py:3006}}
Apr 20 07:47:26.124093 np0000168076 nova-scheduler[109316]: DEBUG cotyledon.oslo_config_glue [-] oslo_limit.timeout = None {{(pid=109316) log_opt_values /opt/stack/data/venv/lib/python3.12/site-packages/oslo_config/cfg.py:3006}}
Apr 20 07:47:26.124093 np0000168076 nova-scheduler[109316]: DEBUG cotyledon.oslo_config_glue [-] oslo_limit.valid_interfaces = None {{(pid=109316) log_opt_values /opt/stack/data/venv/lib/python3.12/site-packages/oslo_config/cfg.py:3006}}
Apr 20 07:47:26.124421 np0000168076 nova-scheduler[109316]: DEBUG cotyledon.oslo_config_glue [-] oslo_limit.version = None {{(pid=109316) log_opt_values /opt/stack/data/venv/lib/python3.12/site-packages/oslo_config/cfg.py:3006}}
Apr 20 07:47:26.124421 np0000168076 nova-scheduler[109316]: DEBUG cotyledon.oslo_config_glue [-] oslo_reports.file_event_handler = None {{(pid=109316) log_opt_values /opt/stack/data/venv/lib/python3.12/site-packages/oslo_config/cfg.py:3006}}
Apr 20 07:47:26.124421 np0000168076 nova-scheduler[109316]: DEBUG cotyledon.oslo_config_glue [-] oslo_reports.file_event_handler_interval = 1 {{(pid=109316) log_opt_values /opt/stack/data/venv/lib/python3.12/site-packages/oslo_config/cfg.py:3006}}
Apr 20 07:47:26.124421 np0000168076 nova-scheduler[109316]: DEBUG cotyledon.oslo_config_glue [-] oslo_reports.log_dir = None {{(pid=109316) log_opt_values /opt/stack/data/venv/lib/python3.12/site-packages/oslo_config/cfg.py:3006}}
Apr 20 07:47:26.124421 np0000168076 nova-scheduler[109316]: DEBUG cotyledon.oslo_config_glue [-] ******************************************************************************** {{(pid=109316) log_opt_values /opt/stack/data/venv/lib/python3.12/site-packages/oslo_config/cfg.py:3013}}
Apr 20 07:47:26.124421 np0000168076 nova-scheduler[109316]: DEBUG cotyledon._service_worker [-] Run service ServiceWrapper(3) [109316] {{(pid=109316) wait_forever /opt/stack/data/venv/lib/python3.12/site-packages/cotyledon/_service_worker.py:218}}
Apr 20 07:47:26.124421 np0000168076 nova-scheduler[109316]: INFO nova.service [-] Starting scheduler node (version 33.1.0)
Apr 20 07:47:26.124679 np0000168076 nova-scheduler[109297]: DEBUG dbcounter [-] [109297] Writer thread running {{(pid=109297) stat_writer /opt/stack/data/venv/lib/python3.12/site-packages/dbcounter.py:102}}
Apr 20 07:47:26.124714 np0000168076 nova-scheduler[109316]: INFO dbcounter [None req-c54c5454-ee0b-49bd-b9bc-e8fdf655e926 None None] Registered counter for database nova_cell0
Apr 20 07:47:26.124748 np0000168076 nova-scheduler[109289]: DEBUG nova.service [None req-c1e8a075-b21a-48e9-9858-0a51ff4a2e04 None None] Creating RPC server for service: nova-scheduler on topic: scheduler {{(pid=109289) start /opt/stack/nova/nova/service.py:195}}
Apr 20 07:47:26.124805 np0000168076 nova-scheduler[109297]: DEBUG nova.service [None req-672c0daa-3fcb-40b2-85d4-067c2a74b766 None None] Creating RPC server for service: nova-scheduler on topic: scheduler {{(pid=109297) start /opt/stack/nova/nova/service.py:195}}
Apr 20 07:47:26.124840 np0000168076 nova-scheduler[109304]: DEBUG oslo_db.sqlalchemy.engines [None req-f9965ac2-fd61-4834-940d-5ceea959ee1b None None] MySQL server mode set to STRICT_TRANS_TABLES,STRICT_ALL_TABLES,NO_ZERO_IN_DATE,NO_ZERO_DATE,ERROR_FOR_DIVISION_BY_ZERO,TRADITIONAL,NO_ENGINE_SUBSTITUTION {{(pid=109304) _check_effective_sql_mode /opt/stack/data/venv/lib/python3.12/site-packages/oslo_db/sqlalchemy/engines.py:325}}
Apr 20 07:47:26.124876 np0000168076 nova-scheduler[109316]: DEBUG oslo_db.sqlalchemy.engines [None req-c54c5454-ee0b-49bd-b9bc-e8fdf655e926 None None] MySQL server mode set to STRICT_TRANS_TABLES,STRICT_ALL_TABLES,NO_ZERO_IN_DATE,NO_ZERO_DATE,ERROR_FOR_DIVISION_BY_ZERO,TRADITIONAL,NO_ENGINE_SUBSTITUTION {{(pid=109316) _check_effective_sql_mode /opt/stack/data/venv/lib/python3.12/site-packages/oslo_db/sqlalchemy/engines.py:325}}
Apr 20 07:47:26.128175 np0000168076 nova-scheduler[109304]: DEBUG dbcounter [-] [109304] Writer thread running {{(pid=109304) stat_writer /opt/stack/data/venv/lib/python3.12/site-packages/dbcounter.py:102}}
Apr 20 07:47:26.128567 np0000168076 nova-scheduler[109316]: DEBUG dbcounter [-] [109316] Writer thread running {{(pid=109316) stat_writer /opt/stack/data/venv/lib/python3.12/site-packages/dbcounter.py:102}}
Apr 20 07:47:26.129551 np0000168076 nova-scheduler[109289]: DEBUG nova.service [None req-c1e8a075-b21a-48e9-9858-0a51ff4a2e04 None None] Join ServiceGroup membership for this service scheduler {{(pid=109289) start /opt/stack/nova/nova/service.py:221}}
Apr 20 07:47:26.129843 np0000168076 nova-scheduler[109289]: DEBUG nova.servicegroup.drivers.db [None req-c1e8a075-b21a-48e9-9858-0a51ff4a2e04 None None] DB_Driver: join new ServiceGroup member np0000168076 to the scheduler group, service = {{(pid=109289) join /opt/stack/nova/nova/servicegroup/drivers/db.py:44}}
Apr 20 07:47:26.132209 np0000168076 nova-scheduler[109316]: DEBUG nova.service [None req-c54c5454-ee0b-49bd-b9bc-e8fdf655e926 None None] Creating RPC server for service: nova-scheduler on topic: scheduler {{(pid=109316) start /opt/stack/nova/nova/service.py:195}}
Apr 20 07:47:26.132358 np0000168076 nova-scheduler[109304]: DEBUG nova.service [None req-f9965ac2-fd61-4834-940d-5ceea959ee1b None None] Creating RPC server for service: nova-scheduler on topic: scheduler {{(pid=109304) start /opt/stack/nova/nova/service.py:195}}
Apr 20 07:47:26.134406 np0000168076 nova-scheduler[109297]: DEBUG nova.service [None req-672c0daa-3fcb-40b2-85d4-067c2a74b766 None None] Join ServiceGroup membership for this service scheduler {{(pid=109297) start /opt/stack/nova/nova/service.py:221}}
Apr 20 07:47:26.134642 np0000168076 nova-scheduler[109297]: DEBUG nova.servicegroup.drivers.db [None req-672c0daa-3fcb-40b2-85d4-067c2a74b766 None None] DB_Driver: join new ServiceGroup member np0000168076 to the scheduler group, service = {{(pid=109297) join /opt/stack/nova/nova/servicegroup/drivers/db.py:44}}
Apr 20 07:47:26.155941 np0000168076 nova-scheduler[109316]: DEBUG nova.service [None req-c54c5454-ee0b-49bd-b9bc-e8fdf655e926 None None] Join ServiceGroup membership for this service scheduler {{(pid=109316) start /opt/stack/nova/nova/service.py:221}}
Apr 20 07:47:26.156202 np0000168076 nova-scheduler[109316]: DEBUG nova.servicegroup.drivers.db [None req-c54c5454-ee0b-49bd-b9bc-e8fdf655e926 None None] DB_Driver: join new ServiceGroup member np0000168076 to the scheduler group, service = {{(pid=109316) join /opt/stack/nova/nova/servicegroup/drivers/db.py:44}}
Apr 20 07:47:26.156937 np0000168076 nova-scheduler[109304]: DEBUG nova.service [None req-f9965ac2-fd61-4834-940d-5ceea959ee1b None None] Join ServiceGroup membership for this service scheduler {{(pid=109304) start /opt/stack/nova/nova/service.py:221}}
Apr 20 07:47:26.157205 np0000168076 nova-scheduler[109304]: DEBUG nova.servicegroup.drivers.db [None req-f9965ac2-fd61-4834-940d-5ceea959ee1b None None] DB_Driver: join new ServiceGroup member np0000168076 to the scheduler group, service = {{(pid=109304) join /opt/stack/nova/nova/servicegroup/drivers/db.py:44}}
Apr 20 07:47:29.135517 np0000168076 nova-scheduler[109289]: DEBUG oslo.service.backend._threading.loopingcall [None req-f006b096-0f8a-484c-8df5-e4f1de8e2d95 None None] Dynamic interval looping call 'nova.service.Service.periodic_tasks' sleeping for 60.00 seconds {{(pid=109289) _run_loop /opt/stack/data/venv/lib/python3.12/site-packages/oslo_service/backend/_threading/loopingcall.py:125}}
Apr 20 07:47:31.174454 np0000168076 nova-scheduler[109316]: DEBUG oslo.service.backend._threading.loopingcall [None req-69db4c1f-6fa1-44bd-8a15-32e9af522306 None None] Dynamic interval looping call 'nova.service.Service.periodic_tasks' sleeping for 60.00 seconds {{(pid=109316) _run_loop /opt/stack/data/venv/lib/python3.12/site-packages/oslo_service/backend/_threading/loopingcall.py:125}}
Apr 20 07:47:31.227689 np0000168076 nova-scheduler[109289]: DEBUG oslo.service.backend._threading.loopingcall [-] Fixed interval looping call 'nova.servicegroup.drivers.db.DbDriver._report_state' sleeping for 119.91 seconds {{(pid=109289) _run_loop /opt/stack/data/venv/lib/python3.12/site-packages/oslo_service/backend/_threading/loopingcall.py:125}}
Apr 20 07:47:31.228706 np0000168076 nova-scheduler[109297]: DEBUG oslo.service.backend._threading.loopingcall [-] Fixed interval looping call 'nova.servicegroup.drivers.db.DbDriver._report_state' sleeping for 119.91 seconds {{(pid=109297) _run_loop /opt/stack/data/venv/lib/python3.12/site-packages/oslo_service/backend/_threading/loopingcall.py:125}}
Apr 20 07:47:31.231112 np0000168076 nova-scheduler[109304]: DEBUG oslo.service.backend._threading.loopingcall [-] Fixed interval looping call 'nova.servicegroup.drivers.db.DbDriver._report_state' sleeping for 119.93 seconds {{(pid=109304) _run_loop /opt/stack/data/venv/lib/python3.12/site-packages/oslo_service/backend/_threading/loopingcall.py:125}}
Apr 20 07:47:31.232989 np0000168076 nova-scheduler[109316]: DEBUG oslo.service.backend._threading.loopingcall [-] Fixed interval looping call 'nova.servicegroup.drivers.db.DbDriver._report_state' sleeping for 119.93 seconds {{(pid=109316) _run_loop /opt/stack/data/venv/lib/python3.12/site-packages/oslo_service/backend/_threading/loopingcall.py:125}}
Apr 20 07:47:34.704969 np0000168076 nova-scheduler[108572]: DEBUG dbcounter [-] [108572] Writing DB stats nova_api:SELECT=3 {{(pid=108572) stat_writer /opt/stack/data/venv/lib/python3.12/site-packages/dbcounter.py:115}}
Apr 20 07:47:34.822130 np0000168076 nova-scheduler[108572]: DEBUG dbcounter [-] [108572] Writing DB stats nova_cell0:SELECT=1 {{(pid=108572) stat_writer /opt/stack/data/venv/lib/python3.12/site-packages/dbcounter.py:115}}
Apr 20 07:47:34.827242 np0000168076 nova-scheduler[108572]: DEBUG dbcounter [-] [108572] Writing DB stats nova_cell1:SELECT=1 {{(pid=108572) stat_writer /opt/stack/data/venv/lib/python3.12/site-packages/dbcounter.py:115}}
Apr 20 07:47:41.149186 np0000168076 nova-scheduler[109289]: DEBUG dbcounter [-] [109289] Writing DB stats nova_cell0:SELECT=4,nova_cell0:INSERT=1,nova_cell0:UPDATE=1 {{(pid=109289) stat_writer /opt/stack/data/venv/lib/python3.12/site-packages/dbcounter.py:115}}
Apr 20 07:47:41.155857 np0000168076 nova-scheduler[109297]: DEBUG dbcounter [-] [109297] Writing DB stats nova_cell0:SELECT=3,nova_cell0:UPDATE=1 {{(pid=109297) stat_writer /opt/stack/data/venv/lib/python3.12/site-packages/dbcounter.py:115}}
Apr 20 07:47:41.179218 np0000168076 nova-scheduler[109304]: DEBUG dbcounter [-] [109304] Writing DB stats nova_cell0:SELECT=3,nova_cell0:UPDATE=1 {{(pid=109304) stat_writer /opt/stack/data/venv/lib/python3.12/site-packages/dbcounter.py:115}}
Apr 20 07:47:41.180060 np0000168076 nova-scheduler[109316]: DEBUG dbcounter [-] [109316] Writing DB stats nova_cell0:SELECT=3,nova_cell0:UPDATE=1 {{(pid=109316) stat_writer /opt/stack/data/venv/lib/python3.12/site-packages/dbcounter.py:115}}
Apr 20 07:47:55.160881 np0000168076 nova-scheduler[109304]: DEBUG oslo.service.backend._threading.loopingcall [None req-55ffbe43-67f5-4e3f-bbf3-4df123cef492 None None] Dynamic interval looping call 'nova.service.Service.periodic_tasks' sleeping for 60.00 seconds {{(pid=109304) _run_loop /opt/stack/data/venv/lib/python3.12/site-packages/oslo_service/backend/_threading/loopingcall.py:125}}
Apr 20 07:48:26.141609 np0000168076 nova-scheduler[109297]: DEBUG oslo.service.backend._threading.loopingcall [None req-fab1892e-7aa0-4dd7-b80c-cc231e9a817d None None] Dynamic interval looping call 'nova.service.Service.periodic_tasks' sleeping for 60.00 seconds {{(pid=109297) _run_loop /opt/stack/data/venv/lib/python3.12/site-packages/oslo_service/backend/_threading/loopingcall.py:125}}
Apr 20 07:48:29.136624 np0000168076 nova-scheduler[109289]: DEBUG oslo.service.backend._threading.loopingcall [None req-f006b096-0f8a-484c-8df5-e4f1de8e2d95 None None] Dynamic interval looping call 'nova.service.Service.periodic_tasks' sleeping for 60.00 seconds {{(pid=109289) _run_loop /opt/stack/data/venv/lib/python3.12/site-packages/oslo_service/backend/_threading/loopingcall.py:125}}
Apr 20 07:48:31.165598 np0000168076 nova-scheduler[109316]: DEBUG oslo.service.backend._threading.loopingcall [None req-69db4c1f-6fa1-44bd-8a15-32e9af522306 None None] Dynamic interval looping call 'nova.service.Service.periodic_tasks' sleeping for 60.00 seconds {{(pid=109316) _run_loop /opt/stack/data/venv/lib/python3.12/site-packages/oslo_service/backend/_threading/loopingcall.py:125}}
Apr 20 07:48:55.161769 np0000168076 nova-scheduler[109304]: DEBUG oslo.service.backend._threading.loopingcall [None req-55ffbe43-67f5-4e3f-bbf3-4df123cef492 None None] Dynamic interval looping call 'nova.service.Service.periodic_tasks' sleeping for 60.00 seconds {{(pid=109304) _run_loop /opt/stack/data/venv/lib/python3.12/site-packages/oslo_service/backend/_threading/loopingcall.py:125}}
Apr 20 07:49:26.142275 np0000168076 nova-scheduler[109297]: DEBUG oslo.service.backend._threading.loopingcall [None req-fab1892e-7aa0-4dd7-b80c-cc231e9a817d None None] Dynamic interval looping call 'nova.service.Service.periodic_tasks' sleeping for 60.00 seconds {{(pid=109297) _run_loop /opt/stack/data/venv/lib/python3.12/site-packages/oslo_service/backend/_threading/loopingcall.py:125}}
Apr 20 07:49:29.138025 np0000168076 nova-scheduler[109289]: DEBUG oslo.service.backend._threading.loopingcall [None req-f006b096-0f8a-484c-8df5-e4f1de8e2d95 None None] Dynamic interval looping call 'nova.service.Service.periodic_tasks' sleeping for 60.00 seconds {{(pid=109289) _run_loop /opt/stack/data/venv/lib/python3.12/site-packages/oslo_service/backend/_threading/loopingcall.py:125}}
Apr 20 07:49:31.151354 np0000168076 nova-scheduler[109297]: DEBUG oslo.service.backend._threading.loopingcall [-] Fixed interval looping call 'nova.servicegroup.drivers.db.DbDriver._report_state' sleeping for 119.99 seconds {{(pid=109297) _run_loop /opt/stack/data/venv/lib/python3.12/site-packages/oslo_service/backend/_threading/loopingcall.py:125}}
Apr 20 07:49:31.152324 np0000168076 nova-scheduler[109289]: DEBUG oslo.service.backend._threading.loopingcall [-] Fixed interval looping call 'nova.servicegroup.drivers.db.DbDriver._report_state' sleeping for 119.99 seconds {{(pid=109289) _run_loop /opt/stack/data/venv/lib/python3.12/site-packages/oslo_service/backend/_threading/loopingcall.py:125}}
Apr 20 07:49:31.166151 np0000168076 nova-scheduler[109304]: DEBUG oslo.service.backend._threading.loopingcall [-] Fixed interval looping call 'nova.servicegroup.drivers.db.DbDriver._report_state' sleeping for 120.00 seconds {{(pid=109304) _run_loop /opt/stack/data/venv/lib/python3.12/site-packages/oslo_service/backend/_threading/loopingcall.py:125}}
Apr 20 07:49:31.166791 np0000168076 nova-scheduler[109316]: DEBUG oslo.service.backend._threading.loopingcall [None req-69db4c1f-6fa1-44bd-8a15-32e9af522306 None None] Dynamic interval looping call 'nova.service.Service.periodic_tasks' sleeping for 60.00 seconds {{(pid=109316) _run_loop /opt/stack/data/venv/lib/python3.12/site-packages/oslo_service/backend/_threading/loopingcall.py:125}}
Apr 20 07:49:31.169947 np0000168076 nova-scheduler[109316]: DEBUG oslo.service.backend._threading.loopingcall [-] Fixed interval looping call 'nova.servicegroup.drivers.db.DbDriver._report_state' sleeping for 119.99 seconds {{(pid=109316) _run_loop /opt/stack/data/venv/lib/python3.12/site-packages/oslo_service/backend/_threading/loopingcall.py:125}}
Apr 20 07:49:41.145308 np0000168076 nova-scheduler[109297]: DEBUG dbcounter [-] [109297] Writing DB stats nova_cell0:SELECT=1,nova_cell0:UPDATE=1 {{(pid=109297) stat_writer /opt/stack/data/venv/lib/python3.12/site-packages/dbcounter.py:115}}
Apr 20 07:49:41.146362 np0000168076 nova-scheduler[109289]: DEBUG dbcounter [-] [109289] Writing DB stats nova_cell0:SELECT=1,nova_cell0:UPDATE=1 {{(pid=109289) stat_writer /opt/stack/data/venv/lib/python3.12/site-packages/dbcounter.py:115}}
Apr 20 07:49:41.164437 np0000168076 nova-scheduler[109304]: DEBUG dbcounter [-] [109304] Writing DB stats nova_cell0:SELECT=1 {{(pid=109304) stat_writer /opt/stack/data/venv/lib/python3.12/site-packages/dbcounter.py:115}}
Apr 20 07:49:41.166884 np0000168076 nova-scheduler[109316]: DEBUG dbcounter [-] [109316] Writing DB stats nova_cell0:SELECT=1 {{(pid=109316) stat_writer /opt/stack/data/venv/lib/python3.12/site-packages/dbcounter.py:115}}
Apr 20 07:49:55.162918 np0000168076 nova-scheduler[109304]: DEBUG oslo.service.backend._threading.loopingcall [None req-55ffbe43-67f5-4e3f-bbf3-4df123cef492 None None] Dynamic interval looping call 'nova.service.Service.periodic_tasks' sleeping for 60.00 seconds {{(pid=109304) _run_loop /opt/stack/data/venv/lib/python3.12/site-packages/oslo_service/backend/_threading/loopingcall.py:125}}
Apr 20 07:50:26.143052 np0000168076 nova-scheduler[109297]: DEBUG oslo.service.backend._threading.loopingcall [None req-fab1892e-7aa0-4dd7-b80c-cc231e9a817d None None] Dynamic interval looping call 'nova.service.Service.periodic_tasks' sleeping for 60.00 seconds {{(pid=109297) _run_loop /opt/stack/data/venv/lib/python3.12/site-packages/oslo_service/backend/_threading/loopingcall.py:125}}
Apr 20 07:50:29.167903 np0000168076 nova-scheduler[109289]: DEBUG oslo.service.backend._threading.loopingcall [None req-f006b096-0f8a-484c-8df5-e4f1de8e2d95 None None] Dynamic interval looping call 'nova.service.Service.periodic_tasks' sleeping for 60.00 seconds {{(pid=109289) _run_loop /opt/stack/data/venv/lib/python3.12/site-packages/oslo_service/backend/_threading/loopingcall.py:125}}
Apr 20 07:50:31.168471 np0000168076 nova-scheduler[109316]: DEBUG oslo.service.backend._threading.loopingcall [None req-69db4c1f-6fa1-44bd-8a15-32e9af522306 None None] Dynamic interval looping call 'nova.service.Service.periodic_tasks' sleeping for 60.00 seconds {{(pid=109316) _run_loop /opt/stack/data/venv/lib/python3.12/site-packages/oslo_service/backend/_threading/loopingcall.py:125}}
Apr 20 07:50:55.165330 np0000168076 nova-scheduler[109304]: DEBUG oslo.service.backend._threading.loopingcall [None req-55ffbe43-67f5-4e3f-bbf3-4df123cef492 None None] Dynamic interval looping call 'nova.service.Service.periodic_tasks' sleeping for 60.00 seconds {{(pid=109304) _run_loop /opt/stack/data/venv/lib/python3.12/site-packages/oslo_service/backend/_threading/loopingcall.py:125}}
Apr 20 07:51:26.143969 np0000168076 nova-scheduler[109297]: DEBUG oslo.service.backend._threading.loopingcall [None req-fab1892e-7aa0-4dd7-b80c-cc231e9a817d None None] Dynamic interval looping call 'nova.service.Service.periodic_tasks' sleeping for 60.00 seconds {{(pid=109297) _run_loop /opt/stack/data/venv/lib/python3.12/site-packages/oslo_service/backend/_threading/loopingcall.py:125}}
Apr 20 07:51:29.168904 np0000168076 nova-scheduler[109289]: DEBUG oslo.service.backend._threading.loopingcall [None req-f006b096-0f8a-484c-8df5-e4f1de8e2d95 None None] Dynamic interval looping call 'nova.service.Service.periodic_tasks' sleeping for 60.00 seconds {{(pid=109289) _run_loop /opt/stack/data/venv/lib/python3.12/site-packages/oslo_service/backend/_threading/loopingcall.py:125}}
Apr 20 07:51:31.169282 np0000168076 nova-scheduler[109316]: DEBUG oslo.service.backend._threading.loopingcall [None req-69db4c1f-6fa1-44bd-8a15-32e9af522306 None None] Dynamic interval looping call 'nova.service.Service.periodic_tasks' sleeping for 60.00 seconds {{(pid=109316) _run_loop /opt/stack/data/venv/lib/python3.12/site-packages/oslo_service/backend/_threading/loopingcall.py:125}}
Apr 20 07:51:31.321565 np0000168076 nova-scheduler[109297]: DEBUG oslo.service.backend._threading.loopingcall [-] Fixed interval looping call 'nova.servicegroup.drivers.db.DbDriver._report_state' sleeping for 119.82 seconds {{(pid=109297) _run_loop /opt/stack/data/venv/lib/python3.12/site-packages/oslo_service/backend/_threading/loopingcall.py:125}}
Apr 20 07:51:31.322488 np0000168076 nova-scheduler[109289]: DEBUG oslo.service.backend._threading.loopingcall [-] Fixed interval looping call 'nova.servicegroup.drivers.db.DbDriver._report_state' sleeping for 119.82 seconds {{(pid=109289) _run_loop /opt/stack/data/venv/lib/python3.12/site-packages/oslo_service/backend/_threading/loopingcall.py:125}}
Apr 20 07:51:31.323559 np0000168076 nova-scheduler[109316]: DEBUG oslo.service.backend._threading.loopingcall [-] Fixed interval looping call 'nova.servicegroup.drivers.db.DbDriver._report_state' sleeping for 119.84 seconds {{(pid=109316) _run_loop /opt/stack/data/venv/lib/python3.12/site-packages/oslo_service/backend/_threading/loopingcall.py:125}}
